81.10.228.170 - - [30/Nov/2017:10:57:26 +0100] "GET /gui/javascript/form_form.js?1512035846 HTTP/1.1" 200 16206 "http://easydrivers.activities.at/entry.php?id=11671" "Mozilla/5.0 (Windows NT 10.0; Trident/7.0; rv:11.0) like Gecko"
81.10.228.170 - - [30/Nov/2017:10:57:26 +0100] "GET /entry.php?id=10778&form=11496&name=list& HTTP/1.1" 200 5610 "http://easydrivers.activities.at/entry.php?id=11671" "Mozilla/5.0 (Windows NT 10.0; Trident/7.0; rv:11.0) like Gecko"
81.10.228.170 - - [30/Nov/2017:10:57:26 +0100] "GET /entry.php?id=10776&form=11496&name=list& HTTP/1.1" 200 1519 "http://easydrivers.activities.at/entry.php?id=11671" "Mozilla/5.0 (Windows NT 10.0; Trident/7.0; rv:11.0) like Gecko"
178.165.129.64 - - [30/Nov/2017:10:58:00 +0100] "GET /entry.php?id=10271&&ser=35820 HTTP/1.1" 200 987 "http://ed.activities.at/entry.php?id=10271&&ser=35759" "Mozilla/5.0 (Windows NT 6.1; WOW64; Trident/7.0; rv:11.0) like Gecko"
178.165.129.64 - - [30/Nov/2017:10:58:00 +0100] "GET /gui/javascript/form_form.js?1512035880 HTTP/1.1" 200 16206 "http://ed.activities.at/entry.php?id=10271&&ser=35820" "Mozilla/5.0 (Windows NT 6.1; WOW64; Trident/7.0; rv:11.0) like Gecko"
77.119.253.48 - - [30/Nov/2017:10:58:06 +0100] "GET / HTTP/1.1" 200 382 "-" "Mozilla/5.0 (Windows NT 10.0; WOW64; Trident/7.0; rv:11.0) like Gecko"
77.119.253.48 - - [30/Nov/2017:10:58:06 +0100] "GET /layout.php HTTP/1.1" 200 915 "-" "Mozilla/5.0 (Windows NT 10.0; WOW64; Trident/7.0; rv:11.0) like Gecko"
77.119.253.48 - - [30/Nov/2017:10:58:07 +0100] "GET /entry.php?id=10270 HTTP/1.1" 200 909 "http://easydrivers.activities.at/layout.php" "Mozilla/5.0 (Windows NT 10.0; WOW64; Trident/7.0; rv:11.0) like Gecko"
77.119.253.48 - - [30/Nov/2017:10:58:06 +0100] "GET /entry.php?id=10273 HTTP/1.1" 200 1934 "http://easydrivers.activities.at/layout.php" "Mozilla/5.0 (Windows NT 10.0; WOW64; Trident/7.0; rv:11.0) like Gecko"
77.119.253.48 - - [30/Nov/2017:10:58:07 +0100] "GET /entry.php?id=10272 HTTP/1.1" 200 1190 "http://easydrivers.activities.at/layout.php" "Mozilla/5.0 (Windows NT 10.0; WOW64; Trident/7.0; rv:11.0) like Gecko"
77.119.253.48 - - [30/Nov/2017:10:58:07 +0100] "GET /entry.php?id=11412 HTTP/1.1" 200 1759 "http://easydrivers.activities.at/layout.php" "Mozilla/5.0 (Windows NT 10.0; WOW64; Trident/7.0; rv:11.0) like Gecko"
77.119.253.48 - - [30/Nov/2017:10:58:07 +0100] "GET /gui/javascript/form_form.js?1512035887 HTTP/1.1" 200 16206 "http://easydrivers.activities.at/entry.php?id=10270" "Mozilla/5.0 (Windows NT 10.0; WOW64; Trident/7.0; rv:11.0) like Gecko"
77.119.253.48 - - [30/Nov/2017:10:58:07 +0100] "GET /entry.php?id=10287 HTTP/1.1" 200 2398 "http://easydrivers.activities.at/entry.php?id=11412" "Mozilla/5.0 (Windows NT 10.0; WOW64; Trident/7.0; rv:11.0) like Gecko"
77.119.253.48 - - [30/Nov/2017:10:58:07 +0100] "GET /entry.php?id=10271&UIN=96719e62194a5262c925dbba026ab408 HTTP/1.1" 200 934 "http://easydrivers.activities.at/entry.php?id=10272" "Mozilla/5.0 (Windows NT 10.0; WOW64; Trident/7.0; rv:11.0) like Gecko"
77.119.253.48 - - [30/Nov/2017:10:58:08 +0100] "GET /gui/javascript/form_form.js?1512035888 HTTP/1.1" 200 16206 "http://easydrivers.activities.at/entry.php?id=10287" "Mozilla/5.0 (Windows NT 10.0; WOW64; Trident/7.0; rv:11.0) like Gecko"
77.119.253.48 - - [30/Nov/2017:10:58:08 +0100] "GET /entry.php?id=10270& HTTP/1.1" 200 909 "http://easydrivers.activities.at/layout.php" "Mozilla/5.0 (Windows NT 10.0; WOW64; Trident/7.0; rv:11.0) like Gecko"
77.119.253.48 - - [30/Nov/2017:10:58:08 +0100] "GET /entry.php?id=10273& HTTP/1.1" 200 1901 "http://easydrivers.activities.at/layout.php" "Mozilla/5.0 (Windows NT 10.0; WOW64; Trident/7.0; rv:11.0) like Gecko"
81.10.228.170 - - [30/Nov/2017:10:58:11 +0100] "GET /entry.php?id=10271&&ser=35830 HTTP/1.1" 200 986 "http://easydrivers.activities.at/entry.php?id=10271&&ser=35769" "Mozilla/5.0 (Windows NT 10.0; Trident/7.0; rv:11.0) like Gecko"
213.86.241.133 - - [30/Nov/2017:10:58:11 +0100] "GET /entry.php?id=10271&&ser=35831 HTTP/1.1" 200 986 "http://easydrivers.activities.at/entry.php?id=10271&&ser=35770" "Mozilla/5.0 (Windows NT 10.0; WOW64; Trident/7.0; rv:11.0) like Gecko"
213.86.241.133 - - [30/Nov/2017:10:58:11 +0100] "GET /gui/javascript/form_form.js?1512035891 HTTP/1.1" 200 16206 "http://easydrivers.activities.at/entry.php?id=10271&&ser=35831" "Mozilla/5.0 (Windows NT 10.0; WOW64; Trident/7.0; rv:11.0) like Gecko"
81.10.228.170 - - [30/Nov/2017:10:58:11 +0100] "GET /gui/javascript/form_form.js?1512035891 HTTP/1.1" 200 16206 "http://easydrivers.activities.at/entry.php?id=10271&&ser=35830" "Mozilla/5.0 (Windows NT 10.0; Trident/7.0; rv:11.0) like Gecko"
77.119.253.48 - - [30/Nov/2017:10:59:00 +0100] "POST /entry.php?id=10287& HTTP/1.1" 200 2279 "http://easydrivers.activities.at/entry.php?id=10287" "Mozilla/5.0 (Windows NT 10.0; WOW64; Trident/7.0; rv:11.0) like Gecko"
77.119.253.48 - - [30/Nov/2017:10:59:01 +0100] "GET /gui/javascript/form_form.js?1512035940 HTTP/1.1" 200 16206 "http://easydrivers.activities.at/entry.php?id=10287&" "Mozilla/5.0 (Windows NT 10.0; WOW64; Trident/7.0; rv:11.0) like Gecko"
178.165.129.64 - - [30/Nov/2017:10:59:01 +0100] "GET /entry.php?id=10271&&ser=35880 HTTP/1.1" 200 986 "http://ed.activities.at/entry.php?id=10271&&ser=35820" "Mozilla/5.0 (Windows NT 6.1; WOW64; Trident/7.0; rv:11.0) like Gecko"
178.165.129.64 - - [30/Nov/2017:10:59:01 +0100] "GET /gui/javascript/form_form.js?1512035941 HTTP/1.1" 200 16206 "http://ed.activities.at/entry.php?id=10271&&ser=35880" "Mozilla/5.0 (Windows NT 6.1; WOW64; Trident/7.0; rv:11.0) like Gecko"
77.119.253.48 - - [30/Nov/2017:10:59:01 +0100] "GET /entry.php?id=10271&UIN=96719e62194a5262c925dbba026ab408 HTTP/1.1" 200 989 "http://easydrivers.activities.at/entry.php?id=10272" "Mozilla/5.0 (Windows NT 10.0; WOW64; Trident/7.0; rv:11.0) like Gecko"
77.119.253.48 - - [30/Nov/2017:10:59:01 +0100] "GET /entry.php?id=10273& HTTP/1.1" 200 2031 "http://easydrivers.activities.at/layout.php" "Mozilla/5.0 (Windows NT 10.0; WOW64; Trident/7.0; rv:11.0) like Gecko"
77.119.253.48 - - [30/Nov/2017:10:59:02 +0100] "GET /gui/javascript/jquery/css/gui-themes/custom.min.css HTTP/1.1" 304 - "http://easydrivers.activities.at/entry.php?id=10271&UIN=96719e62194a5262c925dbba026ab408" "Mozilla/5.0 (Windows NT 10.0; WOW64; Trident/7.0; rv:11.0) like Gecko"
77.119.253.48 - - [30/Nov/2017:10:59:02 +0100] "GET /gui/javascript/form_form.js?1512035942 HTTP/1.1" 200 16206 "http://easydrivers.activities.at/entry.php?id=10273&" "Mozilla/5.0 (Windows NT 10.0; WOW64; Trident/7.0; rv:11.0) like Gecko"
77.119.253.48 - - [30/Nov/2017:10:59:02 +0100] "GET /gui/javascript/jquery/css/gui-themes/ui.spinner.css HTTP/1.1" 304 - "http://easydrivers.activities.at/entry.php?id=10271&UIN=96719e62194a5262c925dbba026ab408" "Mozilla/5.0 (Windows NT 10.0; WOW64; Trident/7.0; rv:11.0) like Gecko"
77.119.253.48 - - [30/Nov/2017:10:59:02 +0100] "GET /gui/javascript/jquery/css/gui-themes/jquery.tooltip.css HTTP/1.1" 304 - "http://easydrivers.activities.at/entry.php?id=10271&UIN=96719e62194a5262c925dbba026ab408" "Mozilla/5.0 (Windows NT 10.0; WOW64; Trident/7.0; rv:11.0) like Gecko"
77.119.253.48 - - [30/Nov/2017:10:59:02 +0100] "GET /gui/styles/tmplDefault.css HTTP/1.1" 304 - "http://easydrivers.activities.at/entry.php?id=10271&UIN=96719e62194a5262c925dbba026ab408" "Mozilla/5.0 (Windows NT 10.0; WOW64; Trident/7.0; rv:11.0) like Gecko"
77.119.253.48 - - [30/Nov/2017:10:59:02 +0100] "GET /framework/webfx/style/toolbar/images/cbback.gif HTTP/1.1" 404 318 "http://easydrivers.activities.at/entry.php?id=10273&" "Mozilla/5.0 (Windows NT 10.0; WOW64; Trident/7.0; rv:11.0) like Gecko"
77.119.253.48 - - [30/Nov/2017:10:59:02 +0100] "GET /entry.php?id=10270&__app__=10006038 HTTP/1.1" 200 1650 "http://easydrivers.activities.at/layout.php" "Mozilla/5.0 (Windows NT 10.0; WOW64; Trident/7.0; rv:11.0) like Gecko"
77.119.253.48 - - [30/Nov/2017:10:59:03 +0100] "GET /gui/javascript/form_form.js?1512035942 HTTP/1.1" 304 - "http://easydrivers.activities.at/entry.php?id=10271&UIN=96719e62194a5262c925dbba026ab408" "Mozilla/5.0 (Windows NT 10.0; WOW64; Trident/7.0; rv:11.0) like Gecko"
77.119.253.48 - - [30/Nov/2017:10:59:03 +0100] "GET /gui/javascript/form_form.js?1512035943 HTTP/1.1" 200 16206 "http://easydrivers.activities.at/entry.php?id=10270&__app__=10006038" "Mozilla/5.0 (Windows NT 10.0; WOW64; Trident/7.0; rv:11.0) like Gecko"
77.119.253.48 - - [30/Nov/2017:10:59:03 +0100] "GET /gui/javascript/jquery/js/jquery-1.8.2.js HTTP/1.1" 304 - "http://easydrivers.activities.at/entry.php?id=10271&UIN=96719e62194a5262c925dbba026ab408" "Mozilla/5.0 (Windows NT 10.0; WOW64; Trident/7.0; rv:11.0) like Gecko"
77.119.253.48 - - [30/Nov/2017:10:59:03 +0100] "GET /gui/javascript/jquery/js/jquery-ui-1.9.0.custom.min.js HTTP/1.1" 304 - "http://easydrivers.activities.at/entry.php?id=10271&UIN=96719e62194a5262c925dbba026ab408" "Mozilla/5.0 (Windows NT 10.0; WOW64; Trident/7.0; rv:11.0) like Gecko"
77.119.253.48 - - [30/Nov/2017:10:59:03 +0100] "GET /undefined HTTP/1.1" 404 288 "http://easydrivers.activities.at/entry.php?id=10270&__app__=10006038" "Mozilla/5.0 (Windows NT 10.0; WOW64; Trident/7.0; rv:11.0) like Gecko"
77.119.253.48 - - [30/Nov/2017:10:59:03 +0100] "GET /gui/javascript/jquery/jquery-tooltip/jquery.tooltip.min.js HTTP/1.1" 304 - "http://easydrivers.activities.at/entry.php?id=10271&UIN=96719e62194a5262c925dbba026ab408" "Mozilla/5.0 (Windows NT 10.0; WOW64; Trident/7.0; rv:11.0) like Gecko"
77.119.253.48 - - [30/Nov/2017:10:59:05 +0100] "GET /entry.php?id=11673 HTTP/1.1" 200 358 "http://easydrivers.activities.at/entry.php?id=11412" "Mozilla/5.0 (Windows NT 10.0; WOW64; Trident/7.0; rv:11.0) like Gecko"
77.119.253.48 - - [30/Nov/2017:10:59:05 +0100] "GET /entry.php?id=11694& HTTP/1.1" 200 2820 "http://easydrivers.activities.at/entry.php?id=11673" "Mozilla/5.0 (Windows NT 10.0; WOW64; Trident/7.0; rv:11.0) like Gecko"
77.119.253.48 - - [30/Nov/2017:10:59:05 +0100] "GET /entry.php?id=10676&&title=F\xfchrerscheinkurse HTTP/1.1" 200 1395 "http://easydrivers.activities.at/entry.php?id=11673" "Mozilla/5.0 (Windows NT 10.0; WOW64; Trident/7.0; rv:11.0) like Gecko"
77.119.253.48 - - [30/Nov/2017:10:59:06 +0100] "GET /gui/javascript/form_form.js?1512035946 HTTP/1.1" 200 16206 "http://easydrivers.activities.at/entry.php?id=11694&" "Mozilla/5.0 (Windows NT 10.0; WOW64; Trident/7.0; rv:11.0) like Gecko"
77.119.253.48 - - [30/Nov/2017:10:59:06 +0100] "GET /activities/framework/KoolControls/KoolAjax/koolajax.php?8436e354c842500aba3cbaf0584c0c24 HTTP/1.1" 200 4079 "http://easydrivers.activities.at/entry.php?id=11694&" "Mozilla/5.0 (Windows NT 10.0; WOW64; Trident/7.0; rv:11.0) like Gecko"
77.119.253.48 - - [30/Nov/2017:10:59:05 +0100] "GET /entry.php?id=11672& HTTP/1.1" 200 2691 "http://easydrivers.activities.at/entry.php?id=11673" "Mozilla/5.0 (Windows NT 10.0; WOW64; Trident/7.0; rv:11.0) like Gecko"
77.119.253.48 - - [30/Nov/2017:10:59:06 +0100] "GET /activities/framework/KoolControls/KoolTreeView/kooltreeview.php?c7cd9180e88ffef8e70f13526bb4f5f7 HTTP/1.1" 200 5055 "http://easydrivers.activities.at/entry.php?id=11694&" "Mozilla/5.0 (Windows NT 10.0; WOW64; Trident/7.0; rv:11.0) like Gecko"
77.119.253.48 - - [30/Nov/2017:10:59:05 +0100] "GET /entry.php?id=11671& HTTP/1.1" 200 4545 "http://easydrivers.activities.at/entry.php?id=11673" "Mozilla/5.0 (Windows NT 10.0; WOW64; Trident/7.0; rv:11.0) like Gecko"
77.119.253.48 - - [30/Nov/2017:10:59:06 +0100] "GET /entry.php?id=10778&form=11497&name=list& HTTP/1.1" 200 7737 "http://easydrivers.activities.at/entry.php?id=11672&" "Mozilla/5.0 (Windows NT 10.0; WOW64; Trident/7.0; rv:11.0) like Gecko"
77.119.253.48 - - [30/Nov/2017:10:59:06 +0100] "GET /entry.php?id=10776&form=11497&name=list& HTTP/1.1" 200 1942 "http://easydrivers.activities.at/entry.php?id=11672&" "Mozilla/5.0 (Windows NT 10.0; WOW64; Trident/7.0; rv:11.0) like Gecko"
77.119.253.48 - - [30/Nov/2017:10:59:07 +0100] "GET /entry.php?id=10778&form=11496&name=list& HTTP/1.1" 200 2493 "http://easydrivers.activities.at/entry.php?id=11671&" "Mozilla/5.0 (Windows NT 10.0; WOW64; Trident/7.0; rv:11.0) like Gecko"
77.119.253.48 - - [30/Nov/2017:10:59:07 +0100] "GET /entry.php?id=10776&form=11496&name=list& HTTP/1.1" 200 1526 "http://easydrivers.activities.at/entry.php?id=11671&" "Mozilla/5.0 (Windows NT 10.0; WOW64; Trident/7.0; rv:11.0) like Gecko"
213.86.241.133 - - [30/Nov/2017:10:59:11 +0100] "GET /entry.php?id=10271&&ser=35891 HTTP/1.1" 200 987 "http://easydrivers.activities.at/entry.php?id=10271&&ser=35831" "Mozilla/5.0 (Windows NT 10.0; WOW64; Trident/7.0; rv:11.0) like Gecko"
213.86.241.133 - - [30/Nov/2017:10:59:11 +0100] "GET /gui/javascript/form_form.js?1512035951 HTTP/1.1" 200 16206 "http://easydrivers.activities.at/entry.php?id=10271&&ser=35891" "Mozilla/5.0 (Windows NT 10.0; WOW64; Trident/7.0; rv:11.0) like Gecko"
81.10.228.170 - - [30/Nov/2017:10:59:12 +0100] "GET /entry.php?id=10271&&ser=35891 HTTP/1.1" 200 987 "http://easydrivers.activities.at/entry.php?id=10271&&ser=35830" "Mozilla/5.0 (Windows NT 10.0; Trident/7.0; rv:11.0) like Gecko"
81.10.228.170 - - [30/Nov/2017:10:59:12 +0100] "GET /gui/javascript/form_form.js?1512035952 HTTP/1.1" 200 16206 "http://easydrivers.activities.at/entry.php?id=10271&&ser=35891" "Mozilla/5.0 (Windows NT 10.0; Trident/7.0; rv:11.0) like Gecko"
81.10.228.170 - - [30/Nov/2017:10:59:29 +0100] "POST /entry.php?id=11671 HTTP/1.1" 200 4950 "http://easydrivers.activities.at/entry.php?id=11671" "Mozilla/5.0 (Windows NT 10.0; Trident/7.0; rv:11.0) like Gecko"
81.10.228.170 - - [30/Nov/2017:10:59:29 +0100] "GET /gui/javascript/form_form.js?1512035969 HTTP/1.1" 200 16206 "http://easydrivers.activities.at/entry.php?id=11671" "Mozilla/5.0 (Windows NT 10.0; Trident/7.0; rv:11.0) like Gecko"
81.10.228.170 - - [30/Nov/2017:10:59:30 +0100] "GET /entry.php?id=10776&form=11496&name=list& HTTP/1.1" 200 1519 "http://easydrivers.activities.at/entry.php?id=11671" "Mozilla/5.0 (Windows NT 10.0; Trident/7.0; rv:11.0) like Gecko"
81.10.228.170 - - [30/Nov/2017:10:59:30 +0100] "GET /entry.php?id=10778&form=11496&name=list& HTTP/1.1" 200 5746 "http://easydrivers.activities.at/entry.php?id=11671" "Mozilla/5.0 (Windows NT 10.0; Trident/7.0; rv:11.0) like Gecko"
77.119.253.48 - - [30/Nov/2017:10:59:34 +0100] "POST /entry.php?id=11671 HTTP/1.1" 200 4728 "http://easydrivers.activities.at/entry.php?id=11671&" "Mozilla/5.0 (Windows NT 10.0; WOW64; Trident/7.0; rv:11.0) like Gecko"
77.119.253.48 - - [30/Nov/2017:10:59:34 +0100] "GET /gui/javascript/form_form.js?1512035974 HTTP/1.1" 200 16206 "http://easydrivers.activities.at/entry.php?id=11671" "Mozilla/5.0 (Windows NT 10.0; WOW64; Trident/7.0; rv:11.0) like Gecko"
77.119.253.48 - - [30/Nov/2017:10:59:35 +0100] "GET /entry.php?id=10776&form=11496&name=list& HTTP/1.1" 200 1519 "http://easydrivers.activities.at/entry.php?id=11671" "Mozilla/5.0 (Windows NT 10.0; WOW64; Trident/7.0; rv:11.0) like Gecko"
77.119.253.48 - - [30/Nov/2017:10:59:35 +0100] "GET /entry.php?id=10778&form=11496&name=list& HTTP/1.1" 200 5713 "http://easydrivers.activities.at/entry.php?id=11671" "Mozilla/5.0 (Windows NT 10.0; WOW64; Trident/7.0; rv:11.0) like Gecko"
77.119.253.48 - - [30/Nov/2017:10:59:48 +0100] "POST /entry.php?id=11671 HTTP/1.1" 200 4901 "http://easydrivers.activities.at/entry.php?id=11671" "Mozilla/5.0 (Windows NT 10.0; WOW64; Trident/7.0; rv:11.0) like Gecko"
77.119.253.48 - - [30/Nov/2017:10:59:49 +0100] "GET /gui/javascript/form_form.js?1512035989 HTTP/1.1" 200 16206 "http://easydrivers.activities.at/entry.php?id=11671" "Mozilla/5.0 (Windows NT 10.0; WOW64; Trident/7.0; rv:11.0) like Gecko"
77.119.253.48 - - [30/Nov/2017:10:59:49 +0100] "GET /entry.php?id=10776&form=11496&name=list& HTTP/1.1" 200 1519 "http://easydrivers.activities.at/entry.php?id=11671" "Mozilla/5.0 (Windows NT 10.0; WOW64; Trident/7.0; rv:11.0) like Gecko"
77.119.253.48 - - [30/Nov/2017:10:59:49 +0100] "GET /entry.php?id=10778&form=11496&name=list& HTTP/1.1" 200 5713 "http://easydrivers.activities.at/entry.php?id=11671" "Mozilla/5.0 (Windows NT 10.0; WOW64; Trident/7.0; rv:11.0) like Gecko"
213.86.241.133 - - [30/Nov/2017:10:59:52 +0100] "GET /entry.php?id=11673 HTTP/1.1" 200 358 "http://easydrivers.activities.at/entry.php?id=11412" "Mozilla/5.0 (Windows NT 10.0; WOW64; Trident/7.0; rv:11.0) like Gecko"
213.86.241.133 - - [30/Nov/2017:10:59:52 +0100] "GET /entry.php?id=10676&&title=F\xfchrerscheinkurse HTTP/1.1" 200 1395 "http://easydrivers.activities.at/entry.php?id=11673" "Mozilla/5.0 (Windows NT 10.0; WOW64; Trident/7.0; rv:11.0) like Gecko"
213.86.241.133 - - [30/Nov/2017:10:59:52 +0100] "GET /gui/javascript/form_form.js?1512035992 HTTP/1.1" 200 16206 "http://easydrivers.activities.at/entry.php?id=10676&&title=F\xc3\xbchrerscheinkurse" "Mozilla/5.0 (Windows NT 10.0; WOW64; Trident/7.0; rv:11.0) like Gecko"
213.86.241.133 - - [30/Nov/2017:10:59:52 +0100] "GET /entry.php?id=11694& HTTP/1.1" 200 2835 "http://easydrivers.activities.at/entry.php?id=11673" "Mozilla/5.0 (Windows NT 10.0; WOW64; Trident/7.0; rv:11.0) like Gecko"
77.119.253.48 - - [30/Nov/2017:10:59:52 +0100] "POST /entry.php?id=11671 HTTP/1.1" 200 4884 "http://easydrivers.activities.at/entry.php?id=11671" "Mozilla/5.0 (Windows NT 10.0; WOW64; Trident/7.0; rv:11.0) like Gecko"
213.86.241.133 - - [30/Nov/2017:10:59:53 +0100] "GET /activities/framework/KoolControls/KoolAjax/koolajax.php?8436e354c842500aba3cbaf0584c0c24 HTTP/1.1" 200 4079 "http://easydrivers.activities.at/entry.php?id=11694&" "Mozilla/5.0 (Windows NT 10.0; WOW64; Trident/7.0; rv:11.0) like Gecko"
77.119.253.48 - - [30/Nov/2017:10:59:53 +0100] "GET /gui/javascript/form_form.js?1512035993 HTTP/1.1" 200 16206 "http://easydrivers.activities.at/entry.php?id=11671" "Mozilla/5.0 (Windows NT 10.0; WOW64; Trident/7.0; rv:11.0) like Gecko"
213.86.241.133 - - [30/Nov/2017:10:59:53 +0100] "GET /activities/framework/KoolControls/KoolTreeView/kooltreeview.php?c7cd9180e88ffef8e70f13526bb4f5f7 HTTP/1.1" 200 5055 "http://easydrivers.activities.at/entry.php?id=11694&" "Mozilla/5.0 (Windows NT 10.0; WOW64; Trident/7.0; rv:11.0) like Gecko"
213.86.241.133 - - [30/Nov/2017:10:59:52 +0100] "GET /entry.php?id=11672& HTTP/1.1" 200 2691 "http://easydrivers.activities.at/entry.php?id=11673" "Mozilla/5.0 (Windows NT 10.0; WOW64; Trident/7.0; rv:11.0) like Gecko"
213.86.241.133 - - [30/Nov/2017:10:59:53 +0100] "GET /gui/javascript/form_form.js?1512035993 HTTP/1.1" 200 16206 "http://easydrivers.activities.at/entry.php?id=11672&" "Mozilla/5.0 (Windows NT 10.0; WOW64; Trident/7.0; rv:11.0) like Gecko"
213.86.241.133 - - [30/Nov/2017:10:59:52 +0100] "GET /entry.php?id=11671& HTTP/1.1" 200 4533 "http://easydrivers.activities.at/entry.php?id=11673" "Mozilla/5.0 (Windows NT 10.0; WOW64; Trident/7.0; rv:11.0) like Gecko"
213.86.241.133 - - [30/Nov/2017:10:59:53 +0100] "GET /entry.php?id=10776&form=11497&name=list& HTTP/1.1" 200 1941 "http://easydrivers.activities.at/entry.php?id=11672&" "Mozilla/5.0 (Windows NT 10.0; WOW64; Trident/7.0; rv:11.0) like Gecko"
213.86.241.133 - - [30/Nov/2017:10:59:53 +0100] "GET /entry.php?id=10778&form=11497&name=list& HTTP/1.1" 200 4753 "http://easydrivers.activities.at/entry.php?id=11672&" "Mozilla/5.0 (Windows NT 10.0; WOW64; Trident/7.0; rv:11.0) like Gecko"
77.119.253.48 - - [30/Nov/2017:10:59:53 +0100] "GET /entry.php?id=10776&form=11496&name=list& HTTP/1.1" 200 1519 "http://easydrivers.activities.at/entry.php?id=11671" "Mozilla/5.0 (Windows NT 10.0; WOW64; Trident/7.0; rv:11.0) like Gecko"
77.119.253.48 - - [30/Nov/2017:10:59:53 +0100] "GET /entry.php?id=10778&form=11496&name=list& HTTP/1.1" 200 5713 "http://easydrivers.activities.at/entry.php?id=11671" "Mozilla/5.0 (Windows NT 10.0; WOW64; Trident/7.0; rv:11.0) like Gecko"
213.86.241.133 - - [30/Nov/2017:10:59:53 +0100] "GET /entry.php?id=10776&form=11496&name=list& HTTP/1.1" 200 1526 "http://easydrivers.activities.at/entry.php?id=11671&" "Mozilla/5.0 (Windows NT 10.0; WOW64; Trident/7.0; rv:11.0) like Gecko"
213.86.241.133 - - [30/Nov/2017:10:59:53 +0100] "GET /entry.php?id=10778&form=11496&name=list& HTTP/1.1" 200 2493 "http://easydrivers.activities.at/entry.php?id=11671&" "Mozilla/5.0 (Windows NT 10.0; WOW64; Trident/7.0; rv:11.0) like Gecko"
77.119.253.48 - - [30/Nov/2017:10:59:57 +0100] "POST /entry.php?id=11671 HTTP/1.1" 200 4729 "http://easydrivers.activities.at/entry.php?id=11671" "Mozilla/5.0 (Windows NT 10.0; WOW64; Trident/7.0; rv:11.0) like Gecko"
77.119.253.48 - - [30/Nov/2017:10:59:57 +0100] "GET /gui/javascript/form_form.js?1512035997 HTTP/1.1" 200 16206 "http://easydrivers.activities.at/entry.php?id=11671" "Mozilla/5.0 (Windows NT 10.0; WOW64; Trident/7.0; rv:11.0) like Gecko"
77.119.253.48 - - [30/Nov/2017:10:59:58 +0100] "GET /entry.php?id=10776&form=11496&name=list& HTTP/1.1" 200 1519 "http://easydrivers.activities.at/entry.php?id=11671" "Mozilla/5.0 (Windows NT 10.0; WOW64; Trident/7.0; rv:11.0) like Gecko"
77.119.253.48 - - [30/Nov/2017:10:59:58 +0100] "GET /entry.php?id=10778&form=11496&name=list& HTTP/1.1" 200 5713 "http://easydrivers.activities.at/entry.php?id=11671" "Mozilla/5.0 (Windows NT 10.0; WOW64; Trident/7.0; rv:11.0) like Gecko"
178.165.129.64 - - [30/Nov/2017:11:00:02 +0100] "GET /entry.php?id=10271&&ser=35941 HTTP/1.1" 200 986 "http://ed.activities.at/entry.php?id=10271&&ser=35880" "Mozilla/5.0 (Windows NT 6.1; WOW64; Trident/7.0; rv:11.0) like Gecko"
178.165.129.64 - - [30/Nov/2017:11:00:02 +0100] "GET /gui/javascript/form_form.js?1512036002 HTTP/1.1" 200 16206 "http://ed.activities.at/entry.php?id=10271&&ser=35941" "Mozilla/5.0 (Windows NT 6.1; WOW64; Trident/7.0; rv:11.0) like Gecko"
77.119.253.48 - - [30/Nov/2017:11:00:03 +0100] "GET /entry.php?id=10271&&ser=35941 HTTP/1.1" 200 987 "http://easydrivers.activities.at/entry.php?id=10271&UIN=96719e62194a5262c925dbba026ab408" "Mozilla/5.0 (Windows NT 10.0; WOW64; Trident/7.0; rv:11.0) like Gecko"
77.119.253.48 - - [30/Nov/2017:11:00:04 +0100] "GET /gui/javascript/form_form.js?1512036004 HTTP/1.1" 200 16206 "http://easydrivers.activities.at/entry.php?id=10271&&ser=35941" "Mozilla/5.0 (Windows NT 10.0; WOW64; Trident/7.0; rv:11.0) like Gecko"
77.119.253.48 - - [30/Nov/2017:11:00:11 +0100] "POST /entry.php?id=11671 HTTP/1.1" 200 4901 "http://easydrivers.activities.at/entry.php?id=11671" "Mozilla/5.0 (Windows NT 10.0; WOW64; Trident/7.0; rv:11.0) like Gecko"
77.119.253.48 - - [30/Nov/2017:11:00:11 +0100] "GET /gui/javascript/form_form.js?1512036011 HTTP/1.1" 200 16206 "http://easydrivers.activities.at/entry.php?id=11671" "Mozilla/5.0 (Windows NT 10.0; WOW64; Trident/7.0; rv:11.0) like Gecko"
213.86.241.133 - - [30/Nov/2017:11:00:12 +0100] "GET /entry.php?id=10271&&ser=35951 HTTP/1.1" 200 987 "http://easydrivers.activities.at/entry.php?id=10271&&ser=35891" "Mozilla/5.0 (Windows NT 10.0; WOW64; Trident/7.0; rv:11.0) like Gecko"
213.86.241.133 - - [30/Nov/2017:11:00:12 +0100] "GET /gui/javascript/form_form.js?1512036012 HTTP/1.1" 200 16206 "http://easydrivers.activities.at/entry.php?id=10271&&ser=35951" "Mozilla/5.0 (Windows NT 10.0; WOW64; Trident/7.0; rv:11.0) like Gecko"
77.119.253.48 - - [30/Nov/2017:11:00:12 +0100] "GET /entry.php?id=10778&form=11496&name=list& HTTP/1.1" 200 5713 "http://easydrivers.activities.at/entry.php?id=11671" "Mozilla/5.0 (Windows NT 10.0; WOW64; Trident/7.0; rv:11.0) like Gecko"
77.119.253.48 - - [30/Nov/2017:11:00:12 +0100] "GET /entry.php?id=10776&form=11496&name=list& HTTP/1.1" 200 1519 "http://easydrivers.activities.at/entry.php?id=11671" "Mozilla/5.0 (Windows NT 10.0; WOW64; Trident/7.0; rv:11.0) like Gecko"
81.10.228.170 - - [30/Nov/2017:11:00:12 +0100] "POST /entry.php?id=11671 HTTP/1.1" 200 4900 "http://easydrivers.activities.at/entry.php?id=11671" "Mozilla/5.0 (Windows NT 10.0; Trident/7.0; rv:11.0) like Gecko"
81.10.228.170 - - [30/Nov/2017:11:00:13 +0100] "GET /entry.php?id=10271&&ser=35952 HTTP/1.1" 200 987 "http://easydrivers.activities.at/entry.php?id=10271&&ser=35891" "Mozilla/5.0 (Windows NT 10.0; Trident/7.0; rv:11.0) like Gecko"
81.10.228.170 - - [30/Nov/2017:11:00:13 +0100] "GET /gui/javascript/form_form.js?1512036013 HTTP/1.1" 200 16206 "http://easydrivers.activities.at/entry.php?id=11671" "Mozilla/5.0 (Windows NT 10.0; Trident/7.0; rv:11.0) like Gecko"
81.10.228.170 - - [30/Nov/2017:11:00:14 +0100] "GET /entry.php?id=10778&form=11496&name=list& HTTP/1.1" 200 5746 "http://easydrivers.activities.at/entry.php?id=11671" "Mozilla/5.0 (Windows NT 10.0; Trident/7.0; rv:11.0) like Gecko"
81.10.228.170 - - [30/Nov/2017:11:00:14 +0100] "GET /entry.php?id=10776&form=11496&name=list& HTTP/1.1" 200 1519 "http://easydrivers.activities.at/entry.php?id=11671" "Mozilla/5.0 (Windows NT 10.0; Trident/7.0; rv:11.0) like Gecko"
77.119.253.48 - - [30/Nov/2017:11:00:15 +0100] "POST /entry.php?id=11671 HTTP/1.1" 200 4886 "http://easydrivers.activities.at/entry.php?id=11671" "Mozilla/5.0 (Windows NT 10.0; WOW64; Trident/7.0; rv:11.0) like Gecko"
77.119.253.48 - - [30/Nov/2017:11:00:16 +0100] "GET /gui/javascript/form_form.js?1512036015 HTTP/1.1" 200 16206 "http://easydrivers.activities.at/entry.php?id=11671" "Mozilla/5.0 (Windows NT 10.0; WOW64; Trident/7.0; rv:11.0) like Gecko"
77.119.253.48 - - [30/Nov/2017:11:00:16 +0100] "GET /entry.php?id=10776&form=11496&name=list& HTTP/1.1" 200 1519 "http://easydrivers.activities.at/entry.php?id=11671" "Mozilla/5.0 (Windows NT 10.0; WOW64; Trident/7.0; rv:11.0) like Gecko"
77.119.253.48 - - [30/Nov/2017:11:00:16 +0100] "GET /entry.php?id=10778&form=11496&name=list& HTTP/1.1" 200 5713 "http://easydrivers.activities.at/entry.php?id=11671" "Mozilla/5.0 (Windows NT 10.0; WOW64; Trident/7.0; rv:11.0) like Gecko"
178.165.129.64 - - [30/Nov/2017:11:01:02 +0100] "GET /entry.php?id=10271&&ser=36002 HTTP/1.1" 200 986 "http://ed.activities.at/entry.php?id=10271&&ser=35941" "Mozilla/5.0 (Windows NT 6.1; WOW64; Trident/7.0; rv:11.0) like Gecko"
178.165.129.64 - - [30/Nov/2017:11:01:03 +0100] "GET /gui/javascript/form_form.js?1512036062 HTTP/1.1" 200 16206 "http://ed.activities.at/entry.php?id=10271&&ser=36002" "Mozilla/5.0 (Windows NT 6.1; WOW64; Trident/7.0; rv:11.0) like Gecko"
77.119.253.48 - - [30/Nov/2017:11:01:05 +0100] "GET /entry.php?id=10271&&ser=36004 HTTP/1.1" 200 986 "http://easydrivers.activities.at/entry.php?id=10271&&ser=35941" "Mozilla/5.0 (Windows NT 10.0; WOW64; Trident/7.0; rv:11.0) like Gecko"
77.119.253.48 - - [30/Nov/2017:11:01:05 +0100] "GET /gui/javascript/form_form.js?1512036065 HTTP/1.1" 200 16206 "http://easydrivers.activities.at/entry.php?id=10271&&ser=36004" "Mozilla/5.0 (Windows NT 10.0; WOW64; Trident/7.0; rv:11.0) like Gecko"
213.86.241.133 - - [30/Nov/2017:11:01:05 +0100] "POST /entry.php?id=11671 HTTP/1.1" 200 4691 "http://easydrivers.activities.at/entry.php?id=11671&" "Mozilla/5.0 (Windows NT 10.0; WOW64; Trident/7.0; rv:11.0) like Gecko"
213.86.241.133 - - [30/Nov/2017:11:01:05 +0100] "GET /gui/javascript/form_form.js?1512036065 HTTP/1.1" 200 16206 "http://easydrivers.activities.at/entry.php?id=11671" "Mozilla/5.0 (Windows NT 10.0; WOW64; Trident/7.0; rv:11.0) like Gecko"
213.86.241.133 - - [30/Nov/2017:11:01:05 +0100] "GET /entry.php?id=10776&form=11496&name=list& HTTP/1.1" 200 1519 "http://easydrivers.activities.at/entry.php?id=11671" "Mozilla/5.0 (Windows NT 10.0; WOW64; Trident/7.0; rv:11.0) like Gecko"
213.86.241.133 - - [30/Nov/2017:11:01:05 +0100] "GET /entry.php?id=10778&form=11496&name=list& HTTP/1.1" 200 4229 "http://easydrivers.activities.at/entry.php?id=11671" "Mozilla/5.0 (Windows NT 10.0; WOW64; Trident/7.0; rv:11.0) like Gecko"
77.119.253.48 - - [30/Nov/2017:11:01:06 +0100] "GET /entry.php?id=10287&login=1 HTTP/1.1" 200 2173 "http://easydrivers.activities.at/entry.php?id=11412" "Mozilla/5.0 (Windows NT 10.0; WOW64; Trident/7.0; rv:11.0) like Gecko"
77.119.253.48 - - [30/Nov/2017:11:01:06 +0100] "GET /gui/javascript/form_form.js?1512036066 HTTP/1.1" 200 16206 "http://easydrivers.activities.at/entry.php?id=10287&login=1" "Mozilla/5.0 (Windows NT 10.0; WOW64; Trident/7.0; rv:11.0) like Gecko"
77.119.253.48 - - [30/Nov/2017:11:01:09 +0100] "GET /entry.php?id=10441&UIN=752bf5cec94d689db50bfd574fcba308 HTTP/1.1" 200 1172 "-" "Mozilla/5.0 (Windows NT 10.0; WOW64; Trident/7.0; rv:11.0) like Gecko"
77.119.253.48 - - [30/Nov/2017:11:01:09 +0100] "GET /gui/javascript/form_form.js?1512036069 HTTP/1.1" 200 16206 "http://easydrivers.activities.at/entry.php?id=10441&UIN=752bf5cec94d689db50bfd574fcba308" "Mozilla/5.0 (Windows NT 10.0; WOW64; Trident/7.0; rv:11.0) like Gecko"
213.86.241.133 - - [30/Nov/2017:11:01:12 +0100] "GET /entry.php?id=10271&&ser=36012 HTTP/1.1" 200 986 "http://easydrivers.activities.at/entry.php?id=10271&&ser=35951" "Mozilla/5.0 (Windows NT 10.0; WOW64; Trident/7.0; rv:11.0) like Gecko"
213.86.241.133 - - [30/Nov/2017:11:01:12 +0100] "GET /gui/javascript/form_form.js?1512036072 HTTP/1.1" 200 16206 "http://easydrivers.activities.at/entry.php?id=10271&&ser=36012" "Mozilla/5.0 (Windows NT 10.0; WOW64; Trident/7.0; rv:11.0) like Gecko"
81.10.228.170 - - [30/Nov/2017:11:01:14 +0100] "GET /entry.php?id=10271&&ser=36013 HTTP/1.1" 200 986 "http://easydrivers.activities.at/entry.php?id=10271&&ser=35952" "Mozilla/5.0 (Windows NT 10.0; Trident/7.0; rv:11.0) like Gecko"
81.10.228.170 - - [30/Nov/2017:11:01:14 +0100] "GET /gui/javascript/form_form.js?1512036074 HTTP/1.1" 200 16206 "http://easydrivers.activities.at/entry.php?id=10271&&ser=36013" "Mozilla/5.0 (Windows NT 10.0; Trident/7.0; rv:11.0) like Gecko"
178.165.129.64 - - [30/Nov/2017:11:02:03 +0100] "GET /entry.php?id=10271&&ser=36062 HTTP/1.1" 200 987 "http://ed.activities.at/entry.php?id=10271&&ser=36002" "Mozilla/5.0 (Windows NT 6.1; WOW64; Trident/7.0; rv:11.0) like Gecko"
178.165.129.64 - - [30/Nov/2017:11:02:03 +0100] "GET /gui/javascript/form_form.js?1512036123 HTTP/1.1" 200 16206 "http://ed.activities.at/entry.php?id=10271&&ser=36062" "Mozilla/5.0 (Windows NT 6.1; WOW64; Trident/7.0; rv:11.0) like Gecko"
213.86.241.133 - - [30/Nov/2017:11:02:12 +0100] "GET /entry.php?id=10271&&ser=36072 HTTP/1.1" 200 987 "http://easydrivers.activities.at/entry.php?id=10271&&ser=36012" "Mozilla/5.0 (Windows NT 10.0; WOW64; Trident/7.0; rv:11.0) like Gecko"
213.86.241.133 - - [30/Nov/2017:11:02:12 +0100] "GET /gui/javascript/form_form.js?1512036132 HTTP/1.1" 200 16206 "http://easydrivers.activities.at/entry.php?id=10271&&ser=36072" "Mozilla/5.0 (Windows NT 10.0; WOW64; Trident/7.0; rv:11.0) like Gecko"
81.10.228.170 - - [30/Nov/2017:11:02:15 +0100] "GET /entry.php?id=10271&&ser=36074 HTTP/1.1" 200 987 "http://easydrivers.activities.at/entry.php?id=10271&&ser=36013" "Mozilla/5.0 (Windows NT 10.0; Trident/7.0; rv:11.0) like Gecko"
81.10.228.170 - - [30/Nov/2017:11:02:16 +0100] "GET /gui/javascript/form_form.js?1512036135 HTTP/1.1" 200 16206 "http://easydrivers.activities.at/entry.php?id=10271&&ser=36074" "Mozilla/5.0 (Windows NT 10.0; Trident/7.0; rv:11.0) like Gecko"
213.86.241.133 - - [30/Nov/2017:11:02:37 +0100] "POST /entry.php?id=11671 HTTP/1.1" 200 4868 "http://easydrivers.activities.at/entry.php?id=11671" "Mozilla/5.0 (Windows NT 10.0; WOW64; Trident/7.0; rv:11.0) like Gecko"
213.86.241.133 - - [30/Nov/2017:11:02:38 +0100] "GET /gui/javascript/form_form.js?1512036157 HTTP/1.1" 200 16206 "http://easydrivers.activities.at/entry.php?id=11671" "Mozilla/5.0 (Windows NT 10.0; WOW64; Trident/7.0; rv:11.0) like Gecko"
213.86.241.133 - - [30/Nov/2017:11:02:38 +0100] "GET /entry.php?id=10776&form=11496&name=list& HTTP/1.1" 200 1519 "http://easydrivers.activities.at/entry.php?id=11671" "Mozilla/5.0 (Windows NT 10.0; WOW64; Trident/7.0; rv:11.0) like Gecko"
213.86.241.133 - - [30/Nov/2017:11:02:38 +0100] "GET /entry.php?id=10778&form=11496&name=list& HTTP/1.1" 200 4229 "http://easydrivers.activities.at/entry.php?id=11671" "Mozilla/5.0 (Windows NT 10.0; WOW64; Trident/7.0; rv:11.0) like Gecko"
213.86.241.133 - - [30/Nov/2017:11:02:40 +0100] "POST /entry.php?id=11671 HTTP/1.1" 200 4849 "http://easydrivers.activities.at/entry.php?id=11671" "Mozilla/5.0 (Windows NT 10.0; WOW64; Trident/7.0; rv:11.0) like Gecko"
213.86.241.133 - - [30/Nov/2017:11:02:41 +0100] "GET /gui/javascript/form_form.js?1512036161 HTTP/1.1" 200 16206 "http://easydrivers.activities.at/entry.php?id=11671" "Mozilla/5.0 (Windows NT 10.0; WOW64; Trident/7.0; rv:11.0) like Gecko"
213.86.241.133 - - [30/Nov/2017:11:02:41 +0100] "GET /entry.php?id=10778&form=11496&name=list& HTTP/1.1" 200 4229 "http://easydrivers.activities.at/entry.php?id=11671" "Mozilla/5.0 (Windows NT 10.0; WOW64; Trident/7.0; rv:11.0) like Gecko"
213.86.241.133 - - [30/Nov/2017:11:02:41 +0100] "GET /entry.php?id=10776&form=11496&name=list& HTTP/1.1" 200 1519 "http://easydrivers.activities.at/entry.php?id=11671" "Mozilla/5.0 (Windows NT 10.0; WOW64; Trident/7.0; rv:11.0) like Gecko"
213.86.241.133 - - [30/Nov/2017:11:02:55 +0100] "POST /entry.php?id=11671 HTTP/1.1" 200 4699 "http://easydrivers.activities.at/entry.php?id=11671" "Mozilla/5.0 (Windows NT 10.0; WOW64; Trident/7.0; rv:11.0) like Gecko"
213.86.241.133 - - [30/Nov/2017:11:02:55 +0100] "GET /gui/javascript/form_form.js?1512036175 HTTP/1.1" 200 16206 "http://easydrivers.activities.at/entry.php?id=11671" "Mozilla/5.0 (Windows NT 10.0; WOW64; Trident/7.0; rv:11.0) like Gecko"
213.86.241.133 - - [30/Nov/2017:11:02:55 +0100] "GET /entry.php?id=10778&form=11496&name=list& HTTP/1.1" 200 4229 "http://easydrivers.activities.at/entry.php?id=11671" "Mozilla/5.0 (Windows NT 10.0; WOW64; Trident/7.0; rv:11.0) like Gecko"
213.86.241.133 - - [30/Nov/2017:11:02:55 +0100] "GET /entry.php?id=10776&form=11496&name=list& HTTP/1.1" 200 1519 "http://easydrivers.activities.at/entry.php?id=11671" "Mozilla/5.0 (Windows NT 10.0; WOW64; Trident/7.0; rv:11.0) like Gecko"
178.165.129.64 - - [30/Nov/2017:11:03:04 +0100] "GET /entry.php?id=10271&&ser=36123 HTTP/1.1" 200 987 "http://ed.activities.at/entry.php?id=10271&&ser=36062" "Mozilla/5.0 (Windows NT 6.1; WOW64; Trident/7.0; rv:11.0) like Gecko"
178.165.129.64 - - [30/Nov/2017:11:03:04 +0100] "GET /gui/javascript/form_form.js?1512036184 HTTP/1.1" 200 16206 "http://ed.activities.at/entry.php?id=10271&&ser=36123" "Mozilla/5.0 (Windows NT 6.1; WOW64; Trident/7.0; rv:11.0) like Gecko"
213.86.241.133 - - [30/Nov/2017:11:03:13 +0100] "GET /entry.php?id=10271&&ser=36132 HTTP/1.1" 200 987 "http://easydrivers.activities.at/entry.php?id=10271&&ser=36072" "Mozilla/5.0 (Windows NT 10.0; WOW64; Trident/7.0; rv:11.0) like Gecko"
213.86.241.133 - - [30/Nov/2017:11:03:13 +0100] "GET /gui/javascript/form_form.js?1512036193 HTTP/1.1" 200 16206 "http://easydrivers.activities.at/entry.php?id=10271&&ser=36132" "Mozilla/5.0 (Windows NT 10.0; WOW64; Trident/7.0; rv:11.0) like Gecko"
81.10.228.170 - - [30/Nov/2017:11:03:16 +0100] "GET /entry.php?id=10271&&ser=36135 HTTP/1.1" 200 987 "http://easydrivers.activities.at/entry.php?id=10271&&ser=36074" "Mozilla/5.0 (Windows NT 10.0; Trident/7.0; rv:11.0) like Gecko"
81.10.228.170 - - [30/Nov/2017:11:03:16 +0100] "GET /gui/javascript/form_form.js?1512036196 HTTP/1.1" 200 16206 "http://easydrivers.activities.at/entry.php?id=10271&&ser=36135" "Mozilla/5.0 (Windows NT 10.0; Trident/7.0; rv:11.0) like Gecko"
213.86.241.133 - - [30/Nov/2017:11:03:43 +0100] "POST /entry.php?id=11671 HTTP/1.1" 200 4873 "http://easydrivers.activities.at/entry.php?id=11671" "Mozilla/5.0 (Windows NT 10.0; WOW64; Trident/7.0; rv:11.0) like Gecko"
213.86.241.133 - - [30/Nov/2017:11:03:43 +0100] "GET /gui/javascript/form_form.js?1512036223 HTTP/1.1" 200 16206 "http://easydrivers.activities.at/entry.php?id=11671" "Mozilla/5.0 (Windows NT 10.0; WOW64; Trident/7.0; rv:11.0) like Gecko"
213.86.241.133 - - [30/Nov/2017:11:03:44 +0100] "GET /entry.php?id=10776&form=11496&name=list& HTTP/1.1" 200 1519 "http://easydrivers.activities.at/entry.php?id=11671" "Mozilla/5.0 (Windows NT 10.0; WOW64; Trident/7.0; rv:11.0) like Gecko"
213.86.241.133 - - [30/Nov/2017:11:03:44 +0100] "GET /entry.php?id=10778&form=11496&name=list& HTTP/1.1" 200 4229 "http://easydrivers.activities.at/entry.php?id=11671" "Mozilla/5.0 (Windows NT 10.0; WOW64; Trident/7.0; rv:11.0) like Gecko"
213.86.241.133 - - [30/Nov/2017:11:03:45 +0100] "POST /entry.php?id=11671 HTTP/1.1" 200 4858 "http://easydrivers.activities.at/entry.php?id=11671" "Mozilla/5.0 (Windows NT 10.0; WOW64; Trident/7.0; rv:11.0) like Gecko"
213.86.241.133 - - [30/Nov/2017:11:03:46 +0100] "GET /gui/javascript/form_form.js?1512036226 HTTP/1.1" 200 16206 "http://easydrivers.activities.at/entry.php?id=11671" "Mozilla/5.0 (Windows NT 10.0; WOW64; Trident/7.0; rv:11.0) like Gecko"
213.86.241.133 - - [30/Nov/2017:11:03:46 +0100] "GET /entry.php?id=10776&form=11496&name=list& HTTP/1.1" 200 1519 "http://easydrivers.activities.at/entry.php?id=11671" "Mozilla/5.0 (Windows NT 10.0; WOW64; Trident/7.0; rv:11.0) like Gecko"
213.86.241.133 - - [30/Nov/2017:11:03:46 +0100] "GET /entry.php?id=10778&form=11496&name=list& HTTP/1.1" 200 4229 "http://easydrivers.activities.at/entry.php?id=11671" "Mozilla/5.0 (Windows NT 10.0; WOW64; Trident/7.0; rv:11.0) like Gecko"
213.86.241.133 - - [30/Nov/2017:11:03:49 +0100] "POST /entry.php?id=11671 HTTP/1.1" 200 4697 "http://easydrivers.activities.at/entry.php?id=11671" "Mozilla/5.0 (Windows NT 10.0; WOW64; Trident/7.0; rv:11.0) like Gecko"
213.86.241.133 - - [30/Nov/2017:11:03:49 +0100] "GET /gui/javascript/form_form.js?1512036229 HTTP/1.1" 200 16206 "http://easydrivers.activities.at/entry.php?id=11671" "Mozilla/5.0 (Windows NT 10.0; WOW64; Trident/7.0; rv:11.0) like Gecko"
213.86.241.133 - - [30/Nov/2017:11:03:49 +0100] "GET /entry.php?id=10778&form=11496&name=list& HTTP/1.1" 200 4229 "http://easydrivers.activities.at/entry.php?id=11671" "Mozilla/5.0 (Windows NT 10.0; WOW64; Trident/7.0; rv:11.0) like Gecko"
213.86.241.133 - - [30/Nov/2017:11:03:49 +0100] "GET /entry.php?id=10776&form=11496&name=list& HTTP/1.1" 200 1519 "http://easydrivers.activities.at/entry.php?id=11671" "Mozilla/5.0 (Windows NT 10.0; WOW64; Trident/7.0; rv:11.0) like Gecko"
178.165.129.64 - - [30/Nov/2017:11:04:04 +0100] "GET /entry.php?id=10271&&ser=36184 HTTP/1.1" 200 987 "http://ed.activities.at/entry.php?id=10271&&ser=36123" "Mozilla/5.0 (Windows NT 6.1; WOW64; Trident/7.0; rv:11.0) like Gecko"
178.165.129.64 - - [30/Nov/2017:11:04:04 +0100] "GET /gui/javascript/form_form.js?1512036244 HTTP/1.1" 200 16206 "http://ed.activities.at/entry.php?id=10271&&ser=36184" "Mozilla/5.0 (Windows NT 6.1; WOW64; Trident/7.0; rv:11.0) like Gecko"
213.86.241.133 - - [30/Nov/2017:11:04:14 +0100] "GET /entry.php?id=10271&&ser=36193 HTTP/1.1" 200 987 "http://easydrivers.activities.at/entry.php?id=10271&&ser=36132" "Mozilla/5.0 (Windows NT 10.0; WOW64; Trident/7.0; rv:11.0) like Gecko"
213.86.241.133 - - [30/Nov/2017:11:04:14 +0100] "GET /gui/javascript/form_form.js?1512036254 HTTP/1.1" 200 16206 "http://easydrivers.activities.at/entry.php?id=10271&&ser=36193" "Mozilla/5.0 (Windows NT 10.0; WOW64; Trident/7.0; rv:11.0) like Gecko"
81.10.228.170 - - [30/Nov/2017:11:04:17 +0100] "GET /entry.php?id=10271&&ser=36196 HTTP/1.1" 200 987 "http://easydrivers.activities.at/entry.php?id=10271&&ser=36135" "Mozilla/5.0 (Windows NT 10.0; Trident/7.0; rv:11.0) like Gecko"
81.10.228.170 - - [30/Nov/2017:11:04:17 +0100] "GET /gui/javascript/form_form.js?1512036257 HTTP/1.1" 200 16206 "http://easydrivers.activities.at/entry.php?id=10271&&ser=36196" "Mozilla/5.0 (Windows NT 10.0; Trident/7.0; rv:11.0) like Gecko"
213.86.241.133 - - [30/Nov/2017:11:04:44 +0100] "POST /entry.php?id=11671 HTTP/1.1" 200 4872 "http://easydrivers.activities.at/entry.php?id=11671" "Mozilla/5.0 (Windows NT 10.0; WOW64; Trident/7.0; rv:11.0) like Gecko"
213.86.241.133 - - [30/Nov/2017:11:04:44 +0100] "GET /gui/javascript/form_form.js?1512036284 HTTP/1.1" 200 16206 "http://easydrivers.activities.at/entry.php?id=11671" "Mozilla/5.0 (Windows NT 10.0; WOW64; Trident/7.0; rv:11.0) like Gecko"
213.86.241.133 - - [30/Nov/2017:11:04:45 +0100] "GET /entry.php?id=10778&form=11496&name=list& HTTP/1.1" 200 4229 "http://easydrivers.activities.at/entry.php?id=11671" "Mozilla/5.0 (Windows NT 10.0; WOW64; Trident/7.0; rv:11.0) like Gecko"
213.86.241.133 - - [30/Nov/2017:11:04:45 +0100] "GET /entry.php?id=10776&form=11496&name=list& HTTP/1.1" 200 1519 "http://easydrivers.activities.at/entry.php?id=11671" "Mozilla/5.0 (Windows NT 10.0; WOW64; Trident/7.0; rv:11.0) like Gecko"
213.86.241.133 - - [30/Nov/2017:11:04:46 +0100] "POST /entry.php?id=11671 HTTP/1.1" 200 4856 "http://easydrivers.activities.at/entry.php?id=11671" "Mozilla/5.0 (Windows NT 10.0; WOW64; Trident/7.0; rv:11.0) like Gecko"
213.86.241.133 - - [30/Nov/2017:11:04:47 +0100] "GET /gui/javascript/form_form.js?1512036287 HTTP/1.1" 200 16206 "http://easydrivers.activities.at/entry.php?id=11671" "Mozilla/5.0 (Windows NT 10.0; WOW64; Trident/7.0; rv:11.0) like Gecko"
213.86.241.133 - - [30/Nov/2017:11:04:47 +0100] "GET /entry.php?id=10776&form=11496&name=list& HTTP/1.1" 200 1519 "http://easydrivers.activities.at/entry.php?id=11671" "Mozilla/5.0 (Windows NT 10.0; WOW64; Trident/7.0; rv:11.0) like Gecko"
213.86.241.133 - - [30/Nov/2017:11:04:47 +0100] "GET /entry.php?id=10778&form=11496&name=list& HTTP/1.1" 200 4229 "http://easydrivers.activities.at/entry.php?id=11671" "Mozilla/5.0 (Windows NT 10.0; WOW64; Trident/7.0; rv:11.0) like Gecko"
213.86.241.133 - - [30/Nov/2017:11:04:56 +0100] "POST /entry.php?id=11671 HTTP/1.1" 200 4693 "http://easydrivers.activities.at/entry.php?id=11671" "Mozilla/5.0 (Windows NT 10.0; WOW64; Trident/7.0; rv:11.0) like Gecko"
213.86.241.133 - - [30/Nov/2017:11:04:57 +0100] "GET /gui/javascript/form_form.js?1512036297 HTTP/1.1" 200 16206 "http://easydrivers.activities.at/entry.php?id=11671" "Mozilla/5.0 (Windows NT 10.0; WOW64; Trident/7.0; rv:11.0) like Gecko"
213.86.241.133 - - [30/Nov/2017:11:04:57 +0100] "GET /entry.php?id=10778&form=11496&name=list& HTTP/1.1" 200 4229 "http://easydrivers.activities.at/entry.php?id=11671" "Mozilla/5.0 (Windows NT 10.0; WOW64; Trident/7.0; rv:11.0) like Gecko"
213.86.241.133 - - [30/Nov/2017:11:04:57 +0100] "GET /entry.php?id=10776&form=11496&name=list& HTTP/1.1" 200 1519 "http://easydrivers.activities.at/entry.php?id=11671" "Mozilla/5.0 (Windows NT 10.0; WOW64; Trident/7.0; rv:11.0) like Gecko"
178.165.129.64 - - [30/Nov/2017:11:05:05 +0100] "GET /entry.php?id=10271&&ser=36244 HTTP/1.1" 200 986 "http://ed.activities.at/entry.php?id=10271&&ser=36184" "Mozilla/5.0 (Windows NT 6.1; WOW64; Trident/7.0; rv:11.0) like Gecko"
178.165.129.64 - - [30/Nov/2017:11:05:05 +0100] "GET /gui/javascript/form_form.js?1512036305 HTTP/1.1" 200 16206 "http://ed.activities.at/entry.php?id=10271&&ser=36244" "Mozilla/5.0 (Windows NT 6.1; WOW64; Trident/7.0; rv:11.0) like Gecko"
213.86.241.133 - - [30/Nov/2017:11:05:14 +0100] "GET /entry.php?id=10271&&ser=36254 HTTP/1.1" 200 987 "http://easydrivers.activities.at/entry.php?id=10271&&ser=36193" "Mozilla/5.0 (Windows NT 10.0; WOW64; Trident/7.0; rv:11.0) like Gecko"
213.86.241.133 - - [30/Nov/2017:11:05:15 +0100] "GET /gui/javascript/form_form.js?1512036315 HTTP/1.1" 200 16206 "http://easydrivers.activities.at/entry.php?id=10271&&ser=36254" "Mozilla/5.0 (Windows NT 10.0; WOW64; Trident/7.0; rv:11.0) like Gecko"
81.10.228.170 - - [30/Nov/2017:11:05:18 +0100] "GET /entry.php?id=10271&&ser=36257 HTTP/1.1" 200 987 "http://easydrivers.activities.at/entry.php?id=10271&&ser=36196" "Mozilla/5.0 (Windows NT 10.0; Trident/7.0; rv:11.0) like Gecko"
81.10.228.170 - - [30/Nov/2017:11:05:18 +0100] "GET /gui/javascript/form_form.js?1512036318 HTTP/1.1" 200 16206 "http://easydrivers.activities.at/entry.php?id=10271&&ser=36257" "Mozilla/5.0 (Windows NT 10.0; Trident/7.0; rv:11.0) like Gecko"
213.86.241.133 - - [30/Nov/2017:11:05:54 +0100] "POST /entry.php?id=11671 HTTP/1.1" 200 4871 "http://easydrivers.activities.at/entry.php?id=11671" "Mozilla/5.0 (Windows NT 10.0; WOW64; Trident/7.0; rv:11.0) like Gecko"
213.86.241.133 - - [30/Nov/2017:11:05:55 +0100] "GET /gui/javascript/form_form.js?1512036355 HTTP/1.1" 200 16206 "http://easydrivers.activities.at/entry.php?id=11671" "Mozilla/5.0 (Windows NT 10.0; WOW64; Trident/7.0; rv:11.0) like Gecko"
213.86.241.133 - - [30/Nov/2017:11:05:55 +0100] "GET /entry.php?id=10776&form=11496&name=list& HTTP/1.1" 200 1519 "http://easydrivers.activities.at/entry.php?id=11671" "Mozilla/5.0 (Windows NT 10.0; WOW64; Trident/7.0; rv:11.0) like Gecko"
213.86.241.133 - - [30/Nov/2017:11:05:55 +0100] "GET /entry.php?id=10778&form=11496&name=list& HTTP/1.1" 200 4229 "http://easydrivers.activities.at/entry.php?id=11671" "Mozilla/5.0 (Windows NT 10.0; WOW64; Trident/7.0; rv:11.0) like Gecko"
213.86.241.133 - - [30/Nov/2017:11:05:57 +0100] "POST /entry.php?id=11671 HTTP/1.1" 200 4855 "http://easydrivers.activities.at/entry.php?id=11671" "Mozilla/5.0 (Windows NT 10.0; WOW64; Trident/7.0; rv:11.0) like Gecko"
213.86.241.133 - - [30/Nov/2017:11:05:57 +0100] "GET /gui/javascript/form_form.js?1512036357 HTTP/1.1" 200 16206 "http://easydrivers.activities.at/entry.php?id=11671" "Mozilla/5.0 (Windows NT 10.0; WOW64; Trident/7.0; rv:11.0) like Gecko"
213.86.241.133 - - [30/Nov/2017:11:05:58 +0100] "GET /entry.php?id=10776&form=11496&name=list& HTTP/1.1" 200 1519 "http://easydrivers.activities.at/entry.php?id=11671" "Mozilla/5.0 (Windows NT 10.0; WOW64; Trident/7.0; rv:11.0) like Gecko"
213.86.241.133 - - [30/Nov/2017:11:05:58 +0100] "GET /entry.php?id=10778&form=11496&name=list& HTTP/1.1" 200 4229 "http://easydrivers.activities.at/entry.php?id=11671" "Mozilla/5.0 (Windows NT 10.0; WOW64; Trident/7.0; rv:11.0) like Gecko"
213.86.241.133 - - [30/Nov/2017:11:05:59 +0100] "POST /entry.php?id=11671 HTTP/1.1" 200 4697 "http://easydrivers.activities.at/entry.php?id=11671" "Mozilla/5.0 (Windows NT 10.0; WOW64; Trident/7.0; rv:11.0) like Gecko"
213.86.241.133 - - [30/Nov/2017:11:06:00 +0100] "GET /gui/javascript/form_form.js?1512036359 HTTP/1.1" 200 16206 "http://easydrivers.activities.at/entry.php?id=11671" "Mozilla/5.0 (Windows NT 10.0; WOW64; Trident/7.0; rv:11.0) like Gecko"
213.86.241.133 - - [30/Nov/2017:11:06:00 +0100] "GET /entry.php?id=10778&form=11496&name=list& HTTP/1.1" 200 4229 "http://easydrivers.activities.at/entry.php?id=11671" "Mozilla/5.0 (Windows NT 10.0; WOW64; Trident/7.0; rv:11.0) like Gecko"
213.86.241.133 - - [30/Nov/2017:11:06:00 +0100] "GET /entry.php?id=10776&form=11496&name=list& HTTP/1.1" 200 1519 "http://easydrivers.activities.at/entry.php?id=11671" "Mozilla/5.0 (Windows NT 10.0; WOW64; Trident/7.0; rv:11.0) like Gecko"
178.165.129.64 - - [30/Nov/2017:11:06:05 +0100] "GET /entry.php?id=10271&&ser=36305 HTTP/1.1" 200 987 "http://ed.activities.at/entry.php?id=10271&&ser=36244" "Mozilla/5.0 (Windows NT 6.1; WOW64; Trident/7.0; rv:11.0) like Gecko"
178.165.129.64 - - [30/Nov/2017:11:06:06 +0100] "GET /gui/javascript/form_form.js?1512036366 HTTP/1.1" 200 16206 "http://ed.activities.at/entry.php?id=10271&&ser=36305" "Mozilla/5.0 (Windows NT 6.1; WOW64; Trident/7.0; rv:11.0) like Gecko"
213.86.241.133 - - [30/Nov/2017:11:06:14 +0100] "POST /entry.php?id=11671 HTTP/1.1" 200 4870 "http://easydrivers.activities.at/entry.php?id=11671" "Mozilla/5.0 (Windows NT 10.0; WOW64; Trident/7.0; rv:11.0) like Gecko"
213.86.241.133 - - [30/Nov/2017:11:06:14 +0100] "GET /gui/javascript/form_form.js?1512036374 HTTP/1.1" 200 16206 "http://easydrivers.activities.at/entry.php?id=11671" "Mozilla/5.0 (Windows NT 10.0; WOW64; Trident/7.0; rv:11.0) like Gecko"
213.86.241.133 - - [30/Nov/2017:11:06:15 +0100] "GET /entry.php?id=10776&form=11496&name=list& HTTP/1.1" 200 1519 "http://easydrivers.activities.at/entry.php?id=11671" "Mozilla/5.0 (Windows NT 10.0; WOW64; Trident/7.0; rv:11.0) like Gecko"
213.86.241.133 - - [30/Nov/2017:11:06:15 +0100] "GET /entry.php?id=10778&form=11496&name=list& HTTP/1.1" 200 4229 "http://easydrivers.activities.at/entry.php?id=11671" "Mozilla/5.0 (Windows NT 10.0; WOW64; Trident/7.0; rv:11.0) like Gecko"
213.86.241.133 - - [30/Nov/2017:11:06:16 +0100] "GET /entry.php?id=10271&&ser=36315 HTTP/1.1" 200 987 "http://easydrivers.activities.at/entry.php?id=10271&&ser=36254" "Mozilla/5.0 (Windows NT 10.0; WOW64; Trident/7.0; rv:11.0) like Gecko"
213.86.241.133 - - [30/Nov/2017:11:06:17 +0100] "GET /gui/javascript/form_form.js?1512036376 HTTP/1.1" 200 16206 "http://easydrivers.activities.at/entry.php?id=10271&&ser=36315" "Mozilla/5.0 (Windows NT 10.0; WOW64; Trident/7.0; rv:11.0) like Gecko"
213.86.241.133 - - [30/Nov/2017:11:06:16 +0100] "POST /entry.php?id=11671 HTTP/1.1" 200 4854 "http://easydrivers.activities.at/entry.php?id=11671" "Mozilla/5.0 (Windows NT 10.0; WOW64; Trident/7.0; rv:11.0) like Gecko"
213.86.241.133 - - [30/Nov/2017:11:06:17 +0100] "GET /gui/javascript/form_form.js?1512036377 HTTP/1.1" 200 16206 "http://easydrivers.activities.at/entry.php?id=11671" "Mozilla/5.0 (Windows NT 10.0; WOW64; Trident/7.0; rv:11.0) like Gecko"
213.86.241.133 - - [30/Nov/2017:11:06:17 +0100] "GET /entry.php?id=10776&form=11496&name=list& HTTP/1.1" 200 1519 "http://easydrivers.activities.at/entry.php?id=11671" "Mozilla/5.0 (Windows NT 10.0; WOW64; Trident/7.0; rv:11.0) like Gecko"
213.86.241.133 - - [30/Nov/2017:11:06:17 +0100] "GET /entry.php?id=10778&form=11496&name=list& HTTP/1.1" 200 4229 "http://easydrivers.activities.at/entry.php?id=11671" "Mozilla/5.0 (Windows NT 10.0; WOW64; Trident/7.0; rv:11.0) like Gecko"
81.10.228.170 - - [30/Nov/2017:11:06:19 +0100] "GET /entry.php?id=10271&&ser=36318 HTTP/1.1" 200 987 "http://easydrivers.activities.at/entry.php?id=10271&&ser=36257" "Mozilla/5.0 (Windows NT 10.0; Trident/7.0; rv:11.0) like Gecko"
213.86.241.133 - - [30/Nov/2017:11:06:19 +0100] "POST /entry.php?id=11671 HTTP/1.1" 200 4699 "http://easydrivers.activities.at/entry.php?id=11671" "Mozilla/5.0 (Windows NT 10.0; WOW64; Trident/7.0; rv:11.0) like Gecko"
213.86.241.133 - - [30/Nov/2017:11:06:19 +0100] "GET /gui/javascript/form_form.js?1512036379 HTTP/1.1" 200 16206 "http://easydrivers.activities.at/entry.php?id=11671" "Mozilla/5.0 (Windows NT 10.0; WOW64; Trident/7.0; rv:11.0) like Gecko"
