90.146.6.198 - - [30/Nov/2017:12:15:46 +0100] "GET /activities/framework/KoolControls/KoolTreeView/icons/website.gif HTTP/1.1" 200 1049 "http://easydrivers.activities.at/entry.php?id=11678&" "Mozilla/5.0 (Windows NT 10.0; Win64; x64; rv:57.0) Gecko/20100101 Firefox/57.0"
90.146.6.198 - - [30/Nov/2017:12:15:46 +0100] "GET /gui/images/icons/website_modified.gif HTTP/1.1" 200 1060 "http://easydrivers.activities.at/entry.php?id=11678&" "Mozilla/5.0 (Windows NT 10.0; Win64; x64; rv:57.0) Gecko/20100101 Firefox/57.0"
90.146.6.198 - - [30/Nov/2017:12:15:46 +0100] "GET /gui/images/icons/square_yellowS.gif HTTP/1.1" 200 541 "http://easydrivers.activities.at/entry.php?id=11678&" "Mozilla/5.0 (Windows NT 10.0; Win64; x64; rv:57.0) Gecko/20100101 Firefox/57.0"
90.146.6.198 - - [30/Nov/2017:12:15:46 +0100] "GET /gui/images/icons/square_greenS.gif HTTP/1.1" 200 541 "http://easydrivers.activities.at/entry.php?id=11678&" "Mozilla/5.0 (Windows NT 10.0; Win64; x64; rv:57.0) Gecko/20100101 Firefox/57.0"
90.146.6.198 - - [30/Nov/2017:12:15:46 +0100] "GET /gui/images/icons/square_greyS.gif HTTP/1.1" 200 342 "http://easydrivers.activities.at/entry.php?id=11678&" "Mozilla/5.0 (Windows NT 10.0; Win64; x64; rv:57.0) Gecko/20100101 Firefox/57.0"
90.146.6.198 - - [30/Nov/2017:12:15:46 +0100] "GET /activities/framework/KoolControls/KoolTreeView/styles/default/default.css HTTP/1.1" 200 1099 "http://easydrivers.activities.at/entry.php?id=11678&" "Mozilla/5.0 (Windows NT 10.0; Win64; x64; rv:57.0) Gecko/20100101 Firefox/57.0"
90.146.6.198 - - [30/Nov/2017:12:15:46 +0100] "GET /activities/framework/KoolControls/KoolTreeView/kooltreeview.php?c7cd9180e88ffef8e70f13526bb4f5f7 HTTP/1.1" 200 5055 "http://easydrivers.activities.at/entry.php?id=11678&" "Mozilla/5.0 (Windows NT 10.0; Win64; x64; rv:57.0) Gecko/20100101 Firefox/57.0"
90.146.6.198 - - [30/Nov/2017:12:15:46 +0100] "GET /activities/framework/KoolControls/KoolTreeView/styles/default/L.gif HTTP/1.1" 200 67 "http://easydrivers.activities.at/activities/framework/KoolControls/KoolTreeView/styles/default/default.css" "Mozilla/5.0 (Windows NT 10.0; Win64; x64; rv:57.0) Gecko/20100101 Firefox/57.0"
90.146.6.198 - - [30/Nov/2017:12:15:46 +0100] "GET /activities/framework/KoolControls/KoolTreeView/styles/default/pm.gif HTTP/1.1" 200 214 "http://easydrivers.activities.at/activities/framework/KoolControls/KoolTreeView/styles/default/default.css" "Mozilla/5.0 (Windows NT 10.0; Win64; x64; rv:57.0) Gecko/20100101 Firefox/57.0"
90.146.6.198 - - [30/Nov/2017:12:15:45 +0100] "GET /entry.php?id=11677& HTTP/1.1" 200 4373 "http://easydrivers.activities.at/entry.php?id=11679" "Mozilla/5.0 (Windows NT 10.0; Win64; x64; rv:57.0) Gecko/20100101 Firefox/57.0"
90.146.6.198 - - [30/Nov/2017:12:15:46 +0100] "GET /gui/javascript/jquery/js/i18n/jquery.ui.datepicker-de.js HTTP/1.1" 200 479 "http://easydrivers.activities.at/entry.php?id=11677&" "Mozilla/5.0 (Windows NT 10.0; Win64; x64; rv:57.0) Gecko/20100101 Firefox/57.0"
90.146.6.198 - - [30/Nov/2017:12:15:46 +0100] "GET /gui/javascript/jquery/js/i18n/jquery-ui-timepicker-de.js HTTP/1.1" 200 333 "http://easydrivers.activities.at/entry.php?id=11677&" "Mozilla/5.0 (Windows NT 10.0; Win64; x64; rv:57.0) Gecko/20100101 Firefox/57.0"
90.146.6.198 - - [30/Nov/2017:12:15:46 +0100] "GET /gui/javascript/jquery/js/ui-timepicker-addon.js HTTP/1.1" 200 17574 "http://easydrivers.activities.at/entry.php?id=11677&" "Mozilla/5.0 (Windows NT 10.0; Win64; x64; rv:57.0) Gecko/20100101 Firefox/57.0"
90.146.6.198 - - [30/Nov/2017:12:15:45 +0100] "GET /entry.php?id=10676&title=Portal& HTTP/1.1" 200 1385 "http://easydrivers.activities.at/entry.php?id=11679" "Mozilla/5.0 (Windows NT 10.0; Win64; x64; rv:57.0) Gecko/20100101 Firefox/57.0"
90.146.6.198 - - [30/Nov/2017:12:15:46 +0100] "GET /activities/framework/fwx_trans.gif HTTP/1.1" 200 43 "http://easydrivers.activities.at/entry.php?id=11677&" "Mozilla/5.0 (Windows NT 10.0; Win64; x64; rv:57.0) Gecko/20100101 Firefox/57.0"
90.146.6.198 - - [30/Nov/2017:12:15:47 +0100] "GET /gui/images/icons/disabled_lupe.gif HTTP/1.1" 200 322 "http://easydrivers.activities.at/entry.php?id=11677&" "Mozilla/5.0 (Windows NT 10.0; Win64; x64; rv:57.0) Gecko/20100101 Firefox/57.0"
90.146.6.198 - - [30/Nov/2017:12:15:47 +0100] "GET /gui/images/icons/disabled_wizard.png HTTP/1.1" 200 658 "http://easydrivers.activities.at/entry.php?id=11677&" "Mozilla/5.0 (Windows NT 10.0; Win64; x64; rv:57.0) Gecko/20100101 Firefox/57.0"
90.146.6.198 - - [30/Nov/2017:12:15:47 +0100] "GET /gui/images/icons/edit.gif HTTP/1.1" 200 384 "http://easydrivers.activities.at/entry.php?id=11677&" "Mozilla/5.0 (Windows NT 10.0; Win64; x64; rv:57.0) Gecko/20100101 Firefox/57.0"
90.146.6.198 - - [30/Nov/2017:12:15:47 +0100] "GET /entry.php?id=11618&&object=&item=&emu_class= HTTP/1.1" 200 1697 "http://easydrivers.activities.at/entry.php?id=11677&" "Mozilla/5.0 (Windows NT 10.0; Win64; x64; rv:57.0) Gecko/20100101 Firefox/57.0"
90.146.6.198 - - [30/Nov/2017:12:15:47 +0100] "GET /gui/images/icons/disabled_calendar.png HTTP/1.1" 200 640 "http://easydrivers.activities.at/entry.php?id=11677&" "Mozilla/5.0 (Windows NT 10.0; Win64; x64; rv:57.0) Gecko/20100101 Firefox/57.0"
90.146.6.198 - - [30/Nov/2017:12:15:47 +0100] "GET /gui/javascript/form_form.js?1512040547 HTTP/1.1" 200 16206 "http://easydrivers.activities.at/entry.php?id=11618&&object=&item=&emu_class=" "Mozilla/5.0 (Windows NT 10.0; Win64; x64; rv:57.0) Gecko/20100101 Firefox/57.0"
90.146.6.198 - - [30/Nov/2017:12:15:47 +0100] "GET /gui/images/icons/ajax_loading.gif HTTP/1.1" 200 1542 "http://easydrivers.activities.at/entry.php?id=11618&&object=&item=&emu_class=" "Mozilla/5.0 (Windows NT 10.0; Win64; x64; rv:57.0) Gecko/20100101 Firefox/57.0"
90.146.6.198 - - [30/Nov/2017:12:15:49 +0100] "POST /entry.php?id=11677 HTTP/1.1" 200 4419 "http://easydrivers.activities.at/entry.php?id=11677&" "Mozilla/5.0 (Windows NT 10.0; Win64; x64; rv:57.0) Gecko/20100101 Firefox/57.0"
90.146.6.198 - - [30/Nov/2017:12:15:50 +0100] "GET /gui/javascript/form_form.js?1512040549 HTTP/1.1" 200 16206 "http://easydrivers.activities.at/entry.php?id=11677" "Mozilla/5.0 (Windows NT 10.0; Win64; x64; rv:57.0) Gecko/20100101 Firefox/57.0"
90.146.6.198 - - [30/Nov/2017:12:15:50 +0100] "GET /gui/images/icons/wizard.png HTTP/1.1" 200 724 "http://easydrivers.activities.at/entry.php?id=11677" "Mozilla/5.0 (Windows NT 10.0; Win64; x64; rv:57.0) Gecko/20100101 Firefox/57.0"
90.146.6.198 - - [30/Nov/2017:12:15:51 +0100] "POST /entry.php?id=11677 HTTP/1.1" 200 3218 "http://easydrivers.activities.at/entry.php?id=11677" "Mozilla/5.0 (Windows NT 10.0; Win64; x64; rv:57.0) Gecko/20100101 Firefox/57.0"
90.146.6.198 - - [30/Nov/2017:12:15:52 +0100] "GET /gui/javascript/form_form.js?1512040552 HTTP/1.1" 200 16206 "http://easydrivers.activities.at/entry.php?id=11677" "Mozilla/5.0 (Windows NT 10.0; Win64; x64; rv:57.0) Gecko/20100101 Firefox/57.0"
90.146.6.198 - - [30/Nov/2017:12:15:52 +0100] "GET /framework/webfx/javascript/scrolltable/scrolltableIframe.js HTTP/1.1" 200 9641 "http://easydrivers.activities.at/entry.php?id=11677" "Mozilla/5.0 (Windows NT 10.0; Win64; x64; rv:57.0) Gecko/20100101 Firefox/57.0"
90.146.6.198 - - [30/Nov/2017:12:15:52 +0100] "GET /entry.php?id=10776&form=11502&name=list& HTTP/1.1" 200 1475 "http://easydrivers.activities.at/entry.php?id=11677" "Mozilla/5.0 (Windows NT 10.0; Win64; x64; rv:57.0) Gecko/20100101 Firefox/57.0"
90.146.6.198 - - [30/Nov/2017:12:15:52 +0100] "GET /entry.php?id=10778&form=11502&name=list& HTTP/1.1" 200 3850 "http://easydrivers.activities.at/entry.php?id=11677" "Mozilla/5.0 (Windows NT 10.0; Win64; x64; rv:57.0) Gecko/20100101 Firefox/57.0"
90.146.6.198 - - [30/Nov/2017:12:15:52 +0100] "GET /framework/icons/fwx_trans.gif HTTP/1.1" 200 43 "http://easydrivers.activities.at/entry.php?id=10776&form=11502&name=list&" "Mozilla/5.0 (Windows NT 10.0; Win64; x64; rv:57.0) Gecko/20100101 Firefox/57.0"
90.146.6.198 - - [30/Nov/2017:12:15:52 +0100] "GET /gui/images/icons/lupe.png HTTP/1.1" 200 723 "http://easydrivers.activities.at/entry.php?id=10776&form=11502&name=list&" "Mozilla/5.0 (Windows NT 10.0; Win64; x64; rv:57.0) Gecko/20100101 Firefox/57.0"
90.146.6.198 - - [30/Nov/2017:12:15:52 +0100] "GET /gui/images/icons/disabled_edit.gif HTTP/1.1" 200 408 "http://easydrivers.activities.at/entry.php?id=10778&form=11502&name=list&" "Mozilla/5.0 (Windows NT 10.0; Win64; x64; rv:57.0) Gecko/20100101 Firefox/57.0"
213.86.241.133 - - [30/Nov/2017:12:15:52 +0100] "POST /entry.php?id=11671 HTTP/1.1" 200 4857 "http://easydrivers.activities.at/entry.php?id=11671" "Mozilla/5.0 (Windows NT 10.0; WOW64; Trident/7.0; rv:11.0) like Gecko"
213.86.241.133 - - [30/Nov/2017:12:15:53 +0100] "GET /gui/javascript/form_form.js?1512040553 HTTP/1.1" 200 16206 "http://easydrivers.activities.at/entry.php?id=11671" "Mozilla/5.0 (Windows NT 10.0; WOW64; Trident/7.0; rv:11.0) like Gecko"
213.86.241.133 - - [30/Nov/2017:12:15:53 +0100] "GET /entry.php?id=10776&form=11496&name=list& HTTP/1.1" 200 1519 "http://easydrivers.activities.at/entry.php?id=11671" "Mozilla/5.0 (Windows NT 10.0; WOW64; Trident/7.0; rv:11.0) like Gecko"
213.86.241.133 - - [30/Nov/2017:12:15:53 +0100] "GET /entry.php?id=10778&form=11496&name=list& HTTP/1.1" 200 4239 "http://easydrivers.activities.at/entry.php?id=11671" "Mozilla/5.0 (Windows NT 10.0; WOW64; Trident/7.0; rv:11.0) like Gecko"
213.86.241.133 - - [30/Nov/2017:12:15:55 +0100] "POST /entry.php?id=11671 HTTP/1.1" 200 4842 "http://easydrivers.activities.at/entry.php?id=11671" "Mozilla/5.0 (Windows NT 10.0; WOW64; Trident/7.0; rv:11.0) like Gecko"
213.86.241.133 - - [30/Nov/2017:12:15:55 +0100] "GET /gui/javascript/form_form.js?1512040555 HTTP/1.1" 200 16206 "http://easydrivers.activities.at/entry.php?id=11671" "Mozilla/5.0 (Windows NT 10.0; WOW64; Trident/7.0; rv:11.0) like Gecko"
213.86.241.133 - - [30/Nov/2017:12:15:56 +0100] "GET /entry.php?id=10776&form=11496&name=list& HTTP/1.1" 200 1519 "http://easydrivers.activities.at/entry.php?id=11671" "Mozilla/5.0 (Windows NT 10.0; WOW64; Trident/7.0; rv:11.0) like Gecko"
213.86.241.133 - - [30/Nov/2017:12:15:56 +0100] "GET /entry.php?id=10778&form=11496&name=list& HTTP/1.1" 200 4239 "http://easydrivers.activities.at/entry.php?id=11671" "Mozilla/5.0 (Windows NT 10.0; WOW64; Trident/7.0; rv:11.0) like Gecko"
213.86.241.133 - - [30/Nov/2017:12:16:00 +0100] "POST /entry.php?id=11671 HTTP/1.1" 200 4682 "http://easydrivers.activities.at/entry.php?id=11671" "Mozilla/5.0 (Windows NT 10.0; WOW64; Trident/7.0; rv:11.0) like Gecko"
213.86.241.133 - - [30/Nov/2017:12:16:00 +0100] "GET /gui/javascript/form_form.js?1512040560 HTTP/1.1" 200 16206 "http://easydrivers.activities.at/entry.php?id=11671" "Mozilla/5.0 (Windows NT 10.0; WOW64; Trident/7.0; rv:11.0) like Gecko"
213.86.241.133 - - [30/Nov/2017:12:16:00 +0100] "GET /entry.php?id=10776&form=11496&name=list& HTTP/1.1" 200 1519 "http://easydrivers.activities.at/entry.php?id=11671" "Mozilla/5.0 (Windows NT 10.0; WOW64; Trident/7.0; rv:11.0) like Gecko"
213.86.241.133 - - [30/Nov/2017:12:16:00 +0100] "GET /entry.php?id=10778&form=11496&name=list& HTTP/1.1" 200 4239 "http://easydrivers.activities.at/entry.php?id=11671" "Mozilla/5.0 (Windows NT 10.0; WOW64; Trident/7.0; rv:11.0) like Gecko"
81.10.228.170 - - [30/Nov/2017:12:16:16 +0100] "GET /entry.php?id=10271&&ser=40515 HTTP/1.1" 200 987 "http://easydrivers.activities.at/entry.php?id=10271&&ser=40454" "Mozilla/5.0 (Windows NT 10.0; Trident/7.0; rv:11.0) like Gecko"
81.10.228.170 - - [30/Nov/2017:12:16:16 +0100] "GET /gui/javascript/form_form.js?1512040576 HTTP/1.1" 200 16206 "http://easydrivers.activities.at/entry.php?id=10271&&ser=40515" "Mozilla/5.0 (Windows NT 10.0; Trident/7.0; rv:11.0) like Gecko"
90.146.6.198 - - [30/Nov/2017:12:16:22 +0100] "GET /gui/javascript/jquery/css/gui-themes/images/ui-bg_flat_90_eeeeee_40x100.png HTTP/1.1" 200 180 "http://easydrivers.activities.at/gui/javascript/jquery/css/gui-themes/custom.min.css" "Mozilla/5.0 (Windows NT 10.0; Win64; x64; rv:57.0) Gecko/20100101 Firefox/57.0"
90.146.6.198 - - [30/Nov/2017:12:16:22 +0100] "GET /gui/javascript/jquery/css/gui-themes/images/ui-bg_flat_100_808080_40x100.png HTTP/1.1" 200 209 "http://easydrivers.activities.at/gui/javascript/jquery/css/gui-themes/custom.min.css" "Mozilla/5.0 (Windows NT 10.0; Win64; x64; rv:57.0) Gecko/20100101 Firefox/57.0"
90.146.6.198 - - [30/Nov/2017:12:16:22 +0100] "GET /gui/javascript/jquery/css/gui-themes/images/ui-icons_72a7cf_256x240_ev.png HTTP/1.1" 200 6036 "http://easydrivers.activities.at/gui/javascript/jquery/css/gui-themes/custom.min.css" "Mozilla/5.0 (Windows NT 10.0; Win64; x64; rv:57.0) Gecko/20100101 Firefox/57.0"
90.146.6.198 - - [30/Nov/2017:12:16:22 +0100] "GET /gui/javascript/jquery/css/gui-themes/images/ui-icons_ffffff_256x240_ev.png HTTP/1.1" 200 6912 "http://easydrivers.activities.at/gui/javascript/jquery/css/gui-themes/custom.min.css" "Mozilla/5.0 (Windows NT 10.0; Win64; x64; rv:57.0) Gecko/20100101 Firefox/57.0"
90.146.6.198 - - [30/Nov/2017:12:16:22 +0100] "GET /entry.php?id=11685&object=10230383&site=10201431&item=10222016 HTTP/1.1" 200 3533 "http://easydrivers.activities.at/entry.php?id=11412" "Mozilla/5.0 (Windows NT 10.0; Win64; x64; rv:57.0) Gecko/20100101 Firefox/57.0"
90.146.6.198 - - [30/Nov/2017:12:16:22 +0100] "GET /gui/javascript/form_form.js?1512040582 HTTP/1.1" 200 16206 "http://easydrivers.activities.at/entry.php?id=11685&object=10230383&site=10201431&item=10222016" "Mozilla/5.0 (Windows NT 10.0; Win64; x64; rv:57.0) Gecko/20100101 Firefox/57.0"
90.146.6.198 - - [30/Nov/2017:12:16:23 +0100] "GET /gui/images/icons/delete.gif HTTP/1.1" 200 86 "http://easydrivers.activities.at/entry.php?id=11685&object=10230383&site=10201431&item=10222016" "Mozilla/5.0 (Windows NT 10.0; Win64; x64; rv:57.0) Gecko/20100101 Firefox/57.0"
90.146.6.198 - - [30/Nov/2017:12:16:23 +0100] "GET /gui/images/icons/lupe.gif HTTP/1.1" 200 324 "http://easydrivers.activities.at/entry.php?id=11685&object=10230383&site=10201431&item=10222016" "Mozilla/5.0 (Windows NT 10.0; Win64; x64; rv:57.0) Gecko/20100101 Firefox/57.0"
213.86.241.133 - - [30/Nov/2017:12:16:27 +0100] "POST /entry.php?id=11671 HTTP/1.1" 200 4861 "http://easydrivers.activities.at/entry.php?id=11671" "Mozilla/5.0 (Windows NT 10.0; WOW64; Trident/7.0; rv:11.0) like Gecko"
213.86.241.133 - - [30/Nov/2017:12:16:28 +0100] "GET /gui/javascript/form_form.js?1512040588 HTTP/1.1" 200 16206 "http://easydrivers.activities.at/entry.php?id=11671" "Mozilla/5.0 (Windows NT 10.0; WOW64; Trident/7.0; rv:11.0) like Gecko"
213.86.241.133 - - [30/Nov/2017:12:16:28 +0100] "GET /entry.php?id=10776&form=11496&name=list& HTTP/1.1" 200 1519 "http://easydrivers.activities.at/entry.php?id=11671" "Mozilla/5.0 (Windows NT 10.0; WOW64; Trident/7.0; rv:11.0) like Gecko"
213.86.241.133 - - [30/Nov/2017:12:16:28 +0100] "GET /entry.php?id=10778&form=11496&name=list& HTTP/1.1" 200 4239 "http://easydrivers.activities.at/entry.php?id=11671" "Mozilla/5.0 (Windows NT 10.0; WOW64; Trident/7.0; rv:11.0) like Gecko"
213.86.241.133 - - [30/Nov/2017:12:16:30 +0100] "POST /entry.php?id=11671 HTTP/1.1" 200 4844 "http://easydrivers.activities.at/entry.php?id=11671" "Mozilla/5.0 (Windows NT 10.0; WOW64; Trident/7.0; rv:11.0) like Gecko"
213.86.241.133 - - [30/Nov/2017:12:16:31 +0100] "GET /gui/javascript/form_form.js?1512040591 HTTP/1.1" 200 16206 "http://easydrivers.activities.at/entry.php?id=11671" "Mozilla/5.0 (Windows NT 10.0; WOW64; Trident/7.0; rv:11.0) like Gecko"
213.86.241.133 - - [30/Nov/2017:12:16:31 +0100] "GET /entry.php?id=10776&form=11496&name=list& HTTP/1.1" 200 1519 "http://easydrivers.activities.at/entry.php?id=11671" "Mozilla/5.0 (Windows NT 10.0; WOW64; Trident/7.0; rv:11.0) like Gecko"
213.86.241.133 - - [30/Nov/2017:12:16:31 +0100] "GET /entry.php?id=10778&form=11496&name=list& HTTP/1.1" 200 4239 "http://easydrivers.activities.at/entry.php?id=11671" "Mozilla/5.0 (Windows NT 10.0; WOW64; Trident/7.0; rv:11.0) like Gecko"
213.86.241.133 - - [30/Nov/2017:12:16:34 +0100] "POST /entry.php?id=11671 HTTP/1.1" 200 4684 "http://easydrivers.activities.at/entry.php?id=11671" "Mozilla/5.0 (Windows NT 10.0; WOW64; Trident/7.0; rv:11.0) like Gecko"
213.86.241.133 - - [30/Nov/2017:12:16:34 +0100] "GET /gui/javascript/form_form.js?1512040594 HTTP/1.1" 200 16206 "http://easydrivers.activities.at/entry.php?id=11671" "Mozilla/5.0 (Windows NT 10.0; WOW64; Trident/7.0; rv:11.0) like Gecko"
213.86.241.133 - - [30/Nov/2017:12:16:35 +0100] "GET /entry.php?id=10776&form=11496&name=list& HTTP/1.1" 200 1519 "http://easydrivers.activities.at/entry.php?id=11671" "Mozilla/5.0 (Windows NT 10.0; WOW64; Trident/7.0; rv:11.0) like Gecko"
213.86.241.133 - - [30/Nov/2017:12:16:35 +0100] "GET /entry.php?id=10778&form=11496&name=list& HTTP/1.1" 200 4239 "http://easydrivers.activities.at/entry.php?id=11671" "Mozilla/5.0 (Windows NT 10.0; WOW64; Trident/7.0; rv:11.0) like Gecko"
90.146.6.198 - - [30/Nov/2017:12:16:37 +0100] "GET /entry.php?id=10271&&ser=40536 HTTP/1.1" 200 987 "http://easydrivers.activities.at/entry.php?id=10271&UIN=4ce65adc4858ea687731496a65fc5480" "Mozilla/5.0 (Windows NT 10.0; Win64; x64; rv:57.0) Gecko/20100101 Firefox/57.0"
90.146.6.198 - - [30/Nov/2017:12:16:37 +0100] "GET /gui/javascript/form_form.js?1512040597 HTTP/1.1" 200 16206 "http://easydrivers.activities.at/entry.php?id=10271&&ser=40536" "Mozilla/5.0 (Windows NT 10.0; Win64; x64; rv:57.0) Gecko/20100101 Firefox/57.0"
213.86.241.133 - - [30/Nov/2017:12:17:05 +0100] "POST /entry.php?id=11671 HTTP/1.1" 200 4860 "http://easydrivers.activities.at/entry.php?id=11671" "Mozilla/5.0 (Windows NT 10.0; WOW64; Trident/7.0; rv:11.0) like Gecko"
213.86.241.133 - - [30/Nov/2017:12:17:06 +0100] "GET /gui/javascript/form_form.js?1512040626 HTTP/1.1" 200 16206 "http://easydrivers.activities.at/entry.php?id=11671" "Mozilla/5.0 (Windows NT 10.0; WOW64; Trident/7.0; rv:11.0) like Gecko"
213.86.241.133 - - [30/Nov/2017:12:17:06 +0100] "GET /entry.php?id=10776&form=11496&name=list& HTTP/1.1" 200 1519 "http://easydrivers.activities.at/entry.php?id=11671" "Mozilla/5.0 (Windows NT 10.0; WOW64; Trident/7.0; rv:11.0) like Gecko"
213.86.241.133 - - [30/Nov/2017:12:17:06 +0100] "GET /entry.php?id=10778&form=11496&name=list& HTTP/1.1" 200 4239 "http://easydrivers.activities.at/entry.php?id=11671" "Mozilla/5.0 (Windows NT 10.0; WOW64; Trident/7.0; rv:11.0) like Gecko"
213.86.241.133 - - [30/Nov/2017:12:17:08 +0100] "POST /entry.php?id=11671 HTTP/1.1" 200 4844 "http://easydrivers.activities.at/entry.php?id=11671" "Mozilla/5.0 (Windows NT 10.0; WOW64; Trident/7.0; rv:11.0) like Gecko"
213.86.241.133 - - [30/Nov/2017:12:17:08 +0100] "GET /gui/javascript/form_form.js?1512040628 HTTP/1.1" 200 16206 "http://easydrivers.activities.at/entry.php?id=11671" "Mozilla/5.0 (Windows NT 10.0; WOW64; Trident/7.0; rv:11.0) like Gecko"
213.86.241.133 - - [30/Nov/2017:12:17:09 +0100] "GET /entry.php?id=10776&form=11496&name=list& HTTP/1.1" 200 1519 "http://easydrivers.activities.at/entry.php?id=11671" "Mozilla/5.0 (Windows NT 10.0; WOW64; Trident/7.0; rv:11.0) like Gecko"
213.86.241.133 - - [30/Nov/2017:12:17:09 +0100] "GET /entry.php?id=10778&form=11496&name=list& HTTP/1.1" 200 4239 "http://easydrivers.activities.at/entry.php?id=11671" "Mozilla/5.0 (Windows NT 10.0; WOW64; Trident/7.0; rv:11.0) like Gecko"
90.146.6.198 - - [30/Nov/2017:12:17:13 +0100] "POST /entry.php?id=11685 HTTP/1.1" 200 3626 "http://easydrivers.activities.at/entry.php?id=11685&object=10230383&site=10201431&item=10222016" "Mozilla/5.0 (Windows NT 10.0; Win64; x64; rv:57.0) Gecko/20100101 Firefox/57.0"
90.146.6.198 - - [30/Nov/2017:12:17:13 +0100] "GET /gui/javascript/form_form.js?1512040633 HTTP/1.1" 200 16206 "http://easydrivers.activities.at/entry.php?id=11685" "Mozilla/5.0 (Windows NT 10.0; Win64; x64; rv:57.0) Gecko/20100101 Firefox/57.0"
213.86.241.133 - - [30/Nov/2017:12:17:14 +0100] "POST /entry.php?id=11671 HTTP/1.1" 200 4682 "http://easydrivers.activities.at/entry.php?id=11671" "Mozilla/5.0 (Windows NT 10.0; WOW64; Trident/7.0; rv:11.0) like Gecko"
213.86.241.133 - - [30/Nov/2017:12:17:15 +0100] "GET /gui/javascript/form_form.js?1512040634 HTTP/1.1" 200 16206 "http://easydrivers.activities.at/entry.php?id=11671" "Mozilla/5.0 (Windows NT 10.0; WOW64; Trident/7.0; rv:11.0) like Gecko"
90.146.6.198 - - [30/Nov/2017:12:17:15 +0100] "GET /activities/framework/KoolControls/KoolTreeView/icons/square_yellowS.gif HTTP/1.1" 200 541 "http://easydrivers.activities.at/entry.php?id=11678&" "Mozilla/5.0 (Windows NT 10.0; Win64; x64; rv:57.0) Gecko/20100101 Firefox/57.0"
213.86.241.133 - - [30/Nov/2017:12:17:15 +0100] "GET /entry.php?id=10776&form=11496&name=list& HTTP/1.1" 200 1519 "http://easydrivers.activities.at/entry.php?id=11671" "Mozilla/5.0 (Windows NT 10.0; WOW64; Trident/7.0; rv:11.0) like Gecko"
213.86.241.133 - - [30/Nov/2017:12:17:15 +0100] "GET /entry.php?id=10778&form=11496&name=list& HTTP/1.1" 200 4239 "http://easydrivers.activities.at/entry.php?id=11671" "Mozilla/5.0 (Windows NT 10.0; WOW64; Trident/7.0; rv:11.0) like Gecko"
81.10.228.170 - - [30/Nov/2017:12:17:16 +0100] "GET /entry.php?id=10271&&ser=40576 HTTP/1.1" 200 987 "http://easydrivers.activities.at/entry.php?id=10271&&ser=40515" "Mozilla/5.0 (Windows NT 10.0; Trident/7.0; rv:11.0) like Gecko"
81.10.228.170 - - [30/Nov/2017:12:17:17 +0100] "GET /gui/javascript/form_form.js?1512040637 HTTP/1.1" 200 16206 "http://easydrivers.activities.at/entry.php?id=10271&&ser=40576" "Mozilla/5.0 (Windows NT 10.0; Trident/7.0; rv:11.0) like Gecko"
90.146.6.198 - - [30/Nov/2017:12:17:20 +0100] "GET /entry.php?id=11685&object=10230384&site=10201431&item=10222016 HTTP/1.1" 200 3659 "http://easydrivers.activities.at/entry.php?id=11412" "Mozilla/5.0 (Windows NT 10.0; Win64; x64; rv:57.0) Gecko/20100101 Firefox/57.0"
90.146.6.198 - - [30/Nov/2017:12:17:21 +0100] "GET /gui/javascript/form_form.js?1512040641 HTTP/1.1" 200 16206 "http://easydrivers.activities.at/entry.php?id=11685&object=10230384&site=10201431&item=10222016" "Mozilla/5.0 (Windows NT 10.0; Win64; x64; rv:57.0) Gecko/20100101 Firefox/57.0"
90.146.6.198 - - [30/Nov/2017:12:17:21 +0100] "GET /cache/emu/images/easy-drivers-linz-ebelsberg10293349/fb-aktion2jpg_160_84_0.jpg HTTP/1.1" 200 5082 "http://easydrivers.activities.at/entry.php?id=11685&object=10230384&site=10201431&item=10222016" "Mozilla/5.0 (Windows NT 10.0; Win64; x64; rv:57.0) Gecko/20100101 Firefox/57.0"
90.146.6.198 - - [30/Nov/2017:12:17:35 +0100] "GET /entry.php?id=11685&object=10230385&site=10201431&item=10222016 HTTP/1.1" 200 3555 "http://easydrivers.activities.at/entry.php?id=11412" "Mozilla/5.0 (Windows NT 10.0; Win64; x64; rv:57.0) Gecko/20100101 Firefox/57.0"
90.146.6.198 - - [30/Nov/2017:12:17:35 +0100] "GET /gui/javascript/form_form.js?1512040655 HTTP/1.1" 200 16206 "http://easydrivers.activities.at/entry.php?id=11685&object=10230385&site=10201431&item=10222016" "Mozilla/5.0 (Windows NT 10.0; Win64; x64; rv:57.0) Gecko/20100101 Firefox/57.0"
90.146.6.198 - - [30/Nov/2017:12:17:35 +0100] "GET /cache/emu/images/easy-drivers-linz-ebelsberg10280670/fahrsicherheitstraining-foto-playpng_160_90_0.png HTTP/1.1" 200 28455 "http://easydrivers.activities.at/entry.php?id=11685&object=10230385&site=10201431&item=10222016" "Mozilla/5.0 (Windows NT 10.0; Win64; x64; rv:57.0) Gecko/20100101 Firefox/57.0"
90.146.6.198 - - [30/Nov/2017:12:17:37 +0100] "GET /entry.php?id=10271&&ser=40597 HTTP/1.1" 200 986 "http://easydrivers.activities.at/entry.php?id=10271&&ser=40536" "Mozilla/5.0 (Windows NT 10.0; Win64; x64; rv:57.0) Gecko/20100101 Firefox/57.0"
90.146.6.198 - - [30/Nov/2017:12:17:38 +0100] "GET /gui/javascript/form_form.js?1512040658 HTTP/1.1" 200 16206 "http://easydrivers.activities.at/entry.php?id=10271&&ser=40597" "Mozilla/5.0 (Windows NT 10.0; Win64; x64; rv:57.0) Gecko/20100101 Firefox/57.0"
90.146.6.198 - - [30/Nov/2017:12:17:43 +0100] "POST /entry.php?id=11677 HTTP/1.1" 200 4425 "http://easydrivers.activities.at/entry.php?id=11677" "Mozilla/5.0 (Windows NT 10.0; Win64; x64; rv:57.0) Gecko/20100101 Firefox/57.0"
90.146.6.198 - - [30/Nov/2017:12:17:43 +0100] "GET /gui/javascript/form_form.js?1512040663 HTTP/1.1" 200 16206 "http://easydrivers.activities.at/entry.php?id=11677" "Mozilla/5.0 (Windows NT 10.0; Win64; x64; rv:57.0) Gecko/20100101 Firefox/57.0"
213.86.241.133 - - [30/Nov/2017:12:17:47 +0100] "POST /entry.php?id=11671 HTTP/1.1" 200 4860 "http://easydrivers.activities.at/entry.php?id=11671" "Mozilla/5.0 (Windows NT 10.0; WOW64; Trident/7.0; rv:11.0) like Gecko"
213.86.241.133 - - [30/Nov/2017:12:17:48 +0100] "GET /gui/javascript/form_form.js?1512040668 HTTP/1.1" 200 16206 "http://easydrivers.activities.at/entry.php?id=11671" "Mozilla/5.0 (Windows NT 10.0; WOW64; Trident/7.0; rv:11.0) like Gecko"
213.86.241.133 - - [30/Nov/2017:12:17:48 +0100] "GET /entry.php?id=10776&form=11496&name=list& HTTP/1.1" 200 1519 "http://easydrivers.activities.at/entry.php?id=11671" "Mozilla/5.0 (Windows NT 10.0; WOW64; Trident/7.0; rv:11.0) like Gecko"
213.86.241.133 - - [30/Nov/2017:12:17:48 +0100] "GET /entry.php?id=10778&form=11496&name=list& HTTP/1.1" 200 4239 "http://easydrivers.activities.at/entry.php?id=11671" "Mozilla/5.0 (Windows NT 10.0; WOW64; Trident/7.0; rv:11.0) like Gecko"
213.86.241.133 - - [30/Nov/2017:12:17:50 +0100] "POST /entry.php?id=11671 HTTP/1.1" 200 4842 "http://easydrivers.activities.at/entry.php?id=11671" "Mozilla/5.0 (Windows NT 10.0; WOW64; Trident/7.0; rv:11.0) like Gecko"
213.86.241.133 - - [30/Nov/2017:12:17:51 +0100] "GET /gui/javascript/form_form.js?1512040671 HTTP/1.1" 200 16206 "http://easydrivers.activities.at/entry.php?id=11671" "Mozilla/5.0 (Windows NT 10.0; WOW64; Trident/7.0; rv:11.0) like Gecko"
213.86.241.133 - - [30/Nov/2017:12:17:51 +0100] "GET /entry.php?id=10778&form=11496&name=list& HTTP/1.1" 200 4239 "http://easydrivers.activities.at/entry.php?id=11671" "Mozilla/5.0 (Windows NT 10.0; WOW64; Trident/7.0; rv:11.0) like Gecko"
213.86.241.133 - - [30/Nov/2017:12:17:51 +0100] "GET /entry.php?id=10776&form=11496&name=list& HTTP/1.1" 200 1519 "http://easydrivers.activities.at/entry.php?id=11671" "Mozilla/5.0 (Windows NT 10.0; WOW64; Trident/7.0; rv:11.0) like Gecko"
90.146.6.198 - - [30/Nov/2017:12:17:51 +0100] "POST /entry.php?id=11678 HTTP/1.1" 200 3336 "http://easydrivers.activities.at/entry.php?id=11678&" "Mozilla/5.0 (Windows NT 10.0; Win64; x64; rv:57.0) Gecko/20100101 Firefox/57.0"
90.146.6.198 - - [30/Nov/2017:12:17:52 +0100] "GET /gui/javascript/form_form.js?1512040672 HTTP/1.1" 200 16206 "http://easydrivers.activities.at/entry.php?id=11678" "Mozilla/5.0 (Windows NT 10.0; Win64; x64; rv:57.0) Gecko/20100101 Firefox/57.0"
90.146.6.198 - - [30/Nov/2017:12:17:52 +0100] "GET /activities/framework/KoolControls/KoolAjax/koolajax.php?8436e354c842500aba3cbaf0584c0c24 HTTP/1.1" 200 4079 "http://easydrivers.activities.at/entry.php?id=11678" "Mozilla/5.0 (Windows NT 10.0; Win64; x64; rv:57.0) Gecko/20100101 Firefox/57.0"
90.146.6.198 - - [30/Nov/2017:12:17:52 +0100] "GET /activities/framework/KoolControls/KoolTreeView/kooltreeview.php?c7cd9180e88ffef8e70f13526bb4f5f7 HTTP/1.1" 200 5055 "http://easydrivers.activities.at/entry.php?id=11678" "Mozilla/5.0 (Windows NT 10.0; Win64; x64; rv:57.0) Gecko/20100101 Firefox/57.0"
90.146.6.198 - - [30/Nov/2017:12:17:52 +0100] "GET /activities/framework/KoolControls/KoolTreeView/styles/default/v.gif HTTP/1.1" 200 1940 "http://easydrivers.activities.at/activities/framework/KoolControls/KoolTreeView/styles/default/default.css" "Mozilla/5.0 (Windows NT 10.0; Win64; x64; rv:57.0) Gecko/20100101 Firefox/57.0"
90.146.6.198 - - [30/Nov/2017:12:17:52 +0100] "GET /activities/framework/KoolControls/KoolTreeView/styles/default/mid.gif HTTP/1.1" 200 71 "http://easydrivers.activities.at/activities/framework/KoolControls/KoolTreeView/styles/default/default.css" "Mozilla/5.0 (Windows NT 10.0; Win64; x64; rv:57.0) Gecko/20100101 Firefox/57.0"
90.146.6.198 - - [30/Nov/2017:12:17:52 +0100] "GET /activities/framework/KoolControls/KoolTreeView/styles/default/horizon.gif HTTP/1.1" 200 844 "http://easydrivers.activities.at/activities/framework/KoolControls/KoolTreeView/styles/default/default.css" "Mozilla/5.0 (Windows NT 10.0; Win64; x64; rv:57.0) Gecko/20100101 Firefox/57.0"
213.86.241.133 - - [30/Nov/2017:12:17:52 +0100] "POST /entry.php?id=11671 HTTP/1.1" 200 4677 "http://easydrivers.activities.at/entry.php?id=11671" "Mozilla/5.0 (Windows NT 10.0; WOW64; Trident/7.0; rv:11.0) like Gecko"
213.86.241.133 - - [30/Nov/2017:12:17:53 +0100] "GET /gui/javascript/form_form.js?1512040673 HTTP/1.1" 200 16206 "http://easydrivers.activities.at/entry.php?id=11671" "Mozilla/5.0 (Windows NT 10.0; WOW64; Trident/7.0; rv:11.0) like Gecko"
90.146.6.198 - - [30/Nov/2017:12:17:53 +0100] "POST /entry.php?id=11677 HTTP/1.1" 200 4419 "http://easydrivers.activities.at/entry.php?id=11677" "Mozilla/5.0 (Windows NT 10.0; Win64; x64; rv:57.0) Gecko/20100101 Firefox/57.0"
213.86.241.133 - - [30/Nov/2017:12:17:53 +0100] "GET /entry.php?id=10776&form=11496&name=list& HTTP/1.1" 200 1519 "http://easydrivers.activities.at/entry.php?id=11671" "Mozilla/5.0 (Windows NT 10.0; WOW64; Trident/7.0; rv:11.0) like Gecko"
213.86.241.133 - - [30/Nov/2017:12:17:53 +0100] "GET /entry.php?id=10778&form=11496&name=list& HTTP/1.1" 200 4239 "http://easydrivers.activities.at/entry.php?id=11671" "Mozilla/5.0 (Windows NT 10.0; WOW64; Trident/7.0; rv:11.0) like Gecko"
90.146.6.198 - - [30/Nov/2017:12:17:53 +0100] "GET /gui/javascript/form_form.js?1512040673 HTTP/1.1" 200 16206 "http://easydrivers.activities.at/entry.php?id=11677" "Mozilla/5.0 (Windows NT 10.0; Win64; x64; rv:57.0) Gecko/20100101 Firefox/57.0"
90.146.6.198 - - [30/Nov/2017:12:18:08 +0100] "GET /entry.php?id=10287&login=1 HTTP/1.1" 200 1874 "http://easydrivers.activities.at/entry.php?id=10273&" "Mozilla/5.0 (Windows NT 10.0; Win64; x64; rv:57.0) Gecko/20100101 Firefox/57.0"
90.146.6.198 - - [30/Nov/2017:12:18:08 +0100] "GET /gui/javascript/form_form.js?1512040688 HTTP/1.1" 200 16206 "http://easydrivers.activities.at/entry.php?id=10287&login=1" "Mozilla/5.0 (Windows NT 10.0; Win64; x64; rv:57.0) Gecko/20100101 Firefox/57.0"
90.146.6.198 - - [30/Nov/2017:12:18:11 +0100] "POST /entry.php?id=10287& HTTP/1.1" 200 2425 "http://easydrivers.activities.at/entry.php?id=10287&login=1" "Mozilla/5.0 (Windows NT 10.0; Win64; x64; rv:57.0) Gecko/20100101 Firefox/57.0"
90.146.6.198 - - [30/Nov/2017:12:18:11 +0100] "GET /gui/javascript/form_form.js?1512040691 HTTP/1.1" 200 16206 "http://easydrivers.activities.at/entry.php?id=10287&" "Mozilla/5.0 (Windows NT 10.0; Win64; x64; rv:57.0) Gecko/20100101 Firefox/57.0"
90.146.6.198 - - [30/Nov/2017:12:18:11 +0100] "GET /entry.php?id=10270& HTTP/1.1" 200 908 "http://easydrivers.activities.at/entry.php?id=10287&" "Mozilla/5.0 (Windows NT 10.0; Win64; x64; rv:57.0) Gecko/20100101 Firefox/57.0"
90.146.6.198 - - [30/Nov/2017:12:18:11 +0100] "GET /entry.php?id=10273&logout=true& HTTP/1.1" 200 1911 "http://easydrivers.activities.at/entry.php?id=10287&" "Mozilla/5.0 (Windows NT 10.0; Win64; x64; rv:57.0) Gecko/20100101 Firefox/57.0"
90.146.6.198 - - [30/Nov/2017:12:18:12 +0100] "GET /gui/javascript/form_form.js?1512040692 HTTP/1.1" 200 16206 "http://easydrivers.activities.at/entry.php?id=10270&" "Mozilla/5.0 (Windows NT 10.0; Win64; x64; rv:57.0) Gecko/20100101 Firefox/57.0"
81.10.228.170 - - [30/Nov/2017:12:18:17 +0100] "GET /entry.php?id=10271&&ser=40637 HTTP/1.1" 200 985 "http://easydrivers.activities.at/entry.php?id=10271&&ser=40576" "Mozilla/5.0 (Windows NT 10.0; Trident/7.0; rv:11.0) like Gecko"
81.10.228.170 - - [30/Nov/2017:12:18:18 +0100] "GET /gui/javascript/form_form.js?1512040698 HTTP/1.1" 200 16206 "http://easydrivers.activities.at/entry.php?id=10271&&ser=40637" "Mozilla/5.0 (Windows NT 10.0; Trident/7.0; rv:11.0) like Gecko"
213.86.241.133 - - [30/Nov/2017:12:18:30 +0100] "POST /entry.php?id=11671 HTTP/1.1" 200 4853 "http://easydrivers.activities.at/entry.php?id=11671" "Mozilla/5.0 (Windows NT 10.0; WOW64; Trident/7.0; rv:11.0) like Gecko"
213.86.241.133 - - [30/Nov/2017:12:18:31 +0100] "GET /gui/javascript/form_form.js?1512040711 HTTP/1.1" 200 16206 "http://easydrivers.activities.at/entry.php?id=11671" "Mozilla/5.0 (Windows NT 10.0; WOW64; Trident/7.0; rv:11.0) like Gecko"
213.86.241.133 - - [30/Nov/2017:12:18:31 +0100] "GET /entry.php?id=10778&form=11496&name=list& HTTP/1.1" 200 4239 "http://easydrivers.activities.at/entry.php?id=11671" "Mozilla/5.0 (Windows NT 10.0; WOW64; Trident/7.0; rv:11.0) like Gecko"
213.86.241.133 - - [30/Nov/2017:12:18:31 +0100] "GET /entry.php?id=10776&form=11496&name=list& HTTP/1.1" 200 1519 "http://easydrivers.activities.at/entry.php?id=11671" "Mozilla/5.0 (Windows NT 10.0; WOW64; Trident/7.0; rv:11.0) like Gecko"
213.86.241.133 - - [30/Nov/2017:12:18:33 +0100] "POST /entry.php?id=11671 HTTP/1.1" 200 4837 "http://easydrivers.activities.at/entry.php?id=11671" "Mozilla/5.0 (Windows NT 10.0; WOW64; Trident/7.0; rv:11.0) like Gecko"
213.86.241.133 - - [30/Nov/2017:12:18:33 +0100] "GET /gui/javascript/form_form.js?1512040713 HTTP/1.1" 200 16206 "http://easydrivers.activities.at/entry.php?id=11671" "Mozilla/5.0 (Windows NT 10.0; WOW64; Trident/7.0; rv:11.0) like Gecko"
213.86.241.133 - - [30/Nov/2017:12:18:34 +0100] "GET /entry.php?id=10776&form=11496&name=list& HTTP/1.1" 200 1519 "http://easydrivers.activities.at/entry.php?id=11671" "Mozilla/5.0 (Windows NT 10.0; WOW64; Trident/7.0; rv:11.0) like Gecko"
213.86.241.133 - - [30/Nov/2017:12:18:34 +0100] "GET /entry.php?id=10778&form=11496&name=list& HTTP/1.1" 200 4239 "http://easydrivers.activities.at/entry.php?id=11671" "Mozilla/5.0 (Windows NT 10.0; WOW64; Trident/7.0; rv:11.0) like Gecko"
213.86.241.133 - - [30/Nov/2017:12:18:36 +0100] "POST /entry.php?id=11671 HTTP/1.1" 200 4554 "http://easydrivers.activities.at/entry.php?id=11671" "Mozilla/5.0 (Windows NT 10.0; WOW64; Trident/7.0; rv:11.0) like Gecko"
213.86.241.133 - - [30/Nov/2017:12:18:37 +0100] "GET /gui/javascript/form_form.js?1512040717 HTTP/1.1" 200 16206 "http://easydrivers.activities.at/entry.php?id=11671" "Mozilla/5.0 (Windows NT 10.0; WOW64; Trident/7.0; rv:11.0) like Gecko"
213.86.241.133 - - [30/Nov/2017:12:18:37 +0100] "GET /entry.php?id=10778&form=11496&name=list& HTTP/1.1" 200 4108 "http://easydrivers.activities.at/entry.php?id=11671" "Mozilla/5.0 (Windows NT 10.0; WOW64; Trident/7.0; rv:11.0) like Gecko"
213.86.241.133 - - [30/Nov/2017:12:18:37 +0100] "GET /entry.php?id=10776&form=11496&name=list& HTTP/1.1" 200 1519 "http://easydrivers.activities.at/entry.php?id=11671" "Mozilla/5.0 (Windows NT 10.0; WOW64; Trident/7.0; rv:11.0) like Gecko"
81.10.228.170 - - [30/Nov/2017:12:19:18 +0100] "GET /entry.php?id=10271&&ser=40698 HTTP/1.1" 200 987 "http://easydrivers.activities.at/entry.php?id=10271&&ser=40637" "Mozilla/5.0 (Windows NT 10.0; Trident/7.0; rv:11.0) like Gecko"
81.10.228.170 - - [30/Nov/2017:12:19:19 +0100] "GET /gui/javascript/form_form.js?1512040758 HTTP/1.1" 200 16206 "http://easydrivers.activities.at/entry.php?id=10271&&ser=40698" "Mozilla/5.0 (Windows NT 10.0; Trident/7.0; rv:11.0) like Gecko"
213.86.241.133 - - [30/Nov/2017:12:19:36 +0100] "POST /entry.php?id=11671 HTTP/1.1" 200 4889 "http://easydrivers.activities.at/entry.php?id=11671" "Mozilla/5.0 (Windows NT 10.0; WOW64; Trident/7.0; rv:11.0) like Gecko"
213.86.241.133 - - [30/Nov/2017:12:19:37 +0100] "GET /gui/javascript/form_form.js?1512040777 HTTP/1.1" 200 16206 "http://easydrivers.activities.at/entry.php?id=11671" "Mozilla/5.0 (Windows NT 10.0; WOW64; Trident/7.0; rv:11.0) like Gecko"
213.86.241.133 - - [30/Nov/2017:12:19:37 +0100] "GET /entry.php?id=10778&form=11496&name=list& HTTP/1.1" 200 4239 "http://easydrivers.activities.at/entry.php?id=11671" "Mozilla/5.0 (Windows NT 10.0; WOW64; Trident/7.0; rv:11.0) like Gecko"
213.86.241.133 - - [30/Nov/2017:12:19:37 +0100] "GET /entry.php?id=10776&form=11496&name=list& HTTP/1.1" 200 1519 "http://easydrivers.activities.at/entry.php?id=11671" "Mozilla/5.0 (Windows NT 10.0; WOW64; Trident/7.0; rv:11.0) like Gecko"
213.86.241.133 - - [30/Nov/2017:12:19:39 +0100] "POST /entry.php?id=11671 HTTP/1.1" 200 4841 "http://easydrivers.activities.at/entry.php?id=11671" "Mozilla/5.0 (Windows NT 10.0; WOW64; Trident/7.0; rv:11.0) like Gecko"
213.86.241.133 - - [30/Nov/2017:12:19:40 +0100] "GET /gui/javascript/form_form.js?1512040780 HTTP/1.1" 200 16206 "http://easydrivers.activities.at/entry.php?id=11671" "Mozilla/5.0 (Windows NT 10.0; WOW64; Trident/7.0; rv:11.0) like Gecko"
213.86.241.133 - - [30/Nov/2017:12:19:40 +0100] "GET /entry.php?id=10776&form=11496&name=list& HTTP/1.1" 200 1519 "http://easydrivers.activities.at/entry.php?id=11671" "Mozilla/5.0 (Windows NT 10.0; WOW64; Trident/7.0; rv:11.0) like Gecko"
213.86.241.133 - - [30/Nov/2017:12:19:40 +0100] "GET /entry.php?id=10778&form=11496&name=list& HTTP/1.1" 200 4239 "http://easydrivers.activities.at/entry.php?id=11671" "Mozilla/5.0 (Windows NT 10.0; WOW64; Trident/7.0; rv:11.0) like Gecko"
213.86.241.133 - - [30/Nov/2017:12:19:48 +0100] "POST /entry.php?id=11671 HTTP/1.1" 200 4554 "http://easydrivers.activities.at/entry.php?id=11671" "Mozilla/5.0 (Windows NT 10.0; WOW64; Trident/7.0; rv:11.0) like Gecko"
213.86.241.133 - - [30/Nov/2017:12:19:48 +0100] "GET /gui/javascript/form_form.js?1512040788 HTTP/1.1" 200 16206 "http://easydrivers.activities.at/entry.php?id=11671" "Mozilla/5.0 (Windows NT 10.0; WOW64; Trident/7.0; rv:11.0) like Gecko"
213.86.241.133 - - [30/Nov/2017:12:19:48 +0100] "GET /entry.php?id=10776&form=11496&name=list& HTTP/1.1" 200 1519 "http://easydrivers.activities.at/entry.php?id=11671" "Mozilla/5.0 (Windows NT 10.0; WOW64; Trident/7.0; rv:11.0) like Gecko"
213.86.241.133 - - [30/Nov/2017:12:19:48 +0100] "GET /entry.php?id=10778&form=11496&name=list& HTTP/1.1" 200 4108 "http://easydrivers.activities.at/entry.php?id=11671" "Mozilla/5.0 (Windows NT 10.0; WOW64; Trident/7.0; rv:11.0) like Gecko"
81.10.228.170 - - [30/Nov/2017:12:20:19 +0100] "GET /entry.php?id=10271&&ser=40758 HTTP/1.1" 200 986 "http://easydrivers.activities.at/entry.php?id=10271&&ser=40698" "Mozilla/5.0 (Windows NT 10.0; Trident/7.0; rv:11.0) like Gecko"
81.10.228.170 - - [30/Nov/2017:12:20:19 +0100] "GET /gui/javascript/form_form.js?1512040819 HTTP/1.1" 200 16206 "http://easydrivers.activities.at/entry.php?id=10271&&ser=40758" "Mozilla/5.0 (Windows NT 10.0; Trident/7.0; rv:11.0) like Gecko"
213.86.241.133 - - [30/Nov/2017:12:20:34 +0100] "POST /entry.php?id=11671 HTTP/1.1" 200 4659 "http://easydrivers.activities.at/entry.php?id=11671" "Mozilla/5.0 (Windows NT 10.0; WOW64; Trident/7.0; rv:11.0) like Gecko"
213.86.241.133 - - [30/Nov/2017:12:20:35 +0100] "GET /gui/javascript/form_form.js?1512040835 HTTP/1.1" 200 16206 "http://easydrivers.activities.at/entry.php?id=11671" "Mozilla/5.0 (Windows NT 10.0; WOW64; Trident/7.0; rv:11.0) like Gecko"
213.86.241.133 - - [30/Nov/2017:12:20:35 +0100] "GET /entry.php?id=10776&form=11496&name=list& HTTP/1.1" 200 1519 "http://easydrivers.activities.at/entry.php?id=11671" "Mozilla/5.0 (Windows NT 10.0; WOW64; Trident/7.0; rv:11.0) like Gecko"
213.86.241.133 - - [30/Nov/2017:12:20:35 +0100] "GET /entry.php?id=10778&form=11496&name=list& HTTP/1.1" 200 4108 "http://easydrivers.activities.at/entry.php?id=11671" "Mozilla/5.0 (Windows NT 10.0; WOW64; Trident/7.0; rv:11.0) like Gecko"
213.86.241.133 - - [30/Nov/2017:12:21:05 +0100] "POST /entry.php?id=11671 HTTP/1.1" 200 4889 "http://easydrivers.activities.at/entry.php?id=11671" "Mozilla/5.0 (Windows NT 10.0; WOW64; Trident/7.0; rv:11.0) like Gecko"
213.86.241.133 - - [30/Nov/2017:12:21:05 +0100] "GET /gui/javascript/form_form.js?1512040865 HTTP/1.1" 200 16206 "http://easydrivers.activities.at/entry.php?id=11671" "Mozilla/5.0 (Windows NT 10.0; WOW64; Trident/7.0; rv:11.0) like Gecko"
213.86.241.133 - - [30/Nov/2017:12:21:06 +0100] "GET /entry.php?id=10778&form=11496&name=list& HTTP/1.1" 200 4108 "http://easydrivers.activities.at/entry.php?id=11671" "Mozilla/5.0 (Windows NT 10.0; WOW64; Trident/7.0; rv:11.0) like Gecko"
213.86.241.133 - - [30/Nov/2017:12:21:06 +0100] "GET /entry.php?id=10776&form=11496&name=list& HTTP/1.1" 200 1519 "http://easydrivers.activities.at/entry.php?id=11671" "Mozilla/5.0 (Windows NT 10.0; WOW64; Trident/7.0; rv:11.0) like Gecko"
213.86.241.133 - - [30/Nov/2017:12:21:07 +0100] "POST /entry.php?id=11671 HTTP/1.1" 200 4837 "http://easydrivers.activities.at/entry.php?id=11671" "Mozilla/5.0 (Windows NT 10.0; WOW64; Trident/7.0; rv:11.0) like Gecko"
213.86.241.133 - - [30/Nov/2017:12:21:09 +0100] "GET /gui/javascript/form_form.js?1512040869 HTTP/1.1" 200 16206 "http://easydrivers.activities.at/entry.php?id=11671" "Mozilla/5.0 (Windows NT 10.0; WOW64; Trident/7.0; rv:11.0) like Gecko"
213.86.241.133 - - [30/Nov/2017:12:21:09 +0100] "GET /entry.php?id=10778&form=11496&name=list& HTTP/1.1" 200 4108 "http://easydrivers.activities.at/entry.php?id=11671" "Mozilla/5.0 (Windows NT 10.0; WOW64; Trident/7.0; rv:11.0) like Gecko"
213.86.241.133 - - [30/Nov/2017:12:21:09 +0100] "GET /entry.php?id=10776&form=11496&name=list& HTTP/1.1" 200 1519 "http://easydrivers.activities.at/entry.php?id=11671" "Mozilla/5.0 (Windows NT 10.0; WOW64; Trident/7.0; rv:11.0) like Gecko"
213.86.241.133 - - [30/Nov/2017:12:21:10 +0100] "POST /entry.php?id=11671 HTTP/1.1" 200 4681 "http://easydrivers.activities.at/entry.php?id=11671" "Mozilla/5.0 (Windows NT 10.0; WOW64; Trident/7.0; rv:11.0) like Gecko"
213.86.241.133 - - [30/Nov/2017:12:21:11 +0100] "GET /gui/javascript/form_form.js?1512040871 HTTP/1.1" 200 16206 "http://easydrivers.activities.at/entry.php?id=11671" "Mozilla/5.0 (Windows NT 10.0; WOW64; Trident/7.0; rv:11.0) like Gecko"
213.86.241.133 - - [30/Nov/2017:12:21:11 +0100] "GET /entry.php?id=10776&form=11496&name=list& HTTP/1.1" 200 1519 "http://easydrivers.activities.at/entry.php?id=11671" "Mozilla/5.0 (Windows NT 10.0; WOW64; Trident/7.0; rv:11.0) like Gecko"
213.86.241.133 - - [30/Nov/2017:12:21:11 +0100] "GET /entry.php?id=10778&form=11496&name=list& HTTP/1.1" 200 4239 "http://easydrivers.activities.at/entry.php?id=11671" "Mozilla/5.0 (Windows NT 10.0; WOW64; Trident/7.0; rv:11.0) like Gecko"
81.10.228.170 - - [30/Nov/2017:12:21:20 +0100] "GET /entry.php?id=10271&&ser=40819 HTTP/1.1" 200 987 "http://easydrivers.activities.at/entry.php?id=10271&&ser=40758" "Mozilla/5.0 (Windows NT 10.0; Trident/7.0; rv:11.0) like Gecko"
81.10.228.170 - - [30/Nov/2017:12:21:20 +0100] "GET /gui/javascript/form_form.js?1512040880 HTTP/1.1" 200 16206 "http://easydrivers.activities.at/entry.php?id=10271&&ser=40819" "Mozilla/5.0 (Windows NT 10.0; Trident/7.0; rv:11.0) like Gecko"
213.86.241.133 - - [30/Nov/2017:12:21:23 +0100] "POST /entry.php?id=11671 HTTP/1.1" 200 4869 "http://easydrivers.activities.at/entry.php?id=11671" "Mozilla/5.0 (Windows NT 10.0; WOW64; Trident/7.0; rv:11.0) like Gecko"
213.86.241.133 - - [30/Nov/2017:12:21:24 +0100] "GET /gui/javascript/form_form.js?1512040884 HTTP/1.1" 200 16206 "http://easydrivers.activities.at/entry.php?id=11671" "Mozilla/5.0 (Windows NT 10.0; WOW64; Trident/7.0; rv:11.0) like Gecko"
213.86.241.133 - - [30/Nov/2017:12:21:24 +0100] "GET /entry.php?id=10778&form=11496&name=list& HTTP/1.1" 200 4239 "http://easydrivers.activities.at/entry.php?id=11671" "Mozilla/5.0 (Windows NT 10.0; WOW64; Trident/7.0; rv:11.0) like Gecko"
213.86.241.133 - - [30/Nov/2017:12:21:24 +0100] "GET /entry.php?id=10776&form=11496&name=list& HTTP/1.1" 200 1519 "http://easydrivers.activities.at/entry.php?id=11671" "Mozilla/5.0 (Windows NT 10.0; WOW64; Trident/7.0; rv:11.0) like Gecko"
213.86.241.133 - - [30/Nov/2017:12:21:26 +0100] "POST /entry.php?id=11671 HTTP/1.1" 200 4853 "http://easydrivers.activities.at/entry.php?id=11671" "Mozilla/5.0 (Windows NT 10.0; WOW64; Trident/7.0; rv:11.0) like Gecko"
213.86.241.133 - - [30/Nov/2017:12:21:26 +0100] "GET /gui/javascript/form_form.js?1512040886 HTTP/1.1" 200 16206 "http://easydrivers.activities.at/entry.php?id=11671" "Mozilla/5.0 (Windows NT 10.0; WOW64; Trident/7.0; rv:11.0) like Gecko"
213.86.241.133 - - [30/Nov/2017:12:21:27 +0100] "GET /entry.php?id=10776&form=11496&name=list& HTTP/1.1" 200 1519 "http://easydrivers.activities.at/entry.php?id=11671" "Mozilla/5.0 (Windows NT 10.0; WOW64; Trident/7.0; rv:11.0) like Gecko"
213.86.241.133 - - [30/Nov/2017:12:21:27 +0100] "GET /entry.php?id=10778&form=11496&name=list& HTTP/1.1" 200 4239 "http://easydrivers.activities.at/entry.php?id=11671" "Mozilla/5.0 (Windows NT 10.0; WOW64; Trident/7.0; rv:11.0) like Gecko"
213.86.241.133 - - [30/Nov/2017:12:21:32 +0100] "POST /entry.php?id=11671 HTTP/1.1" 200 4689 "http://easydrivers.activities.at/entry.php?id=11671" "Mozilla/5.0 (Windows NT 10.0; WOW64; Trident/7.0; rv:11.0) like Gecko"
213.86.241.133 - - [30/Nov/2017:12:21:33 +0100] "GET /gui/javascript/form_form.js?1512040893 HTTP/1.1" 200 16206 "http://easydrivers.activities.at/entry.php?id=11671" "Mozilla/5.0 (Windows NT 10.0; WOW64; Trident/7.0; rv:11.0) like Gecko"
213.86.241.133 - - [30/Nov/2017:12:21:33 +0100] "GET /entry.php?id=10776&form=11496&name=list& HTTP/1.1" 200 1519 "http://easydrivers.activities.at/entry.php?id=11671" "Mozilla/5.0 (Windows NT 10.0; WOW64; Trident/7.0; rv:11.0) like Gecko"
213.86.241.133 - - [30/Nov/2017:12:21:33 +0100] "GET /entry.php?id=10778&form=11496&name=list& HTTP/1.1" 200 4239 "http://easydrivers.activities.at/entry.php?id=11671" "Mozilla/5.0 (Windows NT 10.0; WOW64; Trident/7.0; rv:11.0) like Gecko"
213.86.241.133 - - [30/Nov/2017:12:21:50 +0100] "POST /entry.php?id=11671 HTTP/1.1" 200 4692 "http://easydrivers.activities.at/entry.php?id=11671" "Mozilla/5.0 (Windows NT 10.0; WOW64; Trident/7.0; rv:11.0) like Gecko"
213.86.241.133 - - [30/Nov/2017:12:21:51 +0100] "GET /gui/javascript/form_form.js?1512040911 HTTP/1.1" 200 16206 "http://easydrivers.activities.at/entry.php?id=11671" "Mozilla/5.0 (Windows NT 10.0; WOW64; Trident/7.0; rv:11.0) like Gecko"
213.86.241.133 - - [30/Nov/2017:12:21:51 +0100] "GET /entry.php?id=10776&form=11496&name=list& HTTP/1.1" 200 1519 "http://easydrivers.activities.at/entry.php?id=11671" "Mozilla/5.0 (Windows NT 10.0; WOW64; Trident/7.0; rv:11.0) like Gecko"
213.86.241.133 - - [30/Nov/2017:12:21:51 +0100] "GET /entry.php?id=10778&form=11496&name=list& HTTP/1.1" 200 4239 "http://easydrivers.activities.at/entry.php?id=11671" "Mozilla/5.0 (Windows NT 10.0; WOW64; Trident/7.0; rv:11.0) like Gecko"
213.86.241.133 - - [30/Nov/2017:12:21:57 +0100] "POST /entry.php?id=11671 HTTP/1.1" 200 4858 "http://easydrivers.activities.at/entry.php?id=11671" "Mozilla/5.0 (Windows NT 10.0; WOW64; Trident/7.0; rv:11.0) like Gecko"
213.86.241.133 - - [30/Nov/2017:12:21:57 +0100] "GET /gui/javascript/form_form.js?1512040917 HTTP/1.1" 200 16206 "http://easydrivers.activities.at/entry.php?id=11671" "Mozilla/5.0 (Windows NT 10.0; WOW64; Trident/7.0; rv:11.0) like Gecko"
213.86.241.133 - - [30/Nov/2017:12:21:57 +0100] "GET /entry.php?id=10776&form=11496&name=list& HTTP/1.1" 200 1519 "http://easydrivers.activities.at/entry.php?id=11671" "Mozilla/5.0 (Windows NT 10.0; WOW64; Trident/7.0; rv:11.0) like Gecko"
213.86.241.133 - - [30/Nov/2017:12:21:57 +0100] "GET /entry.php?id=10778&form=11496&name=list& HTTP/1.1" 200 4239 "http://easydrivers.activities.at/entry.php?id=11671" "Mozilla/5.0 (Windows NT 10.0; WOW64; Trident/7.0; rv:11.0) like Gecko"
213.86.241.133 - - [30/Nov/2017:12:21:59 +0100] "POST /entry.php?id=11671 HTTP/1.1" 200 4842 "http://easydrivers.activities.at/entry.php?id=11671" "Mozilla/5.0 (Windows NT 10.0; WOW64; Trident/7.0; rv:11.0) like Gecko"
213.86.241.133 - - [30/Nov/2017:12:22:00 +0100] "GET /gui/javascript/form_form.js?1512040920 HTTP/1.1" 200 16206 "http://easydrivers.activities.at/entry.php?id=11671" "Mozilla/5.0 (Windows NT 10.0; WOW64; Trident/7.0; rv:11.0) like Gecko"
213.86.241.133 - - [30/Nov/2017:12:22:00 +0100] "GET /entry.php?id=10776&form=11496&name=list& HTTP/1.1" 200 1519 "http://easydrivers.activities.at/entry.php?id=11671" "Mozilla/5.0 (Windows NT 10.0; WOW64; Trident/7.0; rv:11.0) like Gecko"
213.86.241.133 - - [30/Nov/2017:12:22:00 +0100] "GET /entry.php?id=10778&form=11496&name=list& HTTP/1.1" 200 4239 "http://easydrivers.activities.at/entry.php?id=11671" "Mozilla/5.0 (Windows NT 10.0; WOW64; Trident/7.0; rv:11.0) like Gecko"
213.86.241.133 - - [30/Nov/2017:12:22:01 +0100] "POST /entry.php?id=11671 HTTP/1.1" 200 4688 "http://easydrivers.activities.at/entry.php?id=11671" "Mozilla/5.0 (Windows NT 10.0; WOW64; Trident/7.0; rv:11.0) like Gecko"
213.86.241.133 - - [30/Nov/2017:12:22:02 +0100] "GET /gui/javascript/form_form.js?1512040922 HTTP/1.1" 200 16206 "http://easydrivers.activities.at/entry.php?id=11671" "Mozilla/5.0 (Windows NT 10.0; WOW64; Trident/7.0; rv:11.0) like Gecko"
213.86.241.133 - - [30/Nov/2017:12:22:02 +0100] "GET /entry.php?id=10776&form=11496&name=list& HTTP/1.1" 200 1519 "http://easydrivers.activities.at/entry.php?id=11671" "Mozilla/5.0 (Windows NT 10.0; WOW64; Trident/7.0; rv:11.0) like Gecko"
213.86.241.133 - - [30/Nov/2017:12:22:02 +0100] "GET /entry.php?id=10778&form=11496&name=list& HTTP/1.1" 200 4108 "http://easydrivers.activities.at/entry.php?id=11671" "Mozilla/5.0 (Windows NT 10.0; WOW64; Trident/7.0; rv:11.0) like Gecko"
213.86.241.133 - - [30/Nov/2017:12:22:16 +0100] "POST /entry.php?id=11671 HTTP/1.1" 200 4848 "http://easydrivers.activities.at/entry.php?id=11671" "Mozilla/5.0 (Windows NT 10.0; WOW64; Trident/7.0; rv:11.0) like Gecko"
213.86.241.133 - - [30/Nov/2017:12:22:16 +0100] "GET /gui/javascript/form_form.js?1512040936 HTTP/1.1" 200 16206 "http://easydrivers.activities.at/entry.php?id=11671" "Mozilla/5.0 (Windows NT 10.0; WOW64; Trident/7.0; rv:11.0) like Gecko"
213.86.241.133 - - [30/Nov/2017:12:22:17 +0100] "GET /entry.php?id=10778&form=11496&name=list& HTTP/1.1" 200 4108 "http://easydrivers.activities.at/entry.php?id=11671" "Mozilla/5.0 (Windows NT 10.0; WOW64; Trident/7.0; rv:11.0) like Gecko"
