40.77.167.67 - - [30/Nov/2017:07:53:34 +0100] "GET / HTTP/1.1" 200 382 "-" "Mozilla/5.0 (iPhone; CPU iPhone OS 7_0 like Mac OS X) AppleWebKit/537.51.1 (KHTML, like Gecko) Version/7.0 Mobile/11A465 Safari/9537.53 (compatible; bingbot/2.0; +http://www.bing.com/bingbot.htm)"
40.77.167.11 - - [30/Nov/2017:07:53:53 +0100] "GET /robots.txt HTTP/1.1" 404 291 "-" "Mozilla/5.0 (compatible; bingbot/2.0; +http://www.bing.com/bingbot.htm)"
66.249.93.54 - - [30/Nov/2017:08:15:57 +0100] "GET / HTTP/1.1" 200 382 "-" "Mozilla/5.0 (X11; Linux x86_64) AppleWebKit/537.36 (KHTML, like Gecko) Chrome/49.0.2623.75 Safari/537.36 Google Favicon"
66.249.93.52 - - [30/Nov/2017:08:15:58 +0100] "GET /activities.ico HTTP/1.1" 200 1406 "-" "Mozilla/5.0 (X11; Linux x86_64) AppleWebKit/537.36 (KHTML, like Gecko) Chrome/49.0.2623.75 Safari/537.36 Google Favicon"
213.86.241.133 - - [30/Nov/2017:10:03:19 +0100] "GET / HTTP/1.1" 200 382 "-" "Mozilla/5.0 (Windows NT 10.0; WOW64; Trident/7.0; rv:11.0) like Gecko"
213.86.241.133 - - [30/Nov/2017:10:03:20 +0100] "GET /layout.php HTTP/1.1" 200 914 "-" "Mozilla/5.0 (Windows NT 10.0; WOW64; Trident/7.0; rv:11.0) like Gecko"
213.86.241.133 - - [30/Nov/2017:10:03:20 +0100] "GET /entry.php?id=10270 HTTP/1.1" 200 908 "http://easydrivers.activities.at/layout.php" "Mozilla/5.0 (Windows NT 10.0; WOW64; Trident/7.0; rv:11.0) like Gecko"
213.86.241.133 - - [30/Nov/2017:10:03:20 +0100] "GET /entry.php?id=10272 HTTP/1.1" 200 1188 "http://easydrivers.activities.at/layout.php" "Mozilla/5.0 (Windows NT 10.0; WOW64; Trident/7.0; rv:11.0) like Gecko"
213.86.241.133 - - [30/Nov/2017:10:03:20 +0100] "GET /entry.php?id=10273 HTTP/1.1" 200 1934 "http://easydrivers.activities.at/layout.php" "Mozilla/5.0 (Windows NT 10.0; WOW64; Trident/7.0; rv:11.0) like Gecko"
213.86.241.133 - - [30/Nov/2017:10:03:20 +0100] "GET /entry.php?id=11412 HTTP/1.1" 200 1758 "http://easydrivers.activities.at/layout.php" "Mozilla/5.0 (Windows NT 10.0; WOW64; Trident/7.0; rv:11.0) like Gecko"
213.86.241.133 - - [30/Nov/2017:10:03:20 +0100] "GET /gui/javascript/form_form.js?1512032600 HTTP/1.1" 200 16206 "http://easydrivers.activities.at/entry.php?id=10270" "Mozilla/5.0 (Windows NT 10.0; WOW64; Trident/7.0; rv:11.0) like Gecko"
213.86.241.133 - - [30/Nov/2017:10:03:22 +0100] "GET /entry.php?id=10287 HTTP/1.1" 200 2397 "http://easydrivers.activities.at/entry.php?id=11412" "Mozilla/5.0 (Windows NT 10.0; WOW64; Trident/7.0; rv:11.0) like Gecko"
213.86.241.133 - - [30/Nov/2017:10:03:22 +0100] "GET /entry.php?id=10271&UIN=1a2f017cdad46249ecc3c8dd66c6b7db HTTP/1.1" 200 934 "http://easydrivers.activities.at/entry.php?id=10272" "Mozilla/5.0 (Windows NT 10.0; WOW64; Trident/7.0; rv:11.0) like Gecko"
213.86.241.133 - - [30/Nov/2017:10:03:22 +0100] "GET /gui/javascript/form_form.js?1512032602 HTTP/1.1" 200 16206 "http://easydrivers.activities.at/entry.php?id=10287" "Mozilla/5.0 (Windows NT 10.0; WOW64; Trident/7.0; rv:11.0) like Gecko"
213.86.241.133 - - [30/Nov/2017:10:03:22 +0100] "GET /entry.php?id=10270& HTTP/1.1" 200 908 "http://easydrivers.activities.at/layout.php" "Mozilla/5.0 (Windows NT 10.0; WOW64; Trident/7.0; rv:11.0) like Gecko"
213.86.241.133 - - [30/Nov/2017:10:03:22 +0100] "GET /entry.php?id=10273& HTTP/1.1" 200 1901 "http://easydrivers.activities.at/layout.php" "Mozilla/5.0 (Windows NT 10.0; WOW64; Trident/7.0; rv:11.0) like Gecko"
213.86.241.133 - - [30/Nov/2017:10:03:49 +0100] "POST /entry.php?id=10287& HTTP/1.1" 200 1991 "http://easydrivers.activities.at/entry.php?id=10287" "Mozilla/5.0 (Windows NT 10.0; WOW64; Trident/7.0; rv:11.0) like Gecko"
213.86.241.133 - - [30/Nov/2017:10:03:49 +0100] "GET /gui/javascript/form_form.js?1512032629 HTTP/1.1" 200 16206 "http://easydrivers.activities.at/entry.php?id=10287&" "Mozilla/5.0 (Windows NT 10.0; WOW64; Trident/7.0; rv:11.0) like Gecko"
213.86.241.133 - - [30/Nov/2017:10:03:49 +0100] "GET /entry.php?id=10271&UIN=1a2f017cdad46249ecc3c8dd66c6b7db HTTP/1.1" 200 987 "http://easydrivers.activities.at/entry.php?id=10272" "Mozilla/5.0 (Windows NT 10.0; WOW64; Trident/7.0; rv:11.0) like Gecko"
213.86.241.133 - - [30/Nov/2017:10:03:50 +0100] "GET /gui/javascript/jquery/css/gui-themes/custom.min.css HTTP/1.1" 304 - "http://easydrivers.activities.at/entry.php?id=10271&UIN=1a2f017cdad46249ecc3c8dd66c6b7db" "Mozilla/5.0 (Windows NT 10.0; WOW64; Trident/7.0; rv:11.0) like Gecko"
213.86.241.133 - - [30/Nov/2017:10:03:50 +0100] "GET /gui/javascript/jquery/css/gui-themes/ui.spinner.css HTTP/1.1" 304 - "http://easydrivers.activities.at/entry.php?id=10271&UIN=1a2f017cdad46249ecc3c8dd66c6b7db" "Mozilla/5.0 (Windows NT 10.0; WOW64; Trident/7.0; rv:11.0) like Gecko"
213.86.241.133 - - [30/Nov/2017:10:03:50 +0100] "GET /gui/javascript/jquery/css/gui-themes/jquery.tooltip.css HTTP/1.1" 304 - "http://easydrivers.activities.at/entry.php?id=10271&UIN=1a2f017cdad46249ecc3c8dd66c6b7db" "Mozilla/5.0 (Windows NT 10.0; WOW64; Trident/7.0; rv:11.0) like Gecko"
213.86.241.133 - - [30/Nov/2017:10:03:50 +0100] "GET /gui/styles/tmplDefault.css HTTP/1.1" 304 - "http://easydrivers.activities.at/entry.php?id=10271&UIN=1a2f017cdad46249ecc3c8dd66c6b7db" "Mozilla/5.0 (Windows NT 10.0; WOW64; Trident/7.0; rv:11.0) like Gecko"
213.86.241.133 - - [30/Nov/2017:10:03:49 +0100] "GET /entry.php?id=10273& HTTP/1.1" 200 2013 "http://easydrivers.activities.at/layout.php" "Mozilla/5.0 (Windows NT 10.0; WOW64; Trident/7.0; rv:11.0) like Gecko"
213.86.241.133 - - [30/Nov/2017:10:03:50 +0100] "GET /gui/javascript/form_form.js?1512032630 HTTP/1.1" 200 16206 "http://easydrivers.activities.at/entry.php?id=10271&UIN=1a2f017cdad46249ecc3c8dd66c6b7db" "Mozilla/5.0 (Windows NT 10.0; WOW64; Trident/7.0; rv:11.0) like Gecko"
213.86.241.133 - - [30/Nov/2017:10:03:50 +0100] "GET /gui/javascript/form_form.js?1512032630 HTTP/1.1" 200 16206 "http://easydrivers.activities.at/entry.php?id=10273&" "Mozilla/5.0 (Windows NT 10.0; WOW64; Trident/7.0; rv:11.0) like Gecko"
213.86.241.133 - - [30/Nov/2017:10:03:50 +0100] "GET /gui/javascript/jquery/js/jquery-1.8.2.js HTTP/1.1" 304 - "http://easydrivers.activities.at/entry.php?id=10271&UIN=1a2f017cdad46249ecc3c8dd66c6b7db" "Mozilla/5.0 (Windows NT 10.0; WOW64; Trident/7.0; rv:11.0) like Gecko"
213.86.241.133 - - [30/Nov/2017:10:03:50 +0100] "GET /gui/javascript/jquery/js/jquery-ui-1.9.0.custom.min.js HTTP/1.1" 304 - "http://easydrivers.activities.at/entry.php?id=10271&UIN=1a2f017cdad46249ecc3c8dd66c6b7db" "Mozilla/5.0 (Windows NT 10.0; WOW64; Trident/7.0; rv:11.0) like Gecko"
213.86.241.133 - - [30/Nov/2017:10:03:50 +0100] "GET /framework/webfx/style/toolbar/images/cbback.gif HTTP/1.1" 404 318 "http://easydrivers.activities.at/entry.php?id=10273&" "Mozilla/5.0 (Windows NT 10.0; WOW64; Trident/7.0; rv:11.0) like Gecko"
213.86.241.133 - - [30/Nov/2017:10:03:50 +0100] "GET /gui/javascript/jquery/jquery-tooltip/jquery.tooltip.min.js HTTP/1.1" 304 - "http://easydrivers.activities.at/entry.php?id=10271&UIN=1a2f017cdad46249ecc3c8dd66c6b7db" "Mozilla/5.0 (Windows NT 10.0; WOW64; Trident/7.0; rv:11.0) like Gecko"
213.86.241.133 - - [30/Nov/2017:10:03:50 +0100] "GET /entry.php?id=10270&__app__=10006038 HTTP/1.1" 200 1649 "http://easydrivers.activities.at/layout.php" "Mozilla/5.0 (Windows NT 10.0; WOW64; Trident/7.0; rv:11.0) like Gecko"
213.86.241.133 - - [30/Nov/2017:10:03:51 +0100] "GET /undefined HTTP/1.1" 404 288 "http://easydrivers.activities.at/entry.php?id=10270&__app__=10006038" "Mozilla/5.0 (Windows NT 10.0; WOW64; Trident/7.0; rv:11.0) like Gecko"
178.165.129.64 - - [30/Nov/2017:10:04:22 +0100] "GET / HTTP/1.1" 200 382 "-" "Mozilla/5.0 (Windows NT 6.1; WOW64; Trident/7.0; rv:11.0) like Gecko"
178.165.129.64 - - [30/Nov/2017:10:04:23 +0100] "GET /layout.php HTTP/1.1" 200 909 "-" "Mozilla/5.0 (Windows NT 6.1; WOW64; Trident/7.0; rv:11.0) like Gecko"
178.165.129.64 - - [30/Nov/2017:10:04:23 +0100] "GET /activities.ico HTTP/1.1" 200 1406 "-" "Mozilla/5.0 (Windows NT 6.1; Win64; x64; Trident/7.0; rv:11.0) like Gecko"
178.165.129.64 - - [30/Nov/2017:10:04:23 +0100] "GET /gui/javascript/form_form.js HTTP/1.1" 200 16206 "http://ed.activities.at/layout.php" "Mozilla/5.0 (Windows NT 6.1; WOW64; Trident/7.0; rv:11.0) like Gecko"
178.165.129.64 - - [30/Nov/2017:10:04:23 +0100] "GET /entry.php?id=10272 HTTP/1.1" 200 1190 "http://ed.activities.at/layout.php" "Mozilla/5.0 (Windows NT 6.1; WOW64; Trident/7.0; rv:11.0) like Gecko"
178.165.129.64 - - [30/Nov/2017:10:04:23 +0100] "GET /entry.php?id=10270 HTTP/1.1" 200 909 "http://ed.activities.at/layout.php" "Mozilla/5.0 (Windows NT 6.1; WOW64; Trident/7.0; rv:11.0) like Gecko"
178.165.129.64 - - [30/Nov/2017:10:04:23 +0100] "GET /entry.php?id=10273 HTTP/1.1" 200 1933 "http://ed.activities.at/layout.php" "Mozilla/5.0 (Windows NT 6.1; WOW64; Trident/7.0; rv:11.0) like Gecko"
178.165.129.64 - - [30/Nov/2017:10:04:23 +0100] "GET /gui/javascript/jquery/css/gui-themes/ui.spinner.css HTTP/1.1" 200 350 "http://ed.activities.at/entry.php?id=10272" "Mozilla/5.0 (Windows NT 6.1; WOW64; Trident/7.0; rv:11.0) like Gecko"
178.165.129.64 - - [30/Nov/2017:10:04:23 +0100] "GET /gui/javascript/jquery/css/gui-themes/jquery.tooltip.css HTTP/1.1" 200 246 "http://ed.activities.at/entry.php?id=10272" "Mozilla/5.0 (Windows NT 6.1; WOW64; Trident/7.0; rv:11.0) like Gecko"
178.165.129.64 - - [30/Nov/2017:10:04:23 +0100] "GET /gui/styles/tmplDefault.css HTTP/1.1" 200 2135 "http://ed.activities.at/entry.php?id=10272" "Mozilla/5.0 (Windows NT 6.1; WOW64; Trident/7.0; rv:11.0) like Gecko"
178.165.129.64 - - [30/Nov/2017:10:04:23 +0100] "GET /entry.php?id=11412 HTTP/1.1" 200 1759 "http://ed.activities.at/layout.php" "Mozilla/5.0 (Windows NT 6.1; WOW64; Trident/7.0; rv:11.0) like Gecko"
178.165.129.64 - - [30/Nov/2017:10:04:23 +0100] "GET /gui/javascript/jquery/css/gui-themes/custom.min.css HTTP/1.1" 200 5618 "http://ed.activities.at/entry.php?id=10272" "Mozilla/5.0 (Windows NT 6.1; WOW64; Trident/7.0; rv:11.0) like Gecko"
178.165.129.64 - - [30/Nov/2017:10:04:23 +0100] "GET /gui/javascript/form_form.js?1512032663 HTTP/1.1" 200 16206 "http://ed.activities.at/entry.php?id=10272" "Mozilla/5.0 (Windows NT 6.1; WOW64; Trident/7.0; rv:11.0) like Gecko"
178.165.129.64 - - [30/Nov/2017:10:04:23 +0100] "GET /gui/javascript/jquery/jquery-tooltip/jquery.tooltip.min.js HTTP/1.1" 200 1982 "http://ed.activities.at/entry.php?id=10272" "Mozilla/5.0 (Windows NT 6.1; WOW64; Trident/7.0; rv:11.0) like Gecko"
178.165.129.64 - - [30/Nov/2017:10:04:23 +0100] "GET /framework/webfx/style/toolbar/cb2.css HTTP/1.1" 200 793 "http://ed.activities.at/entry.php?id=10273" "Mozilla/5.0 (Windows NT 6.1; WOW64; Trident/7.0; rv:11.0) like Gecko"
178.165.129.64 - - [30/Nov/2017:10:04:23 +0100] "GET /gui/javascript/jquery/js/jquery-1.8.2.js HTTP/1.1" 200 35391 "http://ed.activities.at/entry.php?id=10272" "Mozilla/5.0 (Windows NT 6.1; WOW64; Trident/7.0; rv:11.0) like Gecko"
178.165.129.64 - - [30/Nov/2017:10:04:24 +0100] "GET /framework/webfx/javascript/statusbar/statusBar.js HTTP/1.1" 200 649 "http://ed.activities.at/entry.php?id=10272" "Mozilla/5.0 (Windows NT 6.1; WOW64; Trident/7.0; rv:11.0) like Gecko"
178.165.129.64 - - [30/Nov/2017:10:04:24 +0100] "GET /framework/webfx/javascript/toolbar/ieemu.js HTTP/1.1" 200 2366 "http://ed.activities.at/entry.php?id=10273" "Mozilla/5.0 (Windows NT 6.1; WOW64; Trident/7.0; rv:11.0) like Gecko"
178.165.129.64 - - [30/Nov/2017:10:04:24 +0100] "GET /framework/webfx/javascript/toolbar/cb2.js HTTP/1.1" 200 1686 "http://ed.activities.at/entry.php?id=10273" "Mozilla/5.0 (Windows NT 6.1; WOW64; Trident/7.0; rv:11.0) like Gecko"
178.165.129.64 - - [30/Nov/2017:10:04:24 +0100] "GET /gui/images/icons/Logo_activites_RGB.gif HTTP/1.1" 200 1336 "http://ed.activities.at/entry.php?id=10273" "Mozilla/5.0 (Windows NT 6.1; WOW64; Trident/7.0; rv:11.0) like Gecko"
178.165.129.64 - - [30/Nov/2017:10:04:24 +0100] "GET /gui/images/icons/cancel.gif HTTP/1.1" 200 125 "http://ed.activities.at/entry.php?id=11412" "Mozilla/5.0 (Windows NT 6.1; WOW64; Trident/7.0; rv:11.0) like Gecko"
178.165.129.64 - - [30/Nov/2017:10:04:23 +0100] "GET /gui/javascript/jquery/js/jquery-ui-1.9.0.custom.min.js HTTP/1.1" 200 51286 "http://ed.activities.at/entry.php?id=10272" "Mozilla/5.0 (Windows NT 6.1; WOW64; Trident/7.0; rv:11.0) like Gecko"
178.165.129.64 - - [30/Nov/2017:10:04:24 +0100] "GET /gui/images/emptybar.gif HTTP/1.1" 200 89 "http://ed.activities.at/entry.php?id=10272" "Mozilla/5.0 (Windows NT 6.1; WOW64; Trident/7.0; rv:11.0) like Gecko"
178.165.129.64 - - [30/Nov/2017:10:04:24 +0100] "GET /framework/icons/note_msg_icon.gif HTTP/1.1" 200 1022 "http://ed.activities.at/entry.php?id=10272" "Mozilla/5.0 (Windows NT 6.1; WOW64; Trident/7.0; rv:11.0) like Gecko"
178.165.129.64 - - [30/Nov/2017:10:04:24 +0100] "GET /entry.php?id=10271&UIN=9d9281be732605a1f24ac80889cfb99b HTTP/1.1" 200 935 "http://ed.activities.at/entry.php?id=10272" "Mozilla/5.0 (Windows NT 6.1; WOW64; Trident/7.0; rv:11.0) like Gecko"
178.165.129.64 - - [30/Nov/2017:10:04:24 +0100] "GET /gui/javascript/form_form.js?1512032664 HTTP/1.1" 200 16206 "http://ed.activities.at/entry.php?id=10271&UIN=9d9281be732605a1f24ac80889cfb99b" "Mozilla/5.0 (Windows NT 6.1; WOW64; Trident/7.0; rv:11.0) like Gecko"
178.165.129.64 - - [30/Nov/2017:10:04:24 +0100] "GET /entry.php?id=10287 HTTP/1.1" 200 2387 "http://ed.activities.at/entry.php?id=11412" "Mozilla/5.0 (Windows NT 6.1; WOW64; Trident/7.0; rv:11.0) like Gecko"
178.165.129.64 - - [30/Nov/2017:10:04:25 +0100] "GET /entry.php?id=10270& HTTP/1.1" 200 909 "http://ed.activities.at/layout.php" "Mozilla/5.0 (Windows NT 6.1; WOW64; Trident/7.0; rv:11.0) like Gecko"
178.165.129.64 - - [30/Nov/2017:10:04:25 +0100] "GET /entry.php?id=10273& HTTP/1.1" 200 1902 "http://ed.activities.at/layout.php" "Mozilla/5.0 (Windows NT 6.1; WOW64; Trident/7.0; rv:11.0) like Gecko"
178.165.129.64 - - [30/Nov/2017:10:04:25 +0100] "GET /gui/javascript/form_form.js?1512032665 HTTP/1.1" 200 16206 "http://ed.activities.at/entry.php?id=10270&" "Mozilla/5.0 (Windows NT 6.1; WOW64; Trident/7.0; rv:11.0) like Gecko"
213.86.241.133 - - [30/Nov/2017:10:04:50 +0100] "GET /entry.php?id=10271&&ser=32630 HTTP/1.1" 200 986 "http://easydrivers.activities.at/entry.php?id=10271&UIN=1a2f017cdad46249ecc3c8dd66c6b7db" "Mozilla/5.0 (Windows NT 10.0; WOW64; Trident/7.0; rv:11.0) like Gecko"
213.86.241.133 - - [30/Nov/2017:10:04:51 +0100] "GET /gui/javascript/form_form.js?1512032691 HTTP/1.1" 200 16206 "http://easydrivers.activities.at/entry.php?id=10271&&ser=32630" "Mozilla/5.0 (Windows NT 10.0; WOW64; Trident/7.0; rv:11.0) like Gecko"
178.165.129.64 - - [30/Nov/2017:10:04:52 +0100] "GET /gui/images/progressbar.gif HTTP/1.1" 200 2157 "http://ed.activities.at/entry.php?id=10272" "Mozilla/5.0 (Windows NT 6.1; WOW64; Trident/7.0; rv:11.0) like Gecko"
178.165.129.64 - - [30/Nov/2017:10:04:52 +0100] "POST /entry.php?id=10287& HTTP/1.1" 200 2320 "http://ed.activities.at/entry.php?id=10287" "Mozilla/5.0 (Windows NT 6.1; WOW64; Trident/7.0; rv:11.0) like Gecko"
178.165.129.64 - - [30/Nov/2017:10:04:52 +0100] "GET /gui/javascript/form_form.js?1512032692 HTTP/1.1" 200 16206 "http://ed.activities.at/entry.php?id=10287&" "Mozilla/5.0 (Windows NT 6.1; WOW64; Trident/7.0; rv:11.0) like Gecko"
178.165.129.64 - - [30/Nov/2017:10:04:53 +0100] "GET /entry.php?id=10271&UIN=9d9281be732605a1f24ac80889cfb99b HTTP/1.1" 200 987 "http://ed.activities.at/entry.php?id=10272" "Mozilla/5.0 (Windows NT 6.1; WOW64; Trident/7.0; rv:11.0) like Gecko"
178.165.129.64 - - [30/Nov/2017:10:04:53 +0100] "GET /gui/javascript/jquery/css/gui-themes/custom.min.css HTTP/1.1" 304 - "http://ed.activities.at/entry.php?id=10271&UIN=9d9281be732605a1f24ac80889cfb99b" "Mozilla/5.0 (Windows NT 6.1; WOW64; Trident/7.0; rv:11.0) like Gecko"
178.165.129.64 - - [30/Nov/2017:10:04:53 +0100] "GET /gui/javascript/jquery/css/gui-themes/ui.spinner.css HTTP/1.1" 304 - "http://ed.activities.at/entry.php?id=10271&UIN=9d9281be732605a1f24ac80889cfb99b" "Mozilla/5.0 (Windows NT 6.1; WOW64; Trident/7.0; rv:11.0) like Gecko"
178.165.129.64 - - [30/Nov/2017:10:04:53 +0100] "GET /gui/javascript/jquery/css/gui-themes/jquery.tooltip.css HTTP/1.1" 304 - "http://ed.activities.at/entry.php?id=10271&UIN=9d9281be732605a1f24ac80889cfb99b" "Mozilla/5.0 (Windows NT 6.1; WOW64; Trident/7.0; rv:11.0) like Gecko"
178.165.129.64 - - [30/Nov/2017:10:04:53 +0100] "GET /gui/styles/tmplDefault.css HTTP/1.1" 304 - "http://ed.activities.at/entry.php?id=10271&UIN=9d9281be732605a1f24ac80889cfb99b" "Mozilla/5.0 (Windows NT 6.1; WOW64; Trident/7.0; rv:11.0) like Gecko"
178.165.129.64 - - [30/Nov/2017:10:04:53 +0100] "GET /entry.php?id=10273& HTTP/1.1" 200 2028 "http://ed.activities.at/layout.php" "Mozilla/5.0 (Windows NT 6.1; WOW64; Trident/7.0; rv:11.0) like Gecko"
178.165.129.64 - - [30/Nov/2017:10:04:53 +0100] "GET /gui/javascript/form_form.js?1512032693 HTTP/1.1" 200 16206 "http://ed.activities.at/entry.php?id=10271&UIN=9d9281be732605a1f24ac80889cfb99b" "Mozilla/5.0 (Windows NT 6.1; WOW64; Trident/7.0; rv:11.0) like Gecko"
178.165.129.64 - - [30/Nov/2017:10:04:54 +0100] "GET /gui/javascript/jquery/js/jquery-1.8.2.js HTTP/1.1" 304 - "http://ed.activities.at/entry.php?id=10271&UIN=9d9281be732605a1f24ac80889cfb99b" "Mozilla/5.0 (Windows NT 6.1; WOW64; Trident/7.0; rv:11.0) like Gecko"
178.165.129.64 - - [30/Nov/2017:10:04:54 +0100] "GET /gui/javascript/jquery/jquery-tooltip/jquery.tooltip.min.js HTTP/1.1" 304 - "http://ed.activities.at/entry.php?id=10271&UIN=9d9281be732605a1f24ac80889cfb99b" "Mozilla/5.0 (Windows NT 6.1; WOW64; Trident/7.0; rv:11.0) like Gecko"
178.165.129.64 - - [30/Nov/2017:10:04:54 +0100] "GET /gui/javascript/jquery/js/jquery-ui-1.9.0.custom.min.js HTTP/1.1" 304 - "http://ed.activities.at/entry.php?id=10271&UIN=9d9281be732605a1f24ac80889cfb99b" "Mozilla/5.0 (Windows NT 6.1; WOW64; Trident/7.0; rv:11.0) like Gecko"
178.165.129.64 - - [30/Nov/2017:10:04:54 +0100] "GET /gui/javascript/form_form.js?1512032693 HTTP/1.1" 200 16206 "http://ed.activities.at/entry.php?id=10273&" "Mozilla/5.0 (Windows NT 6.1; WOW64; Trident/7.0; rv:11.0) like Gecko"
178.165.129.64 - - [30/Nov/2017:10:04:54 +0100] "GET /framework/webfx/style/toolbar/images/cbback.gif HTTP/1.1" 404 313 "http://ed.activities.at/entry.php?id=10273&" "Mozilla/5.0 (Windows NT 6.1; WOW64; Trident/7.0; rv:11.0) like Gecko"
178.165.129.64 - - [30/Nov/2017:10:04:54 +0100] "GET /entry.php?id=10270&__app__=10006038 HTTP/1.1" 200 1649 "http://ed.activities.at/layout.php" "Mozilla/5.0 (Windows NT 6.1; WOW64; Trident/7.0; rv:11.0) like Gecko"
178.165.129.64 - - [30/Nov/2017:10:04:54 +0100] "GET /framework/webfx/javascript/navigation/crossbrowser.js HTTP/1.1" 200 1842 "http://ed.activities.at/entry.php?id=10270&__app__=10006038" "Mozilla/5.0 (Windows NT 6.1; WOW64; Trident/7.0; rv:11.0) like Gecko"
178.165.129.64 - - [30/Nov/2017:10:04:54 +0100] "GET /framework/webfx/javascript/navigation/outlook.js HTTP/1.1" 200 6351 "http://ed.activities.at/entry.php?id=10270&__app__=10006038" "Mozilla/5.0 (Windows NT 6.1; WOW64; Trident/7.0; rv:11.0) like Gecko"
178.165.129.64 - - [30/Nov/2017:10:04:54 +0100] "GET /gui/javascript/form_form.js?1512032694 HTTP/1.1" 200 16206 "http://ed.activities.at/entry.php?id=10270&__app__=10006038" "Mozilla/5.0 (Windows NT 6.1; WOW64; Trident/7.0; rv:11.0) like Gecko"
178.165.129.64 - - [30/Nov/2017:10:04:55 +0100] "GET /gui/images/icons/i_firmen.gif HTTP/1.1" 200 1463 "http://ed.activities.at/entry.php?id=10270&__app__=10006038" "Mozilla/5.0 (Windows NT 6.1; WOW64; Trident/7.0; rv:11.0) like Gecko"
178.165.129.64 - - [30/Nov/2017:10:04:55 +0100] "GET /gui/images/icons/i_artikel.gif HTTP/1.1" 200 1765 "http://ed.activities.at/entry.php?id=10270&__app__=10006038" "Mozilla/5.0 (Windows NT 6.1; WOW64; Trident/7.0; rv:11.0) like Gecko"
178.165.129.64 - - [30/Nov/2017:10:04:55 +0100] "GET /framework/icons/navigation/arrowdown.gif HTTP/1.1" 200 424 "http://ed.activities.at/entry.php?id=10270&__app__=10006038" "Mozilla/5.0 (Windows NT 6.1; WOW64; Trident/7.0; rv:11.0) like Gecko"
178.165.129.64 - - [30/Nov/2017:10:04:55 +0100] "GET /gui/images/icons/pers_einstellungen.gif HTTP/1.1" 200 1461 "http://ed.activities.at/entry.php?id=10270&__app__=10006038" "Mozilla/5.0 (Windows NT 6.1; WOW64; Trident/7.0; rv:11.0) like Gecko"
178.165.129.64 - - [30/Nov/2017:10:04:55 +0100] "GET /framework/icons/navigation/arrowup.gif HTTP/1.1" 200 407 "http://ed.activities.at/entry.php?id=10270&__app__=10006038" "Mozilla/5.0 (Windows NT 6.1; WOW64; Trident/7.0; rv:11.0) like Gecko"
178.165.129.64 - - [30/Nov/2017:10:04:55 +0100] "GET /gui/images/icons/i_haendler_sollverteiler.gif HTTP/1.1" 200 1330 "http://ed.activities.at/entry.php?id=10270&__app__=10006038" "Mozilla/5.0 (Windows NT 6.1; WOW64; Trident/7.0; rv:11.0) like Gecko"
178.165.129.64 - - [30/Nov/2017:10:04:55 +0100] "GET /undefined HTTP/1.1" 404 283 "http://ed.activities.at/entry.php?id=10270&__app__=10006038" "Mozilla/5.0 (Windows NT 6.1; WOW64; Trident/7.0; rv:11.0) like Gecko"
178.165.129.64 - - [30/Nov/2017:10:04:55 +0100] "GET /gui/images/icons/menumanagement.gif HTTP/1.1" 200 204 "http://ed.activities.at/entry.php?id=10270&__app__=10006038" "Mozilla/5.0 (Windows NT 6.1; WOW64; Trident/7.0; rv:11.0) like Gecko"
178.165.129.64 - - [30/Nov/2017:10:04:55 +0100] "GET /gui/images/icons/i_aktionsreminder.gif HTTP/1.1" 200 2181 "http://ed.activities.at/entry.php?id=10270&__app__=10006038" "Mozilla/5.0 (Windows NT 6.1; WOW64; Trident/7.0; rv:11.0) like Gecko"
178.165.129.64 - - [30/Nov/2017:10:04:55 +0100] "GET /gui/images/icons/artikelbearbeitung_verfassung.gif HTTP/1.1" 200 1719 "http://ed.activities.at/entry.php?id=10270&__app__=10006038" "Mozilla/5.0 (Windows NT 6.1; WOW64; Trident/7.0; rv:11.0) like Gecko"
178.165.129.64 - - [30/Nov/2017:10:04:55 +0100] "GET /gui/images/icons/i_aktionen.gif HTTP/1.1" 200 1920 "http://ed.activities.at/entry.php?id=10270&__app__=10006038" "Mozilla/5.0 (Windows NT 6.1; WOW64; Trident/7.0; rv:11.0) like Gecko"
178.165.129.64 - - [30/Nov/2017:10:04:56 +0100] "GET /entry.php?id=11673 HTTP/1.1" 200 358 "http://ed.activities.at/entry.php?id=11412" "Mozilla/5.0 (Windows NT 6.1; WOW64; Trident/7.0; rv:11.0) like Gecko"
178.165.129.64 - - [30/Nov/2017:10:04:57 +0100] "GET /entry.php?id=10676&&title=F\xfchrerscheinkurse HTTP/1.1" 200 1394 "http://ed.activities.at/entry.php?id=11673" "Mozilla/5.0 (Windows NT 6.1; WOW64; Trident/7.0; rv:11.0) like Gecko"
178.165.129.64 - - [30/Nov/2017:10:04:57 +0100] "GET /gui/javascript/form_form.js?1512032697 HTTP/1.1" 200 16206 "http://ed.activities.at/entry.php?id=10676&&title=F%C3%BChrerscheinkurse" "Mozilla/5.0 (Windows NT 6.1; WOW64; Trident/7.0; rv:11.0) like Gecko"
178.165.129.64 - - [30/Nov/2017:10:04:57 +0100] "GET /entry.php?id=11694& HTTP/1.1" 200 3479 "http://ed.activities.at/entry.php?id=11673" "Mozilla/5.0 (Windows NT 6.1; WOW64; Trident/7.0; rv:11.0) like Gecko"
178.165.129.64 - - [30/Nov/2017:10:04:58 +0100] "GET /activities/framework/KoolControls/KoolAjax/koolajax.php?8436e354c842500aba3cbaf0584c0c24 HTTP/1.1" 200 4079 "http://ed.activities.at/entry.php?id=11694&" "Mozilla/5.0 (Windows NT 6.1; WOW64; Trident/7.0; rv:11.0) like Gecko"
178.165.129.64 - - [30/Nov/2017:10:04:58 +0100] "GET /gui/javascript/jquery/js/jquery.friendurl.js HTTP/1.1" 200 2321 "http://ed.activities.at/entry.php?id=11694&" "Mozilla/5.0 (Windows NT 6.1; WOW64; Trident/7.0; rv:11.0) like Gecko"
178.165.129.64 - - [30/Nov/2017:10:04:58 +0100] "GET /gui/javascript/form_form.js?1512032698 HTTP/1.1" 200 16206 "http://ed.activities.at/entry.php?id=11694&" "Mozilla/5.0 (Windows NT 6.1; WOW64; Trident/7.0; rv:11.0) like Gecko"
178.165.129.64 - - [30/Nov/2017:10:04:58 +0100] "GET /gui/javascript/form_ed_training_course.js HTTP/1.1" 200 1951 "http://ed.activities.at/entry.php?id=11694&" "Mozilla/5.0 (Windows NT 6.1; WOW64; Trident/7.0; rv:11.0) like Gecko"
178.165.129.64 - - [30/Nov/2017:10:04:58 +0100] "GET /activities/framework/KoolControls/KoolTreeView/icons/Folder.gif HTTP/1.1" 200 267 "http://ed.activities.at/entry.php?id=11694&" "Mozilla/5.0 (Windows NT 6.1; WOW64; Trident/7.0; rv:11.0) like Gecko"
178.165.129.64 - - [30/Nov/2017:10:04:58 +0100] "GET /activities/framework/KoolControls/KoolTreeView/icons/square_blueS.gif HTTP/1.1" 200 540 "http://ed.activities.at/entry.php?id=11694&" "Mozilla/5.0 (Windows NT 6.1; WOW64; Trident/7.0; rv:11.0) like Gecko"
178.165.129.64 - - [30/Nov/2017:10:04:58 +0100] "GET /activities/framework/KoolControls/KoolTreeView/icons/square_yellowS.gif HTTP/1.1" 200 541 "http://ed.activities.at/entry.php?id=11694&" "Mozilla/5.0 (Windows NT 6.1; WOW64; Trident/7.0; rv:11.0) like Gecko"
178.165.129.64 - - [30/Nov/2017:10:04:58 +0100] "GET /activities/framework/KoolControls/KoolTreeView/icons/square_greyS.gif HTTP/1.1" 200 342 "http://ed.activities.at/entry.php?id=11694&" "Mozilla/5.0 (Windows NT 6.1; WOW64; Trident/7.0; rv:11.0) like Gecko"
178.165.129.64 - - [30/Nov/2017:10:04:58 +0100] "GET /activities/framework/KoolControls/KoolTreeView/styles/default/default.css HTTP/1.1" 200 1099 "http://ed.activities.at/entry.php?id=11694&" "Mozilla/5.0 (Windows NT 6.1; WOW64; Trident/7.0; rv:11.0) like Gecko"
178.165.129.64 - - [30/Nov/2017:10:04:58 +0100] "GET /activities/framework/KoolControls/KoolTreeView/styles/default/v.gif HTTP/1.1" 200 1940 "http://ed.activities.at/entry.php?id=11694&" "Mozilla/5.0 (Windows NT 6.1; WOW64; Trident/7.0; rv:11.0) like Gecko"
178.165.129.64 - - [30/Nov/2017:10:04:58 +0100] "GET /activities/framework/KoolControls/KoolTreeView/styles/default/L.gif HTTP/1.1" 200 67 "http://ed.activities.at/entry.php?id=11694&" "Mozilla/5.0 (Windows NT 6.1; WOW64; Trident/7.0; rv:11.0) like Gecko"
178.165.129.64 - - [30/Nov/2017:10:04:58 +0100] "GET /activities/framework/KoolControls/KoolTreeView/styles/default/mid.gif HTTP/1.1" 200 71 "http://ed.activities.at/entry.php?id=11694&" "Mozilla/5.0 (Windows NT 6.1; WOW64; Trident/7.0; rv:11.0) like Gecko"
178.165.129.64 - - [30/Nov/2017:10:04:58 +0100] "GET /activities/framework/KoolControls/KoolTreeView/styles/default/horizon.gif HTTP/1.1" 200 844 "http://ed.activities.at/entry.php?id=11694&" "Mozilla/5.0 (Windows NT 6.1; WOW64; Trident/7.0; rv:11.0) like Gecko"
178.165.129.64 - - [30/Nov/2017:10:04:57 +0100] "GET /entry.php?id=11672& HTTP/1.1" 200 2690 "http://ed.activities.at/entry.php?id=11673" "Mozilla/5.0 (Windows NT 6.1; WOW64; Trident/7.0; rv:11.0) like Gecko"
178.165.129.64 - - [30/Nov/2017:10:04:59 +0100] "GET /activities/framework/KoolControls/KoolTreeView/kooltreeview.php?c7cd9180e88ffef8e70f13526bb4f5f7 HTTP/1.1" 200 5055 "http://ed.activities.at/entry.php?id=11694&" "Mozilla/5.0 (Windows NT 6.1; WOW64; Trident/7.0; rv:11.0) like Gecko"
178.165.129.64 - - [30/Nov/2017:10:04:59 +0100] "GET /framework/webfx/javascript/scrolltable/scrolltableIframe.js HTTP/1.1" 200 9641 "http://ed.activities.at/entry.php?id=11672&" "Mozilla/5.0 (Windows NT 6.1; WOW64; Trident/7.0; rv:11.0) like Gecko"
178.165.129.64 - - [30/Nov/2017:10:04:59 +0100] "GET /gui/images/icons/ajax_loading.gif HTTP/1.1" 200 1542 "http://ed.activities.at/entry.php?id=11672&" "Mozilla/5.0 (Windows NT 6.1; WOW64; Trident/7.0; rv:11.0) like Gecko"
178.165.129.64 - - [30/Nov/2017:10:04:59 +0100] "GET /activities/framework/KoolControls/KoolTreeView/styles/default/pm.gif HTTP/1.1" 200 214 "http://ed.activities.at/entry.php?id=11694&" "Mozilla/5.0 (Windows NT 6.1; WOW64; Trident/7.0; rv:11.0) like Gecko"
178.165.129.64 - - [30/Nov/2017:10:04:57 +0100] "GET /entry.php?id=11671& HTTP/1.1" 200 4537 "http://ed.activities.at/entry.php?id=11673" "Mozilla/5.0 (Windows NT 6.1; WOW64; Trident/7.0; rv:11.0) like Gecko"
178.165.129.64 - - [30/Nov/2017:10:04:59 +0100] "GET /gui/javascript/form_form.js?1512032699 HTTP/1.1" 200 16206 "http://ed.activities.at/entry.php?id=11671&" "Mozilla/5.0 (Windows NT 6.1; WOW64; Trident/7.0; rv:11.0) like Gecko"
178.165.129.64 - - [30/Nov/2017:10:04:59 +0100] "GET /gui/javascript/jquery/js/i18n/jquery-ui-timepicker-de.js HTTP/1.1" 200 333 "http://ed.activities.at/entry.php?id=11671&" "Mozilla/5.0 (Windows NT 6.1; WOW64; Trident/7.0; rv:11.0) like Gecko"
178.165.129.64 - - [30/Nov/2017:10:04:59 +0100] "GET /gui/javascript/jquery/js/i18n/jquery.ui.datepicker-de.js HTTP/1.1" 200 479 "http://ed.activities.at/entry.php?id=11671&" "Mozilla/5.0 (Windows NT 6.1; WOW64; Trident/7.0; rv:11.0) like Gecko"
178.165.129.64 - - [30/Nov/2017:10:04:59 +0100] "GET /gui/javascript/jquery/js/ui-timepicker-addon.js HTTP/1.1" 200 17574 "http://ed.activities.at/entry.php?id=11671&" "Mozilla/5.0 (Windows NT 6.1; WOW64; Trident/7.0; rv:11.0) like Gecko"
178.165.129.64 - - [30/Nov/2017:10:04:59 +0100] "GET /entry.php?id=10778&form=11497&name=list& HTTP/1.1" 200 15275 "http://ed.activities.at/entry.php?id=11672&" "Mozilla/5.0 (Windows NT 6.1; WOW64; Trident/7.0; rv:11.0) like Gecko"
178.165.129.64 - - [30/Nov/2017:10:04:59 +0100] "GET /activities/framework/fwx_trans.gif HTTP/1.1" 200 43 "http://ed.activities.at/entry.php?id=11671&" "Mozilla/5.0 (Windows NT 6.1; WOW64; Trident/7.0; rv:11.0) like Gecko"
178.165.129.64 - - [30/Nov/2017:10:04:59 +0100] "GET /gui/images/icons/disabled_wizard.png HTTP/1.1" 200 658 "http://ed.activities.at/entry.php?id=11671&" "Mozilla/5.0 (Windows NT 6.1; WOW64; Trident/7.0; rv:11.0) like Gecko"
178.165.129.64 - - [30/Nov/2017:10:04:59 +0100] "GET /entry.php?id=10776&form=11497&name=list& HTTP/1.1" 200 1942 "http://ed.activities.at/entry.php?id=11672&" "Mozilla/5.0 (Windows NT 6.1; WOW64; Trident/7.0; rv:11.0) like Gecko"
178.165.129.64 - - [30/Nov/2017:10:05:00 +0100] "GET /framework/icons/fwx_trans.gif HTTP/1.1" 200 43 "http://ed.activities.at/entry.php?id=10778&form=11497&name=list&" "Mozilla/5.0 (Windows NT 6.1; WOW64; Trident/7.0; rv:11.0) like Gecko"
178.165.129.64 - - [30/Nov/2017:10:05:00 +0100] "GET /gui/images/icons/disable_light.gif HTTP/1.1" 200 616 "http://ed.activities.at/entry.php?id=10778&form=11497&name=list&" "Mozilla/5.0 (Windows NT 6.1; WOW64; Trident/7.0; rv:11.0) like Gecko"
178.165.129.64 - - [30/Nov/2017:10:05:00 +0100] "GET /gui/images/icons/note_msg_icon.gif HTTP/1.1" 200 1022 "http://ed.activities.at/entry.php?id=10778&form=11497&name=list&" "Mozilla/5.0 (Windows NT 6.1; WOW64; Trident/7.0; rv:11.0) like Gecko"
178.165.129.64 - - [30/Nov/2017:10:05:00 +0100] "GET /entry.php?id=10776&form=11496&name=list& HTTP/1.1" 200 1526 "http://ed.activities.at/entry.php?id=11671&" "Mozilla/5.0 (Windows NT 6.1; WOW64; Trident/7.0; rv:11.0) like Gecko"
178.165.129.64 - - [30/Nov/2017:10:05:00 +0100] "GET /entry.php?id=10778&form=11496&name=list& HTTP/1.1" 200 2493 "http://ed.activities.at/entry.php?id=11671&" "Mozilla/5.0 (Windows NT 6.1; WOW64; Trident/7.0; rv:11.0) like Gecko"
178.165.129.64 - - [30/Nov/2017:10:05:00 +0100] "GET /gui/images/icons/lupe.gif HTTP/1.1" 200 324 "http://ed.activities.at/entry.php?id=10776&form=11497&name=list&" "Mozilla/5.0 (Windows NT 6.1; WOW64; Trident/7.0; rv:11.0) like Gecko"
178.165.129.64 - - [30/Nov/2017:10:05:00 +0100] "GET /framework/icons/sortUp.gif HTTP/1.1" 200 53 "http://ed.activities.at/entry.php?id=10776&form=11497&name=list&" "Mozilla/5.0 (Windows NT 6.1; WOW64; Trident/7.0; rv:11.0) like Gecko"
178.165.129.64 - - [30/Nov/2017:10:05:00 +0100] "GET /gui/images/icons/website.gif HTTP/1.1" 200 1049 "http://ed.activities.at/entry.php?id=10776&form=11496&name=list&" "Mozilla/5.0 (Windows NT 6.1; WOW64; Trident/7.0; rv:11.0) like Gecko"
178.165.129.64 - - [30/Nov/2017:10:05:00 +0100] "GET /gui/images/icons/filter_on.gif HTTP/1.1" 200 316 "http://ed.activities.at/entry.php?id=10776&form=11497&name=list&" "Mozilla/5.0 (Windows NT 6.1; WOW64; Trident/7.0; rv:11.0) like Gecko"
178.165.129.64 - - [30/Nov/2017:10:05:01 +0100] "GET /gui/images/icons/disabled_calendar.png HTTP/1.1" 200 640 "http://ed.activities.at/entry.php?id=11671&" "Mozilla/5.0 (Windows NT 6.1; WOW64; Trident/7.0; rv:11.0) like Gecko"
178.165.129.64 - - [30/Nov/2017:10:05:02 +0100] "POST /entry.php?id=11672 HTTP/1.1" 200 2699 "http://ed.activities.at/entry.php?id=11672&" "Mozilla/5.0 (Windows NT 6.1; WOW64; Trident/7.0; rv:11.0) like Gecko"
178.165.129.64 - - [30/Nov/2017:10:05:03 +0100] "GET /gui/javascript/form_form.js?1512032703 HTTP/1.1" 200 16206 "http://ed.activities.at/entry.php?id=11672" "Mozilla/5.0 (Windows NT 6.1; WOW64; Trident/7.0; rv:11.0) like Gecko"
178.165.129.64 - - [30/Nov/2017:10:05:03 +0100] "GET /entry.php?id=10776&form=11497&name=list& HTTP/1.1" 200 1941 "http://ed.activities.at/entry.php?id=11672" "Mozilla/5.0 (Windows NT 6.1; WOW64; Trident/7.0; rv:11.0) like Gecko"
178.165.129.64 - - [30/Nov/2017:10:05:03 +0100] "GET /entry.php?id=10778&form=11497&name=list& HTTP/1.1" 200 6290 "http://ed.activities.at/entry.php?id=11672" "Mozilla/5.0 (Windows NT 6.1; WOW64; Trident/7.0; rv:11.0) like Gecko"
213.86.241.133 - - [30/Nov/2017:10:05:51 +0100] "GET /entry.php?id=10271&&ser=32691 HTTP/1.1" 200 986 "http://easydrivers.activities.at/entry.php?id=10271&&ser=32630" "Mozilla/5.0 (Windows NT 10.0; WOW64; Trident/7.0; rv:11.0) like Gecko"
213.86.241.133 - - [30/Nov/2017:10:05:51 +0100] "GET /gui/javascript/form_form.js?1512032751 HTTP/1.1" 200 16206 "http://easydrivers.activities.at/entry.php?id=10271&&ser=32691" "Mozilla/5.0 (Windows NT 10.0; WOW64; Trident/7.0; rv:11.0) like Gecko"
178.165.129.64 - - [30/Nov/2017:10:05:54 +0100] "GET /entry.php?id=10271&&ser=32693 HTTP/1.1" 200 987 "http://ed.activities.at/entry.php?id=10271&UIN=9d9281be732605a1f24ac80889cfb99b" "Mozilla/5.0 (Windows NT 6.1; WOW64; Trident/7.0; rv:11.0) like Gecko"
178.165.129.64 - - [30/Nov/2017:10:05:54 +0100] "GET /gui/javascript/form_form.js?1512032754 HTTP/1.1" 200 16206 "http://ed.activities.at/entry.php?id=10271&&ser=32693" "Mozilla/5.0 (Windows NT 6.1; WOW64; Trident/7.0; rv:11.0) like Gecko"
213.86.241.133 - - [30/Nov/2017:10:06:51 +0100] "GET /entry.php?id=10271&&ser=32751 HTTP/1.1" 200 987 "http://easydrivers.activities.at/entry.php?id=10271&&ser=32691" "Mozilla/5.0 (Windows NT 10.0; WOW64; Trident/7.0; rv:11.0) like Gecko"
213.86.241.133 - - [30/Nov/2017:10:06:51 +0100] "GET /gui/javascript/form_form.js?1512032811 HTTP/1.1" 200 16206 "http://easydrivers.activities.at/entry.php?id=10271&&ser=32751" "Mozilla/5.0 (Windows NT 10.0; WOW64; Trident/7.0; rv:11.0) like Gecko"
178.165.129.64 - - [30/Nov/2017:10:06:55 +0100] "GET /entry.php?id=10271&&ser=32754 HTTP/1.1" 200 987 "http://ed.activities.at/entry.php?id=10271&&ser=32693" "Mozilla/5.0 (Windows NT 6.1; WOW64; Trident/7.0; rv:11.0) like Gecko"
178.165.129.64 - - [30/Nov/2017:10:06:55 +0100] "GET /gui/javascript/form_form.js?1512032815 HTTP/1.1" 200 16206 "http://ed.activities.at/entry.php?id=10271&&ser=32754" "Mozilla/5.0 (Windows NT 6.1; WOW64; Trident/7.0; rv:11.0) like Gecko"
213.86.241.133 - - [30/Nov/2017:10:07:52 +0100] "GET /entry.php?id=10271&&ser=32811 HTTP/1.1" 200 987 "http://easydrivers.activities.at/entry.php?id=10271&&ser=32751" "Mozilla/5.0 (Windows NT 10.0; WOW64; Trident/7.0; rv:11.0) like Gecko"
213.86.241.133 - - [30/Nov/2017:10:07:52 +0100] "GET /gui/javascript/form_form.js?1512032872 HTTP/1.1" 200 16206 "http://easydrivers.activities.at/entry.php?id=10271&&ser=32811" "Mozilla/5.0 (Windows NT 10.0; WOW64; Trident/7.0; rv:11.0) like Gecko"
178.165.129.64 - - [30/Nov/2017:10:07:55 +0100] "GET /entry.php?id=10271&&ser=32815 HTTP/1.1" 200 987 "http://ed.activities.at/entry.php?id=10271&&ser=32754" "Mozilla/5.0 (Windows NT 6.1; WOW64; Trident/7.0; rv:11.0) like Gecko"
178.165.129.64 - - [30/Nov/2017:10:07:56 +0100] "GET /gui/javascript/form_form.js?1512032876 HTTP/1.1" 200 16206 "http://ed.activities.at/entry.php?id=10271&&ser=32815" "Mozilla/5.0 (Windows NT 6.1; WOW64; Trident/7.0; rv:11.0) like Gecko"
213.86.241.133 - - [30/Nov/2017:10:08:52 +0100] "GET /entry.php?id=10271&&ser=32872 HTTP/1.1" 200 987 "http://easydrivers.activities.at/entry.php?id=10271&&ser=32811" "Mozilla/5.0 (Windows NT 10.0; WOW64; Trident/7.0; rv:11.0) like Gecko"
213.86.241.133 - - [30/Nov/2017:10:08:52 +0100] "GET /gui/javascript/form_form.js?1512032932 HTTP/1.1" 200 16206 "http://easydrivers.activities.at/entry.php?id=10271&&ser=32872" "Mozilla/5.0 (Windows NT 10.0; WOW64; Trident/7.0; rv:11.0) like Gecko"
178.165.129.64 - - [30/Nov/2017:10:08:56 +0100] "GET /entry.php?id=10271&&ser=32876 HTTP/1.1" 200 987 "http://ed.activities.at/entry.php?id=10271&&ser=32815" "Mozilla/5.0 (Windows NT 6.1; WOW64; Trident/7.0; rv:11.0) like Gecko"
178.165.129.64 - - [30/Nov/2017:10:08:56 +0100] "GET /gui/javascript/form_form.js?1512032936 HTTP/1.1" 200 16206 "http://ed.activities.at/entry.php?id=10271&&ser=32876" "Mozilla/5.0 (Windows NT 6.1; WOW64; Trident/7.0; rv:11.0) like Gecko"
213.86.241.133 - - [30/Nov/2017:10:09:52 +0100] "GET /entry.php?id=10271&&ser=32932 HTTP/1.1" 200 987 "http://easydrivers.activities.at/entry.php?id=10271&&ser=32872" "Mozilla/5.0 (Windows NT 10.0; WOW64; Trident/7.0; rv:11.0) like Gecko"
213.86.241.133 - - [30/Nov/2017:10:09:53 +0100] "GET /gui/javascript/form_form.js?1512032993 HTTP/1.1" 200 16206 "http://easydrivers.activities.at/entry.php?id=10271&&ser=32932" "Mozilla/5.0 (Windows NT 10.0; WOW64; Trident/7.0; rv:11.0) like Gecko"
178.165.129.64 - - [30/Nov/2017:10:09:57 +0100] "GET /entry.php?id=10271&&ser=32936 HTTP/1.1" 200 987 "http://ed.activities.at/entry.php?id=10271&&ser=32876" "Mozilla/5.0 (Windows NT 6.1; WOW64; Trident/7.0; rv:11.0) like Gecko"
178.165.129.64 - - [30/Nov/2017:10:09:57 +0100] "GET /gui/javascript/form_form.js?1512032997 HTTP/1.1" 200 16206 "http://ed.activities.at/entry.php?id=10271&&ser=32936" "Mozilla/5.0 (Windows NT 6.1; WOW64; Trident/7.0; rv:11.0) like Gecko"
213.86.241.133 - - [30/Nov/2017:10:10:53 +0100] "GET /entry.php?id=10271&&ser=32993 HTTP/1.1" 200 988 "http://easydrivers.activities.at/entry.php?id=10271&&ser=32932" "Mozilla/5.0 (Windows NT 10.0; WOW64; Trident/7.0; rv:11.0) like Gecko"
213.86.241.133 - - [30/Nov/2017:10:10:53 +0100] "GET /gui/javascript/form_form.js?1512033053 HTTP/1.1" 200 16206 "http://easydrivers.activities.at/entry.php?id=10271&&ser=32993" "Mozilla/5.0 (Windows NT 10.0; WOW64; Trident/7.0; rv:11.0) like Gecko"
178.165.129.64 - - [30/Nov/2017:10:10:58 +0100] "GET /entry.php?id=10271&&ser=32997 HTTP/1.1" 200 987 "http://ed.activities.at/entry.php?id=10271&&ser=32936" "Mozilla/5.0 (Windows NT 6.1; WOW64; Trident/7.0; rv:11.0) like Gecko"
178.165.129.64 - - [30/Nov/2017:10:10:58 +0100] "GET /gui/javascript/form_form.js?1512033058 HTTP/1.1" 200 16206 "http://ed.activities.at/entry.php?id=10271&&ser=32997" "Mozilla/5.0 (Windows NT 6.1; WOW64; Trident/7.0; rv:11.0) like Gecko"
213.86.241.133 - - [30/Nov/2017:10:11:53 +0100] "GET /entry.php?id=10271&&ser=33053 HTTP/1.1" 200 986 "http://easydrivers.activities.at/entry.php?id=10271&&ser=32993" "Mozilla/5.0 (Windows NT 10.0; WOW64; Trident/7.0; rv:11.0) like Gecko"
213.86.241.133 - - [30/Nov/2017:10:11:53 +0100] "GET /gui/javascript/form_form.js?1512033113 HTTP/1.1" 200 16206 "http://easydrivers.activities.at/entry.php?id=10271&&ser=33053" "Mozilla/5.0 (Windows NT 10.0; WOW64; Trident/7.0; rv:11.0) like Gecko"
178.165.129.64 - - [30/Nov/2017:10:11:58 +0100] "GET /entry.php?id=10271&&ser=33058 HTTP/1.1" 200 988 "http://ed.activities.at/entry.php?id=10271&&ser=32997" "Mozilla/5.0 (Windows NT 6.1; WOW64; Trident/7.0; rv:11.0) like Gecko"
178.165.129.64 - - [30/Nov/2017:10:11:59 +0100] "GET /gui/javascript/form_form.js?1512033119 HTTP/1.1" 200 16206 "http://ed.activities.at/entry.php?id=10271&&ser=33058" "Mozilla/5.0 (Windows NT 6.1; WOW64; Trident/7.0; rv:11.0) like Gecko"
213.86.241.133 - - [30/Nov/2017:10:12:54 +0100] "GET /entry.php?id=10271&&ser=33113 HTTP/1.1" 200 987 "http://easydrivers.activities.at/entry.php?id=10271&&ser=33053" "Mozilla/5.0 (Windows NT 10.0; WOW64; Trident/7.0; rv:11.0) like Gecko"
213.86.241.133 - - [30/Nov/2017:10:12:54 +0100] "GET /gui/javascript/form_form.js?1512033174 HTTP/1.1" 200 16206 "http://easydrivers.activities.at/entry.php?id=10271&&ser=33113" "Mozilla/5.0 (Windows NT 10.0; WOW64; Trident/7.0; rv:11.0) like Gecko"
178.165.129.64 - - [30/Nov/2017:10:12:59 +0100] "GET /entry.php?id=10271&&ser=33118 HTTP/1.1" 200 987 "http://ed.activities.at/entry.php?id=10271&&ser=33058" "Mozilla/5.0 (Windows NT 6.1; WOW64; Trident/7.0; rv:11.0) like Gecko"
178.165.129.64 - - [30/Nov/2017:10:12:59 +0100] "GET /gui/javascript/form_form.js?1512033179 HTTP/1.1" 200 16206 "http://ed.activities.at/entry.php?id=10271&&ser=33118" "Mozilla/5.0 (Windows NT 6.1; WOW64; Trident/7.0; rv:11.0) like Gecko"
213.86.241.133 - - [30/Nov/2017:10:13:54 +0100] "GET /entry.php?id=10271&&ser=33174 HTTP/1.1" 200 987 "http://easydrivers.activities.at/entry.php?id=10271&&ser=33113" "Mozilla/5.0 (Windows NT 10.0; WOW64; Trident/7.0; rv:11.0) like Gecko"
213.86.241.133 - - [30/Nov/2017:10:13:54 +0100] "GET /gui/javascript/form_form.js?1512033234 HTTP/1.1" 200 16206 "http://easydrivers.activities.at/entry.php?id=10271&&ser=33174" "Mozilla/5.0 (Windows NT 10.0; WOW64; Trident/7.0; rv:11.0) like Gecko"
178.165.129.64 - - [30/Nov/2017:10:14:00 +0100] "GET /entry.php?id=10271&&ser=33179 HTTP/1.1" 200 987 "http://ed.activities.at/entry.php?id=10271&&ser=33118" "Mozilla/5.0 (Windows NT 6.1; WOW64; Trident/7.0; rv:11.0) like Gecko"
178.165.129.64 - - [30/Nov/2017:10:14:00 +0100] "GET /gui/javascript/form_form.js?1512033240 HTTP/1.1" 200 16206 "http://ed.activities.at/entry.php?id=10271&&ser=33179" "Mozilla/5.0 (Windows NT 6.1; WOW64; Trident/7.0; rv:11.0) like Gecko"
213.86.241.133 - - [30/Nov/2017:10:14:54 +0100] "GET /entry.php?id=10271&&ser=33234 HTTP/1.1" 200 987 "http://easydrivers.activities.at/entry.php?id=10271&&ser=33174" "Mozilla/5.0 (Windows NT 10.0; WOW64; Trident/7.0; rv:11.0) like Gecko"
213.86.241.133 - - [30/Nov/2017:10:14:55 +0100] "GET /gui/javascript/form_form.js?1512033295 HTTP/1.1" 200 16206 "http://easydrivers.activities.at/entry.php?id=10271&&ser=33234" "Mozilla/5.0 (Windows NT 10.0; WOW64; Trident/7.0; rv:11.0) like Gecko"
178.165.129.64 - - [30/Nov/2017:10:15:01 +0100] "GET /entry.php?id=10271&&ser=33240 HTTP/1.1" 200 987 "http://ed.activities.at/entry.php?id=10271&&ser=33179" "Mozilla/5.0 (Windows NT 6.1; WOW64; Trident/7.0; rv:11.0) like Gecko"
178.165.129.64 - - [30/Nov/2017:10:15:01 +0100] "GET /gui/javascript/form_form.js?1512033301 HTTP/1.1" 200 16206 "http://ed.activities.at/entry.php?id=10271&&ser=33240" "Mozilla/5.0 (Windows NT 6.1; WOW64; Trident/7.0; rv:11.0) like Gecko"
213.86.241.133 - - [30/Nov/2017:10:15:55 +0100] "GET /entry.php?id=10271&&ser=33295 HTTP/1.1" 200 988 "http://easydrivers.activities.at/entry.php?id=10271&&ser=33234" "Mozilla/5.0 (Windows NT 10.0; WOW64; Trident/7.0; rv:11.0) like Gecko"
213.86.241.133 - - [30/Nov/2017:10:15:55 +0100] "GET /gui/javascript/form_form.js?1512033355 HTTP/1.1" 200 16206 "http://easydrivers.activities.at/entry.php?id=10271&&ser=33295" "Mozilla/5.0 (Windows NT 10.0; WOW64; Trident/7.0; rv:11.0) like Gecko"
178.165.129.64 - - [30/Nov/2017:10:16:01 +0100] "GET /entry.php?id=10271&&ser=33301 HTTP/1.1" 200 987 "http://ed.activities.at/entry.php?id=10271&&ser=33240" "Mozilla/5.0 (Windows NT 6.1; WOW64; Trident/7.0; rv:11.0) like Gecko"
178.165.129.64 - - [30/Nov/2017:10:16:01 +0100] "GET /gui/javascript/form_form.js?1512033361 HTTP/1.1" 200 16206 "http://ed.activities.at/entry.php?id=10271&&ser=33301" "Mozilla/5.0 (Windows NT 6.1; WOW64; Trident/7.0; rv:11.0) like Gecko"
213.86.241.133 - - [30/Nov/2017:10:16:55 +0100] "GET /entry.php?id=10271&&ser=33355 HTTP/1.1" 200 986 "http://easydrivers.activities.at/entry.php?id=10271&&ser=33295" "Mozilla/5.0 (Windows NT 10.0; WOW64; Trident/7.0; rv:11.0) like Gecko"
213.86.241.133 - - [30/Nov/2017:10:16:56 +0100] "GET /gui/javascript/form_form.js?1512033415 HTTP/1.1" 200 16206 "http://easydrivers.activities.at/entry.php?id=10271&&ser=33355" "Mozilla/5.0 (Windows NT 10.0; WOW64; Trident/7.0; rv:11.0) like Gecko"
178.165.129.64 - - [30/Nov/2017:10:17:02 +0100] "GET /entry.php?id=10271&&ser=33361 HTTP/1.1" 200 987 "http://ed.activities.at/entry.php?id=10271&&ser=33301" "Mozilla/5.0 (Windows NT 6.1; WOW64; Trident/7.0; rv:11.0) like Gecko"
178.165.129.64 - - [30/Nov/2017:10:17:02 +0100] "GET /gui/javascript/form_form.js?1512033422 HTTP/1.1" 200 16206 "http://ed.activities.at/entry.php?id=10271&&ser=33361" "Mozilla/5.0 (Windows NT 6.1; WOW64; Trident/7.0; rv:11.0) like Gecko"
213.86.241.133 - - [30/Nov/2017:10:17:56 +0100] "GET /entry.php?id=10271&&ser=33415 HTTP/1.1" 200 987 "http://easydrivers.activities.at/entry.php?id=10271&&ser=33355" "Mozilla/5.0 (Windows NT 10.0; WOW64; Trident/7.0; rv:11.0) like Gecko"
213.86.241.133 - - [30/Nov/2017:10:17:56 +0100] "GET /gui/javascript/form_form.js?1512033476 HTTP/1.1" 200 16206 "http://easydrivers.activities.at/entry.php?id=10271&&ser=33415" "Mozilla/5.0 (Windows NT 10.0; WOW64; Trident/7.0; rv:11.0) like Gecko"
178.165.129.64 - - [30/Nov/2017:10:18:03 +0100] "GET /entry.php?id=10271&&ser=33422 HTTP/1.1" 200 988 "http://ed.activities.at/entry.php?id=10271&&ser=33361" "Mozilla/5.0 (Windows NT 6.1; WOW64; Trident/7.0; rv:11.0) like Gecko"
178.165.129.64 - - [30/Nov/2017:10:18:03 +0100] "GET /gui/javascript/form_form.js?1512033483 HTTP/1.1" 200 16206 "http://ed.activities.at/entry.php?id=10271&&ser=33422" "Mozilla/5.0 (Windows NT 6.1; WOW64; Trident/7.0; rv:11.0) like Gecko"
213.86.241.133 - - [30/Nov/2017:10:18:56 +0100] "GET /entry.php?id=10271&&ser=33476 HTTP/1.1" 200 988 "http://easydrivers.activities.at/entry.php?id=10271&&ser=33415" "Mozilla/5.0 (Windows NT 10.0; WOW64; Trident/7.0; rv:11.0) like Gecko"
213.86.241.133 - - [30/Nov/2017:10:18:56 +0100] "GET /gui/javascript/form_form.js?1512033536 HTTP/1.1" 200 16206 "http://easydrivers.activities.at/entry.php?id=10271&&ser=33476" "Mozilla/5.0 (Windows NT 10.0; WOW64; Trident/7.0; rv:11.0) like Gecko"
178.165.129.64 - - [30/Nov/2017:10:19:03 +0100] "GET /entry.php?id=10271&&ser=33483 HTTP/1.1" 200 987 "http://ed.activities.at/entry.php?id=10271&&ser=33422" "Mozilla/5.0 (Windows NT 6.1; WOW64; Trident/7.0; rv:11.0) like Gecko"
178.165.129.64 - - [30/Nov/2017:10:19:04 +0100] "GET /gui/javascript/form_form.js?1512033544 HTTP/1.1" 200 16206 "http://ed.activities.at/entry.php?id=10271&&ser=33483" "Mozilla/5.0 (Windows NT 6.1; WOW64; Trident/7.0; rv:11.0) like Gecko"
213.86.241.133 - - [30/Nov/2017:10:19:57 +0100] "GET /entry.php?id=10271&&ser=33536 HTTP/1.1" 200 987 "http://easydrivers.activities.at/entry.php?id=10271&&ser=33476" "Mozilla/5.0 (Windows NT 10.0; WOW64; Trident/7.0; rv:11.0) like Gecko"
213.86.241.133 - - [30/Nov/2017:10:19:57 +0100] "GET /gui/javascript/form_form.js?1512033597 HTTP/1.1" 200 16206 "http://easydrivers.activities.at/entry.php?id=10271&&ser=33536" "Mozilla/5.0 (Windows NT 10.0; WOW64; Trident/7.0; rv:11.0) like Gecko"
178.165.129.64 - - [30/Nov/2017:10:20:04 +0100] "GET /entry.php?id=10271&&ser=33544 HTTP/1.1" 200 987 "http://ed.activities.at/entry.php?id=10271&&ser=33483" "Mozilla/5.0 (Windows NT 6.1; WOW64; Trident/7.0; rv:11.0) like Gecko"
178.165.129.64 - - [30/Nov/2017:10:20:04 +0100] "GET /gui/javascript/form_form.js?1512033604 HTTP/1.1" 200 16206 "http://ed.activities.at/entry.php?id=10271&&ser=33544" "Mozilla/5.0 (Windows NT 6.1; WOW64; Trident/7.0; rv:11.0) like Gecko"
213.86.241.133 - - [30/Nov/2017:10:20:57 +0100] "GET /entry.php?id=10271&&ser=33597 HTTP/1.1" 200 986 "http://easydrivers.activities.at/entry.php?id=10271&&ser=33536" "Mozilla/5.0 (Windows NT 10.0; WOW64; Trident/7.0; rv:11.0) like Gecko"
213.86.241.133 - - [30/Nov/2017:10:20:57 +0100] "GET /gui/javascript/form_form.js?1512033657 HTTP/1.1" 200 16206 "http://easydrivers.activities.at/entry.php?id=10271&&ser=33597" "Mozilla/5.0 (Windows NT 10.0; WOW64; Trident/7.0; rv:11.0) like Gecko"
178.165.129.64 - - [30/Nov/2017:10:21:05 +0100] "GET /entry.php?id=10271&&ser=33604 HTTP/1.1" 200 987 "http://ed.activities.at/entry.php?id=10271&&ser=33544" "Mozilla/5.0 (Windows NT 6.1; WOW64; Trident/7.0; rv:11.0) like Gecko"
178.165.129.64 - - [30/Nov/2017:10:21:05 +0100] "GET /gui/javascript/form_form.js?1512033665 HTTP/1.1" 200 16206 "http://ed.activities.at/entry.php?id=10271&&ser=33604" "Mozilla/5.0 (Windows NT 6.1; WOW64; Trident/7.0; rv:11.0) like Gecko"
213.86.241.133 - - [30/Nov/2017:10:21:57 +0100] "GET /entry.php?id=10271&&ser=33657 HTTP/1.1" 200 987 "http://easydrivers.activities.at/entry.php?id=10271&&ser=33597" "Mozilla/5.0 (Windows NT 10.0; WOW64; Trident/7.0; rv:11.0) like Gecko"
213.86.241.133 - - [30/Nov/2017:10:21:57 +0100] "GET /gui/javascript/form_form.js?1512033717 HTTP/1.1" 200 16206 "http://easydrivers.activities.at/entry.php?id=10271&&ser=33657" "Mozilla/5.0 (Windows NT 10.0; WOW64; Trident/7.0; rv:11.0) like Gecko"
178.165.129.64 - - [30/Nov/2017:10:22:05 +0100] "GET /entry.php?id=10271&&ser=33665 HTTP/1.1" 200 988 "http://ed.activities.at/entry.php?id=10271&&ser=33604" "Mozilla/5.0 (Windows NT 6.1; WOW64; Trident/7.0; rv:11.0) like Gecko"
178.165.129.64 - - [30/Nov/2017:10:22:06 +0100] "GET /gui/javascript/form_form.js?1512033726 HTTP/1.1" 200 16206 "http://ed.activities.at/entry.php?id=10271&&ser=33665" "Mozilla/5.0 (Windows NT 6.1; WOW64; Trident/7.0; rv:11.0) like Gecko"
213.86.241.133 - - [30/Nov/2017:10:22:58 +0100] "GET /entry.php?id=10271&&ser=33717 HTTP/1.1" 200 987 "http://easydrivers.activities.at/entry.php?id=10271&&ser=33657" "Mozilla/5.0 (Windows NT 10.0; WOW64; Trident/7.0; rv:11.0) like Gecko"
213.86.241.133 - - [30/Nov/2017:10:22:58 +0100] "GET /gui/javascript/form_form.js?1512033778 HTTP/1.1" 200 16206 "http://easydrivers.activities.at/entry.php?id=10271&&ser=33717" "Mozilla/5.0 (Windows NT 10.0; WOW64; Trident/7.0; rv:11.0) like Gecko"
178.165.129.64 - - [30/Nov/2017:10:23:06 +0100] "GET /entry.php?id=10271&&ser=33725 HTTP/1.1" 200 987 "http://ed.activities.at/entry.php?id=10271&&ser=33665" "Mozilla/5.0 (Windows NT 6.1; WOW64; Trident/7.0; rv:11.0) like Gecko"
178.165.129.64 - - [30/Nov/2017:10:23:06 +0100] "GET /gui/javascript/form_form.js?1512033786 HTTP/1.1" 200 16206 "http://ed.activities.at/entry.php?id=10271&&ser=33725" "Mozilla/5.0 (Windows NT 6.1; WOW64; Trident/7.0; rv:11.0) like Gecko"
