213.86.241.133 - - [30/Nov/2017:10:23:58 +0100] "GET /entry.php?id=10271&&ser=33778 HTTP/1.1" 200 988 "http://easydrivers.activities.at/entry.php?id=10271&&ser=33717" "Mozilla/5.0 (Windows NT 10.0; WOW64; Trident/7.0; rv:11.0) like Gecko"
213.86.241.133 - - [30/Nov/2017:10:23:58 +0100] "GET /gui/javascript/form_form.js?1512033838 HTTP/1.1" 200 16206 "http://easydrivers.activities.at/entry.php?id=10271&&ser=33778" "Mozilla/5.0 (Windows NT 10.0; WOW64; Trident/7.0; rv:11.0) like Gecko"
178.165.129.64 - - [30/Nov/2017:10:24:07 +0100] "GET /entry.php?id=10271&&ser=33786 HTTP/1.1" 200 987 "http://ed.activities.at/entry.php?id=10271&&ser=33725" "Mozilla/5.0 (Windows NT 6.1; WOW64; Trident/7.0; rv:11.0) like Gecko"
178.165.129.64 - - [30/Nov/2017:10:24:07 +0100] "GET /gui/javascript/form_form.js?1512033847 HTTP/1.1" 200 16206 "http://ed.activities.at/entry.php?id=10271&&ser=33786" "Mozilla/5.0 (Windows NT 6.1; WOW64; Trident/7.0; rv:11.0) like Gecko"
213.86.241.133 - - [30/Nov/2017:10:24:58 +0100] "GET /entry.php?id=10271&&ser=33838 HTTP/1.1" 200 987 "http://easydrivers.activities.at/entry.php?id=10271&&ser=33778" "Mozilla/5.0 (Windows NT 10.0; WOW64; Trident/7.0; rv:11.0) like Gecko"
213.86.241.133 - - [30/Nov/2017:10:24:59 +0100] "GET /gui/javascript/form_form.js?1512033899 HTTP/1.1" 200 16206 "http://easydrivers.activities.at/entry.php?id=10271&&ser=33838" "Mozilla/5.0 (Windows NT 10.0; WOW64; Trident/7.0; rv:11.0) like Gecko"
178.165.129.64 - - [30/Nov/2017:10:25:07 +0100] "GET /entry.php?id=10271&&ser=33847 HTTP/1.1" 200 986 "http://ed.activities.at/entry.php?id=10271&&ser=33786" "Mozilla/5.0 (Windows NT 6.1; WOW64; Trident/7.0; rv:11.0) like Gecko"
178.165.129.64 - - [30/Nov/2017:10:25:08 +0100] "GET /gui/javascript/form_form.js?1512033907 HTTP/1.1" 200 16206 "http://ed.activities.at/entry.php?id=10271&&ser=33847" "Mozilla/5.0 (Windows NT 6.1; WOW64; Trident/7.0; rv:11.0) like Gecko"
213.86.241.133 - - [30/Nov/2017:10:25:59 +0100] "GET /entry.php?id=10271&&ser=33899 HTTP/1.1" 200 987 "http://easydrivers.activities.at/entry.php?id=10271&&ser=33838" "Mozilla/5.0 (Windows NT 10.0; WOW64; Trident/7.0; rv:11.0) like Gecko"
213.86.241.133 - - [30/Nov/2017:10:25:59 +0100] "GET /gui/javascript/form_form.js?1512033959 HTTP/1.1" 200 16206 "http://easydrivers.activities.at/entry.php?id=10271&&ser=33899" "Mozilla/5.0 (Windows NT 10.0; WOW64; Trident/7.0; rv:11.0) like Gecko"
178.165.129.64 - - [30/Nov/2017:10:26:08 +0100] "GET /entry.php?id=10271&&ser=33907 HTTP/1.1" 200 987 "http://ed.activities.at/entry.php?id=10271&&ser=33847" "Mozilla/5.0 (Windows NT 6.1; WOW64; Trident/7.0; rv:11.0) like Gecko"
178.165.129.64 - - [30/Nov/2017:10:26:08 +0100] "GET /gui/javascript/form_form.js?1512033968 HTTP/1.1" 200 16206 "http://ed.activities.at/entry.php?id=10271&&ser=33907" "Mozilla/5.0 (Windows NT 6.1; WOW64; Trident/7.0; rv:11.0) like Gecko"
213.86.241.133 - - [30/Nov/2017:10:26:59 +0100] "GET /entry.php?id=10271&&ser=33959 HTTP/1.1" 200 987 "http://easydrivers.activities.at/entry.php?id=10271&&ser=33899" "Mozilla/5.0 (Windows NT 10.0; WOW64; Trident/7.0; rv:11.0) like Gecko"
213.86.241.133 - - [30/Nov/2017:10:26:59 +0100] "GET /gui/javascript/form_form.js?1512034019 HTTP/1.1" 200 16206 "http://easydrivers.activities.at/entry.php?id=10271&&ser=33959" "Mozilla/5.0 (Windows NT 10.0; WOW64; Trident/7.0; rv:11.0) like Gecko"
178.165.129.64 - - [30/Nov/2017:10:27:09 +0100] "GET /entry.php?id=10271&&ser=33968 HTTP/1.1" 200 987 "http://ed.activities.at/entry.php?id=10271&&ser=33907" "Mozilla/5.0 (Windows NT 6.1; WOW64; Trident/7.0; rv:11.0) like Gecko"
178.165.129.64 - - [30/Nov/2017:10:27:09 +0100] "GET /gui/javascript/form_form.js?1512034029 HTTP/1.1" 200 16206 "http://ed.activities.at/entry.php?id=10271&&ser=33968" "Mozilla/5.0 (Windows NT 6.1; WOW64; Trident/7.0; rv:11.0) like Gecko"
213.86.241.133 - - [30/Nov/2017:10:27:59 +0100] "GET /entry.php?id=10271&&ser=34019 HTTP/1.1" 200 987 "http://easydrivers.activities.at/entry.php?id=10271&&ser=33959" "Mozilla/5.0 (Windows NT 10.0; WOW64; Trident/7.0; rv:11.0) like Gecko"
213.86.241.133 - - [30/Nov/2017:10:28:00 +0100] "GET /gui/javascript/form_form.js?1512034080 HTTP/1.1" 200 16206 "http://easydrivers.activities.at/entry.php?id=10271&&ser=34019" "Mozilla/5.0 (Windows NT 10.0; WOW64; Trident/7.0; rv:11.0) like Gecko"
178.165.129.64 - - [30/Nov/2017:10:28:09 +0100] "GET /entry.php?id=10271&&ser=34029 HTTP/1.1" 200 987 "http://ed.activities.at/entry.php?id=10271&&ser=33968" "Mozilla/5.0 (Windows NT 6.1; WOW64; Trident/7.0; rv:11.0) like Gecko"
178.165.129.64 - - [30/Nov/2017:10:28:10 +0100] "GET /gui/javascript/form_form.js?1512034090 HTTP/1.1" 200 16206 "http://ed.activities.at/entry.php?id=10271&&ser=34029" "Mozilla/5.0 (Windows NT 6.1; WOW64; Trident/7.0; rv:11.0) like Gecko"
213.86.241.133 - - [30/Nov/2017:10:29:00 +0100] "GET /entry.php?id=10271&&ser=34080 HTTP/1.1" 200 987 "http://easydrivers.activities.at/entry.php?id=10271&&ser=34019" "Mozilla/5.0 (Windows NT 10.0; WOW64; Trident/7.0; rv:11.0) like Gecko"
213.86.241.133 - - [30/Nov/2017:10:29:00 +0100] "GET /gui/javascript/form_form.js?1512034140 HTTP/1.1" 200 16206 "http://easydrivers.activities.at/entry.php?id=10271&&ser=34080" "Mozilla/5.0 (Windows NT 10.0; WOW64; Trident/7.0; rv:11.0) like Gecko"
178.165.129.64 - - [30/Nov/2017:10:29:40 +0100] "GET /entry.php?id=10271&&ser=34090 HTTP/1.1" 200 987 "http://ed.activities.at/entry.php?id=10271&&ser=34029" "Mozilla/5.0 (Windows NT 6.1; WOW64; Trident/7.0; rv:11.0) like Gecko"
178.165.129.64 - - [30/Nov/2017:10:29:40 +0100] "GET /gui/javascript/form_form.js?1512034180 HTTP/1.1" 200 16206 "http://ed.activities.at/entry.php?id=10271&&ser=34090" "Mozilla/5.0 (Windows NT 6.1; WOW64; Trident/7.0; rv:11.0) like Gecko"
213.86.241.133 - - [30/Nov/2017:10:30:00 +0100] "GET /entry.php?id=10271&&ser=34140 HTTP/1.1" 200 987 "http://easydrivers.activities.at/entry.php?id=10271&&ser=34080" "Mozilla/5.0 (Windows NT 10.0; WOW64; Trident/7.0; rv:11.0) like Gecko"
213.86.241.133 - - [30/Nov/2017:10:30:00 +0100] "GET /gui/javascript/form_form.js?1512034200 HTTP/1.1" 200 16206 "http://easydrivers.activities.at/entry.php?id=10271&&ser=34140" "Mozilla/5.0 (Windows NT 10.0; WOW64; Trident/7.0; rv:11.0) like Gecko"
178.165.129.64 - - [30/Nov/2017:10:30:41 +0100] "GET /entry.php?id=10271&&ser=34180 HTTP/1.1" 200 986 "http://ed.activities.at/entry.php?id=10271&&ser=34090" "Mozilla/5.0 (Windows NT 6.1; WOW64; Trident/7.0; rv:11.0) like Gecko"
178.165.129.64 - - [30/Nov/2017:10:30:41 +0100] "GET /gui/javascript/form_form.js?1512034241 HTTP/1.1" 200 16206 "http://ed.activities.at/entry.php?id=10271&&ser=34180" "Mozilla/5.0 (Windows NT 6.1; WOW64; Trident/7.0; rv:11.0) like Gecko"
213.86.241.133 - - [30/Nov/2017:10:31:01 +0100] "GET /entry.php?id=10271&&ser=34200 HTTP/1.1" 200 986 "http://easydrivers.activities.at/entry.php?id=10271&&ser=34140" "Mozilla/5.0 (Windows NT 10.0; WOW64; Trident/7.0; rv:11.0) like Gecko"
213.86.241.133 - - [30/Nov/2017:10:31:01 +0100] "GET /gui/javascript/form_form.js?1512034261 HTTP/1.1" 200 16206 "http://easydrivers.activities.at/entry.php?id=10271&&ser=34200" "Mozilla/5.0 (Windows NT 10.0; WOW64; Trident/7.0; rv:11.0) like Gecko"
178.165.129.64 - - [30/Nov/2017:10:31:42 +0100] "GET /entry.php?id=10271&&ser=34241 HTTP/1.1" 200 987 "http://ed.activities.at/entry.php?id=10271&&ser=34180" "Mozilla/5.0 (Windows NT 6.1; WOW64; Trident/7.0; rv:11.0) like Gecko"
178.165.129.64 - - [30/Nov/2017:10:31:42 +0100] "GET /gui/javascript/form_form.js?1512034302 HTTP/1.1" 200 16206 "http://ed.activities.at/entry.php?id=10271&&ser=34241" "Mozilla/5.0 (Windows NT 6.1; WOW64; Trident/7.0; rv:11.0) like Gecko"
213.86.241.133 - - [30/Nov/2017:10:32:01 +0100] "GET /entry.php?id=10271&&ser=34261 HTTP/1.1" 200 986 "http://easydrivers.activities.at/entry.php?id=10271&&ser=34200" "Mozilla/5.0 (Windows NT 10.0; WOW64; Trident/7.0; rv:11.0) like Gecko"
213.86.241.133 - - [30/Nov/2017:10:32:01 +0100] "GET /gui/javascript/form_form.js?1512034321 HTTP/1.1" 200 16206 "http://easydrivers.activities.at/entry.php?id=10271&&ser=34261" "Mozilla/5.0 (Windows NT 10.0; WOW64; Trident/7.0; rv:11.0) like Gecko"
178.165.129.64 - - [30/Nov/2017:10:32:42 +0100] "GET /entry.php?id=10271&&ser=34302 HTTP/1.1" 200 987 "http://ed.activities.at/entry.php?id=10271&&ser=34241" "Mozilla/5.0 (Windows NT 6.1; WOW64; Trident/7.0; rv:11.0) like Gecko"
178.165.129.64 - - [30/Nov/2017:10:32:43 +0100] "GET /gui/javascript/form_form.js?1512034362 HTTP/1.1" 200 16206 "http://ed.activities.at/entry.php?id=10271&&ser=34302" "Mozilla/5.0 (Windows NT 6.1; WOW64; Trident/7.0; rv:11.0) like Gecko"
213.86.241.133 - - [30/Nov/2017:10:33:01 +0100] "GET /entry.php?id=10271&&ser=34321 HTTP/1.1" 200 987 "http://easydrivers.activities.at/entry.php?id=10271&&ser=34261" "Mozilla/5.0 (Windows NT 10.0; WOW64; Trident/7.0; rv:11.0) like Gecko"
213.86.241.133 - - [30/Nov/2017:10:33:02 +0100] "GET /gui/javascript/form_form.js?1512034382 HTTP/1.1" 200 16206 "http://easydrivers.activities.at/entry.php?id=10271&&ser=34321" "Mozilla/5.0 (Windows NT 10.0; WOW64; Trident/7.0; rv:11.0) like Gecko"
178.165.129.64 - - [30/Nov/2017:10:33:43 +0100] "GET /entry.php?id=10271&&ser=34362 HTTP/1.1" 200 987 "http://ed.activities.at/entry.php?id=10271&&ser=34302" "Mozilla/5.0 (Windows NT 6.1; WOW64; Trident/7.0; rv:11.0) like Gecko"
178.165.129.64 - - [30/Nov/2017:10:33:43 +0100] "GET /gui/javascript/form_form.js?1512034423 HTTP/1.1" 200 16206 "http://ed.activities.at/entry.php?id=10271&&ser=34362" "Mozilla/5.0 (Windows NT 6.1; WOW64; Trident/7.0; rv:11.0) like Gecko"
213.86.241.133 - - [30/Nov/2017:10:34:02 +0100] "GET /entry.php?id=10271&&ser=34382 HTTP/1.1" 200 987 "http://easydrivers.activities.at/entry.php?id=10271&&ser=34321" "Mozilla/5.0 (Windows NT 10.0; WOW64; Trident/7.0; rv:11.0) like Gecko"
213.86.241.133 - - [30/Nov/2017:10:34:02 +0100] "GET /gui/javascript/form_form.js?1512034442 HTTP/1.1" 200 16206 "http://easydrivers.activities.at/entry.php?id=10271&&ser=34382" "Mozilla/5.0 (Windows NT 10.0; WOW64; Trident/7.0; rv:11.0) like Gecko"
178.165.129.64 - - [30/Nov/2017:10:34:44 +0100] "GET /entry.php?id=10271&&ser=34423 HTTP/1.1" 200 987 "http://ed.activities.at/entry.php?id=10271&&ser=34362" "Mozilla/5.0 (Windows NT 6.1; WOW64; Trident/7.0; rv:11.0) like Gecko"
178.165.129.64 - - [30/Nov/2017:10:34:44 +0100] "GET /gui/javascript/form_form.js?1512034484 HTTP/1.1" 200 16206 "http://ed.activities.at/entry.php?id=10271&&ser=34423" "Mozilla/5.0 (Windows NT 6.1; WOW64; Trident/7.0; rv:11.0) like Gecko"
213.86.241.133 - - [30/Nov/2017:10:35:02 +0100] "GET /entry.php?id=10271&&ser=34442 HTTP/1.1" 200 987 "http://easydrivers.activities.at/entry.php?id=10271&&ser=34382" "Mozilla/5.0 (Windows NT 10.0; WOW64; Trident/7.0; rv:11.0) like Gecko"
213.86.241.133 - - [30/Nov/2017:10:35:02 +0100] "GET /gui/javascript/form_form.js?1512034502 HTTP/1.1" 200 16206 "http://easydrivers.activities.at/entry.php?id=10271&&ser=34442" "Mozilla/5.0 (Windows NT 10.0; WOW64; Trident/7.0; rv:11.0) like Gecko"
178.165.129.64 - - [30/Nov/2017:10:35:44 +0100] "GET /entry.php?id=10271&&ser=34484 HTTP/1.1" 200 988 "http://ed.activities.at/entry.php?id=10271&&ser=34423" "Mozilla/5.0 (Windows NT 6.1; WOW64; Trident/7.0; rv:11.0) like Gecko"
178.165.129.64 - - [30/Nov/2017:10:35:45 +0100] "GET /gui/javascript/form_form.js?1512034545 HTTP/1.1" 200 16206 "http://ed.activities.at/entry.php?id=10271&&ser=34484" "Mozilla/5.0 (Windows NT 6.1; WOW64; Trident/7.0; rv:11.0) like Gecko"
213.86.241.133 - - [30/Nov/2017:10:36:03 +0100] "GET /entry.php?id=10271&&ser=34502 HTTP/1.1" 200 987 "http://easydrivers.activities.at/entry.php?id=10271&&ser=34442" "Mozilla/5.0 (Windows NT 10.0; WOW64; Trident/7.0; rv:11.0) like Gecko"
213.86.241.133 - - [30/Nov/2017:10:36:03 +0100] "GET /gui/javascript/form_form.js?1512034563 HTTP/1.1" 200 16206 "http://easydrivers.activities.at/entry.php?id=10271&&ser=34502" "Mozilla/5.0 (Windows NT 10.0; WOW64; Trident/7.0; rv:11.0) like Gecko"
178.165.129.64 - - [30/Nov/2017:10:36:45 +0100] "GET /entry.php?id=10271&&ser=34545 HTTP/1.1" 200 987 "http://ed.activities.at/entry.php?id=10271&&ser=34484" "Mozilla/5.0 (Windows NT 6.1; WOW64; Trident/7.0; rv:11.0) like Gecko"
178.165.129.64 - - [30/Nov/2017:10:36:46 +0100] "GET /gui/javascript/form_form.js?1512034605 HTTP/1.1" 200 16206 "http://ed.activities.at/entry.php?id=10271&&ser=34545" "Mozilla/5.0 (Windows NT 6.1; WOW64; Trident/7.0; rv:11.0) like Gecko"
213.86.241.133 - - [30/Nov/2017:10:37:03 +0100] "GET /entry.php?id=10271&&ser=34563 HTTP/1.1" 200 987 "http://easydrivers.activities.at/entry.php?id=10271&&ser=34502" "Mozilla/5.0 (Windows NT 10.0; WOW64; Trident/7.0; rv:11.0) like Gecko"
213.86.241.133 - - [30/Nov/2017:10:37:03 +0100] "GET /gui/javascript/form_form.js?1512034623 HTTP/1.1" 200 16206 "http://easydrivers.activities.at/entry.php?id=10271&&ser=34563" "Mozilla/5.0 (Windows NT 10.0; WOW64; Trident/7.0; rv:11.0) like Gecko"
178.165.129.64 - - [30/Nov/2017:10:37:46 +0100] "GET /entry.php?id=10271&&ser=34605 HTTP/1.1" 200 987 "http://ed.activities.at/entry.php?id=10271&&ser=34545" "Mozilla/5.0 (Windows NT 6.1; WOW64; Trident/7.0; rv:11.0) like Gecko"
178.165.129.64 - - [30/Nov/2017:10:37:46 +0100] "GET /gui/javascript/form_form.js?1512034666 HTTP/1.1" 200 16206 "http://ed.activities.at/entry.php?id=10271&&ser=34605" "Mozilla/5.0 (Windows NT 6.1; WOW64; Trident/7.0; rv:11.0) like Gecko"
213.86.241.133 - - [30/Nov/2017:10:38:03 +0100] "GET /entry.php?id=10271&&ser=34623 HTTP/1.1" 200 987 "http://easydrivers.activities.at/entry.php?id=10271&&ser=34563" "Mozilla/5.0 (Windows NT 10.0; WOW64; Trident/7.0; rv:11.0) like Gecko"
213.86.241.133 - - [30/Nov/2017:10:38:04 +0100] "GET /gui/javascript/form_form.js?1512034683 HTTP/1.1" 200 16206 "http://easydrivers.activities.at/entry.php?id=10271&&ser=34623" "Mozilla/5.0 (Windows NT 10.0; WOW64; Trident/7.0; rv:11.0) like Gecko"
178.165.129.64 - - [30/Nov/2017:10:38:47 +0100] "GET /entry.php?id=10271&&ser=34666 HTTP/1.1" 200 987 "http://ed.activities.at/entry.php?id=10271&&ser=34605" "Mozilla/5.0 (Windows NT 6.1; WOW64; Trident/7.0; rv:11.0) like Gecko"
178.165.129.64 - - [30/Nov/2017:10:38:47 +0100] "GET /gui/javascript/form_form.js?1512034727 HTTP/1.1" 200 16206 "http://ed.activities.at/entry.php?id=10271&&ser=34666" "Mozilla/5.0 (Windows NT 6.1; WOW64; Trident/7.0; rv:11.0) like Gecko"
213.86.241.133 - - [30/Nov/2017:10:39:04 +0100] "GET /entry.php?id=10271&&ser=34683 HTTP/1.1" 200 986 "http://easydrivers.activities.at/entry.php?id=10271&&ser=34623" "Mozilla/5.0 (Windows NT 10.0; WOW64; Trident/7.0; rv:11.0) like Gecko"
213.86.241.133 - - [30/Nov/2017:10:39:04 +0100] "GET /gui/javascript/form_form.js?1512034744 HTTP/1.1" 200 16206 "http://easydrivers.activities.at/entry.php?id=10271&&ser=34683" "Mozilla/5.0 (Windows NT 10.0; WOW64; Trident/7.0; rv:11.0) like Gecko"
178.165.129.64 - - [30/Nov/2017:10:39:48 +0100] "GET /entry.php?id=10271&&ser=34727 HTTP/1.1" 200 987 "http://ed.activities.at/entry.php?id=10271&&ser=34666" "Mozilla/5.0 (Windows NT 6.1; WOW64; Trident/7.0; rv:11.0) like Gecko"
178.165.129.64 - - [30/Nov/2017:10:39:48 +0100] "GET /gui/javascript/form_form.js?1512034788 HTTP/1.1" 200 16206 "http://ed.activities.at/entry.php?id=10271&&ser=34727" "Mozilla/5.0 (Windows NT 6.1; WOW64; Trident/7.0; rv:11.0) like Gecko"
213.86.241.133 - - [30/Nov/2017:10:40:04 +0100] "GET /entry.php?id=10271&&ser=34744 HTTP/1.1" 200 986 "http://easydrivers.activities.at/entry.php?id=10271&&ser=34683" "Mozilla/5.0 (Windows NT 10.0; WOW64; Trident/7.0; rv:11.0) like Gecko"
213.86.241.133 - - [30/Nov/2017:10:40:04 +0100] "GET /gui/javascript/form_form.js?1512034804 HTTP/1.1" 200 16206 "http://easydrivers.activities.at/entry.php?id=10271&&ser=34744" "Mozilla/5.0 (Windows NT 10.0; WOW64; Trident/7.0; rv:11.0) like Gecko"
178.165.129.64 - - [30/Nov/2017:10:40:48 +0100] "GET /entry.php?id=10271&&ser=34788 HTTP/1.1" 200 987 "http://ed.activities.at/entry.php?id=10271&&ser=34727" "Mozilla/5.0 (Windows NT 6.1; WOW64; Trident/7.0; rv:11.0) like Gecko"
178.165.129.64 - - [30/Nov/2017:10:40:49 +0100] "GET /gui/javascript/form_form.js?1512034848 HTTP/1.1" 200 16206 "http://ed.activities.at/entry.php?id=10271&&ser=34788" "Mozilla/5.0 (Windows NT 6.1; WOW64; Trident/7.0; rv:11.0) like Gecko"
213.86.241.133 - - [30/Nov/2017:10:41:04 +0100] "GET /entry.php?id=10271&&ser=34804 HTTP/1.1" 200 987 "http://easydrivers.activities.at/entry.php?id=10271&&ser=34744" "Mozilla/5.0 (Windows NT 10.0; WOW64; Trident/7.0; rv:11.0) like Gecko"
213.86.241.133 - - [30/Nov/2017:10:41:05 +0100] "GET /gui/javascript/form_form.js?1512034865 HTTP/1.1" 200 16206 "http://easydrivers.activities.at/entry.php?id=10271&&ser=34804" "Mozilla/5.0 (Windows NT 10.0; WOW64; Trident/7.0; rv:11.0) like Gecko"
178.165.129.64 - - [30/Nov/2017:10:41:49 +0100] "GET /entry.php?id=10271&&ser=34848 HTTP/1.1" 200 987 "http://ed.activities.at/entry.php?id=10271&&ser=34788" "Mozilla/5.0 (Windows NT 6.1; WOW64; Trident/7.0; rv:11.0) like Gecko"
178.165.129.64 - - [30/Nov/2017:10:41:49 +0100] "GET /gui/javascript/form_form.js?1512034909 HTTP/1.1" 200 16206 "http://ed.activities.at/entry.php?id=10271&&ser=34848" "Mozilla/5.0 (Windows NT 6.1; WOW64; Trident/7.0; rv:11.0) like Gecko"
213.86.241.133 - - [30/Nov/2017:10:42:05 +0100] "GET /entry.php?id=10271&&ser=34865 HTTP/1.1" 200 987 "http://easydrivers.activities.at/entry.php?id=10271&&ser=34804" "Mozilla/5.0 (Windows NT 10.0; WOW64; Trident/7.0; rv:11.0) like Gecko"
213.86.241.133 - - [30/Nov/2017:10:42:05 +0100] "GET /gui/javascript/form_form.js?1512034925 HTTP/1.1" 200 16206 "http://easydrivers.activities.at/entry.php?id=10271&&ser=34865" "Mozilla/5.0 (Windows NT 10.0; WOW64; Trident/7.0; rv:11.0) like Gecko"
178.165.129.64 - - [30/Nov/2017:10:42:50 +0100] "GET /entry.php?id=10271&&ser=34909 HTTP/1.1" 200 987 "http://ed.activities.at/entry.php?id=10271&&ser=34848" "Mozilla/5.0 (Windows NT 6.1; WOW64; Trident/7.0; rv:11.0) like Gecko"
178.165.129.64 - - [30/Nov/2017:10:42:50 +0100] "GET /gui/javascript/form_form.js?1512034970 HTTP/1.1" 200 16206 "http://ed.activities.at/entry.php?id=10271&&ser=34909" "Mozilla/5.0 (Windows NT 6.1; WOW64; Trident/7.0; rv:11.0) like Gecko"
213.86.241.133 - - [30/Nov/2017:10:43:05 +0100] "GET /entry.php?id=10271&&ser=34925 HTTP/1.1" 200 986 "http://easydrivers.activities.at/entry.php?id=10271&&ser=34865" "Mozilla/5.0 (Windows NT 10.0; WOW64; Trident/7.0; rv:11.0) like Gecko"
213.86.241.133 - - [30/Nov/2017:10:43:05 +0100] "GET /gui/javascript/form_form.js?1512034985 HTTP/1.1" 200 16206 "http://easydrivers.activities.at/entry.php?id=10271&&ser=34925" "Mozilla/5.0 (Windows NT 10.0; WOW64; Trident/7.0; rv:11.0) like Gecko"
178.165.129.64 - - [30/Nov/2017:10:43:50 +0100] "GET /entry.php?id=10271&&ser=34970 HTTP/1.1" 200 986 "http://ed.activities.at/entry.php?id=10271&&ser=34909" "Mozilla/5.0 (Windows NT 6.1; WOW64; Trident/7.0; rv:11.0) like Gecko"
178.165.129.64 - - [30/Nov/2017:10:43:50 +0100] "GET /gui/javascript/form_form.js?1512035030 HTTP/1.1" 200 16206 "http://ed.activities.at/entry.php?id=10271&&ser=34970" "Mozilla/5.0 (Windows NT 6.1; WOW64; Trident/7.0; rv:11.0) like Gecko"
213.86.241.133 - - [30/Nov/2017:10:44:05 +0100] "GET /entry.php?id=10271&&ser=34985 HTTP/1.1" 200 987 "http://easydrivers.activities.at/entry.php?id=10271&&ser=34925" "Mozilla/5.0 (Windows NT 10.0; WOW64; Trident/7.0; rv:11.0) like Gecko"
213.86.241.133 - - [30/Nov/2017:10:44:06 +0100] "GET /gui/javascript/form_form.js?1512035046 HTTP/1.1" 200 16206 "http://easydrivers.activities.at/entry.php?id=10271&&ser=34985" "Mozilla/5.0 (Windows NT 10.0; WOW64; Trident/7.0; rv:11.0) like Gecko"
178.165.129.64 - - [30/Nov/2017:10:44:51 +0100] "GET /entry.php?id=10271&&ser=35030 HTTP/1.1" 200 986 "http://ed.activities.at/entry.php?id=10271&&ser=34970" "Mozilla/5.0 (Windows NT 6.1; WOW64; Trident/7.0; rv:11.0) like Gecko"
178.165.129.64 - - [30/Nov/2017:10:44:51 +0100] "GET /gui/javascript/form_form.js?1512035091 HTTP/1.1" 200 16206 "http://ed.activities.at/entry.php?id=10271&&ser=35030" "Mozilla/5.0 (Windows NT 6.1; WOW64; Trident/7.0; rv:11.0) like Gecko"
213.86.241.133 - - [30/Nov/2017:10:45:06 +0100] "GET /entry.php?id=10271&&ser=35046 HTTP/1.1" 200 986 "http://easydrivers.activities.at/entry.php?id=10271&&ser=34985" "Mozilla/5.0 (Windows NT 10.0; WOW64; Trident/7.0; rv:11.0) like Gecko"
213.86.241.133 - - [30/Nov/2017:10:45:06 +0100] "GET /gui/javascript/form_form.js?1512035106 HTTP/1.1" 200 16206 "http://easydrivers.activities.at/entry.php?id=10271&&ser=35046" "Mozilla/5.0 (Windows NT 10.0; WOW64; Trident/7.0; rv:11.0) like Gecko"
178.165.129.64 - - [30/Nov/2017:10:45:51 +0100] "GET /entry.php?id=10271&&ser=35091 HTTP/1.1" 200 988 "http://ed.activities.at/entry.php?id=10271&&ser=35030" "Mozilla/5.0 (Windows NT 6.1; WOW64; Trident/7.0; rv:11.0) like Gecko"
178.165.129.64 - - [30/Nov/2017:10:45:52 +0100] "GET /gui/javascript/form_form.js?1512035152 HTTP/1.1" 200 16206 "http://ed.activities.at/entry.php?id=10271&&ser=35091" "Mozilla/5.0 (Windows NT 6.1; WOW64; Trident/7.0; rv:11.0) like Gecko"
81.10.228.170 - - [30/Nov/2017:10:45:54 +0100] "GET /layout.php HTTP/1.1" 200 916 "-" "Mozilla/5.0 (Windows NT 10.0; Trident/7.0; rv:11.0) like Gecko"
81.10.228.170 - - [30/Nov/2017:10:45:55 +0100] "GET /entry.php?id=10270 HTTP/1.1" 200 909 "http://easydrivers.activities.at/layout.php" "Mozilla/5.0 (Windows NT 10.0; Trident/7.0; rv:11.0) like Gecko"
81.10.228.170 - - [30/Nov/2017:10:45:55 +0100] "GET /entry.php?id=10273 HTTP/1.1" 200 1933 "http://easydrivers.activities.at/layout.php" "Mozilla/5.0 (Windows NT 10.0; Trident/7.0; rv:11.0) like Gecko"
81.10.228.170 - - [30/Nov/2017:10:45:55 +0100] "GET /entry.php?id=10272 HTTP/1.1" 200 1188 "http://easydrivers.activities.at/layout.php" "Mozilla/5.0 (Windows NT 10.0; Trident/7.0; rv:11.0) like Gecko"
81.10.228.170 - - [30/Nov/2017:10:45:55 +0100] "GET /entry.php?id=11412 HTTP/1.1" 200 1759 "http://easydrivers.activities.at/layout.php" "Mozilla/5.0 (Windows NT 10.0; Trident/7.0; rv:11.0) like Gecko"
81.10.228.170 - - [30/Nov/2017:10:45:56 +0100] "GET /gui/javascript/form_form.js?1512035155 HTTP/1.1" 200 16206 "http://easydrivers.activities.at/entry.php?id=10273" "Mozilla/5.0 (Windows NT 10.0; Trident/7.0; rv:11.0) like Gecko"
81.10.228.170 - - [30/Nov/2017:10:45:57 +0100] "GET /entry.php?id=10287 HTTP/1.1" 200 2414 "http://easydrivers.activities.at/entry.php?id=11412" "Mozilla/5.0 (Windows NT 10.0; Trident/7.0; rv:11.0) like Gecko"
81.10.228.170 - - [30/Nov/2017:10:45:57 +0100] "GET /entry.php?id=10271&UIN=89bc3ae859e3b8ed761a005e0d0bca4c HTTP/1.1" 200 935 "http://easydrivers.activities.at/entry.php?id=10272" "Mozilla/5.0 (Windows NT 10.0; Trident/7.0; rv:11.0) like Gecko"
81.10.228.170 - - [30/Nov/2017:10:45:57 +0100] "GET /gui/javascript/form_form.js?1512035157 HTTP/1.1" 200 16206 "http://easydrivers.activities.at/entry.php?id=10287" "Mozilla/5.0 (Windows NT 10.0; Trident/7.0; rv:11.0) like Gecko"
81.10.228.170 - - [30/Nov/2017:10:45:59 +0100] "GET /entry.php?id=10270& HTTP/1.1" 200 909 "http://easydrivers.activities.at/layout.php" "Mozilla/5.0 (Windows NT 10.0; Trident/7.0; rv:11.0) like Gecko"
81.10.228.170 - - [30/Nov/2017:10:45:58 +0100] "GET /entry.php?id=10273& HTTP/1.1" 200 1901 "http://easydrivers.activities.at/layout.php" "Mozilla/5.0 (Windows NT 10.0; Trident/7.0; rv:11.0) like Gecko"
81.10.228.170 - - [30/Nov/2017:10:45:59 +0100] "GET /gui/javascript/form_form.js?1512035159 HTTP/1.1" 200 16206 "http://easydrivers.activities.at/entry.php?id=10273&" "Mozilla/5.0 (Windows NT 10.0; Trident/7.0; rv:11.0) like Gecko"
213.86.241.133 - - [30/Nov/2017:10:46:06 +0100] "GET /entry.php?id=10271&&ser=35106 HTTP/1.1" 200 987 "http://easydrivers.activities.at/entry.php?id=10271&&ser=35046" "Mozilla/5.0 (Windows NT 10.0; WOW64; Trident/7.0; rv:11.0) like Gecko"
213.86.241.133 - - [30/Nov/2017:10:46:06 +0100] "GET /gui/javascript/form_form.js?1512035166 HTTP/1.1" 200 16206 "http://easydrivers.activities.at/entry.php?id=10271&&ser=35106" "Mozilla/5.0 (Windows NT 10.0; WOW64; Trident/7.0; rv:11.0) like Gecko"
178.165.129.64 - - [30/Nov/2017:10:46:52 +0100] "GET /entry.php?id=10271&&ser=35152 HTTP/1.1" 200 988 "http://ed.activities.at/entry.php?id=10271&&ser=35091" "Mozilla/5.0 (Windows NT 6.1; WOW64; Trident/7.0; rv:11.0) like Gecko"
178.165.129.64 - - [30/Nov/2017:10:46:53 +0100] "GET /gui/javascript/form_form.js?1512035213 HTTP/1.1" 200 16206 "http://ed.activities.at/entry.php?id=10271&&ser=35152" "Mozilla/5.0 (Windows NT 6.1; WOW64; Trident/7.0; rv:11.0) like Gecko"
213.86.241.133 - - [30/Nov/2017:10:47:07 +0100] "GET /entry.php?id=10271&&ser=35166 HTTP/1.1" 200 987 "http://easydrivers.activities.at/entry.php?id=10271&&ser=35106" "Mozilla/5.0 (Windows NT 10.0; WOW64; Trident/7.0; rv:11.0) like Gecko"
213.86.241.133 - - [30/Nov/2017:10:47:07 +0100] "GET /gui/javascript/form_form.js?1512035227 HTTP/1.1" 200 16206 "http://easydrivers.activities.at/entry.php?id=10271&&ser=35166" "Mozilla/5.0 (Windows NT 10.0; WOW64; Trident/7.0; rv:11.0) like Gecko"
178.165.129.64 - - [30/Nov/2017:10:47:53 +0100] "GET /entry.php?id=10271&&ser=35213 HTTP/1.1" 200 987 "http://ed.activities.at/entry.php?id=10271&&ser=35152" "Mozilla/5.0 (Windows NT 6.1; WOW64; Trident/7.0; rv:11.0) like Gecko"
178.165.129.64 - - [30/Nov/2017:10:47:54 +0100] "GET /gui/javascript/form_form.js?1512035273 HTTP/1.1" 200 16206 "http://ed.activities.at/entry.php?id=10271&&ser=35213" "Mozilla/5.0 (Windows NT 6.1; WOW64; Trident/7.0; rv:11.0) like Gecko"
213.86.241.133 - - [30/Nov/2017:10:48:07 +0100] "GET /entry.php?id=10271&&ser=35227 HTTP/1.1" 200 987 "http://easydrivers.activities.at/entry.php?id=10271&&ser=35166" "Mozilla/5.0 (Windows NT 10.0; WOW64; Trident/7.0; rv:11.0) like Gecko"
213.86.241.133 - - [30/Nov/2017:10:48:07 +0100] "GET /gui/javascript/form_form.js?1512035287 HTTP/1.1" 200 16206 "http://easydrivers.activities.at/entry.php?id=10271&&ser=35227" "Mozilla/5.0 (Windows NT 10.0; WOW64; Trident/7.0; rv:11.0) like Gecko"
81.10.228.170 - - [30/Nov/2017:10:48:30 +0100] "POST /entry.php?id=10287& HTTP/1.1" 200 2279 "http://easydrivers.activities.at/entry.php?id=10287" "Mozilla/5.0 (Windows NT 10.0; Trident/7.0; rv:11.0) like Gecko"
81.10.228.170 - - [30/Nov/2017:10:48:30 +0100] "GET /gui/javascript/form_form.js?1512035310 HTTP/1.1" 200 16206 "http://easydrivers.activities.at/entry.php?id=10287&" "Mozilla/5.0 (Windows NT 10.0; Trident/7.0; rv:11.0) like Gecko"
81.10.228.170 - - [30/Nov/2017:10:48:31 +0100] "GET /entry.php?id=10273& HTTP/1.1" 200 2028 "http://easydrivers.activities.at/layout.php" "Mozilla/5.0 (Windows NT 10.0; Trident/7.0; rv:11.0) like Gecko"
81.10.228.170 - - [30/Nov/2017:10:48:31 +0100] "GET /gui/javascript/form_form.js?1512035311 HTTP/1.1" 200 16206 "http://easydrivers.activities.at/entry.php?id=10273&" "Mozilla/5.0 (Windows NT 10.0; Trident/7.0; rv:11.0) like Gecko"
81.10.228.170 - - [30/Nov/2017:10:48:31 +0100] "GET /entry.php?id=10271&UIN=89bc3ae859e3b8ed761a005e0d0bca4c HTTP/1.1" 200 987 "http://easydrivers.activities.at/entry.php?id=10272" "Mozilla/5.0 (Windows NT 10.0; Trident/7.0; rv:11.0) like Gecko"
81.10.228.170 - - [30/Nov/2017:10:48:32 +0100] "GET /gui/javascript/jquery/css/gui-themes/custom.min.css HTTP/1.1" 304 - "http://easydrivers.activities.at/entry.php?id=10271&UIN=89bc3ae859e3b8ed761a005e0d0bca4c" "Mozilla/5.0 (Windows NT 10.0; Trident/7.0; rv:11.0) like Gecko"
81.10.228.170 - - [30/Nov/2017:10:48:32 +0100] "GET /gui/javascript/jquery/css/gui-themes/ui.spinner.css HTTP/1.1" 304 - "http://easydrivers.activities.at/entry.php?id=10271&UIN=89bc3ae859e3b8ed761a005e0d0bca4c" "Mozilla/5.0 (Windows NT 10.0; Trident/7.0; rv:11.0) like Gecko"
81.10.228.170 - - [30/Nov/2017:10:48:32 +0100] "GET /framework/webfx/style/toolbar/images/cbback.gif HTTP/1.1" 404 318 "http://easydrivers.activities.at/entry.php?id=10273&" "Mozilla/5.0 (Windows NT 10.0; Trident/7.0; rv:11.0) like Gecko"
81.10.228.170 - - [30/Nov/2017:10:48:32 +0100] "GET /gui/javascript/jquery/css/gui-themes/jquery.tooltip.css HTTP/1.1" 304 - "http://easydrivers.activities.at/entry.php?id=10271&UIN=89bc3ae859e3b8ed761a005e0d0bca4c" "Mozilla/5.0 (Windows NT 10.0; Trident/7.0; rv:11.0) like Gecko"
81.10.228.170 - - [30/Nov/2017:10:48:32 +0100] "GET /entry.php?id=10270&__app__=10006038 HTTP/1.1" 200 1650 "http://easydrivers.activities.at/layout.php" "Mozilla/5.0 (Windows NT 10.0; Trident/7.0; rv:11.0) like Gecko"
81.10.228.170 - - [30/Nov/2017:10:48:32 +0100] "GET /gui/styles/tmplDefault.css HTTP/1.1" 304 - "http://easydrivers.activities.at/entry.php?id=10271&UIN=89bc3ae859e3b8ed761a005e0d0bca4c" "Mozilla/5.0 (Windows NT 10.0; Trident/7.0; rv:11.0) like Gecko"
81.10.228.170 - - [30/Nov/2017:10:48:32 +0100] "GET /gui/javascript/form_form.js?1512035311 HTTP/1.1" 304 - "http://easydrivers.activities.at/entry.php?id=10271&UIN=89bc3ae859e3b8ed761a005e0d0bca4c" "Mozilla/5.0 (Windows NT 10.0; Trident/7.0; rv:11.0) like Gecko"
81.10.228.170 - - [30/Nov/2017:10:48:32 +0100] "GET /gui/javascript/form_form.js?1512035312 HTTP/1.1" 200 16206 "http://easydrivers.activities.at/entry.php?id=10270&__app__=10006038" "Mozilla/5.0 (Windows NT 10.0; Trident/7.0; rv:11.0) like Gecko"
81.10.228.170 - - [30/Nov/2017:10:48:32 +0100] "GET /gui/javascript/jquery/js/jquery-1.8.2.js HTTP/1.1" 304 - "http://easydrivers.activities.at/entry.php?id=10271&UIN=89bc3ae859e3b8ed761a005e0d0bca4c" "Mozilla/5.0 (Windows NT 10.0; Trident/7.0; rv:11.0) like Gecko"
81.10.228.170 - - [30/Nov/2017:10:48:33 +0100] "GET /gui/javascript/jquery/js/jquery-ui-1.9.0.custom.min.js HTTP/1.1" 304 - "http://easydrivers.activities.at/entry.php?id=10271&UIN=89bc3ae859e3b8ed761a005e0d0bca4c" "Mozilla/5.0 (Windows NT 10.0; Trident/7.0; rv:11.0) like Gecko"
81.10.228.170 - - [30/Nov/2017:10:48:33 +0100] "GET /undefined HTTP/1.1" 404 288 "http://easydrivers.activities.at/entry.php?id=10270&__app__=10006038" "Mozilla/5.0 (Windows NT 10.0; Trident/7.0; rv:11.0) like Gecko"
81.10.228.170 - - [30/Nov/2017:10:48:33 +0100] "GET /gui/javascript/jquery/jquery-tooltip/jquery.tooltip.min.js HTTP/1.1" 304 - "http://easydrivers.activities.at/entry.php?id=10271&UIN=89bc3ae859e3b8ed761a005e0d0bca4c" "Mozilla/5.0 (Windows NT 10.0; Trident/7.0; rv:11.0) like Gecko"
178.165.129.64 - - [30/Nov/2017:10:48:54 +0100] "GET /entry.php?id=10271&&ser=35273 HTTP/1.1" 200 988 "http://ed.activities.at/entry.php?id=10271&&ser=35213" "Mozilla/5.0 (Windows NT 6.1; WOW64; Trident/7.0; rv:11.0) like Gecko"
178.165.129.64 - - [30/Nov/2017:10:48:54 +0100] "GET /gui/javascript/form_form.js?1512035334 HTTP/1.1" 200 16206 "http://ed.activities.at/entry.php?id=10271&&ser=35273" "Mozilla/5.0 (Windows NT 6.1; WOW64; Trident/7.0; rv:11.0) like Gecko"
81.10.228.170 - - [30/Nov/2017:10:48:58 +0100] "POST /entry.php?id=10287& HTTP/1.1" 200 2247 "http://easydrivers.activities.at/entry.php?id=10287&" "Mozilla/5.0 (Windows NT 10.0; Trident/7.0; rv:11.0) like Gecko"
81.10.228.170 - - [30/Nov/2017:10:48:58 +0100] "GET /gui/javascript/form_form.js?1512035338 HTTP/1.1" 200 16206 "http://easydrivers.activities.at/entry.php?id=10287&" "Mozilla/5.0 (Windows NT 10.0; Trident/7.0; rv:11.0) like Gecko"
81.10.228.170 - - [30/Nov/2017:10:48:59 +0100] "GET /entry.php?id=10271&UIN=89bc3ae859e3b8ed761a005e0d0bca4c HTTP/1.1" 200 988 "http://easydrivers.activities.at/entry.php?id=10272" "Mozilla/5.0 (Windows NT 10.0; Trident/7.0; rv:11.0) like Gecko"
81.10.228.170 - - [30/Nov/2017:10:48:59 +0100] "GET /gui/javascript/jquery/css/gui-themes/custom.min.css HTTP/1.1" 304 - "http://easydrivers.activities.at/entry.php?id=10271&UIN=89bc3ae859e3b8ed761a005e0d0bca4c" "Mozilla/5.0 (Windows NT 10.0; Trident/7.0; rv:11.0) like Gecko"
81.10.228.170 - - [30/Nov/2017:10:48:59 +0100] "GET /gui/javascript/jquery/css/gui-themes/ui.spinner.css HTTP/1.1" 304 - "http://easydrivers.activities.at/entry.php?id=10271&UIN=89bc3ae859e3b8ed761a005e0d0bca4c" "Mozilla/5.0 (Windows NT 10.0; Trident/7.0; rv:11.0) like Gecko"
81.10.228.170 - - [30/Nov/2017:10:48:59 +0100] "GET /gui/javascript/jquery/css/gui-themes/jquery.tooltip.css HTTP/1.1" 304 - "http://easydrivers.activities.at/entry.php?id=10271&UIN=89bc3ae859e3b8ed761a005e0d0bca4c" "Mozilla/5.0 (Windows NT 10.0; Trident/7.0; rv:11.0) like Gecko"
81.10.228.170 - - [30/Nov/2017:10:48:59 +0100] "GET /gui/styles/tmplDefault.css HTTP/1.1" 304 - "http://easydrivers.activities.at/entry.php?id=10271&UIN=89bc3ae859e3b8ed761a005e0d0bca4c" "Mozilla/5.0 (Windows NT 10.0; Trident/7.0; rv:11.0) like Gecko"
81.10.228.170 - - [30/Nov/2017:10:48:59 +0100] "GET /gui/javascript/form_form.js?1512035339 HTTP/1.1" 200 16206 "http://easydrivers.activities.at/entry.php?id=10271&UIN=89bc3ae859e3b8ed761a005e0d0bca4c" "Mozilla/5.0 (Windows NT 10.0; Trident/7.0; rv:11.0) like Gecko"
81.10.228.170 - - [30/Nov/2017:10:49:00 +0100] "GET /gui/javascript/jquery/js/jquery-1.8.2.js HTTP/1.1" 304 - "http://easydrivers.activities.at/entry.php?id=10271&UIN=89bc3ae859e3b8ed761a005e0d0bca4c" "Mozilla/5.0 (Windows NT 10.0; Trident/7.0; rv:11.0) like Gecko"
81.10.228.170 - - [30/Nov/2017:10:49:00 +0100] "GET /gui/javascript/jquery/js/jquery-ui-1.9.0.custom.min.js HTTP/1.1" 304 - "http://easydrivers.activities.at/entry.php?id=10271&UIN=89bc3ae859e3b8ed761a005e0d0bca4c" "Mozilla/5.0 (Windows NT 10.0; Trident/7.0; rv:11.0) like Gecko"
81.10.228.170 - - [30/Nov/2017:10:49:00 +0100] "GET /gui/javascript/jquery/jquery-tooltip/jquery.tooltip.min.js HTTP/1.1" 304 - "http://easydrivers.activities.at/entry.php?id=10271&UIN=89bc3ae859e3b8ed761a005e0d0bca4c" "Mozilla/5.0 (Windows NT 10.0; Trident/7.0; rv:11.0) like Gecko"
81.10.228.170 - - [30/Nov/2017:10:49:06 +0100] "GET /entry.php?id=11673 HTTP/1.1" 200 358 "http://easydrivers.activities.at/entry.php?id=11412" "Mozilla/5.0 (Windows NT 10.0; Trident/7.0; rv:11.0) like Gecko"
81.10.228.170 - - [30/Nov/2017:10:49:07 +0100] "GET /entry.php?id=10676&&title=F\xfchrerscheinkurse HTTP/1.1" 200 1395 "http://easydrivers.activities.at/entry.php?id=11673" "Mozilla/5.0 (Windows NT 10.0; Trident/7.0; rv:11.0) like Gecko"
81.10.228.170 - - [30/Nov/2017:10:49:07 +0100] "GET /gui/javascript/form_form.js?1512035347 HTTP/1.1" 200 16206 "http://easydrivers.activities.at/entry.php?id=10676&&title=F%C3%BChrerscheinkurse" "Mozilla/5.0 (Windows NT 10.0; Trident/7.0; rv:11.0) like Gecko"
213.86.241.133 - - [30/Nov/2017:10:49:07 +0100] "GET /entry.php?id=10271&&ser=35287 HTTP/1.1" 200 987 "http://easydrivers.activities.at/entry.php?id=10271&&ser=35227" "Mozilla/5.0 (Windows NT 10.0; WOW64; Trident/7.0; rv:11.0) like Gecko"
213.86.241.133 - - [30/Nov/2017:10:49:08 +0100] "GET /gui/javascript/form_form.js?1512035348 HTTP/1.1" 200 16206 "http://easydrivers.activities.at/entry.php?id=10271&&ser=35287" "Mozilla/5.0 (Windows NT 10.0; WOW64; Trident/7.0; rv:11.0) like Gecko"
81.10.228.170 - - [30/Nov/2017:10:49:07 +0100] "GET /entry.php?id=11694& HTTP/1.1" 200 3520 "http://easydrivers.activities.at/entry.php?id=11673" "Mozilla/5.0 (Windows NT 10.0; Trident/7.0; rv:11.0) like Gecko"
81.10.228.170 - - [30/Nov/2017:10:49:08 +0100] "GET /gui/javascript/form_form.js?1512035348 HTTP/1.1" 200 16206 "http://easydrivers.activities.at/entry.php?id=11694&" "Mozilla/5.0 (Windows NT 10.0; Trident/7.0; rv:11.0) like Gecko"
81.10.228.170 - - [30/Nov/2017:10:49:08 +0100] "GET /activities/framework/KoolControls/KoolAjax/koolajax.php?8436e354c842500aba3cbaf0584c0c24 HTTP/1.1" 200 4079 "http://easydrivers.activities.at/entry.php?id=11694&" "Mozilla/5.0 (Windows NT 10.0; Trident/7.0; rv:11.0) like Gecko"
81.10.228.170 - - [30/Nov/2017:10:49:07 +0100] "GET /entry.php?id=11671& HTTP/1.1" 200 4537 "http://easydrivers.activities.at/entry.php?id=11673" "Mozilla/5.0 (Windows NT 10.0; Trident/7.0; rv:11.0) like Gecko"
81.10.228.170 - - [30/Nov/2017:10:49:07 +0100] "GET /entry.php?id=11672& HTTP/1.1" 200 2691 "http://easydrivers.activities.at/entry.php?id=11673" "Mozilla/5.0 (Windows NT 10.0; Trident/7.0; rv:11.0) like Gecko"
81.10.228.170 - - [30/Nov/2017:10:49:09 +0100] "GET /activities/framework/KoolControls/KoolTreeView/kooltreeview.php?c7cd9180e88ffef8e70f13526bb4f5f7 HTTP/1.1" 200 5055 "http://easydrivers.activities.at/entry.php?id=11694&" "Mozilla/5.0 (Windows NT 10.0; Trident/7.0; rv:11.0) like Gecko"
81.10.228.170 - - [30/Nov/2017:10:49:10 +0100] "GET /gui/javascript/form_form.js?1512035349 HTTP/1.1" 200 16206 "http://easydrivers.activities.at/entry.php?id=11672&" "Mozilla/5.0 (Windows NT 10.0; Trident/7.0; rv:11.0) like Gecko"
81.10.228.170 - - [30/Nov/2017:10:49:09 +0100] "GET /entry.php?id=10776&form=11496&name=list& HTTP/1.1" 200 1526 "http://easydrivers.activities.at/entry.php?id=11671&" "Mozilla/5.0 (Windows NT 10.0; Trident/7.0; rv:11.0) like Gecko"
81.10.228.170 - - [30/Nov/2017:10:49:09 +0100] "GET /entry.php?id=10778&form=11496&name=list& HTTP/1.1" 200 2493 "http://easydrivers.activities.at/entry.php?id=11671&" "Mozilla/5.0 (Windows NT 10.0; Trident/7.0; rv:11.0) like Gecko"
81.10.228.170 - - [30/Nov/2017:10:49:11 +0100] "GET /entry.php?id=10778&form=11497&name=list& HTTP/1.1" 200 11931 "http://easydrivers.activities.at/entry.php?id=11672&" "Mozilla/5.0 (Windows NT 10.0; Trident/7.0; rv:11.0) like Gecko"
81.10.228.170 - - [30/Nov/2017:10:49:11 +0100] "GET /entry.php?id=10776&form=11497&name=list& HTTP/1.1" 200 1942 "http://easydrivers.activities.at/entry.php?id=11672&" "Mozilla/5.0 (Windows NT 10.0; Trident/7.0; rv:11.0) like Gecko"
81.10.228.170 - - [30/Nov/2017:10:49:24 +0100] "POST /entry.php?id=11672 HTTP/1.1" 200 2700 "http://easydrivers.activities.at/entry.php?id=11672&" "Mozilla/5.0 (Windows NT 10.0; Trident/7.0; rv:11.0) like Gecko"
81.10.228.170 - - [30/Nov/2017:10:49:24 +0100] "GET /gui/javascript/form_form.js?1512035364 HTTP/1.1" 200 16206 "http://easydrivers.activities.at/entry.php?id=11672" "Mozilla/5.0 (Windows NT 10.0; Trident/7.0; rv:11.0) like Gecko"
81.10.228.170 - - [30/Nov/2017:10:49:25 +0100] "GET /entry.php?id=10778&form=11497&name=list& HTTP/1.1" 200 6962 "http://easydrivers.activities.at/entry.php?id=11672" "Mozilla/5.0 (Windows NT 10.0; Trident/7.0; rv:11.0) like Gecko"
81.10.228.170 - - [30/Nov/2017:10:49:25 +0100] "GET /entry.php?id=10776&form=11497&name=list& HTTP/1.1" 200 1942 "http://easydrivers.activities.at/entry.php?id=11672" "Mozilla/5.0 (Windows NT 10.0; Trident/7.0; rv:11.0) like Gecko"
178.165.129.64 - - [30/Nov/2017:10:49:55 +0100] "GET /entry.php?id=10271&&ser=35334 HTTP/1.1" 200 988 "http://ed.activities.at/entry.php?id=10271&&ser=35273" "Mozilla/5.0 (Windows NT 6.1; WOW64; Trident/7.0; rv:11.0) like Gecko"
178.165.129.64 - - [30/Nov/2017:10:49:55 +0100] "GET /gui/javascript/form_form.js?1512035395 HTTP/1.1" 200 16206 "http://ed.activities.at/entry.php?id=10271&&ser=35334" "Mozilla/5.0 (Windows NT 6.1; WOW64; Trident/7.0; rv:11.0) like Gecko"
81.10.228.170 - - [30/Nov/2017:10:50:00 +0100] "GET /entry.php?id=10271&&ser=35339 HTTP/1.1" 200 987 "http://easydrivers.activities.at/entry.php?id=10271&UIN=89bc3ae859e3b8ed761a005e0d0bca4c" "Mozilla/5.0 (Windows NT 10.0; Trident/7.0; rv:11.0) like Gecko"
81.10.228.170 - - [30/Nov/2017:10:50:00 +0100] "GET /gui/javascript/form_form.js?1512035400 HTTP/1.1" 200 16206 "http://easydrivers.activities.at/entry.php?id=10271&&ser=35339" "Mozilla/5.0 (Windows NT 10.0; Trident/7.0; rv:11.0) like Gecko"
213.86.241.133 - - [30/Nov/2017:10:50:08 +0100] "GET /entry.php?id=10271&&ser=35348 HTTP/1.1" 200 987 "http://easydrivers.activities.at/entry.php?id=10271&&ser=35287" "Mozilla/5.0 (Windows NT 10.0; WOW64; Trident/7.0; rv:11.0) like Gecko"
213.86.241.133 - - [30/Nov/2017:10:50:08 +0100] "GET /gui/javascript/form_form.js?1512035408 HTTP/1.1" 200 16206 "http://easydrivers.activities.at/entry.php?id=10271&&ser=35348" "Mozilla/5.0 (Windows NT 10.0; WOW64; Trident/7.0; rv:11.0) like Gecko"
178.165.129.64 - - [30/Nov/2017:10:50:55 +0100] "GET /entry.php?id=10271&&ser=35395 HTTP/1.1" 200 988 "http://ed.activities.at/entry.php?id=10271&&ser=35334" "Mozilla/5.0 (Windows NT 6.1; WOW64; Trident/7.0; rv:11.0) like Gecko"
178.165.129.64 - - [30/Nov/2017:10:50:56 +0100] "GET /gui/javascript/form_form.js?1512035456 HTTP/1.1" 200 16206 "http://ed.activities.at/entry.php?id=10271&&ser=35395" "Mozilla/5.0 (Windows NT 6.1; WOW64; Trident/7.0; rv:11.0) like Gecko"
81.10.228.170 - - [30/Nov/2017:10:51:01 +0100] "GET /entry.php?id=10271&&ser=35400 HTTP/1.1" 200 986 "http://easydrivers.activities.at/entry.php?id=10271&&ser=35339" "Mozilla/5.0 (Windows NT 10.0; Trident/7.0; rv:11.0) like Gecko"
81.10.228.170 - - [30/Nov/2017:10:51:02 +0100] "GET /gui/javascript/form_form.js?1512035461 HTTP/1.1" 200 16206 "http://easydrivers.activities.at/entry.php?id=10271&&ser=35400" "Mozilla/5.0 (Windows NT 10.0; Trident/7.0; rv:11.0) like Gecko"
213.86.241.133 - - [30/Nov/2017:10:51:08 +0100] "GET /entry.php?id=10271&&ser=35408 HTTP/1.1" 200 987 "http://easydrivers.activities.at/entry.php?id=10271&&ser=35348" "Mozilla/5.0 (Windows NT 10.0; WOW64; Trident/7.0; rv:11.0) like Gecko"
213.86.241.133 - - [30/Nov/2017:10:51:08 +0100] "GET /gui/javascript/form_form.js?1512035468 HTTP/1.1" 200 16206 "http://easydrivers.activities.at/entry.php?id=10271&&ser=35408" "Mozilla/5.0 (Windows NT 10.0; WOW64; Trident/7.0; rv:11.0) like Gecko"
178.165.129.64 - - [30/Nov/2017:10:51:56 +0100] "GET /entry.php?id=10271&&ser=35456 HTTP/1.1" 200 988 "http://ed.activities.at/entry.php?id=10271&&ser=35395" "Mozilla/5.0 (Windows NT 6.1; WOW64; Trident/7.0; rv:11.0) like Gecko"
178.165.129.64 - - [30/Nov/2017:10:51:56 +0100] "GET /gui/javascript/form_form.js?1512035516 HTTP/1.1" 200 16206 "http://ed.activities.at/entry.php?id=10271&&ser=35456" "Mozilla/5.0 (Windows NT 6.1; WOW64; Trident/7.0; rv:11.0) like Gecko"
81.10.228.170 - - [30/Nov/2017:10:52:02 +0100] "GET /entry.php?id=10271&&ser=35461 HTTP/1.1" 200 987 "http://easydrivers.activities.at/entry.php?id=10271&&ser=35400" "Mozilla/5.0 (Windows NT 10.0; Trident/7.0; rv:11.0) like Gecko"
81.10.228.170 - - [30/Nov/2017:10:52:02 +0100] "GET /gui/javascript/form_form.js?1512035522 HTTP/1.1" 200 16206 "http://easydrivers.activities.at/entry.php?id=10271&&ser=35461" "Mozilla/5.0 (Windows NT 10.0; Trident/7.0; rv:11.0) like Gecko"
213.86.241.133 - - [30/Nov/2017:10:52:09 +0100] "GET /entry.php?id=10271&&ser=35468 HTTP/1.1" 200 987 "http://easydrivers.activities.at/entry.php?id=10271&&ser=35408" "Mozilla/5.0 (Windows NT 10.0; WOW64; Trident/7.0; rv:11.0) like Gecko"
213.86.241.133 - - [30/Nov/2017:10:52:09 +0100] "GET /gui/javascript/form_form.js?1512035529 HTTP/1.1" 200 16206 "http://easydrivers.activities.at/entry.php?id=10271&&ser=35468" "Mozilla/5.0 (Windows NT 10.0; WOW64; Trident/7.0; rv:11.0) like Gecko"
178.165.129.64 - - [30/Nov/2017:10:52:57 +0100] "GET /entry.php?id=10271&&ser=35516 HTTP/1.1" 200 988 "http://ed.activities.at/entry.php?id=10271&&ser=35456" "Mozilla/5.0 (Windows NT 6.1; WOW64; Trident/7.0; rv:11.0) like Gecko"
178.165.129.64 - - [30/Nov/2017:10:52:57 +0100] "GET /gui/javascript/form_form.js?1512035577 HTTP/1.1" 200 16206 "http://ed.activities.at/entry.php?id=10271&&ser=35516" "Mozilla/5.0 (Windows NT 6.1; WOW64; Trident/7.0; rv:11.0) like Gecko"
81.10.228.170 - - [30/Nov/2017:10:53:03 +0100] "GET /entry.php?id=10271&&ser=35522 HTTP/1.1" 200 988 "http://easydrivers.activities.at/entry.php?id=10271&&ser=35461" "Mozilla/5.0 (Windows NT 10.0; Trident/7.0; rv:11.0) like Gecko"
81.10.228.170 - - [30/Nov/2017:10:53:03 +0100] "GET /gui/javascript/form_form.js?1512035583 HTTP/1.1" 200 16206 "http://easydrivers.activities.at/entry.php?id=10271&&ser=35522" "Mozilla/5.0 (Windows NT 10.0; Trident/7.0; rv:11.0) like Gecko"
213.86.241.133 - - [30/Nov/2017:10:53:09 +0100] "GET /entry.php?id=10271&&ser=35529 HTTP/1.1" 200 988 "http://easydrivers.activities.at/entry.php?id=10271&&ser=35468" "Mozilla/5.0 (Windows NT 10.0; WOW64; Trident/7.0; rv:11.0) like Gecko"
213.86.241.133 - - [30/Nov/2017:10:53:09 +0100] "GET /gui/javascript/form_form.js?1512035589 HTTP/1.1" 200 16206 "http://easydrivers.activities.at/entry.php?id=10271&&ser=35529" "Mozilla/5.0 (Windows NT 10.0; WOW64; Trident/7.0; rv:11.0) like Gecko"
178.165.129.64 - - [30/Nov/2017:10:53:57 +0100] "GET /entry.php?id=10271&&ser=35577 HTTP/1.1" 200 988 "http://ed.activities.at/entry.php?id=10271&&ser=35516" "Mozilla/5.0 (Windows NT 6.1; WOW64; Trident/7.0; rv:11.0) like Gecko"
178.165.129.64 - - [30/Nov/2017:10:53:58 +0100] "GET /gui/javascript/form_form.js?1512035638 HTTP/1.1" 200 16206 "http://ed.activities.at/entry.php?id=10271&&ser=35577" "Mozilla/5.0 (Windows NT 6.1; WOW64; Trident/7.0; rv:11.0) like Gecko"
81.10.228.170 - - [30/Nov/2017:10:54:04 +0100] "GET /entry.php?id=10271&&ser=35583 HTTP/1.1" 200 987 "http://easydrivers.activities.at/entry.php?id=10271&&ser=35522" "Mozilla/5.0 (Windows NT 10.0; Trident/7.0; rv:11.0) like Gecko"
81.10.228.170 - - [30/Nov/2017:10:54:04 +0100] "GET /gui/javascript/form_form.js?1512035644 HTTP/1.1" 200 16206 "http://easydrivers.activities.at/entry.php?id=10271&&ser=35583" "Mozilla/5.0 (Windows NT 10.0; Trident/7.0; rv:11.0) like Gecko"
213.86.241.133 - - [30/Nov/2017:10:54:09 +0100] "GET /entry.php?id=10271&&ser=35589 HTTP/1.1" 200 987 "http://easydrivers.activities.at/entry.php?id=10271&&ser=35529" "Mozilla/5.0 (Windows NT 10.0; WOW64; Trident/7.0; rv:11.0) like Gecko"
213.86.241.133 - - [30/Nov/2017:10:54:10 +0100] "GET /gui/javascript/form_form.js?1512035649 HTTP/1.1" 200 16206 "http://easydrivers.activities.at/entry.php?id=10271&&ser=35589" "Mozilla/5.0 (Windows NT 10.0; WOW64; Trident/7.0; rv:11.0) like Gecko"
178.165.129.64 - - [30/Nov/2017:10:54:58 +0100] "GET /entry.php?id=10271&&ser=35637 HTTP/1.1" 200 986 "http://ed.activities.at/entry.php?id=10271&&ser=35577" "Mozilla/5.0 (Windows NT 6.1; WOW64; Trident/7.0; rv:11.0) like Gecko"
178.165.129.64 - - [30/Nov/2017:10:54:58 +0100] "GET /gui/javascript/form_form.js?1512035698 HTTP/1.1" 200 16206 "http://ed.activities.at/entry.php?id=10271&&ser=35637" "Mozilla/5.0 (Windows NT 6.1; WOW64; Trident/7.0; rv:11.0) like Gecko"
81.10.228.170 - - [30/Nov/2017:10:55:05 +0100] "GET /entry.php?id=10271&&ser=35644 HTTP/1.1" 200 988 "http://easydrivers.activities.at/entry.php?id=10271&&ser=35583" "Mozilla/5.0 (Windows NT 10.0; Trident/7.0; rv:11.0) like Gecko"
81.10.228.170 - - [30/Nov/2017:10:55:08 +0100] "GET /gui/javascript/form_form.js?1512035705 HTTP/1.1" 200 16206 "http://easydrivers.activities.at/entry.php?id=10271&&ser=35644" "Mozilla/5.0 (Windows NT 10.0; Trident/7.0; rv:11.0) like Gecko"
213.86.241.133 - - [30/Nov/2017:10:55:10 +0100] "GET /entry.php?id=10271&&ser=35649 HTTP/1.1" 200 987 "http://easydrivers.activities.at/entry.php?id=10271&&ser=35589" "Mozilla/5.0 (Windows NT 10.0; WOW64; Trident/7.0; rv:11.0) like Gecko"
213.86.241.133 - - [30/Nov/2017:10:55:10 +0100] "GET /gui/javascript/form_form.js?1512035710 HTTP/1.1" 200 16206 "http://easydrivers.activities.at/entry.php?id=10271&&ser=35649" "Mozilla/5.0 (Windows NT 10.0; WOW64; Trident/7.0; rv:11.0) like Gecko"
178.165.129.64 - - [30/Nov/2017:10:55:59 +0100] "GET /entry.php?id=10271&&ser=35698 HTTP/1.1" 200 988 "http://ed.activities.at/entry.php?id=10271&&ser=35637" "Mozilla/5.0 (Windows NT 6.1; WOW64; Trident/7.0; rv:11.0) like Gecko"
178.165.129.64 - - [30/Nov/2017:10:55:59 +0100] "GET /gui/javascript/form_form.js?1512035759 HTTP/1.1" 200 16206 "http://ed.activities.at/entry.php?id=10271&&ser=35698" "Mozilla/5.0 (Windows NT 6.1; WOW64; Trident/7.0; rv:11.0) like Gecko"
81.10.228.170 - - [30/Nov/2017:10:56:09 +0100] "GET /entry.php?id=10271&&ser=35705 HTTP/1.1" 200 987 "http://easydrivers.activities.at/entry.php?id=10271&&ser=35644" "Mozilla/5.0 (Windows NT 10.0; Trident/7.0; rv:11.0) like Gecko"
81.10.228.170 - - [30/Nov/2017:10:56:09 +0100] "GET /gui/javascript/form_form.js?1512035769 HTTP/1.1" 200 16206 "http://easydrivers.activities.at/entry.php?id=10271&&ser=35705" "Mozilla/5.0 (Windows NT 10.0; Trident/7.0; rv:11.0) like Gecko"
213.86.241.133 - - [30/Nov/2017:10:56:10 +0100] "GET /entry.php?id=10271&&ser=35710 HTTP/1.1" 200 987 "http://easydrivers.activities.at/entry.php?id=10271&&ser=35649" "Mozilla/5.0 (Windows NT 10.0; WOW64; Trident/7.0; rv:11.0) like Gecko"
213.86.241.133 - - [30/Nov/2017:10:56:10 +0100] "GET /gui/javascript/form_form.js?1512035770 HTTP/1.1" 200 16206 "http://easydrivers.activities.at/entry.php?id=10271&&ser=35710" "Mozilla/5.0 (Windows NT 10.0; WOW64; Trident/7.0; rv:11.0) like Gecko"
178.165.129.64 - - [30/Nov/2017:10:56:59 +0100] "GET /entry.php?id=10271&&ser=35759 HTTP/1.1" 200 987 "http://ed.activities.at/entry.php?id=10271&&ser=35698" "Mozilla/5.0 (Windows NT 6.1; WOW64; Trident/7.0; rv:11.0) like Gecko"
178.165.129.64 - - [30/Nov/2017:10:57:00 +0100] "GET /gui/javascript/form_form.js?1512035820 HTTP/1.1" 200 16206 "http://ed.activities.at/entry.php?id=10271&&ser=35759" "Mozilla/5.0 (Windows NT 6.1; WOW64; Trident/7.0; rv:11.0) like Gecko"
81.10.228.170 - - [30/Nov/2017:10:57:10 +0100] "GET /entry.php?id=10271&&ser=35769 HTTP/1.1" 200 987 "http://easydrivers.activities.at/entry.php?id=10271&&ser=35705" "Mozilla/5.0 (Windows NT 10.0; Trident/7.0; rv:11.0) like Gecko"
81.10.228.170 - - [30/Nov/2017:10:57:10 +0100] "GET /gui/javascript/form_form.js?1512035830 HTTP/1.1" 200 16206 "http://easydrivers.activities.at/entry.php?id=10271&&ser=35769" "Mozilla/5.0 (Windows NT 10.0; Trident/7.0; rv:11.0) like Gecko"
213.86.241.133 - - [30/Nov/2017:10:57:10 +0100] "GET /entry.php?id=10271&&ser=35770 HTTP/1.1" 200 986 "http://easydrivers.activities.at/entry.php?id=10271&&ser=35710" "Mozilla/5.0 (Windows NT 10.0; WOW64; Trident/7.0; rv:11.0) like Gecko"
213.86.241.133 - - [30/Nov/2017:10:57:11 +0100] "GET /gui/javascript/form_form.js?1512035831 HTTP/1.1" 200 16206 "http://easydrivers.activities.at/entry.php?id=10271&&ser=35770" "Mozilla/5.0 (Windows NT 10.0; WOW64; Trident/7.0; rv:11.0) like Gecko"
81.10.228.170 - - [30/Nov/2017:10:57:25 +0100] "POST /entry.php?id=11671 HTTP/1.1" 200 4613 "http://easydrivers.activities.at/entry.php?id=11671&" "Mozilla/5.0 (Windows NT 10.0; Trident/7.0; rv:11.0) like Gecko"
