90.146.3.54 - - [05/Dec/2017:10:27:58 +0100] "GET /gui/images/icons/website_modified.gif HTTP/1.1" 200 1060 "http://ed.activities.at/entry.php?id=11678&" "Mozilla/5.0 (Windows NT 10.0; Win64; x64) AppleWebKit/537.36 (KHTML, like Gecko) Chrome/62.0.3202.94 Safari/537.36"
90.146.3.54 - - [05/Dec/2017:10:27:58 +0100] "GET /gui/images/icons/square_yellowS.gif HTTP/1.1" 200 541 "http://ed.activities.at/entry.php?id=11678&" "Mozilla/5.0 (Windows NT 10.0; Win64; x64) AppleWebKit/537.36 (KHTML, like Gecko) Chrome/62.0.3202.94 Safari/537.36"
90.146.3.54 - - [05/Dec/2017:10:27:58 +0100] "GET /gui/images/icons/square_greenS.gif HTTP/1.1" 200 541 "http://ed.activities.at/entry.php?id=11678&" "Mozilla/5.0 (Windows NT 10.0; Win64; x64) AppleWebKit/537.36 (KHTML, like Gecko) Chrome/62.0.3202.94 Safari/537.36"
90.146.3.54 - - [05/Dec/2017:10:27:58 +0100] "GET /gui/images/icons/square_greyS.gif HTTP/1.1" 200 342 "http://ed.activities.at/entry.php?id=11678&" "Mozilla/5.0 (Windows NT 10.0; Win64; x64) AppleWebKit/537.36 (KHTML, like Gecko) Chrome/62.0.3202.94 Safari/537.36"
90.146.3.54 - - [05/Dec/2017:10:27:58 +0100] "GET /activities/framework/KoolControls/KoolTreeView/kooltreeview.php?c7cd9180e88ffef8e70f13526bb4f5f7 HTTP/1.1" 200 5055 "http://ed.activities.at/entry.php?id=11678&" "Mozilla/5.0 (Windows NT 10.0; Win64; x64) AppleWebKit/537.36 (KHTML, like Gecko) Chrome/62.0.3202.94 Safari/537.36"
90.146.3.54 - - [05/Dec/2017:10:27:58 +0100] "GET /activities/framework/KoolControls/KoolTreeView/styles/default/pm.gif HTTP/1.1" 200 214 "http://ed.activities.at/activities/framework/KoolControls/KoolTreeView/styles/default/default.css" "Mozilla/5.0 (Windows NT 10.0; Win64; x64) AppleWebKit/537.36 (KHTML, like Gecko) Chrome/62.0.3202.94 Safari/537.36"
90.146.3.54 - - [05/Dec/2017:10:27:58 +0100] "GET /activities/framework/KoolControls/KoolTreeView/styles/default/L.gif HTTP/1.1" 200 67 "http://ed.activities.at/activities/framework/KoolControls/KoolTreeView/styles/default/default.css" "Mozilla/5.0 (Windows NT 10.0; Win64; x64) AppleWebKit/537.36 (KHTML, like Gecko) Chrome/62.0.3202.94 Safari/537.36"
90.146.3.54 - - [05/Dec/2017:10:27:57 +0100] "GET /entry.php?id=11677& HTTP/1.1" 200 4373 "http://ed.activities.at/entry.php?id=11679" "Mozilla/5.0 (Windows NT 10.0; Win64; x64) AppleWebKit/537.36 (KHTML, like Gecko) Chrome/62.0.3202.94 Safari/537.36"
90.146.3.54 - - [05/Dec/2017:10:27:58 +0100] "GET /gui/javascript/form_form.js?1512466078 HTTP/1.1" 200 16206 "http://ed.activities.at/entry.php?id=11677&" "Mozilla/5.0 (Windows NT 10.0; Win64; x64) AppleWebKit/537.36 (KHTML, like Gecko) Chrome/62.0.3202.94 Safari/537.36"
90.146.3.54 - - [05/Dec/2017:10:27:58 +0100] "GET /gui/images/icons/disabled_wizard.png HTTP/1.1" 200 658 "http://ed.activities.at/entry.php?id=11677&" "Mozilla/5.0 (Windows NT 10.0; Win64; x64) AppleWebKit/537.36 (KHTML, like Gecko) Chrome/62.0.3202.94 Safari/537.36"
90.146.3.54 - - [05/Dec/2017:10:27:58 +0100] "GET /gui/images/icons/disabled_lupe.gif HTTP/1.1" 200 322 "http://ed.activities.at/entry.php?id=11677&" "Mozilla/5.0 (Windows NT 10.0; Win64; x64) AppleWebKit/537.36 (KHTML, like Gecko) Chrome/62.0.3202.94 Safari/537.36"
90.146.3.54 - - [05/Dec/2017:10:27:58 +0100] "GET /gui/images/icons/edit.gif HTTP/1.1" 200 384 "http://ed.activities.at/entry.php?id=11677&" "Mozilla/5.0 (Windows NT 10.0; Win64; x64) AppleWebKit/537.36 (KHTML, like Gecko) Chrome/62.0.3202.94 Safari/537.36"
90.146.3.54 - - [05/Dec/2017:10:27:59 +0100] "GET /entry.php?id=11618&&object=&item=&emu_class= HTTP/1.1" 200 1698 "http://ed.activities.at/entry.php?id=11677&" "Mozilla/5.0 (Windows NT 10.0; Win64; x64) AppleWebKit/537.36 (KHTML, like Gecko) Chrome/62.0.3202.94 Safari/537.36"
90.146.3.54 - - [05/Dec/2017:10:27:59 +0100] "GET /gui/javascript/form_form.js?1512466079 HTTP/1.1" 200 16206 "http://ed.activities.at/entry.php?id=11618&&object=&item=&emu_class=" "Mozilla/5.0 (Windows NT 10.0; Win64; x64) AppleWebKit/537.36 (KHTML, like Gecko) Chrome/62.0.3202.94 Safari/537.36"
90.146.3.54 - - [05/Dec/2017:10:27:59 +0100] "POST /entry.php?id=11677 HTTP/1.1" 200 4409 "http://ed.activities.at/entry.php?id=11677&" "Mozilla/5.0 (Windows NT 10.0; Win64; x64) AppleWebKit/537.36 (KHTML, like Gecko) Chrome/62.0.3202.94 Safari/537.36"
90.146.3.54 - - [05/Dec/2017:10:28:02 +0100] "GET /entry.php?id=10271&&ser=466012 HTTP/1.1" 200 987 "http://ed.activities.at/entry.php?id=10271&UIN=44b2585e59b51a87c941fda5d5b78344" "Mozilla/5.0 (Windows NT 10.0; Win64; x64) AppleWebKit/537.36 (KHTML, like Gecko) Chrome/62.0.3202.94 Safari/537.36"
90.146.3.54 - - [05/Dec/2017:10:28:02 +0100] "GET /gui/javascript/form_form.js?1512466082 HTTP/1.1" 200 16206 "http://ed.activities.at/entry.php?id=10271&&ser=466012" "Mozilla/5.0 (Windows NT 10.0; Win64; x64) AppleWebKit/537.36 (KHTML, like Gecko) Chrome/62.0.3202.94 Safari/537.36"
90.146.3.54 - - [05/Dec/2017:10:28:03 +0100] "GET /activities/framework/KoolControls/KoolTreeView/styles/default/v.gif HTTP/1.1" 200 1940 "http://ed.activities.at/activities/framework/KoolControls/KoolTreeView/styles/default/default.css" "Mozilla/5.0 (Windows NT 10.0; Win64; x64) AppleWebKit/537.36 (KHTML, like Gecko) Chrome/62.0.3202.94 Safari/537.36"
90.146.3.54 - - [05/Dec/2017:10:28:03 +0100] "GET /activities/framework/KoolControls/KoolTreeView/styles/default/horizon.gif HTTP/1.1" 200 844 "http://ed.activities.at/activities/framework/KoolControls/KoolTreeView/styles/default/default.css" "Mozilla/5.0 (Windows NT 10.0; Win64; x64) AppleWebKit/537.36 (KHTML, like Gecko) Chrome/62.0.3202.94 Safari/537.36"
90.146.3.54 - - [05/Dec/2017:10:28:03 +0100] "GET /activities/framework/KoolControls/KoolTreeView/styles/default/mid.gif HTTP/1.1" 200 71 "http://ed.activities.at/activities/framework/KoolControls/KoolTreeView/styles/default/default.css" "Mozilla/5.0 (Windows NT 10.0; Win64; x64) AppleWebKit/537.36 (KHTML, like Gecko) Chrome/62.0.3202.94 Safari/537.36"
90.146.3.54 - - [05/Dec/2017:10:28:05 +0100] "GET /gui/javascript/form_form.js?1512466080 HTTP/1.1" 200 16206 "http://ed.activities.at/entry.php?id=11677" "Mozilla/5.0 (Windows NT 10.0; Win64; x64) AppleWebKit/537.36 (KHTML, like Gecko) Chrome/62.0.3202.94 Safari/537.36"
90.146.3.54 - - [05/Dec/2017:10:28:07 +0100] "POST /entry.php?id=11677 HTTP/1.1" 200 3219 "http://ed.activities.at/entry.php?id=11677" "Mozilla/5.0 (Windows NT 10.0; Win64; x64) AppleWebKit/537.36 (KHTML, like Gecko) Chrome/62.0.3202.94 Safari/537.36"
90.146.3.54 - - [05/Dec/2017:10:28:07 +0100] "GET /gui/javascript/form_form.js?1512466087 HTTP/1.1" 200 16206 "http://ed.activities.at/entry.php?id=11677" "Mozilla/5.0 (Windows NT 10.0; Win64; x64) AppleWebKit/537.36 (KHTML, like Gecko) Chrome/62.0.3202.94 Safari/537.36"
90.146.3.54 - - [05/Dec/2017:10:28:08 +0100] "GET /entry.php?id=10776&form=11502&name=list& HTTP/1.1" 200 1475 "http://ed.activities.at/entry.php?id=11677" "Mozilla/5.0 (Windows NT 10.0; Win64; x64) AppleWebKit/537.36 (KHTML, like Gecko) Chrome/62.0.3202.94 Safari/537.36"
90.146.3.54 - - [05/Dec/2017:10:28:08 +0100] "GET /entry.php?id=10778&form=11502&name=list& HTTP/1.1" 200 3825 "http://ed.activities.at/entry.php?id=11677" "Mozilla/5.0 (Windows NT 10.0; Win64; x64) AppleWebKit/537.36 (KHTML, like Gecko) Chrome/62.0.3202.94 Safari/537.36"
90.146.3.54 - - [05/Dec/2017:10:28:08 +0100] "GET /gui/images/icons/lupe.png HTTP/1.1" 200 723 "http://ed.activities.at/entry.php?id=10778&form=11502&name=list&" "Mozilla/5.0 (Windows NT 10.0; Win64; x64) AppleWebKit/537.36 (KHTML, like Gecko) Chrome/62.0.3202.94 Safari/537.36"
90.146.3.54 - - [05/Dec/2017:10:28:08 +0100] "GET /gui/images/icons/disabled_edit.gif HTTP/1.1" 200 408 "http://ed.activities.at/entry.php?id=10778&form=11502&name=list&" "Mozilla/5.0 (Windows NT 10.0; Win64; x64) AppleWebKit/537.36 (KHTML, like Gecko) Chrome/62.0.3202.94 Safari/537.36"
90.146.3.54 - - [05/Dec/2017:10:28:10 +0100] "GET /gui/javascript/jquery/css/gui-themes/images/ui-bg_flat_90_eeeeee_40x100.png HTTP/1.1" 200 180 "http://ed.activities.at/gui/javascript/jquery/css/gui-themes/custom.min.css" "Mozilla/5.0 (Windows NT 10.0; Win64; x64) AppleWebKit/537.36 (KHTML, like Gecko) Chrome/62.0.3202.94 Safari/537.36"
90.146.3.54 - - [05/Dec/2017:10:28:10 +0100] "GET /gui/javascript/jquery/css/gui-themes/images/ui-bg_flat_100_808080_40x100.png HTTP/1.1" 200 209 "http://ed.activities.at/gui/javascript/jquery/css/gui-themes/custom.min.css" "Mozilla/5.0 (Windows NT 10.0; Win64; x64) AppleWebKit/537.36 (KHTML, like Gecko) Chrome/62.0.3202.94 Safari/537.36"
90.146.3.54 - - [05/Dec/2017:10:28:10 +0100] "GET /gui/javascript/jquery/css/gui-themes/images/ui-icons_72a7cf_256x240_ev.png HTTP/1.1" 200 6036 "http://ed.activities.at/gui/javascript/jquery/css/gui-themes/custom.min.css" "Mozilla/5.0 (Windows NT 10.0; Win64; x64) AppleWebKit/537.36 (KHTML, like Gecko) Chrome/62.0.3202.94 Safari/537.36"
90.146.3.54 - - [05/Dec/2017:10:28:10 +0100] "GET /gui/javascript/jquery/css/gui-themes/images/ui-icons_ffffff_256x240_ev.png HTTP/1.1" 200 6912 "http://ed.activities.at/gui/javascript/jquery/css/gui-themes/custom.min.css" "Mozilla/5.0 (Windows NT 10.0; Win64; x64) AppleWebKit/537.36 (KHTML, like Gecko) Chrome/62.0.3202.94 Safari/537.36"
90.146.3.54 - - [05/Dec/2017:10:28:10 +0100] "GET /entry.php?id=11685&object=10230526&site=10201431&item=10222004 HTTP/1.1" 200 3588 "http://ed.activities.at/entry.php?id=11412" "Mozilla/5.0 (Windows NT 10.0; Win64; x64) AppleWebKit/537.36 (KHTML, like Gecko) Chrome/62.0.3202.94 Safari/537.36"
90.146.3.54 - - [05/Dec/2017:10:28:10 +0100] "GET /gui/javascript/form_form.js?1512466090 HTTP/1.1" 200 16206 "http://ed.activities.at/entry.php?id=11685&object=10230526&site=10201431&item=10222004" "Mozilla/5.0 (Windows NT 10.0; Win64; x64) AppleWebKit/537.36 (KHTML, like Gecko) Chrome/62.0.3202.94 Safari/537.36"
90.146.3.54 - - [05/Dec/2017:10:28:10 +0100] "GET /cache/emu/images/easy-drivers-steyr10255541/easy-1jpg_120_90_0.jpg HTTP/1.1" 200 2330 "http://ed.activities.at/entry.php?id=11685&object=10230526&site=10201431&item=10222004" "Mozilla/5.0 (Windows NT 10.0; Win64; x64) AppleWebKit/537.36 (KHTML, like Gecko) Chrome/62.0.3202.94 Safari/537.36"
81.10.228.170 - - [05/Dec/2017:10:28:27 +0100] "GET /entry.php?id=10271&&ser=466046 HTTP/1.1" 200 987 "http://easydrivers.activities.at/entry.php?id=10271&&ser=465985" "Mozilla/5.0 (Windows NT 10.0; Trident/7.0; rv:11.0) like Gecko"
81.10.228.170 - - [05/Dec/2017:10:28:27 +0100] "GET /gui/javascript/form_form.js?1512466107 HTTP/1.1" 200 16206 "http://easydrivers.activities.at/entry.php?id=10271&&ser=466046" "Mozilla/5.0 (Windows NT 10.0; Trident/7.0; rv:11.0) like Gecko"
213.47.157.214 - - [05/Dec/2017:10:28:45 +0100] "GET /entry.php?id=10271&&ser=466064 HTTP/1.1" 200 988 "http://ed.activities.at/entry.php?id=10271&&ser=466004" "Mozilla/5.0 (Windows NT 6.1; Win64; x64) AppleWebKit/537.36 (KHTML, like Gecko) Chrome/62.0.3202.94 Safari/537.36"
213.47.157.214 - - [05/Dec/2017:10:28:45 +0100] "GET /gui/javascript/form_form.js?1512466125 HTTP/1.1" 200 16206 "http://ed.activities.at/entry.php?id=10271&&ser=466064" "Mozilla/5.0 (Windows NT 6.1; Win64; x64) AppleWebKit/537.36 (KHTML, like Gecko) Chrome/62.0.3202.94 Safari/537.36"
213.86.241.133 - - [05/Dec/2017:10:28:53 +0100] "GET /entry.php?id=10271&&ser=466073 HTTP/1.1" 200 987 "http://easydrivers.activities.at/entry.php?id=10271&&ser=466012" "Mozilla/5.0 (Windows NT 10.0; WOW64; Trident/7.0; rv:11.0) like Gecko"
213.86.241.133 - - [05/Dec/2017:10:28:54 +0100] "GET /gui/javascript/form_form.js?1512466133 HTTP/1.1" 200 16206 "http://easydrivers.activities.at/entry.php?id=10271&&ser=466073" "Mozilla/5.0 (Windows NT 10.0; WOW64; Trident/7.0; rv:11.0) like Gecko"
90.146.3.54 - - [05/Dec/2017:10:29:03 +0100] "GET /entry.php?id=10271&&ser=466082 HTTP/1.1" 200 987 "http://ed.activities.at/entry.php?id=10271&&ser=466012" "Mozilla/5.0 (Windows NT 10.0; Win64; x64) AppleWebKit/537.36 (KHTML, like Gecko) Chrome/62.0.3202.94 Safari/537.36"
90.146.3.54 - - [05/Dec/2017:10:29:03 +0100] "GET /gui/javascript/form_form.js?1512466143 HTTP/1.1" 200 16206 "http://ed.activities.at/entry.php?id=10271&&ser=466082" "Mozilla/5.0 (Windows NT 10.0; Win64; x64) AppleWebKit/537.36 (KHTML, like Gecko) Chrome/62.0.3202.94 Safari/537.36"
81.10.228.170 - - [05/Dec/2017:10:29:28 +0100] "GET /entry.php?id=10271&&ser=466107 HTTP/1.1" 200 987 "http://easydrivers.activities.at/entry.php?id=10271&&ser=466046" "Mozilla/5.0 (Windows NT 10.0; Trident/7.0; rv:11.0) like Gecko"
81.10.228.170 - - [05/Dec/2017:10:29:28 +0100] "GET /gui/javascript/form_form.js?1512466168 HTTP/1.1" 200 16206 "http://easydrivers.activities.at/entry.php?id=10271&&ser=466107" "Mozilla/5.0 (Windows NT 10.0; Trident/7.0; rv:11.0) like Gecko"
213.47.157.214 - - [05/Dec/2017:10:29:45 +0100] "GET /entry.php?id=10271&&ser=466125 HTTP/1.1" 200 987 "http://ed.activities.at/entry.php?id=10271&&ser=466064" "Mozilla/5.0 (Windows NT 6.1; Win64; x64) AppleWebKit/537.36 (KHTML, like Gecko) Chrome/62.0.3202.94 Safari/537.36"
213.47.157.214 - - [05/Dec/2017:10:29:46 +0100] "GET /gui/javascript/form_form.js?1512466186 HTTP/1.1" 200 16206 "http://ed.activities.at/entry.php?id=10271&&ser=466125" "Mozilla/5.0 (Windows NT 6.1; Win64; x64) AppleWebKit/537.36 (KHTML, like Gecko) Chrome/62.0.3202.94 Safari/537.36"
213.86.241.133 - - [05/Dec/2017:10:29:54 +0100] "GET /entry.php?id=10271&&ser=466133 HTTP/1.1" 200 986 "http://easydrivers.activities.at/entry.php?id=10271&&ser=466073" "Mozilla/5.0 (Windows NT 10.0; WOW64; Trident/7.0; rv:11.0) like Gecko"
213.86.241.133 - - [05/Dec/2017:10:29:54 +0100] "GET /gui/javascript/form_form.js?1512466194 HTTP/1.1" 200 16206 "http://easydrivers.activities.at/entry.php?id=10271&&ser=466133" "Mozilla/5.0 (Windows NT 10.0; WOW64; Trident/7.0; rv:11.0) like Gecko"
90.146.3.54 - - [05/Dec/2017:10:30:03 +0100] "GET /entry.php?id=10271&&ser=466143 HTTP/1.1" 200 987 "http://ed.activities.at/entry.php?id=10271&&ser=466082" "Mozilla/5.0 (Windows NT 10.0; Win64; x64) AppleWebKit/537.36 (KHTML, like Gecko) Chrome/62.0.3202.94 Safari/537.36"
90.146.3.54 - - [05/Dec/2017:10:30:03 +0100] "GET /gui/javascript/form_form.js?1512466203 HTTP/1.1" 200 16206 "http://ed.activities.at/entry.php?id=10271&&ser=466143" "Mozilla/5.0 (Windows NT 10.0; Win64; x64) AppleWebKit/537.36 (KHTML, like Gecko) Chrome/62.0.3202.94 Safari/537.36"
81.10.228.170 - - [05/Dec/2017:10:30:29 +0100] "GET /entry.php?id=10271&&ser=466168 HTTP/1.1" 200 987 "http://easydrivers.activities.at/entry.php?id=10271&&ser=466107" "Mozilla/5.0 (Windows NT 10.0; Trident/7.0; rv:11.0) like Gecko"
81.10.228.170 - - [05/Dec/2017:10:30:29 +0100] "GET /gui/javascript/form_form.js?1512466229 HTTP/1.1" 200 16206 "http://easydrivers.activities.at/entry.php?id=10271&&ser=466168" "Mozilla/5.0 (Windows NT 10.0; Trident/7.0; rv:11.0) like Gecko"
213.47.157.214 - - [05/Dec/2017:10:30:46 +0100] "GET /entry.php?id=10271&&ser=466186 HTTP/1.1" 200 986 "http://ed.activities.at/entry.php?id=10271&&ser=466125" "Mozilla/5.0 (Windows NT 6.1; Win64; x64) AppleWebKit/537.36 (KHTML, like Gecko) Chrome/62.0.3202.94 Safari/537.36"
213.47.157.214 - - [05/Dec/2017:10:30:46 +0100] "GET /gui/javascript/form_form.js?1512466246 HTTP/1.1" 200 16206 "http://ed.activities.at/entry.php?id=10271&&ser=466186" "Mozilla/5.0 (Windows NT 6.1; Win64; x64) AppleWebKit/537.36 (KHTML, like Gecko) Chrome/62.0.3202.94 Safari/537.36"
90.146.3.54 - - [05/Dec/2017:10:30:48 +0100] "POST /entry.php?id=11685 HTTP/1.1" 200 3709 "http://ed.activities.at/entry.php?id=11685&object=10230526&site=10201431&item=10222004" "Mozilla/5.0 (Windows NT 10.0; Win64; x64) AppleWebKit/537.36 (KHTML, like Gecko) Chrome/62.0.3202.94 Safari/537.36"
90.146.3.54 - - [05/Dec/2017:10:30:48 +0100] "GET /gui/javascript/form_form.js?1512466248 HTTP/1.1" 200 16206 "http://ed.activities.at/entry.php?id=11685" "Mozilla/5.0 (Windows NT 10.0; Win64; x64) AppleWebKit/537.36 (KHTML, like Gecko) Chrome/62.0.3202.94 Safari/537.36"
90.146.3.54 - - [05/Dec/2017:10:30:49 +0100] "GET /activities/framework/KoolControls/KoolTreeView/icons/square_yellowS.gif HTTP/1.1" 200 541 "http://ed.activities.at/entry.php?id=11678&" "Mozilla/5.0 (Windows NT 10.0; Win64; x64) AppleWebKit/537.36 (KHTML, like Gecko) Chrome/62.0.3202.94 Safari/537.36"
90.146.3.54 - - [05/Dec/2017:10:30:53 +0100] "POST /entry.php?id=11677 HTTP/1.1" 200 4417 "http://ed.activities.at/entry.php?id=11677" "Mozilla/5.0 (Windows NT 10.0; Win64; x64) AppleWebKit/537.36 (KHTML, like Gecko) Chrome/62.0.3202.94 Safari/537.36"
90.146.3.54 - - [05/Dec/2017:10:30:54 +0100] "GET /gui/javascript/form_form.js?1512466254 HTTP/1.1" 200 16206 "http://ed.activities.at/entry.php?id=11677" "Mozilla/5.0 (Windows NT 10.0; Win64; x64) AppleWebKit/537.36 (KHTML, like Gecko) Chrome/62.0.3202.94 Safari/537.36"
213.86.241.133 - - [05/Dec/2017:10:30:54 +0100] "GET /entry.php?id=10271&&ser=466194 HTTP/1.1" 200 987 "http://easydrivers.activities.at/entry.php?id=10271&&ser=466133" "Mozilla/5.0 (Windows NT 10.0; WOW64; Trident/7.0; rv:11.0) like Gecko"
213.86.241.133 - - [05/Dec/2017:10:30:54 +0100] "GET /gui/javascript/form_form.js?1512466254 HTTP/1.1" 200 16206 "http://easydrivers.activities.at/entry.php?id=10271&&ser=466194" "Mozilla/5.0 (Windows NT 10.0; WOW64; Trident/7.0; rv:11.0) like Gecko"
213.47.157.214 - - [05/Dec/2017:10:30:58 +0100] "GET /entry.php?id=10287&login=1 HTTP/1.1" 200 2989 "http://ed.activities.at/entry.php?id=10273&" "Mozilla/5.0 (Windows NT 6.1; Win64; x64) AppleWebKit/537.36 (KHTML, like Gecko) Chrome/62.0.3202.94 Safari/537.36"
213.47.157.214 - - [05/Dec/2017:10:30:59 +0100] "GET /gui/javascript/form_form.js?1512466259 HTTP/1.1" 200 16206 "http://ed.activities.at/entry.php?id=10287&login=1" "Mozilla/5.0 (Windows NT 6.1; Win64; x64) AppleWebKit/537.36 (KHTML, like Gecko) Chrome/62.0.3202.94 Safari/537.36"
90.146.3.54 - - [05/Dec/2017:10:30:59 +0100] "POST /entry.php?id=11678 HTTP/1.1" 200 3306 "http://ed.activities.at/entry.php?id=11678&" "Mozilla/5.0 (Windows NT 10.0; Win64; x64) AppleWebKit/537.36 (KHTML, like Gecko) Chrome/62.0.3202.94 Safari/537.36"
90.146.3.54 - - [05/Dec/2017:10:30:59 +0100] "GET /activities/framework/KoolControls/KoolAjax/koolajax.php?8436e354c842500aba3cbaf0584c0c24 HTTP/1.1" 200 4079 "http://ed.activities.at/entry.php?id=11678" "Mozilla/5.0 (Windows NT 10.0; Win64; x64) AppleWebKit/537.36 (KHTML, like Gecko) Chrome/62.0.3202.94 Safari/537.36"
90.146.3.54 - - [05/Dec/2017:10:30:59 +0100] "GET /gui/javascript/form_form.js?1512466259 HTTP/1.1" 200 16206 "http://ed.activities.at/entry.php?id=11678" "Mozilla/5.0 (Windows NT 10.0; Win64; x64) AppleWebKit/537.36 (KHTML, like Gecko) Chrome/62.0.3202.94 Safari/537.36"
90.146.3.54 - - [05/Dec/2017:10:30:59 +0100] "GET /activities/framework/KoolControls/KoolTreeView/kooltreeview.php?c7cd9180e88ffef8e70f13526bb4f5f7 HTTP/1.1" 200 5055 "http://ed.activities.at/entry.php?id=11678" "Mozilla/5.0 (Windows NT 10.0; Win64; x64) AppleWebKit/537.36 (KHTML, like Gecko) Chrome/62.0.3202.94 Safari/537.36"
90.146.3.54 - - [05/Dec/2017:10:31:00 +0100] "POST /entry.php?id=11677 HTTP/1.1" 200 4410 "http://ed.activities.at/entry.php?id=11677" "Mozilla/5.0 (Windows NT 10.0; Win64; x64) AppleWebKit/537.36 (KHTML, like Gecko) Chrome/62.0.3202.94 Safari/537.36"
90.146.3.54 - - [05/Dec/2017:10:31:01 +0100] "GET /gui/javascript/form_form.js?1512466261 HTTP/1.1" 200 16206 "http://ed.activities.at/entry.php?id=11677" "Mozilla/5.0 (Windows NT 10.0; Win64; x64) AppleWebKit/537.36 (KHTML, like Gecko) Chrome/62.0.3202.94 Safari/537.36"
90.146.3.54 - - [05/Dec/2017:10:31:04 +0100] "GET /entry.php?id=10271&&ser=466203 HTTP/1.1" 200 987 "http://ed.activities.at/entry.php?id=10271&&ser=466143" "Mozilla/5.0 (Windows NT 10.0; Win64; x64) AppleWebKit/537.36 (KHTML, like Gecko) Chrome/62.0.3202.94 Safari/537.36"
90.146.3.54 - - [05/Dec/2017:10:31:04 +0100] "GET /gui/javascript/form_form.js?1512466264 HTTP/1.1" 200 16206 "http://ed.activities.at/entry.php?id=10271&&ser=466203" "Mozilla/5.0 (Windows NT 10.0; Win64; x64) AppleWebKit/537.36 (KHTML, like Gecko) Chrome/62.0.3202.94 Safari/537.36"
213.47.157.214 - - [05/Dec/2017:10:31:15 +0100] "POST /entry.php?id=10287& HTTP/1.1" 200 3064 "http://ed.activities.at/entry.php?id=10287&login=1" "Mozilla/5.0 (Windows NT 6.1; Win64; x64) AppleWebKit/537.36 (KHTML, like Gecko) Chrome/62.0.3202.94 Safari/537.36"
213.47.157.214 - - [05/Dec/2017:10:31:16 +0100] "GET /gui/javascript/form_form.js?1512466276 HTTP/1.1" 200 16206 "http://ed.activities.at/entry.php?id=10287&" "Mozilla/5.0 (Windows NT 6.1; Win64; x64) AppleWebKit/537.36 (KHTML, like Gecko) Chrome/62.0.3202.94 Safari/537.36"
213.47.157.214 - - [05/Dec/2017:10:31:16 +0100] "GET /entry.php?id=10271&&ser=466186 HTTP/1.1" 200 987 "http://ed.activities.at/entry.php?id=10271&&ser=466186" "Mozilla/5.0 (Windows NT 6.1; Win64; x64) AppleWebKit/537.36 (KHTML, like Gecko) Chrome/62.0.3202.94 Safari/537.36"
81.10.228.170 - - [05/Dec/2017:10:31:30 +0100] "GET /entry.php?id=10271&&ser=466229 HTTP/1.1" 200 988 "http://easydrivers.activities.at/entry.php?id=10271&&ser=466168" "Mozilla/5.0 (Windows NT 10.0; Trident/7.0; rv:11.0) like Gecko"
81.10.228.170 - - [05/Dec/2017:10:31:31 +0100] "GET /gui/javascript/form_form.js?1512466291 HTTP/1.1" 200 16206 "http://easydrivers.activities.at/entry.php?id=10271&&ser=466229" "Mozilla/5.0 (Windows NT 10.0; Trident/7.0; rv:11.0) like Gecko"
213.86.241.133 - - [05/Dec/2017:10:31:55 +0100] "GET /entry.php?id=10271&&ser=466254 HTTP/1.1" 200 987 "http://easydrivers.activities.at/entry.php?id=10271&&ser=466194" "Mozilla/5.0 (Windows NT 10.0; WOW64; Trident/7.0; rv:11.0) like Gecko"
213.86.241.133 - - [05/Dec/2017:10:31:55 +0100] "GET /gui/javascript/form_form.js?1512466315 HTTP/1.1" 200 16206 "http://easydrivers.activities.at/entry.php?id=10271&&ser=466254" "Mozilla/5.0 (Windows NT 10.0; WOW64; Trident/7.0; rv:11.0) like Gecko"
90.146.3.54 - - [05/Dec/2017:10:32:05 +0100] "GET /entry.php?id=10271&&ser=466264 HTTP/1.1" 200 987 "http://ed.activities.at/entry.php?id=10271&&ser=466203" "Mozilla/5.0 (Windows NT 10.0; Win64; x64) AppleWebKit/537.36 (KHTML, like Gecko) Chrome/62.0.3202.94 Safari/537.36"
90.146.3.54 - - [05/Dec/2017:10:32:05 +0100] "GET /gui/javascript/form_form.js?1512466325 HTTP/1.1" 200 16206 "http://ed.activities.at/entry.php?id=10271&&ser=466264" "Mozilla/5.0 (Windows NT 10.0; Win64; x64) AppleWebKit/537.36 (KHTML, like Gecko) Chrome/62.0.3202.94 Safari/537.36"
213.47.157.214 - - [05/Dec/2017:10:32:16 +0100] "GET /entry.php?id=10271&&ser=466276 HTTP/1.1" 200 987 "http://ed.activities.at/entry.php?id=10271&&ser=466186" "Mozilla/5.0 (Windows NT 6.1; Win64; x64) AppleWebKit/537.36 (KHTML, like Gecko) Chrome/62.0.3202.94 Safari/537.36"
213.47.157.214 - - [05/Dec/2017:10:32:17 +0100] "GET /gui/javascript/form_form.js?1512466337 HTTP/1.1" 200 16206 "http://ed.activities.at/entry.php?id=10271&&ser=466276" "Mozilla/5.0 (Windows NT 6.1; Win64; x64) AppleWebKit/537.36 (KHTML, like Gecko) Chrome/62.0.3202.94 Safari/537.36"
81.10.228.170 - - [05/Dec/2017:10:32:31 +0100] "GET /entry.php?id=10271&&ser=466290 HTTP/1.1" 200 987 "http://easydrivers.activities.at/entry.php?id=10271&&ser=466229" "Mozilla/5.0 (Windows NT 10.0; Trident/7.0; rv:11.0) like Gecko"
81.10.228.170 - - [05/Dec/2017:10:32:32 +0100] "GET /gui/javascript/form_form.js?1512466351 HTTP/1.1" 200 16206 "http://easydrivers.activities.at/entry.php?id=10271&&ser=466290" "Mozilla/5.0 (Windows NT 10.0; Trident/7.0; rv:11.0) like Gecko"
213.86.241.133 - - [05/Dec/2017:10:32:55 +0100] "GET /entry.php?id=10271&&ser=466315 HTTP/1.1" 200 987 "http://easydrivers.activities.at/entry.php?id=10271&&ser=466254" "Mozilla/5.0 (Windows NT 10.0; WOW64; Trident/7.0; rv:11.0) like Gecko"
213.86.241.133 - - [05/Dec/2017:10:32:55 +0100] "GET /gui/javascript/form_form.js?1512466375 HTTP/1.1" 200 16206 "http://easydrivers.activities.at/entry.php?id=10271&&ser=466315" "Mozilla/5.0 (Windows NT 10.0; WOW64; Trident/7.0; rv:11.0) like Gecko"
90.146.3.54 - - [05/Dec/2017:10:33:06 +0100] "GET /entry.php?id=10271&&ser=466325 HTTP/1.1" 200 987 "http://ed.activities.at/entry.php?id=10271&&ser=466264" "Mozilla/5.0 (Windows NT 10.0; Win64; x64) AppleWebKit/537.36 (KHTML, like Gecko) Chrome/62.0.3202.94 Safari/537.36"
90.146.3.54 - - [05/Dec/2017:10:33:06 +0100] "GET /gui/javascript/form_form.js?1512466386 HTTP/1.1" 200 16206 "http://ed.activities.at/entry.php?id=10271&&ser=466325" "Mozilla/5.0 (Windows NT 10.0; Win64; x64) AppleWebKit/537.36 (KHTML, like Gecko) Chrome/62.0.3202.94 Safari/537.36"
213.47.157.214 - - [05/Dec/2017:10:33:17 +0100] "GET /entry.php?id=10271&&ser=466337 HTTP/1.1" 200 987 "http://ed.activities.at/entry.php?id=10271&&ser=466276" "Mozilla/5.0 (Windows NT 6.1; Win64; x64) AppleWebKit/537.36 (KHTML, like Gecko) Chrome/62.0.3202.94 Safari/537.36"
213.47.157.214 - - [05/Dec/2017:10:33:17 +0100] "GET /gui/javascript/form_form.js?1512466397 HTTP/1.1" 200 16206 "http://ed.activities.at/entry.php?id=10271&&ser=466337" "Mozilla/5.0 (Windows NT 6.1; Win64; x64) AppleWebKit/537.36 (KHTML, like Gecko) Chrome/62.0.3202.94 Safari/537.36"
90.146.3.54 - - [05/Dec/2017:10:33:23 +0100] "POST /entry.php?id=11677 HTTP/1.1" 200 3218 "http://ed.activities.at/entry.php?id=11677" "Mozilla/5.0 (Windows NT 10.0; Win64; x64) AppleWebKit/537.36 (KHTML, like Gecko) Chrome/62.0.3202.94 Safari/537.36"
90.146.3.54 - - [05/Dec/2017:10:33:23 +0100] "GET /gui/javascript/form_form.js?1512466403 HTTP/1.1" 200 16206 "http://ed.activities.at/entry.php?id=11677" "Mozilla/5.0 (Windows NT 10.0; Win64; x64) AppleWebKit/537.36 (KHTML, like Gecko) Chrome/62.0.3202.94 Safari/537.36"
90.146.3.54 - - [05/Dec/2017:10:33:23 +0100] "GET /entry.php?id=10776&form=11502&name=list& HTTP/1.1" 200 1475 "http://ed.activities.at/entry.php?id=11677" "Mozilla/5.0 (Windows NT 10.0; Win64; x64) AppleWebKit/537.36 (KHTML, like Gecko) Chrome/62.0.3202.94 Safari/537.36"
90.146.3.54 - - [05/Dec/2017:10:33:23 +0100] "GET /entry.php?id=10778&form=11502&name=list& HTTP/1.1" 200 3825 "http://ed.activities.at/entry.php?id=11677" "Mozilla/5.0 (Windows NT 10.0; Win64; x64) AppleWebKit/537.36 (KHTML, like Gecko) Chrome/62.0.3202.94 Safari/537.36"
90.146.3.54 - - [05/Dec/2017:10:33:26 +0100] "GET /entry.php?id=11685&object=10230526&site=10201431&item=10222004 HTTP/1.1" 200 3620 "http://ed.activities.at/entry.php?id=11412" "Mozilla/5.0 (Windows NT 10.0; Win64; x64) AppleWebKit/537.36 (KHTML, like Gecko) Chrome/62.0.3202.94 Safari/537.36"
90.146.3.54 - - [05/Dec/2017:10:33:26 +0100] "GET /gui/javascript/form_form.js?1512466406 HTTP/1.1" 200 16206 "http://ed.activities.at/entry.php?id=11685&object=10230526&site=10201431&item=10222004" "Mozilla/5.0 (Windows NT 10.0; Win64; x64) AppleWebKit/537.36 (KHTML, like Gecko) Chrome/62.0.3202.94 Safari/537.36"
81.10.228.170 - - [05/Dec/2017:10:33:32 +0100] "GET /entry.php?id=10271&&ser=466351 HTTP/1.1" 200 988 "http://easydrivers.activities.at/entry.php?id=10271&&ser=466290" "Mozilla/5.0 (Windows NT 10.0; Trident/7.0; rv:11.0) like Gecko"
81.10.228.170 - - [05/Dec/2017:10:33:32 +0100] "GET /gui/javascript/form_form.js?1512466412 HTTP/1.1" 200 16206 "http://easydrivers.activities.at/entry.php?id=10271&&ser=466351" "Mozilla/5.0 (Windows NT 10.0; Trident/7.0; rv:11.0) like Gecko"
90.146.3.54 - - [05/Dec/2017:10:33:35 +0100] "POST /entry.php?id=11685 HTTP/1.1" 200 3708 "http://ed.activities.at/entry.php?id=11685&object=10230526&site=10201431&item=10222004" "Mozilla/5.0 (Windows NT 10.0; Win64; x64) AppleWebKit/537.36 (KHTML, like Gecko) Chrome/62.0.3202.94 Safari/537.36"
90.146.3.54 - - [05/Dec/2017:10:33:35 +0100] "GET /gui/javascript/form_form.js?1512466415 HTTP/1.1" 200 16206 "http://ed.activities.at/entry.php?id=11685" "Mozilla/5.0 (Windows NT 10.0; Win64; x64) AppleWebKit/537.36 (KHTML, like Gecko) Chrome/62.0.3202.94 Safari/537.36"
90.146.3.54 - - [05/Dec/2017:10:33:39 +0100] "POST /entry.php?id=11677 HTTP/1.1" 200 4416 "http://ed.activities.at/entry.php?id=11677" "Mozilla/5.0 (Windows NT 10.0; Win64; x64) AppleWebKit/537.36 (KHTML, like Gecko) Chrome/62.0.3202.94 Safari/537.36"
90.146.3.54 - - [05/Dec/2017:10:33:40 +0100] "GET /gui/javascript/form_form.js?1512466419 HTTP/1.1" 200 16206 "http://ed.activities.at/entry.php?id=11677" "Mozilla/5.0 (Windows NT 10.0; Win64; x64) AppleWebKit/537.36 (KHTML, like Gecko) Chrome/62.0.3202.94 Safari/537.36"
90.146.3.54 - - [05/Dec/2017:10:33:47 +0100] "POST /entry.php?id=11678 HTTP/1.1" 200 3307 "http://ed.activities.at/entry.php?id=11678" "Mozilla/5.0 (Windows NT 10.0; Win64; x64) AppleWebKit/537.36 (KHTML, like Gecko) Chrome/62.0.3202.94 Safari/537.36"
90.146.3.54 - - [05/Dec/2017:10:33:48 +0100] "GET /activities/framework/KoolControls/KoolAjax/koolajax.php?8436e354c842500aba3cbaf0584c0c24 HTTP/1.1" 200 4079 "http://ed.activities.at/entry.php?id=11678" "Mozilla/5.0 (Windows NT 10.0; Win64; x64) AppleWebKit/537.36 (KHTML, like Gecko) Chrome/62.0.3202.94 Safari/537.36"
90.146.3.54 - - [05/Dec/2017:10:33:48 +0100] "GET /gui/javascript/form_form.js?1512466427 HTTP/1.1" 200 16206 "http://ed.activities.at/entry.php?id=11678" "Mozilla/5.0 (Windows NT 10.0; Win64; x64) AppleWebKit/537.36 (KHTML, like Gecko) Chrome/62.0.3202.94 Safari/537.36"
90.146.3.54 - - [05/Dec/2017:10:33:48 +0100] "GET /activities/framework/KoolControls/KoolTreeView/kooltreeview.php?c7cd9180e88ffef8e70f13526bb4f5f7 HTTP/1.1" 200 5055 "http://ed.activities.at/entry.php?id=11678" "Mozilla/5.0 (Windows NT 10.0; Win64; x64) AppleWebKit/537.36 (KHTML, like Gecko) Chrome/62.0.3202.94 Safari/537.36"
90.146.3.54 - - [05/Dec/2017:10:33:49 +0100] "POST /entry.php?id=11677 HTTP/1.1" 200 4411 "http://ed.activities.at/entry.php?id=11677" "Mozilla/5.0 (Windows NT 10.0; Win64; x64) AppleWebKit/537.36 (KHTML, like Gecko) Chrome/62.0.3202.94 Safari/537.36"
90.146.3.54 - - [05/Dec/2017:10:33:53 +0100] "GET /gui/javascript/form_form.js?1512466429 HTTP/1.1" 200 16206 "http://ed.activities.at/entry.php?id=11677" "Mozilla/5.0 (Windows NT 10.0; Win64; x64) AppleWebKit/537.36 (KHTML, like Gecko) Chrome/62.0.3202.94 Safari/537.36"
213.86.241.133 - - [05/Dec/2017:10:33:56 +0100] "GET /entry.php?id=10271&&ser=466375 HTTP/1.1" 200 987 "http://easydrivers.activities.at/entry.php?id=10271&&ser=466315" "Mozilla/5.0 (Windows NT 10.0; WOW64; Trident/7.0; rv:11.0) like Gecko"
213.86.241.133 - - [05/Dec/2017:10:33:56 +0100] "GET /gui/javascript/form_form.js?1512466436 HTTP/1.1" 200 16206 "http://easydrivers.activities.at/entry.php?id=10271&&ser=466375" "Mozilla/5.0 (Windows NT 10.0; WOW64; Trident/7.0; rv:11.0) like Gecko"
90.146.3.54 - - [05/Dec/2017:10:34:07 +0100] "GET /entry.php?id=10271&&ser=466386 HTTP/1.1" 200 986 "http://ed.activities.at/entry.php?id=10271&&ser=466325" "Mozilla/5.0 (Windows NT 10.0; Win64; x64) AppleWebKit/537.36 (KHTML, like Gecko) Chrome/62.0.3202.94 Safari/537.36"
90.146.3.54 - - [05/Dec/2017:10:34:07 +0100] "GET /gui/javascript/form_form.js?1512466447 HTTP/1.1" 200 16206 "http://ed.activities.at/entry.php?id=10271&&ser=466386" "Mozilla/5.0 (Windows NT 10.0; Win64; x64) AppleWebKit/537.36 (KHTML, like Gecko) Chrome/62.0.3202.94 Safari/537.36"
90.146.3.54 - - [05/Dec/2017:10:34:11 +0100] "POST /entry.php?id=11677 HTTP/1.1" 200 3220 "http://ed.activities.at/entry.php?id=11677" "Mozilla/5.0 (Windows NT 10.0; Win64; x64) AppleWebKit/537.36 (KHTML, like Gecko) Chrome/62.0.3202.94 Safari/537.36"
90.146.3.54 - - [05/Dec/2017:10:34:12 +0100] "GET /gui/javascript/form_form.js?1512466452 HTTP/1.1" 200 16206 "http://ed.activities.at/entry.php?id=11677" "Mozilla/5.0 (Windows NT 10.0; Win64; x64) AppleWebKit/537.36 (KHTML, like Gecko) Chrome/62.0.3202.94 Safari/537.36"
90.146.3.54 - - [05/Dec/2017:10:34:12 +0100] "GET /entry.php?id=10776&form=11502&name=list& HTTP/1.1" 200 1475 "http://ed.activities.at/entry.php?id=11677" "Mozilla/5.0 (Windows NT 10.0; Win64; x64) AppleWebKit/537.36 (KHTML, like Gecko) Chrome/62.0.3202.94 Safari/537.36"
90.146.3.54 - - [05/Dec/2017:10:34:12 +0100] "GET /entry.php?id=10778&form=11502&name=list& HTTP/1.1" 200 3822 "http://ed.activities.at/entry.php?id=11677" "Mozilla/5.0 (Windows NT 10.0; Win64; x64) AppleWebKit/537.36 (KHTML, like Gecko) Chrome/62.0.3202.94 Safari/537.36"
90.146.3.54 - - [05/Dec/2017:10:34:16 +0100] "GET /entry.php?id=11685&object=10230526&site=10201431&item=10222004 HTTP/1.1" 200 3620 "http://ed.activities.at/entry.php?id=11412" "Mozilla/5.0 (Windows NT 10.0; Win64; x64) AppleWebKit/537.36 (KHTML, like Gecko) Chrome/62.0.3202.94 Safari/537.36"
90.146.3.54 - - [05/Dec/2017:10:34:17 +0100] "GET /gui/javascript/form_form.js?1512466456 HTTP/1.1" 200 16206 "http://ed.activities.at/entry.php?id=11685&object=10230526&site=10201431&item=10222004" "Mozilla/5.0 (Windows NT 10.0; Win64; x64) AppleWebKit/537.36 (KHTML, like Gecko) Chrome/62.0.3202.94 Safari/537.36"
213.47.157.214 - - [05/Dec/2017:10:34:17 +0100] "GET /entry.php?id=10271&&ser=466397 HTTP/1.1" 200 987 "http://ed.activities.at/entry.php?id=10271&&ser=466337" "Mozilla/5.0 (Windows NT 6.1; Win64; x64) AppleWebKit/537.36 (KHTML, like Gecko) Chrome/62.0.3202.94 Safari/537.36"
213.47.157.214 - - [05/Dec/2017:10:34:18 +0100] "GET /gui/javascript/form_form.js?1512466458 HTTP/1.1" 200 16206 "http://ed.activities.at/entry.php?id=10271&&ser=466397" "Mozilla/5.0 (Windows NT 6.1; Win64; x64) AppleWebKit/537.36 (KHTML, like Gecko) Chrome/62.0.3202.94 Safari/537.36"
81.10.228.170 - - [05/Dec/2017:10:34:33 +0100] "GET /entry.php?id=10271&&ser=466412 HTTP/1.1" 200 986 "http://easydrivers.activities.at/entry.php?id=10271&&ser=466351" "Mozilla/5.0 (Windows NT 10.0; Trident/7.0; rv:11.0) like Gecko"
81.10.228.170 - - [05/Dec/2017:10:34:33 +0100] "GET /gui/javascript/form_form.js?1512466473 HTTP/1.1" 200 16206 "http://easydrivers.activities.at/entry.php?id=10271&&ser=466412" "Mozilla/5.0 (Windows NT 10.0; Trident/7.0; rv:11.0) like Gecko"
90.146.3.54 - - [05/Dec/2017:10:34:34 +0100] "POST /entry.php?id=11685 HTTP/1.1" 200 3707 "http://ed.activities.at/entry.php?id=11685&object=10230526&site=10201431&item=10222004" "Mozilla/5.0 (Windows NT 10.0; Win64; x64) AppleWebKit/537.36 (KHTML, like Gecko) Chrome/62.0.3202.94 Safari/537.36"
90.146.3.54 - - [05/Dec/2017:10:34:34 +0100] "GET /gui/javascript/form_form.js?1512466474 HTTP/1.1" 200 16206 "http://ed.activities.at/entry.php?id=11685" "Mozilla/5.0 (Windows NT 10.0; Win64; x64) AppleWebKit/537.36 (KHTML, like Gecko) Chrome/62.0.3202.94 Safari/537.36"
90.146.3.54 - - [05/Dec/2017:10:34:39 +0100] "POST /entry.php?id=11677 HTTP/1.1" 200 4416 "http://ed.activities.at/entry.php?id=11677" "Mozilla/5.0 (Windows NT 10.0; Win64; x64) AppleWebKit/537.36 (KHTML, like Gecko) Chrome/62.0.3202.94 Safari/537.36"
90.146.3.54 - - [05/Dec/2017:10:34:40 +0100] "GET /gui/javascript/form_form.js?1512466480 HTTP/1.1" 200 16206 "http://ed.activities.at/entry.php?id=11677" "Mozilla/5.0 (Windows NT 10.0; Win64; x64) AppleWebKit/537.36 (KHTML, like Gecko) Chrome/62.0.3202.94 Safari/537.36"
90.146.3.54 - - [05/Dec/2017:10:34:44 +0100] "POST /entry.php?id=11678 HTTP/1.1" 200 3307 "http://ed.activities.at/entry.php?id=11678" "Mozilla/5.0 (Windows NT 10.0; Win64; x64) AppleWebKit/537.36 (KHTML, like Gecko) Chrome/62.0.3202.94 Safari/537.36"
90.146.3.54 - - [05/Dec/2017:10:34:44 +0100] "GET /activities/framework/KoolControls/KoolAjax/koolajax.php?8436e354c842500aba3cbaf0584c0c24 HTTP/1.1" 200 4079 "http://ed.activities.at/entry.php?id=11678" "Mozilla/5.0 (Windows NT 10.0; Win64; x64) AppleWebKit/537.36 (KHTML, like Gecko) Chrome/62.0.3202.94 Safari/537.36"
90.146.3.54 - - [05/Dec/2017:10:34:44 +0100] "GET /gui/javascript/form_form.js?1512466484 HTTP/1.1" 200 16206 "http://ed.activities.at/entry.php?id=11678" "Mozilla/5.0 (Windows NT 10.0; Win64; x64) AppleWebKit/537.36 (KHTML, like Gecko) Chrome/62.0.3202.94 Safari/537.36"
90.146.3.54 - - [05/Dec/2017:10:34:44 +0100] "GET /activities/framework/KoolControls/KoolTreeView/kooltreeview.php?c7cd9180e88ffef8e70f13526bb4f5f7 HTTP/1.1" 200 5055 "http://ed.activities.at/entry.php?id=11678" "Mozilla/5.0 (Windows NT 10.0; Win64; x64) AppleWebKit/537.36 (KHTML, like Gecko) Chrome/62.0.3202.94 Safari/537.36"
90.146.3.54 - - [05/Dec/2017:10:34:45 +0100] "POST /entry.php?id=11677 HTTP/1.1" 200 4411 "http://ed.activities.at/entry.php?id=11677" "Mozilla/5.0 (Windows NT 10.0; Win64; x64) AppleWebKit/537.36 (KHTML, like Gecko) Chrome/62.0.3202.94 Safari/537.36"
90.146.3.54 - - [05/Dec/2017:10:34:46 +0100] "GET /gui/javascript/form_form.js?1512466486 HTTP/1.1" 200 16206 "http://ed.activities.at/entry.php?id=11677" "Mozilla/5.0 (Windows NT 10.0; Win64; x64) AppleWebKit/537.36 (KHTML, like Gecko) Chrome/62.0.3202.94 Safari/537.36"
213.86.241.133 - - [05/Dec/2017:10:34:56 +0100] "GET /entry.php?id=10271&&ser=466436 HTTP/1.1" 200 987 "http://easydrivers.activities.at/entry.php?id=10271&&ser=466375" "Mozilla/5.0 (Windows NT 10.0; WOW64; Trident/7.0; rv:11.0) like Gecko"
213.86.241.133 - - [05/Dec/2017:10:34:56 +0100] "GET /gui/javascript/form_form.js?1512466496 HTTP/1.1" 200 16206 "http://easydrivers.activities.at/entry.php?id=10271&&ser=466436" "Mozilla/5.0 (Windows NT 10.0; WOW64; Trident/7.0; rv:11.0) like Gecko"
90.146.3.54 - - [05/Dec/2017:10:35:08 +0100] "GET /entry.php?id=10271&&ser=466447 HTTP/1.1" 200 987 "http://ed.activities.at/entry.php?id=10271&&ser=466386" "Mozilla/5.0 (Windows NT 10.0; Win64; x64) AppleWebKit/537.36 (KHTML, like Gecko) Chrome/62.0.3202.94 Safari/537.36"
90.146.3.54 - - [05/Dec/2017:10:35:08 +0100] "GET /gui/javascript/form_form.js?1512466508 HTTP/1.1" 200 16206 "http://ed.activities.at/entry.php?id=10271&&ser=466447" "Mozilla/5.0 (Windows NT 10.0; Win64; x64) AppleWebKit/537.36 (KHTML, like Gecko) Chrome/62.0.3202.94 Safari/537.36"
213.47.157.214 - - [05/Dec/2017:10:35:18 +0100] "GET /entry.php?id=10271&&ser=466458 HTTP/1.1" 200 987 "http://ed.activities.at/entry.php?id=10271&&ser=466397" "Mozilla/5.0 (Windows NT 6.1; Win64; x64) AppleWebKit/537.36 (KHTML, like Gecko) Chrome/62.0.3202.94 Safari/537.36"
213.47.157.214 - - [05/Dec/2017:10:35:18 +0100] "GET /gui/javascript/form_form.js?1512466518 HTTP/1.1" 200 16206 "http://ed.activities.at/entry.php?id=10271&&ser=466458" "Mozilla/5.0 (Windows NT 6.1; Win64; x64) AppleWebKit/537.36 (KHTML, like Gecko) Chrome/62.0.3202.94 Safari/537.36"
81.10.228.170 - - [05/Dec/2017:10:35:34 +0100] "GET /entry.php?id=10271&&ser=466473 HTTP/1.1" 200 987 "http://easydrivers.activities.at/entry.php?id=10271&&ser=466412" "Mozilla/5.0 (Windows NT 10.0; Trident/7.0; rv:11.0) like Gecko"
81.10.228.170 - - [05/Dec/2017:10:35:34 +0100] "GET /gui/javascript/form_form.js?1512466534 HTTP/1.1" 200 16206 "http://easydrivers.activities.at/entry.php?id=10271&&ser=466473" "Mozilla/5.0 (Windows NT 10.0; Trident/7.0; rv:11.0) like Gecko"
213.86.241.133 - - [05/Dec/2017:10:35:57 +0100] "GET /entry.php?id=10271&&ser=466496 HTTP/1.1" 200 988 "http://easydrivers.activities.at/entry.php?id=10271&&ser=466436" "Mozilla/5.0 (Windows NT 10.0; WOW64; Trident/7.0; rv:11.0) like Gecko"
213.86.241.133 - - [05/Dec/2017:10:35:57 +0100] "GET /gui/javascript/form_form.js?1512466557 HTTP/1.1" 200 16206 "http://easydrivers.activities.at/entry.php?id=10271&&ser=466496" "Mozilla/5.0 (Windows NT 10.0; WOW64; Trident/7.0; rv:11.0) like Gecko"
90.146.3.54 - - [05/Dec/2017:10:36:09 +0100] "GET /entry.php?id=10271&&ser=466508 HTTP/1.1" 200 987 "http://ed.activities.at/entry.php?id=10271&&ser=466447" "Mozilla/5.0 (Windows NT 10.0; Win64; x64) AppleWebKit/537.36 (KHTML, like Gecko) Chrome/62.0.3202.94 Safari/537.36"
90.146.3.54 - - [05/Dec/2017:10:36:09 +0100] "GET /gui/javascript/form_form.js?1512466569 HTTP/1.1" 200 16206 "http://ed.activities.at/entry.php?id=10271&&ser=466508" "Mozilla/5.0 (Windows NT 10.0; Win64; x64) AppleWebKit/537.36 (KHTML, like Gecko) Chrome/62.0.3202.94 Safari/537.36"
213.47.157.214 - - [05/Dec/2017:10:36:18 +0100] "GET /entry.php?id=10271&&ser=466518 HTTP/1.1" 200 987 "http://ed.activities.at/entry.php?id=10271&&ser=466458" "Mozilla/5.0 (Windows NT 6.1; Win64; x64) AppleWebKit/537.36 (KHTML, like Gecko) Chrome/62.0.3202.94 Safari/537.36"
213.47.157.214 - - [05/Dec/2017:10:36:19 +0100] "GET /gui/javascript/form_form.js?1512466579 HTTP/1.1" 200 16206 "http://ed.activities.at/entry.php?id=10271&&ser=466518" "Mozilla/5.0 (Windows NT 6.1; Win64; x64) AppleWebKit/537.36 (KHTML, like Gecko) Chrome/62.0.3202.94 Safari/537.36"
81.10.228.170 - - [05/Dec/2017:10:36:35 +0100] "GET /entry.php?id=10271&&ser=466534 HTTP/1.1" 200 988 "http://easydrivers.activities.at/entry.php?id=10271&&ser=466473" "Mozilla/5.0 (Windows NT 10.0; Trident/7.0; rv:11.0) like Gecko"
81.10.228.170 - - [05/Dec/2017:10:36:35 +0100] "GET /gui/javascript/form_form.js?1512466595 HTTP/1.1" 200 16206 "http://easydrivers.activities.at/entry.php?id=10271&&ser=466534" "Mozilla/5.0 (Windows NT 10.0; Trident/7.0; rv:11.0) like Gecko"
213.86.241.133 - - [05/Dec/2017:10:36:57 +0100] "GET /entry.php?id=10271&&ser=466557 HTTP/1.1" 200 987 "http://easydrivers.activities.at/entry.php?id=10271&&ser=466496" "Mozilla/5.0 (Windows NT 10.0; WOW64; Trident/7.0; rv:11.0) like Gecko"
213.86.241.133 - - [05/Dec/2017:10:36:57 +0100] "GET /gui/javascript/form_form.js?1512466617 HTTP/1.1" 200 16206 "http://easydrivers.activities.at/entry.php?id=10271&&ser=466557" "Mozilla/5.0 (Windows NT 10.0; WOW64; Trident/7.0; rv:11.0) like Gecko"
90.146.3.54 - - [05/Dec/2017:10:37:10 +0100] "GET /entry.php?id=10271&&ser=466569 HTTP/1.1" 200 987 "http://ed.activities.at/entry.php?id=10271&&ser=466508" "Mozilla/5.0 (Windows NT 10.0; Win64; x64) AppleWebKit/537.36 (KHTML, like Gecko) Chrome/62.0.3202.94 Safari/537.36"
90.146.3.54 - - [05/Dec/2017:10:37:10 +0100] "GET /gui/javascript/form_form.js?1512466630 HTTP/1.1" 200 16206 "http://ed.activities.at/entry.php?id=10271&&ser=466569" "Mozilla/5.0 (Windows NT 10.0; Win64; x64) AppleWebKit/537.36 (KHTML, like Gecko) Chrome/62.0.3202.94 Safari/537.36"
213.47.157.214 - - [05/Dec/2017:10:37:19 +0100] "GET /entry.php?id=10271&&ser=466579 HTTP/1.1" 200 987 "http://ed.activities.at/entry.php?id=10271&&ser=466518" "Mozilla/5.0 (Windows NT 6.1; Win64; x64) AppleWebKit/537.36 (KHTML, like Gecko) Chrome/62.0.3202.94 Safari/537.36"
213.47.157.214 - - [05/Dec/2017:10:37:19 +0100] "GET /gui/javascript/form_form.js?1512466639 HTTP/1.1" 200 16206 "http://ed.activities.at/entry.php?id=10271&&ser=466579" "Mozilla/5.0 (Windows NT 6.1; Win64; x64) AppleWebKit/537.36 (KHTML, like Gecko) Chrome/62.0.3202.94 Safari/537.36"
81.10.228.170 - - [05/Dec/2017:10:37:36 +0100] "GET /entry.php?id=10271&&ser=466595 HTTP/1.1" 200 988 "http://easydrivers.activities.at/entry.php?id=10271&&ser=466534" "Mozilla/5.0 (Windows NT 10.0; Trident/7.0; rv:11.0) like Gecko"
81.10.228.170 - - [05/Dec/2017:10:37:36 +0100] "GET /gui/javascript/form_form.js?1512466656 HTTP/1.1" 200 16206 "http://easydrivers.activities.at/entry.php?id=10271&&ser=466595" "Mozilla/5.0 (Windows NT 10.0; Trident/7.0; rv:11.0) like Gecko"
213.86.241.133 - - [05/Dec/2017:10:37:58 +0100] "GET /entry.php?id=10271&&ser=466617 HTTP/1.1" 200 987 "http://easydrivers.activities.at/entry.php?id=10271&&ser=466557" "Mozilla/5.0 (Windows NT 10.0; WOW64; Trident/7.0; rv:11.0) like Gecko"
213.86.241.133 - - [05/Dec/2017:10:37:58 +0100] "GET /gui/javascript/form_form.js?1512466678 HTTP/1.1" 200 16206 "http://easydrivers.activities.at/entry.php?id=10271&&ser=466617" "Mozilla/5.0 (Windows NT 10.0; WOW64; Trident/7.0; rv:11.0) like Gecko"
90.146.3.54 - - [05/Dec/2017:10:38:11 +0100] "GET /entry.php?id=10271&&ser=466630 HTTP/1.1" 200 987 "http://ed.activities.at/entry.php?id=10271&&ser=466569" "Mozilla/5.0 (Windows NT 10.0; Win64; x64) AppleWebKit/537.36 (KHTML, like Gecko) Chrome/62.0.3202.94 Safari/537.36"
90.146.3.54 - - [05/Dec/2017:10:38:11 +0100] "GET /gui/javascript/form_form.js?1512466691 HTTP/1.1" 200 16206 "http://ed.activities.at/entry.php?id=10271&&ser=466630" "Mozilla/5.0 (Windows NT 10.0; Win64; x64) AppleWebKit/537.36 (KHTML, like Gecko) Chrome/62.0.3202.94 Safari/537.36"
213.47.157.214 - - [05/Dec/2017:10:38:20 +0100] "GET /entry.php?id=10271&&ser=466639 HTTP/1.1" 200 987 "http://ed.activities.at/entry.php?id=10271&&ser=466579" "Mozilla/5.0 (Windows NT 6.1; Win64; x64) AppleWebKit/537.36 (KHTML, like Gecko) Chrome/62.0.3202.94 Safari/537.36"
213.47.157.214 - - [05/Dec/2017:10:38:20 +0100] "GET /gui/javascript/form_form.js?1512466700 HTTP/1.1" 200 16206 "http://ed.activities.at/entry.php?id=10271&&ser=466639" "Mozilla/5.0 (Windows NT 6.1; Win64; x64) AppleWebKit/537.36 (KHTML, like Gecko) Chrome/62.0.3202.94 Safari/537.36"
81.10.228.170 - - [05/Dec/2017:10:38:37 +0100] "GET /entry.php?id=10271&&ser=466656 HTTP/1.1" 200 987 "http://easydrivers.activities.at/entry.php?id=10271&&ser=466595" "Mozilla/5.0 (Windows NT 10.0; Trident/7.0; rv:11.0) like Gecko"
81.10.228.170 - - [05/Dec/2017:10:38:37 +0100] "GET /gui/javascript/form_form.js?1512466717 HTTP/1.1" 200 16206 "http://easydrivers.activities.at/entry.php?id=10271&&ser=466656" "Mozilla/5.0 (Windows NT 10.0; Trident/7.0; rv:11.0) like Gecko"
213.86.241.133 - - [05/Dec/2017:10:38:58 +0100] "GET /entry.php?id=10271&&ser=466678 HTTP/1.1" 200 987 "http://easydrivers.activities.at/entry.php?id=10271&&ser=466617" "Mozilla/5.0 (Windows NT 10.0; WOW64; Trident/7.0; rv:11.0) like Gecko"
213.86.241.133 - - [05/Dec/2017:10:38:58 +0100] "GET /gui/javascript/form_form.js?1512466738 HTTP/1.1" 200 16206 "http://easydrivers.activities.at/entry.php?id=10271&&ser=466678" "Mozilla/5.0 (Windows NT 10.0; WOW64; Trident/7.0; rv:11.0) like Gecko"
46.125.249.64 - - [05/Dec/2017:10:39:03 +0100] "GET /entry.php?id=10441&UIN=a2f3b0a7527b1ff0af93423f4713b828 HTTP/1.1" 200 1172 "http://ed.activities.at/layout.php" "Mozilla/5.0 (Windows NT 10.0; Win64; x64) AppleWebKit/537.36 (KHTML, like Gecko) Chrome/62.0.3202.94 Safari/537.36"
46.125.249.64 - - [05/Dec/2017:10:39:03 +0100] "GET /gui/javascript/form_form.js?1512466743 HTTP/1.1" 200 16206 "http://ed.activities.at/entry.php?id=10441&UIN=a2f3b0a7527b1ff0af93423f4713b828" "Mozilla/5.0 (Windows NT 10.0; Win64; x64) AppleWebKit/537.36 (KHTML, like Gecko) Chrome/62.0.3202.94 Safari/537.36"
90.146.3.54 - - [05/Dec/2017:10:39:12 +0100] "GET /entry.php?id=10271&&ser=466691 HTTP/1.1" 200 987 "http://ed.activities.at/entry.php?id=10271&&ser=466630" "Mozilla/5.0 (Windows NT 10.0; Win64; x64) AppleWebKit/537.36 (KHTML, like Gecko) Chrome/62.0.3202.94 Safari/537.36"
90.146.3.54 - - [05/Dec/2017:10:39:12 +0100] "GET /gui/javascript/form_form.js?1512466752 HTTP/1.1" 200 16206 "http://ed.activities.at/entry.php?id=10271&&ser=466691" "Mozilla/5.0 (Windows NT 10.0; Win64; x64) AppleWebKit/537.36 (KHTML, like Gecko) Chrome/62.0.3202.94 Safari/537.36"
213.47.157.214 - - [05/Dec/2017:10:39:20 +0100] "GET /entry.php?id=10271&&ser=466700 HTTP/1.1" 200 987 "http://ed.activities.at/entry.php?id=10271&&ser=466639" "Mozilla/5.0 (Windows NT 6.1; Win64; x64) AppleWebKit/537.36 (KHTML, like Gecko) Chrome/62.0.3202.94 Safari/537.36"
213.47.157.214 - - [05/Dec/2017:10:39:20 +0100] "GET /gui/javascript/form_form.js?1512466760 HTTP/1.1" 200 16206 "http://ed.activities.at/entry.php?id=10271&&ser=466700" "Mozilla/5.0 (Windows NT 6.1; Win64; x64) AppleWebKit/537.36 (KHTML, like Gecko) Chrome/62.0.3202.94 Safari/537.36"
81.10.228.170 - - [05/Dec/2017:10:39:38 +0100] "GET /entry.php?id=10271&&ser=466717 HTTP/1.1" 200 987 "http://easydrivers.activities.at/entry.php?id=10271&&ser=466656" "Mozilla/5.0 (Windows NT 10.0; Trident/7.0; rv:11.0) like Gecko"
81.10.228.170 - - [05/Dec/2017:10:39:38 +0100] "GET /gui/javascript/form_form.js?1512466778 HTTP/1.1" 200 16206 "http://easydrivers.activities.at/entry.php?id=10271&&ser=466717" "Mozilla/5.0 (Windows NT 10.0; Trident/7.0; rv:11.0) like Gecko"
213.86.241.133 - - [05/Dec/2017:10:39:59 +0100] "GET /entry.php?id=10271&&ser=466738 HTTP/1.1" 200 987 "http://easydrivers.activities.at/entry.php?id=10271&&ser=466678" "Mozilla/5.0 (Windows NT 10.0; WOW64; Trident/7.0; rv:11.0) like Gecko"
213.86.241.133 - - [05/Dec/2017:10:39:59 +0100] "GET /gui/javascript/form_form.js?1512466799 HTTP/1.1" 200 16206 "http://easydrivers.activities.at/entry.php?id=10271&&ser=466738" "Mozilla/5.0 (Windows NT 10.0; WOW64; Trident/7.0; rv:11.0) like Gecko"
90.146.3.54 - - [05/Dec/2017:10:40:13 +0100] "GET /entry.php?id=10271&&ser=466752 HTTP/1.1" 200 987 "http://ed.activities.at/entry.php?id=10271&&ser=466691" "Mozilla/5.0 (Windows NT 10.0; Win64; x64) AppleWebKit/537.36 (KHTML, like Gecko) Chrome/62.0.3202.94 Safari/537.36"
90.146.3.54 - - [05/Dec/2017:10:40:13 +0100] "GET /gui/javascript/form_form.js?1512466813 HTTP/1.1" 200 16206 "http://ed.activities.at/entry.php?id=10271&&ser=466752" "Mozilla/5.0 (Windows NT 10.0; Win64; x64) AppleWebKit/537.36 (KHTML, like Gecko) Chrome/62.0.3202.94 Safari/537.36"
213.47.157.214 - - [05/Dec/2017:10:40:21 +0100] "GET /entry.php?id=10271&&ser=466760 HTTP/1.1" 200 986 "http://ed.activities.at/entry.php?id=10271&&ser=466700" "Mozilla/5.0 (Windows NT 6.1; Win64; x64) AppleWebKit/537.36 (KHTML, like Gecko) Chrome/62.0.3202.94 Safari/537.36"
213.47.157.214 - - [05/Dec/2017:10:40:21 +0100] "GET /gui/javascript/form_form.js?1512466821 HTTP/1.1" 200 16206 "http://ed.activities.at/entry.php?id=10271&&ser=466760" "Mozilla/5.0 (Windows NT 6.1; Win64; x64) AppleWebKit/537.36 (KHTML, like Gecko) Chrome/62.0.3202.94 Safari/537.36"
81.10.228.170 - - [05/Dec/2017:10:40:39 +0100] "GET /entry.php?id=10271&&ser=466778 HTTP/1.1" 200 987 "http://easydrivers.activities.at/entry.php?id=10271&&ser=466717" "Mozilla/5.0 (Windows NT 10.0; Trident/7.0; rv:11.0) like Gecko"
81.10.228.170 - - [05/Dec/2017:10:40:39 +0100] "GET /gui/javascript/form_form.js?1512466839 HTTP/1.1" 200 16206 "http://easydrivers.activities.at/entry.php?id=10271&&ser=466778" "Mozilla/5.0 (Windows NT 10.0; Trident/7.0; rv:11.0) like Gecko"
213.86.241.133 - - [05/Dec/2017:10:40:59 +0100] "GET /entry.php?id=10271&&ser=466799 HTTP/1.1" 200 987 "http://easydrivers.activities.at/entry.php?id=10271&&ser=466738" "Mozilla/5.0 (Windows NT 10.0; WOW64; Trident/7.0; rv:11.0) like Gecko"
