213.47.157.214 - - [05/Dec/2017:13:17:05 +0100] "GET /entry.php?id=10271&&ser=476164 HTTP/1.1" 200 987 "http://ed.activities.at/entry.php?id=10271&&ser=476104" "Mozilla/5.0 (Windows NT 6.1; Win64; x64) AppleWebKit/537.36 (KHTML, like Gecko) Chrome/62.0.3202.94 Safari/537.36"
213.47.157.214 - - [05/Dec/2017:13:17:05 +0100] "GET /gui/javascript/form_form.js?1512476225 HTTP/1.1" 200 16206 "http://ed.activities.at/entry.php?id=10271&&ser=476164" "Mozilla/5.0 (Windows NT 6.1; Win64; x64) AppleWebKit/537.36 (KHTML, like Gecko) Chrome/62.0.3202.94 Safari/537.36"
213.86.241.133 - - [05/Dec/2017:13:17:23 +0100] "GET /entry.php?id=10271&&ser=476182 HTTP/1.1" 200 987 "http://easydrivers.activities.at/entry.php?id=10271&&ser=476122" "Mozilla/5.0 (Windows NT 10.0; WOW64; Trident/7.0; rv:11.0) like Gecko"
213.86.241.133 - - [05/Dec/2017:13:17:23 +0100] "GET /gui/javascript/form_form.js?1512476243 HTTP/1.1" 200 16206 "http://easydrivers.activities.at/entry.php?id=10271&&ser=476182" "Mozilla/5.0 (Windows NT 10.0; WOW64; Trident/7.0; rv:11.0) like Gecko"
81.10.228.170 - - [05/Dec/2017:13:17:24 +0100] "GET /entry.php?id=10271&&ser=476183 HTTP/1.1" 200 987 "http://easydrivers.activities.at/entry.php?id=10271&&ser=476122" "Mozilla/5.0 (Windows NT 10.0; Trident/7.0; rv:11.0) like Gecko"
81.10.228.170 - - [05/Dec/2017:13:17:24 +0100] "GET /gui/javascript/form_form.js?1512476244 HTTP/1.1" 200 16206 "http://easydrivers.activities.at/entry.php?id=10271&&ser=476183" "Mozilla/5.0 (Windows NT 10.0; Trident/7.0; rv:11.0) like Gecko"
213.47.157.214 - - [05/Dec/2017:13:18:06 +0100] "GET /entry.php?id=10271&&ser=476225 HTTP/1.1" 200 987 "http://ed.activities.at/entry.php?id=10271&&ser=476164" "Mozilla/5.0 (Windows NT 6.1; Win64; x64) AppleWebKit/537.36 (KHTML, like Gecko) Chrome/62.0.3202.94 Safari/537.36"
213.47.157.214 - - [05/Dec/2017:13:18:06 +0100] "GET /gui/javascript/form_form.js?1512476286 HTTP/1.1" 200 16206 "http://ed.activities.at/entry.php?id=10271&&ser=476225" "Mozilla/5.0 (Windows NT 6.1; Win64; x64) AppleWebKit/537.36 (KHTML, like Gecko) Chrome/62.0.3202.94 Safari/537.36"
213.86.241.133 - - [05/Dec/2017:13:18:23 +0100] "GET /entry.php?id=10271&&ser=476243 HTTP/1.1" 200 987 "http://easydrivers.activities.at/entry.php?id=10271&&ser=476182" "Mozilla/5.0 (Windows NT 10.0; WOW64; Trident/7.0; rv:11.0) like Gecko"
213.86.241.133 - - [05/Dec/2017:13:18:23 +0100] "GET /gui/javascript/form_form.js?1512476303 HTTP/1.1" 200 16206 "http://easydrivers.activities.at/entry.php?id=10271&&ser=476243" "Mozilla/5.0 (Windows NT 10.0; WOW64; Trident/7.0; rv:11.0) like Gecko"
81.10.228.170 - - [05/Dec/2017:13:18:25 +0100] "GET /entry.php?id=10271&&ser=476244 HTTP/1.1" 200 987 "http://easydrivers.activities.at/entry.php?id=10271&&ser=476183" "Mozilla/5.0 (Windows NT 10.0; Trident/7.0; rv:11.0) like Gecko"
81.10.228.170 - - [05/Dec/2017:13:18:25 +0100] "GET /gui/javascript/form_form.js?1512476305 HTTP/1.1" 200 16206 "http://easydrivers.activities.at/entry.php?id=10271&&ser=476244" "Mozilla/5.0 (Windows NT 10.0; Trident/7.0; rv:11.0) like Gecko"
213.47.157.214 - - [05/Dec/2017:13:19:06 +0100] "GET /entry.php?id=10271&&ser=476286 HTTP/1.1" 200 987 "http://ed.activities.at/entry.php?id=10271&&ser=476225" "Mozilla/5.0 (Windows NT 6.1; Win64; x64) AppleWebKit/537.36 (KHTML, like Gecko) Chrome/62.0.3202.94 Safari/537.36"
213.47.157.214 - - [05/Dec/2017:13:19:07 +0100] "GET /gui/javascript/form_form.js?1512476346 HTTP/1.1" 200 16206 "http://ed.activities.at/entry.php?id=10271&&ser=476286" "Mozilla/5.0 (Windows NT 6.1; Win64; x64) AppleWebKit/537.36 (KHTML, like Gecko) Chrome/62.0.3202.94 Safari/537.36"
213.86.241.133 - - [05/Dec/2017:13:19:24 +0100] "GET /entry.php?id=10271&&ser=476303 HTTP/1.1" 200 987 "http://easydrivers.activities.at/entry.php?id=10271&&ser=476243" "Mozilla/5.0 (Windows NT 10.0; WOW64; Trident/7.0; rv:11.0) like Gecko"
213.86.241.133 - - [05/Dec/2017:13:19:24 +0100] "GET /gui/javascript/form_form.js?1512476364 HTTP/1.1" 200 16206 "http://easydrivers.activities.at/entry.php?id=10271&&ser=476303" "Mozilla/5.0 (Windows NT 10.0; WOW64; Trident/7.0; rv:11.0) like Gecko"
81.10.228.170 - - [05/Dec/2017:13:19:26 +0100] "GET /entry.php?id=10271&&ser=476305 HTTP/1.1" 200 987 "http://easydrivers.activities.at/entry.php?id=10271&&ser=476244" "Mozilla/5.0 (Windows NT 10.0; Trident/7.0; rv:11.0) like Gecko"
81.10.228.170 - - [05/Dec/2017:13:19:26 +0100] "GET /gui/javascript/form_form.js?1512476366 HTTP/1.1" 200 16206 "http://easydrivers.activities.at/entry.php?id=10271&&ser=476305" "Mozilla/5.0 (Windows NT 10.0; Trident/7.0; rv:11.0) like Gecko"
213.47.157.214 - - [05/Dec/2017:13:20:07 +0100] "GET /entry.php?id=10271&&ser=476346 HTTP/1.1" 200 987 "http://ed.activities.at/entry.php?id=10271&&ser=476286" "Mozilla/5.0 (Windows NT 6.1; Win64; x64) AppleWebKit/537.36 (KHTML, like Gecko) Chrome/62.0.3202.94 Safari/537.36"
213.47.157.214 - - [05/Dec/2017:13:20:07 +0100] "GET /gui/javascript/form_form.js?1512476407 HTTP/1.1" 200 16206 "http://ed.activities.at/entry.php?id=10271&&ser=476346" "Mozilla/5.0 (Windows NT 6.1; Win64; x64) AppleWebKit/537.36 (KHTML, like Gecko) Chrome/62.0.3202.94 Safari/537.36"
213.86.241.133 - - [05/Dec/2017:13:20:24 +0100] "GET /entry.php?id=10271&&ser=476364 HTTP/1.1" 200 987 "http://easydrivers.activities.at/entry.php?id=10271&&ser=476303" "Mozilla/5.0 (Windows NT 10.0; WOW64; Trident/7.0; rv:11.0) like Gecko"
213.86.241.133 - - [05/Dec/2017:13:20:24 +0100] "GET /gui/javascript/form_form.js?1512476424 HTTP/1.1" 200 16206 "http://easydrivers.activities.at/entry.php?id=10271&&ser=476364" "Mozilla/5.0 (Windows NT 10.0; WOW64; Trident/7.0; rv:11.0) like Gecko"
81.10.228.170 - - [05/Dec/2017:13:20:27 +0100] "GET /entry.php?id=10271&&ser=476366 HTTP/1.1" 200 987 "http://easydrivers.activities.at/entry.php?id=10271&&ser=476305" "Mozilla/5.0 (Windows NT 10.0; Trident/7.0; rv:11.0) like Gecko"
81.10.228.170 - - [05/Dec/2017:13:20:27 +0100] "GET /gui/javascript/form_form.js?1512476427 HTTP/1.1" 200 16206 "http://easydrivers.activities.at/entry.php?id=10271&&ser=476366" "Mozilla/5.0 (Windows NT 10.0; Trident/7.0; rv:11.0) like Gecko"
213.47.157.214 - - [05/Dec/2017:13:21:08 +0100] "GET /entry.php?id=10271&&ser=476407 HTTP/1.1" 200 987 "http://ed.activities.at/entry.php?id=10271&&ser=476346" "Mozilla/5.0 (Windows NT 6.1; Win64; x64) AppleWebKit/537.36 (KHTML, like Gecko) Chrome/62.0.3202.94 Safari/537.36"
213.47.157.214 - - [05/Dec/2017:13:21:08 +0100] "GET /gui/javascript/form_form.js?1512476468 HTTP/1.1" 200 16206 "http://ed.activities.at/entry.php?id=10271&&ser=476407" "Mozilla/5.0 (Windows NT 6.1; Win64; x64) AppleWebKit/537.36 (KHTML, like Gecko) Chrome/62.0.3202.94 Safari/537.36"
213.86.241.133 - - [05/Dec/2017:13:21:24 +0100] "GET /entry.php?id=10271&&ser=476424 HTTP/1.1" 200 987 "http://easydrivers.activities.at/entry.php?id=10271&&ser=476364" "Mozilla/5.0 (Windows NT 10.0; WOW64; Trident/7.0; rv:11.0) like Gecko"
213.86.241.133 - - [05/Dec/2017:13:21:25 +0100] "GET /gui/javascript/form_form.js?1512476485 HTTP/1.1" 200 16206 "http://easydrivers.activities.at/entry.php?id=10271&&ser=476424" "Mozilla/5.0 (Windows NT 10.0; WOW64; Trident/7.0; rv:11.0) like Gecko"
81.10.228.170 - - [05/Dec/2017:13:21:28 +0100] "GET /entry.php?id=10271&&ser=476427 HTTP/1.1" 200 987 "http://easydrivers.activities.at/entry.php?id=10271&&ser=476366" "Mozilla/5.0 (Windows NT 10.0; Trident/7.0; rv:11.0) like Gecko"
81.10.228.170 - - [05/Dec/2017:13:21:28 +0100] "GET /gui/javascript/form_form.js?1512476488 HTTP/1.1" 200 16206 "http://easydrivers.activities.at/entry.php?id=10271&&ser=476427" "Mozilla/5.0 (Windows NT 10.0; Trident/7.0; rv:11.0) like Gecko"
213.47.157.214 - - [05/Dec/2017:13:22:08 +0100] "GET /entry.php?id=10271&&ser=476468 HTTP/1.1" 200 987 "http://ed.activities.at/entry.php?id=10271&&ser=476407" "Mozilla/5.0 (Windows NT 6.1; Win64; x64) AppleWebKit/537.36 (KHTML, like Gecko) Chrome/62.0.3202.94 Safari/537.36"
213.47.157.214 - - [05/Dec/2017:13:22:08 +0100] "GET /gui/javascript/form_form.js?1512476528 HTTP/1.1" 200 16206 "http://ed.activities.at/entry.php?id=10271&&ser=476468" "Mozilla/5.0 (Windows NT 6.1; Win64; x64) AppleWebKit/537.36 (KHTML, like Gecko) Chrome/62.0.3202.94 Safari/537.36"
213.86.241.133 - - [05/Dec/2017:13:22:25 +0100] "GET /entry.php?id=10271&&ser=476485 HTTP/1.1" 200 988 "http://easydrivers.activities.at/entry.php?id=10271&&ser=476424" "Mozilla/5.0 (Windows NT 10.0; WOW64; Trident/7.0; rv:11.0) like Gecko"
213.86.241.133 - - [05/Dec/2017:13:22:25 +0100] "GET /gui/javascript/form_form.js?1512476545 HTTP/1.1" 200 16206 "http://easydrivers.activities.at/entry.php?id=10271&&ser=476485" "Mozilla/5.0 (Windows NT 10.0; WOW64; Trident/7.0; rv:11.0) like Gecko"
81.10.228.170 - - [05/Dec/2017:13:22:29 +0100] "GET /entry.php?id=10271&&ser=476488 HTTP/1.1" 200 987 "http://easydrivers.activities.at/entry.php?id=10271&&ser=476427" "Mozilla/5.0 (Windows NT 10.0; Trident/7.0; rv:11.0) like Gecko"
81.10.228.170 - - [05/Dec/2017:13:22:29 +0100] "GET /gui/javascript/form_form.js?1512476549 HTTP/1.1" 200 16206 "http://easydrivers.activities.at/entry.php?id=10271&&ser=476488" "Mozilla/5.0 (Windows NT 10.0; Trident/7.0; rv:11.0) like Gecko"
213.47.157.214 - - [05/Dec/2017:13:23:08 +0100] "GET /entry.php?id=10271&&ser=476528 HTTP/1.1" 200 987 "http://ed.activities.at/entry.php?id=10271&&ser=476468" "Mozilla/5.0 (Windows NT 6.1; Win64; x64) AppleWebKit/537.36 (KHTML, like Gecko) Chrome/62.0.3202.94 Safari/537.36"
213.47.157.214 - - [05/Dec/2017:13:23:09 +0100] "GET /gui/javascript/form_form.js?1512476589 HTTP/1.1" 200 16206 "http://ed.activities.at/entry.php?id=10271&&ser=476528" "Mozilla/5.0 (Windows NT 6.1; Win64; x64) AppleWebKit/537.36 (KHTML, like Gecko) Chrome/62.0.3202.94 Safari/537.36"
213.86.241.133 - - [05/Dec/2017:13:23:25 +0100] "GET /entry.php?id=10271&&ser=476545 HTTP/1.1" 200 987 "http://easydrivers.activities.at/entry.php?id=10271&&ser=476485" "Mozilla/5.0 (Windows NT 10.0; WOW64; Trident/7.0; rv:11.0) like Gecko"
213.86.241.133 - - [05/Dec/2017:13:23:26 +0100] "GET /gui/javascript/form_form.js?1512476606 HTTP/1.1" 200 16206 "http://easydrivers.activities.at/entry.php?id=10271&&ser=476545" "Mozilla/5.0 (Windows NT 10.0; WOW64; Trident/7.0; rv:11.0) like Gecko"
81.10.228.170 - - [05/Dec/2017:13:23:30 +0100] "GET /entry.php?id=10271&&ser=476549 HTTP/1.1" 200 987 "http://easydrivers.activities.at/entry.php?id=10271&&ser=476488" "Mozilla/5.0 (Windows NT 10.0; Trident/7.0; rv:11.0) like Gecko"
81.10.228.170 - - [05/Dec/2017:13:23:30 +0100] "GET /gui/javascript/form_form.js?1512476610 HTTP/1.1" 200 16206 "http://easydrivers.activities.at/entry.php?id=10271&&ser=476549" "Mozilla/5.0 (Windows NT 10.0; Trident/7.0; rv:11.0) like Gecko"
213.47.157.214 - - [05/Dec/2017:13:24:09 +0100] "GET /entry.php?id=10271&&ser=476589 HTTP/1.1" 200 987 "http://ed.activities.at/entry.php?id=10271&&ser=476528" "Mozilla/5.0 (Windows NT 6.1; Win64; x64) AppleWebKit/537.36 (KHTML, like Gecko) Chrome/62.0.3202.94 Safari/537.36"
213.47.157.214 - - [05/Dec/2017:13:24:09 +0100] "GET /gui/javascript/form_form.js?1512476649 HTTP/1.1" 200 16206 "http://ed.activities.at/entry.php?id=10271&&ser=476589" "Mozilla/5.0 (Windows NT 6.1; Win64; x64) AppleWebKit/537.36 (KHTML, like Gecko) Chrome/62.0.3202.94 Safari/537.36"
81.10.228.170 - - [05/Dec/2017:13:24:11 +0100] "GET /entry.php?id=10441&UIN=b6bbae7f0a8ebadd5efb9d92d9491392 HTTP/1.1" 200 1171 "-" "Mozilla/5.0 (Windows NT 10.0; Trident/7.0; rv:11.0) like Gecko"
81.10.228.170 - - [05/Dec/2017:13:24:11 +0100] "GET /gui/javascript/form_form.js?1512476651 HTTP/1.1" 200 16206 "http://easydrivers.activities.at/entry.php?id=10441&UIN=b6bbae7f0a8ebadd5efb9d92d9491392" "Mozilla/5.0 (Windows NT 10.0; Trident/7.0; rv:11.0) like Gecko"
213.86.241.133 - - [05/Dec/2017:13:24:26 +0100] "GET /entry.php?id=10271&&ser=476606 HTTP/1.1" 200 986 "http://easydrivers.activities.at/entry.php?id=10271&&ser=476545" "Mozilla/5.0 (Windows NT 10.0; WOW64; Trident/7.0; rv:11.0) like Gecko"
213.86.241.133 - - [05/Dec/2017:13:24:26 +0100] "GET /gui/javascript/form_form.js?1512476666 HTTP/1.1" 200 16206 "http://easydrivers.activities.at/entry.php?id=10271&&ser=476606" "Mozilla/5.0 (Windows NT 10.0; WOW64; Trident/7.0; rv:11.0) like Gecko"
213.47.157.214 - - [05/Dec/2017:13:25:10 +0100] "GET /entry.php?id=10271&&ser=476649 HTTP/1.1" 200 987 "http://ed.activities.at/entry.php?id=10271&&ser=476589" "Mozilla/5.0 (Windows NT 6.1; Win64; x64) AppleWebKit/537.36 (KHTML, like Gecko) Chrome/62.0.3202.94 Safari/537.36"
213.47.157.214 - - [05/Dec/2017:13:25:10 +0100] "GET /gui/javascript/form_form.js?1512476710 HTTP/1.1" 200 16206 "http://ed.activities.at/entry.php?id=10271&&ser=476649" "Mozilla/5.0 (Windows NT 6.1; Win64; x64) AppleWebKit/537.36 (KHTML, like Gecko) Chrome/62.0.3202.94 Safari/537.36"
213.86.241.133 - - [05/Dec/2017:13:25:26 +0100] "GET /entry.php?id=10271&&ser=476666 HTTP/1.1" 200 987 "http://easydrivers.activities.at/entry.php?id=10271&&ser=476606" "Mozilla/5.0 (Windows NT 10.0; WOW64; Trident/7.0; rv:11.0) like Gecko"
213.86.241.133 - - [05/Dec/2017:13:25:27 +0100] "GET /gui/javascript/form_form.js?1512476726 HTTP/1.1" 200 16206 "http://easydrivers.activities.at/entry.php?id=10271&&ser=476666" "Mozilla/5.0 (Windows NT 10.0; WOW64; Trident/7.0; rv:11.0) like Gecko"
213.47.157.214 - - [05/Dec/2017:13:26:10 +0100] "GET /entry.php?id=10271&&ser=476710 HTTP/1.1" 200 987 "http://ed.activities.at/entry.php?id=10271&&ser=476649" "Mozilla/5.0 (Windows NT 6.1; Win64; x64) AppleWebKit/537.36 (KHTML, like Gecko) Chrome/62.0.3202.94 Safari/537.36"
213.47.157.214 - - [05/Dec/2017:13:26:11 +0100] "GET /gui/javascript/form_form.js?1512476770 HTTP/1.1" 200 16206 "http://ed.activities.at/entry.php?id=10271&&ser=476710" "Mozilla/5.0 (Windows NT 6.1; Win64; x64) AppleWebKit/537.36 (KHTML, like Gecko) Chrome/62.0.3202.94 Safari/537.36"
213.86.241.133 - - [05/Dec/2017:13:26:27 +0100] "GET /entry.php?id=10271&&ser=476726 HTTP/1.1" 200 987 "http://easydrivers.activities.at/entry.php?id=10271&&ser=476666" "Mozilla/5.0 (Windows NT 10.0; WOW64; Trident/7.0; rv:11.0) like Gecko"
213.86.241.133 - - [05/Dec/2017:13:26:27 +0100] "GET /gui/javascript/form_form.js?1512476787 HTTP/1.1" 200 16206 "http://easydrivers.activities.at/entry.php?id=10271&&ser=476726" "Mozilla/5.0 (Windows NT 10.0; WOW64; Trident/7.0; rv:11.0) like Gecko"
213.47.157.214 - - [05/Dec/2017:13:27:11 +0100] "GET /entry.php?id=10271&&ser=476770 HTTP/1.1" 200 986 "http://ed.activities.at/entry.php?id=10271&&ser=476710" "Mozilla/5.0 (Windows NT 6.1; Win64; x64) AppleWebKit/537.36 (KHTML, like Gecko) Chrome/62.0.3202.94 Safari/537.36"
213.47.157.214 - - [05/Dec/2017:13:27:11 +0100] "GET /gui/javascript/form_form.js?1512476831 HTTP/1.1" 200 16206 "http://ed.activities.at/entry.php?id=10271&&ser=476770" "Mozilla/5.0 (Windows NT 6.1; Win64; x64) AppleWebKit/537.36 (KHTML, like Gecko) Chrome/62.0.3202.94 Safari/537.36"
213.86.241.133 - - [05/Dec/2017:13:27:27 +0100] "GET /entry.php?id=10271&&ser=476787 HTTP/1.1" 200 987 "http://easydrivers.activities.at/entry.php?id=10271&&ser=476726" "Mozilla/5.0 (Windows NT 10.0; WOW64; Trident/7.0; rv:11.0) like Gecko"
213.86.241.133 - - [05/Dec/2017:13:27:27 +0100] "GET /gui/javascript/form_form.js?1512476847 HTTP/1.1" 200 16206 "http://easydrivers.activities.at/entry.php?id=10271&&ser=476787" "Mozilla/5.0 (Windows NT 10.0; WOW64; Trident/7.0; rv:11.0) like Gecko"
213.47.157.214 - - [05/Dec/2017:13:28:11 +0100] "GET /entry.php?id=10271&&ser=476831 HTTP/1.1" 200 987 "http://ed.activities.at/entry.php?id=10271&&ser=476770" "Mozilla/5.0 (Windows NT 6.1; Win64; x64) AppleWebKit/537.36 (KHTML, like Gecko) Chrome/62.0.3202.94 Safari/537.36"
213.47.157.214 - - [05/Dec/2017:13:28:12 +0100] "GET /gui/javascript/form_form.js?1512476892 HTTP/1.1" 200 16206 "http://ed.activities.at/entry.php?id=10271&&ser=476831" "Mozilla/5.0 (Windows NT 6.1; Win64; x64) AppleWebKit/537.36 (KHTML, like Gecko) Chrome/62.0.3202.94 Safari/537.36"
213.86.241.133 - - [05/Dec/2017:13:28:28 +0100] "GET /entry.php?id=10271&&ser=476847 HTTP/1.1" 200 987 "http://easydrivers.activities.at/entry.php?id=10271&&ser=476787" "Mozilla/5.0 (Windows NT 10.0; WOW64; Trident/7.0; rv:11.0) like Gecko"
213.86.241.133 - - [05/Dec/2017:13:28:28 +0100] "GET /gui/javascript/form_form.js?1512476908 HTTP/1.1" 200 16206 "http://easydrivers.activities.at/entry.php?id=10271&&ser=476847" "Mozilla/5.0 (Windows NT 10.0; WOW64; Trident/7.0; rv:11.0) like Gecko"
213.47.157.214 - - [05/Dec/2017:13:29:12 +0100] "GET /entry.php?id=10271&&ser=476892 HTTP/1.1" 200 987 "http://ed.activities.at/entry.php?id=10271&&ser=476831" "Mozilla/5.0 (Windows NT 6.1; Win64; x64) AppleWebKit/537.36 (KHTML, like Gecko) Chrome/62.0.3202.94 Safari/537.36"
213.47.157.214 - - [05/Dec/2017:13:29:12 +0100] "GET /gui/javascript/form_form.js?1512476952 HTTP/1.1" 200 16206 "http://ed.activities.at/entry.php?id=10271&&ser=476892" "Mozilla/5.0 (Windows NT 6.1; Win64; x64) AppleWebKit/537.36 (KHTML, like Gecko) Chrome/62.0.3202.94 Safari/537.36"
213.86.241.133 - - [05/Dec/2017:13:29:28 +0100] "GET /entry.php?id=10271&&ser=476908 HTTP/1.1" 200 987 "http://easydrivers.activities.at/entry.php?id=10271&&ser=476847" "Mozilla/5.0 (Windows NT 10.0; WOW64; Trident/7.0; rv:11.0) like Gecko"
213.86.241.133 - - [05/Dec/2017:13:29:28 +0100] "GET /gui/javascript/form_form.js?1512476968 HTTP/1.1" 200 16206 "http://easydrivers.activities.at/entry.php?id=10271&&ser=476908" "Mozilla/5.0 (Windows NT 10.0; WOW64; Trident/7.0; rv:11.0) like Gecko"
213.47.157.214 - - [05/Dec/2017:13:29:56 +0100] "GET /entry.php?id=10287&login=1 HTTP/1.1" 200 2990 "http://ed.activities.at/entry.php?id=10273&" "Mozilla/5.0 (Windows NT 6.1; Win64; x64) AppleWebKit/537.36 (KHTML, like Gecko) Chrome/62.0.3202.94 Safari/537.36"
213.47.157.214 - - [05/Dec/2017:13:29:56 +0100] "GET /gui/javascript/form_form.js?1512476996 HTTP/1.1" 200 16206 "http://ed.activities.at/entry.php?id=10287&login=1" "Mozilla/5.0 (Windows NT 6.1; Win64; x64) AppleWebKit/537.36 (KHTML, like Gecko) Chrome/62.0.3202.94 Safari/537.36"
213.47.157.214 - - [05/Dec/2017:13:29:57 +0100] "POST /entry.php?id=10287& HTTP/1.1" 200 2425 "http://ed.activities.at/entry.php?id=10287&login=1" "Mozilla/5.0 (Windows NT 6.1; Win64; x64) AppleWebKit/537.36 (KHTML, like Gecko) Chrome/62.0.3202.94 Safari/537.36"
213.47.157.214 - - [05/Dec/2017:13:29:58 +0100] "GET /gui/javascript/form_form.js?1512476998 HTTP/1.1" 200 16206 "http://ed.activities.at/entry.php?id=10287&" "Mozilla/5.0 (Windows NT 6.1; Win64; x64) AppleWebKit/537.36 (KHTML, like Gecko) Chrome/62.0.3202.94 Safari/537.36"
213.47.157.214 - - [05/Dec/2017:13:29:58 +0100] "GET /entry.php?id=10270& HTTP/1.1" 200 909 "http://ed.activities.at/entry.php?id=10287&" "Mozilla/5.0 (Windows NT 6.1; Win64; x64) AppleWebKit/537.36 (KHTML, like Gecko) Chrome/62.0.3202.94 Safari/537.36"
213.47.157.214 - - [05/Dec/2017:13:29:58 +0100] "GET /entry.php?id=10273&logout=true& HTTP/1.1" 200 1913 "http://ed.activities.at/entry.php?id=10287&" "Mozilla/5.0 (Windows NT 6.1; Win64; x64) AppleWebKit/537.36 (KHTML, like Gecko) Chrome/62.0.3202.94 Safari/537.36"
213.86.241.133 - - [05/Dec/2017:13:30:28 +0100] "GET /entry.php?id=10271&&ser=476968 HTTP/1.1" 200 987 "http://easydrivers.activities.at/entry.php?id=10271&&ser=476908" "Mozilla/5.0 (Windows NT 10.0; WOW64; Trident/7.0; rv:11.0) like Gecko"
213.86.241.133 - - [05/Dec/2017:13:30:29 +0100] "GET /gui/javascript/form_form.js?1512477029 HTTP/1.1" 200 16206 "http://easydrivers.activities.at/entry.php?id=10271&&ser=476968" "Mozilla/5.0 (Windows NT 10.0; WOW64; Trident/7.0; rv:11.0) like Gecko"
213.86.241.133 - - [05/Dec/2017:13:31:29 +0100] "GET /entry.php?id=10271&&ser=477029 HTTP/1.1" 200 987 "http://easydrivers.activities.at/entry.php?id=10271&&ser=476968" "Mozilla/5.0 (Windows NT 10.0; WOW64; Trident/7.0; rv:11.0) like Gecko"
213.86.241.133 - - [05/Dec/2017:13:31:29 +0100] "GET /gui/javascript/form_form.js?1512477089 HTTP/1.1" 200 16206 "http://easydrivers.activities.at/entry.php?id=10271&&ser=477029" "Mozilla/5.0 (Windows NT 10.0; WOW64; Trident/7.0; rv:11.0) like Gecko"
213.86.241.133 - - [05/Dec/2017:13:32:29 +0100] "GET /entry.php?id=10271&&ser=477089 HTTP/1.1" 200 989 "http://easydrivers.activities.at/entry.php?id=10271&&ser=477029" "Mozilla/5.0 (Windows NT 10.0; WOW64; Trident/7.0; rv:11.0) like Gecko"
213.86.241.133 - - [05/Dec/2017:13:32:30 +0100] "GET /gui/javascript/form_form.js?1512477150 HTTP/1.1" 200 16206 "http://easydrivers.activities.at/entry.php?id=10271&&ser=477089" "Mozilla/5.0 (Windows NT 10.0; WOW64; Trident/7.0; rv:11.0) like Gecko"
213.86.241.133 - - [05/Dec/2017:13:33:30 +0100] "GET /entry.php?id=10271&&ser=477149 HTTP/1.1" 200 988 "http://easydrivers.activities.at/entry.php?id=10271&&ser=477089" "Mozilla/5.0 (Windows NT 10.0; WOW64; Trident/7.0; rv:11.0) like Gecko"
213.86.241.133 - - [05/Dec/2017:13:33:30 +0100] "GET /gui/javascript/form_form.js?1512477210 HTTP/1.1" 200 16206 "http://easydrivers.activities.at/entry.php?id=10271&&ser=477149" "Mozilla/5.0 (Windows NT 10.0; WOW64; Trident/7.0; rv:11.0) like Gecko"
213.86.241.133 - - [05/Dec/2017:13:34:30 +0100] "GET /entry.php?id=10271&&ser=477210 HTTP/1.1" 200 987 "http://easydrivers.activities.at/entry.php?id=10271&&ser=477149" "Mozilla/5.0 (Windows NT 10.0; WOW64; Trident/7.0; rv:11.0) like Gecko"
213.86.241.133 - - [05/Dec/2017:13:34:30 +0100] "GET /gui/javascript/form_form.js?1512477270 HTTP/1.1" 200 16206 "http://easydrivers.activities.at/entry.php?id=10271&&ser=477210" "Mozilla/5.0 (Windows NT 10.0; WOW64; Trident/7.0; rv:11.0) like Gecko"
213.86.241.133 - - [05/Dec/2017:13:35:31 +0100] "GET /entry.php?id=10271&&ser=477270 HTTP/1.1" 200 987 "http://easydrivers.activities.at/entry.php?id=10271&&ser=477210" "Mozilla/5.0 (Windows NT 10.0; WOW64; Trident/7.0; rv:11.0) like Gecko"
213.86.241.133 - - [05/Dec/2017:13:35:31 +0100] "GET /gui/javascript/form_form.js?1512477331 HTTP/1.1" 200 16206 "http://easydrivers.activities.at/entry.php?id=10271&&ser=477270" "Mozilla/5.0 (Windows NT 10.0; WOW64; Trident/7.0; rv:11.0) like Gecko"
213.86.241.133 - - [05/Dec/2017:13:36:31 +0100] "GET /entry.php?id=10271&&ser=477331 HTTP/1.1" 200 987 "http://easydrivers.activities.at/entry.php?id=10271&&ser=477270" "Mozilla/5.0 (Windows NT 10.0; WOW64; Trident/7.0; rv:11.0) like Gecko"
213.86.241.133 - - [05/Dec/2017:13:36:31 +0100] "GET /gui/javascript/form_form.js?1512477391 HTTP/1.1" 200 16206 "http://easydrivers.activities.at/entry.php?id=10271&&ser=477331" "Mozilla/5.0 (Windows NT 10.0; WOW64; Trident/7.0; rv:11.0) like Gecko"
213.86.241.133 - - [05/Dec/2017:13:37:31 +0100] "GET /entry.php?id=10271&&ser=477391 HTTP/1.1" 200 987 "http://easydrivers.activities.at/entry.php?id=10271&&ser=477331" "Mozilla/5.0 (Windows NT 10.0; WOW64; Trident/7.0; rv:11.0) like Gecko"
213.86.241.133 - - [05/Dec/2017:13:37:32 +0100] "GET /gui/javascript/form_form.js?1512477452 HTTP/1.1" 200 16206 "http://easydrivers.activities.at/entry.php?id=10271&&ser=477391" "Mozilla/5.0 (Windows NT 10.0; WOW64; Trident/7.0; rv:11.0) like Gecko"
213.86.241.133 - - [05/Dec/2017:13:38:32 +0100] "GET /entry.php?id=10271&&ser=477452 HTTP/1.1" 200 986 "http://easydrivers.activities.at/entry.php?id=10271&&ser=477391" "Mozilla/5.0 (Windows NT 10.0; WOW64; Trident/7.0; rv:11.0) like Gecko"
213.86.241.133 - - [05/Dec/2017:13:38:32 +0100] "GET /gui/javascript/form_form.js?1512477512 HTTP/1.1" 200 16206 "http://easydrivers.activities.at/entry.php?id=10271&&ser=477452" "Mozilla/5.0 (Windows NT 10.0; WOW64; Trident/7.0; rv:11.0) like Gecko"
213.86.241.133 - - [05/Dec/2017:13:39:33 +0100] "GET /entry.php?id=10271&&ser=477512 HTTP/1.1" 200 988 "http://easydrivers.activities.at/entry.php?id=10271&&ser=477452" "Mozilla/5.0 (Windows NT 10.0; WOW64; Trident/7.0; rv:11.0) like Gecko"
213.86.241.133 - - [05/Dec/2017:13:39:33 +0100] "GET /gui/javascript/form_form.js?1512477573 HTTP/1.1" 200 16206 "http://easydrivers.activities.at/entry.php?id=10271&&ser=477512" "Mozilla/5.0 (Windows NT 10.0; WOW64; Trident/7.0; rv:11.0) like Gecko"
213.86.241.133 - - [05/Dec/2017:13:40:33 +0100] "GET /entry.php?id=10271&&ser=477573 HTTP/1.1" 200 987 "http://easydrivers.activities.at/entry.php?id=10271&&ser=477512" "Mozilla/5.0 (Windows NT 10.0; WOW64; Trident/7.0; rv:11.0) like Gecko"
213.86.241.133 - - [05/Dec/2017:13:40:33 +0100] "GET /gui/javascript/form_form.js?1512477633 HTTP/1.1" 200 16206 "http://easydrivers.activities.at/entry.php?id=10271&&ser=477573" "Mozilla/5.0 (Windows NT 10.0; WOW64; Trident/7.0; rv:11.0) like Gecko"
213.86.241.133 - - [05/Dec/2017:13:41:34 +0100] "GET /entry.php?id=10271&&ser=477633 HTTP/1.1" 200 987 "http://easydrivers.activities.at/entry.php?id=10271&&ser=477573" "Mozilla/5.0 (Windows NT 10.0; WOW64; Trident/7.0; rv:11.0) like Gecko"
213.86.241.133 - - [05/Dec/2017:13:41:34 +0100] "GET /gui/javascript/form_form.js?1512477694 HTTP/1.1" 200 16206 "http://easydrivers.activities.at/entry.php?id=10271&&ser=477633" "Mozilla/5.0 (Windows NT 10.0; WOW64; Trident/7.0; rv:11.0) like Gecko"
213.86.241.133 - - [05/Dec/2017:13:42:34 +0100] "GET /entry.php?id=10271&&ser=477694 HTTP/1.1" 200 988 "http://easydrivers.activities.at/entry.php?id=10271&&ser=477633" "Mozilla/5.0 (Windows NT 10.0; WOW64; Trident/7.0; rv:11.0) like Gecko"
213.86.241.133 - - [05/Dec/2017:13:42:34 +0100] "GET /gui/javascript/form_form.js?1512477754 HTTP/1.1" 200 16206 "http://easydrivers.activities.at/entry.php?id=10271&&ser=477694" "Mozilla/5.0 (Windows NT 10.0; WOW64; Trident/7.0; rv:11.0) like Gecko"
213.86.241.133 - - [05/Dec/2017:13:43:34 +0100] "GET /entry.php?id=10271&&ser=477754 HTTP/1.1" 200 987 "http://easydrivers.activities.at/entry.php?id=10271&&ser=477694" "Mozilla/5.0 (Windows NT 10.0; WOW64; Trident/7.0; rv:11.0) like Gecko"
213.86.241.133 - - [05/Dec/2017:13:43:35 +0100] "GET /gui/javascript/form_form.js?1512477815 HTTP/1.1" 200 16206 "http://easydrivers.activities.at/entry.php?id=10271&&ser=477754" "Mozilla/5.0 (Windows NT 10.0; WOW64; Trident/7.0; rv:11.0) like Gecko"
213.86.241.133 - - [05/Dec/2017:13:44:35 +0100] "GET /entry.php?id=10271&&ser=477815 HTTP/1.1" 200 987 "http://easydrivers.activities.at/entry.php?id=10271&&ser=477754" "Mozilla/5.0 (Windows NT 10.0; WOW64; Trident/7.0; rv:11.0) like Gecko"
213.86.241.133 - - [05/Dec/2017:13:44:35 +0100] "GET /gui/javascript/form_form.js?1512477875 HTTP/1.1" 200 16206 "http://easydrivers.activities.at/entry.php?id=10271&&ser=477815" "Mozilla/5.0 (Windows NT 10.0; WOW64; Trident/7.0; rv:11.0) like Gecko"
213.86.241.133 - - [05/Dec/2017:13:45:35 +0100] "GET /entry.php?id=10271&&ser=477875 HTTP/1.1" 200 988 "http://easydrivers.activities.at/entry.php?id=10271&&ser=477815" "Mozilla/5.0 (Windows NT 10.0; WOW64; Trident/7.0; rv:11.0) like Gecko"
213.86.241.133 - - [05/Dec/2017:13:45:36 +0100] "GET /gui/javascript/form_form.js?1512477935 HTTP/1.1" 200 16206 "http://easydrivers.activities.at/entry.php?id=10271&&ser=477875" "Mozilla/5.0 (Windows NT 10.0; WOW64; Trident/7.0; rv:11.0) like Gecko"
213.86.241.133 - - [05/Dec/2017:13:46:36 +0100] "GET /entry.php?id=10271&&ser=477935 HTTP/1.1" 200 987 "http://easydrivers.activities.at/entry.php?id=10271&&ser=477875" "Mozilla/5.0 (Windows NT 10.0; WOW64; Trident/7.0; rv:11.0) like Gecko"
213.86.241.133 - - [05/Dec/2017:13:46:36 +0100] "GET /gui/javascript/form_form.js?1512477996 HTTP/1.1" 200 16206 "http://easydrivers.activities.at/entry.php?id=10271&&ser=477935" "Mozilla/5.0 (Windows NT 10.0; WOW64; Trident/7.0; rv:11.0) like Gecko"
213.86.241.133 - - [05/Dec/2017:13:47:36 +0100] "GET /entry.php?id=10271&&ser=477996 HTTP/1.1" 200 987 "http://easydrivers.activities.at/entry.php?id=10271&&ser=477935" "Mozilla/5.0 (Windows NT 10.0; WOW64; Trident/7.0; rv:11.0) like Gecko"
213.86.241.133 - - [05/Dec/2017:13:47:37 +0100] "GET /gui/javascript/form_form.js?1512478057 HTTP/1.1" 200 16206 "http://easydrivers.activities.at/entry.php?id=10271&&ser=477996" "Mozilla/5.0 (Windows NT 10.0; WOW64; Trident/7.0; rv:11.0) like Gecko"
213.86.241.133 - - [05/Dec/2017:13:48:37 +0100] "GET /entry.php?id=10271&&ser=478057 HTTP/1.1" 200 987 "http://easydrivers.activities.at/entry.php?id=10271&&ser=477996" "Mozilla/5.0 (Windows NT 10.0; WOW64; Trident/7.0; rv:11.0) like Gecko"
213.86.241.133 - - [05/Dec/2017:13:48:37 +0100] "GET /gui/javascript/form_form.js?1512478117 HTTP/1.1" 200 16206 "http://easydrivers.activities.at/entry.php?id=10271&&ser=478057" "Mozilla/5.0 (Windows NT 10.0; WOW64; Trident/7.0; rv:11.0) like Gecko"
213.86.241.133 - - [05/Dec/2017:13:49:37 +0100] "GET /entry.php?id=10271&&ser=478117 HTTP/1.1" 200 987 "http://easydrivers.activities.at/entry.php?id=10271&&ser=478057" "Mozilla/5.0 (Windows NT 10.0; WOW64; Trident/7.0; rv:11.0) like Gecko"
213.86.241.133 - - [05/Dec/2017:13:49:38 +0100] "GET /gui/javascript/form_form.js?1512478178 HTTP/1.1" 200 16206 "http://easydrivers.activities.at/entry.php?id=10271&&ser=478117" "Mozilla/5.0 (Windows NT 10.0; WOW64; Trident/7.0; rv:11.0) like Gecko"
213.86.241.133 - - [05/Dec/2017:13:50:38 +0100] "GET /entry.php?id=10271&&ser=478178 HTTP/1.1" 200 986 "http://easydrivers.activities.at/entry.php?id=10271&&ser=478117" "Mozilla/5.0 (Windows NT 10.0; WOW64; Trident/7.0; rv:11.0) like Gecko"
213.86.241.133 - - [05/Dec/2017:13:50:38 +0100] "GET /gui/javascript/form_form.js?1512478238 HTTP/1.1" 200 16206 "http://easydrivers.activities.at/entry.php?id=10271&&ser=478178" "Mozilla/5.0 (Windows NT 10.0; WOW64; Trident/7.0; rv:11.0) like Gecko"
213.86.241.133 - - [05/Dec/2017:13:51:39 +0100] "GET /entry.php?id=10271&&ser=478238 HTTP/1.1" 200 987 "http://easydrivers.activities.at/entry.php?id=10271&&ser=478178" "Mozilla/5.0 (Windows NT 10.0; WOW64; Trident/7.0; rv:11.0) like Gecko"
213.86.241.133 - - [05/Dec/2017:13:51:39 +0100] "GET /gui/javascript/form_form.js?1512478299 HTTP/1.1" 200 16206 "http://easydrivers.activities.at/entry.php?id=10271&&ser=478238" "Mozilla/5.0 (Windows NT 10.0; WOW64; Trident/7.0; rv:11.0) like Gecko"
213.86.241.133 - - [05/Dec/2017:13:52:39 +0100] "GET /entry.php?id=10271&&ser=478299 HTTP/1.1" 200 987 "http://easydrivers.activities.at/entry.php?id=10271&&ser=478238" "Mozilla/5.0 (Windows NT 10.0; WOW64; Trident/7.0; rv:11.0) like Gecko"
213.86.241.133 - - [05/Dec/2017:13:52:39 +0100] "GET /gui/javascript/form_form.js?1512478359 HTTP/1.1" 200 16206 "http://easydrivers.activities.at/entry.php?id=10271&&ser=478299" "Mozilla/5.0 (Windows NT 10.0; WOW64; Trident/7.0; rv:11.0) like Gecko"
213.86.241.133 - - [05/Dec/2017:13:53:39 +0100] "GET /entry.php?id=10271&&ser=478359 HTTP/1.1" 200 987 "http://easydrivers.activities.at/entry.php?id=10271&&ser=478299" "Mozilla/5.0 (Windows NT 10.0; WOW64; Trident/7.0; rv:11.0) like Gecko"
213.86.241.133 - - [05/Dec/2017:13:53:40 +0100] "GET /gui/javascript/form_form.js?1512478420 HTTP/1.1" 200 16206 "http://easydrivers.activities.at/entry.php?id=10271&&ser=478359" "Mozilla/5.0 (Windows NT 10.0; WOW64; Trident/7.0; rv:11.0) like Gecko"
213.86.241.133 - - [05/Dec/2017:13:54:40 +0100] "GET /entry.php?id=10271&&ser=478420 HTTP/1.1" 200 986 "http://easydrivers.activities.at/entry.php?id=10271&&ser=478359" "Mozilla/5.0 (Windows NT 10.0; WOW64; Trident/7.0; rv:11.0) like Gecko"
213.86.241.133 - - [05/Dec/2017:13:54:40 +0100] "GET /gui/javascript/form_form.js?1512478480 HTTP/1.1" 200 16206 "http://easydrivers.activities.at/entry.php?id=10271&&ser=478420" "Mozilla/5.0 (Windows NT 10.0; WOW64; Trident/7.0; rv:11.0) like Gecko"
213.86.241.133 - - [05/Dec/2017:13:55:40 +0100] "GET /entry.php?id=10271&&ser=478480 HTTP/1.1" 200 986 "http://easydrivers.activities.at/entry.php?id=10271&&ser=478420" "Mozilla/5.0 (Windows NT 10.0; WOW64; Trident/7.0; rv:11.0) like Gecko"
213.86.241.133 - - [05/Dec/2017:13:55:41 +0100] "GET /gui/javascript/form_form.js?1512478541 HTTP/1.1" 200 16206 "http://easydrivers.activities.at/entry.php?id=10271&&ser=478480" "Mozilla/5.0 (Windows NT 10.0; WOW64; Trident/7.0; rv:11.0) like Gecko"
213.86.241.133 - - [05/Dec/2017:13:56:41 +0100] "GET /entry.php?id=10271&&ser=478541 HTTP/1.1" 200 986 "http://easydrivers.activities.at/entry.php?id=10271&&ser=478480" "Mozilla/5.0 (Windows NT 10.0; WOW64; Trident/7.0; rv:11.0) like Gecko"
213.86.241.133 - - [05/Dec/2017:13:56:41 +0100] "GET /gui/javascript/form_form.js?1512478601 HTTP/1.1" 200 16206 "http://easydrivers.activities.at/entry.php?id=10271&&ser=478541" "Mozilla/5.0 (Windows NT 10.0; WOW64; Trident/7.0; rv:11.0) like Gecko"
213.86.241.133 - - [05/Dec/2017:13:57:41 +0100] "GET /entry.php?id=10271&&ser=478601 HTTP/1.1" 200 989 "http://easydrivers.activities.at/entry.php?id=10271&&ser=478541" "Mozilla/5.0 (Windows NT 10.0; WOW64; Trident/7.0; rv:11.0) like Gecko"
213.86.241.133 - - [05/Dec/2017:13:57:42 +0100] "GET /gui/javascript/form_form.js?1512478662 HTTP/1.1" 200 16206 "http://easydrivers.activities.at/entry.php?id=10271&&ser=478601" "Mozilla/5.0 (Windows NT 10.0; WOW64; Trident/7.0; rv:11.0) like Gecko"
213.86.241.133 - - [05/Dec/2017:13:58:42 +0100] "GET /entry.php?id=10271&&ser=478661 HTTP/1.1" 200 987 "http://easydrivers.activities.at/entry.php?id=10271&&ser=478601" "Mozilla/5.0 (Windows NT 10.0; WOW64; Trident/7.0; rv:11.0) like Gecko"
213.86.241.133 - - [05/Dec/2017:13:58:42 +0100] "GET /gui/javascript/form_form.js?1512478722 HTTP/1.1" 200 16206 "http://easydrivers.activities.at/entry.php?id=10271&&ser=478661" "Mozilla/5.0 (Windows NT 10.0; WOW64; Trident/7.0; rv:11.0) like Gecko"
213.86.241.133 - - [05/Dec/2017:13:59:42 +0100] "GET /entry.php?id=10271&&ser=478722 HTTP/1.1" 200 987 "http://easydrivers.activities.at/entry.php?id=10271&&ser=478661" "Mozilla/5.0 (Windows NT 10.0; WOW64; Trident/7.0; rv:11.0) like Gecko"
213.86.241.133 - - [05/Dec/2017:13:59:42 +0100] "GET /gui/javascript/form_form.js?1512478782 HTTP/1.1" 200 16206 "http://easydrivers.activities.at/entry.php?id=10271&&ser=478722" "Mozilla/5.0 (Windows NT 10.0; WOW64; Trident/7.0; rv:11.0) like Gecko"
213.86.241.133 - - [05/Dec/2017:14:00:43 +0100] "GET /entry.php?id=10271&&ser=478782 HTTP/1.1" 200 987 "http://easydrivers.activities.at/entry.php?id=10271&&ser=478722" "Mozilla/5.0 (Windows NT 10.0; WOW64; Trident/7.0; rv:11.0) like Gecko"
213.86.241.133 - - [05/Dec/2017:14:00:43 +0100] "GET /gui/javascript/form_form.js?1512478843 HTTP/1.1" 200 16206 "http://easydrivers.activities.at/entry.php?id=10271&&ser=478782" "Mozilla/5.0 (Windows NT 10.0; WOW64; Trident/7.0; rv:11.0) like Gecko"
213.86.241.133 - - [05/Dec/2017:14:01:43 +0100] "GET /entry.php?id=10271&&ser=478843 HTTP/1.1" 200 987 "http://easydrivers.activities.at/entry.php?id=10271&&ser=478782" "Mozilla/5.0 (Windows NT 10.0; WOW64; Trident/7.0; rv:11.0) like Gecko"
213.86.241.133 - - [05/Dec/2017:14:01:43 +0100] "GET /gui/javascript/form_form.js?1512478903 HTTP/1.1" 200 16206 "http://easydrivers.activities.at/entry.php?id=10271&&ser=478843" "Mozilla/5.0 (Windows NT 10.0; WOW64; Trident/7.0; rv:11.0) like Gecko"
213.86.241.133 - - [05/Dec/2017:14:02:44 +0100] "GET /entry.php?id=10271&&ser=478903 HTTP/1.1" 200 987 "http://easydrivers.activities.at/entry.php?id=10271&&ser=478843" "Mozilla/5.0 (Windows NT 10.0; WOW64; Trident/7.0; rv:11.0) like Gecko"
213.86.241.133 - - [05/Dec/2017:14:02:44 +0100] "GET /gui/javascript/form_form.js?1512478964 HTTP/1.1" 200 16206 "http://easydrivers.activities.at/entry.php?id=10271&&ser=478903" "Mozilla/5.0 (Windows NT 10.0; WOW64; Trident/7.0; rv:11.0) like Gecko"
213.86.241.133 - - [05/Dec/2017:14:03:44 +0100] "GET /entry.php?id=10271&&ser=478964 HTTP/1.1" 200 987 "http://easydrivers.activities.at/entry.php?id=10271&&ser=478903" "Mozilla/5.0 (Windows NT 10.0; WOW64; Trident/7.0; rv:11.0) like Gecko"
213.86.241.133 - - [05/Dec/2017:14:03:44 +0100] "GET /gui/javascript/form_form.js?1512479024 HTTP/1.1" 200 16206 "http://easydrivers.activities.at/entry.php?id=10271&&ser=478964" "Mozilla/5.0 (Windows NT 10.0; WOW64; Trident/7.0; rv:11.0) like Gecko"
213.86.241.133 - - [05/Dec/2017:14:04:45 +0100] "GET /entry.php?id=10271&&ser=479024 HTTP/1.1" 200 987 "http://easydrivers.activities.at/entry.php?id=10271&&ser=478964" "Mozilla/5.0 (Windows NT 10.0; WOW64; Trident/7.0; rv:11.0) like Gecko"
213.86.241.133 - - [05/Dec/2017:14:04:45 +0100] "GET /gui/javascript/form_form.js?1512479085 HTTP/1.1" 200 16206 "http://easydrivers.activities.at/entry.php?id=10271&&ser=479024" "Mozilla/5.0 (Windows NT 10.0; WOW64; Trident/7.0; rv:11.0) like Gecko"
213.86.241.133 - - [05/Dec/2017:14:05:45 +0100] "GET /entry.php?id=10271&&ser=479085 HTTP/1.1" 200 987 "http://easydrivers.activities.at/entry.php?id=10271&&ser=479024" "Mozilla/5.0 (Windows NT 10.0; WOW64; Trident/7.0; rv:11.0) like Gecko"
213.86.241.133 - - [05/Dec/2017:14:05:45 +0100] "GET /gui/javascript/form_form.js?1512479145 HTTP/1.1" 200 16206 "http://easydrivers.activities.at/entry.php?id=10271&&ser=479085" "Mozilla/5.0 (Windows NT 10.0; WOW64; Trident/7.0; rv:11.0) like Gecko"
213.86.241.133 - - [05/Dec/2017:14:06:46 +0100] "GET /entry.php?id=10271&&ser=479145 HTTP/1.1" 200 986 "http://easydrivers.activities.at/entry.php?id=10271&&ser=479085" "Mozilla/5.0 (Windows NT 10.0; WOW64; Trident/7.0; rv:11.0) like Gecko"
213.86.241.133 - - [05/Dec/2017:14:06:46 +0100] "GET /gui/javascript/form_form.js?1512479206 HTTP/1.1" 200 16206 "http://easydrivers.activities.at/entry.php?id=10271&&ser=479145" "Mozilla/5.0 (Windows NT 10.0; WOW64; Trident/7.0; rv:11.0) like Gecko"
213.86.241.133 - - [05/Dec/2017:14:07:46 +0100] "GET /entry.php?id=10271&&ser=479206 HTTP/1.1" 200 987 "http://easydrivers.activities.at/entry.php?id=10271&&ser=479145" "Mozilla/5.0 (Windows NT 10.0; WOW64; Trident/7.0; rv:11.0) like Gecko"
213.86.241.133 - - [05/Dec/2017:14:07:46 +0100] "GET /gui/javascript/form_form.js?1512479266 HTTP/1.1" 200 16206 "http://easydrivers.activities.at/entry.php?id=10271&&ser=479206" "Mozilla/5.0 (Windows NT 10.0; WOW64; Trident/7.0; rv:11.0) like Gecko"
213.86.241.133 - - [05/Dec/2017:14:08:47 +0100] "GET /entry.php?id=10271&&ser=479266 HTTP/1.1" 200 987 "http://easydrivers.activities.at/entry.php?id=10271&&ser=479206" "Mozilla/5.0 (Windows NT 10.0; WOW64; Trident/7.0; rv:11.0) like Gecko"
213.86.241.133 - - [05/Dec/2017:14:08:47 +0100] "GET /gui/javascript/form_form.js?1512479327 HTTP/1.1" 200 16206 "http://easydrivers.activities.at/entry.php?id=10271&&ser=479266" "Mozilla/5.0 (Windows NT 10.0; WOW64; Trident/7.0; rv:11.0) like Gecko"
213.86.241.133 - - [05/Dec/2017:14:08:56 +0100] "GET /favicon.ico HTTP/1.1" 404 291 "-" "Mozilla/5.0 (Windows NT 10.0; Win64; x64; Trident/7.0; rv:11.0) like Gecko"
213.86.241.133 - - [05/Dec/2017:14:08:56 +0100] "GET /entry.php?id=10441&UIN=6e0f466b1e446f5c08099254f53ad327 HTTP/1.1" 200 1172 "-" "Mozilla/5.0 (Windows NT 10.0; WOW64; Trident/7.0; rv:11.0) like Gecko"
213.86.241.133 - - [05/Dec/2017:14:08:56 +0100] "GET /gui/javascript/form_form.js?1512479336 HTTP/1.1" 200 16206 "http://easydrivers.activities.at/entry.php?id=10441&UIN=6e0f466b1e446f5c08099254f53ad327" "Mozilla/5.0 (Windows NT 10.0; WOW64; Trident/7.0; rv:11.0) like Gecko"
66.249.76.149 - - [05/Dec/2017:15:09:14 +0100] "GET /robots.txt HTTP/1.1" 404 291 "-" "Mozilla/5.0 (compatible; Googlebot/2.1; +http://www.google.com/bot.html)"
66.249.76.149 - - [05/Dec/2017:15:09:14 +0100] "GET / HTTP/1.1" 200 382 "-" "Mozilla/5.0 (Linux; Android 6.0.1; Nexus 5X Build/MMB29P) AppleWebKit/537.36 (KHTML, like Gecko) Chrome/41.0.2272.96 Mobile Safari/537.36 (compatible; Googlebot/2.1; +http://www.google.com/bot.html)"
66.249.76.149 - - [05/Dec/2017:15:14:22 +0100] "GET / HTTP/1.1" 200 382 "-" "Mozilla/5.0 (compatible; Googlebot/2.1; +http://www.google.com/bot.html)"
66.249.76.153 - - [05/Dec/2017:16:18:41 +0100] "GET /activities.ico HTTP/1.1" 200 1406 "-" "Googlebot-Image/1.0"
90.146.6.198 - - [05/Dec/2017:16:22:03 +0100] "GET / HTTP/1.1" 200 382 "-" "Mozilla/5.0 (Windows NT 10.0; Win64; x64; rv:57.0) Gecko/20100101 Firefox/57.0"
90.146.6.198 - - [05/Dec/2017:16:22:03 +0100] "GET /activities.ico HTTP/1.1" 200 1406 "-" "Mozilla/5.0 (Windows NT 10.0; Win64; x64; rv:57.0) Gecko/20100101 Firefox/57.0"
90.146.6.198 - - [05/Dec/2017:16:22:03 +0100] "GET /layout.php HTTP/1.1" 200 915 "http://easydrivers.activities.at/" "Mozilla/5.0 (Windows NT 10.0; Win64; x64; rv:57.0) Gecko/20100101 Firefox/57.0"
90.146.6.198 - - [05/Dec/2017:16:22:03 +0100] "GET /gui/javascript/form_form.js HTTP/1.1" 200 16206 "http://easydrivers.activities.at/layout.php" "Mozilla/5.0 (Windows NT 10.0; Win64; x64; rv:57.0) Gecko/20100101 Firefox/57.0"
90.146.6.198 - - [05/Dec/2017:16:22:03 +0100] "GET /entry.php?id=10272 HTTP/1.1" 200 1190 "http://easydrivers.activities.at/layout.php" "Mozilla/5.0 (Windows NT 10.0; Win64; x64; rv:57.0) Gecko/20100101 Firefox/57.0"
90.146.6.198 - - [05/Dec/2017:16:22:03 +0100] "GET /entry.php?id=10270 HTTP/1.1" 200 909 "http://easydrivers.activities.at/layout.php" "Mozilla/5.0 (Windows NT 10.0; Win64; x64; rv:57.0) Gecko/20100101 Firefox/57.0"
90.146.6.198 - - [05/Dec/2017:16:22:04 +0100] "GET /gui/javascript/jquery/css/gui-themes/custom.min.css HTTP/1.1" 200 5618 "http://easydrivers.activities.at/entry.php?id=10272" "Mozilla/5.0 (Windows NT 10.0; Win64; x64; rv:57.0) Gecko/20100101 Firefox/57.0"
90.146.6.198 - - [05/Dec/2017:16:22:04 +0100] "GET /gui/javascript/jquery/css/gui-themes/ui.spinner.css HTTP/1.1" 200 350 "http://easydrivers.activities.at/entry.php?id=10272" "Mozilla/5.0 (Windows NT 10.0; Win64; x64; rv:57.0) Gecko/20100101 Firefox/57.0"
90.146.6.198 - - [05/Dec/2017:16:22:04 +0100] "GET /gui/styles/tmplDefault.css HTTP/1.1" 200 2135 "http://easydrivers.activities.at/entry.php?id=10272" "Mozilla/5.0 (Windows NT 10.0; Win64; x64; rv:57.0) Gecko/20100101 Firefox/57.0"
90.146.6.198 - - [05/Dec/2017:16:22:04 +0100] "GET /gui/javascript/jquery/css/gui-themes/jquery.tooltip.css HTTP/1.1" 200 246 "http://easydrivers.activities.at/entry.php?id=10272" "Mozilla/5.0 (Windows NT 10.0; Win64; x64; rv:57.0) Gecko/20100101 Firefox/57.0"
90.146.6.198 - - [05/Dec/2017:16:22:03 +0100] "GET /entry.php?id=10273 HTTP/1.1" 200 1933 "http://easydrivers.activities.at/layout.php" "Mozilla/5.0 (Windows NT 10.0; Win64; x64; rv:57.0) Gecko/20100101 Firefox/57.0"
90.146.6.198 - - [05/Dec/2017:16:22:04 +0100] "GET /gui/javascript/form_form.js?1512487324 HTTP/1.1" 200 16206 "http://easydrivers.activities.at/entry.php?id=10272" "Mozilla/5.0 (Windows NT 10.0; Win64; x64; rv:57.0) Gecko/20100101 Firefox/57.0"
90.146.6.198 - - [05/Dec/2017:16:22:03 +0100] "GET /entry.php?id=11412 HTTP/1.1" 200 1759 "http://easydrivers.activities.at/layout.php" "Mozilla/5.0 (Windows NT 10.0; Win64; x64; rv:57.0) Gecko/20100101 Firefox/57.0"
90.146.6.198 - - [05/Dec/2017:16:22:04 +0100] "GET /framework/webfx/javascript/statusbar/statusBar.js HTTP/1.1" 200 649 "http://easydrivers.activities.at/entry.php?id=10272" "Mozilla/5.0 (Windows NT 10.0; Win64; x64; rv:57.0) Gecko/20100101 Firefox/57.0"
90.146.6.198 - - [05/Dec/2017:16:22:04 +0100] "GET /gui/javascript/jquery/jquery-tooltip/jquery.tooltip.min.js HTTP/1.1" 200 1982 "http://easydrivers.activities.at/entry.php?id=10272" "Mozilla/5.0 (Windows NT 10.0; Win64; x64; rv:57.0) Gecko/20100101 Firefox/57.0"
90.146.6.198 - - [05/Dec/2017:16:22:04 +0100] "GET /framework/webfx/style/toolbar/cb2.css HTTP/1.1" 200 793 "http://easydrivers.activities.at/entry.php?id=10273" "Mozilla/5.0 (Windows NT 10.0; Win64; x64; rv:57.0) Gecko/20100101 Firefox/57.0"
90.146.6.198 - - [05/Dec/2017:16:22:04 +0100] "GET /framework/webfx/javascript/toolbar/ieemu.js HTTP/1.1" 200 2366 "http://easydrivers.activities.at/entry.php?id=10273" "Mozilla/5.0 (Windows NT 10.0; Win64; x64; rv:57.0) Gecko/20100101 Firefox/57.0"
90.146.6.198 - - [05/Dec/2017:16:22:04 +0100] "GET /gui/javascript/jquery/js/jquery-1.8.2.js HTTP/1.1" 200 35391 "http://easydrivers.activities.at/entry.php?id=10272" "Mozilla/5.0 (Windows NT 10.0; Win64; x64; rv:57.0) Gecko/20100101 Firefox/57.0"
90.146.6.198 - - [05/Dec/2017:16:22:04 +0100] "GET /framework/webfx/javascript/toolbar/cb2.js HTTP/1.1" 200 1686 "http://easydrivers.activities.at/entry.php?id=10273" "Mozilla/5.0 (Windows NT 10.0; Win64; x64; rv:57.0) Gecko/20100101 Firefox/57.0"
90.146.6.198 - - [05/Dec/2017:16:22:04 +0100] "GET /gui/images/icons/cancel.gif HTTP/1.1" 200 125 "http://easydrivers.activities.at/entry.php?id=11412" "Mozilla/5.0 (Windows NT 10.0; Win64; x64; rv:57.0) Gecko/20100101 Firefox/57.0"
90.146.6.198 - - [05/Dec/2017:16:22:04 +0100] "GET /gui/images/icons/Logo_activites_RGB.gif HTTP/1.1" 200 1336 "http://easydrivers.activities.at/entry.php?id=10273" "Mozilla/5.0 (Windows NT 10.0; Win64; x64; rv:57.0) Gecko/20100101 Firefox/57.0"
90.146.6.198 - - [05/Dec/2017:16:22:04 +0100] "GET /gui/javascript/jquery/js/jquery-ui-1.9.0.custom.min.js HTTP/1.1" 200 51286 "http://easydrivers.activities.at/entry.php?id=10272" "Mozilla/5.0 (Windows NT 10.0; Win64; x64; rv:57.0) Gecko/20100101 Firefox/57.0"
90.146.6.198 - - [05/Dec/2017:16:22:04 +0100] "GET /gui/images/emptybar.gif HTTP/1.1" 200 89 "http://easydrivers.activities.at/entry.php?id=10272" "Mozilla/5.0 (Windows NT 10.0; Win64; x64; rv:57.0) Gecko/20100101 Firefox/57.0"
90.146.6.198 - - [05/Dec/2017:16:22:04 +0100] "GET /entry.php?id=10271&UIN=cd5bdf5d5de2634ea3cf5d3c809543af HTTP/1.1" 200 935 "http://easydrivers.activities.at/entry.php?id=10272" "Mozilla/5.0 (Windows NT 10.0; Win64; x64; rv:57.0) Gecko/20100101 Firefox/57.0"
90.146.6.198 - - [05/Dec/2017:16:22:04 +0100] "GET /entry.php?id=10287 HTTP/1.1" 200 2412 "http://easydrivers.activities.at/entry.php?id=11412" "Mozilla/5.0 (Windows NT 10.0; Win64; x64; rv:57.0) Gecko/20100101 Firefox/57.0"
90.146.6.198 - - [05/Dec/2017:16:22:04 +0100] "GET /entry.php?id=10270& HTTP/1.1" 200 909 "http://easydrivers.activities.at/entry.php?id=10287" "Mozilla/5.0 (Windows NT 10.0; Win64; x64; rv:57.0) Gecko/20100101 Firefox/57.0"
90.146.6.198 - - [05/Dec/2017:16:22:04 +0100] "GET /entry.php?id=10273& HTTP/1.1" 200 1903 "http://easydrivers.activities.at/entry.php?id=10287" "Mozilla/5.0 (Windows NT 10.0; Win64; x64; rv:57.0) Gecko/20100101 Firefox/57.0"
81.10.228.170 - - [05/Dec/2017:16:34:40 +0100] "GET / HTTP/1.1" 200 382 "-" "Mozilla/5.0 (Windows NT 10.0; Trident/7.0; rv:11.0) like Gecko"
81.10.228.170 - - [05/Dec/2017:16:34:41 +0100] "GET /layout.php HTTP/1.1" 200 915 "-" "Mozilla/5.0 (Windows NT 10.0; Trident/7.0; rv:11.0) like Gecko"
81.10.228.170 - - [05/Dec/2017:16:34:41 +0100] "GET /entry.php?id=10273 HTTP/1.1" 200 1901 "http://easydrivers.activities.at/layout.php" "Mozilla/5.0 (Windows NT 10.0; Trident/7.0; rv:11.0) like Gecko"
81.10.228.170 - - [05/Dec/2017:16:34:41 +0100] "GET /entry.php?id=10270 HTTP/1.1" 200 908 "http://easydrivers.activities.at/layout.php" "Mozilla/5.0 (Windows NT 10.0; Trident/7.0; rv:11.0) like Gecko"
81.10.228.170 - - [05/Dec/2017:16:34:41 +0100] "GET /entry.php?id=10272 HTTP/1.1" 200 1159 "http://easydrivers.activities.at/layout.php" "Mozilla/5.0 (Windows NT 10.0; Trident/7.0; rv:11.0) like Gecko"
81.10.228.170 - - [05/Dec/2017:16:34:41 +0100] "GET /entry.php?id=11412 HTTP/1.1" 200 1759 "http://easydrivers.activities.at/layout.php" "Mozilla/5.0 (Windows NT 10.0; Trident/7.0; rv:11.0) like Gecko"
81.10.228.170 - - [05/Dec/2017:16:34:42 +0100] "GET /gui/javascript/form_form.js?1512488081 HTTP/1.1" 200 16206 "http://easydrivers.activities.at/entry.php?id=10273" "Mozilla/5.0 (Windows NT 10.0; Trident/7.0; rv:11.0) like Gecko"
81.10.228.170 - - [05/Dec/2017:16:34:43 +0100] "GET /entry.php?id=10287 HTTP/1.1" 200 2414 "http://easydrivers.activities.at/entry.php?id=11412" "Mozilla/5.0 (Windows NT 10.0; Trident/7.0; rv:11.0) like Gecko"
81.10.228.170 - - [05/Dec/2017:16:34:43 +0100] "GET /entry.php?id=10271& HTTP/1.1" 200 934 "http://easydrivers.activities.at/entry.php?id=10272" "Mozilla/5.0 (Windows NT 10.0; Trident/7.0; rv:11.0) like Gecko"
81.10.228.170 - - [05/Dec/2017:16:34:43 +0100] "GET /gui/javascript/form_form.js?1512488083 HTTP/1.1" 200 16206 "http://easydrivers.activities.at/entry.php?id=10287" "Mozilla/5.0 (Windows NT 10.0; Trident/7.0; rv:11.0) like Gecko"
81.10.228.170 - - [05/Dec/2017:16:34:44 +0100] "GET /entry.php?id=10270& HTTP/1.1" 200 908 "http://easydrivers.activities.at/layout.php" "Mozilla/5.0 (Windows NT 10.0; Trident/7.0; rv:11.0) like Gecko"
81.10.228.170 - - [05/Dec/2017:16:34:44 +0100] "GET /entry.php?id=10273& HTTP/1.1" 200 1903 "http://easydrivers.activities.at/layout.php" "Mozilla/5.0 (Windows NT 10.0; Trident/7.0; rv:11.0) like Gecko"
81.10.228.170 - - [05/Dec/2017:16:34:47 +0100] "GET /gui/javascript/form_form.js?1512488084 HTTP/1.1" 200 16206 "http://easydrivers.activities.at/entry.php?id=10270&" "Mozilla/5.0 (Windows NT 10.0; Trident/7.0; rv:11.0) like Gecko"
90.146.6.198 - - [05/Dec/2017:16:36:31 +0100] "GET /layout.php HTTP/1.1" 200 914 "-" "Mozilla/5.0 (Windows NT 10.0; Win64; x64; rv:57.0) Gecko/20100101 Firefox/57.0"
90.146.6.198 - - [05/Dec/2017:16:36:31 +0100] "GET /gui/javascript/form_form.js HTTP/1.1" 200 16206 "http://easydrivers.activities.at/layout.php" "Mozilla/5.0 (Windows NT 10.0; Win64; x64; rv:57.0) Gecko/20100101 Firefox/57.0"
90.146.6.198 - - [05/Dec/2017:16:36:31 +0100] "GET /entry.php?id=10270 HTTP/1.1" 200 907 "http://easydrivers.activities.at/layout.php" "Mozilla/5.0 (Windows NT 10.0; Win64; x64; rv:57.0) Gecko/20100101 Firefox/57.0"
90.146.6.198 - - [05/Dec/2017:16:36:31 +0100] "GET /entry.php?id=10272 HTTP/1.1" 200 1188 "http://easydrivers.activities.at/layout.php" "Mozilla/5.0 (Windows NT 10.0; Win64; x64; rv:57.0) Gecko/20100101 Firefox/57.0"
90.146.6.198 - - [05/Dec/2017:16:36:31 +0100] "GET /gui/javascript/jquery/css/gui-themes/custom.min.css HTTP/1.1" 200 5618 "http://easydrivers.activities.at/entry.php?id=10270" "Mozilla/5.0 (Windows NT 10.0; Win64; x64; rv:57.0) Gecko/20100101 Firefox/57.0"
90.146.6.198 - - [05/Dec/2017:16:36:31 +0100] "GET /gui/javascript/jquery/css/gui-themes/jquery.tooltip.css HTTP/1.1" 200 246 "http://easydrivers.activities.at/entry.php?id=10270" "Mozilla/5.0 (Windows NT 10.0; Win64; x64; rv:57.0) Gecko/20100101 Firefox/57.0"
