81.10.228.170 - - [05/Dec/2017:09:49:46 +0100] "GET /entry.php?id=10271&&ser=463722 HTTP/1.1" 200 987 "http://easydrivers.activities.at/entry.php?id=10271&&ser=463660" "Mozilla/5.0 (Windows NT 10.0; Trident/7.0; rv:11.0) like Gecko"
81.10.228.170 - - [05/Dec/2017:09:49:46 +0100] "GET /gui/javascript/form_form.js?1512463786 HTTP/1.1" 200 16206 "http://easydrivers.activities.at/entry.php?id=10271&&ser=463722" "Mozilla/5.0 (Windows NT 10.0; Trident/7.0; rv:11.0) like Gecko"
213.86.241.133 - - [05/Dec/2017:09:50:34 +0100] "GET /entry.php?id=10271&&ser=463774 HTTP/1.1" 200 987 "http://easydrivers.activities.at/entry.php?id=10271&&ser=463713" "Mozilla/5.0 (Windows NT 10.0; WOW64; Trident/7.0; rv:11.0) like Gecko"
213.86.241.133 - - [05/Dec/2017:09:50:34 +0100] "GET /gui/javascript/form_form.js?1512463834 HTTP/1.1" 200 16206 "http://easydrivers.activities.at/entry.php?id=10271&&ser=463774" "Mozilla/5.0 (Windows NT 10.0; WOW64; Trident/7.0; rv:11.0) like Gecko"
81.10.228.170 - - [05/Dec/2017:09:50:47 +0100] "GET /entry.php?id=10271&&ser=463786 HTTP/1.1" 200 987 "http://easydrivers.activities.at/entry.php?id=10271&&ser=463722" "Mozilla/5.0 (Windows NT 10.0; Trident/7.0; rv:11.0) like Gecko"
81.10.228.170 - - [05/Dec/2017:09:50:47 +0100] "GET /gui/javascript/form_form.js?1512463847 HTTP/1.1" 200 16206 "http://easydrivers.activities.at/entry.php?id=10271&&ser=463786" "Mozilla/5.0 (Windows NT 10.0; Trident/7.0; rv:11.0) like Gecko"
213.86.241.133 - - [05/Dec/2017:09:51:35 +0100] "GET /entry.php?id=10271&&ser=463834 HTTP/1.1" 200 987 "http://easydrivers.activities.at/entry.php?id=10271&&ser=463774" "Mozilla/5.0 (Windows NT 10.0; WOW64; Trident/7.0; rv:11.0) like Gecko"
213.86.241.133 - - [05/Dec/2017:09:51:35 +0100] "GET /gui/javascript/form_form.js?1512463895 HTTP/1.1" 200 16206 "http://easydrivers.activities.at/entry.php?id=10271&&ser=463834" "Mozilla/5.0 (Windows NT 10.0; WOW64; Trident/7.0; rv:11.0) like Gecko"
81.10.228.170 - - [05/Dec/2017:09:51:48 +0100] "GET /entry.php?id=10271&&ser=463847 HTTP/1.1" 200 986 "http://easydrivers.activities.at/entry.php?id=10271&&ser=463786" "Mozilla/5.0 (Windows NT 10.0; Trident/7.0; rv:11.0) like Gecko"
81.10.228.170 - - [05/Dec/2017:09:51:48 +0100] "GET /gui/javascript/form_form.js?1512463908 HTTP/1.1" 200 16206 "http://easydrivers.activities.at/entry.php?id=10271&&ser=463847" "Mozilla/5.0 (Windows NT 10.0; Trident/7.0; rv:11.0) like Gecko"
213.86.241.133 - - [05/Dec/2017:09:52:35 +0100] "GET /entry.php?id=10271&&ser=463895 HTTP/1.1" 200 988 "http://easydrivers.activities.at/entry.php?id=10271&&ser=463834" "Mozilla/5.0 (Windows NT 10.0; WOW64; Trident/7.0; rv:11.0) like Gecko"
213.86.241.133 - - [05/Dec/2017:09:52:36 +0100] "GET /gui/javascript/form_form.js?1512463955 HTTP/1.1" 200 16206 "http://easydrivers.activities.at/entry.php?id=10271&&ser=463895" "Mozilla/5.0 (Windows NT 10.0; WOW64; Trident/7.0; rv:11.0) like Gecko"
81.10.228.170 - - [05/Dec/2017:09:52:49 +0100] "GET /entry.php?id=10271&&ser=463908 HTTP/1.1" 200 988 "http://easydrivers.activities.at/entry.php?id=10271&&ser=463847" "Mozilla/5.0 (Windows NT 10.0; Trident/7.0; rv:11.0) like Gecko"
81.10.228.170 - - [05/Dec/2017:09:52:49 +0100] "GET /gui/javascript/form_form.js?1512463969 HTTP/1.1" 200 16206 "http://easydrivers.activities.at/entry.php?id=10271&&ser=463908" "Mozilla/5.0 (Windows NT 10.0; Trident/7.0; rv:11.0) like Gecko"
213.86.241.133 - - [05/Dec/2017:09:53:36 +0100] "GET /entry.php?id=10271&&ser=463955 HTTP/1.1" 200 987 "http://easydrivers.activities.at/entry.php?id=10271&&ser=463895" "Mozilla/5.0 (Windows NT 10.0; WOW64; Trident/7.0; rv:11.0) like Gecko"
213.86.241.133 - - [05/Dec/2017:09:53:36 +0100] "GET /gui/javascript/form_form.js?1512464016 HTTP/1.1" 200 16206 "http://easydrivers.activities.at/entry.php?id=10271&&ser=463955" "Mozilla/5.0 (Windows NT 10.0; WOW64; Trident/7.0; rv:11.0) like Gecko"
81.10.228.170 - - [05/Dec/2017:09:53:50 +0100] "GET /entry.php?id=10271&&ser=463969 HTTP/1.1" 200 987 "http://easydrivers.activities.at/entry.php?id=10271&&ser=463908" "Mozilla/5.0 (Windows NT 10.0; Trident/7.0; rv:11.0) like Gecko"
81.10.228.170 - - [05/Dec/2017:09:53:50 +0100] "GET /gui/javascript/form_form.js?1512464030 HTTP/1.1" 200 16206 "http://easydrivers.activities.at/entry.php?id=10271&&ser=463969" "Mozilla/5.0 (Windows NT 10.0; Trident/7.0; rv:11.0) like Gecko"
213.86.241.133 - - [05/Dec/2017:09:54:36 +0100] "GET /entry.php?id=10271&&ser=464016 HTTP/1.1" 200 987 "http://easydrivers.activities.at/entry.php?id=10271&&ser=463955" "Mozilla/5.0 (Windows NT 10.0; WOW64; Trident/7.0; rv:11.0) like Gecko"
213.86.241.133 - - [05/Dec/2017:09:54:36 +0100] "GET /gui/javascript/form_form.js?1512464076 HTTP/1.1" 200 16206 "http://easydrivers.activities.at/entry.php?id=10271&&ser=464016" "Mozilla/5.0 (Windows NT 10.0; WOW64; Trident/7.0; rv:11.0) like Gecko"
81.10.228.170 - - [05/Dec/2017:09:54:51 +0100] "GET /entry.php?id=10271&&ser=464030 HTTP/1.1" 200 987 "http://easydrivers.activities.at/entry.php?id=10271&&ser=463969" "Mozilla/5.0 (Windows NT 10.0; Trident/7.0; rv:11.0) like Gecko"
81.10.228.170 - - [05/Dec/2017:09:54:51 +0100] "GET /gui/javascript/form_form.js?1512464091 HTTP/1.1" 200 16206 "http://easydrivers.activities.at/entry.php?id=10271&&ser=464030" "Mozilla/5.0 (Windows NT 10.0; Trident/7.0; rv:11.0) like Gecko"
213.86.241.133 - - [05/Dec/2017:09:55:37 +0100] "GET /entry.php?id=10271&&ser=464076 HTTP/1.1" 200 987 "http://easydrivers.activities.at/entry.php?id=10271&&ser=464016" "Mozilla/5.0 (Windows NT 10.0; WOW64; Trident/7.0; rv:11.0) like Gecko"
213.86.241.133 - - [05/Dec/2017:09:55:37 +0100] "GET /gui/javascript/form_form.js?1512464137 HTTP/1.1" 200 16206 "http://easydrivers.activities.at/entry.php?id=10271&&ser=464076" "Mozilla/5.0 (Windows NT 10.0; WOW64; Trident/7.0; rv:11.0) like Gecko"
81.10.228.170 - - [05/Dec/2017:09:55:52 +0100] "GET /entry.php?id=10271&&ser=464091 HTTP/1.1" 200 987 "http://easydrivers.activities.at/entry.php?id=10271&&ser=464030" "Mozilla/5.0 (Windows NT 10.0; Trident/7.0; rv:11.0) like Gecko"
81.10.228.170 - - [05/Dec/2017:09:55:55 +0100] "GET /gui/javascript/form_form.js?1512464152 HTTP/1.1" 200 16206 "http://easydrivers.activities.at/entry.php?id=10271&&ser=464091" "Mozilla/5.0 (Windows NT 10.0; Trident/7.0; rv:11.0) like Gecko"
213.86.241.133 - - [05/Dec/2017:09:56:37 +0100] "GET /entry.php?id=10271&&ser=464137 HTTP/1.1" 200 987 "http://easydrivers.activities.at/entry.php?id=10271&&ser=464076" "Mozilla/5.0 (Windows NT 10.0; WOW64; Trident/7.0; rv:11.0) like Gecko"
213.86.241.133 - - [05/Dec/2017:09:56:38 +0100] "GET /gui/javascript/form_form.js?1512464197 HTTP/1.1" 200 16206 "http://easydrivers.activities.at/entry.php?id=10271&&ser=464137" "Mozilla/5.0 (Windows NT 10.0; WOW64; Trident/7.0; rv:11.0) like Gecko"
81.10.228.170 - - [05/Dec/2017:09:56:56 +0100] "GET /entry.php?id=10271&&ser=464152 HTTP/1.1" 200 988 "http://easydrivers.activities.at/entry.php?id=10271&&ser=464091" "Mozilla/5.0 (Windows NT 10.0; Trident/7.0; rv:11.0) like Gecko"
81.10.228.170 - - [05/Dec/2017:09:56:56 +0100] "GET /gui/javascript/form_form.js?1512464216 HTTP/1.1" 200 16206 "http://easydrivers.activities.at/entry.php?id=10271&&ser=464152" "Mozilla/5.0 (Windows NT 10.0; Trident/7.0; rv:11.0) like Gecko"
213.86.241.133 - - [05/Dec/2017:09:57:38 +0100] "GET /entry.php?id=10271&&ser=464197 HTTP/1.1" 200 987 "http://easydrivers.activities.at/entry.php?id=10271&&ser=464137" "Mozilla/5.0 (Windows NT 10.0; WOW64; Trident/7.0; rv:11.0) like Gecko"
213.86.241.133 - - [05/Dec/2017:09:57:38 +0100] "GET /gui/javascript/form_form.js?1512464258 HTTP/1.1" 200 16206 "http://easydrivers.activities.at/entry.php?id=10271&&ser=464197" "Mozilla/5.0 (Windows NT 10.0; WOW64; Trident/7.0; rv:11.0) like Gecko"
81.10.228.170 - - [05/Dec/2017:09:57:57 +0100] "GET /entry.php?id=10271&&ser=464216 HTTP/1.1" 200 987 "http://easydrivers.activities.at/entry.php?id=10271&&ser=464152" "Mozilla/5.0 (Windows NT 10.0; Trident/7.0; rv:11.0) like Gecko"
81.10.228.170 - - [05/Dec/2017:09:57:57 +0100] "GET /gui/javascript/form_form.js?1512464277 HTTP/1.1" 200 16206 "http://easydrivers.activities.at/entry.php?id=10271&&ser=464216" "Mozilla/5.0 (Windows NT 10.0; Trident/7.0; rv:11.0) like Gecko"
213.86.241.133 - - [05/Dec/2017:09:58:38 +0100] "GET /entry.php?id=10271&&ser=464258 HTTP/1.1" 200 987 "http://easydrivers.activities.at/entry.php?id=10271&&ser=464197" "Mozilla/5.0 (Windows NT 10.0; WOW64; Trident/7.0; rv:11.0) like Gecko"
213.86.241.133 - - [05/Dec/2017:09:58:39 +0100] "GET /gui/javascript/form_form.js?1512464319 HTTP/1.1" 200 16206 "http://easydrivers.activities.at/entry.php?id=10271&&ser=464258" "Mozilla/5.0 (Windows NT 10.0; WOW64; Trident/7.0; rv:11.0) like Gecko"
81.10.228.170 - - [05/Dec/2017:09:58:58 +0100] "GET /entry.php?id=10271&&ser=464277 HTTP/1.1" 200 987 "http://easydrivers.activities.at/entry.php?id=10271&&ser=464216" "Mozilla/5.0 (Windows NT 10.0; Trident/7.0; rv:11.0) like Gecko"
81.10.228.170 - - [05/Dec/2017:09:58:58 +0100] "GET /gui/javascript/form_form.js?1512464338 HTTP/1.1" 200 16206 "http://easydrivers.activities.at/entry.php?id=10271&&ser=464277" "Mozilla/5.0 (Windows NT 10.0; Trident/7.0; rv:11.0) like Gecko"
213.86.241.133 - - [05/Dec/2017:09:59:39 +0100] "GET /entry.php?id=10271&&ser=464319 HTTP/1.1" 200 987 "http://easydrivers.activities.at/entry.php?id=10271&&ser=464258" "Mozilla/5.0 (Windows NT 10.0; WOW64; Trident/7.0; rv:11.0) like Gecko"
213.86.241.133 - - [05/Dec/2017:09:59:39 +0100] "GET /gui/javascript/form_form.js?1512464379 HTTP/1.1" 200 16206 "http://easydrivers.activities.at/entry.php?id=10271&&ser=464319" "Mozilla/5.0 (Windows NT 10.0; WOW64; Trident/7.0; rv:11.0) like Gecko"
81.10.228.170 - - [05/Dec/2017:09:59:59 +0100] "GET /entry.php?id=10271&&ser=464338 HTTP/1.1" 200 987 "http://easydrivers.activities.at/entry.php?id=10271&&ser=464277" "Mozilla/5.0 (Windows NT 10.0; Trident/7.0; rv:11.0) like Gecko"
81.10.228.170 - - [05/Dec/2017:09:59:59 +0100] "GET /gui/javascript/form_form.js?1512464399 HTTP/1.1" 200 16206 "http://easydrivers.activities.at/entry.php?id=10271&&ser=464338" "Mozilla/5.0 (Windows NT 10.0; Trident/7.0; rv:11.0) like Gecko"
213.86.241.133 - - [05/Dec/2017:10:00:39 +0100] "GET /entry.php?id=10271&&ser=464379 HTTP/1.1" 200 988 "http://easydrivers.activities.at/entry.php?id=10271&&ser=464319" "Mozilla/5.0 (Windows NT 10.0; WOW64; Trident/7.0; rv:11.0) like Gecko"
213.86.241.133 - - [05/Dec/2017:10:00:40 +0100] "GET /gui/javascript/form_form.js?1512464440 HTTP/1.1" 200 16206 "http://easydrivers.activities.at/entry.php?id=10271&&ser=464379" "Mozilla/5.0 (Windows NT 10.0; WOW64; Trident/7.0; rv:11.0) like Gecko"
81.10.228.170 - - [05/Dec/2017:10:01:00 +0100] "GET /entry.php?id=10271&&ser=464399 HTTP/1.1" 200 987 "http://easydrivers.activities.at/entry.php?id=10271&&ser=464338" "Mozilla/5.0 (Windows NT 10.0; Trident/7.0; rv:11.0) like Gecko"
81.10.228.170 - - [05/Dec/2017:10:01:00 +0100] "GET /gui/javascript/form_form.js?1512464460 HTTP/1.1" 200 16206 "http://easydrivers.activities.at/entry.php?id=10271&&ser=464399" "Mozilla/5.0 (Windows NT 10.0; Trident/7.0; rv:11.0) like Gecko"
213.86.241.133 - - [05/Dec/2017:10:01:40 +0100] "GET /entry.php?id=10271&&ser=464440 HTTP/1.1" 200 986 "http://easydrivers.activities.at/entry.php?id=10271&&ser=464379" "Mozilla/5.0 (Windows NT 10.0; WOW64; Trident/7.0; rv:11.0) like Gecko"
213.86.241.133 - - [05/Dec/2017:10:01:40 +0100] "GET /gui/javascript/form_form.js?1512464500 HTTP/1.1" 200 16206 "http://easydrivers.activities.at/entry.php?id=10271&&ser=464440" "Mozilla/5.0 (Windows NT 10.0; WOW64; Trident/7.0; rv:11.0) like Gecko"
81.10.228.170 - - [05/Dec/2017:10:02:01 +0100] "GET /entry.php?id=10271&&ser=464460 HTTP/1.1" 200 987 "http://easydrivers.activities.at/entry.php?id=10271&&ser=464399" "Mozilla/5.0 (Windows NT 10.0; Trident/7.0; rv:11.0) like Gecko"
81.10.228.170 - - [05/Dec/2017:10:02:02 +0100] "GET /gui/javascript/form_form.js?1512464521 HTTP/1.1" 200 16206 "http://easydrivers.activities.at/entry.php?id=10271&&ser=464460" "Mozilla/5.0 (Windows NT 10.0; Trident/7.0; rv:11.0) like Gecko"
213.86.241.133 - - [05/Dec/2017:10:02:40 +0100] "GET /entry.php?id=10271&&ser=464500 HTTP/1.1" 200 987 "http://easydrivers.activities.at/entry.php?id=10271&&ser=464440" "Mozilla/5.0 (Windows NT 10.0; WOW64; Trident/7.0; rv:11.0) like Gecko"
213.86.241.133 - - [05/Dec/2017:10:02:41 +0100] "GET /gui/javascript/form_form.js?1512464561 HTTP/1.1" 200 16206 "http://easydrivers.activities.at/entry.php?id=10271&&ser=464500" "Mozilla/5.0 (Windows NT 10.0; WOW64; Trident/7.0; rv:11.0) like Gecko"
81.10.228.170 - - [05/Dec/2017:10:03:02 +0100] "GET /entry.php?id=10271&&ser=464521 HTTP/1.1" 200 987 "http://easydrivers.activities.at/entry.php?id=10271&&ser=464460" "Mozilla/5.0 (Windows NT 10.0; Trident/7.0; rv:11.0) like Gecko"
81.10.228.170 - - [05/Dec/2017:10:03:03 +0100] "GET /gui/javascript/form_form.js?1512464583 HTTP/1.1" 200 16206 "http://easydrivers.activities.at/entry.php?id=10271&&ser=464521" "Mozilla/5.0 (Windows NT 10.0; Trident/7.0; rv:11.0) like Gecko"
213.86.241.133 - - [05/Dec/2017:10:03:41 +0100] "GET /entry.php?id=10271&&ser=464561 HTTP/1.1" 200 987 "http://easydrivers.activities.at/entry.php?id=10271&&ser=464500" "Mozilla/5.0 (Windows NT 10.0; WOW64; Trident/7.0; rv:11.0) like Gecko"
213.86.241.133 - - [05/Dec/2017:10:03:41 +0100] "GET /gui/javascript/form_form.js?1512464621 HTTP/1.1" 200 16206 "http://easydrivers.activities.at/entry.php?id=10271&&ser=464561" "Mozilla/5.0 (Windows NT 10.0; WOW64; Trident/7.0; rv:11.0) like Gecko"
81.10.228.170 - - [05/Dec/2017:10:04:04 +0100] "GET /entry.php?id=10271&&ser=464583 HTTP/1.1" 200 986 "http://easydrivers.activities.at/entry.php?id=10271&&ser=464521" "Mozilla/5.0 (Windows NT 10.0; Trident/7.0; rv:11.0) like Gecko"
81.10.228.170 - - [05/Dec/2017:10:04:04 +0100] "GET /gui/javascript/form_form.js?1512464644 HTTP/1.1" 200 16206 "http://easydrivers.activities.at/entry.php?id=10271&&ser=464583" "Mozilla/5.0 (Windows NT 10.0; Trident/7.0; rv:11.0) like Gecko"
213.86.241.133 - - [05/Dec/2017:10:04:41 +0100] "GET /entry.php?id=10271&&ser=464621 HTTP/1.1" 200 987 "http://easydrivers.activities.at/entry.php?id=10271&&ser=464561" "Mozilla/5.0 (Windows NT 10.0; WOW64; Trident/7.0; rv:11.0) like Gecko"
213.86.241.133 - - [05/Dec/2017:10:04:42 +0100] "GET /gui/javascript/form_form.js?1512464682 HTTP/1.1" 200 16206 "http://easydrivers.activities.at/entry.php?id=10271&&ser=464621" "Mozilla/5.0 (Windows NT 10.0; WOW64; Trident/7.0; rv:11.0) like Gecko"
81.10.228.170 - - [05/Dec/2017:10:05:05 +0100] "GET /entry.php?id=10271&&ser=464644 HTTP/1.1" 200 987 "http://easydrivers.activities.at/entry.php?id=10271&&ser=464583" "Mozilla/5.0 (Windows NT 10.0; Trident/7.0; rv:11.0) like Gecko"
81.10.228.170 - - [05/Dec/2017:10:05:05 +0100] "GET /gui/javascript/form_form.js?1512464705 HTTP/1.1" 200 16206 "http://easydrivers.activities.at/entry.php?id=10271&&ser=464644" "Mozilla/5.0 (Windows NT 10.0; Trident/7.0; rv:11.0) like Gecko"
213.86.241.133 - - [05/Dec/2017:10:05:42 +0100] "GET /entry.php?id=10271&&ser=464682 HTTP/1.1" 200 987 "http://easydrivers.activities.at/entry.php?id=10271&&ser=464621" "Mozilla/5.0 (Windows NT 10.0; WOW64; Trident/7.0; rv:11.0) like Gecko"
213.86.241.133 - - [05/Dec/2017:10:05:42 +0100] "GET /gui/javascript/form_form.js?1512464742 HTTP/1.1" 200 16206 "http://easydrivers.activities.at/entry.php?id=10271&&ser=464682" "Mozilla/5.0 (Windows NT 10.0; WOW64; Trident/7.0; rv:11.0) like Gecko"
81.10.228.170 - - [05/Dec/2017:10:06:05 +0100] "GET /entry.php?id=10271&&ser=464705 HTTP/1.1" 200 987 "http://easydrivers.activities.at/entry.php?id=10271&&ser=464644" "Mozilla/5.0 (Windows NT 10.0; Trident/7.0; rv:11.0) like Gecko"
81.10.228.170 - - [05/Dec/2017:10:06:06 +0100] "GET /gui/javascript/form_form.js?1512464766 HTTP/1.1" 200 16206 "http://easydrivers.activities.at/entry.php?id=10271&&ser=464705" "Mozilla/5.0 (Windows NT 10.0; Trident/7.0; rv:11.0) like Gecko"
213.86.241.133 - - [05/Dec/2017:10:06:42 +0100] "GET /entry.php?id=10271&&ser=464742 HTTP/1.1" 200 987 "http://easydrivers.activities.at/entry.php?id=10271&&ser=464682" "Mozilla/5.0 (Windows NT 10.0; WOW64; Trident/7.0; rv:11.0) like Gecko"
213.86.241.133 - - [05/Dec/2017:10:06:43 +0100] "GET /gui/javascript/form_form.js?1512464803 HTTP/1.1" 200 16206 "http://easydrivers.activities.at/entry.php?id=10271&&ser=464742" "Mozilla/5.0 (Windows NT 10.0; WOW64; Trident/7.0; rv:11.0) like Gecko"
81.10.228.170 - - [05/Dec/2017:10:07:06 +0100] "GET /entry.php?id=10271&&ser=464766 HTTP/1.1" 200 987 "http://easydrivers.activities.at/entry.php?id=10271&&ser=464705" "Mozilla/5.0 (Windows NT 10.0; Trident/7.0; rv:11.0) like Gecko"
81.10.228.170 - - [05/Dec/2017:10:07:07 +0100] "GET /gui/javascript/form_form.js?1512464827 HTTP/1.1" 200 16206 "http://easydrivers.activities.at/entry.php?id=10271&&ser=464766" "Mozilla/5.0 (Windows NT 10.0; Trident/7.0; rv:11.0) like Gecko"
213.86.241.133 - - [05/Dec/2017:10:07:07 +0100] "POST /entry.php?id=11671 HTTP/1.1" 200 4742 "http://easydrivers.activities.at/entry.php?id=11671" "Mozilla/5.0 (Windows NT 10.0; WOW64; Trident/7.0; rv:11.0) like Gecko"
213.86.241.133 - - [05/Dec/2017:10:07:08 +0100] "GET /gui/javascript/form_form.js?1512464828 HTTP/1.1" 200 16206 "http://easydrivers.activities.at/entry.php?id=11671" "Mozilla/5.0 (Windows NT 10.0; WOW64; Trident/7.0; rv:11.0) like Gecko"
213.86.241.133 - - [05/Dec/2017:10:07:08 +0100] "GET /entry.php?id=10778&form=11496&name=list& HTTP/1.1" 200 5703 "http://easydrivers.activities.at/entry.php?id=11671" "Mozilla/5.0 (Windows NT 10.0; WOW64; Trident/7.0; rv:11.0) like Gecko"
213.86.241.133 - - [05/Dec/2017:10:07:08 +0100] "GET /entry.php?id=10776&form=11496&name=list& HTTP/1.1" 200 1519 "http://easydrivers.activities.at/entry.php?id=11671" "Mozilla/5.0 (Windows NT 10.0; WOW64; Trident/7.0; rv:11.0) like Gecko"
213.47.157.214 - - [05/Dec/2017:10:07:34 +0100] "GET / HTTP/1.1" 200 382 "-" "Mozilla/5.0 (Windows NT 6.1; Win64; x64) AppleWebKit/537.36 (KHTML, like Gecko) Chrome/62.0.3202.94 Safari/537.36"
213.47.157.214 - - [05/Dec/2017:10:07:35 +0100] "GET /layout.php HTTP/1.1" 200 908 "http://ed.activities.at/" "Mozilla/5.0 (Windows NT 6.1; Win64; x64) AppleWebKit/537.36 (KHTML, like Gecko) Chrome/62.0.3202.94 Safari/537.36"
213.47.157.214 - - [05/Dec/2017:10:07:35 +0100] "GET /entry.php?id=10272 HTTP/1.1" 200 1190 "http://ed.activities.at/layout.php" "Mozilla/5.0 (Windows NT 6.1; Win64; x64) AppleWebKit/537.36 (KHTML, like Gecko) Chrome/62.0.3202.94 Safari/537.36"
213.47.157.214 - - [05/Dec/2017:10:07:35 +0100] "GET /entry.php?id=10270 HTTP/1.1" 200 909 "http://ed.activities.at/layout.php" "Mozilla/5.0 (Windows NT 6.1; Win64; x64) AppleWebKit/537.36 (KHTML, like Gecko) Chrome/62.0.3202.94 Safari/537.36"
213.47.157.214 - - [05/Dec/2017:10:07:35 +0100] "GET /entry.php?id=10273 HTTP/1.1" 200 1933 "http://ed.activities.at/layout.php" "Mozilla/5.0 (Windows NT 6.1; Win64; x64) AppleWebKit/537.36 (KHTML, like Gecko) Chrome/62.0.3202.94 Safari/537.36"
213.47.157.214 - - [05/Dec/2017:10:07:35 +0100] "GET /gui/styles/tmplDefault.css HTTP/1.1" 200 2135 "http://ed.activities.at/entry.php?id=10272" "Mozilla/5.0 (Windows NT 6.1; Win64; x64) AppleWebKit/537.36 (KHTML, like Gecko) Chrome/62.0.3202.94 Safari/537.36"
213.47.157.214 - - [05/Dec/2017:10:07:35 +0100] "GET /gui/javascript/form_form.js?1512464855 HTTP/1.1" 200 16206 "http://ed.activities.at/entry.php?id=10272" "Mozilla/5.0 (Windows NT 6.1; Win64; x64) AppleWebKit/537.36 (KHTML, like Gecko) Chrome/62.0.3202.94 Safari/537.36"
213.47.157.214 - - [05/Dec/2017:10:07:35 +0100] "GET /gui/javascript/jquery/css/gui-themes/custom.min.css HTTP/1.1" 200 5618 "http://ed.activities.at/entry.php?id=10272" "Mozilla/5.0 (Windows NT 6.1; Win64; x64) AppleWebKit/537.36 (KHTML, like Gecko) Chrome/62.0.3202.94 Safari/537.36"
213.47.157.214 - - [05/Dec/2017:10:07:35 +0100] "GET /entry.php?id=11412 HTTP/1.1" 200 1759 "http://ed.activities.at/layout.php" "Mozilla/5.0 (Windows NT 6.1; Win64; x64) AppleWebKit/537.36 (KHTML, like Gecko) Chrome/62.0.3202.94 Safari/537.36"
213.47.157.214 - - [05/Dec/2017:10:07:35 +0100] "GET /framework/webfx/javascript/statusbar/statusBar.js HTTP/1.1" 200 649 "http://ed.activities.at/entry.php?id=10272" "Mozilla/5.0 (Windows NT 6.1; Win64; x64) AppleWebKit/537.36 (KHTML, like Gecko) Chrome/62.0.3202.94 Safari/537.36"
213.47.157.214 - - [05/Dec/2017:10:07:35 +0100] "GET /gui/images/icons/Logo_activites_RGB.gif HTTP/1.1" 200 1336 "http://ed.activities.at/entry.php?id=10273" "Mozilla/5.0 (Windows NT 6.1; Win64; x64) AppleWebKit/537.36 (KHTML, like Gecko) Chrome/62.0.3202.94 Safari/537.36"
213.47.157.214 - - [05/Dec/2017:10:07:36 +0100] "GET /gui/images/icons/cancel.gif HTTP/1.1" 200 125 "http://ed.activities.at/entry.php?id=11412" "Mozilla/5.0 (Windows NT 6.1; Win64; x64) AppleWebKit/537.36 (KHTML, like Gecko) Chrome/62.0.3202.94 Safari/537.36"
213.47.157.214 - - [05/Dec/2017:10:07:36 +0100] "GET /entry.php?id=10271&UIN=4ca3403164b15394ac13c353e30ba3a0 HTTP/1.1" 200 934 "http://ed.activities.at/entry.php?id=10272" "Mozilla/5.0 (Windows NT 6.1; Win64; x64) AppleWebKit/537.36 (KHTML, like Gecko) Chrome/62.0.3202.94 Safari/537.36"
213.47.157.214 - - [05/Dec/2017:10:07:36 +0100] "GET /gui/javascript/form_form.js?1512464856 HTTP/1.1" 200 16206 "http://ed.activities.at/entry.php?id=10271&UIN=4ca3403164b15394ac13c353e30ba3a0" "Mozilla/5.0 (Windows NT 6.1; Win64; x64) AppleWebKit/537.36 (KHTML, like Gecko) Chrome/62.0.3202.94 Safari/537.36"
213.47.157.214 - - [05/Dec/2017:10:07:36 +0100] "GET /entry.php?id=10287 HTTP/1.1" 200 2411 "http://ed.activities.at/entry.php?id=11412" "Mozilla/5.0 (Windows NT 6.1; Win64; x64) AppleWebKit/537.36 (KHTML, like Gecko) Chrome/62.0.3202.94 Safari/537.36"
213.47.157.214 - - [05/Dec/2017:10:07:37 +0100] "GET /gui/javascript/form_form.js?1512464857 HTTP/1.1" 200 16206 "http://ed.activities.at/entry.php?id=10287" "Mozilla/5.0 (Windows NT 6.1; Win64; x64) AppleWebKit/537.36 (KHTML, like Gecko) Chrome/62.0.3202.94 Safari/537.36"
213.47.157.214 - - [05/Dec/2017:10:07:37 +0100] "GET /entry.php?id=10270& HTTP/1.1" 200 909 "http://ed.activities.at/entry.php?id=10287" "Mozilla/5.0 (Windows NT 6.1; Win64; x64) AppleWebKit/537.36 (KHTML, like Gecko) Chrome/62.0.3202.94 Safari/537.36"
213.47.157.214 - - [05/Dec/2017:10:07:37 +0100] "GET /entry.php?id=10273& HTTP/1.1" 200 1902 "http://ed.activities.at/entry.php?id=10287" "Mozilla/5.0 (Windows NT 6.1; Win64; x64) AppleWebKit/537.36 (KHTML, like Gecko) Chrome/62.0.3202.94 Safari/537.36"
213.86.241.133 - - [05/Dec/2017:10:07:43 +0100] "GET /entry.php?id=10271&&ser=464803 HTTP/1.1" 200 987 "http://easydrivers.activities.at/entry.php?id=10271&&ser=464742" "Mozilla/5.0 (Windows NT 10.0; WOW64; Trident/7.0; rv:11.0) like Gecko"
213.86.241.133 - - [05/Dec/2017:10:07:43 +0100] "GET /gui/javascript/form_form.js?1512464863 HTTP/1.1" 200 16206 "http://easydrivers.activities.at/entry.php?id=10271&&ser=464803" "Mozilla/5.0 (Windows NT 10.0; WOW64; Trident/7.0; rv:11.0) like Gecko"
81.10.228.170 - - [05/Dec/2017:10:08:08 +0100] "GET /entry.php?id=10271&&ser=464827 HTTP/1.1" 200 987 "http://easydrivers.activities.at/entry.php?id=10271&&ser=464766" "Mozilla/5.0 (Windows NT 10.0; Trident/7.0; rv:11.0) like Gecko"
81.10.228.170 - - [05/Dec/2017:10:08:08 +0100] "GET /gui/javascript/form_form.js?1512464888 HTTP/1.1" 200 16206 "http://easydrivers.activities.at/entry.php?id=10271&&ser=464827" "Mozilla/5.0 (Windows NT 10.0; Trident/7.0; rv:11.0) like Gecko"
213.47.157.214 - - [05/Dec/2017:10:08:14 +0100] "POST /entry.php?id=10287& HTTP/1.1" 200 3064 "http://ed.activities.at/entry.php?id=10287" "Mozilla/5.0 (Windows NT 6.1; Win64; x64) AppleWebKit/537.36 (KHTML, like Gecko) Chrome/62.0.3202.94 Safari/537.36"
213.47.157.214 - - [05/Dec/2017:10:08:14 +0100] "GET /gui/javascript/form_form.js?1512464894 HTTP/1.1" 200 16206 "http://ed.activities.at/entry.php?id=10287&" "Mozilla/5.0 (Windows NT 6.1; Win64; x64) AppleWebKit/537.36 (KHTML, like Gecko) Chrome/62.0.3202.94 Safari/537.36"
213.47.157.214 - - [05/Dec/2017:10:08:15 +0100] "GET /entry.php?id=10271&UIN=4ca3403164b15394ac13c353e30ba3a0 HTTP/1.1" 200 987 "http://ed.activities.at/entry.php?id=10271&UIN=4ca3403164b15394ac13c353e30ba3a0" "Mozilla/5.0 (Windows NT 6.1; Win64; x64) AppleWebKit/537.36 (KHTML, like Gecko) Chrome/62.0.3202.94 Safari/537.36"
213.47.157.214 - - [05/Dec/2017:10:08:15 +0100] "GET /entry.php?id=10273& HTTP/1.1" 200 2029 "http://ed.activities.at/entry.php?id=10287&" "Mozilla/5.0 (Windows NT 6.1; Win64; x64) AppleWebKit/537.36 (KHTML, like Gecko) Chrome/62.0.3202.94 Safari/537.36"
213.47.157.214 - - [05/Dec/2017:10:08:15 +0100] "GET /gui/javascript/form_form.js?1512464895 HTTP/1.1" 200 16206 "http://ed.activities.at/entry.php?id=10271&UIN=4ca3403164b15394ac13c353e30ba3a0" "Mozilla/5.0 (Windows NT 6.1; Win64; x64) AppleWebKit/537.36 (KHTML, like Gecko) Chrome/62.0.3202.94 Safari/537.36"
213.47.157.214 - - [05/Dec/2017:10:08:16 +0100] "GET /framework/webfx/style/toolbar/images/cbback.gif HTTP/1.1" 404 313 "http://ed.activities.at/framework/webfx/style/toolbar/cb2.css" "Mozilla/5.0 (Windows NT 6.1; Win64; x64) AppleWebKit/537.36 (KHTML, like Gecko) Chrome/62.0.3202.94 Safari/537.36"
213.47.157.214 - - [05/Dec/2017:10:08:16 +0100] "GET /entry.php?id=10270&__app__=10006038 HTTP/1.1" 200 1697 "http://ed.activities.at/entry.php?id=10273&" "Mozilla/5.0 (Windows NT 6.1; Win64; x64) AppleWebKit/537.36 (KHTML, like Gecko) Chrome/62.0.3202.94 Safari/537.36"
213.47.157.214 - - [05/Dec/2017:10:08:16 +0100] "GET /gui/javascript/form_form.js?1512464896 HTTP/1.1" 200 16206 "http://ed.activities.at/entry.php?id=10270&__app__=10006038" "Mozilla/5.0 (Windows NT 6.1; Win64; x64) AppleWebKit/537.36 (KHTML, like Gecko) Chrome/62.0.3202.94 Safari/537.36"
213.47.157.214 - - [05/Dec/2017:10:08:16 +0100] "GET /framework/webfx/javascript/navigation/outlook.js HTTP/1.1" 200 6351 "http://ed.activities.at/entry.php?id=10270&__app__=10006038" "Mozilla/5.0 (Windows NT 6.1; Win64; x64) AppleWebKit/537.36 (KHTML, like Gecko) Chrome/62.0.3202.94 Safari/537.36"
213.47.157.214 - - [05/Dec/2017:10:08:16 +0100] "GET /framework/webfx/javascript/navigation/crossbrowser.js HTTP/1.1" 200 1842 "http://ed.activities.at/entry.php?id=10270&__app__=10006038" "Mozilla/5.0 (Windows NT 6.1; Win64; x64) AppleWebKit/537.36 (KHTML, like Gecko) Chrome/62.0.3202.94 Safari/537.36"
213.47.157.214 - - [05/Dec/2017:10:08:17 +0100] "GET /gui/images/icons/pers_einstellungen.gif HTTP/1.1" 200 1461 "http://ed.activities.at/entry.php?id=10270&__app__=10006038" "Mozilla/5.0 (Windows NT 6.1; Win64; x64) AppleWebKit/537.36 (KHTML, like Gecko) Chrome/62.0.3202.94 Safari/537.36"
213.47.157.214 - - [05/Dec/2017:10:08:17 +0100] "GET /gui/images/icons/i_resourcenverwaltung.gif HTTP/1.1" 200 2102 "http://ed.activities.at/entry.php?id=10270&__app__=10006038" "Mozilla/5.0 (Windows NT 6.1; Win64; x64) AppleWebKit/537.36 (KHTML, like Gecko) Chrome/62.0.3202.94 Safari/537.36"
213.47.157.214 - - [05/Dec/2017:10:08:17 +0100] "GET /framework/icons/navigation/arrowdown.gif HTTP/1.1" 200 424 "http://ed.activities.at/entry.php?id=10270&__app__=10006038" "Mozilla/5.0 (Windows NT 6.1; Win64; x64) AppleWebKit/537.36 (KHTML, like Gecko) Chrome/62.0.3202.94 Safari/537.36"
213.47.157.214 - - [05/Dec/2017:10:08:17 +0100] "GET /framework/icons/navigation/arrowup.gif HTTP/1.1" 200 407 "http://ed.activities.at/entry.php?id=10270&__app__=10006038" "Mozilla/5.0 (Windows NT 6.1; Win64; x64) AppleWebKit/537.36 (KHTML, like Gecko) Chrome/62.0.3202.94 Safari/537.36"
213.47.157.214 - - [05/Dec/2017:10:08:17 +0100] "GET /gui/images/icons/i_artikel.gif HTTP/1.1" 200 1765 "http://ed.activities.at/entry.php?id=10270&__app__=10006038" "Mozilla/5.0 (Windows NT 6.1; Win64; x64) AppleWebKit/537.36 (KHTML, like Gecko) Chrome/62.0.3202.94 Safari/537.36"
213.47.157.214 - - [05/Dec/2017:10:08:17 +0100] "GET /gui/images/icons/i_firmen.gif HTTP/1.1" 200 1463 "http://ed.activities.at/entry.php?id=10270&__app__=10006038" "Mozilla/5.0 (Windows NT 6.1; Win64; x64) AppleWebKit/537.36 (KHTML, like Gecko) Chrome/62.0.3202.94 Safari/537.36"
213.47.157.214 - - [05/Dec/2017:10:08:17 +0100] "GET /gui/images/icons/i_artikelgruppen.gif HTTP/1.1" 200 1538 "http://ed.activities.at/entry.php?id=10270&__app__=10006038" "Mozilla/5.0 (Windows NT 6.1; Win64; x64) AppleWebKit/537.36 (KHTML, like Gecko) Chrome/62.0.3202.94 Safari/537.36"
213.47.157.214 - - [05/Dec/2017:10:08:17 +0100] "GET /gui/images/icons/artikelbearbeitung_verfassung.gif HTTP/1.1" 200 1719 "http://ed.activities.at/entry.php?id=10270&__app__=10006038" "Mozilla/5.0 (Windows NT 6.1; Win64; x64) AppleWebKit/537.36 (KHTML, like Gecko) Chrome/62.0.3202.94 Safari/537.36"
213.47.157.214 - - [05/Dec/2017:10:08:17 +0100] "GET /gui/images/icons/menumanagement.gif HTTP/1.1" 200 204 "http://ed.activities.at/entry.php?id=10270&__app__=10006038" "Mozilla/5.0 (Windows NT 6.1; Win64; x64) AppleWebKit/537.36 (KHTML, like Gecko) Chrome/62.0.3202.94 Safari/537.36"
213.47.157.214 - - [05/Dec/2017:10:08:17 +0100] "GET /gui/images/icons/i_haendler_sollverteiler.gif HTTP/1.1" 200 1330 "http://ed.activities.at/entry.php?id=10270&__app__=10006038" "Mozilla/5.0 (Windows NT 6.1; Win64; x64) AppleWebKit/537.36 (KHTML, like Gecko) Chrome/62.0.3202.94 Safari/537.36"
213.47.157.214 - - [05/Dec/2017:10:08:17 +0100] "GET /gui/images/icons/i_aktionsreminder.gif HTTP/1.1" 200 2181 "http://ed.activities.at/entry.php?id=10270&__app__=10006038" "Mozilla/5.0 (Windows NT 6.1; Win64; x64) AppleWebKit/537.36 (KHTML, like Gecko) Chrome/62.0.3202.94 Safari/537.36"
213.47.157.214 - - [05/Dec/2017:10:08:17 +0100] "GET /gui/images/icons/i_aktionen.gif HTTP/1.1" 200 1920 "http://ed.activities.at/entry.php?id=10270&__app__=10006038" "Mozilla/5.0 (Windows NT 6.1; Win64; x64) AppleWebKit/537.36 (KHTML, like Gecko) Chrome/62.0.3202.94 Safari/537.36"
213.47.157.214 - - [05/Dec/2017:10:08:17 +0100] "GET /undefined HTTP/1.1" 404 283 "http://ed.activities.at/entry.php?id=10270&__app__=10006038" "Mozilla/5.0 (Windows NT 6.1; Win64; x64) AppleWebKit/537.36 (KHTML, like Gecko) Chrome/62.0.3202.94 Safari/537.36"
213.47.157.214 - - [05/Dec/2017:10:08:21 +0100] "POST /entry.php?id=10287& HTTP/1.1" 200 3060 "http://ed.activities.at/entry.php?id=10287&" "Mozilla/5.0 (Windows NT 6.1; Win64; x64) AppleWebKit/537.36 (KHTML, like Gecko) Chrome/62.0.3202.94 Safari/537.36"
213.47.157.214 - - [05/Dec/2017:10:08:21 +0100] "GET /gui/javascript/form_form.js?1512464901 HTTP/1.1" 200 16206 "http://ed.activities.at/entry.php?id=10287&" "Mozilla/5.0 (Windows NT 6.1; Win64; x64) AppleWebKit/537.36 (KHTML, like Gecko) Chrome/62.0.3202.94 Safari/537.36"
213.47.157.214 - - [05/Dec/2017:10:08:22 +0100] "GET /entry.php?id=10271&UIN=4ca3403164b15394ac13c353e30ba3a0 HTTP/1.1" 200 987 "http://ed.activities.at/entry.php?id=10271&UIN=4ca3403164b15394ac13c353e30ba3a0" "Mozilla/5.0 (Windows NT 6.1; Win64; x64) AppleWebKit/537.36 (KHTML, like Gecko) Chrome/62.0.3202.94 Safari/537.36"
213.47.157.214 - - [05/Dec/2017:10:08:22 +0100] "GET /gui/javascript/form_form.js?1512464902 HTTP/1.1" 200 16206 "http://ed.activities.at/entry.php?id=10271&UIN=4ca3403164b15394ac13c353e30ba3a0" "Mozilla/5.0 (Windows NT 6.1; Win64; x64) AppleWebKit/537.36 (KHTML, like Gecko) Chrome/62.0.3202.94 Safari/537.36"
213.86.241.133 - - [05/Dec/2017:10:08:43 +0100] "GET /entry.php?id=10271&&ser=464863 HTTP/1.1" 200 987 "http://easydrivers.activities.at/entry.php?id=10271&&ser=464803" "Mozilla/5.0 (Windows NT 10.0; WOW64; Trident/7.0; rv:11.0) like Gecko"
213.86.241.133 - - [05/Dec/2017:10:08:44 +0100] "GET /gui/javascript/form_form.js?1512464924 HTTP/1.1" 200 16206 "http://easydrivers.activities.at/entry.php?id=10271&&ser=464863" "Mozilla/5.0 (Windows NT 10.0; WOW64; Trident/7.0; rv:11.0) like Gecko"
213.47.157.214 - - [05/Dec/2017:10:08:58 +0100] "GET /entry.php?id=11673 HTTP/1.1" 200 358 "http://ed.activities.at/entry.php?id=10270&__app__=10006038" "Mozilla/5.0 (Windows NT 6.1; Win64; x64) AppleWebKit/537.36 (KHTML, like Gecko) Chrome/62.0.3202.94 Safari/537.36"
213.47.157.214 - - [05/Dec/2017:10:08:59 +0100] "GET /entry.php?id=10676&&title=F%FChrerscheinkurse HTTP/1.1" 200 1395 "http://ed.activities.at/entry.php?id=11673" "Mozilla/5.0 (Windows NT 6.1; Win64; x64) AppleWebKit/537.36 (KHTML, like Gecko) Chrome/62.0.3202.94 Safari/537.36"
213.47.157.214 - - [05/Dec/2017:10:08:59 +0100] "GET /gui/javascript/form_form.js?1512464939 HTTP/1.1" 200 16206 "http://ed.activities.at/entry.php?id=10676&&title=F%FChrerscheinkurse" "Mozilla/5.0 (Windows NT 6.1; Win64; x64) AppleWebKit/537.36 (KHTML, like Gecko) Chrome/62.0.3202.94 Safari/537.36"
213.47.157.214 - - [05/Dec/2017:10:08:59 +0100] "GET /entry.php?id=11694& HTTP/1.1" 200 3415 "http://ed.activities.at/entry.php?id=11673" "Mozilla/5.0 (Windows NT 6.1; Win64; x64) AppleWebKit/537.36 (KHTML, like Gecko) Chrome/62.0.3202.94 Safari/537.36"
213.47.157.214 - - [05/Dec/2017:10:09:00 +0100] "GET /activities/framework/KoolControls/KoolTreeView/icons/Folder.gif HTTP/1.1" 200 267 "http://ed.activities.at/entry.php?id=11694&" "Mozilla/5.0 (Windows NT 6.1; Win64; x64) AppleWebKit/537.36 (KHTML, like Gecko) Chrome/62.0.3202.94 Safari/537.36"
213.47.157.214 - - [05/Dec/2017:10:09:00 +0100] "GET /activities/framework/KoolControls/KoolAjax/koolajax.php?8436e354c842500aba3cbaf0584c0c24 HTTP/1.1" 200 4079 "http://ed.activities.at/entry.php?id=11694&" "Mozilla/5.0 (Windows NT 6.1; Win64; x64) AppleWebKit/537.36 (KHTML, like Gecko) Chrome/62.0.3202.94 Safari/537.36"
213.47.157.214 - - [05/Dec/2017:10:09:00 +0100] "GET /gui/javascript/jquery/js/jquery.friendurl.js HTTP/1.1" 200 2321 "http://ed.activities.at/entry.php?id=11694&" "Mozilla/5.0 (Windows NT 6.1; Win64; x64) AppleWebKit/537.36 (KHTML, like Gecko) Chrome/62.0.3202.94 Safari/537.36"
213.47.157.214 - - [05/Dec/2017:10:09:00 +0100] "GET /gui/javascript/form_ed_training_course.js HTTP/1.1" 200 1951 "http://ed.activities.at/entry.php?id=11694&" "Mozilla/5.0 (Windows NT 6.1; Win64; x64) AppleWebKit/537.36 (KHTML, like Gecko) Chrome/62.0.3202.94 Safari/537.36"
213.47.157.214 - - [05/Dec/2017:10:09:00 +0100] "GET /activities/framework/KoolControls/KoolTreeView/icons/square_blueS.gif HTTP/1.1" 200 540 "http://ed.activities.at/entry.php?id=11694&" "Mozilla/5.0 (Windows NT 6.1; Win64; x64) AppleWebKit/537.36 (KHTML, like Gecko) Chrome/62.0.3202.94 Safari/537.36"
213.47.157.214 - - [05/Dec/2017:10:09:00 +0100] "GET /activities/framework/KoolControls/KoolTreeView/icons/square_greyS.gif HTTP/1.1" 200 342 "http://ed.activities.at/entry.php?id=11694&" "Mozilla/5.0 (Windows NT 6.1; Win64; x64) AppleWebKit/537.36 (KHTML, like Gecko) Chrome/62.0.3202.94 Safari/537.36"
213.47.157.214 - - [05/Dec/2017:10:09:00 +0100] "GET /activities/framework/KoolControls/KoolTreeView/icons/square_yellowS.gif HTTP/1.1" 200 541 "http://ed.activities.at/entry.php?id=11694&" "Mozilla/5.0 (Windows NT 6.1; Win64; x64) AppleWebKit/537.36 (KHTML, like Gecko) Chrome/62.0.3202.94 Safari/537.36"
213.47.157.214 - - [05/Dec/2017:10:09:00 +0100] "GET /activities/framework/KoolControls/KoolTreeView/styles/default/default.css HTTP/1.1" 200 1099 "http://ed.activities.at/entry.php?id=11694&" "Mozilla/5.0 (Windows NT 6.1; Win64; x64) AppleWebKit/537.36 (KHTML, like Gecko) Chrome/62.0.3202.94 Safari/537.36"
213.47.157.214 - - [05/Dec/2017:10:09:00 +0100] "GET /activities/framework/KoolControls/KoolTreeView/kooltreeview.php?c7cd9180e88ffef8e70f13526bb4f5f7 HTTP/1.1" 200 5055 "http://ed.activities.at/entry.php?id=11694&" "Mozilla/5.0 (Windows NT 6.1; Win64; x64) AppleWebKit/537.36 (KHTML, like Gecko) Chrome/62.0.3202.94 Safari/537.36"
213.47.157.214 - - [05/Dec/2017:10:09:00 +0100] "GET /activities/framework/KoolControls/KoolTreeView/styles/default/pm.gif HTTP/1.1" 200 214 "http://ed.activities.at/activities/framework/KoolControls/KoolTreeView/styles/default/default.css" "Mozilla/5.0 (Windows NT 6.1; Win64; x64) AppleWebKit/537.36 (KHTML, like Gecko) Chrome/62.0.3202.94 Safari/537.36"
213.47.157.214 - - [05/Dec/2017:10:09:00 +0100] "GET /activities/framework/KoolControls/KoolTreeView/styles/default/v.gif HTTP/1.1" 200 1940 "http://ed.activities.at/activities/framework/KoolControls/KoolTreeView/styles/default/default.css" "Mozilla/5.0 (Windows NT 6.1; Win64; x64) AppleWebKit/537.36 (KHTML, like Gecko) Chrome/62.0.3202.94 Safari/537.36"
213.47.157.214 - - [05/Dec/2017:10:09:00 +0100] "GET /activities/framework/KoolControls/KoolTreeView/styles/default/L.gif HTTP/1.1" 200 67 "http://ed.activities.at/activities/framework/KoolControls/KoolTreeView/styles/default/default.css" "Mozilla/5.0 (Windows NT 6.1; Win64; x64) AppleWebKit/537.36 (KHTML, like Gecko) Chrome/62.0.3202.94 Safari/537.36"
213.47.157.214 - - [05/Dec/2017:10:09:00 +0100] "GET /activities/framework/KoolControls/KoolTreeView/styles/default/mid.gif HTTP/1.1" 200 71 "http://ed.activities.at/activities/framework/KoolControls/KoolTreeView/styles/default/default.css" "Mozilla/5.0 (Windows NT 6.1; Win64; x64) AppleWebKit/537.36 (KHTML, like Gecko) Chrome/62.0.3202.94 Safari/537.36"
213.47.157.214 - - [05/Dec/2017:10:09:00 +0100] "GET /activities/framework/KoolControls/KoolTreeView/styles/default/horizon.gif HTTP/1.1" 200 844 "http://ed.activities.at/activities/framework/KoolControls/KoolTreeView/styles/default/default.css" "Mozilla/5.0 (Windows NT 6.1; Win64; x64) AppleWebKit/537.36 (KHTML, like Gecko) Chrome/62.0.3202.94 Safari/537.36"
213.47.157.214 - - [05/Dec/2017:10:08:59 +0100] "GET /entry.php?id=11672& HTTP/1.1" 200 2692 "http://ed.activities.at/entry.php?id=11673" "Mozilla/5.0 (Windows NT 6.1; Win64; x64) AppleWebKit/537.36 (KHTML, like Gecko) Chrome/62.0.3202.94 Safari/537.36"
213.47.157.214 - - [05/Dec/2017:10:09:00 +0100] "GET /gui/javascript/form_form.js?1512464940 HTTP/1.1" 200 16206 "http://ed.activities.at/entry.php?id=11672&" "Mozilla/5.0 (Windows NT 6.1; Win64; x64) AppleWebKit/537.36 (KHTML, like Gecko) Chrome/62.0.3202.94 Safari/537.36"
213.47.157.214 - - [05/Dec/2017:10:08:59 +0100] "GET /entry.php?id=11671& HTTP/1.1" 200 4535 "http://ed.activities.at/entry.php?id=11673" "Mozilla/5.0 (Windows NT 6.1; Win64; x64) AppleWebKit/537.36 (KHTML, like Gecko) Chrome/62.0.3202.94 Safari/537.36"
213.47.157.214 - - [05/Dec/2017:10:09:01 +0100] "GET /gui/javascript/form_form.js?1512464941 HTTP/1.1" 200 16206 "http://ed.activities.at/entry.php?id=11671&" "Mozilla/5.0 (Windows NT 6.1; Win64; x64) AppleWebKit/537.36 (KHTML, like Gecko) Chrome/62.0.3202.94 Safari/537.36"
213.47.157.214 - - [05/Dec/2017:10:09:01 +0100] "GET /gui/javascript/jquery/js/i18n/jquery.ui.datepicker-de.js HTTP/1.1" 200 479 "http://ed.activities.at/entry.php?id=11671&" "Mozilla/5.0 (Windows NT 6.1; Win64; x64) AppleWebKit/537.36 (KHTML, like Gecko) Chrome/62.0.3202.94 Safari/537.36"
213.47.157.214 - - [05/Dec/2017:10:09:01 +0100] "GET /gui/javascript/jquery/js/i18n/jquery-ui-timepicker-de.js HTTP/1.1" 200 333 "http://ed.activities.at/entry.php?id=11671&" "Mozilla/5.0 (Windows NT 6.1; Win64; x64) AppleWebKit/537.36 (KHTML, like Gecko) Chrome/62.0.3202.94 Safari/537.36"
213.47.157.214 - - [05/Dec/2017:10:09:01 +0100] "GET /gui/javascript/jquery/js/ui-timepicker-addon.js HTTP/1.1" 200 17574 "http://ed.activities.at/entry.php?id=11671&" "Mozilla/5.0 (Windows NT 6.1; Win64; x64) AppleWebKit/537.36 (KHTML, like Gecko) Chrome/62.0.3202.94 Safari/537.36"
213.47.157.214 - - [05/Dec/2017:10:09:01 +0100] "GET /gui/images/icons/disabled_wizard.png HTTP/1.1" 200 658 "http://ed.activities.at/entry.php?id=11671&" "Mozilla/5.0 (Windows NT 6.1; Win64; x64) AppleWebKit/537.36 (KHTML, like Gecko) Chrome/62.0.3202.94 Safari/537.36"
213.47.157.214 - - [05/Dec/2017:10:09:00 +0100] "GET /entry.php?id=10776&form=11497&name=list& HTTP/1.1" 200 1942 "http://ed.activities.at/entry.php?id=11672&" "Mozilla/5.0 (Windows NT 6.1; Win64; x64) AppleWebKit/537.36 (KHTML, like Gecko) Chrome/62.0.3202.94 Safari/537.36"
213.47.157.214 - - [05/Dec/2017:10:09:00 +0100] "GET /entry.php?id=10778&form=11497&name=list& HTTP/1.1" 200 11665 "http://ed.activities.at/entry.php?id=11672&" "Mozilla/5.0 (Windows NT 6.1; Win64; x64) AppleWebKit/537.36 (KHTML, like Gecko) Chrome/62.0.3202.94 Safari/537.36"
213.47.157.214 - - [05/Dec/2017:10:09:01 +0100] "GET /gui/images/icons/disabled_calendar.png HTTP/1.1" 200 640 "http://ed.activities.at/entry.php?id=11671&" "Mozilla/5.0 (Windows NT 6.1; Win64; x64) AppleWebKit/537.36 (KHTML, like Gecko) Chrome/62.0.3202.94 Safari/537.36"
213.47.157.214 - - [05/Dec/2017:10:09:01 +0100] "GET /entry.php?id=10776&form=11496&name=list& HTTP/1.1" 200 1526 "http://ed.activities.at/entry.php?id=11671&" "Mozilla/5.0 (Windows NT 6.1; Win64; x64) AppleWebKit/537.36 (KHTML, like Gecko) Chrome/62.0.3202.94 Safari/537.36"
213.47.157.214 - - [05/Dec/2017:10:09:01 +0100] "GET /entry.php?id=10778&form=11496&name=list& HTTP/1.1" 200 2493 "http://ed.activities.at/entry.php?id=11671&" "Mozilla/5.0 (Windows NT 6.1; Win64; x64) AppleWebKit/537.36 (KHTML, like Gecko) Chrome/62.0.3202.94 Safari/537.36"
213.47.157.214 - - [05/Dec/2017:10:09:02 +0100] "GET /gui/images/icons/website.gif HTTP/1.1" 200 1049 "http://ed.activities.at/entry.php?id=10776&form=11496&name=list&" "Mozilla/5.0 (Windows NT 6.1; Win64; x64) AppleWebKit/537.36 (KHTML, like Gecko) Chrome/62.0.3202.94 Safari/537.36"
213.47.157.214 - - [05/Dec/2017:10:09:06 +0100] "POST /entry.php?id=11672 HTTP/1.1" 200 2700 "http://ed.activities.at/entry.php?id=11672&" "Mozilla/5.0 (Windows NT 6.1; Win64; x64) AppleWebKit/537.36 (KHTML, like Gecko) Chrome/62.0.3202.94 Safari/537.36"
213.47.157.214 - - [05/Dec/2017:10:09:07 +0100] "GET /gui/javascript/form_form.js?1512464947 HTTP/1.1" 200 16206 "http://ed.activities.at/entry.php?id=11672" "Mozilla/5.0 (Windows NT 6.1; Win64; x64) AppleWebKit/537.36 (KHTML, like Gecko) Chrome/62.0.3202.94 Safari/537.36"
213.47.157.214 - - [05/Dec/2017:10:09:07 +0100] "GET /entry.php?id=10776&form=11497&name=list& HTTP/1.1" 200 1942 "http://ed.activities.at/entry.php?id=11672" "Mozilla/5.0 (Windows NT 6.1; Win64; x64) AppleWebKit/537.36 (KHTML, like Gecko) Chrome/62.0.3202.94 Safari/537.36"
213.47.157.214 - - [05/Dec/2017:10:09:07 +0100] "GET /entry.php?id=10778&form=11497&name=list& HTTP/1.1" 200 5130 "http://ed.activities.at/entry.php?id=11672" "Mozilla/5.0 (Windows NT 6.1; Win64; x64) AppleWebKit/537.36 (KHTML, like Gecko) Chrome/62.0.3202.94 Safari/537.36"
81.10.228.170 - - [05/Dec/2017:10:09:08 +0100] "GET /entry.php?id=10271&&ser=464888 HTTP/1.1" 200 987 "http://easydrivers.activities.at/entry.php?id=10271&&ser=464827" "Mozilla/5.0 (Windows NT 10.0; Trident/7.0; rv:11.0) like Gecko"
81.10.228.170 - - [05/Dec/2017:10:09:09 +0100] "GET /gui/javascript/form_form.js?1512464949 HTTP/1.1" 200 16206 "http://easydrivers.activities.at/entry.php?id=10271&&ser=464888" "Mozilla/5.0 (Windows NT 10.0; Trident/7.0; rv:11.0) like Gecko"
213.47.157.214 - - [05/Dec/2017:10:09:22 +0100] "GET /entry.php?id=10271&&ser=464902 HTTP/1.1" 200 987 "http://ed.activities.at/entry.php?id=10271&UIN=4ca3403164b15394ac13c353e30ba3a0" "Mozilla/5.0 (Windows NT 6.1; Win64; x64) AppleWebKit/537.36 (KHTML, like Gecko) Chrome/62.0.3202.94 Safari/537.36"
213.47.157.214 - - [05/Dec/2017:10:09:23 +0100] "GET /gui/javascript/form_form.js?1512464962 HTTP/1.1" 200 16206 "http://ed.activities.at/entry.php?id=10271&&ser=464902" "Mozilla/5.0 (Windows NT 6.1; Win64; x64) AppleWebKit/537.36 (KHTML, like Gecko) Chrome/62.0.3202.94 Safari/537.36"
213.86.241.133 - - [05/Dec/2017:10:09:44 +0100] "GET /entry.php?id=10271&&ser=464924 HTTP/1.1" 200 987 "http://easydrivers.activities.at/entry.php?id=10271&&ser=464863" "Mozilla/5.0 (Windows NT 10.0; WOW64; Trident/7.0; rv:11.0) like Gecko"
213.86.241.133 - - [05/Dec/2017:10:09:44 +0100] "GET /gui/javascript/form_form.js?1512464984 HTTP/1.1" 200 16206 "http://easydrivers.activities.at/entry.php?id=10271&&ser=464924" "Mozilla/5.0 (Windows NT 10.0; WOW64; Trident/7.0; rv:11.0) like Gecko"
81.10.228.170 - - [05/Dec/2017:10:10:09 +0100] "GET /entry.php?id=10271&&ser=464949 HTTP/1.1" 200 987 "http://easydrivers.activities.at/entry.php?id=10271&&ser=464888" "Mozilla/5.0 (Windows NT 10.0; Trident/7.0; rv:11.0) like Gecko"
81.10.228.170 - - [05/Dec/2017:10:10:10 +0100] "GET /gui/javascript/form_form.js?1512465010 HTTP/1.1" 200 16206 "http://easydrivers.activities.at/entry.php?id=10271&&ser=464949" "Mozilla/5.0 (Windows NT 10.0; Trident/7.0; rv:11.0) like Gecko"
213.47.157.214 - - [05/Dec/2017:10:10:23 +0100] "GET /entry.php?id=10271&&ser=464962 HTTP/1.1" 200 987 "http://ed.activities.at/entry.php?id=10271&&ser=464902" "Mozilla/5.0 (Windows NT 6.1; Win64; x64) AppleWebKit/537.36 (KHTML, like Gecko) Chrome/62.0.3202.94 Safari/537.36"
213.47.157.214 - - [05/Dec/2017:10:10:23 +0100] "GET /gui/javascript/form_form.js?1512465023 HTTP/1.1" 200 16206 "http://ed.activities.at/entry.php?id=10271&&ser=464962" "Mozilla/5.0 (Windows NT 6.1; Win64; x64) AppleWebKit/537.36 (KHTML, like Gecko) Chrome/62.0.3202.94 Safari/537.36"
213.86.241.133 - - [05/Dec/2017:10:10:45 +0100] "GET /entry.php?id=10271&&ser=464984 HTTP/1.1" 200 988 "http://easydrivers.activities.at/entry.php?id=10271&&ser=464924" "Mozilla/5.0 (Windows NT 10.0; WOW64; Trident/7.0; rv:11.0) like Gecko"
213.86.241.133 - - [05/Dec/2017:10:10:45 +0100] "GET /gui/javascript/form_form.js?1512465045 HTTP/1.1" 200 16206 "http://easydrivers.activities.at/entry.php?id=10271&&ser=464984" "Mozilla/5.0 (Windows NT 10.0; WOW64; Trident/7.0; rv:11.0) like Gecko"
81.10.228.170 - - [05/Dec/2017:10:11:10 +0100] "GET /entry.php?id=10271&&ser=465010 HTTP/1.1" 200 986 "http://easydrivers.activities.at/entry.php?id=10271&&ser=464949" "Mozilla/5.0 (Windows NT 10.0; Trident/7.0; rv:11.0) like Gecko"
81.10.228.170 - - [05/Dec/2017:10:11:11 +0100] "GET /gui/javascript/form_form.js?1512465071 HTTP/1.1" 200 16206 "http://easydrivers.activities.at/entry.php?id=10271&&ser=465010" "Mozilla/5.0 (Windows NT 10.0; Trident/7.0; rv:11.0) like Gecko"
213.47.157.214 - - [05/Dec/2017:10:11:24 +0100] "GET /entry.php?id=10271&&ser=465023 HTTP/1.1" 200 987 "http://ed.activities.at/entry.php?id=10271&&ser=464962" "Mozilla/5.0 (Windows NT 6.1; Win64; x64) AppleWebKit/537.36 (KHTML, like Gecko) Chrome/62.0.3202.94 Safari/537.36"
213.47.157.214 - - [05/Dec/2017:10:11:24 +0100] "GET /gui/javascript/form_form.js?1512465084 HTTP/1.1" 200 16206 "http://ed.activities.at/entry.php?id=10271&&ser=465023" "Mozilla/5.0 (Windows NT 6.1; Win64; x64) AppleWebKit/537.36 (KHTML, like Gecko) Chrome/62.0.3202.94 Safari/537.36"
81.10.228.170 - - [05/Dec/2017:10:11:25 +0100] "GET /entry.php?id=11679 HTTP/1.1" 200 312 "http://easydrivers.activities.at/entry.php?id=11412" "Mozilla/5.0 (Windows NT 10.0; Trident/7.0; rv:11.0) like Gecko"
81.10.228.170 - - [05/Dec/2017:10:11:25 +0100] "GET /entry.php?id=10676&title=Portal& HTTP/1.1" 200 1386 "http://easydrivers.activities.at/entry.php?id=11679" "Mozilla/5.0 (Windows NT 10.0; Trident/7.0; rv:11.0) like Gecko"
81.10.228.170 - - [05/Dec/2017:10:11:25 +0100] "GET /gui/javascript/form_form.js?1512465085 HTTP/1.1" 200 16206 "http://easydrivers.activities.at/entry.php?id=10676&title=Portal&" "Mozilla/5.0 (Windows NT 10.0; Trident/7.0; rv:11.0) like Gecko"
81.10.228.170 - - [05/Dec/2017:10:11:25 +0100] "GET /entry.php?id=11678& HTTP/1.1" 200 3359 "http://easydrivers.activities.at/entry.php?id=11679" "Mozilla/5.0 (Windows NT 10.0; Trident/7.0; rv:11.0) like Gecko"
81.10.228.170 - - [05/Dec/2017:10:11:26 +0100] "GET /activities/framework/KoolControls/KoolAjax/koolajax.php?8436e354c842500aba3cbaf0584c0c24 HTTP/1.1" 200 4079 "http://easydrivers.activities.at/entry.php?id=11678&" "Mozilla/5.0 (Windows NT 10.0; Trident/7.0; rv:11.0) like Gecko"
81.10.228.170 - - [05/Dec/2017:10:11:25 +0100] "GET /entry.php?id=11677& HTTP/1.1" 200 4375 "http://easydrivers.activities.at/entry.php?id=11679" "Mozilla/5.0 (Windows NT 10.0; Trident/7.0; rv:11.0) like Gecko"
81.10.228.170 - - [05/Dec/2017:10:11:26 +0100] "GET /activities/framework/KoolControls/KoolTreeView/kooltreeview.php?c7cd9180e88ffef8e70f13526bb4f5f7 HTTP/1.1" 200 5055 "http://easydrivers.activities.at/entry.php?id=11678&" "Mozilla/5.0 (Windows NT 10.0; Trident/7.0; rv:11.0) like Gecko"
81.10.228.170 - - [05/Dec/2017:10:11:26 +0100] "GET /gui/javascript/form_form.js?1512465086 HTTP/1.1" 200 16206 "http://easydrivers.activities.at/entry.php?id=11677&" "Mozilla/5.0 (Windows NT 10.0; Trident/7.0; rv:11.0) like Gecko"
81.10.228.170 - - [05/Dec/2017:10:11:27 +0100] "GET /entry.php?id=11618&&object=&item=&emu_class= HTTP/1.1" 200 1698 "http://easydrivers.activities.at/entry.php?id=11677&" "Mozilla/5.0 (Windows NT 10.0; Trident/7.0; rv:11.0) like Gecko"
81.10.228.170 - - [05/Dec/2017:10:11:28 +0100] "GET /gui/javascript/form_form.js?1512465087 HTTP/1.1" 200 16206 "http://easydrivers.activities.at/entry.php?id=11618&&object=&item=&emu_class=" "Mozilla/5.0 (Windows NT 10.0; Trident/7.0; rv:11.0) like Gecko"
81.10.228.170 - - [05/Dec/2017:10:11:29 +0100] "GET /entry.php?id=11681 HTTP/1.1" 200 328 "http://easydrivers.activities.at/entry.php?id=11412" "Mozilla/5.0 (Windows NT 10.0; Trident/7.0; rv:11.0) like Gecko"
81.10.228.170 - - [05/Dec/2017:10:11:30 +0100] "GET /entry.php?id=10676&&title=Contentverwaltung HTTP/1.1" 200 1391 "http://easydrivers.activities.at/entry.php?id=11681" "Mozilla/5.0 (Windows NT 10.0; Trident/7.0; rv:11.0) like Gecko"
81.10.228.170 - - [05/Dec/2017:10:11:30 +0100] "GET /gui/javascript/form_form.js?1512465090 HTTP/1.1" 200 16206 "http://easydrivers.activities.at/entry.php?id=10676&&title=Contentverwaltung" "Mozilla/5.0 (Windows NT 10.0; Trident/7.0; rv:11.0) like Gecko"
81.10.228.170 - - [05/Dec/2017:10:11:30 +0100] "GET /entry.php?id=11683& HTTP/1.1" 200 2681 "http://easydrivers.activities.at/entry.php?id=11681" "Mozilla/5.0 (Windows NT 10.0; Trident/7.0; rv:11.0) like Gecko"
81.10.228.170 - - [05/Dec/2017:10:11:30 +0100] "GET /entry.php?id=11684& HTTP/1.1" 200 3804 "http://easydrivers.activities.at/entry.php?id=11681" "Mozilla/5.0 (Windows NT 10.0; Trident/7.0; rv:11.0) like Gecko"
