83.65.242.242 - - [12/Dec/2017:11:24:55 +0100] "GET /gui/images/icons/disable_light.gif HTTP/1.1" 304 - "http://easydrivers.activities.at/entry.php?id=10776&form=11500&name=list&" "Mozilla/5.0 (Windows NT 6.1; rv:57.0) Gecko/20100101 Firefox/57.0"
83.65.242.242 - - [12/Dec/2017:11:24:55 +0100] "GET /framework/icons/sortUp.gif HTTP/1.1" 304 - "http://easydrivers.activities.at/entry.php?id=10776&form=11500&name=list&" "Mozilla/5.0 (Windows NT 6.1; rv:57.0) Gecko/20100101 Firefox/57.0"
83.65.242.242 - - [12/Dec/2017:11:24:55 +0100] "GET /gui/images/icons/information.gif HTTP/1.1" 304 - "http://easydrivers.activities.at/entry.php?id=10776&form=11500&name=list&" "Mozilla/5.0 (Windows NT 6.1; rv:57.0) Gecko/20100101 Firefox/57.0"
83.65.242.242 - - [12/Dec/2017:11:24:55 +0100] "GET /gui/images/icons/lupe.gif HTTP/1.1" 304 - "http://easydrivers.activities.at/entry.php?id=10776&form=11500&name=list&" "Mozilla/5.0 (Windows NT 6.1; rv:57.0) Gecko/20100101 Firefox/57.0"
83.65.242.242 - - [12/Dec/2017:11:24:55 +0100] "GET /gui/images/icons/note_msg_icon.gif HTTP/1.1" 304 - "http://easydrivers.activities.at/entry.php?id=10778&form=11500&name=list&" "Mozilla/5.0 (Windows NT 6.1; rv:57.0) Gecko/20100101 Firefox/57.0"
83.65.242.242 - - [12/Dec/2017:11:24:55 +0100] "GET /gui/images/icons/calendar.png HTTP/1.1" 304 - "http://easydrivers.activities.at/entry.php?id=10776&form=11500&name=list&" "Mozilla/5.0 (Windows NT 6.1; rv:57.0) Gecko/20100101 Firefox/57.0"
83.65.242.242 - - [12/Dec/2017:11:25:00 +0100] "GET /framework/icons/rowselect.gif HTTP/1.1" 304 - "http://easydrivers.activities.at/entry.php?id=10778&form=11500&name=list&" "Mozilla/5.0 (Windows NT 6.1; rv:57.0) Gecko/20100101 Firefox/57.0"
83.65.242.242 - - [12/Dec/2017:11:25:00 +0100] "POST /entry.php?id=11676 HTTP/1.1" 200 4653 "http://easydrivers.activities.at/entry.php?id=11676&" "Mozilla/5.0 (Windows NT 6.1; rv:57.0) Gecko/20100101 Firefox/57.0"
83.65.242.242 - - [12/Dec/2017:11:25:01 +0100] "GET /gui/javascript/form_form.js?1513074301 HTTP/1.1" 200 16206 "http://easydrivers.activities.at/entry.php?id=11676" "Mozilla/5.0 (Windows NT 6.1; rv:57.0) Gecko/20100101 Firefox/57.0"
83.65.242.242 - - [12/Dec/2017:11:25:01 +0100] "GET /gui/images/icons/delete.gif HTTP/1.1" 200 86 "http://easydrivers.activities.at/entry.php?id=11676" "Mozilla/5.0 (Windows NT 6.1; rv:57.0) Gecko/20100101 Firefox/57.0"
83.65.242.242 - - [12/Dec/2017:11:25:01 +0100] "GET /cache/emu/images/easy-drivers-rudi-dornbirn10244077/aktionjpg_266_150_0.jpg HTTP/1.1" 200 5871 "http://easydrivers.activities.at/entry.php?id=11676" "Mozilla/5.0 (Windows NT 6.1; rv:57.0) Gecko/20100101 Firefox/57.0"
83.65.242.242 - - [12/Dec/2017:11:25:02 +0100] "POST /entry.php?id=11676 HTTP/1.1" 200 3347 "http://easydrivers.activities.at/entry.php?id=11676" "Mozilla/5.0 (Windows NT 6.1; rv:57.0) Gecko/20100101 Firefox/57.0"
83.65.242.242 - - [12/Dec/2017:11:25:03 +0100] "GET /framework/webfx/javascript/tinymce/tinymce.min.js HTTP/1.1" 304 - "http://easydrivers.activities.at/entry.php?id=11676" "Mozilla/5.0 (Windows NT 6.1; rv:57.0) Gecko/20100101 Firefox/57.0"
83.65.242.242 - - [12/Dec/2017:11:25:03 +0100] "GET /gui/javascript/form_form.js?1513074303 HTTP/1.1" 200 16206 "http://easydrivers.activities.at/entry.php?id=11676" "Mozilla/5.0 (Windows NT 6.1; rv:57.0) Gecko/20100101 Firefox/57.0"
83.65.242.242 - - [12/Dec/2017:11:25:03 +0100] "GET /framework/webfx/javascript/tinymce/tinyEdit.js HTTP/1.1" 304 - "http://easydrivers.activities.at/entry.php?id=11676" "Mozilla/5.0 (Windows NT 6.1; rv:57.0) Gecko/20100101 Firefox/57.0"
83.65.242.242 - - [12/Dec/2017:11:25:03 +0100] "GET /framework/webfx/javascript/tinymce/langs/de.js HTTP/1.1" 304 - "http://easydrivers.activities.at/entry.php?id=11676" "Mozilla/5.0 (Windows NT 6.1; rv:57.0) Gecko/20100101 Firefox/57.0"
83.65.242.242 - - [12/Dec/2017:11:25:03 +0100] "GET /framework/webfx/javascript/tinymce/themes/modern/theme.min.js HTTP/1.1" 304 - "http://easydrivers.activities.at/entry.php?id=11676" "Mozilla/5.0 (Windows NT 6.1; rv:57.0) Gecko/20100101 Firefox/57.0"
83.65.242.242 - - [12/Dec/2017:11:25:03 +0100] "GET /framework/webfx/javascript/tinymce/plugins/advlist/plugin.min.js HTTP/1.1" 304 - "http://easydrivers.activities.at/entry.php?id=11676" "Mozilla/5.0 (Windows NT 6.1; rv:57.0) Gecko/20100101 Firefox/57.0"
83.65.242.242 - - [12/Dec/2017:11:25:03 +0100] "GET /framework/webfx/javascript/tinymce/plugins/lists/plugin.min.js HTTP/1.1" 304 - "http://easydrivers.activities.at/entry.php?id=11676" "Mozilla/5.0 (Windows NT 6.1; rv:57.0) Gecko/20100101 Firefox/57.0"
83.65.242.242 - - [12/Dec/2017:11:25:03 +0100] "GET /framework/webfx/javascript/tinymce/plugins/preview/plugin.min.js HTTP/1.1" 304 - "http://easydrivers.activities.at/entry.php?id=11676" "Mozilla/5.0 (Windows NT 6.1; rv:57.0) Gecko/20100101 Firefox/57.0"
83.65.242.242 - - [12/Dec/2017:11:25:03 +0100] "GET /framework/webfx/javascript/tinymce/plugins/hr/plugin.min.js HTTP/1.1" 304 - "http://easydrivers.activities.at/entry.php?id=11676" "Mozilla/5.0 (Windows NT 6.1; rv:57.0) Gecko/20100101 Firefox/57.0"
83.65.242.242 - - [12/Dec/2017:11:25:03 +0100] "GET /framework/webfx/javascript/tinymce/plugins/anchor/plugin.min.js HTTP/1.1" 304 - "http://easydrivers.activities.at/entry.php?id=11676" "Mozilla/5.0 (Windows NT 6.1; rv:57.0) Gecko/20100101 Firefox/57.0"
83.65.242.242 - - [12/Dec/2017:11:25:03 +0100] "GET /framework/webfx/javascript/tinymce/plugins/pagebreak/plugin.min.js HTTP/1.1" 304 - "http://easydrivers.activities.at/entry.php?id=11676" "Mozilla/5.0 (Windows NT 6.1; rv:57.0) Gecko/20100101 Firefox/57.0"
83.65.242.242 - - [12/Dec/2017:11:25:03 +0100] "GET /framework/webfx/javascript/tinymce/plugins/searchreplace/plugin.min.js HTTP/1.1" 304 - "http://easydrivers.activities.at/entry.php?id=11676" "Mozilla/5.0 (Windows NT 6.1; rv:57.0) Gecko/20100101 Firefox/57.0"
83.65.242.242 - - [12/Dec/2017:11:25:03 +0100] "GET /framework/webfx/javascript/tinymce/plugins/wordcount/plugin.min.js HTTP/1.1" 304 - "http://easydrivers.activities.at/entry.php?id=11676" "Mozilla/5.0 (Windows NT 6.1; rv:57.0) Gecko/20100101 Firefox/57.0"
83.65.242.242 - - [12/Dec/2017:11:25:03 +0100] "GET /framework/webfx/javascript/tinymce/plugins/visualblocks/plugin.min.js HTTP/1.1" 304 - "http://easydrivers.activities.at/entry.php?id=11676" "Mozilla/5.0 (Windows NT 6.1; rv:57.0) Gecko/20100101 Firefox/57.0"
83.65.242.242 - - [12/Dec/2017:11:25:03 +0100] "GET /framework/webfx/javascript/tinymce/plugins/visualchars/plugin.min.js HTTP/1.1" 304 - "http://easydrivers.activities.at/entry.php?id=11676" "Mozilla/5.0 (Windows NT 6.1; rv:57.0) Gecko/20100101 Firefox/57.0"
83.65.242.242 - - [12/Dec/2017:11:25:03 +0100] "GET /framework/webfx/javascript/tinymce/plugins/nonbreaking/plugin.min.js HTTP/1.1" 304 - "http://easydrivers.activities.at/entry.php?id=11676" "Mozilla/5.0 (Windows NT 6.1; rv:57.0) Gecko/20100101 Firefox/57.0"
83.65.242.242 - - [12/Dec/2017:11:25:03 +0100] "GET /framework/webfx/javascript/tinymce/plugins/template/plugin.min.js HTTP/1.1" 304 - "http://easydrivers.activities.at/entry.php?id=11676" "Mozilla/5.0 (Windows NT 6.1; rv:57.0) Gecko/20100101 Firefox/57.0"
83.65.242.242 - - [12/Dec/2017:11:25:03 +0100] "GET /framework/webfx/javascript/tinymce/plugins/textcolor/plugin.min.js HTTP/1.1" 304 - "http://easydrivers.activities.at/entry.php?id=11676" "Mozilla/5.0 (Windows NT 6.1; rv:57.0) Gecko/20100101 Firefox/57.0"
83.65.242.242 - - [12/Dec/2017:11:25:03 +0100] "GET /framework/webfx/javascript/tinymce/plugins/paste/plugin.min.js HTTP/1.1" 304 - "http://easydrivers.activities.at/entry.php?id=11676" "Mozilla/5.0 (Windows NT 6.1; rv:57.0) Gecko/20100101 Firefox/57.0"
83.65.242.242 - - [12/Dec/2017:11:25:03 +0100] "GET /framework/webfx/javascript/tinymce/plugins/colorpicker/plugin.min.js HTTP/1.1" 304 - "http://easydrivers.activities.at/entry.php?id=11676" "Mozilla/5.0 (Windows NT 6.1; rv:57.0) Gecko/20100101 Firefox/57.0"
83.65.242.242 - - [12/Dec/2017:11:25:03 +0100] "GET /framework/webfx/javascript/tinymce/skins/lightgray/skin.min.css HTTP/1.1" 304 - "http://easydrivers.activities.at/entry.php?id=11676" "Mozilla/5.0 (Windows NT 6.1; rv:57.0) Gecko/20100101 Firefox/57.0"
83.65.242.242 - - [12/Dec/2017:11:25:03 +0100] "GET /framework/webfx/javascript/tinymce/skins/lightgray/content.min.css HTTP/1.1" 404 330 "http://easydrivers.activities.at/entry.php?id=11676" "Mozilla/5.0 (Windows NT 6.1; rv:57.0) Gecko/20100101 Firefox/57.0"
83.65.242.242 - - [12/Dec/2017:11:25:04 +0100] "GET /framework/webfx/javascript/tinymce/skins/lightgray/fonts/tinymce-small.woff HTTP/1.1" 304 - "http://easydrivers.activities.at/framework/webfx/javascript/tinymce/skins/lightgray/skin.min.css" "Mozilla/5.0 (Windows NT 6.1; rv:57.0) Gecko/20100101 Firefox/57.0"
212.108.43.59 - - [12/Dec/2017:11:25:11 +0100] "GET /entry.php?id=10271&&ser=74250 HTTP/1.1" 200 986 "http://ed.activities.at/entry.php?id=10271&&ser=74189" "Mozilla/5.0 (Windows NT 10.0; Win64; x64) AppleWebKit/537.36 (KHTML, like Gecko) Chrome/62.0.3202.94 Safari/537.36"
212.108.43.59 - - [12/Dec/2017:11:25:11 +0100] "GET /gui/javascript/form_form.js?1513074311 HTTP/1.1" 200 16206 "http://ed.activities.at/entry.php?id=10271&&ser=74250" "Mozilla/5.0 (Windows NT 10.0; Win64; x64) AppleWebKit/537.36 (KHTML, like Gecko) Chrome/62.0.3202.94 Safari/537.36"
83.65.242.242 - - [12/Dec/2017:11:25:26 +0100] "POST /entry.php?id=11676 HTTP/1.1" 200 3724 "http://easydrivers.activities.at/entry.php?id=11676" "Mozilla/5.0 (Windows NT 6.1; rv:57.0) Gecko/20100101 Firefox/57.0"
83.65.242.242 - - [12/Dec/2017:11:25:27 +0100] "GET /gui/javascript/form_form.js?1513074327 HTTP/1.1" 200 16206 "http://easydrivers.activities.at/entry.php?id=11676" "Mozilla/5.0 (Windows NT 6.1; rv:57.0) Gecko/20100101 Firefox/57.0"
83.65.242.242 - - [12/Dec/2017:11:25:28 +0100] "GET /framework/webfx/javascript/tinymce/skins/lightgray/content.min.css HTTP/1.1" 404 330 "http://easydrivers.activities.at/entry.php?id=11676" "Mozilla/5.0 (Windows NT 6.1; rv:57.0) Gecko/20100101 Firefox/57.0"
83.65.242.242 - - [12/Dec/2017:11:25:34 +0100] "POST /entry.php?id=11676 HTTP/1.1" 200 4674 "http://easydrivers.activities.at/entry.php?id=11676" "Mozilla/5.0 (Windows NT 6.1; rv:57.0) Gecko/20100101 Firefox/57.0"
83.65.242.242 - - [12/Dec/2017:11:25:35 +0100] "GET /gui/javascript/form_form.js?1513074335 HTTP/1.1" 200 16206 "http://easydrivers.activities.at/entry.php?id=11676" "Mozilla/5.0 (Windows NT 6.1; rv:57.0) Gecko/20100101 Firefox/57.0"
83.65.242.242 - - [12/Dec/2017:11:25:36 +0100] "POST /entry.php?id=11676 HTTP/1.1" 200 4950 "http://easydrivers.activities.at/entry.php?id=11676" "Mozilla/5.0 (Windows NT 6.1; rv:57.0) Gecko/20100101 Firefox/57.0"
83.65.242.242 - - [12/Dec/2017:11:25:37 +0100] "GET /gui/javascript/form_form.js?1513074337 HTTP/1.1" 200 16206 "http://easydrivers.activities.at/entry.php?id=11676" "Mozilla/5.0 (Windows NT 6.1; rv:57.0) Gecko/20100101 Firefox/57.0"
83.65.242.242 - - [12/Dec/2017:11:25:49 +0100] "GET /entry.php?id=10271&&ser=74288 HTTP/1.1" 200 986 "http://easydrivers.activities.at/entry.php?id=10271&UIN=249aba13eddbada5ea940b80b0225e34" "Mozilla/5.0 (Windows NT 6.1; rv:57.0) Gecko/20100101 Firefox/57.0"
83.65.242.242 - - [12/Dec/2017:11:25:49 +0100] "GET /gui/javascript/form_form.js?1513074349 HTTP/1.1" 200 16206 "http://easydrivers.activities.at/entry.php?id=10271&&ser=74288" "Mozilla/5.0 (Windows NT 6.1; rv:57.0) Gecko/20100101 Firefox/57.0"
212.108.43.59 - - [12/Dec/2017:11:26:12 +0100] "GET /entry.php?id=10271&&ser=74311 HTTP/1.1" 200 986 "http://ed.activities.at/entry.php?id=10271&&ser=74250" "Mozilla/5.0 (Windows NT 10.0; Win64; x64) AppleWebKit/537.36 (KHTML, like Gecko) Chrome/62.0.3202.94 Safari/537.36"
212.108.43.59 - - [12/Dec/2017:11:26:12 +0100] "GET /gui/javascript/form_form.js?1513074372 HTTP/1.1" 200 16206 "http://ed.activities.at/entry.php?id=10271&&ser=74311" "Mozilla/5.0 (Windows NT 10.0; Win64; x64) AppleWebKit/537.36 (KHTML, like Gecko) Chrome/62.0.3202.94 Safari/537.36"
83.65.242.242 - - [12/Dec/2017:11:26:28 +0100] "GET /entry.php?id=10287&login=1 HTTP/1.1" 200 1874 "http://easydrivers.activities.at/entry.php?id=10273&" "Mozilla/5.0 (Windows NT 6.1; rv:57.0) Gecko/20100101 Firefox/57.0"
83.65.242.242 - - [12/Dec/2017:11:26:28 +0100] "GET /gui/javascript/form_form.js?1513074388 HTTP/1.1" 200 16206 "http://easydrivers.activities.at/entry.php?id=10287&login=1" "Mozilla/5.0 (Windows NT 6.1; rv:57.0) Gecko/20100101 Firefox/57.0"
83.65.242.242 - - [12/Dec/2017:11:26:44 +0100] "GET /entry.php?id=11674 HTTP/1.1" 200 321 "http://easydrivers.activities.at/entry.php?id=10270&__app__=10006038" "Mozilla/5.0 (Windows NT 6.1; rv:57.0) Gecko/20100101 Firefox/57.0"
83.65.242.242 - - [12/Dec/2017:11:26:44 +0100] "GET /entry.php?id=10676&&title=Aktionen HTTP/1.1" 200 1387 "http://easydrivers.activities.at/entry.php?id=11674" "Mozilla/5.0 (Windows NT 6.1; rv:57.0) Gecko/20100101 Firefox/57.0"
83.65.242.242 - - [12/Dec/2017:11:26:44 +0100] "GET /gui/javascript/form_form.js?1513074404 HTTP/1.1" 200 16206 "http://easydrivers.activities.at/entry.php?id=10676&&title=Aktionen" "Mozilla/5.0 (Windows NT 6.1; rv:57.0) Gecko/20100101 Firefox/57.0"
83.65.242.242 - - [12/Dec/2017:11:26:44 +0100] "GET /entry.php?id=11676& HTTP/1.1" 200 4383 "http://easydrivers.activities.at/entry.php?id=11674" "Mozilla/5.0 (Windows NT 6.1; rv:57.0) Gecko/20100101 Firefox/57.0"
83.65.242.242 - - [12/Dec/2017:11:26:45 +0100] "GET /gui/javascript/form_form.js?1513074405 HTTP/1.1" 200 16206 "http://easydrivers.activities.at/entry.php?id=11676&" "Mozilla/5.0 (Windows NT 6.1; rv:57.0) Gecko/20100101 Firefox/57.0"
83.65.242.242 - - [12/Dec/2017:11:26:44 +0100] "GET /entry.php?id=11675& HTTP/1.1" 200 2691 "http://easydrivers.activities.at/entry.php?id=11674" "Mozilla/5.0 (Windows NT 6.1; rv:57.0) Gecko/20100101 Firefox/57.0"
83.65.242.242 - - [12/Dec/2017:11:26:45 +0100] "GET /entry.php?id=10776&form=11500&name=list& HTTP/1.1" 200 2450 "http://easydrivers.activities.at/entry.php?id=11675&" "Mozilla/5.0 (Windows NT 6.1; rv:57.0) Gecko/20100101 Firefox/57.0"
83.65.242.242 - - [12/Dec/2017:11:26:45 +0100] "GET /entry.php?id=10778&form=11500&name=list& HTTP/1.1" 200 3826 "http://easydrivers.activities.at/entry.php?id=11675&" "Mozilla/5.0 (Windows NT 6.1; rv:57.0) Gecko/20100101 Firefox/57.0"
83.65.242.242 - - [12/Dec/2017:11:26:48 +0100] "POST /entry.php?id=11676 HTTP/1.1" 200 4678 "http://easydrivers.activities.at/entry.php?id=11676&" "Mozilla/5.0 (Windows NT 6.1; rv:57.0) Gecko/20100101 Firefox/57.0"
83.65.242.242 - - [12/Dec/2017:11:26:49 +0100] "GET /gui/javascript/form_form.js?1513074409 HTTP/1.1" 200 16206 "http://easydrivers.activities.at/entry.php?id=11676" "Mozilla/5.0 (Windows NT 6.1; rv:57.0) Gecko/20100101 Firefox/57.0"
83.65.242.242 - - [12/Dec/2017:11:26:49 +0100] "GET /cache/emu/images/easy-drivers-rudi-dornbirn10244083/schnellkursjpg_266_150_0.jpg HTTP/1.1" 200 7431 "http://easydrivers.activities.at/entry.php?id=11676" "Mozilla/5.0 (Windows NT 6.1; rv:57.0) Gecko/20100101 Firefox/57.0"
83.65.242.242 - - [12/Dec/2017:11:26:49 +0100] "GET /entry.php?id=10271&&ser=74349 HTTP/1.1" 200 986 "http://easydrivers.activities.at/entry.php?id=10271&&ser=74288" "Mozilla/5.0 (Windows NT 6.1; rv:57.0) Gecko/20100101 Firefox/57.0"
83.65.242.242 - - [12/Dec/2017:11:26:50 +0100] "POST /entry.php?id=11676 HTTP/1.1" 200 3193 "http://easydrivers.activities.at/entry.php?id=11676" "Mozilla/5.0 (Windows NT 6.1; rv:57.0) Gecko/20100101 Firefox/57.0"
83.65.242.242 - - [12/Dec/2017:11:26:51 +0100] "GET /gui/javascript/form_form.js?1513074411 HTTP/1.1" 200 16206 "http://easydrivers.activities.at/entry.php?id=11676" "Mozilla/5.0 (Windows NT 6.1; rv:57.0) Gecko/20100101 Firefox/57.0"
83.65.242.242 - - [12/Dec/2017:11:26:51 +0100] "GET /framework/webfx/javascript/tinymce/skins/lightgray/content.min.css HTTP/1.1" 404 330 "http://easydrivers.activities.at/entry.php?id=11676" "Mozilla/5.0 (Windows NT 6.1; rv:57.0) Gecko/20100101 Firefox/57.0"
212.108.43.59 - - [12/Dec/2017:11:27:13 +0100] "GET /entry.php?id=10271&&ser=74372 HTTP/1.1" 200 987 "http://ed.activities.at/entry.php?id=10271&&ser=74311" "Mozilla/5.0 (Windows NT 10.0; Win64; x64) AppleWebKit/537.36 (KHTML, like Gecko) Chrome/62.0.3202.94 Safari/537.36"
212.108.43.59 - - [12/Dec/2017:11:27:13 +0100] "GET /gui/javascript/form_form.js?1513074433 HTTP/1.1" 200 16206 "http://ed.activities.at/entry.php?id=10271&&ser=74372" "Mozilla/5.0 (Windows NT 10.0; Win64; x64) AppleWebKit/537.36 (KHTML, like Gecko) Chrome/62.0.3202.94 Safari/537.36"
83.65.242.242 - - [12/Dec/2017:11:27:46 +0100] "POST /entry.php?id=11676 HTTP/1.1" 200 3580 "http://easydrivers.activities.at/entry.php?id=11676" "Mozilla/5.0 (Windows NT 6.1; rv:57.0) Gecko/20100101 Firefox/57.0"
83.65.242.242 - - [12/Dec/2017:11:27:47 +0100] "GET /gui/javascript/form_form.js?1513074467 HTTP/1.1" 200 16206 "http://easydrivers.activities.at/entry.php?id=11676" "Mozilla/5.0 (Windows NT 6.1; rv:57.0) Gecko/20100101 Firefox/57.0"
83.65.242.242 - - [12/Dec/2017:11:27:47 +0100] "GET /framework/webfx/javascript/tinymce/skins/lightgray/content.min.css HTTP/1.1" 404 330 "http://easydrivers.activities.at/entry.php?id=11676" "Mozilla/5.0 (Windows NT 6.1; rv:57.0) Gecko/20100101 Firefox/57.0"
83.65.242.242 - - [12/Dec/2017:11:27:49 +0100] "POST /entry.php?id=11676 HTTP/1.1" 200 4696 "http://easydrivers.activities.at/entry.php?id=11676" "Mozilla/5.0 (Windows NT 6.1; rv:57.0) Gecko/20100101 Firefox/57.0"
83.65.242.242 - - [12/Dec/2017:11:27:49 +0100] "GET /entry.php?id=10271&&ser=74409 HTTP/1.1" 200 985 "http://easydrivers.activities.at/entry.php?id=10271&&ser=74349" "Mozilla/5.0 (Windows NT 6.1; rv:57.0) Gecko/20100101 Firefox/57.0"
83.65.242.242 - - [12/Dec/2017:11:27:50 +0100] "GET /gui/javascript/form_form.js?1513074470 HTTP/1.1" 200 16206 "http://easydrivers.activities.at/entry.php?id=11676" "Mozilla/5.0 (Windows NT 6.1; rv:57.0) Gecko/20100101 Firefox/57.0"
83.65.242.242 - - [12/Dec/2017:11:28:01 +0100] "POST /entry.php?id=11676 HTTP/1.1" 200 4972 "http://easydrivers.activities.at/entry.php?id=11676" "Mozilla/5.0 (Windows NT 6.1; rv:57.0) Gecko/20100101 Firefox/57.0"
83.65.242.242 - - [12/Dec/2017:11:28:01 +0100] "GET /gui/javascript/form_form.js?1513074481 HTTP/1.1" 200 16206 "http://easydrivers.activities.at/entry.php?id=11676" "Mozilla/5.0 (Windows NT 6.1; rv:57.0) Gecko/20100101 Firefox/57.0"
212.108.43.59 - - [12/Dec/2017:11:28:14 +0100] "GET /entry.php?id=10271&&ser=74433 HTTP/1.1" 200 986 "http://ed.activities.at/entry.php?id=10271&&ser=74372" "Mozilla/5.0 (Windows NT 10.0; Win64; x64) AppleWebKit/537.36 (KHTML, like Gecko) Chrome/62.0.3202.94 Safari/537.36"
212.108.43.59 - - [12/Dec/2017:11:28:14 +0100] "GET /gui/javascript/form_form.js?1513074494 HTTP/1.1" 200 16206 "http://ed.activities.at/entry.php?id=10271&&ser=74433" "Mozilla/5.0 (Windows NT 10.0; Win64; x64) AppleWebKit/537.36 (KHTML, like Gecko) Chrome/62.0.3202.94 Safari/537.36"
83.65.242.242 - - [12/Dec/2017:11:28:50 +0100] "GET /entry.php?id=10271&&ser=74470 HTTP/1.1" 200 987 "http://easydrivers.activities.at/entry.php?id=10271&&ser=74409" "Mozilla/5.0 (Windows NT 6.1; rv:57.0) Gecko/20100101 Firefox/57.0"
83.65.242.242 - - [12/Dec/2017:11:28:50 +0100] "GET /gui/javascript/form_form.js?1513074530 HTTP/1.1" 200 16206 "http://easydrivers.activities.at/entry.php?id=10271&&ser=74470" "Mozilla/5.0 (Windows NT 6.1; rv:57.0) Gecko/20100101 Firefox/57.0"
212.108.43.59 - - [12/Dec/2017:11:29:15 +0100] "GET /entry.php?id=10271&&ser=74494 HTTP/1.1" 200 988 "http://ed.activities.at/entry.php?id=10271&&ser=74433" "Mozilla/5.0 (Windows NT 10.0; Win64; x64) AppleWebKit/537.36 (KHTML, like Gecko) Chrome/62.0.3202.94 Safari/537.36"
212.108.43.59 - - [12/Dec/2017:11:29:15 +0100] "GET /gui/javascript/form_form.js?1513074555 HTTP/1.1" 200 16206 "http://ed.activities.at/entry.php?id=10271&&ser=74494" "Mozilla/5.0 (Windows NT 10.0; Win64; x64) AppleWebKit/537.36 (KHTML, like Gecko) Chrome/62.0.3202.94 Safari/537.36"
83.65.242.242 - - [12/Dec/2017:11:29:51 +0100] "GET /entry.php?id=10271&&ser=74530 HTTP/1.1" 200 986 "http://easydrivers.activities.at/entry.php?id=10271&&ser=74470" "Mozilla/5.0 (Windows NT 6.1; rv:57.0) Gecko/20100101 Firefox/57.0"
83.65.242.242 - - [12/Dec/2017:11:29:51 +0100] "GET /gui/javascript/form_form.js?1513074591 HTTP/1.1" 200 16206 "http://easydrivers.activities.at/entry.php?id=10271&&ser=74530" "Mozilla/5.0 (Windows NT 6.1; rv:57.0) Gecko/20100101 Firefox/57.0"
212.108.43.59 - - [12/Dec/2017:11:30:16 +0100] "GET /entry.php?id=10271&&ser=74555 HTTP/1.1" 200 987 "http://ed.activities.at/entry.php?id=10271&&ser=74494" "Mozilla/5.0 (Windows NT 10.0; Win64; x64) AppleWebKit/537.36 (KHTML, like Gecko) Chrome/62.0.3202.94 Safari/537.36"
212.108.43.59 - - [12/Dec/2017:11:30:16 +0100] "GET /gui/javascript/form_form.js?1513074616 HTTP/1.1" 200 16206 "http://ed.activities.at/entry.php?id=10271&&ser=74555" "Mozilla/5.0 (Windows NT 10.0; Win64; x64) AppleWebKit/537.36 (KHTML, like Gecko) Chrome/62.0.3202.94 Safari/537.36"
83.65.242.242 - - [12/Dec/2017:11:30:51 +0100] "GET /entry.php?id=10271&&ser=74591 HTTP/1.1" 200 986 "http://easydrivers.activities.at/entry.php?id=10271&&ser=74530" "Mozilla/5.0 (Windows NT 6.1; rv:57.0) Gecko/20100101 Firefox/57.0"
83.65.242.242 - - [12/Dec/2017:11:30:51 +0100] "GET /gui/javascript/form_form.js?1513074651 HTTP/1.1" 200 16206 "http://easydrivers.activities.at/entry.php?id=10271&&ser=74591" "Mozilla/5.0 (Windows NT 6.1; rv:57.0) Gecko/20100101 Firefox/57.0"
212.108.43.59 - - [12/Dec/2017:11:31:17 +0100] "GET /entry.php?id=10271&&ser=74616 HTTP/1.1" 200 987 "http://ed.activities.at/entry.php?id=10271&&ser=74555" "Mozilla/5.0 (Windows NT 10.0; Win64; x64) AppleWebKit/537.36 (KHTML, like Gecko) Chrome/62.0.3202.94 Safari/537.36"
212.108.43.59 - - [12/Dec/2017:11:31:17 +0100] "GET /gui/javascript/form_form.js?1513074677 HTTP/1.1" 200 16206 "http://ed.activities.at/entry.php?id=10271&&ser=74616" "Mozilla/5.0 (Windows NT 10.0; Win64; x64) AppleWebKit/537.36 (KHTML, like Gecko) Chrome/62.0.3202.94 Safari/537.36"
83.65.242.242 - - [12/Dec/2017:11:31:52 +0100] "GET /entry.php?id=10271&&ser=74651 HTTP/1.1" 200 987 "http://easydrivers.activities.at/entry.php?id=10271&&ser=74591" "Mozilla/5.0 (Windows NT 6.1; rv:57.0) Gecko/20100101 Firefox/57.0"
83.65.242.242 - - [12/Dec/2017:11:31:52 +0100] "GET /gui/javascript/form_form.js?1513074712 HTTP/1.1" 200 16206 "http://easydrivers.activities.at/entry.php?id=10271&&ser=74651" "Mozilla/5.0 (Windows NT 6.1; rv:57.0) Gecko/20100101 Firefox/57.0"
212.108.43.59 - - [12/Dec/2017:11:32:18 +0100] "GET /entry.php?id=10271&&ser=74677 HTTP/1.1" 200 986 "http://ed.activities.at/entry.php?id=10271&&ser=74616" "Mozilla/5.0 (Windows NT 10.0; Win64; x64) AppleWebKit/537.36 (KHTML, like Gecko) Chrome/62.0.3202.94 Safari/537.36"
212.108.43.59 - - [12/Dec/2017:11:32:18 +0100] "GET /gui/javascript/form_form.js?1513074738 HTTP/1.1" 200 16206 "http://ed.activities.at/entry.php?id=10271&&ser=74677" "Mozilla/5.0 (Windows NT 10.0; Win64; x64) AppleWebKit/537.36 (KHTML, like Gecko) Chrome/62.0.3202.94 Safari/537.36"
83.65.242.242 - - [12/Dec/2017:11:32:52 +0100] "GET /entry.php?id=10271&&ser=74712 HTTP/1.1" 200 987 "http://easydrivers.activities.at/entry.php?id=10271&&ser=74651" "Mozilla/5.0 (Windows NT 6.1; rv:57.0) Gecko/20100101 Firefox/57.0"
83.65.242.242 - - [12/Dec/2017:11:32:52 +0100] "GET /gui/javascript/form_form.js?1513074772 HTTP/1.1" 200 16206 "http://easydrivers.activities.at/entry.php?id=10271&&ser=74712" "Mozilla/5.0 (Windows NT 6.1; rv:57.0) Gecko/20100101 Firefox/57.0"
212.108.43.59 - - [12/Dec/2017:11:33:19 +0100] "GET /entry.php?id=10271&&ser=74738 HTTP/1.1" 200 987 "http://ed.activities.at/entry.php?id=10271&&ser=74677" "Mozilla/5.0 (Windows NT 10.0; Win64; x64) AppleWebKit/537.36 (KHTML, like Gecko) Chrome/62.0.3202.94 Safari/537.36"
212.108.43.59 - - [12/Dec/2017:11:33:19 +0100] "GET /gui/javascript/form_form.js?1513074799 HTTP/1.1" 200 16206 "http://ed.activities.at/entry.php?id=10271&&ser=74738" "Mozilla/5.0 (Windows NT 10.0; Win64; x64) AppleWebKit/537.36 (KHTML, like Gecko) Chrome/62.0.3202.94 Safari/537.36"
83.65.242.242 - - [12/Dec/2017:11:33:52 +0100] "GET /entry.php?id=10271&&ser=74772 HTTP/1.1" 200 988 "http://easydrivers.activities.at/entry.php?id=10271&&ser=74712" "Mozilla/5.0 (Windows NT 6.1; rv:57.0) Gecko/20100101 Firefox/57.0"
83.65.242.242 - - [12/Dec/2017:11:33:53 +0100] "GET /gui/javascript/form_form.js?1513074833 HTTP/1.1" 200 16206 "http://easydrivers.activities.at/entry.php?id=10271&&ser=74772" "Mozilla/5.0 (Windows NT 6.1; rv:57.0) Gecko/20100101 Firefox/57.0"
212.108.43.59 - - [12/Dec/2017:11:34:20 +0100] "GET /entry.php?id=10271&&ser=74799 HTTP/1.1" 200 987 "http://ed.activities.at/entry.php?id=10271&&ser=74738" "Mozilla/5.0 (Windows NT 10.0; Win64; x64) AppleWebKit/537.36 (KHTML, like Gecko) Chrome/62.0.3202.94 Safari/537.36"
212.108.43.59 - - [12/Dec/2017:11:34:20 +0100] "GET /gui/javascript/form_form.js?1513074860 HTTP/1.1" 200 16206 "http://ed.activities.at/entry.php?id=10271&&ser=74799" "Mozilla/5.0 (Windows NT 10.0; Win64; x64) AppleWebKit/537.36 (KHTML, like Gecko) Chrome/62.0.3202.94 Safari/537.36"
83.65.242.242 - - [12/Dec/2017:11:34:53 +0100] "GET /entry.php?id=10271&&ser=74833 HTTP/1.1" 200 987 "http://easydrivers.activities.at/entry.php?id=10271&&ser=74772" "Mozilla/5.0 (Windows NT 6.1; rv:57.0) Gecko/20100101 Firefox/57.0"
83.65.242.242 - - [12/Dec/2017:11:34:53 +0100] "GET /gui/javascript/form_form.js?1513074893 HTTP/1.1" 200 16206 "http://easydrivers.activities.at/entry.php?id=10271&&ser=74833" "Mozilla/5.0 (Windows NT 6.1; rv:57.0) Gecko/20100101 Firefox/57.0"
212.108.43.59 - - [12/Dec/2017:11:35:21 +0100] "GET /entry.php?id=10271&&ser=74860 HTTP/1.1" 200 986 "http://ed.activities.at/entry.php?id=10271&&ser=74799" "Mozilla/5.0 (Windows NT 10.0; Win64; x64) AppleWebKit/537.36 (KHTML, like Gecko) Chrome/62.0.3202.94 Safari/537.36"
212.108.43.59 - - [12/Dec/2017:11:35:21 +0100] "GET /gui/javascript/form_form.js?1513074921 HTTP/1.1" 200 16206 "http://ed.activities.at/entry.php?id=10271&&ser=74860" "Mozilla/5.0 (Windows NT 10.0; Win64; x64) AppleWebKit/537.36 (KHTML, like Gecko) Chrome/62.0.3202.94 Safari/537.36"
83.65.242.242 - - [12/Dec/2017:11:35:53 +0100] "GET /entry.php?id=10271&&ser=74893 HTTP/1.1" 200 987 "http://easydrivers.activities.at/entry.php?id=10271&&ser=74833" "Mozilla/5.0 (Windows NT 6.1; rv:57.0) Gecko/20100101 Firefox/57.0"
83.65.242.242 - - [12/Dec/2017:11:35:54 +0100] "GET /gui/javascript/form_form.js?1513074954 HTTP/1.1" 200 16206 "http://easydrivers.activities.at/entry.php?id=10271&&ser=74893" "Mozilla/5.0 (Windows NT 6.1; rv:57.0) Gecko/20100101 Firefox/57.0"
212.108.43.59 - - [12/Dec/2017:11:36:22 +0100] "GET /entry.php?id=10271&&ser=74921 HTTP/1.1" 200 987 "http://ed.activities.at/entry.php?id=10271&&ser=74860" "Mozilla/5.0 (Windows NT 10.0; Win64; x64) AppleWebKit/537.36 (KHTML, like Gecko) Chrome/62.0.3202.94 Safari/537.36"
212.108.43.59 - - [12/Dec/2017:11:36:22 +0100] "GET /gui/javascript/form_form.js?1513074982 HTTP/1.1" 200 16206 "http://ed.activities.at/entry.php?id=10271&&ser=74921" "Mozilla/5.0 (Windows NT 10.0; Win64; x64) AppleWebKit/537.36 (KHTML, like Gecko) Chrome/62.0.3202.94 Safari/537.36"
83.65.242.242 - - [12/Dec/2017:11:36:54 +0100] "GET /entry.php?id=10271&&ser=74954 HTTP/1.1" 200 987 "http://easydrivers.activities.at/entry.php?id=10271&&ser=74893" "Mozilla/5.0 (Windows NT 6.1; rv:57.0) Gecko/20100101 Firefox/57.0"
83.65.242.242 - - [12/Dec/2017:11:36:54 +0100] "GET /gui/javascript/form_form.js?1513075014 HTTP/1.1" 200 16206 "http://easydrivers.activities.at/entry.php?id=10271&&ser=74954" "Mozilla/5.0 (Windows NT 6.1; rv:57.0) Gecko/20100101 Firefox/57.0"
212.108.43.59 - - [12/Dec/2017:11:37:23 +0100] "GET /entry.php?id=10271&&ser=74982 HTTP/1.1" 200 987 "http://ed.activities.at/entry.php?id=10271&&ser=74921" "Mozilla/5.0 (Windows NT 10.0; Win64; x64) AppleWebKit/537.36 (KHTML, like Gecko) Chrome/62.0.3202.94 Safari/537.36"
212.108.43.59 - - [12/Dec/2017:11:37:23 +0100] "GET /gui/javascript/form_form.js?1513075043 HTTP/1.1" 200 16206 "http://ed.activities.at/entry.php?id=10271&&ser=74982" "Mozilla/5.0 (Windows NT 10.0; Win64; x64) AppleWebKit/537.36 (KHTML, like Gecko) Chrome/62.0.3202.94 Safari/537.36"
83.65.242.242 - - [12/Dec/2017:11:37:54 +0100] "GET /entry.php?id=10271&&ser=75014 HTTP/1.1" 200 986 "http://easydrivers.activities.at/entry.php?id=10271&&ser=74954" "Mozilla/5.0 (Windows NT 6.1; rv:57.0) Gecko/20100101 Firefox/57.0"
83.65.242.242 - - [12/Dec/2017:11:37:55 +0100] "GET /gui/javascript/form_form.js?1513075075 HTTP/1.1" 200 16206 "http://easydrivers.activities.at/entry.php?id=10271&&ser=75014" "Mozilla/5.0 (Windows NT 6.1; rv:57.0) Gecko/20100101 Firefox/57.0"
212.108.43.59 - - [12/Dec/2017:11:38:24 +0100] "GET /entry.php?id=10271&&ser=75043 HTTP/1.1" 200 987 "http://ed.activities.at/entry.php?id=10271&&ser=74982" "Mozilla/5.0 (Windows NT 10.0; Win64; x64) AppleWebKit/537.36 (KHTML, like Gecko) Chrome/62.0.3202.94 Safari/537.36"
212.108.43.59 - - [12/Dec/2017:11:38:24 +0100] "GET /gui/javascript/form_form.js?1513075104 HTTP/1.1" 200 16206 "http://ed.activities.at/entry.php?id=10271&&ser=75043" "Mozilla/5.0 (Windows NT 10.0; Win64; x64) AppleWebKit/537.36 (KHTML, like Gecko) Chrome/62.0.3202.94 Safari/537.36"
83.65.242.242 - - [12/Dec/2017:11:38:55 +0100] "GET /entry.php?id=10271&&ser=75075 HTTP/1.1" 200 986 "http://easydrivers.activities.at/entry.php?id=10271&&ser=75014" "Mozilla/5.0 (Windows NT 6.1; rv:57.0) Gecko/20100101 Firefox/57.0"
83.65.242.242 - - [12/Dec/2017:11:38:56 +0100] "GET /gui/javascript/form_form.js?1513075135 HTTP/1.1" 200 16206 "http://easydrivers.activities.at/entry.php?id=10271&&ser=75075" "Mozilla/5.0 (Windows NT 6.1; rv:57.0) Gecko/20100101 Firefox/57.0"
212.108.43.59 - - [12/Dec/2017:11:39:25 +0100] "GET /entry.php?id=10271&&ser=75104 HTTP/1.1" 200 988 "http://ed.activities.at/entry.php?id=10271&&ser=75043" "Mozilla/5.0 (Windows NT 10.0; Win64; x64) AppleWebKit/537.36 (KHTML, like Gecko) Chrome/62.0.3202.94 Safari/537.36"
212.108.43.59 - - [12/Dec/2017:11:39:25 +0100] "GET /gui/javascript/form_form.js?1513075165 HTTP/1.1" 200 16206 "http://ed.activities.at/entry.php?id=10271&&ser=75104" "Mozilla/5.0 (Windows NT 10.0; Win64; x64) AppleWebKit/537.36 (KHTML, like Gecko) Chrome/62.0.3202.94 Safari/537.36"
83.65.242.242 - - [12/Dec/2017:11:39:56 +0100] "GET /entry.php?id=10271&&ser=75135 HTTP/1.1" 200 987 "http://easydrivers.activities.at/entry.php?id=10271&&ser=75075" "Mozilla/5.0 (Windows NT 6.1; rv:57.0) Gecko/20100101 Firefox/57.0"
83.65.242.242 - - [12/Dec/2017:11:39:56 +0100] "GET /gui/javascript/form_form.js?1513075196 HTTP/1.1" 200 16206 "http://easydrivers.activities.at/entry.php?id=10271&&ser=75135" "Mozilla/5.0 (Windows NT 6.1; rv:57.0) Gecko/20100101 Firefox/57.0"
212.108.43.59 - - [12/Dec/2017:11:40:26 +0100] "GET /entry.php?id=10271&&ser=75165 HTTP/1.1" 200 987 "http://ed.activities.at/entry.php?id=10271&&ser=75104" "Mozilla/5.0 (Windows NT 10.0; Win64; x64) AppleWebKit/537.36 (KHTML, like Gecko) Chrome/62.0.3202.94 Safari/537.36"
212.108.43.59 - - [12/Dec/2017:11:40:26 +0100] "GET /gui/javascript/form_form.js?1513075226 HTTP/1.1" 200 16206 "http://ed.activities.at/entry.php?id=10271&&ser=75165" "Mozilla/5.0 (Windows NT 10.0; Win64; x64) AppleWebKit/537.36 (KHTML, like Gecko) Chrome/62.0.3202.94 Safari/537.36"
83.65.242.242 - - [12/Dec/2017:11:40:56 +0100] "GET /entry.php?id=10271&&ser=75196 HTTP/1.1" 200 988 "http://easydrivers.activities.at/entry.php?id=10271&&ser=75135" "Mozilla/5.0 (Windows NT 6.1; rv:57.0) Gecko/20100101 Firefox/57.0"
83.65.242.242 - - [12/Dec/2017:11:40:57 +0100] "GET /gui/javascript/form_form.js?1513075256 HTTP/1.1" 200 16206 "http://easydrivers.activities.at/entry.php?id=10271&&ser=75196" "Mozilla/5.0 (Windows NT 6.1; rv:57.0) Gecko/20100101 Firefox/57.0"
212.108.43.59 - - [12/Dec/2017:11:41:27 +0100] "GET /entry.php?id=10271&&ser=75226 HTTP/1.1" 200 987 "http://ed.activities.at/entry.php?id=10271&&ser=75165" "Mozilla/5.0 (Windows NT 10.0; Win64; x64) AppleWebKit/537.36 (KHTML, like Gecko) Chrome/62.0.3202.94 Safari/537.36"
212.108.43.59 - - [12/Dec/2017:11:41:27 +0100] "GET /gui/javascript/form_form.js?1513075287 HTTP/1.1" 200 16206 "http://ed.activities.at/entry.php?id=10271&&ser=75226" "Mozilla/5.0 (Windows NT 10.0; Win64; x64) AppleWebKit/537.36 (KHTML, like Gecko) Chrome/62.0.3202.94 Safari/537.36"
83.65.242.242 - - [12/Dec/2017:11:41:57 +0100] "GET /entry.php?id=10271&&ser=75256 HTTP/1.1" 200 987 "http://easydrivers.activities.at/entry.php?id=10271&&ser=75196" "Mozilla/5.0 (Windows NT 6.1; rv:57.0) Gecko/20100101 Firefox/57.0"
83.65.242.242 - - [12/Dec/2017:11:41:57 +0100] "GET /gui/javascript/form_form.js?1513075317 HTTP/1.1" 200 16206 "http://easydrivers.activities.at/entry.php?id=10271&&ser=75256" "Mozilla/5.0 (Windows NT 6.1; rv:57.0) Gecko/20100101 Firefox/57.0"
212.108.43.59 - - [12/Dec/2017:11:42:28 +0100] "GET /entry.php?id=10271&&ser=75287 HTTP/1.1" 200 987 "http://ed.activities.at/entry.php?id=10271&&ser=75226" "Mozilla/5.0 (Windows NT 10.0; Win64; x64) AppleWebKit/537.36 (KHTML, like Gecko) Chrome/62.0.3202.94 Safari/537.36"
212.108.43.59 - - [12/Dec/2017:11:42:28 +0100] "GET /gui/javascript/form_form.js?1513075348 HTTP/1.1" 200 16206 "http://ed.activities.at/entry.php?id=10271&&ser=75287" "Mozilla/5.0 (Windows NT 10.0; Win64; x64) AppleWebKit/537.36 (KHTML, like Gecko) Chrome/62.0.3202.94 Safari/537.36"
83.65.242.242 - - [12/Dec/2017:11:42:57 +0100] "GET /entry.php?id=10271&&ser=75317 HTTP/1.1" 200 987 "http://easydrivers.activities.at/entry.php?id=10271&&ser=75256" "Mozilla/5.0 (Windows NT 6.1; rv:57.0) Gecko/20100101 Firefox/57.0"
83.65.242.242 - - [12/Dec/2017:11:42:57 +0100] "GET /gui/javascript/form_form.js?1513075377 HTTP/1.1" 200 16206 "http://easydrivers.activities.at/entry.php?id=10271&&ser=75317" "Mozilla/5.0 (Windows NT 6.1; rv:57.0) Gecko/20100101 Firefox/57.0"
212.108.43.59 - - [12/Dec/2017:11:43:29 +0100] "GET /entry.php?id=10271&&ser=75348 HTTP/1.1" 200 987 "http://ed.activities.at/entry.php?id=10271&&ser=75287" "Mozilla/5.0 (Windows NT 10.0; Win64; x64) AppleWebKit/537.36 (KHTML, like Gecko) Chrome/62.0.3202.94 Safari/537.36"
212.108.43.59 - - [12/Dec/2017:11:43:29 +0100] "GET /gui/javascript/form_form.js?1513075409 HTTP/1.1" 200 16206 "http://ed.activities.at/entry.php?id=10271&&ser=75348" "Mozilla/5.0 (Windows NT 10.0; Win64; x64) AppleWebKit/537.36 (KHTML, like Gecko) Chrome/62.0.3202.94 Safari/537.36"
83.65.242.242 - - [12/Dec/2017:11:43:58 +0100] "GET /entry.php?id=10271&&ser=75377 HTTP/1.1" 200 987 "http://easydrivers.activities.at/entry.php?id=10271&&ser=75317" "Mozilla/5.0 (Windows NT 6.1; rv:57.0) Gecko/20100101 Firefox/57.0"
83.65.242.242 - - [12/Dec/2017:11:43:58 +0100] "GET /gui/javascript/form_form.js?1513075438 HTTP/1.1" 200 16206 "http://easydrivers.activities.at/entry.php?id=10271&&ser=75377" "Mozilla/5.0 (Windows NT 6.1; rv:57.0) Gecko/20100101 Firefox/57.0"
212.108.43.59 - - [12/Dec/2017:11:44:30 +0100] "GET /entry.php?id=10271&&ser=75409 HTTP/1.1" 200 987 "http://ed.activities.at/entry.php?id=10271&&ser=75348" "Mozilla/5.0 (Windows NT 10.0; Win64; x64) AppleWebKit/537.36 (KHTML, like Gecko) Chrome/62.0.3202.94 Safari/537.36"
212.108.43.59 - - [12/Dec/2017:11:44:30 +0100] "GET /gui/javascript/form_form.js?1513075470 HTTP/1.1" 200 16206 "http://ed.activities.at/entry.php?id=10271&&ser=75409" "Mozilla/5.0 (Windows NT 10.0; Win64; x64) AppleWebKit/537.36 (KHTML, like Gecko) Chrome/62.0.3202.94 Safari/537.36"
83.65.242.242 - - [12/Dec/2017:11:44:58 +0100] "GET /entry.php?id=10271&&ser=75438 HTTP/1.1" 200 987 "http://easydrivers.activities.at/entry.php?id=10271&&ser=75377" "Mozilla/5.0 (Windows NT 6.1; rv:57.0) Gecko/20100101 Firefox/57.0"
83.65.242.242 - - [12/Dec/2017:11:44:58 +0100] "GET /gui/javascript/form_form.js?1513075498 HTTP/1.1" 200 16206 "http://easydrivers.activities.at/entry.php?id=10271&&ser=75438" "Mozilla/5.0 (Windows NT 6.1; rv:57.0) Gecko/20100101 Firefox/57.0"
212.108.43.59 - - [12/Dec/2017:11:45:31 +0100] "GET /entry.php?id=10271&&ser=75470 HTTP/1.1" 200 987 "http://ed.activities.at/entry.php?id=10271&&ser=75409" "Mozilla/5.0 (Windows NT 10.0; Win64; x64) AppleWebKit/537.36 (KHTML, like Gecko) Chrome/62.0.3202.94 Safari/537.36"
212.108.43.59 - - [12/Dec/2017:11:45:31 +0100] "GET /gui/javascript/form_form.js?1513075531 HTTP/1.1" 200 16206 "http://ed.activities.at/entry.php?id=10271&&ser=75470" "Mozilla/5.0 (Windows NT 10.0; Win64; x64) AppleWebKit/537.36 (KHTML, like Gecko) Chrome/62.0.3202.94 Safari/537.36"
83.65.242.242 - - [12/Dec/2017:11:45:59 +0100] "GET /entry.php?id=10271&&ser=75498 HTTP/1.1" 200 988 "http://easydrivers.activities.at/entry.php?id=10271&&ser=75438" "Mozilla/5.0 (Windows NT 6.1; rv:57.0) Gecko/20100101 Firefox/57.0"
83.65.242.242 - - [12/Dec/2017:11:45:59 +0100] "GET /gui/javascript/form_form.js?1513075559 HTTP/1.1" 200 16206 "http://easydrivers.activities.at/entry.php?id=10271&&ser=75498" "Mozilla/5.0 (Windows NT 6.1; rv:57.0) Gecko/20100101 Firefox/57.0"
83.65.242.242 - - [12/Dec/2017:11:46:23 +0100] "GET /entry.php?id=11673 HTTP/1.1" 200 358 "http://easydrivers.activities.at/entry.php?id=10270&__app__=10006038" "Mozilla/5.0 (Windows NT 6.1; rv:57.0) Gecko/20100101 Firefox/57.0"
83.65.242.242 - - [12/Dec/2017:11:46:23 +0100] "GET /entry.php?id=10676&&title=F%FChrerscheinkurse HTTP/1.1" 200 1396 "http://easydrivers.activities.at/entry.php?id=11673" "Mozilla/5.0 (Windows NT 6.1; rv:57.0) Gecko/20100101 Firefox/57.0"
83.65.242.242 - - [12/Dec/2017:11:46:23 +0100] "GET /gui/javascript/form_form.js?1513075583 HTTP/1.1" 200 16206 "http://easydrivers.activities.at/entry.php?id=10676&&title=F%FChrerscheinkurse" "Mozilla/5.0 (Windows NT 6.1; rv:57.0) Gecko/20100101 Firefox/57.0"
83.65.242.242 - - [12/Dec/2017:11:46:23 +0100] "GET /entry.php?id=11672& HTTP/1.1" 200 2691 "http://easydrivers.activities.at/entry.php?id=11673" "Mozilla/5.0 (Windows NT 6.1; rv:57.0) Gecko/20100101 Firefox/57.0"
83.65.242.242 - - [12/Dec/2017:11:46:23 +0100] "GET /entry.php?id=11671& HTTP/1.1" 200 4541 "http://easydrivers.activities.at/entry.php?id=11673" "Mozilla/5.0 (Windows NT 6.1; rv:57.0) Gecko/20100101 Firefox/57.0"
83.65.242.242 - - [12/Dec/2017:11:46:24 +0100] "GET /gui/javascript/form_form.js?1513075584 HTTP/1.1" 200 16206 "http://easydrivers.activities.at/entry.php?id=11671&" "Mozilla/5.0 (Windows NT 6.1; rv:57.0) Gecko/20100101 Firefox/57.0"
83.65.242.242 - - [12/Dec/2017:11:46:24 +0100] "GET /gui/images/icons/disabled_wizard.png HTTP/1.1" 304 - "http://easydrivers.activities.at/entry.php?id=11671&" "Mozilla/5.0 (Windows NT 6.1; rv:57.0) Gecko/20100101 Firefox/57.0"
83.65.242.242 - - [12/Dec/2017:11:46:23 +0100] "GET /entry.php?id=11694& HTTP/1.1" 200 2629 "http://easydrivers.activities.at/entry.php?id=11673" "Mozilla/5.0 (Windows NT 6.1; rv:57.0) Gecko/20100101 Firefox/57.0"
83.65.242.242 - - [12/Dec/2017:11:46:24 +0100] "GET /entry.php?id=10776&form=11497&name=list& HTTP/1.1" 200 1941 "http://easydrivers.activities.at/entry.php?id=11672&" "Mozilla/5.0 (Windows NT 6.1; rv:57.0) Gecko/20100101 Firefox/57.0"
83.65.242.242 - - [12/Dec/2017:11:46:24 +0100] "GET /entry.php?id=10778&form=11497&name=list& HTTP/1.1" 200 4191 "http://easydrivers.activities.at/entry.php?id=11672&" "Mozilla/5.0 (Windows NT 6.1; rv:57.0) Gecko/20100101 Firefox/57.0"
83.65.242.242 - - [12/Dec/2017:11:46:24 +0100] "GET /entry.php?id=10776&form=11496&name=list& HTTP/1.1" 200 1526 "http://easydrivers.activities.at/entry.php?id=11671&" "Mozilla/5.0 (Windows NT 6.1; rv:57.0) Gecko/20100101 Firefox/57.0"
83.65.242.242 - - [12/Dec/2017:11:46:24 +0100] "GET /entry.php?id=10778&form=11496&name=list& HTTP/1.1" 200 2493 "http://easydrivers.activities.at/entry.php?id=11671&" "Mozilla/5.0 (Windows NT 6.1; rv:57.0) Gecko/20100101 Firefox/57.0"
83.65.242.242 - - [12/Dec/2017:11:46:24 +0100] "GET /activities/framework/KoolControls/KoolAjax/koolajax.php?8436e354c842500aba3cbaf0584c0c24 HTTP/1.1" 200 4079 "http://easydrivers.activities.at/entry.php?id=11694&" "Mozilla/5.0 (Windows NT 6.1; rv:57.0) Gecko/20100101 Firefox/57.0"
83.65.242.242 - - [12/Dec/2017:11:46:24 +0100] "GET /activities/framework/KoolControls/KoolTreeView/icons/Folder.gif HTTP/1.1" 304 - "http://easydrivers.activities.at/entry.php?id=11694&" "Mozilla/5.0 (Windows NT 6.1; rv:57.0) Gecko/20100101 Firefox/57.0"
83.65.242.242 - - [12/Dec/2017:11:46:24 +0100] "GET /activities/framework/KoolControls/KoolTreeView/icons/square_blueS.gif HTTP/1.1" 304 - "http://easydrivers.activities.at/entry.php?id=11694&" "Mozilla/5.0 (Windows NT 6.1; rv:57.0) Gecko/20100101 Firefox/57.0"
83.65.242.242 - - [12/Dec/2017:11:46:24 +0100] "GET /gui/images/icons/website.gif HTTP/1.1" 304 - "http://easydrivers.activities.at/entry.php?id=10776&form=11496&name=list&" "Mozilla/5.0 (Windows NT 6.1; rv:57.0) Gecko/20100101 Firefox/57.0"
83.65.242.242 - - [12/Dec/2017:11:46:24 +0100] "GET /activities/framework/KoolControls/KoolTreeView/icons/square_greyS.gif HTTP/1.1" 304 - "http://easydrivers.activities.at/entry.php?id=11694&" "Mozilla/5.0 (Windows NT 6.1; rv:57.0) Gecko/20100101 Firefox/57.0"
83.65.242.242 - - [12/Dec/2017:11:46:24 +0100] "GET /activities/framework/KoolControls/KoolTreeView/icons/square_yellowS.gif HTTP/1.1" 304 - "http://easydrivers.activities.at/entry.php?id=11694&" "Mozilla/5.0 (Windows NT 6.1; rv:57.0) Gecko/20100101 Firefox/57.0"
83.65.242.242 - - [12/Dec/2017:11:46:25 +0100] "GET /activities/framework/KoolControls/KoolTreeView/styles/default/default.css HTTP/1.1" 304 - "http://easydrivers.activities.at/entry.php?id=11694&" "Mozilla/5.0 (Windows NT 6.1; rv:57.0) Gecko/20100101 Firefox/57.0"
83.65.242.242 - - [12/Dec/2017:11:46:25 +0100] "GET /activities/framework/KoolControls/KoolTreeView/kooltreeview.php?c7cd9180e88ffef8e70f13526bb4f5f7 HTTP/1.1" 200 5055 "http://easydrivers.activities.at/entry.php?id=11694&" "Mozilla/5.0 (Windows NT 6.1; rv:57.0) Gecko/20100101 Firefox/57.0"
83.65.242.242 - - [12/Dec/2017:11:46:25 +0100] "GET /activities/framework/KoolControls/KoolTreeView/styles/default/horizon.gif HTTP/1.1" 304 - "http://easydrivers.activities.at/activities/framework/KoolControls/KoolTreeView/styles/default/default.css" "Mozilla/5.0 (Windows NT 6.1; rv:57.0) Gecko/20100101 Firefox/57.0"
83.65.242.242 - - [12/Dec/2017:11:46:25 +0100] "GET /activities/framework/KoolControls/KoolTreeView/styles/default/v.gif HTTP/1.1" 304 - "http://easydrivers.activities.at/activities/framework/KoolControls/KoolTreeView/styles/default/default.css" "Mozilla/5.0 (Windows NT 6.1; rv:57.0) Gecko/20100101 Firefox/57.0"
83.65.242.242 - - [12/Dec/2017:11:46:25 +0100] "GET /activities/framework/KoolControls/KoolTreeView/styles/default/mid.gif HTTP/1.1" 304 - "http://easydrivers.activities.at/activities/framework/KoolControls/KoolTreeView/styles/default/default.css" "Mozilla/5.0 (Windows NT 6.1; rv:57.0) Gecko/20100101 Firefox/57.0"
83.65.242.242 - - [12/Dec/2017:11:46:25 +0100] "GET /activities/framework/KoolControls/KoolTreeView/styles/default/L.gif HTTP/1.1" 304 - "http://easydrivers.activities.at/activities/framework/KoolControls/KoolTreeView/styles/default/default.css" "Mozilla/5.0 (Windows NT 6.1; rv:57.0) Gecko/20100101 Firefox/57.0"
83.65.242.242 - - [12/Dec/2017:11:46:25 +0100] "GET /activities/framework/KoolControls/KoolTreeView/styles/default/pm.gif HTTP/1.1" 304 - "http://easydrivers.activities.at/activities/framework/KoolControls/KoolTreeView/styles/default/default.css" "Mozilla/5.0 (Windows NT 6.1; rv:57.0) Gecko/20100101 Firefox/57.0"
212.108.43.59 - - [12/Dec/2017:11:46:32 +0100] "GET /entry.php?id=10271&&ser=75531 HTTP/1.1" 200 988 "http://ed.activities.at/entry.php?id=10271&&ser=75470" "Mozilla/5.0 (Windows NT 10.0; Win64; x64) AppleWebKit/537.36 (KHTML, like Gecko) Chrome/62.0.3202.94 Safari/537.36"
212.108.43.59 - - [12/Dec/2017:11:46:32 +0100] "GET /gui/javascript/form_form.js?1513075592 HTTP/1.1" 200 16206 "http://ed.activities.at/entry.php?id=10271&&ser=75531" "Mozilla/5.0 (Windows NT 10.0; Win64; x64) AppleWebKit/537.36 (KHTML, like Gecko) Chrome/62.0.3202.94 Safari/537.36"
83.65.242.242 - - [12/Dec/2017:11:46:40 +0100] "POST /entry.php?id=11671 HTTP/1.1" 200 4892 "http://easydrivers.activities.at/entry.php?id=11671&" "Mozilla/5.0 (Windows NT 6.1; rv:57.0) Gecko/20100101 Firefox/57.0"
83.65.242.242 - - [12/Dec/2017:11:46:40 +0100] "GET /gui/javascript/form_form.js?1513075600 HTTP/1.1" 200 16206 "http://easydrivers.activities.at/entry.php?id=11671" "Mozilla/5.0 (Windows NT 6.1; rv:57.0) Gecko/20100101 Firefox/57.0"
83.65.242.242 - - [12/Dec/2017:11:46:40 +0100] "GET /gui/images/icons/wizard.png HTTP/1.1" 304 - "http://easydrivers.activities.at/entry.php?id=11671" "Mozilla/5.0 (Windows NT 6.1; rv:57.0) Gecko/20100101 Firefox/57.0"
83.65.242.242 - - [12/Dec/2017:11:46:40 +0100] "GET /entry.php?id=10776&form=11496&name=list& HTTP/1.1" 200 1519 "http://easydrivers.activities.at/entry.php?id=11671" "Mozilla/5.0 (Windows NT 6.1; rv:57.0) Gecko/20100101 Firefox/57.0"
83.65.242.242 - - [12/Dec/2017:11:46:40 +0100] "GET /entry.php?id=10778&form=11496&name=list& HTTP/1.1" 200 5790 "http://easydrivers.activities.at/entry.php?id=11671" "Mozilla/5.0 (Windows NT 6.1; rv:57.0) Gecko/20100101 Firefox/57.0"
83.65.242.242 - - [12/Dec/2017:11:46:59 +0100] "GET /entry.php?id=10271&&ser=75559 HTTP/1.1" 200 987 "http://easydrivers.activities.at/entry.php?id=10271&&ser=75498" "Mozilla/5.0 (Windows NT 6.1; rv:57.0) Gecko/20100101 Firefox/57.0"
83.65.242.242 - - [12/Dec/2017:11:46:59 +0100] "GET /gui/javascript/form_form.js?1513075619 HTTP/1.1" 200 16206 "http://easydrivers.activities.at/entry.php?id=10271&&ser=75559" "Mozilla/5.0 (Windows NT 6.1; rv:57.0) Gecko/20100101 Firefox/57.0"
212.108.43.59 - - [12/Dec/2017:11:47:33 +0100] "GET /entry.php?id=10271&&ser=75592 HTTP/1.1" 200 988 "http://ed.activities.at/entry.php?id=10271&&ser=75531" "Mozilla/5.0 (Windows NT 10.0; Win64; x64) AppleWebKit/537.36 (KHTML, like Gecko) Chrome/62.0.3202.94 Safari/537.36"
212.108.43.59 - - [12/Dec/2017:11:47:33 +0100] "GET /gui/javascript/form_form.js?1513075653 HTTP/1.1" 200 16206 "http://ed.activities.at/entry.php?id=10271&&ser=75592" "Mozilla/5.0 (Windows NT 10.0; Win64; x64) AppleWebKit/537.36 (KHTML, like Gecko) Chrome/62.0.3202.94 Safari/537.36"
83.65.242.242 - - [12/Dec/2017:11:48:00 +0100] "GET /entry.php?id=10271&&ser=75619 HTTP/1.1" 200 987 "http://easydrivers.activities.at/entry.php?id=10271&&ser=75559" "Mozilla/5.0 (Windows NT 6.1; rv:57.0) Gecko/20100101 Firefox/57.0"
83.65.242.242 - - [12/Dec/2017:11:48:00 +0100] "GET /gui/javascript/form_form.js?1513075680 HTTP/1.1" 200 16206 "http://easydrivers.activities.at/entry.php?id=10271&&ser=75619" "Mozilla/5.0 (Windows NT 6.1; rv:57.0) Gecko/20100101 Firefox/57.0"
83.65.242.242 - - [12/Dec/2017:11:48:19 +0100] "POST /entry.php?id=11671 HTTP/1.1" 200 5084 "http://easydrivers.activities.at/entry.php?id=11671" "Mozilla/5.0 (Windows NT 6.1; rv:57.0) Gecko/20100101 Firefox/57.0"
83.65.242.242 - - [12/Dec/2017:11:48:20 +0100] "GET /gui/javascript/form_form.js?1513075700 HTTP/1.1" 200 16206 "http://easydrivers.activities.at/entry.php?id=11671" "Mozilla/5.0 (Windows NT 6.1; rv:57.0) Gecko/20100101 Firefox/57.0"
83.65.242.242 - - [12/Dec/2017:11:48:20 +0100] "GET /entry.php?id=10776&form=11496&name=list& HTTP/1.1" 200 1519 "http://easydrivers.activities.at/entry.php?id=11671" "Mozilla/5.0 (Windows NT 6.1; rv:57.0) Gecko/20100101 Firefox/57.0"
83.65.242.242 - - [12/Dec/2017:11:48:20 +0100] "GET /entry.php?id=10778&form=11496&name=list& HTTP/1.1" 200 5790 "http://easydrivers.activities.at/entry.php?id=11671" "Mozilla/5.0 (Windows NT 6.1; rv:57.0) Gecko/20100101 Firefox/57.0"
83.65.242.242 - - [12/Dec/2017:11:48:24 +0100] "POST /entry.php?id=11671 HTTP/1.1" 200 3320 "http://easydrivers.activities.at/entry.php?id=11671" "Mozilla/5.0 (Windows NT 6.1; rv:57.0) Gecko/20100101 Firefox/57.0"
83.65.242.242 - - [12/Dec/2017:11:48:24 +0100] "GET /gui/javascript/form_form.js?1513075704 HTTP/1.1" 200 16206 "http://easydrivers.activities.at/entry.php?id=11671" "Mozilla/5.0 (Windows NT 6.1; rv:57.0) Gecko/20100101 Firefox/57.0"
83.65.242.242 - - [12/Dec/2017:11:48:25 +0100] "GET /framework/webfx/javascript/tinymce/skins/lightgray/content.min.css HTTP/1.1" 404 330 "http://easydrivers.activities.at/entry.php?id=11671" "Mozilla/5.0 (Windows NT 6.1; rv:57.0) Gecko/20100101 Firefox/57.0"
83.65.242.242 - - [12/Dec/2017:11:48:30 +0100] "POST /entry.php?id=11671 HTTP/1.1" 200 3525 "http://easydrivers.activities.at/entry.php?id=11671" "Mozilla/5.0 (Windows NT 6.1; rv:57.0) Gecko/20100101 Firefox/57.0"
83.65.242.242 - - [12/Dec/2017:11:48:30 +0100] "GET /gui/javascript/form_form.js?1513075710 HTTP/1.1" 200 16206 "http://easydrivers.activities.at/entry.php?id=11671" "Mozilla/5.0 (Windows NT 6.1; rv:57.0) Gecko/20100101 Firefox/57.0"
83.65.242.242 - - [12/Dec/2017:11:48:31 +0100] "GET /framework/webfx/javascript/tinymce/skins/lightgray/content.min.css HTTP/1.1" 404 330 "http://easydrivers.activities.at/entry.php?id=11671" "Mozilla/5.0 (Windows NT 6.1; rv:57.0) Gecko/20100101 Firefox/57.0"
83.65.242.242 - - [12/Dec/2017:11:48:31 +0100] "POST /entry.php?id=11671 HTTP/1.1" 200 4906 "http://easydrivers.activities.at/entry.php?id=11671" "Mozilla/5.0 (Windows NT 6.1; rv:57.0) Gecko/20100101 Firefox/57.0"
83.65.242.242 - - [12/Dec/2017:11:48:32 +0100] "GET /gui/javascript/form_form.js?1513075712 HTTP/1.1" 200 16206 "http://easydrivers.activities.at/entry.php?id=11671" "Mozilla/5.0 (Windows NT 6.1; rv:57.0) Gecko/20100101 Firefox/57.0"
83.65.242.242 - - [12/Dec/2017:11:48:32 +0100] "GET /entry.php?id=10776&form=11496&name=list& HTTP/1.1" 200 1519 "http://easydrivers.activities.at/entry.php?id=11671" "Mozilla/5.0 (Windows NT 6.1; rv:57.0) Gecko/20100101 Firefox/57.0"
83.65.242.242 - - [12/Dec/2017:11:48:32 +0100] "GET /entry.php?id=10778&form=11496&name=list& HTTP/1.1" 200 5790 "http://easydrivers.activities.at/entry.php?id=11671" "Mozilla/5.0 (Windows NT 6.1; rv:57.0) Gecko/20100101 Firefox/57.0"
