213.47.157.214 - - [15/Dec/2017:17:18:05 +0100] "GET /entry.php?id=10778&form=11496&name=list& HTTP/1.1" 200 5613 "http://ed.activities.at/entry.php?id=11671" "Mozilla/5.0 (Windows NT 6.1; Win64; x64) AppleWebKit/537.36 (KHTML, like Gecko) Chrome/63.0.3239.84 Safari/537.36"
213.47.157.214 - - [15/Dec/2017:17:18:05 +0100] "GET /entry.php?id=10776&form=11496&name=list& HTTP/1.1" 200 1519 "http://ed.activities.at/entry.php?id=11671" "Mozilla/5.0 (Windows NT 6.1; Win64; x64) AppleWebKit/537.36 (KHTML, like Gecko) Chrome/63.0.3239.84 Safari/537.36"
213.47.157.214 - - [15/Dec/2017:17:18:08 +0100] "POST /entry.php?id=11671 HTTP/1.1" 200 3166 "http://ed.activities.at/entry.php?id=11671" "Mozilla/5.0 (Windows NT 6.1; Win64; x64) AppleWebKit/537.36 (KHTML, like Gecko) Chrome/63.0.3239.84 Safari/537.36"
213.47.157.214 - - [15/Dec/2017:17:18:10 +0100] "GET /gui/javascript/form_form.js?1513354690 HTTP/1.1" 200 16206 "http://ed.activities.at/entry.php?id=11671" "Mozilla/5.0 (Windows NT 6.1; Win64; x64) AppleWebKit/537.36 (KHTML, like Gecko) Chrome/63.0.3239.84 Safari/537.36"
213.47.157.214 - - [15/Dec/2017:17:18:10 +0100] "GET /framework/webfx/javascript/tinymce/skins/lightgray/content.min.css HTTP/1.1" 404 325 "http://ed.activities.at/entry.php?id=11671" "Mozilla/5.0 (Windows NT 6.1; Win64; x64) AppleWebKit/537.36 (KHTML, like Gecko) Chrome/63.0.3239.84 Safari/537.36"
212.108.43.59 - - [15/Dec/2017:17:18:16 +0100] "GET /entry.php?id=10271&&ser=354635 HTTP/1.1" 200 987 "http://ed.activities.at/entry.php?id=10271&&ser=354574" "Mozilla/5.0 (Windows NT 10.0; Win64; x64) AppleWebKit/537.36 (KHTML, like Gecko) Chrome/63.0.3239.84 Safari/537.36"
212.108.43.59 - - [15/Dec/2017:17:18:16 +0100] "GET /gui/javascript/form_form.js?1513354696 HTTP/1.1" 200 16206 "http://ed.activities.at/entry.php?id=10271&&ser=354635" "Mozilla/5.0 (Windows NT 10.0; Win64; x64) AppleWebKit/537.36 (KHTML, like Gecko) Chrome/63.0.3239.84 Safari/537.36"
213.47.157.214 - - [15/Dec/2017:17:18:27 +0100] "GET /entry.php?id=10271&&ser=354646 HTTP/1.1" 200 987 "http://ed.activities.at/entry.php?id=10271&&ser=354586" "Mozilla/5.0 (Windows NT 6.1; Win64; x64) AppleWebKit/537.36 (KHTML, like Gecko) Chrome/63.0.3239.84 Safari/537.36"
213.47.157.214 - - [15/Dec/2017:17:18:27 +0100] "GET /gui/javascript/form_form.js?1513354707 HTTP/1.1" 200 16206 "http://ed.activities.at/entry.php?id=10271&&ser=354646" "Mozilla/5.0 (Windows NT 6.1; Win64; x64) AppleWebKit/537.36 (KHTML, like Gecko) Chrome/63.0.3239.84 Safari/537.36"
213.47.157.214 - - [15/Dec/2017:17:18:50 +0100] "POST /entry.php?id=11671 HTTP/1.1" 200 3481 "http://ed.activities.at/entry.php?id=11671" "Mozilla/5.0 (Windows NT 6.1; Win64; x64) AppleWebKit/537.36 (KHTML, like Gecko) Chrome/63.0.3239.84 Safari/537.36"
213.47.157.214 - - [15/Dec/2017:17:18:51 +0100] "GET /gui/javascript/form_form.js?1513354731 HTTP/1.1" 200 16206 "http://ed.activities.at/entry.php?id=11671" "Mozilla/5.0 (Windows NT 6.1; Win64; x64) AppleWebKit/537.36 (KHTML, like Gecko) Chrome/63.0.3239.84 Safari/537.36"
213.47.157.214 - - [15/Dec/2017:17:18:52 +0100] "GET /framework/webfx/javascript/tinymce/skins/lightgray/content.min.css HTTP/1.1" 404 325 "http://ed.activities.at/entry.php?id=11671" "Mozilla/5.0 (Windows NT 6.1; Win64; x64) AppleWebKit/537.36 (KHTML, like Gecko) Chrome/63.0.3239.84 Safari/537.36"
213.47.157.214 - - [15/Dec/2017:17:18:53 +0100] "POST /entry.php?id=11671 HTTP/1.1" 200 4827 "http://ed.activities.at/entry.php?id=11671" "Mozilla/5.0 (Windows NT 6.1; Win64; x64) AppleWebKit/537.36 (KHTML, like Gecko) Chrome/63.0.3239.84 Safari/537.36"
213.47.157.214 - - [15/Dec/2017:17:18:54 +0100] "GET /gui/javascript/form_form.js?1513354734 HTTP/1.1" 200 16206 "http://ed.activities.at/entry.php?id=11671" "Mozilla/5.0 (Windows NT 6.1; Win64; x64) AppleWebKit/537.36 (KHTML, like Gecko) Chrome/63.0.3239.84 Safari/537.36"
213.47.157.214 - - [15/Dec/2017:17:18:54 +0100] "GET /entry.php?id=10778&form=11496&name=list& HTTP/1.1" 200 5613 "http://ed.activities.at/entry.php?id=11671" "Mozilla/5.0 (Windows NT 6.1; Win64; x64) AppleWebKit/537.36 (KHTML, like Gecko) Chrome/63.0.3239.84 Safari/537.36"
213.47.157.214 - - [15/Dec/2017:17:18:54 +0100] "GET /entry.php?id=10776&form=11496&name=list& HTTP/1.1" 200 1519 "http://ed.activities.at/entry.php?id=11671" "Mozilla/5.0 (Windows NT 6.1; Win64; x64) AppleWebKit/537.36 (KHTML, like Gecko) Chrome/63.0.3239.84 Safari/537.36"
212.108.43.59 - - [15/Dec/2017:17:18:59 +0100] "GET /entry.php?id=10271&&ser=354679 HTTP/1.1" 200 987 "http://ed.activities.at/entry.php?id=10271&&ser=354618" "Mozilla/5.0 (Windows NT 10.0; Win64; x64) AppleWebKit/537.36 (KHTML, like Gecko) Chrome/63.0.3239.84 Safari/537.36"
212.108.43.59 - - [15/Dec/2017:17:19:00 +0100] "GET /gui/javascript/form_form.js?1513354740 HTTP/1.1" 200 16206 "http://ed.activities.at/entry.php?id=10271&&ser=354679" "Mozilla/5.0 (Windows NT 10.0; Win64; x64) AppleWebKit/537.36 (KHTML, like Gecko) Chrome/63.0.3239.84 Safari/537.36"
213.47.157.214 - - [15/Dec/2017:17:19:13 +0100] "POST /entry.php?id=11671 HTTP/1.1" 200 4597 "http://ed.activities.at/entry.php?id=11671" "Mozilla/5.0 (Windows NT 6.1; Win64; x64) AppleWebKit/537.36 (KHTML, like Gecko) Chrome/63.0.3239.84 Safari/537.36"
213.47.157.214 - - [15/Dec/2017:17:19:14 +0100] "GET /gui/javascript/form_form.js?1513354754 HTTP/1.1" 200 16206 "http://ed.activities.at/entry.php?id=11671" "Mozilla/5.0 (Windows NT 6.1; Win64; x64) AppleWebKit/537.36 (KHTML, like Gecko) Chrome/63.0.3239.84 Safari/537.36"
213.47.157.214 - - [15/Dec/2017:17:19:15 +0100] "GET /entry.php?id=10778&form=11496&name=list& HTTP/1.1" 200 5341 "http://ed.activities.at/entry.php?id=11671" "Mozilla/5.0 (Windows NT 6.1; Win64; x64) AppleWebKit/537.36 (KHTML, like Gecko) Chrome/63.0.3239.84 Safari/537.36"
213.47.157.214 - - [15/Dec/2017:17:19:15 +0100] "GET /entry.php?id=10776&form=11496&name=list& HTTP/1.1" 200 1519 "http://ed.activities.at/entry.php?id=11671" "Mozilla/5.0 (Windows NT 6.1; Win64; x64) AppleWebKit/537.36 (KHTML, like Gecko) Chrome/63.0.3239.84 Safari/537.36"
212.108.43.59 - - [15/Dec/2017:17:19:16 +0100] "GET /entry.php?id=10271&&ser=354696 HTTP/1.1" 200 988 "http://ed.activities.at/entry.php?id=10271&&ser=354635" "Mozilla/5.0 (Windows NT 10.0; Win64; x64) AppleWebKit/537.36 (KHTML, like Gecko) Chrome/63.0.3239.84 Safari/537.36"
212.108.43.59 - - [15/Dec/2017:17:19:17 +0100] "GET /gui/javascript/form_form.js?1513354757 HTTP/1.1" 200 16206 "http://ed.activities.at/entry.php?id=10271&&ser=354696" "Mozilla/5.0 (Windows NT 10.0; Win64; x64) AppleWebKit/537.36 (KHTML, like Gecko) Chrome/63.0.3239.84 Safari/537.36"
213.47.157.214 - - [15/Dec/2017:17:19:28 +0100] "GET /entry.php?id=10271&&ser=354707 HTTP/1.1" 200 987 "http://ed.activities.at/entry.php?id=10271&&ser=354646" "Mozilla/5.0 (Windows NT 6.1; Win64; x64) AppleWebKit/537.36 (KHTML, like Gecko) Chrome/63.0.3239.84 Safari/537.36"
213.47.157.214 - - [15/Dec/2017:17:19:28 +0100] "GET /gui/javascript/form_form.js?1513354768 HTTP/1.1" 200 16206 "http://ed.activities.at/entry.php?id=10271&&ser=354707" "Mozilla/5.0 (Windows NT 6.1; Win64; x64) AppleWebKit/537.36 (KHTML, like Gecko) Chrome/63.0.3239.84 Safari/537.36"
212.108.43.59 - - [15/Dec/2017:17:20:01 +0100] "GET /entry.php?id=10271&&ser=354740 HTTP/1.1" 200 986 "http://ed.activities.at/entry.php?id=10271&&ser=354679" "Mozilla/5.0 (Windows NT 10.0; Win64; x64) AppleWebKit/537.36 (KHTML, like Gecko) Chrome/63.0.3239.84 Safari/537.36"
212.108.43.59 - - [15/Dec/2017:17:20:01 +0100] "GET /gui/javascript/form_form.js?1513354801 HTTP/1.1" 200 16206 "http://ed.activities.at/entry.php?id=10271&&ser=354740" "Mozilla/5.0 (Windows NT 10.0; Win64; x64) AppleWebKit/537.36 (KHTML, like Gecko) Chrome/63.0.3239.84 Safari/537.36"
213.47.157.214 - - [15/Dec/2017:17:20:06 +0100] "POST /entry.php?id=11671 HTTP/1.1" 200 4980 "http://ed.activities.at/entry.php?id=11671" "Mozilla/5.0 (Windows NT 6.1; Win64; x64) AppleWebKit/537.36 (KHTML, like Gecko) Chrome/63.0.3239.84 Safari/537.36"
213.47.157.214 - - [15/Dec/2017:17:20:07 +0100] "GET /gui/javascript/form_form.js?1513354807 HTTP/1.1" 200 16206 "http://ed.activities.at/entry.php?id=11671" "Mozilla/5.0 (Windows NT 6.1; Win64; x64) AppleWebKit/537.36 (KHTML, like Gecko) Chrome/63.0.3239.84 Safari/537.36"
213.47.157.214 - - [15/Dec/2017:17:20:07 +0100] "GET /entry.php?id=10776&form=11496&name=list& HTTP/1.1" 200 1519 "http://ed.activities.at/entry.php?id=11671" "Mozilla/5.0 (Windows NT 6.1; Win64; x64) AppleWebKit/537.36 (KHTML, like Gecko) Chrome/63.0.3239.84 Safari/537.36"
213.47.157.214 - - [15/Dec/2017:17:20:07 +0100] "GET /entry.php?id=10778&form=11496&name=list& HTTP/1.1" 200 5613 "http://ed.activities.at/entry.php?id=11671" "Mozilla/5.0 (Windows NT 6.1; Win64; x64) AppleWebKit/537.36 (KHTML, like Gecko) Chrome/63.0.3239.84 Safari/537.36"
213.47.157.214 - - [15/Dec/2017:17:20:09 +0100] "POST /entry.php?id=11671 HTTP/1.1" 200 3165 "http://ed.activities.at/entry.php?id=11671" "Mozilla/5.0 (Windows NT 6.1; Win64; x64) AppleWebKit/537.36 (KHTML, like Gecko) Chrome/63.0.3239.84 Safari/537.36"
213.47.157.214 - - [15/Dec/2017:17:20:10 +0100] "GET /gui/javascript/form_form.js?1513354810 HTTP/1.1" 200 16206 "http://ed.activities.at/entry.php?id=11671" "Mozilla/5.0 (Windows NT 6.1; Win64; x64) AppleWebKit/537.36 (KHTML, like Gecko) Chrome/63.0.3239.84 Safari/537.36"
213.47.157.214 - - [15/Dec/2017:17:20:11 +0100] "GET /framework/webfx/javascript/tinymce/skins/lightgray/content.min.css HTTP/1.1" 404 325 "http://ed.activities.at/entry.php?id=11671" "Mozilla/5.0 (Windows NT 6.1; Win64; x64) AppleWebKit/537.36 (KHTML, like Gecko) Chrome/63.0.3239.84 Safari/537.36"
213.47.157.214 - - [15/Dec/2017:17:20:15 +0100] "POST /entry.php?id=11671 HTTP/1.1" 200 3482 "http://ed.activities.at/entry.php?id=11671" "Mozilla/5.0 (Windows NT 6.1; Win64; x64) AppleWebKit/537.36 (KHTML, like Gecko) Chrome/63.0.3239.84 Safari/537.36"
213.47.157.214 - - [15/Dec/2017:17:20:16 +0100] "GET /gui/javascript/form_form.js?1513354816 HTTP/1.1" 200 16206 "http://ed.activities.at/entry.php?id=11671" "Mozilla/5.0 (Windows NT 6.1; Win64; x64) AppleWebKit/537.36 (KHTML, like Gecko) Chrome/63.0.3239.84 Safari/537.36"
213.47.157.214 - - [15/Dec/2017:17:20:17 +0100] "GET /framework/webfx/javascript/tinymce/skins/lightgray/content.min.css HTTP/1.1" 404 325 "http://ed.activities.at/entry.php?id=11671" "Mozilla/5.0 (Windows NT 6.1; Win64; x64) AppleWebKit/537.36 (KHTML, like Gecko) Chrome/63.0.3239.84 Safari/537.36"
212.108.43.59 - - [15/Dec/2017:17:20:17 +0100] "GET /entry.php?id=10271&&ser=354757 HTTP/1.1" 200 987 "http://ed.activities.at/entry.php?id=10271&&ser=354696" "Mozilla/5.0 (Windows NT 10.0; Win64; x64) AppleWebKit/537.36 (KHTML, like Gecko) Chrome/63.0.3239.84 Safari/537.36"
212.108.43.59 - - [15/Dec/2017:17:20:18 +0100] "GET /gui/javascript/form_form.js?1513354818 HTTP/1.1" 200 16206 "http://ed.activities.at/entry.php?id=10271&&ser=354757" "Mozilla/5.0 (Windows NT 10.0; Win64; x64) AppleWebKit/537.36 (KHTML, like Gecko) Chrome/63.0.3239.84 Safari/537.36"
213.47.157.214 - - [15/Dec/2017:17:20:19 +0100] "POST /entry.php?id=11671 HTTP/1.1" 200 4827 "http://ed.activities.at/entry.php?id=11671" "Mozilla/5.0 (Windows NT 6.1; Win64; x64) AppleWebKit/537.36 (KHTML, like Gecko) Chrome/63.0.3239.84 Safari/537.36"
213.47.157.214 - - [15/Dec/2017:17:20:20 +0100] "GET /gui/javascript/form_form.js?1513354820 HTTP/1.1" 200 16206 "http://ed.activities.at/entry.php?id=11671" "Mozilla/5.0 (Windows NT 6.1; Win64; x64) AppleWebKit/537.36 (KHTML, like Gecko) Chrome/63.0.3239.84 Safari/537.36"
213.47.157.214 - - [15/Dec/2017:17:20:20 +0100] "GET /entry.php?id=10778&form=11496&name=list& HTTP/1.1" 200 5613 "http://ed.activities.at/entry.php?id=11671" "Mozilla/5.0 (Windows NT 6.1; Win64; x64) AppleWebKit/537.36 (KHTML, like Gecko) Chrome/63.0.3239.84 Safari/537.36"
213.47.157.214 - - [15/Dec/2017:17:20:20 +0100] "GET /entry.php?id=10776&form=11496&name=list& HTTP/1.1" 200 1519 "http://ed.activities.at/entry.php?id=11671" "Mozilla/5.0 (Windows NT 6.1; Win64; x64) AppleWebKit/537.36 (KHTML, like Gecko) Chrome/63.0.3239.84 Safari/537.36"
213.47.157.214 - - [15/Dec/2017:17:20:28 +0100] "GET /entry.php?id=10271&&ser=354768 HTTP/1.1" 200 987 "http://ed.activities.at/entry.php?id=10271&&ser=354707" "Mozilla/5.0 (Windows NT 6.1; Win64; x64) AppleWebKit/537.36 (KHTML, like Gecko) Chrome/63.0.3239.84 Safari/537.36"
213.47.157.214 - - [15/Dec/2017:17:20:28 +0100] "GET /gui/javascript/form_form.js?1513354828 HTTP/1.1" 200 16206 "http://ed.activities.at/entry.php?id=10271&&ser=354768" "Mozilla/5.0 (Windows NT 6.1; Win64; x64) AppleWebKit/537.36 (KHTML, like Gecko) Chrome/63.0.3239.84 Safari/537.36"
213.47.157.214 - - [15/Dec/2017:17:20:59 +0100] "POST /entry.php?id=11671 HTTP/1.1" 200 4597 "http://ed.activities.at/entry.php?id=11671" "Mozilla/5.0 (Windows NT 6.1; Win64; x64) AppleWebKit/537.36 (KHTML, like Gecko) Chrome/63.0.3239.84 Safari/537.36"
213.47.157.214 - - [15/Dec/2017:17:21:00 +0100] "GET /gui/javascript/form_form.js?1513354860 HTTP/1.1" 200 16206 "http://ed.activities.at/entry.php?id=11671" "Mozilla/5.0 (Windows NT 6.1; Win64; x64) AppleWebKit/537.36 (KHTML, like Gecko) Chrome/63.0.3239.84 Safari/537.36"
213.47.157.214 - - [15/Dec/2017:17:21:00 +0100] "GET /entry.php?id=10776&form=11496&name=list& HTTP/1.1" 200 1519 "http://ed.activities.at/entry.php?id=11671" "Mozilla/5.0 (Windows NT 6.1; Win64; x64) AppleWebKit/537.36 (KHTML, like Gecko) Chrome/63.0.3239.84 Safari/537.36"
213.47.157.214 - - [15/Dec/2017:17:21:00 +0100] "GET /entry.php?id=10778&form=11496&name=list& HTTP/1.1" 200 5341 "http://ed.activities.at/entry.php?id=11671" "Mozilla/5.0 (Windows NT 6.1; Win64; x64) AppleWebKit/537.36 (KHTML, like Gecko) Chrome/63.0.3239.84 Safari/537.36"
212.108.43.59 - - [15/Dec/2017:17:21:01 +0100] "GET /entry.php?id=10271&&ser=354801 HTTP/1.1" 200 987 "http://ed.activities.at/entry.php?id=10271&&ser=354740" "Mozilla/5.0 (Windows NT 10.0; Win64; x64) AppleWebKit/537.36 (KHTML, like Gecko) Chrome/63.0.3239.84 Safari/537.36"
212.108.43.59 - - [15/Dec/2017:17:21:02 +0100] "GET /gui/javascript/form_form.js?1513354862 HTTP/1.1" 200 16206 "http://ed.activities.at/entry.php?id=10271&&ser=354801" "Mozilla/5.0 (Windows NT 10.0; Win64; x64) AppleWebKit/537.36 (KHTML, like Gecko) Chrome/63.0.3239.84 Safari/537.36"
212.108.43.59 - - [15/Dec/2017:17:21:18 +0100] "GET /entry.php?id=10271&&ser=354818 HTTP/1.1" 200 987 "http://ed.activities.at/entry.php?id=10271&&ser=354757" "Mozilla/5.0 (Windows NT 10.0; Win64; x64) AppleWebKit/537.36 (KHTML, like Gecko) Chrome/63.0.3239.84 Safari/537.36"
212.108.43.59 - - [15/Dec/2017:17:21:19 +0100] "GET /gui/javascript/form_form.js?1513354879 HTTP/1.1" 200 16206 "http://ed.activities.at/entry.php?id=10271&&ser=354818" "Mozilla/5.0 (Windows NT 10.0; Win64; x64) AppleWebKit/537.36 (KHTML, like Gecko) Chrome/63.0.3239.84 Safari/537.36"
213.47.157.214 - - [15/Dec/2017:17:21:28 +0100] "GET /entry.php?id=10271&&ser=354828 HTTP/1.1" 200 987 "http://ed.activities.at/entry.php?id=10271&&ser=354768" "Mozilla/5.0 (Windows NT 6.1; Win64; x64) AppleWebKit/537.36 (KHTML, like Gecko) Chrome/63.0.3239.84 Safari/537.36"
213.47.157.214 - - [15/Dec/2017:17:21:29 +0100] "GET /gui/javascript/form_form.js?1513354889 HTTP/1.1" 200 16206 "http://ed.activities.at/entry.php?id=10271&&ser=354828" "Mozilla/5.0 (Windows NT 6.1; Win64; x64) AppleWebKit/537.36 (KHTML, like Gecko) Chrome/63.0.3239.84 Safari/537.36"
213.47.157.214 - - [15/Dec/2017:17:21:37 +0100] "POST /entry.php?id=11671 HTTP/1.1" 200 4927 "http://ed.activities.at/entry.php?id=11671" "Mozilla/5.0 (Windows NT 6.1; Win64; x64) AppleWebKit/537.36 (KHTML, like Gecko) Chrome/63.0.3239.84 Safari/537.36"
213.47.157.214 - - [15/Dec/2017:17:21:38 +0100] "GET /gui/javascript/form_form.js?1513354898 HTTP/1.1" 200 16206 "http://ed.activities.at/entry.php?id=11671" "Mozilla/5.0 (Windows NT 6.1; Win64; x64) AppleWebKit/537.36 (KHTML, like Gecko) Chrome/63.0.3239.84 Safari/537.36"
213.47.157.214 - - [15/Dec/2017:17:21:39 +0100] "GET /entry.php?id=10776&form=11496&name=list& HTTP/1.1" 200 1519 "http://ed.activities.at/entry.php?id=11671" "Mozilla/5.0 (Windows NT 6.1; Win64; x64) AppleWebKit/537.36 (KHTML, like Gecko) Chrome/63.0.3239.84 Safari/537.36"
213.47.157.214 - - [15/Dec/2017:17:21:39 +0100] "GET /entry.php?id=10778&form=11496&name=list& HTTP/1.1" 200 5467 "http://ed.activities.at/entry.php?id=11671" "Mozilla/5.0 (Windows NT 6.1; Win64; x64) AppleWebKit/537.36 (KHTML, like Gecko) Chrome/63.0.3239.84 Safari/537.36"
213.47.157.214 - - [15/Dec/2017:17:21:39 +0100] "POST /entry.php?id=11671 HTTP/1.1" 200 3157 "http://ed.activities.at/entry.php?id=11671" "Mozilla/5.0 (Windows NT 6.1; Win64; x64) AppleWebKit/537.36 (KHTML, like Gecko) Chrome/63.0.3239.84 Safari/537.36"
213.47.157.214 - - [15/Dec/2017:17:21:41 +0100] "GET /gui/javascript/form_form.js?1513354900 HTTP/1.1" 200 16206 "http://ed.activities.at/entry.php?id=11671" "Mozilla/5.0 (Windows NT 6.1; Win64; x64) AppleWebKit/537.36 (KHTML, like Gecko) Chrome/63.0.3239.84 Safari/537.36"
213.47.157.214 - - [15/Dec/2017:17:21:41 +0100] "GET /framework/webfx/javascript/tinymce/skins/lightgray/content.min.css HTTP/1.1" 404 325 "http://ed.activities.at/entry.php?id=11671" "Mozilla/5.0 (Windows NT 6.1; Win64; x64) AppleWebKit/537.36 (KHTML, like Gecko) Chrome/63.0.3239.84 Safari/537.36"
213.47.157.214 - - [15/Dec/2017:17:21:48 +0100] "POST /entry.php?id=11671 HTTP/1.1" 200 3388 "http://ed.activities.at/entry.php?id=11671" "Mozilla/5.0 (Windows NT 6.1; Win64; x64) AppleWebKit/537.36 (KHTML, like Gecko) Chrome/63.0.3239.84 Safari/537.36"
213.47.157.214 - - [15/Dec/2017:17:21:49 +0100] "GET /gui/javascript/form_form.js?1513354909 HTTP/1.1" 200 16206 "http://ed.activities.at/entry.php?id=11671" "Mozilla/5.0 (Windows NT 6.1; Win64; x64) AppleWebKit/537.36 (KHTML, like Gecko) Chrome/63.0.3239.84 Safari/537.36"
213.47.157.214 - - [15/Dec/2017:17:21:50 +0100] "GET /framework/webfx/javascript/tinymce/skins/lightgray/content.min.css HTTP/1.1" 404 325 "http://ed.activities.at/entry.php?id=11671" "Mozilla/5.0 (Windows NT 6.1; Win64; x64) AppleWebKit/537.36 (KHTML, like Gecko) Chrome/63.0.3239.84 Safari/537.36"
213.47.157.214 - - [15/Dec/2017:17:21:52 +0100] "POST /entry.php?id=11671 HTTP/1.1" 200 4769 "http://ed.activities.at/entry.php?id=11671" "Mozilla/5.0 (Windows NT 6.1; Win64; x64) AppleWebKit/537.36 (KHTML, like Gecko) Chrome/63.0.3239.84 Safari/537.36"
213.47.157.214 - - [15/Dec/2017:17:21:53 +0100] "GET /gui/javascript/form_form.js?1513354913 HTTP/1.1" 200 16206 "http://ed.activities.at/entry.php?id=11671" "Mozilla/5.0 (Windows NT 6.1; Win64; x64) AppleWebKit/537.36 (KHTML, like Gecko) Chrome/63.0.3239.84 Safari/537.36"
213.47.157.214 - - [15/Dec/2017:17:21:53 +0100] "GET /entry.php?id=10776&form=11496&name=list& HTTP/1.1" 200 1519 "http://ed.activities.at/entry.php?id=11671" "Mozilla/5.0 (Windows NT 6.1; Win64; x64) AppleWebKit/537.36 (KHTML, like Gecko) Chrome/63.0.3239.84 Safari/537.36"
213.47.157.214 - - [15/Dec/2017:17:21:53 +0100] "GET /entry.php?id=10778&form=11496&name=list& HTTP/1.1" 200 5467 "http://ed.activities.at/entry.php?id=11671" "Mozilla/5.0 (Windows NT 6.1; Win64; x64) AppleWebKit/537.36 (KHTML, like Gecko) Chrome/63.0.3239.84 Safari/537.36"
213.47.157.214 - - [15/Dec/2017:17:21:57 +0100] "POST /entry.php?id=11671 HTTP/1.1" 200 4597 "http://ed.activities.at/entry.php?id=11671" "Mozilla/5.0 (Windows NT 6.1; Win64; x64) AppleWebKit/537.36 (KHTML, like Gecko) Chrome/63.0.3239.84 Safari/537.36"
213.47.157.214 - - [15/Dec/2017:17:21:58 +0100] "GET /gui/javascript/form_form.js?1513354918 HTTP/1.1" 200 16206 "http://ed.activities.at/entry.php?id=11671" "Mozilla/5.0 (Windows NT 6.1; Win64; x64) AppleWebKit/537.36 (KHTML, like Gecko) Chrome/63.0.3239.84 Safari/537.36"
213.47.157.214 - - [15/Dec/2017:17:21:58 +0100] "GET /entry.php?id=10778&form=11496&name=list& HTTP/1.1" 200 5341 "http://ed.activities.at/entry.php?id=11671" "Mozilla/5.0 (Windows NT 6.1; Win64; x64) AppleWebKit/537.36 (KHTML, like Gecko) Chrome/63.0.3239.84 Safari/537.36"
213.47.157.214 - - [15/Dec/2017:17:21:58 +0100] "GET /entry.php?id=10776&form=11496&name=list& HTTP/1.1" 200 1519 "http://ed.activities.at/entry.php?id=11671" "Mozilla/5.0 (Windows NT 6.1; Win64; x64) AppleWebKit/537.36 (KHTML, like Gecko) Chrome/63.0.3239.84 Safari/537.36"
212.108.43.59 - - [15/Dec/2017:17:22:02 +0100] "GET /entry.php?id=10271&&ser=354862 HTTP/1.1" 200 988 "http://ed.activities.at/entry.php?id=10271&&ser=354801" "Mozilla/5.0 (Windows NT 10.0; Win64; x64) AppleWebKit/537.36 (KHTML, like Gecko) Chrome/63.0.3239.84 Safari/537.36"
212.108.43.59 - - [15/Dec/2017:17:22:03 +0100] "GET /gui/javascript/form_form.js?1513354923 HTTP/1.1" 200 16206 "http://ed.activities.at/entry.php?id=10271&&ser=354862" "Mozilla/5.0 (Windows NT 10.0; Win64; x64) AppleWebKit/537.36 (KHTML, like Gecko) Chrome/63.0.3239.84 Safari/537.36"
212.108.43.59 - - [15/Dec/2017:17:22:20 +0100] "GET /entry.php?id=10271&&ser=354879 HTTP/1.1" 200 987 "http://ed.activities.at/entry.php?id=10271&&ser=354818" "Mozilla/5.0 (Windows NT 10.0; Win64; x64) AppleWebKit/537.36 (KHTML, like Gecko) Chrome/63.0.3239.84 Safari/537.36"
212.108.43.59 - - [15/Dec/2017:17:22:20 +0100] "GET /gui/javascript/form_form.js?1513354940 HTTP/1.1" 200 16206 "http://ed.activities.at/entry.php?id=10271&&ser=354879" "Mozilla/5.0 (Windows NT 10.0; Win64; x64) AppleWebKit/537.36 (KHTML, like Gecko) Chrome/63.0.3239.84 Safari/537.36"
213.47.157.214 - - [15/Dec/2017:17:22:29 +0100] "GET /entry.php?id=10271&&ser=354889 HTTP/1.1" 200 987 "http://ed.activities.at/entry.php?id=10271&&ser=354828" "Mozilla/5.0 (Windows NT 6.1; Win64; x64) AppleWebKit/537.36 (KHTML, like Gecko) Chrome/63.0.3239.84 Safari/537.36"
213.47.157.214 - - [15/Dec/2017:17:22:29 +0100] "GET /gui/javascript/form_form.js?1513354949 HTTP/1.1" 200 16206 "http://ed.activities.at/entry.php?id=10271&&ser=354889" "Mozilla/5.0 (Windows NT 6.1; Win64; x64) AppleWebKit/537.36 (KHTML, like Gecko) Chrome/63.0.3239.84 Safari/537.36"
213.47.157.214 - - [15/Dec/2017:17:22:39 +0100] "POST /entry.php?id=11671 HTTP/1.1" 200 4929 "http://ed.activities.at/entry.php?id=11671" "Mozilla/5.0 (Windows NT 6.1; Win64; x64) AppleWebKit/537.36 (KHTML, like Gecko) Chrome/63.0.3239.84 Safari/537.36"
213.47.157.214 - - [15/Dec/2017:17:22:40 +0100] "GET /gui/javascript/form_form.js?1513354960 HTTP/1.1" 200 16206 "http://ed.activities.at/entry.php?id=11671" "Mozilla/5.0 (Windows NT 6.1; Win64; x64) AppleWebKit/537.36 (KHTML, like Gecko) Chrome/63.0.3239.84 Safari/537.36"
213.47.157.214 - - [15/Dec/2017:17:22:40 +0100] "GET /entry.php?id=10776&form=11496&name=list& HTTP/1.1" 200 1519 "http://ed.activities.at/entry.php?id=11671" "Mozilla/5.0 (Windows NT 6.1; Win64; x64) AppleWebKit/537.36 (KHTML, like Gecko) Chrome/63.0.3239.84 Safari/537.36"
213.47.157.214 - - [15/Dec/2017:17:22:40 +0100] "GET /entry.php?id=10778&form=11496&name=list& HTTP/1.1" 200 5467 "http://ed.activities.at/entry.php?id=11671" "Mozilla/5.0 (Windows NT 6.1; Win64; x64) AppleWebKit/537.36 (KHTML, like Gecko) Chrome/63.0.3239.84 Safari/537.36"
213.47.157.214 - - [15/Dec/2017:17:22:41 +0100] "POST /entry.php?id=11671 HTTP/1.1" 200 3157 "http://ed.activities.at/entry.php?id=11671" "Mozilla/5.0 (Windows NT 6.1; Win64; x64) AppleWebKit/537.36 (KHTML, like Gecko) Chrome/63.0.3239.84 Safari/537.36"
213.47.157.214 - - [15/Dec/2017:17:22:43 +0100] "GET /gui/javascript/form_form.js?1513354963 HTTP/1.1" 200 16206 "http://ed.activities.at/entry.php?id=11671" "Mozilla/5.0 (Windows NT 6.1; Win64; x64) AppleWebKit/537.36 (KHTML, like Gecko) Chrome/63.0.3239.84 Safari/537.36"
213.47.157.214 - - [15/Dec/2017:17:22:43 +0100] "GET /framework/webfx/javascript/tinymce/skins/lightgray/content.min.css HTTP/1.1" 404 325 "http://ed.activities.at/entry.php?id=11671" "Mozilla/5.0 (Windows NT 6.1; Win64; x64) AppleWebKit/537.36 (KHTML, like Gecko) Chrome/63.0.3239.84 Safari/537.36"
213.47.157.214 - - [15/Dec/2017:17:22:47 +0100] "POST /entry.php?id=11671 HTTP/1.1" 200 3388 "http://ed.activities.at/entry.php?id=11671" "Mozilla/5.0 (Windows NT 6.1; Win64; x64) AppleWebKit/537.36 (KHTML, like Gecko) Chrome/63.0.3239.84 Safari/537.36"
213.47.157.214 - - [15/Dec/2017:17:22:48 +0100] "GET /gui/javascript/form_form.js?1513354968 HTTP/1.1" 200 16206 "http://ed.activities.at/entry.php?id=11671" "Mozilla/5.0 (Windows NT 6.1; Win64; x64) AppleWebKit/537.36 (KHTML, like Gecko) Chrome/63.0.3239.84 Safari/537.36"
213.47.157.214 - - [15/Dec/2017:17:22:48 +0100] "GET /framework/webfx/javascript/tinymce/skins/lightgray/content.min.css HTTP/1.1" 404 325 "http://ed.activities.at/entry.php?id=11671" "Mozilla/5.0 (Windows NT 6.1; Win64; x64) AppleWebKit/537.36 (KHTML, like Gecko) Chrome/63.0.3239.84 Safari/537.36"
213.47.157.214 - - [15/Dec/2017:17:22:51 +0100] "POST /entry.php?id=11671 HTTP/1.1" 200 4771 "http://ed.activities.at/entry.php?id=11671" "Mozilla/5.0 (Windows NT 6.1; Win64; x64) AppleWebKit/537.36 (KHTML, like Gecko) Chrome/63.0.3239.84 Safari/537.36"
213.47.157.214 - - [15/Dec/2017:17:22:52 +0100] "GET /gui/javascript/form_form.js?1513354971 HTTP/1.1" 200 16206 "http://ed.activities.at/entry.php?id=11671" "Mozilla/5.0 (Windows NT 6.1; Win64; x64) AppleWebKit/537.36 (KHTML, like Gecko) Chrome/63.0.3239.84 Safari/537.36"
213.47.157.214 - - [15/Dec/2017:17:22:52 +0100] "GET /entry.php?id=10776&form=11496&name=list& HTTP/1.1" 200 1519 "http://ed.activities.at/entry.php?id=11671" "Mozilla/5.0 (Windows NT 6.1; Win64; x64) AppleWebKit/537.36 (KHTML, like Gecko) Chrome/63.0.3239.84 Safari/537.36"
213.47.157.214 - - [15/Dec/2017:17:22:52 +0100] "GET /entry.php?id=10778&form=11496&name=list& HTTP/1.1" 200 5467 "http://ed.activities.at/entry.php?id=11671" "Mozilla/5.0 (Windows NT 6.1; Win64; x64) AppleWebKit/537.36 (KHTML, like Gecko) Chrome/63.0.3239.84 Safari/537.36"
212.108.43.59 - - [15/Dec/2017:17:23:03 +0100] "GET /entry.php?id=10271&&ser=354923 HTTP/1.1" 200 987 "http://ed.activities.at/entry.php?id=10271&&ser=354862" "Mozilla/5.0 (Windows NT 10.0; Win64; x64) AppleWebKit/537.36 (KHTML, like Gecko) Chrome/63.0.3239.84 Safari/537.36"
212.108.43.59 - - [15/Dec/2017:17:23:04 +0100] "GET /gui/javascript/form_form.js?1513354984 HTTP/1.1" 200 16206 "http://ed.activities.at/entry.php?id=10271&&ser=354923" "Mozilla/5.0 (Windows NT 10.0; Win64; x64) AppleWebKit/537.36 (KHTML, like Gecko) Chrome/63.0.3239.84 Safari/537.36"
213.47.157.214 - - [15/Dec/2017:17:23:19 +0100] "POST /entry.php?id=11671 HTTP/1.1" 200 4597 "http://ed.activities.at/entry.php?id=11671" "Mozilla/5.0 (Windows NT 6.1; Win64; x64) AppleWebKit/537.36 (KHTML, like Gecko) Chrome/63.0.3239.84 Safari/537.36"
213.47.157.214 - - [15/Dec/2017:17:23:20 +0100] "GET /gui/javascript/form_form.js?1513355000 HTTP/1.1" 200 16206 "http://ed.activities.at/entry.php?id=11671" "Mozilla/5.0 (Windows NT 6.1; Win64; x64) AppleWebKit/537.36 (KHTML, like Gecko) Chrome/63.0.3239.84 Safari/537.36"
213.47.157.214 - - [15/Dec/2017:17:23:20 +0100] "GET /entry.php?id=10778&form=11496&name=list& HTTP/1.1" 200 5341 "http://ed.activities.at/entry.php?id=11671" "Mozilla/5.0 (Windows NT 6.1; Win64; x64) AppleWebKit/537.36 (KHTML, like Gecko) Chrome/63.0.3239.84 Safari/537.36"
213.47.157.214 - - [15/Dec/2017:17:23:20 +0100] "GET /entry.php?id=10776&form=11496&name=list& HTTP/1.1" 200 1519 "http://ed.activities.at/entry.php?id=11671" "Mozilla/5.0 (Windows NT 6.1; Win64; x64) AppleWebKit/537.36 (KHTML, like Gecko) Chrome/63.0.3239.84 Safari/537.36"
212.108.43.59 - - [15/Dec/2017:17:23:20 +0100] "GET /entry.php?id=10271&&ser=354940 HTTP/1.1" 200 986 "http://ed.activities.at/entry.php?id=10271&&ser=354879" "Mozilla/5.0 (Windows NT 10.0; Win64; x64) AppleWebKit/537.36 (KHTML, like Gecko) Chrome/63.0.3239.84 Safari/537.36"
212.108.43.59 - - [15/Dec/2017:17:23:21 +0100] "GET /gui/javascript/form_form.js?1513355001 HTTP/1.1" 200 16206 "http://ed.activities.at/entry.php?id=10271&&ser=354940" "Mozilla/5.0 (Windows NT 10.0; Win64; x64) AppleWebKit/537.36 (KHTML, like Gecko) Chrome/63.0.3239.84 Safari/537.36"
213.47.157.214 - - [15/Dec/2017:17:23:30 +0100] "GET /entry.php?id=10271&&ser=354949 HTTP/1.1" 200 988 "http://ed.activities.at/entry.php?id=10271&&ser=354889" "Mozilla/5.0 (Windows NT 6.1; Win64; x64) AppleWebKit/537.36 (KHTML, like Gecko) Chrome/63.0.3239.84 Safari/537.36"
213.47.157.214 - - [15/Dec/2017:17:23:30 +0100] "GET /gui/javascript/form_form.js?1513355010 HTTP/1.1" 200 16206 "http://ed.activities.at/entry.php?id=10271&&ser=354949" "Mozilla/5.0 (Windows NT 6.1; Win64; x64) AppleWebKit/537.36 (KHTML, like Gecko) Chrome/63.0.3239.84 Safari/537.36"
212.108.43.59 - - [15/Dec/2017:17:24:04 +0100] "GET /entry.php?id=10271&&ser=354984 HTTP/1.1" 200 988 "http://ed.activities.at/entry.php?id=10271&&ser=354923" "Mozilla/5.0 (Windows NT 10.0; Win64; x64) AppleWebKit/537.36 (KHTML, like Gecko) Chrome/63.0.3239.84 Safari/537.36"
212.108.43.59 - - [15/Dec/2017:17:24:05 +0100] "GET /gui/javascript/form_form.js?1513355045 HTTP/1.1" 200 16206 "http://ed.activities.at/entry.php?id=10271&&ser=354984" "Mozilla/5.0 (Windows NT 10.0; Win64; x64) AppleWebKit/537.36 (KHTML, like Gecko) Chrome/63.0.3239.84 Safari/537.36"
212.108.43.59 - - [15/Dec/2017:17:24:21 +0100] "GET /entry.php?id=10271&&ser=355001 HTTP/1.1" 200 988 "http://ed.activities.at/entry.php?id=10271&&ser=354940" "Mozilla/5.0 (Windows NT 10.0; Win64; x64) AppleWebKit/537.36 (KHTML, like Gecko) Chrome/63.0.3239.84 Safari/537.36"
212.108.43.59 - - [15/Dec/2017:17:24:22 +0100] "GET /gui/javascript/form_form.js?1513355062 HTTP/1.1" 200 16206 "http://ed.activities.at/entry.php?id=10271&&ser=355001" "Mozilla/5.0 (Windows NT 10.0; Win64; x64) AppleWebKit/537.36 (KHTML, like Gecko) Chrome/63.0.3239.84 Safari/537.36"
213.47.157.214 - - [15/Dec/2017:17:24:30 +0100] "POST /entry.php?id=11671 HTTP/1.1" 200 4941 "http://ed.activities.at/entry.php?id=11671" "Mozilla/5.0 (Windows NT 6.1; Win64; x64) AppleWebKit/537.36 (KHTML, like Gecko) Chrome/63.0.3239.84 Safari/537.36"
213.47.157.214 - - [15/Dec/2017:17:24:30 +0100] "GET /entry.php?id=10271&&ser=355010 HTTP/1.1" 200 987 "http://ed.activities.at/entry.php?id=10271&&ser=354949" "Mozilla/5.0 (Windows NT 6.1; Win64; x64) AppleWebKit/537.36 (KHTML, like Gecko) Chrome/63.0.3239.84 Safari/537.36"
213.47.157.214 - - [15/Dec/2017:17:24:31 +0100] "GET /gui/javascript/form_form.js?1513355071 HTTP/1.1" 200 16206 "http://ed.activities.at/entry.php?id=11671" "Mozilla/5.0 (Windows NT 6.1; Win64; x64) AppleWebKit/537.36 (KHTML, like Gecko) Chrome/63.0.3239.84 Safari/537.36"
213.47.157.214 - - [15/Dec/2017:17:24:32 +0100] "GET /entry.php?id=10776&form=11496&name=list& HTTP/1.1" 200 1519 "http://ed.activities.at/entry.php?id=11671" "Mozilla/5.0 (Windows NT 6.1; Win64; x64) AppleWebKit/537.36 (KHTML, like Gecko) Chrome/63.0.3239.84 Safari/537.36"
213.47.157.214 - - [15/Dec/2017:17:24:32 +0100] "GET /entry.php?id=10778&form=11496&name=list& HTTP/1.1" 200 5511 "http://ed.activities.at/entry.php?id=11671" "Mozilla/5.0 (Windows NT 6.1; Win64; x64) AppleWebKit/537.36 (KHTML, like Gecko) Chrome/63.0.3239.84 Safari/537.36"
213.47.157.214 - - [15/Dec/2017:17:24:32 +0100] "POST /entry.php?id=11671 HTTP/1.1" 200 3162 "http://ed.activities.at/entry.php?id=11671" "Mozilla/5.0 (Windows NT 6.1; Win64; x64) AppleWebKit/537.36 (KHTML, like Gecko) Chrome/63.0.3239.84 Safari/537.36"
213.47.157.214 - - [15/Dec/2017:17:24:34 +0100] "GET /gui/javascript/form_form.js?1513355074 HTTP/1.1" 200 16206 "http://ed.activities.at/entry.php?id=11671" "Mozilla/5.0 (Windows NT 6.1; Win64; x64) AppleWebKit/537.36 (KHTML, like Gecko) Chrome/63.0.3239.84 Safari/537.36"
213.47.157.214 - - [15/Dec/2017:17:24:34 +0100] "GET /framework/webfx/javascript/tinymce/skins/lightgray/content.min.css HTTP/1.1" 404 325 "http://ed.activities.at/entry.php?id=11671" "Mozilla/5.0 (Windows NT 6.1; Win64; x64) AppleWebKit/537.36 (KHTML, like Gecko) Chrome/63.0.3239.84 Safari/537.36"
213.47.157.214 - - [15/Dec/2017:17:24:40 +0100] "POST /entry.php?id=11671 HTTP/1.1" 200 3436 "http://ed.activities.at/entry.php?id=11671" "Mozilla/5.0 (Windows NT 6.1; Win64; x64) AppleWebKit/537.36 (KHTML, like Gecko) Chrome/63.0.3239.84 Safari/537.36"
213.47.157.214 - - [15/Dec/2017:17:24:40 +0100] "GET /gui/javascript/form_form.js?1513355080 HTTP/1.1" 200 16206 "http://ed.activities.at/entry.php?id=11671" "Mozilla/5.0 (Windows NT 6.1; Win64; x64) AppleWebKit/537.36 (KHTML, like Gecko) Chrome/63.0.3239.84 Safari/537.36"
213.47.157.214 - - [15/Dec/2017:17:24:41 +0100] "GET /framework/webfx/javascript/tinymce/skins/lightgray/content.min.css HTTP/1.1" 404 325 "http://ed.activities.at/entry.php?id=11671" "Mozilla/5.0 (Windows NT 6.1; Win64; x64) AppleWebKit/537.36 (KHTML, like Gecko) Chrome/63.0.3239.84 Safari/537.36"
213.47.157.214 - - [15/Dec/2017:17:24:45 +0100] "POST /entry.php?id=11671 HTTP/1.1" 200 4802 "http://ed.activities.at/entry.php?id=11671" "Mozilla/5.0 (Windows NT 6.1; Win64; x64) AppleWebKit/537.36 (KHTML, like Gecko) Chrome/63.0.3239.84 Safari/537.36"
213.47.157.214 - - [15/Dec/2017:17:24:46 +0100] "GET /gui/javascript/form_form.js?1513355086 HTTP/1.1" 200 16206 "http://ed.activities.at/entry.php?id=11671" "Mozilla/5.0 (Windows NT 6.1; Win64; x64) AppleWebKit/537.36 (KHTML, like Gecko) Chrome/63.0.3239.84 Safari/537.36"
213.47.157.214 - - [15/Dec/2017:17:24:46 +0100] "GET /entry.php?id=10778&form=11496&name=list& HTTP/1.1" 200 5511 "http://ed.activities.at/entry.php?id=11671" "Mozilla/5.0 (Windows NT 6.1; Win64; x64) AppleWebKit/537.36 (KHTML, like Gecko) Chrome/63.0.3239.84 Safari/537.36"
213.47.157.214 - - [15/Dec/2017:17:24:46 +0100] "GET /entry.php?id=10776&form=11496&name=list& HTTP/1.1" 200 1519 "http://ed.activities.at/entry.php?id=11671" "Mozilla/5.0 (Windows NT 6.1; Win64; x64) AppleWebKit/537.36 (KHTML, like Gecko) Chrome/63.0.3239.84 Safari/537.36"
213.47.157.214 - - [15/Dec/2017:17:24:51 +0100] "GET /entry.php?id=11674 HTTP/1.1" 200 321 "http://ed.activities.at/entry.php?id=10270&__app__=10006038" "Mozilla/5.0 (Windows NT 6.1; Win64; x64) AppleWebKit/537.36 (KHTML, like Gecko) Chrome/63.0.3239.84 Safari/537.36"
213.47.157.214 - - [15/Dec/2017:17:24:52 +0100] "GET /entry.php?id=10676&&title=Aktionen HTTP/1.1" 200 1388 "http://ed.activities.at/entry.php?id=11674" "Mozilla/5.0 (Windows NT 6.1; Win64; x64) AppleWebKit/537.36 (KHTML, like Gecko) Chrome/63.0.3239.84 Safari/537.36"
213.47.157.214 - - [15/Dec/2017:17:24:52 +0100] "GET /gui/javascript/form_form.js?1513355092 HTTP/1.1" 200 16206 "http://ed.activities.at/entry.php?id=10676&&title=Aktionen" "Mozilla/5.0 (Windows NT 6.1; Win64; x64) AppleWebKit/537.36 (KHTML, like Gecko) Chrome/63.0.3239.84 Safari/537.36"
213.47.157.214 - - [15/Dec/2017:17:24:52 +0100] "GET /entry.php?id=11676& HTTP/1.1" 200 4384 "http://ed.activities.at/entry.php?id=11674" "Mozilla/5.0 (Windows NT 6.1; Win64; x64) AppleWebKit/537.36 (KHTML, like Gecko) Chrome/63.0.3239.84 Safari/537.36"
213.47.157.214 - - [15/Dec/2017:17:24:53 +0100] "GET /gui/javascript/form_form.js?1513355093 HTTP/1.1" 200 16206 "http://ed.activities.at/entry.php?id=11676&" "Mozilla/5.0 (Windows NT 6.1; Win64; x64) AppleWebKit/537.36 (KHTML, like Gecko) Chrome/63.0.3239.84 Safari/537.36"
213.47.157.214 - - [15/Dec/2017:17:24:52 +0100] "GET /entry.php?id=11675& HTTP/1.1" 200 2691 "http://ed.activities.at/entry.php?id=11674" "Mozilla/5.0 (Windows NT 6.1; Win64; x64) AppleWebKit/537.36 (KHTML, like Gecko) Chrome/63.0.3239.84 Safari/537.36"
213.47.157.214 - - [15/Dec/2017:17:24:53 +0100] "GET /entry.php?id=11673 HTTP/1.1" 200 358 "http://ed.activities.at/entry.php?id=10270&__app__=10006038" "Mozilla/5.0 (Windows NT 6.1; Win64; x64) AppleWebKit/537.36 (KHTML, like Gecko) Chrome/63.0.3239.84 Safari/537.36"
213.47.157.214 - - [15/Dec/2017:17:24:53 +0100] "GET /entry.php?id=10676&&title=F%FChrerscheinkurse HTTP/1.1" 200 1396 "http://ed.activities.at/entry.php?id=11673" "Mozilla/5.0 (Windows NT 6.1; Win64; x64) AppleWebKit/537.36 (KHTML, like Gecko) Chrome/63.0.3239.84 Safari/537.36"
213.47.157.214 - - [15/Dec/2017:17:24:54 +0100] "GET /gui/javascript/form_form.js?1513355094 HTTP/1.1" 200 16206 "http://ed.activities.at/entry.php?id=10676&&title=F%FChrerscheinkurse" "Mozilla/5.0 (Windows NT 6.1; Win64; x64) AppleWebKit/537.36 (KHTML, like Gecko) Chrome/63.0.3239.84 Safari/537.36"
213.47.157.214 - - [15/Dec/2017:17:24:53 +0100] "GET /entry.php?id=11694& HTTP/1.1" 200 3027 "http://ed.activities.at/entry.php?id=11673" "Mozilla/5.0 (Windows NT 6.1; Win64; x64) AppleWebKit/537.36 (KHTML, like Gecko) Chrome/63.0.3239.84 Safari/537.36"
213.47.157.214 - - [15/Dec/2017:17:24:54 +0100] "GET /activities/framework/KoolControls/KoolAjax/koolajax.php?8436e354c842500aba3cbaf0584c0c24 HTTP/1.1" 200 4079 "http://ed.activities.at/entry.php?id=11694&" "Mozilla/5.0 (Windows NT 6.1; Win64; x64) AppleWebKit/537.36 (KHTML, like Gecko) Chrome/63.0.3239.84 Safari/537.36"
213.47.157.214 - - [15/Dec/2017:17:24:54 +0100] "GET /activities/framework/KoolControls/KoolTreeView/kooltreeview.php?c7cd9180e88ffef8e70f13526bb4f5f7 HTTP/1.1" 200 5055 "http://ed.activities.at/entry.php?id=11694&" "Mozilla/5.0 (Windows NT 6.1; Win64; x64) AppleWebKit/537.36 (KHTML, like Gecko) Chrome/63.0.3239.84 Safari/537.36"
213.47.157.214 - - [15/Dec/2017:17:24:53 +0100] "GET /entry.php?id=11671& HTTP/1.1" 200 4543 "http://ed.activities.at/entry.php?id=11673" "Mozilla/5.0 (Windows NT 6.1; Win64; x64) AppleWebKit/537.36 (KHTML, like Gecko) Chrome/63.0.3239.84 Safari/537.36"
213.47.157.214 - - [15/Dec/2017:17:24:55 +0100] "GET /gui/javascript/form_form.js?1513355095 HTTP/1.1" 200 16206 "http://ed.activities.at/entry.php?id=11671&" "Mozilla/5.0 (Windows NT 6.1; Win64; x64) AppleWebKit/537.36 (KHTML, like Gecko) Chrome/63.0.3239.84 Safari/537.36"
213.47.157.214 - - [15/Dec/2017:17:24:53 +0100] "GET /entry.php?id=11672& HTTP/1.1" 200 2692 "http://ed.activities.at/entry.php?id=11673" "Mozilla/5.0 (Windows NT 6.1; Win64; x64) AppleWebKit/537.36 (KHTML, like Gecko) Chrome/63.0.3239.84 Safari/537.36"
213.47.157.214 - - [15/Dec/2017:17:24:55 +0100] "GET /entry.php?id=10776&form=11496&name=list& HTTP/1.1" 200 1526 "http://ed.activities.at/entry.php?id=11671&" "Mozilla/5.0 (Windows NT 6.1; Win64; x64) AppleWebKit/537.36 (KHTML, like Gecko) Chrome/63.0.3239.84 Safari/537.36"
213.47.157.214 - - [15/Dec/2017:17:24:55 +0100] "GET /entry.php?id=10778&form=11496&name=list& HTTP/1.1" 200 2493 "http://ed.activities.at/entry.php?id=11671&" "Mozilla/5.0 (Windows NT 6.1; Win64; x64) AppleWebKit/537.36 (KHTML, like Gecko) Chrome/63.0.3239.84 Safari/537.36"
213.47.157.214 - - [15/Dec/2017:17:24:56 +0100] "GET /entry.php?id=10776&form=11497&name=list& HTTP/1.1" 200 1942 "http://ed.activities.at/entry.php?id=11672&" "Mozilla/5.0 (Windows NT 6.1; Win64; x64) AppleWebKit/537.36 (KHTML, like Gecko) Chrome/63.0.3239.84 Safari/537.36"
213.47.157.214 - - [15/Dec/2017:17:24:56 +0100] "GET /entry.php?id=10778&form=11497&name=list& HTTP/1.1" 200 6783 "http://ed.activities.at/entry.php?id=11672&" "Mozilla/5.0 (Windows NT 6.1; Win64; x64) AppleWebKit/537.36 (KHTML, like Gecko) Chrome/63.0.3239.84 Safari/537.36"
213.47.157.214 - - [15/Dec/2017:17:24:58 +0100] "POST /entry.php?id=11672 HTTP/1.1" 200 2701 "http://ed.activities.at/entry.php?id=11672&" "Mozilla/5.0 (Windows NT 6.1; Win64; x64) AppleWebKit/537.36 (KHTML, like Gecko) Chrome/63.0.3239.84 Safari/537.36"
213.47.157.214 - - [15/Dec/2017:17:24:58 +0100] "GET /gui/javascript/form_form.js?1513355098 HTTP/1.1" 200 16206 "http://ed.activities.at/entry.php?id=11672" "Mozilla/5.0 (Windows NT 6.1; Win64; x64) AppleWebKit/537.36 (KHTML, like Gecko) Chrome/63.0.3239.84 Safari/537.36"
213.47.157.214 - - [15/Dec/2017:17:24:59 +0100] "GET /entry.php?id=10776&form=11497&name=list& HTTP/1.1" 200 1940 "http://ed.activities.at/entry.php?id=11672" "Mozilla/5.0 (Windows NT 6.1; Win64; x64) AppleWebKit/537.36 (KHTML, like Gecko) Chrome/63.0.3239.84 Safari/537.36"
213.47.157.214 - - [15/Dec/2017:17:24:59 +0100] "GET /entry.php?id=10778&form=11497&name=list& HTTP/1.1" 200 3380 "http://ed.activities.at/entry.php?id=11672" "Mozilla/5.0 (Windows NT 6.1; Win64; x64) AppleWebKit/537.36 (KHTML, like Gecko) Chrome/63.0.3239.84 Safari/537.36"
212.108.43.59 - - [15/Dec/2017:17:25:05 +0100] "GET /entry.php?id=10271&&ser=355045 HTTP/1.1" 200 987 "http://ed.activities.at/entry.php?id=10271&&ser=354984" "Mozilla/5.0 (Windows NT 10.0; Win64; x64) AppleWebKit/537.36 (KHTML, like Gecko) Chrome/63.0.3239.84 Safari/537.36"
212.108.43.59 - - [15/Dec/2017:17:25:06 +0100] "GET /gui/javascript/form_form.js?1513355106 HTTP/1.1" 200 16206 "http://ed.activities.at/entry.php?id=10271&&ser=355045" "Mozilla/5.0 (Windows NT 10.0; Win64; x64) AppleWebKit/537.36 (KHTML, like Gecko) Chrome/63.0.3239.84 Safari/537.36"
213.47.157.214 - - [15/Dec/2017:17:25:19 +0100] "POST /entry.php?id=11671 HTTP/1.1" 200 4597 "http://ed.activities.at/entry.php?id=11671&" "Mozilla/5.0 (Windows NT 6.1; Win64; x64) AppleWebKit/537.36 (KHTML, like Gecko) Chrome/63.0.3239.84 Safari/537.36"
213.47.157.214 - - [15/Dec/2017:17:25:20 +0100] "GET /gui/javascript/form_form.js?1513355120 HTTP/1.1" 200 16206 "http://ed.activities.at/entry.php?id=11671" "Mozilla/5.0 (Windows NT 6.1; Win64; x64) AppleWebKit/537.36 (KHTML, like Gecko) Chrome/63.0.3239.84 Safari/537.36"
213.47.157.214 - - [15/Dec/2017:17:25:21 +0100] "GET /entry.php?id=10776&form=11496&name=list& HTTP/1.1" 200 1519 "http://ed.activities.at/entry.php?id=11671" "Mozilla/5.0 (Windows NT 6.1; Win64; x64) AppleWebKit/537.36 (KHTML, like Gecko) Chrome/63.0.3239.84 Safari/537.36"
213.47.157.214 - - [15/Dec/2017:17:25:21 +0100] "GET /entry.php?id=10778&form=11496&name=list& HTTP/1.1" 200 5341 "http://ed.activities.at/entry.php?id=11671" "Mozilla/5.0 (Windows NT 6.1; Win64; x64) AppleWebKit/537.36 (KHTML, like Gecko) Chrome/63.0.3239.84 Safari/537.36"
212.108.43.59 - - [15/Dec/2017:17:25:22 +0100] "GET /entry.php?id=10271&&ser=355062 HTTP/1.1" 200 988 "http://ed.activities.at/entry.php?id=10271&&ser=355001" "Mozilla/5.0 (Windows NT 10.0; Win64; x64) AppleWebKit/537.36 (KHTML, like Gecko) Chrome/63.0.3239.84 Safari/537.36"
212.108.43.59 - - [15/Dec/2017:17:25:23 +0100] "GET /gui/javascript/form_form.js?1513355123 HTTP/1.1" 200 16206 "http://ed.activities.at/entry.php?id=10271&&ser=355062" "Mozilla/5.0 (Windows NT 10.0; Win64; x64) AppleWebKit/537.36 (KHTML, like Gecko) Chrome/63.0.3239.84 Safari/537.36"
213.47.157.214 - - [15/Dec/2017:17:25:32 +0100] "GET /entry.php?id=10271&&ser=355071 HTTP/1.1" 200 986 "http://ed.activities.at/entry.php?id=10271&&ser=355010" "Mozilla/5.0 (Windows NT 6.1; Win64; x64) AppleWebKit/537.36 (KHTML, like Gecko) Chrome/63.0.3239.84 Safari/537.36"
213.47.157.214 - - [15/Dec/2017:17:25:32 +0100] "GET /gui/javascript/form_form.js?1513355132 HTTP/1.1" 200 16206 "http://ed.activities.at/entry.php?id=10271&&ser=355071" "Mozilla/5.0 (Windows NT 6.1; Win64; x64) AppleWebKit/537.36 (KHTML, like Gecko) Chrome/63.0.3239.84 Safari/537.36"
212.108.43.59 - - [15/Dec/2017:17:26:06 +0100] "GET /entry.php?id=10271&&ser=355106 HTTP/1.1" 200 988 "http://ed.activities.at/entry.php?id=10271&&ser=355045" "Mozilla/5.0 (Windows NT 10.0; Win64; x64) AppleWebKit/537.36 (KHTML, like Gecko) Chrome/63.0.3239.84 Safari/537.36"
212.108.43.59 - - [15/Dec/2017:17:26:07 +0100] "GET /gui/javascript/form_form.js?1513355167 HTTP/1.1" 200 16206 "http://ed.activities.at/entry.php?id=10271&&ser=355106" "Mozilla/5.0 (Windows NT 10.0; Win64; x64) AppleWebKit/537.36 (KHTML, like Gecko) Chrome/63.0.3239.84 Safari/537.36"
213.47.157.214 - - [15/Dec/2017:17:26:21 +0100] "POST /entry.php?id=11671 HTTP/1.1" 200 4943 "http://ed.activities.at/entry.php?id=11671" "Mozilla/5.0 (Windows NT 6.1; Win64; x64) AppleWebKit/537.36 (KHTML, like Gecko) Chrome/63.0.3239.84 Safari/537.36"
213.47.157.214 - - [15/Dec/2017:17:26:22 +0100] "GET /gui/javascript/form_form.js?1513355182 HTTP/1.1" 200 16206 "http://ed.activities.at/entry.php?id=11671" "Mozilla/5.0 (Windows NT 6.1; Win64; x64) AppleWebKit/537.36 (KHTML, like Gecko) Chrome/63.0.3239.84 Safari/537.36"
213.47.157.214 - - [15/Dec/2017:17:26:22 +0100] "GET /entry.php?id=10778&form=11496&name=list& HTTP/1.1" 200 5511 "http://ed.activities.at/entry.php?id=11671" "Mozilla/5.0 (Windows NT 6.1; Win64; x64) AppleWebKit/537.36 (KHTML, like Gecko) Chrome/63.0.3239.84 Safari/537.36"
213.47.157.214 - - [15/Dec/2017:17:26:22 +0100] "GET /entry.php?id=10776&form=11496&name=list& HTTP/1.1" 200 1519 "http://ed.activities.at/entry.php?id=11671" "Mozilla/5.0 (Windows NT 6.1; Win64; x64) AppleWebKit/537.36 (KHTML, like Gecko) Chrome/63.0.3239.84 Safari/537.36"
212.108.43.59 - - [15/Dec/2017:17:26:23 +0100] "GET /entry.php?id=10271&&ser=355123 HTTP/1.1" 200 988 "http://ed.activities.at/entry.php?id=10271&&ser=355062" "Mozilla/5.0 (Windows NT 10.0; Win64; x64) AppleWebKit/537.36 (KHTML, like Gecko) Chrome/63.0.3239.84 Safari/537.36"
212.108.43.59 - - [15/Dec/2017:17:26:24 +0100] "GET /gui/javascript/form_form.js?1513355184 HTTP/1.1" 200 16206 "http://ed.activities.at/entry.php?id=10271&&ser=355123" "Mozilla/5.0 (Windows NT 10.0; Win64; x64) AppleWebKit/537.36 (KHTML, like Gecko) Chrome/63.0.3239.84 Safari/537.36"
213.47.157.214 - - [15/Dec/2017:17:26:24 +0100] "POST /entry.php?id=11671 HTTP/1.1" 200 3163 "http://ed.activities.at/entry.php?id=11671" "Mozilla/5.0 (Windows NT 6.1; Win64; x64) AppleWebKit/537.36 (KHTML, like Gecko) Chrome/63.0.3239.84 Safari/537.36"
213.47.157.214 - - [15/Dec/2017:17:26:25 +0100] "GET /gui/javascript/form_form.js?1513355185 HTTP/1.1" 200 16206 "http://ed.activities.at/entry.php?id=11671" "Mozilla/5.0 (Windows NT 6.1; Win64; x64) AppleWebKit/537.36 (KHTML, like Gecko) Chrome/63.0.3239.84 Safari/537.36"
213.47.157.214 - - [15/Dec/2017:17:26:26 +0100] "GET /framework/webfx/javascript/tinymce/skins/lightgray/content.min.css HTTP/1.1" 404 325 "http://ed.activities.at/entry.php?id=11671" "Mozilla/5.0 (Windows NT 6.1; Win64; x64) AppleWebKit/537.36 (KHTML, like Gecko) Chrome/63.0.3239.84 Safari/537.36"
213.47.157.214 - - [15/Dec/2017:17:26:32 +0100] "GET /entry.php?id=10271&&ser=355132 HTTP/1.1" 200 988 "http://ed.activities.at/entry.php?id=10271&&ser=355071" "Mozilla/5.0 (Windows NT 6.1; Win64; x64) AppleWebKit/537.36 (KHTML, like Gecko) Chrome/63.0.3239.84 Safari/537.36"
213.47.157.214 - - [15/Dec/2017:17:26:33 +0100] "GET /gui/javascript/form_form.js?1513355192 HTTP/1.1" 200 16206 "http://ed.activities.at/entry.php?id=10271&&ser=355132" "Mozilla/5.0 (Windows NT 6.1; Win64; x64) AppleWebKit/537.36 (KHTML, like Gecko) Chrome/63.0.3239.84 Safari/537.36"
213.47.157.214 - - [15/Dec/2017:17:26:36 +0100] "POST /entry.php?id=11671 HTTP/1.1" 200 3439 "http://ed.activities.at/entry.php?id=11671" "Mozilla/5.0 (Windows NT 6.1; Win64; x64) AppleWebKit/537.36 (KHTML, like Gecko) Chrome/63.0.3239.84 Safari/537.36"
213.47.157.214 - - [15/Dec/2017:17:26:37 +0100] "GET /gui/javascript/form_form.js?1513355197 HTTP/1.1" 200 16206 "http://ed.activities.at/entry.php?id=11671" "Mozilla/5.0 (Windows NT 6.1; Win64; x64) AppleWebKit/537.36 (KHTML, like Gecko) Chrome/63.0.3239.84 Safari/537.36"
213.47.157.214 - - [15/Dec/2017:17:26:37 +0100] "GET /framework/webfx/javascript/tinymce/skins/lightgray/content.min.css HTTP/1.1" 404 325 "http://ed.activities.at/entry.php?id=11671" "Mozilla/5.0 (Windows NT 6.1; Win64; x64) AppleWebKit/537.36 (KHTML, like Gecko) Chrome/63.0.3239.84 Safari/537.36"
213.47.157.214 - - [15/Dec/2017:17:26:38 +0100] "POST /entry.php?id=11671 HTTP/1.1" 200 4806 "http://ed.activities.at/entry.php?id=11671" "Mozilla/5.0 (Windows NT 6.1; Win64; x64) AppleWebKit/537.36 (KHTML, like Gecko) Chrome/63.0.3239.84 Safari/537.36"
213.47.157.214 - - [15/Dec/2017:17:26:39 +0100] "GET /gui/javascript/form_form.js?1513355199 HTTP/1.1" 200 16206 "http://ed.activities.at/entry.php?id=11671" "Mozilla/5.0 (Windows NT 6.1; Win64; x64) AppleWebKit/537.36 (KHTML, like Gecko) Chrome/63.0.3239.84 Safari/537.36"
213.47.157.214 - - [15/Dec/2017:17:26:39 +0100] "GET /entry.php?id=10776&form=11496&name=list& HTTP/1.1" 200 1519 "http://ed.activities.at/entry.php?id=11671" "Mozilla/5.0 (Windows NT 6.1; Win64; x64) AppleWebKit/537.36 (KHTML, like Gecko) Chrome/63.0.3239.84 Safari/537.36"
213.47.157.214 - - [15/Dec/2017:17:26:39 +0100] "GET /entry.php?id=10778&form=11496&name=list& HTTP/1.1" 200 5511 "http://ed.activities.at/entry.php?id=11671" "Mozilla/5.0 (Windows NT 6.1; Win64; x64) AppleWebKit/537.36 (KHTML, like Gecko) Chrome/63.0.3239.84 Safari/537.36"
212.108.43.59 - - [15/Dec/2017:17:27:07 +0100] "GET /entry.php?id=10271&&ser=355167 HTTP/1.1" 200 988 "http://ed.activities.at/entry.php?id=10271&&ser=355106" "Mozilla/5.0 (Windows NT 10.0; Win64; x64) AppleWebKit/537.36 (KHTML, like Gecko) Chrome/63.0.3239.84 Safari/537.36"
212.108.43.59 - - [15/Dec/2017:17:27:08 +0100] "GET /gui/javascript/form_form.js?1513355228 HTTP/1.1" 200 16206 "http://ed.activities.at/entry.php?id=10271&&ser=355167" "Mozilla/5.0 (Windows NT 10.0; Win64; x64) AppleWebKit/537.36 (KHTML, like Gecko) Chrome/63.0.3239.84 Safari/537.36"
212.108.43.59 - - [15/Dec/2017:17:27:24 +0100] "GET /entry.php?id=10271&&ser=355184 HTTP/1.1" 200 988 "http://ed.activities.at/entry.php?id=10271&&ser=355123" "Mozilla/5.0 (Windows NT 10.0; Win64; x64) AppleWebKit/537.36 (KHTML, like Gecko) Chrome/63.0.3239.84 Safari/537.36"
212.108.43.59 - - [15/Dec/2017:17:27:28 +0100] "GET /gui/javascript/form_form.js?1513355245 HTTP/1.1" 200 16206 "http://ed.activities.at/entry.php?id=10271&&ser=355184" "Mozilla/5.0 (Windows NT 10.0; Win64; x64) AppleWebKit/537.36 (KHTML, like Gecko) Chrome/63.0.3239.84 Safari/537.36"
213.47.157.214 - - [15/Dec/2017:17:27:33 +0100] "GET /entry.php?id=10271&&ser=355192 HTTP/1.1" 200 988 "http://ed.activities.at/entry.php?id=10271&&ser=355132" "Mozilla/5.0 (Windows NT 6.1; Win64; x64) AppleWebKit/537.36 (KHTML, like Gecko) Chrome/63.0.3239.84 Safari/537.36"
