213.47.157.214 - - [15/Dec/2017:17:27:33 +0100] "GET /gui/javascript/form_form.js?1513355253 HTTP/1.1" 200 16206 "http://ed.activities.at/entry.php?id=10271&&ser=355192" "Mozilla/5.0 (Windows NT 6.1; Win64; x64) AppleWebKit/537.36 (KHTML, like Gecko) Chrome/63.0.3239.84 Safari/537.36"
212.108.43.59 - - [15/Dec/2017:17:28:08 +0100] "GET /entry.php?id=10271&&ser=355228 HTTP/1.1" 200 988 "http://ed.activities.at/entry.php?id=10271&&ser=355167" "Mozilla/5.0 (Windows NT 10.0; Win64; x64) AppleWebKit/537.36 (KHTML, like Gecko) Chrome/63.0.3239.84 Safari/537.36"
212.108.43.59 - - [15/Dec/2017:17:28:09 +0100] "GET /gui/javascript/form_form.js?1513355289 HTTP/1.1" 200 16206 "http://ed.activities.at/entry.php?id=10271&&ser=355228" "Mozilla/5.0 (Windows NT 10.0; Win64; x64) AppleWebKit/537.36 (KHTML, like Gecko) Chrome/63.0.3239.84 Safari/537.36"
212.108.43.59 - - [15/Dec/2017:17:28:28 +0100] "GET /entry.php?id=10271&&ser=355245 HTTP/1.1" 200 988 "http://ed.activities.at/entry.php?id=10271&&ser=355184" "Mozilla/5.0 (Windows NT 10.0; Win64; x64) AppleWebKit/537.36 (KHTML, like Gecko) Chrome/63.0.3239.84 Safari/537.36"
212.108.43.59 - - [15/Dec/2017:17:28:29 +0100] "GET /gui/javascript/form_form.js?1513355309 HTTP/1.1" 200 16206 "http://ed.activities.at/entry.php?id=10271&&ser=355245" "Mozilla/5.0 (Windows NT 10.0; Win64; x64) AppleWebKit/537.36 (KHTML, like Gecko) Chrome/63.0.3239.84 Safari/537.36"
213.47.157.214 - - [15/Dec/2017:17:28:33 +0100] "GET /entry.php?id=10271&&ser=355253 HTTP/1.1" 200 988 "http://ed.activities.at/entry.php?id=10271&&ser=355192" "Mozilla/5.0 (Windows NT 6.1; Win64; x64) AppleWebKit/537.36 (KHTML, like Gecko) Chrome/63.0.3239.84 Safari/537.36"
213.47.157.214 - - [15/Dec/2017:17:28:34 +0100] "GET /gui/javascript/form_form.js?1513355314 HTTP/1.1" 200 16206 "http://ed.activities.at/entry.php?id=10271&&ser=355253" "Mozilla/5.0 (Windows NT 6.1; Win64; x64) AppleWebKit/537.36 (KHTML, like Gecko) Chrome/63.0.3239.84 Safari/537.36"
213.47.157.214 - - [15/Dec/2017:17:28:37 +0100] "POST /entry.php?id=11671 HTTP/1.1" 200 4598 "http://ed.activities.at/entry.php?id=11671" "Mozilla/5.0 (Windows NT 6.1; Win64; x64) AppleWebKit/537.36 (KHTML, like Gecko) Chrome/63.0.3239.84 Safari/537.36"
213.47.157.214 - - [15/Dec/2017:17:28:38 +0100] "GET /gui/javascript/form_form.js?1513355318 HTTP/1.1" 200 16206 "http://ed.activities.at/entry.php?id=11671" "Mozilla/5.0 (Windows NT 6.1; Win64; x64) AppleWebKit/537.36 (KHTML, like Gecko) Chrome/63.0.3239.84 Safari/537.36"
213.47.157.214 - - [15/Dec/2017:17:28:39 +0100] "GET /entry.php?id=10778&form=11496&name=list& HTTP/1.1" 200 5341 "http://ed.activities.at/entry.php?id=11671" "Mozilla/5.0 (Windows NT 6.1; Win64; x64) AppleWebKit/537.36 (KHTML, like Gecko) Chrome/63.0.3239.84 Safari/537.36"
213.47.157.214 - - [15/Dec/2017:17:28:39 +0100] "GET /entry.php?id=10776&form=11496&name=list& HTTP/1.1" 200 1519 "http://ed.activities.at/entry.php?id=11671" "Mozilla/5.0 (Windows NT 6.1; Win64; x64) AppleWebKit/537.36 (KHTML, like Gecko) Chrome/63.0.3239.84 Safari/537.36"
212.108.43.59 - - [15/Dec/2017:17:29:09 +0100] "GET /entry.php?id=10271&&ser=355289 HTTP/1.1" 200 988 "http://ed.activities.at/entry.php?id=10271&&ser=355228" "Mozilla/5.0 (Windows NT 10.0; Win64; x64) AppleWebKit/537.36 (KHTML, like Gecko) Chrome/63.0.3239.84 Safari/537.36"
212.108.43.59 - - [15/Dec/2017:17:29:10 +0100] "GET /gui/javascript/form_form.js?1513355350 HTTP/1.1" 200 16206 "http://ed.activities.at/entry.php?id=10271&&ser=355289" "Mozilla/5.0 (Windows NT 10.0; Win64; x64) AppleWebKit/537.36 (KHTML, like Gecko) Chrome/63.0.3239.84 Safari/537.36"
212.108.43.59 - - [15/Dec/2017:17:29:29 +0100] "GET /entry.php?id=10271&&ser=355309 HTTP/1.1" 200 988 "http://ed.activities.at/entry.php?id=10271&&ser=355245" "Mozilla/5.0 (Windows NT 10.0; Win64; x64) AppleWebKit/537.36 (KHTML, like Gecko) Chrome/63.0.3239.84 Safari/537.36"
212.108.43.59 - - [15/Dec/2017:17:29:30 +0100] "GET /gui/javascript/form_form.js?1513355370 HTTP/1.1" 200 16206 "http://ed.activities.at/entry.php?id=10271&&ser=355309" "Mozilla/5.0 (Windows NT 10.0; Win64; x64) AppleWebKit/537.36 (KHTML, like Gecko) Chrome/63.0.3239.84 Safari/537.36"
213.47.157.214 - - [15/Dec/2017:17:29:34 +0100] "GET /entry.php?id=10271&&ser=355314 HTTP/1.1" 200 988 "http://ed.activities.at/entry.php?id=10271&&ser=355253" "Mozilla/5.0 (Windows NT 6.1; Win64; x64) AppleWebKit/537.36 (KHTML, like Gecko) Chrome/63.0.3239.84 Safari/537.36"
213.47.157.214 - - [15/Dec/2017:17:29:34 +0100] "GET /gui/javascript/form_form.js?1513355374 HTTP/1.1" 200 16206 "http://ed.activities.at/entry.php?id=10271&&ser=355314" "Mozilla/5.0 (Windows NT 6.1; Win64; x64) AppleWebKit/537.36 (KHTML, like Gecko) Chrome/63.0.3239.84 Safari/537.36"
212.108.43.59 - - [15/Dec/2017:17:30:10 +0100] "GET /entry.php?id=10271&&ser=355350 HTTP/1.1" 200 987 "http://ed.activities.at/entry.php?id=10271&&ser=355289" "Mozilla/5.0 (Windows NT 10.0; Win64; x64) AppleWebKit/537.36 (KHTML, like Gecko) Chrome/63.0.3239.84 Safari/537.36"
212.108.43.59 - - [15/Dec/2017:17:30:11 +0100] "GET /gui/javascript/form_form.js?1513355411 HTTP/1.1" 200 16206 "http://ed.activities.at/entry.php?id=10271&&ser=355350" "Mozilla/5.0 (Windows NT 10.0; Win64; x64) AppleWebKit/537.36 (KHTML, like Gecko) Chrome/63.0.3239.84 Safari/537.36"
213.47.157.214 - - [15/Dec/2017:17:30:10 +0100] "POST /entry.php?id=11671 HTTP/1.1" 200 4943 "http://ed.activities.at/entry.php?id=11671" "Mozilla/5.0 (Windows NT 6.1; Win64; x64) AppleWebKit/537.36 (KHTML, like Gecko) Chrome/63.0.3239.84 Safari/537.36"
213.47.157.214 - - [15/Dec/2017:17:30:11 +0100] "GET /gui/javascript/form_form.js?1513355411 HTTP/1.1" 200 16206 "http://ed.activities.at/entry.php?id=11671" "Mozilla/5.0 (Windows NT 6.1; Win64; x64) AppleWebKit/537.36 (KHTML, like Gecko) Chrome/63.0.3239.84 Safari/537.36"
213.47.157.214 - - [15/Dec/2017:17:30:12 +0100] "GET /entry.php?id=10778&form=11496&name=list& HTTP/1.1" 200 5490 "http://ed.activities.at/entry.php?id=11671" "Mozilla/5.0 (Windows NT 6.1; Win64; x64) AppleWebKit/537.36 (KHTML, like Gecko) Chrome/63.0.3239.84 Safari/537.36"
213.47.157.214 - - [15/Dec/2017:17:30:12 +0100] "GET /entry.php?id=10776&form=11496&name=list& HTTP/1.1" 200 1519 "http://ed.activities.at/entry.php?id=11671" "Mozilla/5.0 (Windows NT 6.1; Win64; x64) AppleWebKit/537.36 (KHTML, like Gecko) Chrome/63.0.3239.84 Safari/537.36"
213.47.157.214 - - [15/Dec/2017:17:30:12 +0100] "POST /entry.php?id=11671 HTTP/1.1" 200 3155 "http://ed.activities.at/entry.php?id=11671" "Mozilla/5.0 (Windows NT 6.1; Win64; x64) AppleWebKit/537.36 (KHTML, like Gecko) Chrome/63.0.3239.84 Safari/537.36"
213.47.157.214 - - [15/Dec/2017:17:30:13 +0100] "GET /gui/javascript/form_form.js?1513355413 HTTP/1.1" 200 16206 "http://ed.activities.at/entry.php?id=11671" "Mozilla/5.0 (Windows NT 6.1; Win64; x64) AppleWebKit/537.36 (KHTML, like Gecko) Chrome/63.0.3239.84 Safari/537.36"
213.47.157.214 - - [15/Dec/2017:17:30:14 +0100] "GET /framework/webfx/javascript/tinymce/skins/lightgray/content.min.css HTTP/1.1" 404 325 "http://ed.activities.at/entry.php?id=11671" "Mozilla/5.0 (Windows NT 6.1; Win64; x64) AppleWebKit/537.36 (KHTML, like Gecko) Chrome/63.0.3239.84 Safari/537.36"
213.47.157.214 - - [15/Dec/2017:17:30:19 +0100] "POST /entry.php?id=11671 HTTP/1.1" 200 3400 "http://ed.activities.at/entry.php?id=11671" "Mozilla/5.0 (Windows NT 6.1; Win64; x64) AppleWebKit/537.36 (KHTML, like Gecko) Chrome/63.0.3239.84 Safari/537.36"
213.47.157.214 - - [15/Dec/2017:17:30:20 +0100] "GET /gui/javascript/form_form.js?1513355420 HTTP/1.1" 200 16206 "http://ed.activities.at/entry.php?id=11671" "Mozilla/5.0 (Windows NT 6.1; Win64; x64) AppleWebKit/537.36 (KHTML, like Gecko) Chrome/63.0.3239.84 Safari/537.36"
213.47.157.214 - - [15/Dec/2017:17:30:21 +0100] "GET /framework/webfx/javascript/tinymce/skins/lightgray/content.min.css HTTP/1.1" 404 325 "http://ed.activities.at/entry.php?id=11671" "Mozilla/5.0 (Windows NT 6.1; Win64; x64) AppleWebKit/537.36 (KHTML, like Gecko) Chrome/63.0.3239.84 Safari/537.36"
213.47.157.214 - - [15/Dec/2017:17:30:24 +0100] "POST /entry.php?id=11671 HTTP/1.1" 200 4776 "http://ed.activities.at/entry.php?id=11671" "Mozilla/5.0 (Windows NT 6.1; Win64; x64) AppleWebKit/537.36 (KHTML, like Gecko) Chrome/63.0.3239.84 Safari/537.36"
213.47.157.214 - - [15/Dec/2017:17:30:25 +0100] "GET /gui/javascript/form_form.js?1513355424 HTTP/1.1" 200 16206 "http://ed.activities.at/entry.php?id=11671" "Mozilla/5.0 (Windows NT 6.1; Win64; x64) AppleWebKit/537.36 (KHTML, like Gecko) Chrome/63.0.3239.84 Safari/537.36"
213.47.157.214 - - [15/Dec/2017:17:30:25 +0100] "GET /entry.php?id=10778&form=11496&name=list& HTTP/1.1" 200 5490 "http://ed.activities.at/entry.php?id=11671" "Mozilla/5.0 (Windows NT 6.1; Win64; x64) AppleWebKit/537.36 (KHTML, like Gecko) Chrome/63.0.3239.84 Safari/537.36"
213.47.157.214 - - [15/Dec/2017:17:30:25 +0100] "GET /entry.php?id=10776&form=11496&name=list& HTTP/1.1" 200 1519 "http://ed.activities.at/entry.php?id=11671" "Mozilla/5.0 (Windows NT 6.1; Win64; x64) AppleWebKit/537.36 (KHTML, like Gecko) Chrome/63.0.3239.84 Safari/537.36"
212.108.43.59 - - [15/Dec/2017:17:30:30 +0100] "GET /entry.php?id=10271&&ser=355370 HTTP/1.1" 200 987 "http://ed.activities.at/entry.php?id=10271&&ser=355309" "Mozilla/5.0 (Windows NT 10.0; Win64; x64) AppleWebKit/537.36 (KHTML, like Gecko) Chrome/63.0.3239.84 Safari/537.36"
212.108.43.59 - - [15/Dec/2017:17:30:31 +0100] "GET /gui/javascript/form_form.js?1513355431 HTTP/1.1" 200 16206 "http://ed.activities.at/entry.php?id=10271&&ser=355370" "Mozilla/5.0 (Windows NT 10.0; Win64; x64) AppleWebKit/537.36 (KHTML, like Gecko) Chrome/63.0.3239.84 Safari/537.36"
213.47.157.214 - - [15/Dec/2017:17:30:30 +0100] "POST /entry.php?id=11671 HTTP/1.1" 200 4596 "http://ed.activities.at/entry.php?id=11671" "Mozilla/5.0 (Windows NT 6.1; Win64; x64) AppleWebKit/537.36 (KHTML, like Gecko) Chrome/63.0.3239.84 Safari/537.36"
213.47.157.214 - - [15/Dec/2017:17:30:31 +0100] "GET /gui/javascript/form_form.js?1513355431 HTTP/1.1" 200 16206 "http://ed.activities.at/entry.php?id=11671" "Mozilla/5.0 (Windows NT 6.1; Win64; x64) AppleWebKit/537.36 (KHTML, like Gecko) Chrome/63.0.3239.84 Safari/537.36"
213.47.157.214 - - [15/Dec/2017:17:30:31 +0100] "GET /entry.php?id=10776&form=11496&name=list& HTTP/1.1" 200 1519 "http://ed.activities.at/entry.php?id=11671" "Mozilla/5.0 (Windows NT 6.1; Win64; x64) AppleWebKit/537.36 (KHTML, like Gecko) Chrome/63.0.3239.84 Safari/537.36"
213.47.157.214 - - [15/Dec/2017:17:30:31 +0100] "GET /entry.php?id=10778&form=11496&name=list& HTTP/1.1" 200 5341 "http://ed.activities.at/entry.php?id=11671" "Mozilla/5.0 (Windows NT 6.1; Win64; x64) AppleWebKit/537.36 (KHTML, like Gecko) Chrome/63.0.3239.84 Safari/537.36"
213.47.157.214 - - [15/Dec/2017:17:30:35 +0100] "GET /entry.php?id=10271&&ser=355374 HTTP/1.1" 200 988 "http://ed.activities.at/entry.php?id=10271&&ser=355314" "Mozilla/5.0 (Windows NT 6.1; Win64; x64) AppleWebKit/537.36 (KHTML, like Gecko) Chrome/63.0.3239.84 Safari/537.36"
213.47.157.214 - - [15/Dec/2017:17:30:35 +0100] "GET /gui/javascript/form_form.js?1513355435 HTTP/1.1" 200 16206 "http://ed.activities.at/entry.php?id=10271&&ser=355374" "Mozilla/5.0 (Windows NT 6.1; Win64; x64) AppleWebKit/537.36 (KHTML, like Gecko) Chrome/63.0.3239.84 Safari/537.36"
212.108.43.59 - - [15/Dec/2017:17:31:11 +0100] "GET /entry.php?id=10271&&ser=355411 HTTP/1.1" 200 988 "http://ed.activities.at/entry.php?id=10271&&ser=355350" "Mozilla/5.0 (Windows NT 10.0; Win64; x64) AppleWebKit/537.36 (KHTML, like Gecko) Chrome/63.0.3239.84 Safari/537.36"
212.108.43.59 - - [15/Dec/2017:17:31:12 +0100] "GET /gui/javascript/form_form.js?1513355472 HTTP/1.1" 200 16206 "http://ed.activities.at/entry.php?id=10271&&ser=355411" "Mozilla/5.0 (Windows NT 10.0; Win64; x64) AppleWebKit/537.36 (KHTML, like Gecko) Chrome/63.0.3239.84 Safari/537.36"
213.47.157.214 - - [15/Dec/2017:17:31:26 +0100] "POST /entry.php?id=11671 HTTP/1.1" 200 4942 "http://ed.activities.at/entry.php?id=11671" "Mozilla/5.0 (Windows NT 6.1; Win64; x64) AppleWebKit/537.36 (KHTML, like Gecko) Chrome/63.0.3239.84 Safari/537.36"
213.47.157.214 - - [15/Dec/2017:17:31:27 +0100] "GET /gui/javascript/form_form.js?1513355487 HTTP/1.1" 200 16206 "http://ed.activities.at/entry.php?id=11671" "Mozilla/5.0 (Windows NT 6.1; Win64; x64) AppleWebKit/537.36 (KHTML, like Gecko) Chrome/63.0.3239.84 Safari/537.36"
213.47.157.214 - - [15/Dec/2017:17:31:28 +0100] "GET /entry.php?id=10776&form=11496&name=list& HTTP/1.1" 200 1519 "http://ed.activities.at/entry.php?id=11671" "Mozilla/5.0 (Windows NT 6.1; Win64; x64) AppleWebKit/537.36 (KHTML, like Gecko) Chrome/63.0.3239.84 Safari/537.36"
213.47.157.214 - - [15/Dec/2017:17:31:28 +0100] "GET /entry.php?id=10778&form=11496&name=list& HTTP/1.1" 200 5490 "http://ed.activities.at/entry.php?id=11671" "Mozilla/5.0 (Windows NT 6.1; Win64; x64) AppleWebKit/537.36 (KHTML, like Gecko) Chrome/63.0.3239.84 Safari/537.36"
213.47.157.214 - - [15/Dec/2017:17:31:29 +0100] "POST /entry.php?id=11671 HTTP/1.1" 200 3154 "http://ed.activities.at/entry.php?id=11671" "Mozilla/5.0 (Windows NT 6.1; Win64; x64) AppleWebKit/537.36 (KHTML, like Gecko) Chrome/63.0.3239.84 Safari/537.36"
213.47.157.214 - - [15/Dec/2017:17:31:30 +0100] "GET /gui/javascript/form_form.js?1513355490 HTTP/1.1" 200 16206 "http://ed.activities.at/entry.php?id=11671" "Mozilla/5.0 (Windows NT 6.1; Win64; x64) AppleWebKit/537.36 (KHTML, like Gecko) Chrome/63.0.3239.84 Safari/537.36"
213.47.157.214 - - [15/Dec/2017:17:31:31 +0100] "GET /framework/webfx/javascript/tinymce/skins/lightgray/content.min.css HTTP/1.1" 404 325 "http://ed.activities.at/entry.php?id=11671" "Mozilla/5.0 (Windows NT 6.1; Win64; x64) AppleWebKit/537.36 (KHTML, like Gecko) Chrome/63.0.3239.84 Safari/537.36"
212.108.43.59 - - [15/Dec/2017:17:31:31 +0100] "GET /entry.php?id=10271&&ser=355431 HTTP/1.1" 200 988 "http://ed.activities.at/entry.php?id=10271&&ser=355370" "Mozilla/5.0 (Windows NT 10.0; Win64; x64) AppleWebKit/537.36 (KHTML, like Gecko) Chrome/63.0.3239.84 Safari/537.36"
212.108.43.59 - - [15/Dec/2017:17:31:32 +0100] "GET /gui/javascript/form_form.js?1513355492 HTTP/1.1" 200 16206 "http://ed.activities.at/entry.php?id=10271&&ser=355431" "Mozilla/5.0 (Windows NT 10.0; Win64; x64) AppleWebKit/537.36 (KHTML, like Gecko) Chrome/63.0.3239.84 Safari/537.36"
213.47.157.214 - - [15/Dec/2017:17:31:35 +0100] "GET /entry.php?id=10271&&ser=355435 HTTP/1.1" 200 988 "http://ed.activities.at/entry.php?id=10271&&ser=355374" "Mozilla/5.0 (Windows NT 6.1; Win64; x64) AppleWebKit/537.36 (KHTML, like Gecko) Chrome/63.0.3239.84 Safari/537.36"
213.47.157.214 - - [15/Dec/2017:17:31:36 +0100] "GET /gui/javascript/form_form.js?1513355496 HTTP/1.1" 200 16206 "http://ed.activities.at/entry.php?id=10271&&ser=355435" "Mozilla/5.0 (Windows NT 6.1; Win64; x64) AppleWebKit/537.36 (KHTML, like Gecko) Chrome/63.0.3239.84 Safari/537.36"
213.47.157.214 - - [15/Dec/2017:17:31:36 +0100] "POST /entry.php?id=11671 HTTP/1.1" 200 3397 "http://ed.activities.at/entry.php?id=11671" "Mozilla/5.0 (Windows NT 6.1; Win64; x64) AppleWebKit/537.36 (KHTML, like Gecko) Chrome/63.0.3239.84 Safari/537.36"
213.47.157.214 - - [15/Dec/2017:17:31:37 +0100] "GET /gui/javascript/form_form.js?1513355497 HTTP/1.1" 200 16206 "http://ed.activities.at/entry.php?id=11671" "Mozilla/5.0 (Windows NT 6.1; Win64; x64) AppleWebKit/537.36 (KHTML, like Gecko) Chrome/63.0.3239.84 Safari/537.36"
213.47.157.214 - - [15/Dec/2017:17:31:38 +0100] "GET /framework/webfx/javascript/tinymce/skins/lightgray/content.min.css HTTP/1.1" 404 325 "http://ed.activities.at/entry.php?id=11671" "Mozilla/5.0 (Windows NT 6.1; Win64; x64) AppleWebKit/537.36 (KHTML, like Gecko) Chrome/63.0.3239.84 Safari/537.36"
213.47.157.214 - - [15/Dec/2017:17:31:38 +0100] "POST /entry.php?id=11671 HTTP/1.1" 200 4774 "http://ed.activities.at/entry.php?id=11671" "Mozilla/5.0 (Windows NT 6.1; Win64; x64) AppleWebKit/537.36 (KHTML, like Gecko) Chrome/63.0.3239.84 Safari/537.36"
213.47.157.214 - - [15/Dec/2017:17:31:39 +0100] "GET /gui/javascript/form_form.js?1513355499 HTTP/1.1" 200 16206 "http://ed.activities.at/entry.php?id=11671" "Mozilla/5.0 (Windows NT 6.1; Win64; x64) AppleWebKit/537.36 (KHTML, like Gecko) Chrome/63.0.3239.84 Safari/537.36"
213.47.157.214 - - [15/Dec/2017:17:31:40 +0100] "GET /entry.php?id=10776&form=11496&name=list& HTTP/1.1" 200 1519 "http://ed.activities.at/entry.php?id=11671" "Mozilla/5.0 (Windows NT 6.1; Win64; x64) AppleWebKit/537.36 (KHTML, like Gecko) Chrome/63.0.3239.84 Safari/537.36"
213.47.157.214 - - [15/Dec/2017:17:31:40 +0100] "GET /entry.php?id=10778&form=11496&name=list& HTTP/1.1" 200 5490 "http://ed.activities.at/entry.php?id=11671" "Mozilla/5.0 (Windows NT 6.1; Win64; x64) AppleWebKit/537.36 (KHTML, like Gecko) Chrome/63.0.3239.84 Safari/537.36"
213.47.157.214 - - [15/Dec/2017:17:31:48 +0100] "GET /entry.php?id=11673 HTTP/1.1" 200 358 "http://ed.activities.at/entry.php?id=10270&__app__=10006038" "Mozilla/5.0 (Windows NT 6.1; Win64; x64) AppleWebKit/537.36 (KHTML, like Gecko) Chrome/63.0.3239.84 Safari/537.36"
213.47.157.214 - - [15/Dec/2017:17:31:48 +0100] "GET /entry.php?id=10676&&title=F%FChrerscheinkurse HTTP/1.1" 200 1396 "http://ed.activities.at/entry.php?id=11673" "Mozilla/5.0 (Windows NT 6.1; Win64; x64) AppleWebKit/537.36 (KHTML, like Gecko) Chrome/63.0.3239.84 Safari/537.36"
213.47.157.214 - - [15/Dec/2017:17:31:49 +0100] "GET /gui/javascript/form_form.js?1513355509 HTTP/1.1" 200 16206 "http://ed.activities.at/entry.php?id=10676&&title=F%FChrerscheinkurse" "Mozilla/5.0 (Windows NT 6.1; Win64; x64) AppleWebKit/537.36 (KHTML, like Gecko) Chrome/63.0.3239.84 Safari/537.36"
213.47.157.214 - - [15/Dec/2017:17:31:48 +0100] "GET /entry.php?id=11672& HTTP/1.1" 200 2692 "http://ed.activities.at/entry.php?id=11673" "Mozilla/5.0 (Windows NT 6.1; Win64; x64) AppleWebKit/537.36 (KHTML, like Gecko) Chrome/63.0.3239.84 Safari/537.36"
213.47.157.214 - - [15/Dec/2017:17:31:48 +0100] "GET /entry.php?id=11671& HTTP/1.1" 200 4541 "http://ed.activities.at/entry.php?id=11673" "Mozilla/5.0 (Windows NT 6.1; Win64; x64) AppleWebKit/537.36 (KHTML, like Gecko) Chrome/63.0.3239.84 Safari/537.36"
213.47.157.214 - - [15/Dec/2017:17:31:50 +0100] "GET /gui/javascript/form_form.js?1513355510 HTTP/1.1" 200 16206 "http://ed.activities.at/entry.php?id=11671&" "Mozilla/5.0 (Windows NT 6.1; Win64; x64) AppleWebKit/537.36 (KHTML, like Gecko) Chrome/63.0.3239.84 Safari/537.36"
213.47.157.214 - - [15/Dec/2017:17:31:48 +0100] "GET /entry.php?id=11694& HTTP/1.1" 200 3025 "http://ed.activities.at/entry.php?id=11673" "Mozilla/5.0 (Windows NT 6.1; Win64; x64) AppleWebKit/537.36 (KHTML, like Gecko) Chrome/63.0.3239.84 Safari/537.36"
213.47.157.214 - - [15/Dec/2017:17:31:50 +0100] "GET /activities/framework/KoolControls/KoolAjax/koolajax.php?8436e354c842500aba3cbaf0584c0c24 HTTP/1.1" 200 4079 "http://ed.activities.at/entry.php?id=11694&" "Mozilla/5.0 (Windows NT 6.1; Win64; x64) AppleWebKit/537.36 (KHTML, like Gecko) Chrome/63.0.3239.84 Safari/537.36"
213.47.157.214 - - [15/Dec/2017:17:31:51 +0100] "GET /activities/framework/KoolControls/KoolTreeView/kooltreeview.php?c7cd9180e88ffef8e70f13526bb4f5f7 HTTP/1.1" 200 5055 "http://ed.activities.at/entry.php?id=11694&" "Mozilla/5.0 (Windows NT 6.1; Win64; x64) AppleWebKit/537.36 (KHTML, like Gecko) Chrome/63.0.3239.84 Safari/537.36"
213.47.157.214 - - [15/Dec/2017:17:31:49 +0100] "GET /entry.php?id=10776&form=11497&name=list& HTTP/1.1" 200 1942 "http://ed.activities.at/entry.php?id=11672&" "Mozilla/5.0 (Windows NT 6.1; Win64; x64) AppleWebKit/537.36 (KHTML, like Gecko) Chrome/63.0.3239.84 Safari/537.36"
213.47.157.214 - - [15/Dec/2017:17:31:49 +0100] "GET /entry.php?id=10778&form=11497&name=list& HTTP/1.1" 200 6945 "http://ed.activities.at/entry.php?id=11672&" "Mozilla/5.0 (Windows NT 6.1; Win64; x64) AppleWebKit/537.36 (KHTML, like Gecko) Chrome/63.0.3239.84 Safari/537.36"
213.47.157.214 - - [15/Dec/2017:17:31:50 +0100] "GET /entry.php?id=10778&form=11496&name=list& HTTP/1.1" 200 2493 "http://ed.activities.at/entry.php?id=11671&" "Mozilla/5.0 (Windows NT 6.1; Win64; x64) AppleWebKit/537.36 (KHTML, like Gecko) Chrome/63.0.3239.84 Safari/537.36"
213.47.157.214 - - [15/Dec/2017:17:31:50 +0100] "GET /entry.php?id=10776&form=11496&name=list& HTTP/1.1" 200 1526 "http://ed.activities.at/entry.php?id=11671&" "Mozilla/5.0 (Windows NT 6.1; Win64; x64) AppleWebKit/537.36 (KHTML, like Gecko) Chrome/63.0.3239.84 Safari/537.36"
213.47.157.214 - - [15/Dec/2017:17:31:56 +0100] "GET /entry.php?id=10287&login=1 HTTP/1.1" 200 3019 "http://ed.activities.at/entry.php?id=10273&" "Mozilla/5.0 (Windows NT 6.1; Win64; x64) AppleWebKit/537.36 (KHTML, like Gecko) Chrome/63.0.3239.84 Safari/537.36"
213.47.157.214 - - [15/Dec/2017:17:31:57 +0100] "GET /gui/javascript/form_form.js?1513355516 HTTP/1.1" 200 16206 "http://ed.activities.at/entry.php?id=10287&login=1" "Mozilla/5.0 (Windows NT 6.1; Win64; x64) AppleWebKit/537.36 (KHTML, like Gecko) Chrome/63.0.3239.84 Safari/537.36"
213.47.157.214 - - [15/Dec/2017:17:32:04 +0100] "POST /entry.php?id=10287& HTTP/1.1" 200 3068 "http://ed.activities.at/entry.php?id=10287&login=1" "Mozilla/5.0 (Windows NT 6.1; Win64; x64) AppleWebKit/537.36 (KHTML, like Gecko) Chrome/63.0.3239.84 Safari/537.36"
213.47.157.214 - - [15/Dec/2017:17:32:04 +0100] "GET /gui/javascript/form_form.js?1513355524 HTTP/1.1" 200 16206 "http://ed.activities.at/entry.php?id=10287&" "Mozilla/5.0 (Windows NT 6.1; Win64; x64) AppleWebKit/537.36 (KHTML, like Gecko) Chrome/63.0.3239.84 Safari/537.36"
213.47.157.214 - - [15/Dec/2017:17:32:05 +0100] "GET /entry.php?id=10271&&ser=355435 HTTP/1.1" 200 988 "http://ed.activities.at/entry.php?id=10271&&ser=355435" "Mozilla/5.0 (Windows NT 6.1; Win64; x64) AppleWebKit/537.36 (KHTML, like Gecko) Chrome/63.0.3239.84 Safari/537.36"
213.47.157.214 - - [15/Dec/2017:17:32:05 +0100] "GET /gui/javascript/form_form.js?1513355525 HTTP/1.1" 200 16206 "http://ed.activities.at/entry.php?id=10271&&ser=355435" "Mozilla/5.0 (Windows NT 6.1; Win64; x64) AppleWebKit/537.36 (KHTML, like Gecko) Chrome/63.0.3239.84 Safari/537.36"
213.47.157.214 - - [15/Dec/2017:17:32:06 +0100] "GET /entry.php?id=11673 HTTP/1.1" 200 358 "http://ed.activities.at/entry.php?id=10270&__app__=10006038" "Mozilla/5.0 (Windows NT 6.1; Win64; x64) AppleWebKit/537.36 (KHTML, like Gecko) Chrome/63.0.3239.84 Safari/537.36"
213.47.157.214 - - [15/Dec/2017:17:32:06 +0100] "GET /entry.php?id=11694& HTTP/1.1" 200 3586 "http://ed.activities.at/entry.php?id=11673" "Mozilla/5.0 (Windows NT 6.1; Win64; x64) AppleWebKit/537.36 (KHTML, like Gecko) Chrome/63.0.3239.84 Safari/537.36"
213.47.157.214 - - [15/Dec/2017:17:32:07 +0100] "GET /activities/framework/KoolControls/KoolAjax/koolajax.php?8436e354c842500aba3cbaf0584c0c24 HTTP/1.1" 200 4079 "http://ed.activities.at/entry.php?id=11694&" "Mozilla/5.0 (Windows NT 6.1; Win64; x64) AppleWebKit/537.36 (KHTML, like Gecko) Chrome/63.0.3239.84 Safari/537.36"
213.47.157.214 - - [15/Dec/2017:17:32:07 +0100] "GET /gui/javascript/form_form.js?1513355527 HTTP/1.1" 200 16206 "http://ed.activities.at/entry.php?id=11694&" "Mozilla/5.0 (Windows NT 6.1; Win64; x64) AppleWebKit/537.36 (KHTML, like Gecko) Chrome/63.0.3239.84 Safari/537.36"
213.47.157.214 - - [15/Dec/2017:17:32:07 +0100] "GET /activities/framework/KoolControls/KoolTreeView/kooltreeview.php?c7cd9180e88ffef8e70f13526bb4f5f7 HTTP/1.1" 200 5055 "http://ed.activities.at/entry.php?id=11694&" "Mozilla/5.0 (Windows NT 6.1; Win64; x64) AppleWebKit/537.36 (KHTML, like Gecko) Chrome/63.0.3239.84 Safari/537.36"
213.47.157.214 - - [15/Dec/2017:17:32:06 +0100] "GET /entry.php?id=11672& HTTP/1.1" 200 2692 "http://ed.activities.at/entry.php?id=11673" "Mozilla/5.0 (Windows NT 6.1; Win64; x64) AppleWebKit/537.36 (KHTML, like Gecko) Chrome/63.0.3239.84 Safari/537.36"
213.47.157.214 - - [15/Dec/2017:17:32:08 +0100] "GET /gui/javascript/form_form.js?1513355528 HTTP/1.1" 200 16206 "http://ed.activities.at/entry.php?id=11672&" "Mozilla/5.0 (Windows NT 6.1; Win64; x64) AppleWebKit/537.36 (KHTML, like Gecko) Chrome/63.0.3239.84 Safari/537.36"
213.47.157.214 - - [15/Dec/2017:17:32:06 +0100] "GET /entry.php?id=11671& HTTP/1.1" 200 4539 "http://ed.activities.at/entry.php?id=11673" "Mozilla/5.0 (Windows NT 6.1; Win64; x64) AppleWebKit/537.36 (KHTML, like Gecko) Chrome/63.0.3239.84 Safari/537.36"
213.47.157.214 - - [15/Dec/2017:17:32:06 +0100] "GET /entry.php?id=10676&&title=F%FChrerscheinkurse HTTP/1.1" 200 1396 "http://ed.activities.at/entry.php?id=11673" "Mozilla/5.0 (Windows NT 6.1; Win64; x64) AppleWebKit/537.36 (KHTML, like Gecko) Chrome/63.0.3239.84 Safari/537.36"
213.47.157.214 - - [15/Dec/2017:17:32:09 +0100] "GET /gui/javascript/form_form.js?1513355529 HTTP/1.1" 200 16206 "http://ed.activities.at/entry.php?id=11671&" "Mozilla/5.0 (Windows NT 6.1; Win64; x64) AppleWebKit/537.36 (KHTML, like Gecko) Chrome/63.0.3239.84 Safari/537.36"
213.47.157.214 - - [15/Dec/2017:17:32:08 +0100] "GET /entry.php?id=10776&form=11497&name=list& HTTP/1.1" 200 1942 "http://ed.activities.at/entry.php?id=11672&" "Mozilla/5.0 (Windows NT 6.1; Win64; x64) AppleWebKit/537.36 (KHTML, like Gecko) Chrome/63.0.3239.84 Safari/537.36"
213.47.157.214 - - [15/Dec/2017:17:32:08 +0100] "GET /entry.php?id=10778&form=11497&name=list& HTTP/1.1" 200 15943 "http://ed.activities.at/entry.php?id=11672&" "Mozilla/5.0 (Windows NT 6.1; Win64; x64) AppleWebKit/537.36 (KHTML, like Gecko) Chrome/63.0.3239.84 Safari/537.36"
213.47.157.214 - - [15/Dec/2017:17:32:10 +0100] "GET /entry.php?id=10776&form=11496&name=list& HTTP/1.1" 200 1526 "http://ed.activities.at/entry.php?id=11671&" "Mozilla/5.0 (Windows NT 6.1; Win64; x64) AppleWebKit/537.36 (KHTML, like Gecko) Chrome/63.0.3239.84 Safari/537.36"
213.47.157.214 - - [15/Dec/2017:17:32:10 +0100] "GET /entry.php?id=10778&form=11496&name=list& HTTP/1.1" 200 2493 "http://ed.activities.at/entry.php?id=11671&" "Mozilla/5.0 (Windows NT 6.1; Win64; x64) AppleWebKit/537.36 (KHTML, like Gecko) Chrome/63.0.3239.84 Safari/537.36"
212.108.43.59 - - [15/Dec/2017:17:32:12 +0100] "GET /entry.php?id=10271&&ser=355472 HTTP/1.1" 200 988 "http://ed.activities.at/entry.php?id=10271&&ser=355411" "Mozilla/5.0 (Windows NT 10.0; Win64; x64) AppleWebKit/537.36 (KHTML, like Gecko) Chrome/63.0.3239.84 Safari/537.36"
212.108.43.59 - - [15/Dec/2017:17:32:13 +0100] "GET /gui/javascript/form_form.js?1513355533 HTTP/1.1" 200 16206 "http://ed.activities.at/entry.php?id=10271&&ser=355472" "Mozilla/5.0 (Windows NT 10.0; Win64; x64) AppleWebKit/537.36 (KHTML, like Gecko) Chrome/63.0.3239.84 Safari/537.36"
213.47.157.214 - - [15/Dec/2017:17:32:15 +0100] "POST /entry.php?id=11672 HTTP/1.1" 200 2701 "http://ed.activities.at/entry.php?id=11672&" "Mozilla/5.0 (Windows NT 6.1; Win64; x64) AppleWebKit/537.36 (KHTML, like Gecko) Chrome/63.0.3239.84 Safari/537.36"
213.47.157.214 - - [15/Dec/2017:17:32:16 +0100] "GET /gui/javascript/form_form.js?1513355536 HTTP/1.1" 200 16206 "http://ed.activities.at/entry.php?id=11672" "Mozilla/5.0 (Windows NT 6.1; Win64; x64) AppleWebKit/537.36 (KHTML, like Gecko) Chrome/63.0.3239.84 Safari/537.36"
213.47.157.214 - - [15/Dec/2017:17:32:16 +0100] "GET /entry.php?id=10776&form=11497&name=list& HTTP/1.1" 200 1941 "http://ed.activities.at/entry.php?id=11672" "Mozilla/5.0 (Windows NT 6.1; Win64; x64) AppleWebKit/537.36 (KHTML, like Gecko) Chrome/63.0.3239.84 Safari/537.36"
213.47.157.214 - - [15/Dec/2017:17:32:16 +0100] "GET /entry.php?id=10778&form=11497&name=list& HTTP/1.1" 200 3503 "http://ed.activities.at/entry.php?id=11672" "Mozilla/5.0 (Windows NT 6.1; Win64; x64) AppleWebKit/537.36 (KHTML, like Gecko) Chrome/63.0.3239.84 Safari/537.36"
212.108.43.59 - - [15/Dec/2017:17:32:32 +0100] "GET /entry.php?id=10271&&ser=355492 HTTP/1.1" 200 986 "http://ed.activities.at/entry.php?id=10271&&ser=355431" "Mozilla/5.0 (Windows NT 10.0; Win64; x64) AppleWebKit/537.36 (KHTML, like Gecko) Chrome/63.0.3239.84 Safari/537.36"
212.108.43.59 - - [15/Dec/2017:17:32:33 +0100] "GET /gui/javascript/form_form.js?1513355553 HTTP/1.1" 200 16206 "http://ed.activities.at/entry.php?id=10271&&ser=355492" "Mozilla/5.0 (Windows NT 10.0; Win64; x64) AppleWebKit/537.36 (KHTML, like Gecko) Chrome/63.0.3239.84 Safari/537.36"
213.47.157.214 - - [15/Dec/2017:17:32:39 +0100] "GET /entry.php?id=10287&login=1 HTTP/1.1" 200 2995 "http://ed.activities.at/entry.php?id=10273&" "Mozilla/5.0 (Windows NT 6.1; Win64; x64) AppleWebKit/537.36 (KHTML, like Gecko) Chrome/63.0.3239.84 Safari/537.36"
213.47.157.214 - - [15/Dec/2017:17:32:39 +0100] "GET /gui/javascript/form_form.js?1513355559 HTTP/1.1" 200 16206 "http://ed.activities.at/entry.php?id=10287&login=1" "Mozilla/5.0 (Windows NT 6.1; Win64; x64) AppleWebKit/537.36 (KHTML, like Gecko) Chrome/63.0.3239.84 Safari/537.36"
213.47.157.214 - - [15/Dec/2017:17:32:45 +0100] "POST /entry.php?id=10287& HTTP/1.1" 200 3095 "http://ed.activities.at/entry.php?id=10287&login=1" "Mozilla/5.0 (Windows NT 6.1; Win64; x64) AppleWebKit/537.36 (KHTML, like Gecko) Chrome/63.0.3239.84 Safari/537.36"
213.47.157.214 - - [15/Dec/2017:17:32:46 +0100] "GET /gui/javascript/form_form.js?1513355566 HTTP/1.1" 200 16206 "http://ed.activities.at/entry.php?id=10287&" "Mozilla/5.0 (Windows NT 6.1; Win64; x64) AppleWebKit/537.36 (KHTML, like Gecko) Chrome/63.0.3239.84 Safari/537.36"
213.47.157.214 - - [15/Dec/2017:17:32:46 +0100] "GET /entry.php?id=10271&&ser=355435 HTTP/1.1" 200 988 "http://ed.activities.at/entry.php?id=10271&&ser=355435" "Mozilla/5.0 (Windows NT 6.1; Win64; x64) AppleWebKit/537.36 (KHTML, like Gecko) Chrome/63.0.3239.84 Safari/537.36"
213.47.157.214 - - [15/Dec/2017:17:32:48 +0100] "GET /entry.php?id=11673 HTTP/1.1" 200 358 "http://ed.activities.at/entry.php?id=10270&__app__=10006038" "Mozilla/5.0 (Windows NT 6.1; Win64; x64) AppleWebKit/537.36 (KHTML, like Gecko) Chrome/63.0.3239.84 Safari/537.36"
213.47.157.214 - - [15/Dec/2017:17:32:48 +0100] "GET /entry.php?id=11694& HTTP/1.1" 200 3025 "http://ed.activities.at/entry.php?id=11673" "Mozilla/5.0 (Windows NT 6.1; Win64; x64) AppleWebKit/537.36 (KHTML, like Gecko) Chrome/63.0.3239.84 Safari/537.36"
213.47.157.214 - - [15/Dec/2017:17:32:49 +0100] "GET /activities/framework/KoolControls/KoolAjax/koolajax.php?8436e354c842500aba3cbaf0584c0c24 HTTP/1.1" 200 4079 "http://ed.activities.at/entry.php?id=11694&" "Mozilla/5.0 (Windows NT 6.1; Win64; x64) AppleWebKit/537.36 (KHTML, like Gecko) Chrome/63.0.3239.84 Safari/537.36"
213.47.157.214 - - [15/Dec/2017:17:32:48 +0100] "GET /entry.php?id=10676&&title=F%FChrerscheinkurse HTTP/1.1" 200 1395 "http://ed.activities.at/entry.php?id=11673" "Mozilla/5.0 (Windows NT 6.1; Win64; x64) AppleWebKit/537.36 (KHTML, like Gecko) Chrome/63.0.3239.84 Safari/537.36"
213.47.157.214 - - [15/Dec/2017:17:32:49 +0100] "GET /gui/javascript/form_form.js?1513355569 HTTP/1.1" 200 16206 "http://ed.activities.at/entry.php?id=11694&" "Mozilla/5.0 (Windows NT 6.1; Win64; x64) AppleWebKit/537.36 (KHTML, like Gecko) Chrome/63.0.3239.84 Safari/537.36"
213.47.157.214 - - [15/Dec/2017:17:32:49 +0100] "GET /activities/framework/KoolControls/KoolTreeView/kooltreeview.php?c7cd9180e88ffef8e70f13526bb4f5f7 HTTP/1.1" 200 5055 "http://ed.activities.at/entry.php?id=11694&" "Mozilla/5.0 (Windows NT 6.1; Win64; x64) AppleWebKit/537.36 (KHTML, like Gecko) Chrome/63.0.3239.84 Safari/537.36"
213.47.157.214 - - [15/Dec/2017:17:32:48 +0100] "GET /entry.php?id=11672& HTTP/1.1" 200 2692 "http://ed.activities.at/entry.php?id=11673" "Mozilla/5.0 (Windows NT 6.1; Win64; x64) AppleWebKit/537.36 (KHTML, like Gecko) Chrome/63.0.3239.84 Safari/537.36"
213.47.157.214 - - [15/Dec/2017:17:32:48 +0100] "GET /entry.php?id=11671& HTTP/1.1" 200 4541 "http://ed.activities.at/entry.php?id=11673" "Mozilla/5.0 (Windows NT 6.1; Win64; x64) AppleWebKit/537.36 (KHTML, like Gecko) Chrome/63.0.3239.84 Safari/537.36"
213.47.157.214 - - [15/Dec/2017:17:32:50 +0100] "GET /gui/javascript/form_form.js?1513355570 HTTP/1.1" 200 16206 "http://ed.activities.at/entry.php?id=11671&" "Mozilla/5.0 (Windows NT 6.1; Win64; x64) AppleWebKit/537.36 (KHTML, like Gecko) Chrome/63.0.3239.84 Safari/537.36"
213.47.157.214 - - [15/Dec/2017:17:32:50 +0100] "GET /entry.php?id=10776&form=11497&name=list& HTTP/1.1" 200 1942 "http://ed.activities.at/entry.php?id=11672&" "Mozilla/5.0 (Windows NT 6.1; Win64; x64) AppleWebKit/537.36 (KHTML, like Gecko) Chrome/63.0.3239.84 Safari/537.36"
213.47.157.214 - - [15/Dec/2017:17:32:50 +0100] "GET /entry.php?id=10778&form=11497&name=list& HTTP/1.1" 200 6945 "http://ed.activities.at/entry.php?id=11672&" "Mozilla/5.0 (Windows NT 6.1; Win64; x64) AppleWebKit/537.36 (KHTML, like Gecko) Chrome/63.0.3239.84 Safari/537.36"
213.47.157.214 - - [15/Dec/2017:17:32:50 +0100] "GET /entry.php?id=10776&form=11496&name=list& HTTP/1.1" 200 1526 "http://ed.activities.at/entry.php?id=11671&" "Mozilla/5.0 (Windows NT 6.1; Win64; x64) AppleWebKit/537.36 (KHTML, like Gecko) Chrome/63.0.3239.84 Safari/537.36"
213.47.157.214 - - [15/Dec/2017:17:32:50 +0100] "GET /entry.php?id=10778&form=11496&name=list& HTTP/1.1" 200 2493 "http://ed.activities.at/entry.php?id=11671&" "Mozilla/5.0 (Windows NT 6.1; Win64; x64) AppleWebKit/537.36 (KHTML, like Gecko) Chrome/63.0.3239.84 Safari/537.36"
212.108.43.59 - - [15/Dec/2017:17:33:13 +0100] "GET /entry.php?id=10271&&ser=355533 HTTP/1.1" 200 988 "http://ed.activities.at/entry.php?id=10271&&ser=355472" "Mozilla/5.0 (Windows NT 10.0; Win64; x64) AppleWebKit/537.36 (KHTML, like Gecko) Chrome/63.0.3239.84 Safari/537.36"
212.108.43.59 - - [15/Dec/2017:17:33:14 +0100] "GET /gui/javascript/form_form.js?1513355594 HTTP/1.1" 200 16206 "http://ed.activities.at/entry.php?id=10271&&ser=355533" "Mozilla/5.0 (Windows NT 10.0; Win64; x64) AppleWebKit/537.36 (KHTML, like Gecko) Chrome/63.0.3239.84 Safari/537.36"
213.47.157.214 - - [15/Dec/2017:17:33:29 +0100] "POST /entry.php?id=11672 HTTP/1.1" 200 2701 "http://ed.activities.at/entry.php?id=11672&" "Mozilla/5.0 (Windows NT 6.1; Win64; x64) AppleWebKit/537.36 (KHTML, like Gecko) Chrome/63.0.3239.84 Safari/537.36"
213.47.157.214 - - [15/Dec/2017:17:33:29 +0100] "GET /gui/javascript/form_form.js?1513355609 HTTP/1.1" 200 16206 "http://ed.activities.at/entry.php?id=11672" "Mozilla/5.0 (Windows NT 6.1; Win64; x64) AppleWebKit/537.36 (KHTML, like Gecko) Chrome/63.0.3239.84 Safari/537.36"
213.47.157.214 - - [15/Dec/2017:17:33:30 +0100] "GET /entry.php?id=10776&form=11497&name=list& HTTP/1.1" 200 1941 "http://ed.activities.at/entry.php?id=11672" "Mozilla/5.0 (Windows NT 6.1; Win64; x64) AppleWebKit/537.36 (KHTML, like Gecko) Chrome/63.0.3239.84 Safari/537.36"
213.47.157.214 - - [15/Dec/2017:17:33:30 +0100] "GET /entry.php?id=10778&form=11497&name=list& HTTP/1.1" 200 3568 "http://ed.activities.at/entry.php?id=11672" "Mozilla/5.0 (Windows NT 6.1; Win64; x64) AppleWebKit/537.36 (KHTML, like Gecko) Chrome/63.0.3239.84 Safari/537.36"
212.108.43.59 - - [15/Dec/2017:17:33:33 +0100] "GET /entry.php?id=10271&&ser=355553 HTTP/1.1" 200 988 "http://ed.activities.at/entry.php?id=10271&&ser=355492" "Mozilla/5.0 (Windows NT 10.0; Win64; x64) AppleWebKit/537.36 (KHTML, like Gecko) Chrome/63.0.3239.84 Safari/537.36"
212.108.43.59 - - [15/Dec/2017:17:33:34 +0100] "GET /gui/javascript/form_form.js?1513355614 HTTP/1.1" 200 16206 "http://ed.activities.at/entry.php?id=10271&&ser=355553" "Mozilla/5.0 (Windows NT 10.0; Win64; x64) AppleWebKit/537.36 (KHTML, like Gecko) Chrome/63.0.3239.84 Safari/537.36"
213.47.157.214 - - [15/Dec/2017:17:33:46 +0100] "GET /entry.php?id=10271&&ser=355566 HTTP/1.1" 200 988 "http://ed.activities.at/entry.php?id=10271&&ser=355435" "Mozilla/5.0 (Windows NT 6.1; Win64; x64) AppleWebKit/537.36 (KHTML, like Gecko) Chrome/63.0.3239.84 Safari/537.36"
213.47.157.214 - - [15/Dec/2017:17:33:47 +0100] "GET /gui/javascript/form_form.js?1513355626 HTTP/1.1" 200 16206 "http://ed.activities.at/entry.php?id=10271&&ser=355566" "Mozilla/5.0 (Windows NT 6.1; Win64; x64) AppleWebKit/537.36 (KHTML, like Gecko) Chrome/63.0.3239.84 Safari/537.36"
212.108.43.59 - - [15/Dec/2017:17:34:14 +0100] "GET /entry.php?id=10271&&ser=355594 HTTP/1.1" 200 988 "http://ed.activities.at/entry.php?id=10271&&ser=355533" "Mozilla/5.0 (Windows NT 10.0; Win64; x64) AppleWebKit/537.36 (KHTML, like Gecko) Chrome/63.0.3239.84 Safari/537.36"
212.108.43.59 - - [15/Dec/2017:17:34:15 +0100] "GET /gui/javascript/form_form.js?1513355655 HTTP/1.1" 200 16206 "http://ed.activities.at/entry.php?id=10271&&ser=355594" "Mozilla/5.0 (Windows NT 10.0; Win64; x64) AppleWebKit/537.36 (KHTML, like Gecko) Chrome/63.0.3239.84 Safari/537.36"
212.108.43.59 - - [15/Dec/2017:17:34:34 +0100] "GET /entry.php?id=10271&&ser=355614 HTTP/1.1" 200 988 "http://ed.activities.at/entry.php?id=10271&&ser=355553" "Mozilla/5.0 (Windows NT 10.0; Win64; x64) AppleWebKit/537.36 (KHTML, like Gecko) Chrome/63.0.3239.84 Safari/537.36"
212.108.43.59 - - [15/Dec/2017:17:34:35 +0100] "GET /gui/javascript/form_form.js?1513355675 HTTP/1.1" 200 16206 "http://ed.activities.at/entry.php?id=10271&&ser=355614" "Mozilla/5.0 (Windows NT 10.0; Win64; x64) AppleWebKit/537.36 (KHTML, like Gecko) Chrome/63.0.3239.84 Safari/537.36"
213.47.157.214 - - [15/Dec/2017:17:34:47 +0100] "GET /entry.php?id=10271&&ser=355626 HTTP/1.1" 200 987 "http://ed.activities.at/entry.php?id=10271&&ser=355566" "Mozilla/5.0 (Windows NT 6.1; Win64; x64) AppleWebKit/537.36 (KHTML, like Gecko) Chrome/63.0.3239.84 Safari/537.36"
213.47.157.214 - - [15/Dec/2017:17:34:47 +0100] "GET /gui/javascript/form_form.js?1513355687 HTTP/1.1" 200 16206 "http://ed.activities.at/entry.php?id=10271&&ser=355626" "Mozilla/5.0 (Windows NT 6.1; Win64; x64) AppleWebKit/537.36 (KHTML, like Gecko) Chrome/63.0.3239.84 Safari/537.36"
213.47.157.214 - - [15/Dec/2017:17:34:47 +0100] "GET /entry.php?id=11670 HTTP/1.1" 200 320 "http://ed.activities.at/entry.php?id=10270&__app__=10006038" "Mozilla/5.0 (Windows NT 6.1; Win64; x64) AppleWebKit/537.36 (KHTML, like Gecko) Chrome/63.0.3239.84 Safari/537.36"
213.47.157.214 - - [15/Dec/2017:17:34:48 +0100] "GET /entry.php?id=10676&&title=Produkte HTTP/1.1" 200 1388 "http://ed.activities.at/entry.php?id=11670" "Mozilla/5.0 (Windows NT 6.1; Win64; x64) AppleWebKit/537.36 (KHTML, like Gecko) Chrome/63.0.3239.84 Safari/537.36"
213.47.157.214 - - [15/Dec/2017:17:34:48 +0100] "GET /gui/javascript/form_form.js?1513355688 HTTP/1.1" 200 16206 "http://ed.activities.at/entry.php?id=10676&&title=Produkte" "Mozilla/5.0 (Windows NT 6.1; Win64; x64) AppleWebKit/537.36 (KHTML, like Gecko) Chrome/63.0.3239.84 Safari/537.36"
213.47.157.214 - - [15/Dec/2017:17:34:48 +0100] "GET /entry.php?id=11669& HTTP/1.1" 200 2282 "http://ed.activities.at/entry.php?id=11670" "Mozilla/5.0 (Windows NT 6.1; Win64; x64) AppleWebKit/537.36 (KHTML, like Gecko) Chrome/63.0.3239.84 Safari/537.36"
213.47.157.214 - - [15/Dec/2017:17:34:49 +0100] "GET /gui/javascript/form_ed_articles.js HTTP/1.1" 200 2191 "http://ed.activities.at/entry.php?id=11669&" "Mozilla/5.0 (Windows NT 6.1; Win64; x64) AppleWebKit/537.36 (KHTML, like Gecko) Chrome/63.0.3239.84 Safari/537.36"
213.47.157.214 - - [15/Dec/2017:17:34:48 +0100] "GET /entry.php?id=11668& HTTP/1.1" 200 3367 "http://ed.activities.at/entry.php?id=11670" "Mozilla/5.0 (Windows NT 6.1; Win64; x64) AppleWebKit/537.36 (KHTML, like Gecko) Chrome/63.0.3239.84 Safari/537.36"
213.47.157.214 - - [15/Dec/2017:17:34:49 +0100] "GET /gui/javascript/form_form.js?1513355689 HTTP/1.1" 200 16206 "http://ed.activities.at/entry.php?id=11668&" "Mozilla/5.0 (Windows NT 6.1; Win64; x64) AppleWebKit/537.36 (KHTML, like Gecko) Chrome/63.0.3239.84 Safari/537.36"
213.47.157.214 - - [15/Dec/2017:17:34:49 +0100] "GET /entry.php?id=10776&form=11494&name=list& HTTP/1.1" 200 1991 "http://ed.activities.at/entry.php?id=11669&" "Mozilla/5.0 (Windows NT 6.1; Win64; x64) AppleWebKit/537.36 (KHTML, like Gecko) Chrome/63.0.3239.84 Safari/537.36"
213.47.157.214 - - [15/Dec/2017:17:34:49 +0100] "GET /entry.php?id=10778&form=11494&name=list& HTTP/1.1" 200 4714 "http://ed.activities.at/entry.php?id=11669&" "Mozilla/5.0 (Windows NT 6.1; Win64; x64) AppleWebKit/537.36 (KHTML, like Gecko) Chrome/63.0.3239.84 Safari/537.36"
213.47.157.214 - - [15/Dec/2017:17:34:49 +0100] "GET /entry.php?id=10778&form=11493&name=list& HTTP/1.1" 200 2487 "http://ed.activities.at/entry.php?id=11668&" "Mozilla/5.0 (Windows NT 6.1; Win64; x64) AppleWebKit/537.36 (KHTML, like Gecko) Chrome/63.0.3239.84 Safari/537.36"
213.47.157.214 - - [15/Dec/2017:17:34:49 +0100] "GET /entry.php?id=10776&form=11493&name=list& HTTP/1.1" 200 1487 "http://ed.activities.at/entry.php?id=11668&" "Mozilla/5.0 (Windows NT 6.1; Win64; x64) AppleWebKit/537.36 (KHTML, like Gecko) Chrome/63.0.3239.84 Safari/537.36"
213.47.157.214 - - [15/Dec/2017:17:35:05 +0100] "GET /entry.php?id=11673 HTTP/1.1" 200 358 "http://ed.activities.at/entry.php?id=10270&__app__=10006038" "Mozilla/5.0 (Windows NT 6.1; Win64; x64) AppleWebKit/537.36 (KHTML, like Gecko) Chrome/63.0.3239.84 Safari/537.36"
213.47.157.214 - - [15/Dec/2017:17:35:06 +0100] "GET /entry.php?id=10676&&title=F%FChrerscheinkurse HTTP/1.1" 200 1396 "http://ed.activities.at/entry.php?id=11673" "Mozilla/5.0 (Windows NT 6.1; Win64; x64) AppleWebKit/537.36 (KHTML, like Gecko) Chrome/63.0.3239.84 Safari/537.36"
213.47.157.214 - - [15/Dec/2017:17:35:06 +0100] "GET /gui/javascript/form_form.js?1513355706 HTTP/1.1" 200 16206 "http://ed.activities.at/entry.php?id=10676&&title=F%FChrerscheinkurse" "Mozilla/5.0 (Windows NT 6.1; Win64; x64) AppleWebKit/537.36 (KHTML, like Gecko) Chrome/63.0.3239.84 Safari/537.36"
213.47.157.214 - - [15/Dec/2017:17:35:06 +0100] "GET /entry.php?id=11694& HTTP/1.1" 200 3025 "http://ed.activities.at/entry.php?id=11673" "Mozilla/5.0 (Windows NT 6.1; Win64; x64) AppleWebKit/537.36 (KHTML, like Gecko) Chrome/63.0.3239.84 Safari/537.36"
213.47.157.214 - - [15/Dec/2017:17:35:06 +0100] "GET /activities/framework/KoolControls/KoolAjax/koolajax.php?8436e354c842500aba3cbaf0584c0c24 HTTP/1.1" 200 4079 "http://ed.activities.at/entry.php?id=11694&" "Mozilla/5.0 (Windows NT 6.1; Win64; x64) AppleWebKit/537.36 (KHTML, like Gecko) Chrome/63.0.3239.84 Safari/537.36"
213.47.157.214 - - [15/Dec/2017:17:35:07 +0100] "GET /activities/framework/KoolControls/KoolTreeView/kooltreeview.php?c7cd9180e88ffef8e70f13526bb4f5f7 HTTP/1.1" 200 5055 "http://ed.activities.at/entry.php?id=11694&" "Mozilla/5.0 (Windows NT 6.1; Win64; x64) AppleWebKit/537.36 (KHTML, like Gecko) Chrome/63.0.3239.84 Safari/537.36"
213.47.157.214 - - [15/Dec/2017:17:35:06 +0100] "GET /entry.php?id=11671& HTTP/1.1" 200 4542 "http://ed.activities.at/entry.php?id=11673" "Mozilla/5.0 (Windows NT 6.1; Win64; x64) AppleWebKit/537.36 (KHTML, like Gecko) Chrome/63.0.3239.84 Safari/537.36"
213.47.157.214 - - [15/Dec/2017:17:35:07 +0100] "GET /gui/javascript/form_form.js?1513355707 HTTP/1.1" 200 16206 "http://ed.activities.at/entry.php?id=11671&" "Mozilla/5.0 (Windows NT 6.1; Win64; x64) AppleWebKit/537.36 (KHTML, like Gecko) Chrome/63.0.3239.84 Safari/537.36"
213.47.157.214 - - [15/Dec/2017:17:35:06 +0100] "GET /entry.php?id=11672& HTTP/1.1" 200 2693 "http://ed.activities.at/entry.php?id=11673" "Mozilla/5.0 (Windows NT 6.1; Win64; x64) AppleWebKit/537.36 (KHTML, like Gecko) Chrome/63.0.3239.84 Safari/537.36"
213.47.157.214 - - [15/Dec/2017:17:35:08 +0100] "GET /entry.php?id=10778&form=11496&name=list& HTTP/1.1" 200 2493 "http://ed.activities.at/entry.php?id=11671&" "Mozilla/5.0 (Windows NT 6.1; Win64; x64) AppleWebKit/537.36 (KHTML, like Gecko) Chrome/63.0.3239.84 Safari/537.36"
213.47.157.214 - - [15/Dec/2017:17:35:08 +0100] "GET /entry.php?id=10776&form=11496&name=list& HTTP/1.1" 200 1526 "http://ed.activities.at/entry.php?id=11671&" "Mozilla/5.0 (Windows NT 6.1; Win64; x64) AppleWebKit/537.36 (KHTML, like Gecko) Chrome/63.0.3239.84 Safari/537.36"
213.47.157.214 - - [15/Dec/2017:17:35:08 +0100] "GET /entry.php?id=10778&form=11497&name=list& HTTP/1.1" 200 6945 "http://ed.activities.at/entry.php?id=11672&" "Mozilla/5.0 (Windows NT 6.1; Win64; x64) AppleWebKit/537.36 (KHTML, like Gecko) Chrome/63.0.3239.84 Safari/537.36"
213.47.157.214 - - [15/Dec/2017:17:35:08 +0100] "GET /entry.php?id=10776&form=11497&name=list& HTTP/1.1" 200 1942 "http://ed.activities.at/entry.php?id=11672&" "Mozilla/5.0 (Windows NT 6.1; Win64; x64) AppleWebKit/537.36 (KHTML, like Gecko) Chrome/63.0.3239.84 Safari/537.36"
212.108.43.59 - - [15/Dec/2017:17:35:15 +0100] "GET /entry.php?id=10271&&ser=355655 HTTP/1.1" 200 988 "http://ed.activities.at/entry.php?id=10271&&ser=355594" "Mozilla/5.0 (Windows NT 10.0; Win64; x64) AppleWebKit/537.36 (KHTML, like Gecko) Chrome/63.0.3239.84 Safari/537.36"
212.108.43.59 - - [15/Dec/2017:17:35:16 +0100] "GET /gui/javascript/form_form.js?1513355716 HTTP/1.1" 200 16206 "http://ed.activities.at/entry.php?id=10271&&ser=355655" "Mozilla/5.0 (Windows NT 10.0; Win64; x64) AppleWebKit/537.36 (KHTML, like Gecko) Chrome/63.0.3239.84 Safari/537.36"
213.47.157.214 - - [15/Dec/2017:17:35:19 +0100] "POST /entry.php?id=11672 HTTP/1.1" 200 2701 "http://ed.activities.at/entry.php?id=11672&" "Mozilla/5.0 (Windows NT 6.1; Win64; x64) AppleWebKit/537.36 (KHTML, like Gecko) Chrome/63.0.3239.84 Safari/537.36"
213.47.157.214 - - [15/Dec/2017:17:35:20 +0100] "GET /gui/javascript/form_form.js?1513355720 HTTP/1.1" 200 16206 "http://ed.activities.at/entry.php?id=11672" "Mozilla/5.0 (Windows NT 6.1; Win64; x64) AppleWebKit/537.36 (KHTML, like Gecko) Chrome/63.0.3239.84 Safari/537.36"
213.47.157.214 - - [15/Dec/2017:17:35:20 +0100] "GET /entry.php?id=10776&form=11497&name=list& HTTP/1.1" 200 1941 "http://ed.activities.at/entry.php?id=11672" "Mozilla/5.0 (Windows NT 6.1; Win64; x64) AppleWebKit/537.36 (KHTML, like Gecko) Chrome/63.0.3239.84 Safari/537.36"
213.47.157.214 - - [15/Dec/2017:17:35:20 +0100] "GET /entry.php?id=10778&form=11497&name=list& HTTP/1.1" 200 3568 "http://ed.activities.at/entry.php?id=11672" "Mozilla/5.0 (Windows NT 6.1; Win64; x64) AppleWebKit/537.36 (KHTML, like Gecko) Chrome/63.0.3239.84 Safari/537.36"
213.47.157.214 - - [15/Dec/2017:17:35:28 +0100] "POST /entry.php?id=11671 HTTP/1.1" 200 4808 "http://ed.activities.at/entry.php?id=11671&" "Mozilla/5.0 (Windows NT 6.1; Win64; x64) AppleWebKit/537.36 (KHTML, like Gecko) Chrome/63.0.3239.84 Safari/537.36"
213.47.157.214 - - [15/Dec/2017:17:35:29 +0100] "GET /gui/javascript/form_form.js?1513355729 HTTP/1.1" 200 16206 "http://ed.activities.at/entry.php?id=11671" "Mozilla/5.0 (Windows NT 6.1; Win64; x64) AppleWebKit/537.36 (KHTML, like Gecko) Chrome/63.0.3239.84 Safari/537.36"
213.47.157.214 - - [15/Dec/2017:17:35:29 +0100] "GET /entry.php?id=10776&form=11496&name=list& HTTP/1.1" 200 1519 "http://ed.activities.at/entry.php?id=11671" "Mozilla/5.0 (Windows NT 6.1; Win64; x64) AppleWebKit/537.36 (KHTML, like Gecko) Chrome/63.0.3239.84 Safari/537.36"
213.47.157.214 - - [15/Dec/2017:17:35:29 +0100] "GET /entry.php?id=10778&form=11496&name=list& HTTP/1.1" 200 5613 "http://ed.activities.at/entry.php?id=11671" "Mozilla/5.0 (Windows NT 6.1; Win64; x64) AppleWebKit/537.36 (KHTML, like Gecko) Chrome/63.0.3239.84 Safari/537.36"
213.47.157.214 - - [15/Dec/2017:17:35:32 +0100] "POST /entry.php?id=11671 HTTP/1.1" 200 4991 "http://ed.activities.at/entry.php?id=11671" "Mozilla/5.0 (Windows NT 6.1; Win64; x64) AppleWebKit/537.36 (KHTML, like Gecko) Chrome/63.0.3239.84 Safari/537.36"
213.47.157.214 - - [15/Dec/2017:17:35:34 +0100] "GET /gui/javascript/form_form.js?1513355734 HTTP/1.1" 200 16206 "http://ed.activities.at/entry.php?id=11671" "Mozilla/5.0 (Windows NT 6.1; Win64; x64) AppleWebKit/537.36 (KHTML, like Gecko) Chrome/63.0.3239.84 Safari/537.36"
213.47.157.214 - - [15/Dec/2017:17:35:34 +0100] "GET /entry.php?id=10776&form=11496&name=list& HTTP/1.1" 200 1519 "http://ed.activities.at/entry.php?id=11671" "Mozilla/5.0 (Windows NT 6.1; Win64; x64) AppleWebKit/537.36 (KHTML, like Gecko) Chrome/63.0.3239.84 Safari/537.36"
213.47.157.214 - - [15/Dec/2017:17:35:34 +0100] "GET /entry.php?id=10778&form=11496&name=list& HTTP/1.1" 200 5613 "http://ed.activities.at/entry.php?id=11671" "Mozilla/5.0 (Windows NT 6.1; Win64; x64) AppleWebKit/537.36 (KHTML, like Gecko) Chrome/63.0.3239.84 Safari/537.36"
212.108.43.59 - - [15/Dec/2017:17:35:35 +0100] "GET /entry.php?id=10271&&ser=355675 HTTP/1.1" 200 988 "http://ed.activities.at/entry.php?id=10271&&ser=355614" "Mozilla/5.0 (Windows NT 10.0; Win64; x64) AppleWebKit/537.36 (KHTML, like Gecko) Chrome/63.0.3239.84 Safari/537.36"
213.47.157.214 - - [15/Dec/2017:17:35:35 +0100] "POST /entry.php?id=11671 HTTP/1.1" 200 4803 "http://ed.activities.at/entry.php?id=11671" "Mozilla/5.0 (Windows NT 6.1; Win64; x64) AppleWebKit/537.36 (KHTML, like Gecko) Chrome/63.0.3239.84 Safari/537.36"
212.108.43.59 - - [15/Dec/2017:17:35:36 +0100] "GET /gui/javascript/form_form.js?1513355736 HTTP/1.1" 200 16206 "http://ed.activities.at/entry.php?id=10271&&ser=355675" "Mozilla/5.0 (Windows NT 10.0; Win64; x64) AppleWebKit/537.36 (KHTML, like Gecko) Chrome/63.0.3239.84 Safari/537.36"
213.47.157.214 - - [15/Dec/2017:17:35:36 +0100] "GET /gui/javascript/form_form.js?1513355736 HTTP/1.1" 200 16206 "http://ed.activities.at/entry.php?id=11671" "Mozilla/5.0 (Windows NT 6.1; Win64; x64) AppleWebKit/537.36 (KHTML, like Gecko) Chrome/63.0.3239.84 Safari/537.36"
213.47.157.214 - - [15/Dec/2017:17:35:36 +0100] "GET /entry.php?id=10776&form=11496&name=list& HTTP/1.1" 200 1519 "http://ed.activities.at/entry.php?id=11671" "Mozilla/5.0 (Windows NT 6.1; Win64; x64) AppleWebKit/537.36 (KHTML, like Gecko) Chrome/63.0.3239.84 Safari/537.36"
213.47.157.214 - - [15/Dec/2017:17:35:36 +0100] "GET /entry.php?id=10778&form=11496&name=list& HTTP/1.1" 200 5613 "http://ed.activities.at/entry.php?id=11671" "Mozilla/5.0 (Windows NT 6.1; Win64; x64) AppleWebKit/537.36 (KHTML, like Gecko) Chrome/63.0.3239.84 Safari/537.36"
213.47.157.214 - - [15/Dec/2017:17:35:38 +0100] "POST /entry.php?id=11671 HTTP/1.1" 200 4987 "http://ed.activities.at/entry.php?id=11671" "Mozilla/5.0 (Windows NT 6.1; Win64; x64) AppleWebKit/537.36 (KHTML, like Gecko) Chrome/63.0.3239.84 Safari/537.36"
