90.152.128.107 - - [14/Sep/2017:13:05:46 +0200] "GET /entry.php?id=11508 HTTP/1.1" 200 300 "http://hausegger.activities.at/entry.php?id=11506" "Mozilla/5.0 (Windows NT 5.1) AppleWebKit/537.36 (KHTML, like Gecko) Chrome/49.0.2623.112 Safari/537.36"
90.152.128.107 - - [14/Sep/2017:13:05:46 +0200] "GET /entry.php?id=11511& HTTP/1.1" 200 2356 "http://hausegger.activities.at/entry.php?id=11508" "Mozilla/5.0 (Windows NT 5.1) AppleWebKit/537.36 (KHTML, like Gecko) Chrome/49.0.2623.112 Safari/537.36"
90.152.128.107 - - [14/Sep/2017:13:05:47 +0200] "GET /gui/javascript/form_form.js?1505387146 HTTP/1.1" 200 16206 "http://hausegger.activities.at/entry.php?id=11511&" "Mozilla/5.0 (Windows NT 5.1) AppleWebKit/537.36 (KHTML, like Gecko) Chrome/49.0.2623.112 Safari/537.36"
90.152.128.107 - - [14/Sep/2017:13:05:46 +0200] "GET /entry.php?id=11512& HTTP/1.1" 200 2584 "http://hausegger.activities.at/entry.php?id=11508" "Mozilla/5.0 (Windows NT 5.1) AppleWebKit/537.36 (KHTML, like Gecko) Chrome/49.0.2623.112 Safari/537.36"
90.152.128.107 - - [14/Sep/2017:13:05:47 +0200] "GET /gui/javascript/form_form.js?1505387147 HTTP/1.1" 200 16206 "http://hausegger.activities.at/entry.php?id=11512&" "Mozilla/5.0 (Windows NT 5.1) AppleWebKit/537.36 (KHTML, like Gecko) Chrome/49.0.2623.112 Safari/537.36"
90.152.128.107 - - [14/Sep/2017:13:05:46 +0200] "GET /entry.php?id=11513& HTTP/1.1" 200 2274 "http://hausegger.activities.at/entry.php?id=11508" "Mozilla/5.0 (Windows NT 5.1) AppleWebKit/537.36 (KHTML, like Gecko) Chrome/49.0.2623.112 Safari/537.36"
90.152.128.107 - - [14/Sep/2017:13:05:47 +0200] "GET /entry.php?id=10776&form=11336&name=list& HTTP/1.1" 200 1248 "http://hausegger.activities.at/entry.php?id=11511&" "Mozilla/5.0 (Windows NT 5.1) AppleWebKit/537.36 (KHTML, like Gecko) Chrome/49.0.2623.112 Safari/537.36"
90.152.128.107 - - [14/Sep/2017:13:05:46 +0200] "GET /entry.php?id=11514& HTTP/1.1" 200 2283 "http://hausegger.activities.at/entry.php?id=11508" "Mozilla/5.0 (Windows NT 5.1) AppleWebKit/537.36 (KHTML, like Gecko) Chrome/49.0.2623.112 Safari/537.36"
90.152.128.107 - - [14/Sep/2017:13:05:47 +0200] "GET /entry.php?id=10778&form=11336&name=list& HTTP/1.1" 200 2592 "http://hausegger.activities.at/entry.php?id=11511&" "Mozilla/5.0 (Windows NT 5.1) AppleWebKit/537.36 (KHTML, like Gecko) Chrome/49.0.2623.112 Safari/537.36"
90.152.128.107 - - [14/Sep/2017:13:05:47 +0200] "GET /entry.php?id=10778&form=11337&name=list& HTTP/1.1" 200 2653 "http://hausegger.activities.at/entry.php?id=11512&" "Mozilla/5.0 (Windows NT 5.1) AppleWebKit/537.36 (KHTML, like Gecko) Chrome/49.0.2623.112 Safari/537.36"
90.152.128.107 - - [14/Sep/2017:13:05:47 +0200] "GET /entry.php?id=10776&form=11337&name=list& HTTP/1.1" 200 1260 "http://hausegger.activities.at/entry.php?id=11512&" "Mozilla/5.0 (Windows NT 5.1) AppleWebKit/537.36 (KHTML, like Gecko) Chrome/49.0.2623.112 Safari/537.36"
90.152.128.107 - - [14/Sep/2017:13:05:47 +0200] "GET /entry.php?id=10778&form=11338&name=list& HTTP/1.1" 200 2588 "http://hausegger.activities.at/entry.php?id=11513&" "Mozilla/5.0 (Windows NT 5.1) AppleWebKit/537.36 (KHTML, like Gecko) Chrome/49.0.2623.112 Safari/537.36"
90.152.128.107 - - [14/Sep/2017:13:05:48 +0200] "GET /entry.php?id=10778&form=11339&name=list& HTTP/1.1" 200 2558 "http://hausegger.activities.at/entry.php?id=11514&" "Mozilla/5.0 (Windows NT 5.1) AppleWebKit/537.36 (KHTML, like Gecko) Chrome/49.0.2623.112 Safari/537.36"
90.152.128.107 - - [14/Sep/2017:13:05:51 +0200] "POST /entry.php?id=11512 HTTP/1.1" 200 2580 "http://hausegger.activities.at/entry.php?id=11512&" "Mozilla/5.0 (Windows NT 5.1) AppleWebKit/537.36 (KHTML, like Gecko) Chrome/49.0.2623.112 Safari/537.36"
90.152.128.107 - - [14/Sep/2017:13:05:51 +0200] "GET /gui/javascript/form_form.js?1505387151 HTTP/1.1" 200 16206 "http://hausegger.activities.at/entry.php?id=11512" "Mozilla/5.0 (Windows NT 5.1) AppleWebKit/537.36 (KHTML, like Gecko) Chrome/49.0.2623.112 Safari/537.36"
90.152.128.107 - - [14/Sep/2017:13:05:51 +0200] "GET /entry.php?id=10776&form=11337&name=list& HTTP/1.1" 200 1260 "http://hausegger.activities.at/entry.php?id=11512" "Mozilla/5.0 (Windows NT 5.1) AppleWebKit/537.36 (KHTML, like Gecko) Chrome/49.0.2623.112 Safari/537.36"
90.152.128.107 - - [14/Sep/2017:13:05:51 +0200] "GET /entry.php?id=10778&form=11337&name=list& HTTP/1.1" 200 2667 "http://hausegger.activities.at/entry.php?id=11512" "Mozilla/5.0 (Windows NT 5.1) AppleWebKit/537.36 (KHTML, like Gecko) Chrome/49.0.2623.112 Safari/537.36"
90.152.128.107 - - [14/Sep/2017:13:06:15 +0200] "GET /entry.php?id=10271&&ser=387115 HTTP/1.1" 200 990 "http://hausegger.activities.at/entry.php?id=10271&" "Mozilla/5.0 (Windows NT 5.1) AppleWebKit/537.36 (KHTML, like Gecko) Chrome/49.0.2623.112 Safari/537.36"
90.152.128.107 - - [14/Sep/2017:13:06:15 +0200] "GET /gui/javascript/form_form.js?1505387175 HTTP/1.1" 200 16206 "http://hausegger.activities.at/entry.php?id=10271&&ser=387115" "Mozilla/5.0 (Windows NT 5.1) AppleWebKit/537.36 (KHTML, like Gecko) Chrome/49.0.2623.112 Safari/537.36"
90.152.128.107 - - [14/Sep/2017:13:06:17 +0200] "GET /entry.php?id=11049 HTTP/1.1" 200 2163 "http://hausegger.activities.at/entry.php?id=10270&&__app__=10006038" "Mozilla/5.0 (Windows NT 5.1) AppleWebKit/537.36 (KHTML, like Gecko) Chrome/49.0.2623.112 Safari/537.36"
90.152.128.107 - - [14/Sep/2017:13:06:17 +0200] "GET /gui/javascript/form_lo_store_administration.js?1505387177 HTTP/1.1" 200 4261 "http://hausegger.activities.at/entry.php?id=11049" "Mozilla/5.0 (Windows NT 5.1) AppleWebKit/537.36 (KHTML, like Gecko) Chrome/49.0.2623.112 Safari/537.36"
90.152.128.107 - - [14/Sep/2017:13:06:17 +0200] "GET /gui/javascript/form_form.js?1505387177 HTTP/1.1" 200 16206 "http://hausegger.activities.at/entry.php?id=11049" "Mozilla/5.0 (Windows NT 5.1) AppleWebKit/537.36 (KHTML, like Gecko) Chrome/49.0.2623.112 Safari/537.36"
90.152.128.107 - - [14/Sep/2017:13:06:18 +0200] "GET /entry.php?id=11355&hiddetitle=true& HTTP/1.1" 200 335 "http://hausegger.activities.at/entry.php?id=11049" "Mozilla/5.0 (Windows NT 5.1) AppleWebKit/537.36 (KHTML, like Gecko) Chrome/49.0.2623.112 Safari/537.36"
90.152.128.107 - - [14/Sep/2017:13:06:18 +0200] "GET /entry.php?id=10714&&chooserview=articlestoredata&view=true HTTP/1.1" 200 3736 "http://hausegger.activities.at/entry.php?id=11355&hiddetitle=true&" "Mozilla/5.0 (Windows NT 5.1) AppleWebKit/537.36 (KHTML, like Gecko) Chrome/49.0.2623.112 Safari/537.36"
90.152.128.107 - - [14/Sep/2017:13:06:18 +0200] "GET /gui/javascript/form_article.js HTTP/1.1" 200 8415 "http://hausegger.activities.at/entry.php?id=10714&&chooserview=articlestoredata&view=true" "Mozilla/5.0 (Windows NT 5.1) AppleWebKit/537.36 (KHTML, like Gecko) Chrome/49.0.2623.112 Safari/537.36"
90.152.128.107 - - [14/Sep/2017:13:06:18 +0200] "GET /activities/framework/KoolControls/KoolTreeView/icons/Folder.gif HTTP/1.1" 200 267 "http://hausegger.activities.at/entry.php?id=10714&&chooserview=articlestoredata&view=true" "Mozilla/5.0 (Windows NT 5.1) AppleWebKit/537.36 (KHTML, like Gecko) Chrome/49.0.2623.112 Safari/537.36"
90.152.128.107 - - [14/Sep/2017:13:06:18 +0200] "GET /gui/javascript/form_form.js?1505387178 HTTP/1.1" 200 16206 "http://hausegger.activities.at/entry.php?id=10714&&chooserview=articlestoredata&view=true" "Mozilla/5.0 (Windows NT 5.1) AppleWebKit/537.36 (KHTML, like Gecko) Chrome/49.0.2623.112 Safari/537.36"
90.152.128.107 - - [14/Sep/2017:13:06:18 +0200] "GET /activities/framework/KoolControls/KoolAjax/koolajax.php?8436e354c842500aba3cbaf0584c0c24 HTTP/1.1" 200 4079 "http://hausegger.activities.at/entry.php?id=10714&&chooserview=articlestoredata&view=true" "Mozilla/5.0 (Windows NT 5.1) AppleWebKit/537.36 (KHTML, like Gecko) Chrome/49.0.2623.112 Safari/537.36"
90.152.128.107 - - [14/Sep/2017:13:06:18 +0200] "GET /activities/framework/KoolControls/KoolTreeView/icons/square_yellowS.gif HTTP/1.1" 200 541 "http://hausegger.activities.at/entry.php?id=10714&&chooserview=articlestoredata&view=true" "Mozilla/5.0 (Windows NT 5.1) AppleWebKit/537.36 (KHTML, like Gecko) Chrome/49.0.2623.112 Safari/537.36"
90.152.128.107 - - [14/Sep/2017:13:06:18 +0200] "GET /activities/framework/KoolControls/KoolTreeView/icons/bullet_star.png HTTP/1.1" 200 331 "http://hausegger.activities.at/entry.php?id=10714&&chooserview=articlestoredata&view=true" "Mozilla/5.0 (Windows NT 5.1) AppleWebKit/537.36 (KHTML, like Gecko) Chrome/49.0.2623.112 Safari/537.36"
90.152.128.107 - - [14/Sep/2017:13:06:18 +0200] "GET /activities/framework/KoolControls/KoolTreeView/icons/square_blueS.gif HTTP/1.1" 200 540 "http://hausegger.activities.at/entry.php?id=10714&&chooserview=articlestoredata&view=true" "Mozilla/5.0 (Windows NT 5.1) AppleWebKit/537.36 (KHTML, like Gecko) Chrome/49.0.2623.112 Safari/537.36"
90.152.128.107 - - [14/Sep/2017:13:06:18 +0200] "GET /activities/framework/KoolControls/KoolTreeView/styles/default/default.css HTTP/1.1" 200 1099 "http://hausegger.activities.at/entry.php?id=10714&&chooserview=articlestoredata&view=true" "Mozilla/5.0 (Windows NT 5.1) AppleWebKit/537.36 (KHTML, like Gecko) Chrome/49.0.2623.112 Safari/537.36"
90.152.128.107 - - [14/Sep/2017:13:06:18 +0200] "GET /entry.php?id=10715&&chooserview=articlestoredata&view=true HTTP/1.1" 200 2538 "http://hausegger.activities.at/entry.php?id=11355&hiddetitle=true&" "Mozilla/5.0 (Windows NT 5.1) AppleWebKit/537.36 (KHTML, like Gecko) Chrome/49.0.2623.112 Safari/537.36"
90.152.128.107 - - [14/Sep/2017:13:06:18 +0200] "GET /activities/framework/KoolControls/KoolTreeView/styles/default/v.gif HTTP/1.1" 200 1940 "http://hausegger.activities.at/activities/framework/KoolControls/KoolTreeView/styles/default/default.css" "Mozilla/5.0 (Windows NT 5.1) AppleWebKit/537.36 (KHTML, like Gecko) Chrome/49.0.2623.112 Safari/537.36"
90.152.128.107 - - [14/Sep/2017:13:06:18 +0200] "GET /activities/framework/KoolControls/KoolTreeView/styles/default/pm.gif HTTP/1.1" 200 214 "http://hausegger.activities.at/activities/framework/KoolControls/KoolTreeView/styles/default/default.css" "Mozilla/5.0 (Windows NT 5.1) AppleWebKit/537.36 (KHTML, like Gecko) Chrome/49.0.2623.112 Safari/537.36"
90.152.128.107 - - [14/Sep/2017:13:06:18 +0200] "GET /activities/framework/KoolControls/KoolTreeView/kooltreeview.php?c7cd9180e88ffef8e70f13526bb4f5f7 HTTP/1.1" 200 5055 "http://hausegger.activities.at/entry.php?id=10714&&chooserview=articlestoredata&view=true" "Mozilla/5.0 (Windows NT 5.1) AppleWebKit/537.36 (KHTML, like Gecko) Chrome/49.0.2623.112 Safari/537.36"
90.152.128.107 - - [14/Sep/2017:13:06:18 +0200] "GET /activities/framework/KoolControls/KoolTreeView/styles/default/horizon.gif HTTP/1.1" 200 844 "http://hausegger.activities.at/activities/framework/KoolControls/KoolTreeView/styles/default/default.css" "Mozilla/5.0 (Windows NT 5.1) AppleWebKit/537.36 (KHTML, like Gecko) Chrome/49.0.2623.112 Safari/537.36"
90.152.128.107 - - [14/Sep/2017:13:06:18 +0200] "GET /activities/framework/KoolControls/KoolTreeView/styles/default/mid.gif HTTP/1.1" 200 71 "http://hausegger.activities.at/activities/framework/KoolControls/KoolTreeView/styles/default/default.css" "Mozilla/5.0 (Windows NT 5.1) AppleWebKit/537.36 (KHTML, like Gecko) Chrome/49.0.2623.112 Safari/537.36"
90.152.128.107 - - [14/Sep/2017:13:06:19 +0200] "GET /activities/framework/KoolControls/KoolTreeView/styles/default/L.gif HTTP/1.1" 200 67 "http://hausegger.activities.at/activities/framework/KoolControls/KoolTreeView/styles/default/default.css" "Mozilla/5.0 (Windows NT 5.1) AppleWebKit/537.36 (KHTML, like Gecko) Chrome/49.0.2623.112 Safari/537.36"
90.152.128.107 - - [14/Sep/2017:13:06:19 +0200] "GET /entry.php?id=10778&form=10560&name=list& HTTP/1.1" 200 2511 "http://hausegger.activities.at/entry.php?id=10715&&chooserview=articlestoredata&view=true" "Mozilla/5.0 (Windows NT 5.1) AppleWebKit/537.36 (KHTML, like Gecko) Chrome/49.0.2623.112 Safari/537.36"
90.152.128.107 - - [14/Sep/2017:13:06:19 +0200] "GET /entry.php?id=10776&form=10560&name=list& HTTP/1.1" 200 1544 "http://hausegger.activities.at/entry.php?id=10715&&chooserview=articlestoredata&view=true" "Mozilla/5.0 (Windows NT 5.1) AppleWebKit/537.36 (KHTML, like Gecko) Chrome/49.0.2623.112 Safari/537.36"
90.152.128.107 - - [14/Sep/2017:13:06:19 +0200] "GET /framework/icons/sortUp.gif HTTP/1.1" 200 53 "http://hausegger.activities.at/entry.php?id=10776&form=10560&name=list&" "Mozilla/5.0 (Windows NT 5.1) AppleWebKit/537.36 (KHTML, like Gecko) Chrome/49.0.2623.112 Safari/537.36"
90.152.128.107 - - [14/Sep/2017:13:06:20 +0200] "POST /entry.php?id=11049 HTTP/1.1" 200 2153 "http://hausegger.activities.at/entry.php?id=11049" "Mozilla/5.0 (Windows NT 5.1) AppleWebKit/537.36 (KHTML, like Gecko) Chrome/49.0.2623.112 Safari/537.36"
90.152.128.107 - - [14/Sep/2017:13:06:21 +0200] "GET /gui/javascript/form_lo_store_administration.js?1505387181 HTTP/1.1" 200 4261 "http://hausegger.activities.at/entry.php?id=11049" "Mozilla/5.0 (Windows NT 5.1) AppleWebKit/537.36 (KHTML, like Gecko) Chrome/49.0.2623.112 Safari/537.36"
90.152.128.107 - - [14/Sep/2017:13:06:21 +0200] "GET /gui/javascript/form_form.js?1505387181 HTTP/1.1" 200 16206 "http://hausegger.activities.at/entry.php?id=11049" "Mozilla/5.0 (Windows NT 5.1) AppleWebKit/537.36 (KHTML, like Gecko) Chrome/49.0.2623.112 Safari/537.36"
90.152.128.107 - - [14/Sep/2017:13:06:21 +0200] "GET /entry.php?id=11358&&hiddetitle=1 HTTP/1.1" 200 190 "http://hausegger.activities.at/entry.php?id=11049" "Mozilla/5.0 (Windows NT 5.1) AppleWebKit/537.36 (KHTML, like Gecko) Chrome/49.0.2623.112 Safari/537.36"
90.152.128.107 - - [14/Sep/2017:13:06:21 +0200] "GET /entry.php?id=11356&hiddetitle=1& HTTP/1.1" 200 2813 "http://hausegger.activities.at/entry.php?id=11358&&hiddetitle=1" "Mozilla/5.0 (Windows NT 5.1) AppleWebKit/537.36 (KHTML, like Gecko) Chrome/49.0.2623.112 Safari/537.36"
90.152.128.107 - - [14/Sep/2017:13:06:22 +0200] "GET /gui/javascript/form_lo_store_administration.js?1505387182 HTTP/1.1" 200 4261 "http://hausegger.activities.at/entry.php?id=11356&hiddetitle=1&" "Mozilla/5.0 (Windows NT 5.1) AppleWebKit/537.36 (KHTML, like Gecko) Chrome/49.0.2623.112 Safari/537.36"
90.152.128.107 - - [14/Sep/2017:13:06:22 +0200] "GET /framework/webfx/javascript/treeview/ua.js HTTP/1.1" 200 1378 "http://hausegger.activities.at/entry.php?id=11356&hiddetitle=1&" "Mozilla/5.0 (Windows NT 5.1) AppleWebKit/537.36 (KHTML, like Gecko) Chrome/49.0.2623.112 Safari/537.36"
90.152.128.107 - - [14/Sep/2017:13:06:22 +0200] "GET /framework/webfx/javascript/treeview/ftiens4.js HTTP/1.1" 200 9905 "http://hausegger.activities.at/entry.php?id=11356&hiddetitle=1&" "Mozilla/5.0 (Windows NT 5.1) AppleWebKit/537.36 (KHTML, like Gecko) Chrome/49.0.2623.112 Safari/537.36"
90.152.128.107 - - [14/Sep/2017:13:06:22 +0200] "GET /gui/javascript/form_form.js?1505387182 HTTP/1.1" 200 16206 "http://hausegger.activities.at/entry.php?id=11356&hiddetitle=1&" "Mozilla/5.0 (Windows NT 5.1) AppleWebKit/537.36 (KHTML, like Gecko) Chrome/49.0.2623.112 Safari/537.36"
90.152.128.107 - - [14/Sep/2017:13:06:21 +0200] "GET /entry.php?id=11357&hiddetitle=1& HTTP/1.1" 200 2245 "http://hausegger.activities.at/entry.php?id=11358&&hiddetitle=1" "Mozilla/5.0 (Windows NT 5.1) AppleWebKit/537.36 (KHTML, like Gecko) Chrome/49.0.2623.112 Safari/537.36"
90.152.128.107 - - [14/Sep/2017:13:06:22 +0200] "GET /framework/icons/treeview/filter.gif HTTP/1.1" 200 107 "http://hausegger.activities.at/entry.php?id=11356&hiddetitle=1&" "Mozilla/5.0 (Windows NT 5.1) AppleWebKit/537.36 (KHTML, like Gecko) Chrome/49.0.2623.112 Safari/537.36"
90.152.128.107 - - [14/Sep/2017:13:06:22 +0200] "GET /framework/icons/treeview/ftv2pnode.gif HTTP/1.1" 200 133 "http://hausegger.activities.at/entry.php?id=11356&hiddetitle=1&" "Mozilla/5.0 (Windows NT 5.1) AppleWebKit/537.36 (KHTML, like Gecko) Chrome/49.0.2623.112 Safari/537.36"
90.152.128.107 - - [14/Sep/2017:13:06:22 +0200] "GET /framework/icons/treeview/ftv2folderclosed.gif HTTP/1.1" 200 161 "http://hausegger.activities.at/entry.php?id=11356&hiddetitle=1&" "Mozilla/5.0 (Windows NT 5.1) AppleWebKit/537.36 (KHTML, like Gecko) Chrome/49.0.2623.112 Safari/537.36"
90.152.128.107 - - [14/Sep/2017:13:06:22 +0200] "GET /framework/icons/treeview/ftv2vertline.gif HTTP/1.1" 200 140 "http://hausegger.activities.at/entry.php?id=11356&hiddetitle=1&" "Mozilla/5.0 (Windows NT 5.1) AppleWebKit/537.36 (KHTML, like Gecko) Chrome/49.0.2623.112 Safari/537.36"
90.152.128.107 - - [14/Sep/2017:13:06:22 +0200] "GET /framework/icons/treeview/ftv2folderopen.gif HTTP/1.1" 200 167 "http://hausegger.activities.at/entry.php?id=11356&hiddetitle=1&" "Mozilla/5.0 (Windows NT 5.1) AppleWebKit/537.36 (KHTML, like Gecko) Chrome/49.0.2623.112 Safari/537.36"
90.152.128.107 - - [14/Sep/2017:13:06:22 +0200] "GET /framework/icons/treeview/ftv2plastnode.gif HTTP/1.1" 200 130 "http://hausegger.activities.at/entry.php?id=11356&hiddetitle=1&" "Mozilla/5.0 (Windows NT 5.1) AppleWebKit/537.36 (KHTML, like Gecko) Chrome/49.0.2623.112 Safari/537.36"
90.152.128.107 - - [14/Sep/2017:13:06:22 +0200] "GET /framework/icons/treeview/ftv2doc.gif HTTP/1.1" 200 199 "http://hausegger.activities.at/entry.php?id=11356&hiddetitle=1&" "Mozilla/5.0 (Windows NT 5.1) AppleWebKit/537.36 (KHTML, like Gecko) Chrome/49.0.2623.112 Safari/537.36"
90.152.128.107 - - [14/Sep/2017:13:06:22 +0200] "GET /framework/icons/treeview/ftv2node.gif HTTP/1.1" 200 147 "http://hausegger.activities.at/entry.php?id=11356&hiddetitle=1&" "Mozilla/5.0 (Windows NT 5.1) AppleWebKit/537.36 (KHTML, like Gecko) Chrome/49.0.2623.112 Safari/537.36"
90.152.128.107 - - [14/Sep/2017:13:06:22 +0200] "GET /framework/icons/treeview/ftv2blank.gif HTTP/1.1" 200 135 "http://hausegger.activities.at/entry.php?id=11356&hiddetitle=1&" "Mozilla/5.0 (Windows NT 5.1) AppleWebKit/537.36 (KHTML, like Gecko) Chrome/49.0.2623.112 Safari/537.36"
90.152.128.107 - - [14/Sep/2017:13:06:22 +0200] "GET /framework/icons/treeview/trans.gif HTTP/1.1" 200 814 "http://hausegger.activities.at/entry.php?id=11356&hiddetitle=1&" "Mozilla/5.0 (Windows NT 5.1) AppleWebKit/537.36 (KHTML, like Gecko) Chrome/49.0.2623.112 Safari/537.36"
90.152.128.107 - - [14/Sep/2017:13:06:22 +0200] "GET /framework/icons/treeview/ftv2lastnode.gif HTTP/1.1" 200 142 "http://hausegger.activities.at/entry.php?id=11356&hiddetitle=1&" "Mozilla/5.0 (Windows NT 5.1) AppleWebKit/537.36 (KHTML, like Gecko) Chrome/49.0.2623.112 Safari/537.36"
90.152.128.107 - - [14/Sep/2017:13:06:22 +0200] "GET /entry.php?id=10776&form=11185&name=list& HTTP/1.1" 200 1592 "http://hausegger.activities.at/entry.php?id=11357&hiddetitle=1&" "Mozilla/5.0 (Windows NT 5.1) AppleWebKit/537.36 (KHTML, like Gecko) Chrome/49.0.2623.112 Safari/537.36"
90.152.128.107 - - [14/Sep/2017:13:06:22 +0200] "GET /entry.php?id=10778&form=11185&name=list& HTTP/1.1" 200 2546 "http://hausegger.activities.at/entry.php?id=11357&hiddetitle=1&" "Mozilla/5.0 (Windows NT 5.1) AppleWebKit/537.36 (KHTML, like Gecko) Chrome/49.0.2623.112 Safari/537.36"
90.152.128.107 - - [14/Sep/2017:13:06:23 +0200] "POST /entry.php?id=11049 HTTP/1.1" 200 2165 "http://hausegger.activities.at/entry.php?id=11049" "Mozilla/5.0 (Windows NT 5.1) AppleWebKit/537.36 (KHTML, like Gecko) Chrome/49.0.2623.112 Safari/537.36"
90.152.128.107 - - [14/Sep/2017:13:06:24 +0200] "GET /gui/javascript/form_lo_store_administration.js?1505387183 HTTP/1.1" 200 4261 "http://hausegger.activities.at/entry.php?id=11049" "Mozilla/5.0 (Windows NT 5.1) AppleWebKit/537.36 (KHTML, like Gecko) Chrome/49.0.2623.112 Safari/537.36"
90.152.128.107 - - [14/Sep/2017:13:06:24 +0200] "GET /gui/javascript/form_form.js?1505387184 HTTP/1.1" 200 16206 "http://hausegger.activities.at/entry.php?id=11049" "Mozilla/5.0 (Windows NT 5.1) AppleWebKit/537.36 (KHTML, like Gecko) Chrome/49.0.2623.112 Safari/537.36"
90.152.128.107 - - [14/Sep/2017:13:06:24 +0200] "GET /entry.php?id=11355&hiddetitle=true& HTTP/1.1" 200 335 "http://hausegger.activities.at/entry.php?id=11049" "Mozilla/5.0 (Windows NT 5.1) AppleWebKit/537.36 (KHTML, like Gecko) Chrome/49.0.2623.112 Safari/537.36"
90.152.128.107 - - [14/Sep/2017:13:06:24 +0200] "GET /entry.php?id=10714&&chooserview=articlestoredata&view=true HTTP/1.1" 200 3736 "http://hausegger.activities.at/entry.php?id=11355&hiddetitle=true&" "Mozilla/5.0 (Windows NT 5.1) AppleWebKit/537.36 (KHTML, like Gecko) Chrome/49.0.2623.112 Safari/537.36"
90.152.128.107 - - [14/Sep/2017:13:06:25 +0200] "GET /activities/framework/KoolControls/KoolAjax/koolajax.php?8436e354c842500aba3cbaf0584c0c24 HTTP/1.1" 200 4079 "http://hausegger.activities.at/entry.php?id=10714&&chooserview=articlestoredata&view=true" "Mozilla/5.0 (Windows NT 5.1) AppleWebKit/537.36 (KHTML, like Gecko) Chrome/49.0.2623.112 Safari/537.36"
90.152.128.107 - - [14/Sep/2017:13:06:25 +0200] "GET /gui/javascript/form_form.js?1505387185 HTTP/1.1" 200 16206 "http://hausegger.activities.at/entry.php?id=10714&&chooserview=articlestoredata&view=true" "Mozilla/5.0 (Windows NT 5.1) AppleWebKit/537.36 (KHTML, like Gecko) Chrome/49.0.2623.112 Safari/537.36"
90.152.128.107 - - [14/Sep/2017:13:06:25 +0200] "GET /activities/framework/KoolControls/KoolTreeView/kooltreeview.php?c7cd9180e88ffef8e70f13526bb4f5f7 HTTP/1.1" 200 5055 "http://hausegger.activities.at/entry.php?id=10714&&chooserview=articlestoredata&view=true" "Mozilla/5.0 (Windows NT 5.1) AppleWebKit/537.36 (KHTML, like Gecko) Chrome/49.0.2623.112 Safari/537.36"
90.152.128.107 - - [14/Sep/2017:13:06:24 +0200] "GET /entry.php?id=10715&&chooserview=articlestoredata&view=true HTTP/1.1" 200 2538 "http://hausegger.activities.at/entry.php?id=11355&hiddetitle=true&" "Mozilla/5.0 (Windows NT 5.1) AppleWebKit/537.36 (KHTML, like Gecko) Chrome/49.0.2623.112 Safari/537.36"
90.152.128.107 - - [14/Sep/2017:13:06:25 +0200] "GET /entry.php?id=10776&form=10560&name=list& HTTP/1.1" 200 1544 "http://hausegger.activities.at/entry.php?id=10715&&chooserview=articlestoredata&view=true" "Mozilla/5.0 (Windows NT 5.1) AppleWebKit/537.36 (KHTML, like Gecko) Chrome/49.0.2623.112 Safari/537.36"
90.152.128.107 - - [14/Sep/2017:13:06:25 +0200] "GET /entry.php?id=10778&form=10560&name=list& HTTP/1.1" 200 2511 "http://hausegger.activities.at/entry.php?id=10715&&chooserview=articlestoredata&view=true" "Mozilla/5.0 (Windows NT 5.1) AppleWebKit/537.36 (KHTML, like Gecko) Chrome/49.0.2623.112 Safari/537.36"
90.152.128.107 - - [14/Sep/2017:13:06:30 +0200] "POST /entry.php?id=10715 HTTP/1.1" 200 2587 "http://hausegger.activities.at/entry.php?id=10715&&chooserview=articlestoredata&view=true" "Mozilla/5.0 (Windows NT 5.1) AppleWebKit/537.36 (KHTML, like Gecko) Chrome/49.0.2623.112 Safari/537.36"
90.152.128.107 - - [14/Sep/2017:13:06:35 +0200] "GET /gui/javascript/form_form.js?1505387195 HTTP/1.1" 200 16206 "http://hausegger.activities.at/entry.php?id=10715" "Mozilla/5.0 (Windows NT 5.1) AppleWebKit/537.36 (KHTML, like Gecko) Chrome/49.0.2623.112 Safari/537.36"
90.152.128.107 - - [14/Sep/2017:13:06:35 +0200] "GET /entry.php?id=10776&form=10560&name=list& HTTP/1.1" 200 1548 "http://hausegger.activities.at/entry.php?id=10715" "Mozilla/5.0 (Windows NT 5.1) AppleWebKit/537.36 (KHTML, like Gecko) Chrome/49.0.2623.112 Safari/537.36"
90.152.128.107 - - [14/Sep/2017:13:06:35 +0200] "GET /entry.php?id=10777&form=10560&name=list& HTTP/1.1" 200 1341 "http://hausegger.activities.at/entry.php?id=10715" "Mozilla/5.0 (Windows NT 5.1) AppleWebKit/537.36 (KHTML, like Gecko) Chrome/49.0.2623.112 Safari/537.36"
90.152.128.107 - - [14/Sep/2017:13:06:35 +0200] "GET /entry.php?id=10778&form=10560&name=list& HTTP/1.1" 200 30508 "http://hausegger.activities.at/entry.php?id=10715" "Mozilla/5.0 (Windows NT 5.1) AppleWebKit/537.36 (KHTML, like Gecko) Chrome/49.0.2623.112 Safari/537.36"
178.165.128.196 - - [14/Sep/2017:13:06:41 +0200] "GET /entry.php?id=10271&&ser=387140 HTTP/1.1" 200 987 "http://hausegger.activities.at/entry.php?id=10271&&ser=387078" "Mozilla/5.0 (Windows NT 6.1; WOW64; rv:55.0) Gecko/20100101 Firefox/55.0"
178.165.128.196 - - [14/Sep/2017:13:06:41 +0200] "GET /gui/javascript/form_form.js?1505387201 HTTP/1.1" 200 16206 "http://hausegger.activities.at/entry.php?id=10271&&ser=387140" "Mozilla/5.0 (Windows NT 6.1; WOW64; rv:55.0) Gecko/20100101 Firefox/55.0"
90.152.128.107 - - [14/Sep/2017:13:06:46 +0200] "POST /entry.php?id=11049 HTTP/1.1" 200 2155 "http://hausegger.activities.at/entry.php?id=11049" "Mozilla/5.0 (Windows NT 5.1) AppleWebKit/537.36 (KHTML, like Gecko) Chrome/49.0.2623.112 Safari/537.36"
90.152.128.107 - - [14/Sep/2017:13:06:47 +0200] "GET /gui/javascript/form_lo_store_administration.js?1505387206 HTTP/1.1" 200 4261 "http://hausegger.activities.at/entry.php?id=11049" "Mozilla/5.0 (Windows NT 5.1) AppleWebKit/537.36 (KHTML, like Gecko) Chrome/49.0.2623.112 Safari/537.36"
90.152.128.107 - - [14/Sep/2017:13:06:47 +0200] "GET /gui/javascript/form_form.js?1505387206 HTTP/1.1" 200 16206 "http://hausegger.activities.at/entry.php?id=11049" "Mozilla/5.0 (Windows NT 5.1) AppleWebKit/537.36 (KHTML, like Gecko) Chrome/49.0.2623.112 Safari/537.36"
90.152.128.107 - - [14/Sep/2017:13:06:47 +0200] "GET /entry.php?id=11358&&hiddetitle=1 HTTP/1.1" 200 190 "http://hausegger.activities.at/entry.php?id=11049" "Mozilla/5.0 (Windows NT 5.1) AppleWebKit/537.36 (KHTML, like Gecko) Chrome/49.0.2623.112 Safari/537.36"
90.152.128.107 - - [14/Sep/2017:13:06:47 +0200] "GET /entry.php?id=11357&hiddetitle=1& HTTP/1.1" 200 2245 "http://hausegger.activities.at/entry.php?id=11358&&hiddetitle=1" "Mozilla/5.0 (Windows NT 5.1) AppleWebKit/537.36 (KHTML, like Gecko) Chrome/49.0.2623.112 Safari/537.36"
90.152.128.107 - - [14/Sep/2017:13:06:47 +0200] "GET /gui/javascript/form_lo_store_administration.js?1505387207 HTTP/1.1" 200 4261 "http://hausegger.activities.at/entry.php?id=11357&hiddetitle=1&" "Mozilla/5.0 (Windows NT 5.1) AppleWebKit/537.36 (KHTML, like Gecko) Chrome/49.0.2623.112 Safari/537.36"
90.152.128.107 - - [14/Sep/2017:13:06:47 +0200] "GET /gui/javascript/form_form.js?1505387207 HTTP/1.1" 200 16206 "http://hausegger.activities.at/entry.php?id=11357&hiddetitle=1&" "Mozilla/5.0 (Windows NT 5.1) AppleWebKit/537.36 (KHTML, like Gecko) Chrome/49.0.2623.112 Safari/537.36"
90.152.128.107 - - [14/Sep/2017:13:06:47 +0200] "GET /entry.php?id=11356&hiddetitle=1& HTTP/1.1" 200 2813 "http://hausegger.activities.at/entry.php?id=11358&&hiddetitle=1" "Mozilla/5.0 (Windows NT 5.1) AppleWebKit/537.36 (KHTML, like Gecko) Chrome/49.0.2623.112 Safari/537.36"
90.152.128.107 - - [14/Sep/2017:13:06:48 +0200] "GET /entry.php?id=10776&form=11185&name=list& HTTP/1.1" 200 1592 "http://hausegger.activities.at/entry.php?id=11357&hiddetitle=1&" "Mozilla/5.0 (Windows NT 5.1) AppleWebKit/537.36 (KHTML, like Gecko) Chrome/49.0.2623.112 Safari/537.36"
90.152.128.107 - - [14/Sep/2017:13:06:48 +0200] "GET /entry.php?id=10778&form=11185&name=list& HTTP/1.1" 200 2546 "http://hausegger.activities.at/entry.php?id=11357&hiddetitle=1&" "Mozilla/5.0 (Windows NT 5.1) AppleWebKit/537.36 (KHTML, like Gecko) Chrome/49.0.2623.112 Safari/537.36"
90.152.128.107 - - [14/Sep/2017:13:06:50 +0200] "POST /entry.php?id=11357 HTTP/1.1" 200 2357 "http://hausegger.activities.at/entry.php?id=11357&hiddetitle=1&" "Mozilla/5.0 (Windows NT 5.1) AppleWebKit/537.36 (KHTML, like Gecko) Chrome/49.0.2623.112 Safari/537.36"
90.152.128.107 - - [14/Sep/2017:13:06:51 +0200] "GET /gui/javascript/form_lo_store_administration.js?1505387210 HTTP/1.1" 200 4261 "http://hausegger.activities.at/entry.php?id=11357" "Mozilla/5.0 (Windows NT 5.1) AppleWebKit/537.36 (KHTML, like Gecko) Chrome/49.0.2623.112 Safari/537.36"
90.152.128.107 - - [14/Sep/2017:13:06:51 +0200] "GET /gui/javascript/form_form.js?1505387211 HTTP/1.1" 200 16206 "http://hausegger.activities.at/entry.php?id=11357" "Mozilla/5.0 (Windows NT 5.1) AppleWebKit/537.36 (KHTML, like Gecko) Chrome/49.0.2623.112 Safari/537.36"
90.152.128.107 - - [14/Sep/2017:13:06:51 +0200] "GET /entry.php?id=10776&form=11185&name=list& HTTP/1.1" 200 1632 "http://hausegger.activities.at/entry.php?id=11357" "Mozilla/5.0 (Windows NT 5.1) AppleWebKit/537.36 (KHTML, like Gecko) Chrome/49.0.2623.112 Safari/537.36"
90.152.128.107 - - [14/Sep/2017:13:06:51 +0200] "GET /entry.php?id=10778&form=11185&name=list& HTTP/1.1" 200 11009 "http://hausegger.activities.at/entry.php?id=11357" "Mozilla/5.0 (Windows NT 5.1) AppleWebKit/537.36 (KHTML, like Gecko) Chrome/49.0.2623.112 Safari/537.36"
90.152.128.107 - - [14/Sep/2017:13:06:51 +0200] "GET /entry.php?id=10777&form=11185&name=list& HTTP/1.1" 200 1340 "http://hausegger.activities.at/entry.php?id=11357" "Mozilla/5.0 (Windows NT 5.1) AppleWebKit/537.36 (KHTML, like Gecko) Chrome/49.0.2623.112 Safari/537.36"
90.152.128.107 - - [14/Sep/2017:13:06:51 +0200] "GET /gui/images/icons/textedit.gif HTTP/1.1" 200 1019 "http://hausegger.activities.at/entry.php?id=10778&form=11185&name=list&" "Mozilla/5.0 (Windows NT 5.1) AppleWebKit/537.36 (KHTML, like Gecko) Chrome/49.0.2623.112 Safari/537.36"
90.152.128.107 - - [14/Sep/2017:13:06:51 +0200] "GET /gui/images/icons/printer.gif HTTP/1.1" 200 1013 "http://hausegger.activities.at/entry.php?id=10778&form=11185&name=list&" "Mozilla/5.0 (Windows NT 5.1) AppleWebKit/537.36 (KHTML, like Gecko) Chrome/49.0.2623.112 Safari/537.36"
90.152.128.107 - - [14/Sep/2017:13:07:15 +0200] "GET /entry.php?id=10271&&ser=387175 HTTP/1.1" 200 989 "http://hausegger.activities.at/entry.php?id=10271&&ser=387115" "Mozilla/5.0 (Windows NT 5.1) AppleWebKit/537.36 (KHTML, like Gecko) Chrome/49.0.2623.112 Safari/537.36"
90.152.128.107 - - [14/Sep/2017:13:07:15 +0200] "GET /gui/javascript/form_form.js?1505387235 HTTP/1.1" 200 16206 "http://hausegger.activities.at/entry.php?id=10271&&ser=387175" "Mozilla/5.0 (Windows NT 5.1) AppleWebKit/537.36 (KHTML, like Gecko) Chrome/49.0.2623.112 Safari/537.36"
178.165.128.196 - - [14/Sep/2017:13:07:42 +0200] "GET /entry.php?id=10271&&ser=387201 HTTP/1.1" 200 987 "http://hausegger.activities.at/entry.php?id=10271&&ser=387140" "Mozilla/5.0 (Windows NT 6.1; WOW64; rv:55.0) Gecko/20100101 Firefox/55.0"
178.165.128.196 - - [14/Sep/2017:13:07:42 +0200] "GET /gui/javascript/form_form.js?1505387262 HTTP/1.1" 200 16206 "http://hausegger.activities.at/entry.php?id=10271&&ser=387201" "Mozilla/5.0 (Windows NT 6.1; WOW64; rv:55.0) Gecko/20100101 Firefox/55.0"
90.152.128.107 - - [14/Sep/2017:13:08:15 +0200] "GET /entry.php?id=10271&&ser=387235 HTTP/1.1" 200 990 "http://hausegger.activities.at/entry.php?id=10271&&ser=387175" "Mozilla/5.0 (Windows NT 5.1) AppleWebKit/537.36 (KHTML, like Gecko) Chrome/49.0.2623.112 Safari/537.36"
90.152.128.107 - - [14/Sep/2017:13:08:15 +0200] "GET /gui/javascript/form_form.js?1505387295 HTTP/1.1" 200 16206 "http://hausegger.activities.at/entry.php?id=10271&&ser=387235" "Mozilla/5.0 (Windows NT 5.1) AppleWebKit/537.36 (KHTML, like Gecko) Chrome/49.0.2623.112 Safari/537.36"
178.165.128.196 - - [14/Sep/2017:13:08:42 +0200] "GET /entry.php?id=10271&&ser=387262 HTTP/1.1" 200 988 "http://hausegger.activities.at/entry.php?id=10271&&ser=387201" "Mozilla/5.0 (Windows NT 6.1; WOW64; rv:55.0) Gecko/20100101 Firefox/55.0"
178.165.128.196 - - [14/Sep/2017:13:08:43 +0200] "GET /gui/javascript/form_form.js?1505387323 HTTP/1.1" 200 16206 "http://hausegger.activities.at/entry.php?id=10271&&ser=387262" "Mozilla/5.0 (Windows NT 6.1; WOW64; rv:55.0) Gecko/20100101 Firefox/55.0"
90.152.128.107 - - [14/Sep/2017:13:09:15 +0200] "GET /entry.php?id=10271&&ser=387295 HTTP/1.1" 200 990 "http://hausegger.activities.at/entry.php?id=10271&&ser=387235" "Mozilla/5.0 (Windows NT 5.1) AppleWebKit/537.36 (KHTML, like Gecko) Chrome/49.0.2623.112 Safari/537.36"
90.152.128.107 - - [14/Sep/2017:13:09:15 +0200] "GET /gui/javascript/form_form.js?1505387355 HTTP/1.1" 200 16206 "http://hausegger.activities.at/entry.php?id=10271&&ser=387295" "Mozilla/5.0 (Windows NT 5.1) AppleWebKit/537.36 (KHTML, like Gecko) Chrome/49.0.2623.112 Safari/537.36"
178.165.128.196 - - [14/Sep/2017:13:09:43 +0200] "GET /entry.php?id=10271&&ser=387323 HTTP/1.1" 200 988 "http://hausegger.activities.at/entry.php?id=10271&&ser=387262" "Mozilla/5.0 (Windows NT 6.1; WOW64; rv:55.0) Gecko/20100101 Firefox/55.0"
178.165.128.196 - - [14/Sep/2017:13:09:44 +0200] "GET /gui/javascript/form_form.js?1505387383 HTTP/1.1" 200 16206 "http://hausegger.activities.at/entry.php?id=10271&&ser=387323" "Mozilla/5.0 (Windows NT 6.1; WOW64; rv:55.0) Gecko/20100101 Firefox/55.0"
90.152.128.107 - - [14/Sep/2017:13:10:15 +0200] "GET /entry.php?id=10271&&ser=387355 HTTP/1.1" 200 989 "http://hausegger.activities.at/entry.php?id=10271&&ser=387295" "Mozilla/5.0 (Windows NT 5.1) AppleWebKit/537.36 (KHTML, like Gecko) Chrome/49.0.2623.112 Safari/537.36"
90.152.128.107 - - [14/Sep/2017:13:10:16 +0200] "GET /gui/javascript/form_form.js?1505387415 HTTP/1.1" 200 16206 "http://hausegger.activities.at/entry.php?id=10271&&ser=387355" "Mozilla/5.0 (Windows NT 5.1) AppleWebKit/537.36 (KHTML, like Gecko) Chrome/49.0.2623.112 Safari/537.36"
178.165.128.196 - - [14/Sep/2017:13:10:45 +0200] "GET /entry.php?id=10271&&ser=387383 HTTP/1.1" 200 987 "http://hausegger.activities.at/entry.php?id=10271&&ser=387323" "Mozilla/5.0 (Windows NT 6.1; WOW64; rv:55.0) Gecko/20100101 Firefox/55.0"
178.165.128.196 - - [14/Sep/2017:13:10:45 +0200] "GET /gui/javascript/form_form.js?1505387445 HTTP/1.1" 200 16206 "http://hausegger.activities.at/entry.php?id=10271&&ser=387383" "Mozilla/5.0 (Windows NT 6.1; WOW64; rv:55.0) Gecko/20100101 Firefox/55.0"
90.152.128.107 - - [14/Sep/2017:13:11:16 +0200] "GET /entry.php?id=10271&&ser=387415 HTTP/1.1" 200 990 "http://hausegger.activities.at/entry.php?id=10271&&ser=387355" "Mozilla/5.0 (Windows NT 5.1) AppleWebKit/537.36 (KHTML, like Gecko) Chrome/49.0.2623.112 Safari/537.36"
90.152.128.107 - - [14/Sep/2017:13:11:16 +0200] "GET /gui/javascript/form_form.js?1505387476 HTTP/1.1" 200 16206 "http://hausegger.activities.at/entry.php?id=10271&&ser=387415" "Mozilla/5.0 (Windows NT 5.1) AppleWebKit/537.36 (KHTML, like Gecko) Chrome/49.0.2623.112 Safari/537.36"
178.165.128.196 - - [14/Sep/2017:13:11:46 +0200] "GET /entry.php?id=10271&&ser=387445 HTTP/1.1" 200 988 "http://hausegger.activities.at/entry.php?id=10271&&ser=387383" "Mozilla/5.0 (Windows NT 6.1; WOW64; rv:55.0) Gecko/20100101 Firefox/55.0"
178.165.128.196 - - [14/Sep/2017:13:11:46 +0200] "GET /gui/javascript/form_form.js?1505387506 HTTP/1.1" 200 16206 "http://hausegger.activities.at/entry.php?id=10271&&ser=387445" "Mozilla/5.0 (Windows NT 6.1; WOW64; rv:55.0) Gecko/20100101 Firefox/55.0"
90.152.128.107 - - [14/Sep/2017:13:12:16 +0200] "GET /entry.php?id=10271&&ser=387476 HTTP/1.1" 200 990 "http://hausegger.activities.at/entry.php?id=10271&&ser=387415" "Mozilla/5.0 (Windows NT 5.1) AppleWebKit/537.36 (KHTML, like Gecko) Chrome/49.0.2623.112 Safari/537.36"
90.152.128.107 - - [14/Sep/2017:13:12:16 +0200] "GET /gui/javascript/form_form.js?1505387536 HTTP/1.1" 200 16206 "http://hausegger.activities.at/entry.php?id=10271&&ser=387476" "Mozilla/5.0 (Windows NT 5.1) AppleWebKit/537.36 (KHTML, like Gecko) Chrome/49.0.2623.112 Safari/537.36"
178.165.128.196 - - [14/Sep/2017:13:12:46 +0200] "GET /entry.php?id=10271&&ser=387506 HTTP/1.1" 200 988 "http://hausegger.activities.at/entry.php?id=10271&&ser=387445" "Mozilla/5.0 (Windows NT 6.1; WOW64; rv:55.0) Gecko/20100101 Firefox/55.0"
178.165.128.196 - - [14/Sep/2017:13:12:47 +0200] "GET /gui/javascript/form_form.js?1505387567 HTTP/1.1" 200 16206 "http://hausegger.activities.at/entry.php?id=10271&&ser=387506" "Mozilla/5.0 (Windows NT 6.1; WOW64; rv:55.0) Gecko/20100101 Firefox/55.0"
90.152.128.107 - - [14/Sep/2017:13:13:17 +0200] "GET /entry.php?id=10271&&ser=387536 HTTP/1.1" 200 990 "http://hausegger.activities.at/entry.php?id=10271&&ser=387476" "Mozilla/5.0 (Windows NT 5.1) AppleWebKit/537.36 (KHTML, like Gecko) Chrome/49.0.2623.112 Safari/537.36"
90.152.128.107 - - [14/Sep/2017:13:13:17 +0200] "GET /gui/javascript/form_form.js?1505387597 HTTP/1.1" 200 16206 "http://hausegger.activities.at/entry.php?id=10271&&ser=387536" "Mozilla/5.0 (Windows NT 5.1) AppleWebKit/537.36 (KHTML, like Gecko) Chrome/49.0.2623.112 Safari/537.36"
178.165.128.196 - - [14/Sep/2017:13:13:48 +0200] "GET /entry.php?id=10271&&ser=387567 HTTP/1.1" 200 987 "http://hausegger.activities.at/entry.php?id=10271&&ser=387506" "Mozilla/5.0 (Windows NT 6.1; WOW64; rv:55.0) Gecko/20100101 Firefox/55.0"
178.165.128.196 - - [14/Sep/2017:13:13:48 +0200] "GET /gui/javascript/form_form.js?1505387628 HTTP/1.1" 200 16206 "http://hausegger.activities.at/entry.php?id=10271&&ser=387567" "Mozilla/5.0 (Windows NT 6.1; WOW64; rv:55.0) Gecko/20100101 Firefox/55.0"
90.152.128.107 - - [14/Sep/2017:13:14:17 +0200] "GET /entry.php?id=10271&&ser=387597 HTTP/1.1" 200 989 "http://hausegger.activities.at/entry.php?id=10271&&ser=387536" "Mozilla/5.0 (Windows NT 5.1) AppleWebKit/537.36 (KHTML, like Gecko) Chrome/49.0.2623.112 Safari/537.36"
90.152.128.107 - - [14/Sep/2017:13:14:17 +0200] "GET /gui/javascript/form_form.js?1505387657 HTTP/1.1" 200 16206 "http://hausegger.activities.at/entry.php?id=10271&&ser=387597" "Mozilla/5.0 (Windows NT 5.1) AppleWebKit/537.36 (KHTML, like Gecko) Chrome/49.0.2623.112 Safari/537.36"
178.165.128.196 - - [14/Sep/2017:13:14:49 +0200] "GET /entry.php?id=10271&&ser=387628 HTTP/1.1" 200 987 "http://hausegger.activities.at/entry.php?id=10271&&ser=387567" "Mozilla/5.0 (Windows NT 6.1; WOW64; rv:55.0) Gecko/20100101 Firefox/55.0"
178.165.128.196 - - [14/Sep/2017:13:14:50 +0200] "GET /gui/javascript/form_form.js?1505387689 HTTP/1.1" 200 16206 "http://hausegger.activities.at/entry.php?id=10271&&ser=387628" "Mozilla/5.0 (Windows NT 6.1; WOW64; rv:55.0) Gecko/20100101 Firefox/55.0"
90.152.128.107 - - [14/Sep/2017:13:15:17 +0200] "GET /entry.php?id=10271&&ser=387657 HTTP/1.1" 200 989 "http://hausegger.activities.at/entry.php?id=10271&&ser=387597" "Mozilla/5.0 (Windows NT 5.1) AppleWebKit/537.36 (KHTML, like Gecko) Chrome/49.0.2623.112 Safari/537.36"
90.152.128.107 - - [14/Sep/2017:13:15:17 +0200] "GET /gui/javascript/form_form.js?1505387717 HTTP/1.1" 200 16206 "http://hausegger.activities.at/entry.php?id=10271&&ser=387657" "Mozilla/5.0 (Windows NT 5.1) AppleWebKit/537.36 (KHTML, like Gecko) Chrome/49.0.2623.112 Safari/537.36"
178.165.128.196 - - [14/Sep/2017:13:15:52 +0200] "GET /entry.php?id=10271&&ser=387689 HTTP/1.1" 200 987 "http://hausegger.activities.at/entry.php?id=10271&&ser=387628" "Mozilla/5.0 (Windows NT 6.1; WOW64; rv:55.0) Gecko/20100101 Firefox/55.0"
178.165.128.196 - - [14/Sep/2017:13:15:52 +0200] "GET /gui/javascript/form_form.js?1505387752 HTTP/1.1" 200 16206 "http://hausegger.activities.at/entry.php?id=10271&&ser=387689" "Mozilla/5.0 (Windows NT 6.1; WOW64; rv:55.0) Gecko/20100101 Firefox/55.0"
90.152.128.107 - - [14/Sep/2017:13:16:17 +0200] "GET /entry.php?id=10271&&ser=387717 HTTP/1.1" 200 989 "http://hausegger.activities.at/entry.php?id=10271&&ser=387657" "Mozilla/5.0 (Windows NT 5.1) AppleWebKit/537.36 (KHTML, like Gecko) Chrome/49.0.2623.112 Safari/537.36"
90.152.128.107 - - [14/Sep/2017:13:16:17 +0200] "GET /gui/javascript/form_form.js?1505387777 HTTP/1.1" 200 16206 "http://hausegger.activities.at/entry.php?id=10271&&ser=387717" "Mozilla/5.0 (Windows NT 5.1) AppleWebKit/537.36 (KHTML, like Gecko) Chrome/49.0.2623.112 Safari/537.36"
178.165.128.196 - - [14/Sep/2017:13:16:53 +0200] "GET /entry.php?id=10271&&ser=387752 HTTP/1.1" 200 987 "http://hausegger.activities.at/entry.php?id=10271&&ser=387689" "Mozilla/5.0 (Windows NT 6.1; WOW64; rv:55.0) Gecko/20100101 Firefox/55.0"
178.165.128.196 - - [14/Sep/2017:13:16:54 +0200] "GET /gui/javascript/form_form.js?1505387813 HTTP/1.1" 200 16206 "http://hausegger.activities.at/entry.php?id=10271&&ser=387752" "Mozilla/5.0 (Windows NT 6.1; WOW64; rv:55.0) Gecko/20100101 Firefox/55.0"
90.152.128.107 - - [14/Sep/2017:13:17:17 +0200] "GET /entry.php?id=10271&&ser=387777 HTTP/1.1" 200 989 "http://hausegger.activities.at/entry.php?id=10271&&ser=387717" "Mozilla/5.0 (Windows NT 5.1) AppleWebKit/537.36 (KHTML, like Gecko) Chrome/49.0.2623.112 Safari/537.36"
90.152.128.107 - - [14/Sep/2017:13:17:17 +0200] "GET /gui/javascript/form_form.js?1505387837 HTTP/1.1" 200 16206 "http://hausegger.activities.at/entry.php?id=10271&&ser=387777" "Mozilla/5.0 (Windows NT 5.1) AppleWebKit/537.36 (KHTML, like Gecko) Chrome/49.0.2623.112 Safari/537.36"
178.165.128.196 - - [14/Sep/2017:13:17:55 +0200] "GET /entry.php?id=10271&&ser=387813 HTTP/1.1" 200 988 "http://hausegger.activities.at/entry.php?id=10271&&ser=387752" "Mozilla/5.0 (Windows NT 6.1; WOW64; rv:55.0) Gecko/20100101 Firefox/55.0"
178.165.128.196 - - [14/Sep/2017:13:17:55 +0200] "GET /gui/javascript/form_form.js?1505387875 HTTP/1.1" 200 16206 "http://hausegger.activities.at/entry.php?id=10271&&ser=387813" "Mozilla/5.0 (Windows NT 6.1; WOW64; rv:55.0) Gecko/20100101 Firefox/55.0"
90.152.128.107 - - [14/Sep/2017:13:18:17 +0200] "GET /entry.php?id=10271&&ser=387837 HTTP/1.1" 200 989 "http://hausegger.activities.at/entry.php?id=10271&&ser=387777" "Mozilla/5.0 (Windows NT 5.1) AppleWebKit/537.36 (KHTML, like Gecko) Chrome/49.0.2623.112 Safari/537.36"
90.152.128.107 - - [14/Sep/2017:13:18:17 +0200] "GET /gui/javascript/form_form.js?1505387897 HTTP/1.1" 200 16206 "http://hausegger.activities.at/entry.php?id=10271&&ser=387837" "Mozilla/5.0 (Windows NT 5.1) AppleWebKit/537.36 (KHTML, like Gecko) Chrome/49.0.2623.112 Safari/537.36"
178.165.128.196 - - [14/Sep/2017:13:18:56 +0200] "GET /entry.php?id=10271&&ser=387875 HTTP/1.1" 200 987 "http://hausegger.activities.at/entry.php?id=10271&&ser=387813" "Mozilla/5.0 (Windows NT 6.1; WOW64; rv:55.0) Gecko/20100101 Firefox/55.0"
178.165.128.196 - - [14/Sep/2017:13:18:57 +0200] "GET /gui/javascript/form_form.js?1505387936 HTTP/1.1" 200 16206 "http://hausegger.activities.at/entry.php?id=10271&&ser=387875" "Mozilla/5.0 (Windows NT 6.1; WOW64; rv:55.0) Gecko/20100101 Firefox/55.0"
90.152.128.107 - - [14/Sep/2017:13:19:17 +0200] "GET /entry.php?id=10271&&ser=387897 HTTP/1.1" 200 990 "http://hausegger.activities.at/entry.php?id=10271&&ser=387837" "Mozilla/5.0 (Windows NT 5.1) AppleWebKit/537.36 (KHTML, like Gecko) Chrome/49.0.2623.112 Safari/537.36"
90.152.128.107 - - [14/Sep/2017:13:19:17 +0200] "GET /gui/javascript/form_form.js?1505387957 HTTP/1.1" 200 16206 "http://hausegger.activities.at/entry.php?id=10271&&ser=387897" "Mozilla/5.0 (Windows NT 5.1) AppleWebKit/537.36 (KHTML, like Gecko) Chrome/49.0.2623.112 Safari/537.36"
178.165.128.196 - - [14/Sep/2017:13:19:57 +0200] "GET /entry.php?id=10271&&ser=387936 HTTP/1.1" 200 987 "http://hausegger.activities.at/entry.php?id=10271&&ser=387875" "Mozilla/5.0 (Windows NT 6.1; WOW64; rv:55.0) Gecko/20100101 Firefox/55.0"
178.165.128.196 - - [14/Sep/2017:13:19:57 +0200] "GET /gui/javascript/form_form.js?1505387997 HTTP/1.1" 200 16206 "http://hausegger.activities.at/entry.php?id=10271&&ser=387936" "Mozilla/5.0 (Windows NT 6.1; WOW64; rv:55.0) Gecko/20100101 Firefox/55.0"
90.152.128.107 - - [14/Sep/2017:13:20:17 +0200] "GET /entry.php?id=10271&&ser=387957 HTTP/1.1" 200 989 "http://hausegger.activities.at/entry.php?id=10271&&ser=387897" "Mozilla/5.0 (Windows NT 5.1) AppleWebKit/537.36 (KHTML, like Gecko) Chrome/49.0.2623.112 Safari/537.36"
90.152.128.107 - - [14/Sep/2017:13:20:17 +0200] "GET /gui/javascript/form_form.js?1505388017 HTTP/1.1" 200 16206 "http://hausegger.activities.at/entry.php?id=10271&&ser=387957" "Mozilla/5.0 (Windows NT 5.1) AppleWebKit/537.36 (KHTML, like Gecko) Chrome/49.0.2623.112 Safari/537.36"
178.165.128.196 - - [14/Sep/2017:13:20:59 +0200] "GET /entry.php?id=10271&&ser=387997 HTTP/1.1" 200 988 "http://hausegger.activities.at/entry.php?id=10271&&ser=387936" "Mozilla/5.0 (Windows NT 6.1; WOW64; rv:55.0) Gecko/20100101 Firefox/55.0"
178.165.128.196 - - [14/Sep/2017:13:20:59 +0200] "GET /gui/javascript/form_form.js?1505388059 HTTP/1.1" 200 16206 "http://hausegger.activities.at/entry.php?id=10271&&ser=387997" "Mozilla/5.0 (Windows NT 6.1; WOW64; rv:55.0) Gecko/20100101 Firefox/55.0"
90.152.128.107 - - [14/Sep/2017:13:21:17 +0200] "GET /entry.php?id=10271&&ser=388017 HTTP/1.1" 200 989 "http://hausegger.activities.at/entry.php?id=10271&&ser=387957" "Mozilla/5.0 (Windows NT 5.1) AppleWebKit/537.36 (KHTML, like Gecko) Chrome/49.0.2623.112 Safari/537.36"
90.152.128.107 - - [14/Sep/2017:13:21:17 +0200] "GET /gui/javascript/form_form.js?1505388077 HTTP/1.1" 200 16206 "http://hausegger.activities.at/entry.php?id=10271&&ser=388017" "Mozilla/5.0 (Windows NT 5.1) AppleWebKit/537.36 (KHTML, like Gecko) Chrome/49.0.2623.112 Safari/537.36"
178.165.128.196 - - [14/Sep/2017:13:22:00 +0200] "GET /entry.php?id=10271&&ser=388059 HTTP/1.1" 200 986 "http://hausegger.activities.at/entry.php?id=10271&&ser=387997" "Mozilla/5.0 (Windows NT 6.1; WOW64; rv:55.0) Gecko/20100101 Firefox/55.0"
178.165.128.196 - - [14/Sep/2017:13:22:00 +0200] "GET /gui/javascript/form_form.js?1505388120 HTTP/1.1" 200 16206 "http://hausegger.activities.at/entry.php?id=10271&&ser=388059" "Mozilla/5.0 (Windows NT 6.1; WOW64; rv:55.0) Gecko/20100101 Firefox/55.0"
90.152.128.107 - - [14/Sep/2017:13:22:17 +0200] "GET /entry.php?id=10271&&ser=388077 HTTP/1.1" 200 989 "http://hausegger.activities.at/entry.php?id=10271&&ser=388017" "Mozilla/5.0 (Windows NT 5.1) AppleWebKit/537.36 (KHTML, like Gecko) Chrome/49.0.2623.112 Safari/537.36"
90.152.128.107 - - [14/Sep/2017:13:22:17 +0200] "GET /gui/javascript/form_form.js?1505388137 HTTP/1.1" 200 16206 "http://hausegger.activities.at/entry.php?id=10271&&ser=388077" "Mozilla/5.0 (Windows NT 5.1) AppleWebKit/537.36 (KHTML, like Gecko) Chrome/49.0.2623.112 Safari/537.36"
178.165.128.196 - - [14/Sep/2017:13:23:01 +0200] "GET /entry.php?id=10271&&ser=388120 HTTP/1.1" 200 985 "http://hausegger.activities.at/entry.php?id=10271&&ser=388059" "Mozilla/5.0 (Windows NT 6.1; WOW64; rv:55.0) Gecko/20100101 Firefox/55.0"
178.165.128.196 - - [14/Sep/2017:13:23:01 +0200] "GET /gui/javascript/form_form.js?1505388181 HTTP/1.1" 200 16206 "http://hausegger.activities.at/entry.php?id=10271&&ser=388120" "Mozilla/5.0 (Windows NT 6.1; WOW64; rv:55.0) Gecko/20100101 Firefox/55.0"
90.152.128.107 - - [14/Sep/2017:13:23:17 +0200] "GET /entry.php?id=10271&&ser=388137 HTTP/1.1" 200 988 "http://hausegger.activities.at/entry.php?id=10271&&ser=388077" "Mozilla/5.0 (Windows NT 5.1) AppleWebKit/537.36 (KHTML, like Gecko) Chrome/49.0.2623.112 Safari/537.36"
90.152.128.107 - - [14/Sep/2017:13:23:17 +0200] "GET /gui/javascript/form_form.js?1505388197 HTTP/1.1" 200 16206 "http://hausegger.activities.at/entry.php?id=10271&&ser=388137" "Mozilla/5.0 (Windows NT 5.1) AppleWebKit/537.36 (KHTML, like Gecko) Chrome/49.0.2623.112 Safari/537.36"
178.165.128.196 - - [14/Sep/2017:13:24:02 +0200] "GET /entry.php?id=10271&&ser=388181 HTTP/1.1" 200 987 "http://hausegger.activities.at/entry.php?id=10271&&ser=388120" "Mozilla/5.0 (Windows NT 6.1; WOW64; rv:55.0) Gecko/20100101 Firefox/55.0"
178.165.128.196 - - [14/Sep/2017:13:24:02 +0200] "GET /gui/javascript/form_form.js?1505388242 HTTP/1.1" 200 16206 "http://hausegger.activities.at/entry.php?id=10271&&ser=388181" "Mozilla/5.0 (Windows NT 6.1; WOW64; rv:55.0) Gecko/20100101 Firefox/55.0"
90.152.128.107 - - [14/Sep/2017:13:24:17 +0200] "GET /entry.php?id=10271&&ser=388197 HTTP/1.1" 200 990 "http://hausegger.activities.at/entry.php?id=10271&&ser=388137" "Mozilla/5.0 (Windows NT 5.1) AppleWebKit/537.36 (KHTML, like Gecko) Chrome/49.0.2623.112 Safari/537.36"
90.152.128.107 - - [14/Sep/2017:13:24:17 +0200] "GET /gui/javascript/form_form.js?1505388257 HTTP/1.1" 200 16206 "http://hausegger.activities.at/entry.php?id=10271&&ser=388197" "Mozilla/5.0 (Windows NT 5.1) AppleWebKit/537.36 (KHTML, like Gecko) Chrome/49.0.2623.112 Safari/537.36"
178.165.128.196 - - [14/Sep/2017:13:25:03 +0200] "GET /entry.php?id=10271&&ser=388242 HTTP/1.1" 200 988 "http://hausegger.activities.at/entry.php?id=10271&&ser=388181" "Mozilla/5.0 (Windows NT 6.1; WOW64; rv:55.0) Gecko/20100101 Firefox/55.0"
178.165.128.196 - - [14/Sep/2017:13:25:03 +0200] "GET /gui/javascript/form_form.js?1505388303 HTTP/1.1" 200 16206 "http://hausegger.activities.at/entry.php?id=10271&&ser=388242" "Mozilla/5.0 (Windows NT 6.1; WOW64; rv:55.0) Gecko/20100101 Firefox/55.0"
90.152.128.107 - - [14/Sep/2017:13:25:17 +0200] "GET /entry.php?id=10271&&ser=388257 HTTP/1.1" 200 989 "http://hausegger.activities.at/entry.php?id=10271&&ser=388197" "Mozilla/5.0 (Windows NT 5.1) AppleWebKit/537.36 (KHTML, like Gecko) Chrome/49.0.2623.112 Safari/537.36"
90.152.128.107 - - [14/Sep/2017:13:25:17 +0200] "GET /gui/javascript/form_form.js?1505388317 HTTP/1.1" 200 16206 "http://hausegger.activities.at/entry.php?id=10271&&ser=388257" "Mozilla/5.0 (Windows NT 5.1) AppleWebKit/537.36 (KHTML, like Gecko) Chrome/49.0.2623.112 Safari/537.36"
178.165.128.196 - - [14/Sep/2017:13:26:04 +0200] "GET /entry.php?id=10271&&ser=388303 HTTP/1.1" 200 987 "http://hausegger.activities.at/entry.php?id=10271&&ser=388242" "Mozilla/5.0 (Windows NT 6.1; WOW64; rv:55.0) Gecko/20100101 Firefox/55.0"
178.165.128.196 - - [14/Sep/2017:13:26:04 +0200] "GET /gui/javascript/form_form.js?1505388364 HTTP/1.1" 200 16206 "http://hausegger.activities.at/entry.php?id=10271&&ser=388303" "Mozilla/5.0 (Windows NT 6.1; WOW64; rv:55.0) Gecko/20100101 Firefox/55.0"
90.152.128.107 - - [14/Sep/2017:13:26:17 +0200] "GET /entry.php?id=10271&&ser=388317 HTTP/1.1" 200 989 "http://hausegger.activities.at/entry.php?id=10271&&ser=388257" "Mozilla/5.0 (Windows NT 5.1) AppleWebKit/537.36 (KHTML, like Gecko) Chrome/49.0.2623.112 Safari/537.36"
90.152.128.107 - - [14/Sep/2017:13:26:18 +0200] "GET /gui/javascript/form_form.js?1505388378 HTTP/1.1" 200 16206 "http://hausegger.activities.at/entry.php?id=10271&&ser=388317" "Mozilla/5.0 (Windows NT 5.1) AppleWebKit/537.36 (KHTML, like Gecko) Chrome/49.0.2623.112 Safari/537.36"
178.165.128.196 - - [14/Sep/2017:13:27:06 +0200] "GET /entry.php?id=10271&&ser=388364 HTTP/1.1" 200 987 "http://hausegger.activities.at/entry.php?id=10271&&ser=388303" "Mozilla/5.0 (Windows NT 6.1; WOW64; rv:55.0) Gecko/20100101 Firefox/55.0"
