178.165.128.196 - - [14/Sep/2017:13:27:06 +0200] "GET /gui/javascript/form_form.js?1505388426 HTTP/1.1" 200 16206 "http://hausegger.activities.at/entry.php?id=10271&&ser=388364" "Mozilla/5.0 (Windows NT 6.1; WOW64; rv:55.0) Gecko/20100101 Firefox/55.0"
90.152.128.107 - - [14/Sep/2017:13:27:18 +0200] "GET /entry.php?id=10271&&ser=388378 HTTP/1.1" 200 989 "http://hausegger.activities.at/entry.php?id=10271&&ser=388317" "Mozilla/5.0 (Windows NT 5.1) AppleWebKit/537.36 (KHTML, like Gecko) Chrome/49.0.2623.112 Safari/537.36"
90.152.128.107 - - [14/Sep/2017:13:27:18 +0200] "GET /gui/javascript/form_form.js?1505388438 HTTP/1.1" 200 16206 "http://hausegger.activities.at/entry.php?id=10271&&ser=388378" "Mozilla/5.0 (Windows NT 5.1) AppleWebKit/537.36 (KHTML, like Gecko) Chrome/49.0.2623.112 Safari/537.36"
178.165.128.196 - - [14/Sep/2017:13:28:06 +0200] "GET /entry.php?id=10271&&ser=388426 HTTP/1.1" 200 987 "http://hausegger.activities.at/entry.php?id=10271&&ser=388364" "Mozilla/5.0 (Windows NT 6.1; WOW64; rv:55.0) Gecko/20100101 Firefox/55.0"
178.165.128.196 - - [14/Sep/2017:13:28:07 +0200] "GET /gui/javascript/form_form.js?1505388487 HTTP/1.1" 200 16206 "http://hausegger.activities.at/entry.php?id=10271&&ser=388426" "Mozilla/5.0 (Windows NT 6.1; WOW64; rv:55.0) Gecko/20100101 Firefox/55.0"
90.152.128.107 - - [14/Sep/2017:13:28:17 +0200] "GET /entry.php?id=10271&&ser=388438 HTTP/1.1" 200 989 "http://hausegger.activities.at/entry.php?id=10271&&ser=388378" "Mozilla/5.0 (Windows NT 5.1) AppleWebKit/537.36 (KHTML, like Gecko) Chrome/49.0.2623.112 Safari/537.36"
90.152.128.107 - - [14/Sep/2017:13:28:17 +0200] "GET /gui/javascript/form_form.js?1505388497 HTTP/1.1" 200 16206 "http://hausegger.activities.at/entry.php?id=10271&&ser=388438" "Mozilla/5.0 (Windows NT 5.1) AppleWebKit/537.36 (KHTML, like Gecko) Chrome/49.0.2623.112 Safari/537.36"
178.165.128.196 - - [14/Sep/2017:13:29:07 +0200] "GET /entry.php?id=10271&&ser=388487 HTTP/1.1" 200 987 "http://hausegger.activities.at/entry.php?id=10271&&ser=388426" "Mozilla/5.0 (Windows NT 6.1; WOW64; rv:55.0) Gecko/20100101 Firefox/55.0"
178.165.128.196 - - [14/Sep/2017:13:29:08 +0200] "GET /gui/javascript/form_form.js?1505388547 HTTP/1.1" 200 16206 "http://hausegger.activities.at/entry.php?id=10271&&ser=388487" "Mozilla/5.0 (Windows NT 6.1; WOW64; rv:55.0) Gecko/20100101 Firefox/55.0"
90.152.128.107 - - [14/Sep/2017:13:29:16 +0200] "GET /entry.php?id=10271&&ser=388497 HTTP/1.1" 200 990 "http://hausegger.activities.at/entry.php?id=10271&&ser=388438" "Mozilla/5.0 (Windows NT 5.1) AppleWebKit/537.36 (KHTML, like Gecko) Chrome/49.0.2623.112 Safari/537.36"
90.152.128.107 - - [14/Sep/2017:13:29:16 +0200] "GET /gui/javascript/form_form.js?1505388556 HTTP/1.1" 200 16206 "http://hausegger.activities.at/entry.php?id=10271&&ser=388497" "Mozilla/5.0 (Windows NT 5.1) AppleWebKit/537.36 (KHTML, like Gecko) Chrome/49.0.2623.112 Safari/537.36"
178.165.128.196 - - [14/Sep/2017:13:30:08 +0200] "GET /entry.php?id=10271&&ser=388547 HTTP/1.1" 200 987 "http://hausegger.activities.at/entry.php?id=10271&&ser=388487" "Mozilla/5.0 (Windows NT 6.1; WOW64; rv:55.0) Gecko/20100101 Firefox/55.0"
178.165.128.196 - - [14/Sep/2017:13:30:08 +0200] "GET /gui/javascript/form_form.js?1505388608 HTTP/1.1" 200 16206 "http://hausegger.activities.at/entry.php?id=10271&&ser=388547" "Mozilla/5.0 (Windows NT 6.1; WOW64; rv:55.0) Gecko/20100101 Firefox/55.0"
90.152.128.107 - - [14/Sep/2017:13:30:15 +0200] "GET /entry.php?id=10271&&ser=388556 HTTP/1.1" 200 990 "http://hausegger.activities.at/entry.php?id=10271&&ser=388497" "Mozilla/5.0 (Windows NT 5.1) AppleWebKit/537.36 (KHTML, like Gecko) Chrome/49.0.2623.112 Safari/537.36"
90.152.128.107 - - [14/Sep/2017:13:30:15 +0200] "GET /gui/javascript/form_form.js?1505388615 HTTP/1.1" 200 16206 "http://hausegger.activities.at/entry.php?id=10271&&ser=388556" "Mozilla/5.0 (Windows NT 5.1) AppleWebKit/537.36 (KHTML, like Gecko) Chrome/49.0.2623.112 Safari/537.36"
178.165.128.196 - - [14/Sep/2017:13:31:09 +0200] "GET /entry.php?id=10271&&ser=388608 HTTP/1.1" 200 987 "http://hausegger.activities.at/entry.php?id=10271&&ser=388547" "Mozilla/5.0 (Windows NT 6.1; WOW64; rv:55.0) Gecko/20100101 Firefox/55.0"
178.165.128.196 - - [14/Sep/2017:13:31:09 +0200] "GET /gui/javascript/form_form.js?1505388669 HTTP/1.1" 200 16206 "http://hausegger.activities.at/entry.php?id=10271&&ser=388608" "Mozilla/5.0 (Windows NT 6.1; WOW64; rv:55.0) Gecko/20100101 Firefox/55.0"
90.152.128.107 - - [14/Sep/2017:13:31:14 +0200] "GET /entry.php?id=10271&&ser=388615 HTTP/1.1" 200 989 "http://hausegger.activities.at/entry.php?id=10271&&ser=388556" "Mozilla/5.0 (Windows NT 5.1) AppleWebKit/537.36 (KHTML, like Gecko) Chrome/49.0.2623.112 Safari/537.36"
90.152.128.107 - - [14/Sep/2017:13:31:14 +0200] "GET /gui/javascript/form_form.js?1505388674 HTTP/1.1" 200 16206 "http://hausegger.activities.at/entry.php?id=10271&&ser=388615" "Mozilla/5.0 (Windows NT 5.1) AppleWebKit/537.36 (KHTML, like Gecko) Chrome/49.0.2623.112 Safari/537.36"
178.165.128.196 - - [14/Sep/2017:13:32:09 +0200] "GET /entry.php?id=10271&&ser=388669 HTTP/1.1" 200 987 "http://hausegger.activities.at/entry.php?id=10271&&ser=388608" "Mozilla/5.0 (Windows NT 6.1; WOW64; rv:55.0) Gecko/20100101 Firefox/55.0"
178.165.128.196 - - [14/Sep/2017:13:32:10 +0200] "GET /gui/javascript/form_form.js?1505388730 HTTP/1.1" 200 16206 "http://hausegger.activities.at/entry.php?id=10271&&ser=388669" "Mozilla/5.0 (Windows NT 6.1; WOW64; rv:55.0) Gecko/20100101 Firefox/55.0"
90.152.128.107 - - [14/Sep/2017:13:32:13 +0200] "GET /entry.php?id=10271&&ser=388674 HTTP/1.1" 200 990 "http://hausegger.activities.at/entry.php?id=10271&&ser=388615" "Mozilla/5.0 (Windows NT 5.1) AppleWebKit/537.36 (KHTML, like Gecko) Chrome/49.0.2623.112 Safari/537.36"
90.152.128.107 - - [14/Sep/2017:13:32:13 +0200] "GET /gui/javascript/form_form.js?1505388733 HTTP/1.1" 200 16206 "http://hausegger.activities.at/entry.php?id=10271&&ser=388674" "Mozilla/5.0 (Windows NT 5.1) AppleWebKit/537.36 (KHTML, like Gecko) Chrome/49.0.2623.112 Safari/537.36"
178.165.128.196 - - [14/Sep/2017:13:33:10 +0200] "GET /entry.php?id=10271&&ser=388730 HTTP/1.1" 200 987 "http://hausegger.activities.at/entry.php?id=10271&&ser=388669" "Mozilla/5.0 (Windows NT 6.1; WOW64; rv:55.0) Gecko/20100101 Firefox/55.0"
178.165.128.196 - - [14/Sep/2017:13:33:11 +0200] "GET /gui/javascript/form_form.js?1505388790 HTTP/1.1" 200 16206 "http://hausegger.activities.at/entry.php?id=10271&&ser=388730" "Mozilla/5.0 (Windows NT 6.1; WOW64; rv:55.0) Gecko/20100101 Firefox/55.0"
90.152.128.107 - - [14/Sep/2017:13:33:13 +0200] "GET /entry.php?id=10271&&ser=388733 HTTP/1.1" 200 989 "http://hausegger.activities.at/entry.php?id=10271&&ser=388674" "Mozilla/5.0 (Windows NT 5.1) AppleWebKit/537.36 (KHTML, like Gecko) Chrome/49.0.2623.112 Safari/537.36"
90.152.128.107 - - [14/Sep/2017:13:33:13 +0200] "GET /gui/javascript/form_form.js?1505388793 HTTP/1.1" 200 16206 "http://hausegger.activities.at/entry.php?id=10271&&ser=388733" "Mozilla/5.0 (Windows NT 5.1) AppleWebKit/537.36 (KHTML, like Gecko) Chrome/49.0.2623.112 Safari/537.36"
178.165.128.196 - - [14/Sep/2017:13:34:11 +0200] "GET /entry.php?id=10271&&ser=388790 HTTP/1.1" 200 986 "http://hausegger.activities.at/entry.php?id=10271&&ser=388730" "Mozilla/5.0 (Windows NT 6.1; WOW64; rv:55.0) Gecko/20100101 Firefox/55.0"
178.165.128.196 - - [14/Sep/2017:13:34:11 +0200] "GET /gui/javascript/form_form.js?1505388851 HTTP/1.1" 200 16206 "http://hausegger.activities.at/entry.php?id=10271&&ser=388790" "Mozilla/5.0 (Windows NT 6.1; WOW64; rv:55.0) Gecko/20100101 Firefox/55.0"
90.152.128.107 - - [14/Sep/2017:13:34:13 +0200] "GET /entry.php?id=10271&&ser=388793 HTTP/1.1" 200 991 "http://hausegger.activities.at/entry.php?id=10271&&ser=388733" "Mozilla/5.0 (Windows NT 5.1) AppleWebKit/537.36 (KHTML, like Gecko) Chrome/49.0.2623.112 Safari/537.36"
90.152.128.107 - - [14/Sep/2017:13:34:14 +0200] "GET /gui/javascript/form_form.js?1505388854 HTTP/1.1" 200 16206 "http://hausegger.activities.at/entry.php?id=10271&&ser=388793" "Mozilla/5.0 (Windows NT 5.1) AppleWebKit/537.36 (KHTML, like Gecko) Chrome/49.0.2623.112 Safari/537.36"
178.165.128.196 - - [14/Sep/2017:13:35:12 +0200] "GET /entry.php?id=10271&&ser=388851 HTTP/1.1" 200 987 "http://hausegger.activities.at/entry.php?id=10271&&ser=388790" "Mozilla/5.0 (Windows NT 6.1; WOW64; rv:55.0) Gecko/20100101 Firefox/55.0"
178.165.128.196 - - [14/Sep/2017:13:35:12 +0200] "GET /gui/javascript/form_form.js?1505388912 HTTP/1.1" 200 16206 "http://hausegger.activities.at/entry.php?id=10271&&ser=388851" "Mozilla/5.0 (Windows NT 6.1; WOW64; rv:55.0) Gecko/20100101 Firefox/55.0"
90.152.128.107 - - [14/Sep/2017:13:35:14 +0200] "GET /entry.php?id=10271&&ser=388853 HTTP/1.1" 200 989 "http://hausegger.activities.at/entry.php?id=10271&&ser=388793" "Mozilla/5.0 (Windows NT 5.1) AppleWebKit/537.36 (KHTML, like Gecko) Chrome/49.0.2623.112 Safari/537.36"
90.152.128.107 - - [14/Sep/2017:13:35:14 +0200] "GET /gui/javascript/form_form.js?1505388914 HTTP/1.1" 200 16206 "http://hausegger.activities.at/entry.php?id=10271&&ser=388853" "Mozilla/5.0 (Windows NT 5.1) AppleWebKit/537.36 (KHTML, like Gecko) Chrome/49.0.2623.112 Safari/537.36"
178.165.128.196 - - [14/Sep/2017:13:36:13 +0200] "GET /entry.php?id=10271&&ser=388912 HTTP/1.1" 200 987 "http://hausegger.activities.at/entry.php?id=10271&&ser=388851" "Mozilla/5.0 (Windows NT 6.1; WOW64; rv:55.0) Gecko/20100101 Firefox/55.0"
178.165.128.196 - - [14/Sep/2017:13:36:13 +0200] "GET /gui/javascript/form_form.js?1505388973 HTTP/1.1" 200 16206 "http://hausegger.activities.at/entry.php?id=10271&&ser=388912" "Mozilla/5.0 (Windows NT 6.1; WOW64; rv:55.0) Gecko/20100101 Firefox/55.0"
90.152.128.107 - - [14/Sep/2017:13:36:14 +0200] "GET /entry.php?id=10271&&ser=388914 HTTP/1.1" 200 989 "http://hausegger.activities.at/entry.php?id=10271&&ser=388853" "Mozilla/5.0 (Windows NT 5.1) AppleWebKit/537.36 (KHTML, like Gecko) Chrome/49.0.2623.112 Safari/537.36"
90.152.128.107 - - [14/Sep/2017:13:36:14 +0200] "GET /gui/javascript/form_form.js?1505388974 HTTP/1.1" 200 16206 "http://hausegger.activities.at/entry.php?id=10271&&ser=388914" "Mozilla/5.0 (Windows NT 5.1) AppleWebKit/537.36 (KHTML, like Gecko) Chrome/49.0.2623.112 Safari/537.36"
178.165.128.196 - - [14/Sep/2017:13:36:30 +0200] "GET /entry.php?id=10831 HTTP/1.1" 200 8823 "http://hausegger.activities.at/entry.php?id=10270&__app__=10006038" "Mozilla/5.0 (Windows NT 6.1; WOW64; rv:55.0) Gecko/20100101 Firefox/55.0"
178.165.128.196 - - [14/Sep/2017:13:36:30 +0200] "GET /gui/javascript/form_form.js?1505388990 HTTP/1.1" 200 16206 "http://hausegger.activities.at/entry.php?id=10831" "Mozilla/5.0 (Windows NT 6.1; WOW64; rv:55.0) Gecko/20100101 Firefox/55.0"
178.165.128.196 - - [14/Sep/2017:13:36:31 +0200] "GET /entry.php?id=10889&document_id=& HTTP/1.1" 200 1509 "http://hausegger.activities.at/entry.php?id=10831" "Mozilla/5.0 (Windows NT 6.1; WOW64; rv:55.0) Gecko/20100101 Firefox/55.0"
178.165.128.196 - - [14/Sep/2017:13:36:31 +0200] "GET /gui/javascript/form_form.js?1505388991 HTTP/1.1" 200 16206 "http://hausegger.activities.at/entry.php?id=10889&document_id=&" "Mozilla/5.0 (Windows NT 6.1; WOW64; rv:55.0) Gecko/20100101 Firefox/55.0"
178.165.128.196 - - [14/Sep/2017:13:36:33 +0200] "GET /gui/images/progressbar.gif HTTP/1.1" 304 - "http://hausegger.activities.at/entry.php?id=10272" "Mozilla/5.0 (Windows NT 6.1; WOW64; rv:55.0) Gecko/20100101 Firefox/55.0"
178.165.128.196 - - [14/Sep/2017:13:36:33 +0200] "POST /entry.php?id=10831 HTTP/1.1" 200 8907 "http://hausegger.activities.at/entry.php?id=10831" "Mozilla/5.0 (Windows NT 6.1; WOW64; rv:55.0) Gecko/20100101 Firefox/55.0"
178.165.128.196 - - [14/Sep/2017:13:36:34 +0200] "GET /gui/javascript/form_form.js?1505388994 HTTP/1.1" 200 16206 "http://hausegger.activities.at/entry.php?id=10831" "Mozilla/5.0 (Windows NT 6.1; WOW64; rv:55.0) Gecko/20100101 Firefox/55.0"
178.165.128.196 - - [14/Sep/2017:13:36:34 +0200] "GET /gui/images/icons/kalender.gif HTTP/1.1" 304 - "http://hausegger.activities.at/entry.php?id=10831" "Mozilla/5.0 (Windows NT 6.1; WOW64; rv:55.0) Gecko/20100101 Firefox/55.0"
178.165.128.196 - - [14/Sep/2017:13:36:34 +0200] "GET /entry.php?id=10889&document_id=& HTTP/1.1" 200 1510 "http://hausegger.activities.at/entry.php?id=10831" "Mozilla/5.0 (Windows NT 6.1; WOW64; rv:55.0) Gecko/20100101 Firefox/55.0"
178.165.128.196 - - [14/Sep/2017:13:36:35 +0200] "GET /entry.php?id=10877&mode=loadSearchCustomer&obj=number&tag=kreditor&value=1&ser=1505388998995 HTTP/1.1" 200 3477 "http://hausegger.activities.at/entry.php?id=10831" "Mozilla/5.0 (Windows NT 6.1; WOW64; rv:55.0) Gecko/20100101 Firefox/55.0"
178.165.128.196 - - [14/Sep/2017:13:36:36 +0200] "POST /entry.php?id=10889 HTTP/1.1" 200 1773 "http://hausegger.activities.at/entry.php?id=10889&document_id=&" "Mozilla/5.0 (Windows NT 6.1; WOW64; rv:55.0) Gecko/20100101 Firefox/55.0"
178.165.128.196 - - [14/Sep/2017:13:36:37 +0200] "GET /gui/javascript/form_form.js?1505388996 HTTP/1.1" 200 16206 "http://hausegger.activities.at/entry.php?id=10889" "Mozilla/5.0 (Windows NT 6.1; WOW64; rv:55.0) Gecko/20100101 Firefox/55.0"
178.165.128.196 - - [14/Sep/2017:13:36:51 +0200] "POST /entry.php?id=10831 HTTP/1.1" 200 8333 "http://hausegger.activities.at/entry.php?id=10831" "Mozilla/5.0 (Windows NT 6.1; WOW64; rv:55.0) Gecko/20100101 Firefox/55.0"
178.165.128.196 - - [14/Sep/2017:13:36:52 +0200] "GET /gui/javascript/form_form.js?1505389012 HTTP/1.1" 200 16206 "http://hausegger.activities.at/entry.php?id=10831" "Mozilla/5.0 (Windows NT 6.1; WOW64; rv:55.0) Gecko/20100101 Firefox/55.0"
178.165.128.196 - - [14/Sep/2017:13:36:53 +0200] "GET /entry.php?id=10889&document_id=10275394& HTTP/1.1" 200 1510 "http://hausegger.activities.at/entry.php?id=10831" "Mozilla/5.0 (Windows NT 6.1; WOW64; rv:55.0) Gecko/20100101 Firefox/55.0"
178.165.128.196 - - [14/Sep/2017:13:36:53 +0200] "POST /entry.php?id=10831 HTTP/1.1" 200 4686 "http://hausegger.activities.at/entry.php?id=10831" "Mozilla/5.0 (Windows NT 6.1; WOW64; rv:55.0) Gecko/20100101 Firefox/55.0"
178.165.128.196 - - [14/Sep/2017:13:36:54 +0200] "GET /gui/javascript/form_form.js?1505389014 HTTP/1.1" 200 16206 "http://hausegger.activities.at/entry.php?id=10831" "Mozilla/5.0 (Windows NT 6.1; WOW64; rv:55.0) Gecko/20100101 Firefox/55.0"
178.165.128.196 - - [14/Sep/2017:13:36:54 +0200] "GET /entry.php?id=10830&&object=10275394&account=&mode=documentkreditor HTTP/1.1" 200 3137 "http://hausegger.activities.at/entry.php?id=10831" "Mozilla/5.0 (Windows NT 6.1; WOW64; rv:55.0) Gecko/20100101 Firefox/55.0"
178.165.128.196 - - [14/Sep/2017:13:36:55 +0200] "GET /gui/images/icons/ajax_loading.gif HTTP/1.1" 304 - "http://hausegger.activities.at/entry.php?id=10830&&object=10275394&account=&mode=documentkreditor" "Mozilla/5.0 (Windows NT 6.1; WOW64; rv:55.0) Gecko/20100101 Firefox/55.0"
178.165.128.196 - - [14/Sep/2017:13:36:55 +0200] "GET /framework/icons/fwx_trans.gif HTTP/1.1" 304 - "http://hausegger.activities.at/entry.php?id=10830&&object=10275394&account=&mode=documentkreditor" "Mozilla/5.0 (Windows NT 6.1; WOW64; rv:55.0) Gecko/20100101 Firefox/55.0"
178.165.128.196 - - [14/Sep/2017:13:36:54 +0200] "GET /entry.php?id=10889&document_id=10275394& HTTP/1.1" 200 1510 "http://hausegger.activities.at/entry.php?id=10831" "Mozilla/5.0 (Windows NT 6.1; WOW64; rv:55.0) Gecko/20100101 Firefox/55.0"
178.165.128.196 - - [14/Sep/2017:13:36:55 +0200] "GET /gui/javascript/form_form.js?1505389015 HTTP/1.1" 200 16206 "http://hausegger.activities.at/entry.php?id=10889&document_id=10275394&" "Mozilla/5.0 (Windows NT 6.1; WOW64; rv:55.0) Gecko/20100101 Firefox/55.0"
178.165.128.196 - - [14/Sep/2017:13:36:57 +0200] "GET /entry.php?id=10877&mode=loadSearchArticle&obj=article_1&tag=kredit&refobject=10275394&value=9&ser=1505389021465 HTTP/1.1" 200 6686 "http://hausegger.activities.at/entry.php?id=10830&&object=10275394&account=&mode=documentkreditor" "Mozilla/5.0 (Windows NT 6.1; WOW64; rv:55.0) Gecko/20100101 Firefox/55.0"
178.165.128.196 - - [14/Sep/2017:13:36:58 +0200] "GET /entry.php?id=10877&mode=loadSearchArticle&obj=article_1&tag=kredit&refobject=10275394&value=9w&ser=1505389021737 HTTP/1.1" 200 616 "http://hausegger.activities.at/entry.php?id=10830&&object=10275394&account=&mode=documentkreditor" "Mozilla/5.0 (Windows NT 6.1; WOW64; rv:55.0) Gecko/20100101 Firefox/55.0"
178.165.128.196 - - [14/Sep/2017:13:36:58 +0200] "GET /entry.php?id=10877&mode=loadSearchArticle&obj=article_1&tag=kredit&refobject=10275394&value=9w1&ser=1505389021977 HTTP/1.1" 200 484 "http://hausegger.activities.at/entry.php?id=10830&&object=10275394&account=&mode=documentkreditor" "Mozilla/5.0 (Windows NT 6.1; WOW64; rv:55.0) Gecko/20100101 Firefox/55.0"
178.165.128.196 - - [14/Sep/2017:13:36:58 +0200] "GET /entry.php?id=10877&mode=loadSearchArticle&obj=article_1&tag=kredit&refobject=10275394&value=9w11&ser=1505389022137 HTTP/1.1" 200 316 "http://hausegger.activities.at/entry.php?id=10830&&object=10275394&account=&mode=documentkreditor" "Mozilla/5.0 (Windows NT 6.1; WOW64; rv:55.0) Gecko/20100101 Firefox/55.0"
178.165.128.196 - - [14/Sep/2017:13:36:58 +0200] "GET /entry.php?id=10877&mode=loadSearchArticle&obj=article_1&tag=kredit&refobject=10275394&value=9w1140&ser=1505389022369 HTTP/1.1" 200 278 "http://hausegger.activities.at/entry.php?id=10830&&object=10275394&account=&mode=documentkreditor" "Mozilla/5.0 (Windows NT 6.1; WOW64; rv:55.0) Gecko/20100101 Firefox/55.0"
178.165.128.196 - - [14/Sep/2017:13:36:58 +0200] "GET /entry.php?id=10877&mode=loadSearchArticle&obj=article_1&tag=kredit&refobject=10275394&value=9w1140&ser=1505389022441 HTTP/1.1" 200 278 "http://hausegger.activities.at/entry.php?id=10830&&object=10275394&account=&mode=documentkreditor" "Mozilla/5.0 (Windows NT 6.1; WOW64; rv:55.0) Gecko/20100101 Firefox/55.0"
178.165.128.196 - - [14/Sep/2017:13:36:59 +0200] "GET /entry.php?id=10877&mode=loadSearchArticle&obj=article_1&tag=kredit&refobject=10275394&value=9w1140&ser=1505389023409 HTTP/1.1" 200 278 "http://hausegger.activities.at/entry.php?id=10830&&object=10275394&account=&mode=documentkreditor" "Mozilla/5.0 (Windows NT 6.1; WOW64; rv:55.0) Gecko/20100101 Firefox/55.0"
178.165.128.196 - - [14/Sep/2017:13:37:00 +0200] "POST /entry.php?id=10889 HTTP/1.1" 200 1917 "http://hausegger.activities.at/entry.php?id=10889&document_id=10275394&" "Mozilla/5.0 (Windows NT 6.1; WOW64; rv:55.0) Gecko/20100101 Firefox/55.0"
178.165.128.196 - - [14/Sep/2017:13:37:00 +0200] "GET /gui/javascript/form_form.js?1505389020 HTTP/1.1" 200 16206 "http://hausegger.activities.at/entry.php?id=10889" "Mozilla/5.0 (Windows NT 6.1; WOW64; rv:55.0) Gecko/20100101 Firefox/55.0"
178.165.128.196 - - [14/Sep/2017:13:37:01 +0200] "POST /entry.php?id=10889 HTTP/1.1" 200 1675 "http://hausegger.activities.at/entry.php?id=10889" "Mozilla/5.0 (Windows NT 6.1; WOW64; rv:55.0) Gecko/20100101 Firefox/55.0"
178.165.128.196 - - [14/Sep/2017:13:37:02 +0200] "GET /gui/javascript/form_form.js?1505389022 HTTP/1.1" 200 16206 "http://hausegger.activities.at/entry.php?id=10889" "Mozilla/5.0 (Windows NT 6.1; WOW64; rv:55.0) Gecko/20100101 Firefox/55.0"
178.165.128.196 - - [14/Sep/2017:13:37:05 +0200] "POST /entry.php?id=10889 HTTP/1.1" 200 1817 "http://hausegger.activities.at/entry.php?id=10889" "Mozilla/5.0 (Windows NT 6.1; WOW64; rv:55.0) Gecko/20100101 Firefox/55.0"
178.165.128.196 - - [14/Sep/2017:13:37:06 +0200] "GET /gui/javascript/form_form.js?1505389025 HTTP/1.1" 200 16206 "http://hausegger.activities.at/entry.php?id=10889" "Mozilla/5.0 (Windows NT 6.1; WOW64; rv:55.0) Gecko/20100101 Firefox/55.0"
178.165.128.196 - - [14/Sep/2017:13:37:07 +0200] "POST /entry.php?id=10889 HTTP/1.1" 200 1658 "http://hausegger.activities.at/entry.php?id=10889" "Mozilla/5.0 (Windows NT 6.1; WOW64; rv:55.0) Gecko/20100101 Firefox/55.0"
178.165.128.196 - - [14/Sep/2017:13:37:08 +0200] "GET /gui/javascript/form_form.js?1505389028 HTTP/1.1" 200 16206 "http://hausegger.activities.at/entry.php?id=10889" "Mozilla/5.0 (Windows NT 6.1; WOW64; rv:55.0) Gecko/20100101 Firefox/55.0"
178.165.128.196 - - [14/Sep/2017:13:37:12 +0200] "GET /entry.php?id=10877&mode=loadSearchArticle&obj=article_2&tag=kredit&refobject=10275394&value=9&ser=1505389036057 HTTP/1.1" 200 6686 "http://hausegger.activities.at/entry.php?id=10830&&object=10275394&account=&mode=documentkreditor" "Mozilla/5.0 (Windows NT 6.1; WOW64; rv:55.0) Gecko/20100101 Firefox/55.0"
178.165.128.196 - - [14/Sep/2017:13:37:12 +0200] "GET /entry.php?id=10877&mode=loadSearchArticle&obj=article_2&tag=kredit&refobject=10275394&value=9w&ser=1505389036369 HTTP/1.1" 200 616 "http://hausegger.activities.at/entry.php?id=10830&&object=10275394&account=&mode=documentkreditor" "Mozilla/5.0 (Windows NT 6.1; WOW64; rv:55.0) Gecko/20100101 Firefox/55.0"
178.165.128.196 - - [14/Sep/2017:13:37:12 +0200] "GET /entry.php?id=10877&mode=loadSearchArticle&obj=article_2&tag=kredit&refobject=10275394&value=9w1&ser=1505389036561 HTTP/1.1" 200 484 "http://hausegger.activities.at/entry.php?id=10830&&object=10275394&account=&mode=documentkreditor" "Mozilla/5.0 (Windows NT 6.1; WOW64; rv:55.0) Gecko/20100101 Firefox/55.0"
178.165.128.196 - - [14/Sep/2017:13:37:13 +0200] "GET /entry.php?id=10877&mode=loadSearchArticle&obj=article_2&tag=kredit&refobject=10275394&value=9w11&ser=1505389036753 HTTP/1.1" 200 316 "http://hausegger.activities.at/entry.php?id=10830&&object=10275394&account=&mode=documentkreditor" "Mozilla/5.0 (Windows NT 6.1; WOW64; rv:55.0) Gecko/20100101 Firefox/55.0"
178.165.128.196 - - [14/Sep/2017:13:37:13 +0200] "GET /entry.php?id=10877&mode=loadSearchArticle&obj=article_2&tag=kredit&refobject=10275394&value=9w116&ser=1505389036937 HTTP/1.1" 200 279 "http://hausegger.activities.at/entry.php?id=10830&&object=10275394&account=&mode=documentkreditor" "Mozilla/5.0 (Windows NT 6.1; WOW64; rv:55.0) Gecko/20100101 Firefox/55.0"
178.165.128.196 - - [14/Sep/2017:13:37:13 +0200] "GET /entry.php?id=10877&mode=loadSearchArticle&obj=article_2&tag=kredit&refobject=10275394&value=9w1161&ser=1505389037049 HTTP/1.1" 200 279 "http://hausegger.activities.at/entry.php?id=10830&&object=10275394&account=&mode=documentkreditor" "Mozilla/5.0 (Windows NT 6.1; WOW64; rv:55.0) Gecko/20100101 Firefox/55.0"
178.165.128.196 - - [14/Sep/2017:13:37:13 +0200] "GET /entry.php?id=10271&&ser=388973 HTTP/1.1" 200 988 "http://hausegger.activities.at/entry.php?id=10271&&ser=388912" "Mozilla/5.0 (Windows NT 6.1; WOW64; rv:55.0) Gecko/20100101 Firefox/55.0"
178.165.128.196 - - [14/Sep/2017:13:37:14 +0200] "GET /gui/javascript/form_form.js?1505389033 HTTP/1.1" 200 16206 "http://hausegger.activities.at/entry.php?id=10271&&ser=388973" "Mozilla/5.0 (Windows NT 6.1; WOW64; rv:55.0) Gecko/20100101 Firefox/55.0"
178.165.128.196 - - [14/Sep/2017:13:37:13 +0200] "POST /entry.php?id=10889 HTTP/1.1" 200 1950 "http://hausegger.activities.at/entry.php?id=10889" "Mozilla/5.0 (Windows NT 6.1; WOW64; rv:55.0) Gecko/20100101 Firefox/55.0"
178.165.128.196 - - [14/Sep/2017:13:37:14 +0200] "GET /gui/javascript/form_form.js?1505389034 HTTP/1.1" 200 16206 "http://hausegger.activities.at/entry.php?id=10889" "Mozilla/5.0 (Windows NT 6.1; WOW64; rv:55.0) Gecko/20100101 Firefox/55.0"
90.152.128.107 - - [14/Sep/2017:13:37:14 +0200] "GET /entry.php?id=10271&&ser=388974 HTTP/1.1" 200 989 "http://hausegger.activities.at/entry.php?id=10271&&ser=388914" "Mozilla/5.0 (Windows NT 5.1) AppleWebKit/537.36 (KHTML, like Gecko) Chrome/49.0.2623.112 Safari/537.36"
90.152.128.107 - - [14/Sep/2017:13:37:14 +0200] "GET /gui/javascript/form_form.js?1505389034 HTTP/1.1" 200 16206 "http://hausegger.activities.at/entry.php?id=10271&&ser=388974" "Mozilla/5.0 (Windows NT 5.1) AppleWebKit/537.36 (KHTML, like Gecko) Chrome/49.0.2623.112 Safari/537.36"
178.165.128.196 - - [14/Sep/2017:13:37:14 +0200] "POST /entry.php?id=10889 HTTP/1.1" 200 1729 "http://hausegger.activities.at/entry.php?id=10889" "Mozilla/5.0 (Windows NT 6.1; WOW64; rv:55.0) Gecko/20100101 Firefox/55.0"
178.165.128.196 - - [14/Sep/2017:13:37:15 +0200] "GET /gui/javascript/form_form.js?1505389035 HTTP/1.1" 200 16206 "http://hausegger.activities.at/entry.php?id=10889" "Mozilla/5.0 (Windows NT 6.1; WOW64; rv:55.0) Gecko/20100101 Firefox/55.0"
178.165.128.196 - - [14/Sep/2017:13:37:18 +0200] "POST /entry.php?id=10889 HTTP/1.1" 200 1808 "http://hausegger.activities.at/entry.php?id=10889" "Mozilla/5.0 (Windows NT 6.1; WOW64; rv:55.0) Gecko/20100101 Firefox/55.0"
178.165.128.196 - - [14/Sep/2017:13:37:18 +0200] "GET /gui/javascript/form_form.js?1505389038 HTTP/1.1" 200 16206 "http://hausegger.activities.at/entry.php?id=10889" "Mozilla/5.0 (Windows NT 6.1; WOW64; rv:55.0) Gecko/20100101 Firefox/55.0"
178.165.128.196 - - [14/Sep/2017:13:37:21 +0200] "GET /entry.php?id=11270&document=10275394 HTTP/1.1" 200 1974 "http://hausegger.activities.at/entry.php?id=10831" "Mozilla/5.0 (Windows NT 6.1; WOW64; rv:55.0) Gecko/20100101 Firefox/55.0"
178.165.128.196 - - [14/Sep/2017:13:37:21 +0200] "GET /gui/javascript/form_form.js?1505389041 HTTP/1.1" 200 16206 "http://hausegger.activities.at/entry.php?id=11270&document=10275394" "Mozilla/5.0 (Windows NT 6.1; WOW64; rv:55.0) Gecko/20100101 Firefox/55.0"
178.165.128.196 - - [14/Sep/2017:13:37:21 +0200] "GET /gui/javascript/form_bu_document.js?1505389041 HTTP/1.1" 200 2675 "http://hausegger.activities.at/entry.php?id=11270&document=10275394" "Mozilla/5.0 (Windows NT 6.1; WOW64; rv:55.0) Gecko/20100101 Firefox/55.0"
178.165.128.196 - - [14/Sep/2017:13:37:21 +0200] "GET /entry.php?id=11241&images=false&document=10275394 HTTP/1.1" 200 2277 "http://hausegger.activities.at/entry.php?id=11270&document=10275394" "Mozilla/5.0 (Windows NT 6.1; WOW64; rv:55.0) Gecko/20100101 Firefox/55.0"
178.165.128.196 - - [14/Sep/2017:13:37:21 +0200] "GET /entry.php?id=10877&mode=observePrint HTTP/1.1" 200 58 "http://hausegger.activities.at/entry.php?id=11270&document=10275394" "Mozilla/5.0 (Windows NT 6.1; WOW64; rv:55.0) Gecko/20100101 Firefox/55.0"
178.165.128.196 - - [14/Sep/2017:13:37:25 +0200] "POST /entry.php?id=10831 HTTP/1.1" 200 8297 "http://hausegger.activities.at/entry.php?id=10831" "Mozilla/5.0 (Windows NT 6.1; WOW64; rv:55.0) Gecko/20100101 Firefox/55.0"
178.165.128.196 - - [14/Sep/2017:13:37:26 +0200] "GET /gui/javascript/form_form.js?1505389046 HTTP/1.1" 200 16206 "http://hausegger.activities.at/entry.php?id=10831" "Mozilla/5.0 (Windows NT 6.1; WOW64; rv:55.0) Gecko/20100101 Firefox/55.0"
178.165.128.196 - - [14/Sep/2017:13:37:26 +0200] "GET /entry.php?id=10889&document_id=10275394& HTTP/1.1" 200 1510 "http://hausegger.activities.at/entry.php?id=10831" "Mozilla/5.0 (Windows NT 6.1; WOW64; rv:55.0) Gecko/20100101 Firefox/55.0"
178.165.128.196 - - [14/Sep/2017:13:37:27 +0200] "GET /gui/javascript/form_form.js?1505389047 HTTP/1.1" 200 16206 "http://hausegger.activities.at/entry.php?id=10889&document_id=10275394&" "Mozilla/5.0 (Windows NT 6.1; WOW64; rv:55.0) Gecko/20100101 Firefox/55.0"
178.165.128.196 - - [14/Sep/2017:13:37:42 +0200] "POST /entry.php?id=10831 HTTP/1.1" 200 8365 "http://hausegger.activities.at/entry.php?id=10831" "Mozilla/5.0 (Windows NT 6.1; WOW64; rv:55.0) Gecko/20100101 Firefox/55.0"
178.165.128.196 - - [14/Sep/2017:13:37:43 +0200] "GET /gui/javascript/form_form.js?1505389063 HTTP/1.1" 200 16206 "http://hausegger.activities.at/entry.php?id=10831" "Mozilla/5.0 (Windows NT 6.1; WOW64; rv:55.0) Gecko/20100101 Firefox/55.0"
178.165.128.196 - - [14/Sep/2017:13:37:43 +0200] "GET /entry.php?id=10889&document_id=10275394& HTTP/1.1" 200 1509 "http://hausegger.activities.at/entry.php?id=10831" "Mozilla/5.0 (Windows NT 6.1; WOW64; rv:55.0) Gecko/20100101 Firefox/55.0"
90.152.128.107 - - [14/Sep/2017:13:38:14 +0200] "GET /entry.php?id=10271&&ser=389034 HTTP/1.1" 200 989 "http://hausegger.activities.at/entry.php?id=10271&&ser=388974" "Mozilla/5.0 (Windows NT 5.1) AppleWebKit/537.36 (KHTML, like Gecko) Chrome/49.0.2623.112 Safari/537.36"
90.152.128.107 - - [14/Sep/2017:13:38:14 +0200] "GET /gui/javascript/form_form.js?1505389094 HTTP/1.1" 200 16206 "http://hausegger.activities.at/entry.php?id=10271&&ser=389034" "Mozilla/5.0 (Windows NT 5.1) AppleWebKit/537.36 (KHTML, like Gecko) Chrome/49.0.2623.112 Safari/537.36"
178.165.128.196 - - [14/Sep/2017:13:38:15 +0200] "GET /entry.php?id=10271&&ser=389033 HTTP/1.1" 200 988 "http://hausegger.activities.at/entry.php?id=10271&&ser=388973" "Mozilla/5.0 (Windows NT 6.1; WOW64; rv:55.0) Gecko/20100101 Firefox/55.0"
178.165.128.196 - - [14/Sep/2017:13:38:15 +0200] "GET /gui/javascript/form_form.js?1505389095 HTTP/1.1" 200 16206 "http://hausegger.activities.at/entry.php?id=10271&&ser=389033" "Mozilla/5.0 (Windows NT 6.1; WOW64; rv:55.0) Gecko/20100101 Firefox/55.0"
90.152.128.107 - - [14/Sep/2017:13:39:14 +0200] "GET /entry.php?id=10271&&ser=389094 HTTP/1.1" 200 990 "http://hausegger.activities.at/entry.php?id=10271&&ser=389034" "Mozilla/5.0 (Windows NT 5.1) AppleWebKit/537.36 (KHTML, like Gecko) Chrome/49.0.2623.112 Safari/537.36"
90.152.128.107 - - [14/Sep/2017:13:39:14 +0200] "GET /gui/javascript/form_form.js?1505389154 HTTP/1.1" 200 16206 "http://hausegger.activities.at/entry.php?id=10271&&ser=389094" "Mozilla/5.0 (Windows NT 5.1) AppleWebKit/537.36 (KHTML, like Gecko) Chrome/49.0.2623.112 Safari/537.36"
178.165.128.196 - - [14/Sep/2017:13:39:16 +0200] "GET /entry.php?id=10271&&ser=389095 HTTP/1.1" 200 988 "http://hausegger.activities.at/entry.php?id=10271&&ser=389033" "Mozilla/5.0 (Windows NT 6.1; WOW64; rv:55.0) Gecko/20100101 Firefox/55.0"
178.165.128.196 - - [14/Sep/2017:13:39:17 +0200] "GET /gui/javascript/form_form.js?1505389157 HTTP/1.1" 200 16206 "http://hausegger.activities.at/entry.php?id=10271&&ser=389095" "Mozilla/5.0 (Windows NT 6.1; WOW64; rv:55.0) Gecko/20100101 Firefox/55.0"
90.152.128.107 - - [14/Sep/2017:13:40:14 +0200] "GET /entry.php?id=10271&&ser=389154 HTTP/1.1" 200 989 "http://hausegger.activities.at/entry.php?id=10271&&ser=389094" "Mozilla/5.0 (Windows NT 5.1) AppleWebKit/537.36 (KHTML, like Gecko) Chrome/49.0.2623.112 Safari/537.36"
90.152.128.107 - - [14/Sep/2017:13:40:14 +0200] "GET /gui/javascript/form_form.js?1505389214 HTTP/1.1" 200 16206 "http://hausegger.activities.at/entry.php?id=10271&&ser=389154" "Mozilla/5.0 (Windows NT 5.1) AppleWebKit/537.36 (KHTML, like Gecko) Chrome/49.0.2623.112 Safari/537.36"
178.165.128.196 - - [14/Sep/2017:13:40:17 +0200] "GET /entry.php?id=10271&&ser=389157 HTTP/1.1" 200 987 "http://hausegger.activities.at/entry.php?id=10271&&ser=389095" "Mozilla/5.0 (Windows NT 6.1; WOW64; rv:55.0) Gecko/20100101 Firefox/55.0"
178.165.128.196 - - [14/Sep/2017:13:40:17 +0200] "GET /gui/javascript/form_form.js?1505389217 HTTP/1.1" 200 16206 "http://hausegger.activities.at/entry.php?id=10271&&ser=389157" "Mozilla/5.0 (Windows NT 6.1; WOW64; rv:55.0) Gecko/20100101 Firefox/55.0"
90.152.128.107 - - [14/Sep/2017:13:41:14 +0200] "GET /entry.php?id=10271&&ser=389214 HTTP/1.1" 200 989 "http://hausegger.activities.at/entry.php?id=10271&&ser=389154" "Mozilla/5.0 (Windows NT 5.1) AppleWebKit/537.36 (KHTML, like Gecko) Chrome/49.0.2623.112 Safari/537.36"
90.152.128.107 - - [14/Sep/2017:13:41:14 +0200] "GET /gui/javascript/form_form.js?1505389274 HTTP/1.1" 200 16206 "http://hausegger.activities.at/entry.php?id=10271&&ser=389214" "Mozilla/5.0 (Windows NT 5.1) AppleWebKit/537.36 (KHTML, like Gecko) Chrome/49.0.2623.112 Safari/537.36"
178.165.128.196 - - [14/Sep/2017:13:41:17 +0200] "GET /entry.php?id=10271&&ser=389217 HTTP/1.1" 200 987 "http://hausegger.activities.at/entry.php?id=10271&&ser=389157" "Mozilla/5.0 (Windows NT 6.1; WOW64; rv:55.0) Gecko/20100101 Firefox/55.0"
178.165.128.196 - - [14/Sep/2017:13:41:18 +0200] "GET /gui/javascript/form_form.js?1505389278 HTTP/1.1" 200 16206 "http://hausegger.activities.at/entry.php?id=10271&&ser=389217" "Mozilla/5.0 (Windows NT 6.1; WOW64; rv:55.0) Gecko/20100101 Firefox/55.0"
90.152.128.107 - - [14/Sep/2017:13:42:13 +0200] "GET /entry.php?id=10271&&ser=389274 HTTP/1.1" 200 990 "http://hausegger.activities.at/entry.php?id=10271&&ser=389214" "Mozilla/5.0 (Windows NT 5.1) AppleWebKit/537.36 (KHTML, like Gecko) Chrome/49.0.2623.112 Safari/537.36"
90.152.128.107 - - [14/Sep/2017:13:42:14 +0200] "GET /gui/javascript/form_form.js?1505389333 HTTP/1.1" 200 16206 "http://hausegger.activities.at/entry.php?id=10271&&ser=389274" "Mozilla/5.0 (Windows NT 5.1) AppleWebKit/537.36 (KHTML, like Gecko) Chrome/49.0.2623.112 Safari/537.36"
178.165.128.196 - - [14/Sep/2017:13:42:18 +0200] "GET /entry.php?id=10271&&ser=389278 HTTP/1.1" 200 988 "http://hausegger.activities.at/entry.php?id=10271&&ser=389217" "Mozilla/5.0 (Windows NT 6.1; WOW64; rv:55.0) Gecko/20100101 Firefox/55.0"
178.165.128.196 - - [14/Sep/2017:13:42:18 +0200] "GET /gui/javascript/form_form.js?1505389338 HTTP/1.1" 200 16206 "http://hausegger.activities.at/entry.php?id=10271&&ser=389278" "Mozilla/5.0 (Windows NT 6.1; WOW64; rv:55.0) Gecko/20100101 Firefox/55.0"
90.152.128.107 - - [14/Sep/2017:13:43:13 +0200] "GET /entry.php?id=10271&&ser=389333 HTTP/1.1" 200 990 "http://hausegger.activities.at/entry.php?id=10271&&ser=389274" "Mozilla/5.0 (Windows NT 5.1) AppleWebKit/537.36 (KHTML, like Gecko) Chrome/49.0.2623.112 Safari/537.36"
90.152.128.107 - - [14/Sep/2017:13:43:14 +0200] "GET /gui/javascript/form_form.js?1505389394 HTTP/1.1" 200 16206 "http://hausegger.activities.at/entry.php?id=10271&&ser=389333" "Mozilla/5.0 (Windows NT 5.1) AppleWebKit/537.36 (KHTML, like Gecko) Chrome/49.0.2623.112 Safari/537.36"
178.165.128.196 - - [14/Sep/2017:13:43:19 +0200] "GET /entry.php?id=10271&&ser=389338 HTTP/1.1" 200 987 "http://hausegger.activities.at/entry.php?id=10271&&ser=389278" "Mozilla/5.0 (Windows NT 6.1; WOW64; rv:55.0) Gecko/20100101 Firefox/55.0"
178.165.128.196 - - [14/Sep/2017:13:43:19 +0200] "GET /gui/javascript/form_form.js?1505389399 HTTP/1.1" 200 16206 "http://hausegger.activities.at/entry.php?id=10271&&ser=389338" "Mozilla/5.0 (Windows NT 6.1; WOW64; rv:55.0) Gecko/20100101 Firefox/55.0"
90.152.128.107 - - [14/Sep/2017:13:44:14 +0200] "GET /entry.php?id=10271&&ser=389394 HTTP/1.1" 200 990 "http://hausegger.activities.at/entry.php?id=10271&&ser=389333" "Mozilla/5.0 (Windows NT 5.1) AppleWebKit/537.36 (KHTML, like Gecko) Chrome/49.0.2623.112 Safari/537.36"
90.152.128.107 - - [14/Sep/2017:13:44:14 +0200] "GET /gui/javascript/form_form.js?1505389454 HTTP/1.1" 200 16206 "http://hausegger.activities.at/entry.php?id=10271&&ser=389394" "Mozilla/5.0 (Windows NT 5.1) AppleWebKit/537.36 (KHTML, like Gecko) Chrome/49.0.2623.112 Safari/537.36"
178.165.128.196 - - [14/Sep/2017:13:44:20 +0200] "GET /entry.php?id=10271&&ser=389399 HTTP/1.1" 200 986 "http://hausegger.activities.at/entry.php?id=10271&&ser=389338" "Mozilla/5.0 (Windows NT 6.1; WOW64; rv:55.0) Gecko/20100101 Firefox/55.0"
178.165.128.196 - - [14/Sep/2017:13:44:21 +0200] "GET /gui/javascript/form_form.js?1505389461 HTTP/1.1" 200 16206 "http://hausegger.activities.at/entry.php?id=10271&&ser=389399" "Mozilla/5.0 (Windows NT 6.1; WOW64; rv:55.0) Gecko/20100101 Firefox/55.0"
90.152.128.107 - - [14/Sep/2017:13:45:14 +0200] "GET /entry.php?id=10271&&ser=389454 HTTP/1.1" 200 990 "http://hausegger.activities.at/entry.php?id=10271&&ser=389394" "Mozilla/5.0 (Windows NT 5.1) AppleWebKit/537.36 (KHTML, like Gecko) Chrome/49.0.2623.112 Safari/537.36"
90.152.128.107 - - [14/Sep/2017:13:45:14 +0200] "GET /gui/javascript/form_form.js?1505389514 HTTP/1.1" 200 16206 "http://hausegger.activities.at/entry.php?id=10271&&ser=389454" "Mozilla/5.0 (Windows NT 5.1) AppleWebKit/537.36 (KHTML, like Gecko) Chrome/49.0.2623.112 Safari/537.36"
178.165.128.196 - - [14/Sep/2017:13:45:22 +0200] "GET /entry.php?id=10271&&ser=389461 HTTP/1.1" 200 987 "http://hausegger.activities.at/entry.php?id=10271&&ser=389399" "Mozilla/5.0 (Windows NT 6.1; WOW64; rv:55.0) Gecko/20100101 Firefox/55.0"
178.165.128.196 - - [14/Sep/2017:13:45:22 +0200] "GET /gui/javascript/form_form.js?1505389522 HTTP/1.1" 200 16206 "http://hausegger.activities.at/entry.php?id=10271&&ser=389461" "Mozilla/5.0 (Windows NT 6.1; WOW64; rv:55.0) Gecko/20100101 Firefox/55.0"
90.152.128.107 - - [14/Sep/2017:13:46:14 +0200] "GET /entry.php?id=10271&&ser=389514 HTTP/1.1" 200 990 "http://hausegger.activities.at/entry.php?id=10271&&ser=389454" "Mozilla/5.0 (Windows NT 5.1) AppleWebKit/537.36 (KHTML, like Gecko) Chrome/49.0.2623.112 Safari/537.36"
90.152.128.107 - - [14/Sep/2017:13:46:14 +0200] "GET /gui/javascript/form_form.js?1505389574 HTTP/1.1" 200 16206 "http://hausegger.activities.at/entry.php?id=10271&&ser=389514" "Mozilla/5.0 (Windows NT 5.1) AppleWebKit/537.36 (KHTML, like Gecko) Chrome/49.0.2623.112 Safari/537.36"
178.165.128.196 - - [14/Sep/2017:13:46:22 +0200] "GET /entry.php?id=10271&&ser=389522 HTTP/1.1" 200 988 "http://hausegger.activities.at/entry.php?id=10271&&ser=389461" "Mozilla/5.0 (Windows NT 6.1; WOW64; rv:55.0) Gecko/20100101 Firefox/55.0"
178.165.128.196 - - [14/Sep/2017:13:46:23 +0200] "GET /gui/javascript/form_form.js?1505389583 HTTP/1.1" 200 16206 "http://hausegger.activities.at/entry.php?id=10271&&ser=389522" "Mozilla/5.0 (Windows NT 6.1; WOW64; rv:55.0) Gecko/20100101 Firefox/55.0"
90.152.128.107 - - [14/Sep/2017:13:46:26 +0200] "GET /entry.php?id=10287&login=1 HTTP/1.1" 200 1935 "http://hausegger.activities.at/entry.php?id=10273&" "Mozilla/5.0 (Windows NT 5.1) AppleWebKit/537.36 (KHTML, like Gecko) Chrome/49.0.2623.112 Safari/537.36"
90.152.128.107 - - [14/Sep/2017:13:46:27 +0200] "GET /gui/javascript/form_form.js?1505389587 HTTP/1.1" 200 16206 "http://hausegger.activities.at/entry.php?id=10287&login=1" "Mozilla/5.0 (Windows NT 5.1) AppleWebKit/537.36 (KHTML, like Gecko) Chrome/49.0.2623.112 Safari/537.36"
90.152.128.107 - - [14/Sep/2017:13:46:28 +0200] "POST /entry.php?id=10287& HTTP/1.1" 200 2451 "http://hausegger.activities.at/entry.php?id=10287&login=1" "Mozilla/5.0 (Windows NT 5.1) AppleWebKit/537.36 (KHTML, like Gecko) Chrome/49.0.2623.112 Safari/537.36"
90.152.128.107 - - [14/Sep/2017:13:46:28 +0200] "GET /gui/javascript/form_form.js?1505389588 HTTP/1.1" 200 16206 "http://hausegger.activities.at/entry.php?id=10287&" "Mozilla/5.0 (Windows NT 5.1) AppleWebKit/537.36 (KHTML, like Gecko) Chrome/49.0.2623.112 Safari/537.36"
90.152.128.107 - - [14/Sep/2017:13:46:29 +0200] "GET /entry.php?id=10270& HTTP/1.1" 200 909 "http://hausegger.activities.at/entry.php?id=10287&" "Mozilla/5.0 (Windows NT 5.1) AppleWebKit/537.36 (KHTML, like Gecko) Chrome/49.0.2623.112 Safari/537.36"
90.152.128.107 - - [14/Sep/2017:13:46:29 +0200] "GET /entry.php?id=10273&logout=true& HTTP/1.1" 200 1912 "http://hausegger.activities.at/entry.php?id=10287&" "Mozilla/5.0 (Windows NT 5.1) AppleWebKit/537.36 (KHTML, like Gecko) Chrome/49.0.2623.112 Safari/537.36"
90.152.128.107 - - [14/Sep/2017:13:46:29 +0200] "GET /gui/javascript/form_form.js?1505389589 HTTP/1.1" 200 16206 "http://hausegger.activities.at/entry.php?id=10270&" "Mozilla/5.0 (Windows NT 5.1) AppleWebKit/537.36 (KHTML, like Gecko) Chrome/49.0.2623.112 Safari/537.36"
178.165.128.196 - - [14/Sep/2017:13:47:23 +0200] "GET /entry.php?id=10271&&ser=389583 HTTP/1.1" 200 987 "http://hausegger.activities.at/entry.php?id=10271&&ser=389522" "Mozilla/5.0 (Windows NT 6.1; WOW64; rv:55.0) Gecko/20100101 Firefox/55.0"
178.165.128.196 - - [14/Sep/2017:13:47:23 +0200] "GET /gui/javascript/form_form.js?1505389643 HTTP/1.1" 200 16206 "http://hausegger.activities.at/entry.php?id=10271&&ser=389583" "Mozilla/5.0 (Windows NT 6.1; WOW64; rv:55.0) Gecko/20100101 Firefox/55.0"
178.165.128.196 - - [14/Sep/2017:13:48:24 +0200] "GET /entry.php?id=10271&&ser=389643 HTTP/1.1" 200 987 "http://hausegger.activities.at/entry.php?id=10271&&ser=389583" "Mozilla/5.0 (Windows NT 6.1; WOW64; rv:55.0) Gecko/20100101 Firefox/55.0"
178.165.128.196 - - [14/Sep/2017:13:48:24 +0200] "GET /gui/javascript/form_form.js?1505389704 HTTP/1.1" 200 16206 "http://hausegger.activities.at/entry.php?id=10271&&ser=389643" "Mozilla/5.0 (Windows NT 6.1; WOW64; rv:55.0) Gecko/20100101 Firefox/55.0"
178.165.128.196 - - [14/Sep/2017:13:49:24 +0200] "GET /entry.php?id=10271&&ser=389704 HTTP/1.1" 200 988 "http://hausegger.activities.at/entry.php?id=10271&&ser=389643" "Mozilla/5.0 (Windows NT 6.1; WOW64; rv:55.0) Gecko/20100101 Firefox/55.0"
178.165.128.196 - - [14/Sep/2017:13:49:25 +0200] "GET /gui/javascript/form_form.js?1505389765 HTTP/1.1" 200 16206 "http://hausegger.activities.at/entry.php?id=10271&&ser=389704" "Mozilla/5.0 (Windows NT 6.1; WOW64; rv:55.0) Gecko/20100101 Firefox/55.0"
178.165.128.196 - - [14/Sep/2017:13:50:25 +0200] "GET /entry.php?id=10271&&ser=389765 HTTP/1.1" 200 988 "http://hausegger.activities.at/entry.php?id=10271&&ser=389704" "Mozilla/5.0 (Windows NT 6.1; WOW64; rv:55.0) Gecko/20100101 Firefox/55.0"
178.165.128.196 - - [14/Sep/2017:13:50:25 +0200] "GET /gui/javascript/form_form.js?1505389825 HTTP/1.1" 200 16206 "http://hausegger.activities.at/entry.php?id=10271&&ser=389765" "Mozilla/5.0 (Windows NT 6.1; WOW64; rv:55.0) Gecko/20100101 Firefox/55.0"
178.165.128.196 - - [14/Sep/2017:13:51:26 +0200] "GET /entry.php?id=10271&&ser=389825 HTTP/1.1" 200 987 "http://hausegger.activities.at/entry.php?id=10271&&ser=389765" "Mozilla/5.0 (Windows NT 6.1; WOW64; rv:55.0) Gecko/20100101 Firefox/55.0"
178.165.128.196 - - [14/Sep/2017:13:51:26 +0200] "GET /gui/javascript/form_form.js?1505389886 HTTP/1.1" 200 16206 "http://hausegger.activities.at/entry.php?id=10271&&ser=389825" "Mozilla/5.0 (Windows NT 6.1; WOW64; rv:55.0) Gecko/20100101 Firefox/55.0"
178.165.128.196 - - [14/Sep/2017:13:52:26 +0200] "GET /entry.php?id=10271&&ser=389886 HTTP/1.1" 200 989 "http://hausegger.activities.at/entry.php?id=10271&&ser=389825" "Mozilla/5.0 (Windows NT 6.1; WOW64; rv:55.0) Gecko/20100101 Firefox/55.0"
178.165.128.196 - - [14/Sep/2017:13:52:27 +0200] "GET /gui/javascript/form_form.js?1505389947 HTTP/1.1" 200 16206 "http://hausegger.activities.at/entry.php?id=10271&&ser=389886" "Mozilla/5.0 (Windows NT 6.1; WOW64; rv:55.0) Gecko/20100101 Firefox/55.0"
178.165.128.196 - - [14/Sep/2017:13:53:28 +0200] "GET /entry.php?id=10271&&ser=389946 HTTP/1.1" 200 987 "http://hausegger.activities.at/entry.php?id=10271&&ser=389886" "Mozilla/5.0 (Windows NT 6.1; WOW64; rv:55.0) Gecko/20100101 Firefox/55.0"
178.165.128.196 - - [14/Sep/2017:13:53:28 +0200] "GET /gui/javascript/form_form.js?1505390008 HTTP/1.1" 200 16206 "http://hausegger.activities.at/entry.php?id=10271&&ser=389946" "Mozilla/5.0 (Windows NT 6.1; WOW64; rv:55.0) Gecko/20100101 Firefox/55.0"
178.165.128.196 - - [14/Sep/2017:13:54:28 +0200] "GET /entry.php?id=10271&&ser=390008 HTTP/1.1" 200 986 "http://hausegger.activities.at/entry.php?id=10271&&ser=389946" "Mozilla/5.0 (Windows NT 6.1; WOW64; rv:55.0) Gecko/20100101 Firefox/55.0"
178.165.128.196 - - [14/Sep/2017:13:54:29 +0200] "GET /gui/javascript/form_form.js?1505390069 HTTP/1.1" 200 16206 "http://hausegger.activities.at/entry.php?id=10271&&ser=390008" "Mozilla/5.0 (Windows NT 6.1; WOW64; rv:55.0) Gecko/20100101 Firefox/55.0"
178.165.128.196 - - [14/Sep/2017:13:55:30 +0200] "GET /entry.php?id=10271&&ser=390069 HTTP/1.1" 200 986 "http://hausegger.activities.at/entry.php?id=10271&&ser=390008" "Mozilla/5.0 (Windows NT 6.1; WOW64; rv:55.0) Gecko/20100101 Firefox/55.0"
178.165.128.196 - - [14/Sep/2017:13:55:30 +0200] "GET /gui/javascript/form_form.js?1505390130 HTTP/1.1" 200 16206 "http://hausegger.activities.at/entry.php?id=10271&&ser=390069" "Mozilla/5.0 (Windows NT 6.1; WOW64; rv:55.0) Gecko/20100101 Firefox/55.0"
178.165.128.196 - - [14/Sep/2017:13:56:31 +0200] "GET /entry.php?id=10271&&ser=390130 HTTP/1.1" 200 986 "http://hausegger.activities.at/entry.php?id=10271&&ser=390069" "Mozilla/5.0 (Windows NT 6.1; WOW64; rv:55.0) Gecko/20100101 Firefox/55.0"
178.165.128.196 - - [14/Sep/2017:13:56:32 +0200] "GET /gui/javascript/form_form.js?1505390192 HTTP/1.1" 200 16206 "http://hausegger.activities.at/entry.php?id=10271&&ser=390130" "Mozilla/5.0 (Windows NT 6.1; WOW64; rv:55.0) Gecko/20100101 Firefox/55.0"
178.165.128.196 - - [14/Sep/2017:13:57:33 +0200] "GET /entry.php?id=10271&&ser=390192 HTTP/1.1" 200 987 "http://hausegger.activities.at/entry.php?id=10271&&ser=390130" "Mozilla/5.0 (Windows NT 6.1; WOW64; rv:55.0) Gecko/20100101 Firefox/55.0"
178.165.128.196 - - [14/Sep/2017:13:57:33 +0200] "GET /gui/javascript/form_form.js?1505390253 HTTP/1.1" 200 16206 "http://hausegger.activities.at/entry.php?id=10271&&ser=390192" "Mozilla/5.0 (Windows NT 6.1; WOW64; rv:55.0) Gecko/20100101 Firefox/55.0"
178.165.128.196 - - [14/Sep/2017:13:58:34 +0200] "GET /entry.php?id=10271&&ser=390253 HTTP/1.1" 200 987 "http://hausegger.activities.at/entry.php?id=10271&&ser=390192" "Mozilla/5.0 (Windows NT 6.1; WOW64; rv:55.0) Gecko/20100101 Firefox/55.0"
178.165.128.196 - - [14/Sep/2017:13:58:35 +0200] "GET /gui/javascript/form_form.js?1505390315 HTTP/1.1" 200 16206 "http://hausegger.activities.at/entry.php?id=10271&&ser=390253" "Mozilla/5.0 (Windows NT 6.1; WOW64; rv:55.0) Gecko/20100101 Firefox/55.0"
178.165.128.196 - - [14/Sep/2017:13:59:35 +0200] "GET /entry.php?id=10271&&ser=390315 HTTP/1.1" 200 986 "http://hausegger.activities.at/entry.php?id=10271&&ser=390253" "Mozilla/5.0 (Windows NT 6.1; WOW64; rv:55.0) Gecko/20100101 Firefox/55.0"
178.165.128.196 - - [14/Sep/2017:13:59:35 +0200] "GET /gui/javascript/form_form.js?1505390375 HTTP/1.1" 200 16206 "http://hausegger.activities.at/entry.php?id=10271&&ser=390315" "Mozilla/5.0 (Windows NT 6.1; WOW64; rv:55.0) Gecko/20100101 Firefox/55.0"
178.165.128.196 - - [14/Sep/2017:14:00:37 +0200] "GET /entry.php?id=10271&&ser=390375 HTTP/1.1" 200 987 "http://hausegger.activities.at/entry.php?id=10271&&ser=390315" "Mozilla/5.0 (Windows NT 6.1; WOW64; rv:55.0) Gecko/20100101 Firefox/55.0"
178.165.128.196 - - [14/Sep/2017:14:00:37 +0200] "GET /gui/javascript/form_form.js?1505390437 HTTP/1.1" 200 16206 "http://hausegger.activities.at/entry.php?id=10271&&ser=390375" "Mozilla/5.0 (Windows NT 6.1; WOW64; rv:55.0) Gecko/20100101 Firefox/55.0"
178.165.128.196 - - [14/Sep/2017:14:01:37 +0200] "GET /entry.php?id=10271&&ser=390437 HTTP/1.1" 200 986 "http://hausegger.activities.at/entry.php?id=10271&&ser=390375" "Mozilla/5.0 (Windows NT 6.1; WOW64; rv:55.0) Gecko/20100101 Firefox/55.0"
178.165.128.196 - - [14/Sep/2017:14:01:38 +0200] "GET /gui/javascript/form_form.js?1505390498 HTTP/1.1" 200 16206 "http://hausegger.activities.at/entry.php?id=10271&&ser=390437" "Mozilla/5.0 (Windows NT 6.1; WOW64; rv:55.0) Gecko/20100101 Firefox/55.0"
178.165.128.196 - - [14/Sep/2017:14:02:38 +0200] "GET /entry.php?id=10271&&ser=390498 HTTP/1.1" 200 987 "http://hausegger.activities.at/entry.php?id=10271&&ser=390437" "Mozilla/5.0 (Windows NT 6.1; WOW64; rv:55.0) Gecko/20100101 Firefox/55.0"
178.165.128.196 - - [14/Sep/2017:14:02:38 +0200] "GET /gui/javascript/form_form.js?1505390558 HTTP/1.1" 200 16206 "http://hausegger.activities.at/entry.php?id=10271&&ser=390498" "Mozilla/5.0 (Windows NT 6.1; WOW64; rv:55.0) Gecko/20100101 Firefox/55.0"
178.165.128.196 - - [14/Sep/2017:14:03:39 +0200] "GET /entry.php?id=10271&&ser=390558 HTTP/1.1" 200 986 "http://hausegger.activities.at/entry.php?id=10271&&ser=390498" "Mozilla/5.0 (Windows NT 6.1; WOW64; rv:55.0) Gecko/20100101 Firefox/55.0"
178.165.128.196 - - [14/Sep/2017:14:03:39 +0200] "GET /gui/javascript/form_form.js?1505390619 HTTP/1.1" 200 16206 "http://hausegger.activities.at/entry.php?id=10271&&ser=390558" "Mozilla/5.0 (Windows NT 6.1; WOW64; rv:55.0) Gecko/20100101 Firefox/55.0"
178.165.128.196 - - [14/Sep/2017:14:04:39 +0200] "GET /entry.php?id=10271&&ser=390619 HTTP/1.1" 200 986 "http://hausegger.activities.at/entry.php?id=10271&&ser=390558" "Mozilla/5.0 (Windows NT 6.1; WOW64; rv:55.0) Gecko/20100101 Firefox/55.0"
178.165.128.196 - - [14/Sep/2017:14:04:40 +0200] "GET /gui/javascript/form_form.js?1505390680 HTTP/1.1" 200 16206 "http://hausegger.activities.at/entry.php?id=10271&&ser=390619" "Mozilla/5.0 (Windows NT 6.1; WOW64; rv:55.0) Gecko/20100101 Firefox/55.0"
178.165.128.196 - - [14/Sep/2017:14:05:41 +0200] "GET /entry.php?id=10271&&ser=390680 HTTP/1.1" 200 987 "http://hausegger.activities.at/entry.php?id=10271&&ser=390619" "Mozilla/5.0 (Windows NT 6.1; WOW64; rv:55.0) Gecko/20100101 Firefox/55.0"
178.165.128.196 - - [14/Sep/2017:14:05:42 +0200] "GET /gui/javascript/form_form.js?1505390742 HTTP/1.1" 200 16206 "http://hausegger.activities.at/entry.php?id=10271&&ser=390680" "Mozilla/5.0 (Windows NT 6.1; WOW64; rv:55.0) Gecko/20100101 Firefox/55.0"
178.165.128.196 - - [14/Sep/2017:14:06:43 +0200] "GET /entry.php?id=10271&&ser=390742 HTTP/1.1" 200 986 "http://hausegger.activities.at/entry.php?id=10271&&ser=390680" "Mozilla/5.0 (Windows NT 6.1; WOW64; rv:55.0) Gecko/20100101 Firefox/55.0"
178.165.128.196 - - [14/Sep/2017:14:06:43 +0200] "GET /gui/javascript/form_form.js?1505390803 HTTP/1.1" 200 16206 "http://hausegger.activities.at/entry.php?id=10271&&ser=390742" "Mozilla/5.0 (Windows NT 6.1; WOW64; rv:55.0) Gecko/20100101 Firefox/55.0"
178.165.128.196 - - [14/Sep/2017:14:07:44 +0200] "GET /entry.php?id=10271&&ser=390803 HTTP/1.1" 200 987 "http://hausegger.activities.at/entry.php?id=10271&&ser=390742" "Mozilla/5.0 (Windows NT 6.1; WOW64; rv:55.0) Gecko/20100101 Firefox/55.0"
178.165.128.196 - - [14/Sep/2017:14:07:45 +0200] "GET /gui/javascript/form_form.js?1505390865 HTTP/1.1" 200 16206 "http://hausegger.activities.at/entry.php?id=10271&&ser=390803" "Mozilla/5.0 (Windows NT 6.1; WOW64; rv:55.0) Gecko/20100101 Firefox/55.0"
178.165.128.196 - - [14/Sep/2017:14:08:46 +0200] "GET /entry.php?id=10271&&ser=390865 HTTP/1.1" 200 987 "http://hausegger.activities.at/entry.php?id=10271&&ser=390803" "Mozilla/5.0 (Windows NT 6.1; WOW64; rv:55.0) Gecko/20100101 Firefox/55.0"
178.165.128.196 - - [14/Sep/2017:14:08:46 +0200] "GET /gui/javascript/form_form.js?1505390926 HTTP/1.1" 200 16206 "http://hausegger.activities.at/entry.php?id=10271&&ser=390865" "Mozilla/5.0 (Windows NT 6.1; WOW64; rv:55.0) Gecko/20100101 Firefox/55.0"
