46.206.243.80 - - [27/Apr/2023:13:53:07 +0200] "GET /gui/javascript/form_form.js?1682596387 HTTP/1.1" 200 16206 "http://hausegger.activities.at/entry.php?id=10271&&ser=596326" "Mozilla/5.0 (Windows NT 10.0; Win64; x64) AppleWebKit/537.36 (KHTML, like Gecko) Chrome/109.0.0.0 Safari/537.36"
178.115.38.149 - - [27/Apr/2023:13:53:20 +0200] "GET /entry.php?id=10271&&ser=596339 HTTP/1.1" 200 987 "http://hausegger.activities.at/entry.php?id=10271&&ser=596279" "Mozilla/5.0 (Windows NT 10.0; Win64; x64; rv:109.0) Gecko/20100101 Firefox/112.0"
178.115.38.149 - - [27/Apr/2023:13:53:20 +0200] "GET /gui/javascript/form_form.js?1682596400 HTTP/1.1" 200 16206 "http://hausegger.activities.at/entry.php?id=10271&&ser=596339" "Mozilla/5.0 (Windows NT 10.0; Win64; x64; rv:109.0) Gecko/20100101 Firefox/112.0"
46.206.243.80 - - [27/Apr/2023:13:54:08 +0200] "GET /entry.php?id=10271&&ser=596387 HTTP/1.1" 200 987 "http://hausegger.activities.at/entry.php?id=10271&&ser=596326" "Mozilla/5.0 (Windows NT 10.0; Win64; x64) AppleWebKit/537.36 (KHTML, like Gecko) Chrome/109.0.0.0 Safari/537.36"
46.206.243.80 - - [27/Apr/2023:13:54:08 +0200] "GET /gui/javascript/form_form.js?1682596448 HTTP/1.1" 200 16206 "http://hausegger.activities.at/entry.php?id=10271&&ser=596387" "Mozilla/5.0 (Windows NT 10.0; Win64; x64) AppleWebKit/537.36 (KHTML, like Gecko) Chrome/109.0.0.0 Safari/537.36"
178.115.38.149 - - [27/Apr/2023:13:54:20 +0200] "GET /entry.php?id=10271&&ser=596400 HTTP/1.1" 200 987 "http://hausegger.activities.at/entry.php?id=10271&&ser=596339" "Mozilla/5.0 (Windows NT 10.0; Win64; x64; rv:109.0) Gecko/20100101 Firefox/112.0"
178.115.38.149 - - [27/Apr/2023:13:54:20 +0200] "GET /gui/javascript/form_form.js?1682596460 HTTP/1.1" 200 16206 "http://hausegger.activities.at/entry.php?id=10271&&ser=596400" "Mozilla/5.0 (Windows NT 10.0; Win64; x64; rv:109.0) Gecko/20100101 Firefox/112.0"
46.206.243.80 - - [27/Apr/2023:13:55:09 +0200] "GET /entry.php?id=10271&&ser=596448 HTTP/1.1" 200 987 "http://hausegger.activities.at/entry.php?id=10271&&ser=596387" "Mozilla/5.0 (Windows NT 10.0; Win64; x64) AppleWebKit/537.36 (KHTML, like Gecko) Chrome/109.0.0.0 Safari/537.36"
46.206.243.80 - - [27/Apr/2023:13:55:09 +0200] "GET /gui/javascript/form_form.js?1682596509 HTTP/1.1" 200 16206 "http://hausegger.activities.at/entry.php?id=10271&&ser=596448" "Mozilla/5.0 (Windows NT 10.0; Win64; x64) AppleWebKit/537.36 (KHTML, like Gecko) Chrome/109.0.0.0 Safari/537.36"
178.115.38.149 - - [27/Apr/2023:13:55:21 +0200] "GET /entry.php?id=10271&&ser=596460 HTTP/1.1" 200 986 "http://hausegger.activities.at/entry.php?id=10271&&ser=596400" "Mozilla/5.0 (Windows NT 10.0; Win64; x64; rv:109.0) Gecko/20100101 Firefox/112.0"
178.115.38.149 - - [27/Apr/2023:13:55:21 +0200] "GET /gui/javascript/form_form.js?1682596521 HTTP/1.1" 200 16206 "http://hausegger.activities.at/entry.php?id=10271&&ser=596460" "Mozilla/5.0 (Windows NT 10.0; Win64; x64; rv:109.0) Gecko/20100101 Firefox/112.0"
46.206.243.80 - - [27/Apr/2023:13:56:10 +0200] "GET /entry.php?id=10271&&ser=596509 HTTP/1.1" 200 986 "http://hausegger.activities.at/entry.php?id=10271&&ser=596448" "Mozilla/5.0 (Windows NT 10.0; Win64; x64) AppleWebKit/537.36 (KHTML, like Gecko) Chrome/109.0.0.0 Safari/537.36"
46.206.243.80 - - [27/Apr/2023:13:56:10 +0200] "GET /gui/javascript/form_form.js?1682596570 HTTP/1.1" 200 16206 "http://hausegger.activities.at/entry.php?id=10271&&ser=596509" "Mozilla/5.0 (Windows NT 10.0; Win64; x64) AppleWebKit/537.36 (KHTML, like Gecko) Chrome/109.0.0.0 Safari/537.36"
178.115.38.149 - - [27/Apr/2023:13:56:21 +0200] "GET /entry.php?id=10271&&ser=596521 HTTP/1.1" 200 986 "http://hausegger.activities.at/entry.php?id=10271&&ser=596460" "Mozilla/5.0 (Windows NT 10.0; Win64; x64; rv:109.0) Gecko/20100101 Firefox/112.0"
178.115.38.149 - - [27/Apr/2023:13:56:21 +0200] "GET /gui/javascript/form_form.js?1682596581 HTTP/1.1" 200 16206 "http://hausegger.activities.at/entry.php?id=10271&&ser=596521" "Mozilla/5.0 (Windows NT 10.0; Win64; x64; rv:109.0) Gecko/20100101 Firefox/112.0"
46.206.243.80 - - [27/Apr/2023:13:57:11 +0200] "GET /entry.php?id=10271&&ser=596570 HTTP/1.1" 200 986 "http://hausegger.activities.at/entry.php?id=10271&&ser=596509" "Mozilla/5.0 (Windows NT 10.0; Win64; x64) AppleWebKit/537.36 (KHTML, like Gecko) Chrome/109.0.0.0 Safari/537.36"
46.206.243.80 - - [27/Apr/2023:13:57:11 +0200] "GET /gui/javascript/form_form.js?1682596631 HTTP/1.1" 200 16206 "http://hausegger.activities.at/entry.php?id=10271&&ser=596570" "Mozilla/5.0 (Windows NT 10.0; Win64; x64) AppleWebKit/537.36 (KHTML, like Gecko) Chrome/109.0.0.0 Safari/537.36"
178.115.38.149 - - [27/Apr/2023:13:57:22 +0200] "GET /entry.php?id=10271&&ser=596581 HTTP/1.1" 200 987 "http://hausegger.activities.at/entry.php?id=10271&&ser=596521" "Mozilla/5.0 (Windows NT 10.0; Win64; x64; rv:109.0) Gecko/20100101 Firefox/112.0"
178.115.38.149 - - [27/Apr/2023:13:57:22 +0200] "GET /gui/javascript/form_form.js?1682596642 HTTP/1.1" 200 16206 "http://hausegger.activities.at/entry.php?id=10271&&ser=596581" "Mozilla/5.0 (Windows NT 10.0; Win64; x64; rv:109.0) Gecko/20100101 Firefox/112.0"
46.206.243.80 - - [27/Apr/2023:13:58:12 +0200] "GET /entry.php?id=10271&&ser=596631 HTTP/1.1" 200 986 "http://hausegger.activities.at/entry.php?id=10271&&ser=596570" "Mozilla/5.0 (Windows NT 10.0; Win64; x64) AppleWebKit/537.36 (KHTML, like Gecko) Chrome/109.0.0.0 Safari/537.36"
46.206.243.80 - - [27/Apr/2023:13:58:12 +0200] "GET /gui/javascript/form_form.js?1682596692 HTTP/1.1" 200 16206 "http://hausegger.activities.at/entry.php?id=10271&&ser=596631" "Mozilla/5.0 (Windows NT 10.0; Win64; x64) AppleWebKit/537.36 (KHTML, like Gecko) Chrome/109.0.0.0 Safari/537.36"
178.115.38.149 - - [27/Apr/2023:13:58:22 +0200] "GET /entry.php?id=10271&&ser=596642 HTTP/1.1" 200 987 "http://hausegger.activities.at/entry.php?id=10271&&ser=596581" "Mozilla/5.0 (Windows NT 10.0; Win64; x64; rv:109.0) Gecko/20100101 Firefox/112.0"
178.115.38.149 - - [27/Apr/2023:13:58:22 +0200] "GET /gui/javascript/form_form.js?1682596702 HTTP/1.1" 200 16206 "http://hausegger.activities.at/entry.php?id=10271&&ser=596642" "Mozilla/5.0 (Windows NT 10.0; Win64; x64; rv:109.0) Gecko/20100101 Firefox/112.0"
46.206.243.80 - - [27/Apr/2023:13:59:13 +0200] "GET /entry.php?id=10271&&ser=596692 HTTP/1.1" 200 987 "http://hausegger.activities.at/entry.php?id=10271&&ser=596631" "Mozilla/5.0 (Windows NT 10.0; Win64; x64) AppleWebKit/537.36 (KHTML, like Gecko) Chrome/109.0.0.0 Safari/537.36"
46.206.243.80 - - [27/Apr/2023:13:59:13 +0200] "GET /gui/javascript/form_form.js?1682596753 HTTP/1.1" 200 16206 "http://hausegger.activities.at/entry.php?id=10271&&ser=596692" "Mozilla/5.0 (Windows NT 10.0; Win64; x64) AppleWebKit/537.36 (KHTML, like Gecko) Chrome/109.0.0.0 Safari/537.36"
178.115.38.149 - - [27/Apr/2023:13:59:22 +0200] "GET /entry.php?id=10271&&ser=596702 HTTP/1.1" 200 987 "http://hausegger.activities.at/entry.php?id=10271&&ser=596642" "Mozilla/5.0 (Windows NT 10.0; Win64; x64; rv:109.0) Gecko/20100101 Firefox/112.0"
178.115.38.149 - - [27/Apr/2023:13:59:23 +0200] "GET /gui/javascript/form_form.js?1682596763 HTTP/1.1" 200 16206 "http://hausegger.activities.at/entry.php?id=10271&&ser=596702" "Mozilla/5.0 (Windows NT 10.0; Win64; x64; rv:109.0) Gecko/20100101 Firefox/112.0"
46.206.243.80 - - [27/Apr/2023:14:00:14 +0200] "GET /entry.php?id=10271&&ser=596753 HTTP/1.1" 200 986 "http://hausegger.activities.at/entry.php?id=10271&&ser=596692" "Mozilla/5.0 (Windows NT 10.0; Win64; x64) AppleWebKit/537.36 (KHTML, like Gecko) Chrome/109.0.0.0 Safari/537.36"
46.206.243.80 - - [27/Apr/2023:14:00:14 +0200] "GET /gui/javascript/form_form.js?1682596814 HTTP/1.1" 200 16206 "http://hausegger.activities.at/entry.php?id=10271&&ser=596753" "Mozilla/5.0 (Windows NT 10.0; Win64; x64) AppleWebKit/537.36 (KHTML, like Gecko) Chrome/109.0.0.0 Safari/537.36"
178.115.38.149 - - [27/Apr/2023:14:00:23 +0200] "GET /entry.php?id=10271&&ser=596763 HTTP/1.1" 200 986 "http://hausegger.activities.at/entry.php?id=10271&&ser=596702" "Mozilla/5.0 (Windows NT 10.0; Win64; x64; rv:109.0) Gecko/20100101 Firefox/112.0"
178.115.38.149 - - [27/Apr/2023:14:00:23 +0200] "GET /gui/javascript/form_form.js?1682596823 HTTP/1.1" 200 16206 "http://hausegger.activities.at/entry.php?id=10271&&ser=596763" "Mozilla/5.0 (Windows NT 10.0; Win64; x64; rv:109.0) Gecko/20100101 Firefox/112.0"
46.206.243.80 - - [27/Apr/2023:14:01:15 +0200] "GET /entry.php?id=10271&&ser=596814 HTTP/1.1" 200 986 "http://hausegger.activities.at/entry.php?id=10271&&ser=596753" "Mozilla/5.0 (Windows NT 10.0; Win64; x64) AppleWebKit/537.36 (KHTML, like Gecko) Chrome/109.0.0.0 Safari/537.36"
46.206.243.80 - - [27/Apr/2023:14:01:15 +0200] "GET /gui/javascript/form_form.js?1682596875 HTTP/1.1" 200 16206 "http://hausegger.activities.at/entry.php?id=10271&&ser=596814" "Mozilla/5.0 (Windows NT 10.0; Win64; x64) AppleWebKit/537.36 (KHTML, like Gecko) Chrome/109.0.0.0 Safari/537.36"
178.115.38.149 - - [27/Apr/2023:14:01:24 +0200] "GET /entry.php?id=10271&&ser=596823 HTTP/1.1" 200 987 "http://hausegger.activities.at/entry.php?id=10271&&ser=596763" "Mozilla/5.0 (Windows NT 10.0; Win64; x64; rv:109.0) Gecko/20100101 Firefox/112.0"
178.115.38.149 - - [27/Apr/2023:14:01:24 +0200] "GET /gui/javascript/form_form.js?1682596884 HTTP/1.1" 200 16206 "http://hausegger.activities.at/entry.php?id=10271&&ser=596823" "Mozilla/5.0 (Windows NT 10.0; Win64; x64; rv:109.0) Gecko/20100101 Firefox/112.0"
46.206.243.80 - - [27/Apr/2023:14:02:16 +0200] "GET /entry.php?id=10271&&ser=596875 HTTP/1.1" 200 987 "http://hausegger.activities.at/entry.php?id=10271&&ser=596814" "Mozilla/5.0 (Windows NT 10.0; Win64; x64) AppleWebKit/537.36 (KHTML, like Gecko) Chrome/109.0.0.0 Safari/537.36"
46.206.243.80 - - [27/Apr/2023:14:02:16 +0200] "GET /gui/javascript/form_form.js?1682596936 HTTP/1.1" 200 16206 "http://hausegger.activities.at/entry.php?id=10271&&ser=596875" "Mozilla/5.0 (Windows NT 10.0; Win64; x64) AppleWebKit/537.36 (KHTML, like Gecko) Chrome/109.0.0.0 Safari/537.36"
178.115.38.149 - - [27/Apr/2023:14:02:24 +0200] "GET /entry.php?id=10271&&ser=596884 HTTP/1.1" 200 987 "http://hausegger.activities.at/entry.php?id=10271&&ser=596823" "Mozilla/5.0 (Windows NT 10.0; Win64; x64; rv:109.0) Gecko/20100101 Firefox/112.0"
178.115.38.149 - - [27/Apr/2023:14:02:24 +0200] "GET /gui/javascript/form_form.js?1682596944 HTTP/1.1" 200 16206 "http://hausegger.activities.at/entry.php?id=10271&&ser=596884" "Mozilla/5.0 (Windows NT 10.0; Win64; x64; rv:109.0) Gecko/20100101 Firefox/112.0"
46.206.243.80 - - [27/Apr/2023:14:03:17 +0200] "GET /entry.php?id=10271&&ser=596936 HTTP/1.1" 200 987 "http://hausegger.activities.at/entry.php?id=10271&&ser=596875" "Mozilla/5.0 (Windows NT 10.0; Win64; x64) AppleWebKit/537.36 (KHTML, like Gecko) Chrome/109.0.0.0 Safari/537.36"
46.206.243.80 - - [27/Apr/2023:14:03:17 +0200] "GET /gui/javascript/form_form.js?1682596997 HTTP/1.1" 200 16206 "http://hausegger.activities.at/entry.php?id=10271&&ser=596936" "Mozilla/5.0 (Windows NT 10.0; Win64; x64) AppleWebKit/537.36 (KHTML, like Gecko) Chrome/109.0.0.0 Safari/537.36"
178.115.38.149 - - [27/Apr/2023:14:03:25 +0200] "GET /entry.php?id=10271&&ser=596944 HTTP/1.1" 200 986 "http://hausegger.activities.at/entry.php?id=10271&&ser=596884" "Mozilla/5.0 (Windows NT 10.0; Win64; x64; rv:109.0) Gecko/20100101 Firefox/112.0"
178.115.38.149 - - [27/Apr/2023:14:03:25 +0200] "GET /gui/javascript/form_form.js?1682597005 HTTP/1.1" 200 16206 "http://hausegger.activities.at/entry.php?id=10271&&ser=596944" "Mozilla/5.0 (Windows NT 10.0; Win64; x64; rv:109.0) Gecko/20100101 Firefox/112.0"
46.206.243.80 - - [27/Apr/2023:14:04:18 +0200] "GET /entry.php?id=10271&&ser=596997 HTTP/1.1" 200 987 "http://hausegger.activities.at/entry.php?id=10271&&ser=596936" "Mozilla/5.0 (Windows NT 10.0; Win64; x64) AppleWebKit/537.36 (KHTML, like Gecko) Chrome/109.0.0.0 Safari/537.36"
46.206.243.80 - - [27/Apr/2023:14:04:18 +0200] "GET /gui/javascript/form_form.js?1682597058 HTTP/1.1" 200 16206 "http://hausegger.activities.at/entry.php?id=10271&&ser=596997" "Mozilla/5.0 (Windows NT 10.0; Win64; x64) AppleWebKit/537.36 (KHTML, like Gecko) Chrome/109.0.0.0 Safari/537.36"
178.115.38.149 - - [27/Apr/2023:14:04:25 +0200] "GET /entry.php?id=10271&&ser=597005 HTTP/1.1" 200 986 "http://hausegger.activities.at/entry.php?id=10271&&ser=596944" "Mozilla/5.0 (Windows NT 10.0; Win64; x64; rv:109.0) Gecko/20100101 Firefox/112.0"
178.115.38.149 - - [27/Apr/2023:14:04:25 +0200] "GET /gui/javascript/form_form.js?1682597065 HTTP/1.1" 200 16206 "http://hausegger.activities.at/entry.php?id=10271&&ser=597005" "Mozilla/5.0 (Windows NT 10.0; Win64; x64; rv:109.0) Gecko/20100101 Firefox/112.0"
46.206.243.80 - - [27/Apr/2023:14:05:19 +0200] "GET /entry.php?id=10271&&ser=597058 HTTP/1.1" 200 987 "http://hausegger.activities.at/entry.php?id=10271&&ser=596997" "Mozilla/5.0 (Windows NT 10.0; Win64; x64) AppleWebKit/537.36 (KHTML, like Gecko) Chrome/109.0.0.0 Safari/537.36"
46.206.243.80 - - [27/Apr/2023:14:05:19 +0200] "GET /gui/javascript/form_form.js?1682597119 HTTP/1.1" 200 16206 "http://hausegger.activities.at/entry.php?id=10271&&ser=597058" "Mozilla/5.0 (Windows NT 10.0; Win64; x64) AppleWebKit/537.36 (KHTML, like Gecko) Chrome/109.0.0.0 Safari/537.36"
178.115.38.149 - - [27/Apr/2023:14:05:25 +0200] "GET /entry.php?id=10271&&ser=597065 HTTP/1.1" 200 987 "http://hausegger.activities.at/entry.php?id=10271&&ser=597005" "Mozilla/5.0 (Windows NT 10.0; Win64; x64; rv:109.0) Gecko/20100101 Firefox/112.0"
178.115.38.149 - - [27/Apr/2023:14:05:26 +0200] "GET /gui/javascript/form_form.js?1682597126 HTTP/1.1" 200 16206 "http://hausegger.activities.at/entry.php?id=10271&&ser=597065" "Mozilla/5.0 (Windows NT 10.0; Win64; x64; rv:109.0) Gecko/20100101 Firefox/112.0"
46.206.243.80 - - [27/Apr/2023:14:06:20 +0200] "GET /entry.php?id=10271&&ser=597119 HTTP/1.1" 200 987 "http://hausegger.activities.at/entry.php?id=10271&&ser=597058" "Mozilla/5.0 (Windows NT 10.0; Win64; x64) AppleWebKit/537.36 (KHTML, like Gecko) Chrome/109.0.0.0 Safari/537.36"
46.206.243.80 - - [27/Apr/2023:14:06:20 +0200] "GET /gui/javascript/form_form.js?1682597180 HTTP/1.1" 200 16206 "http://hausegger.activities.at/entry.php?id=10271&&ser=597119" "Mozilla/5.0 (Windows NT 10.0; Win64; x64) AppleWebKit/537.36 (KHTML, like Gecko) Chrome/109.0.0.0 Safari/537.36"
178.115.38.149 - - [27/Apr/2023:14:06:26 +0200] "GET /entry.php?id=10271&&ser=597126 HTTP/1.1" 200 987 "http://hausegger.activities.at/entry.php?id=10271&&ser=597065" "Mozilla/5.0 (Windows NT 10.0; Win64; x64; rv:109.0) Gecko/20100101 Firefox/112.0"
178.115.38.149 - - [27/Apr/2023:14:06:26 +0200] "GET /gui/javascript/form_form.js?1682597186 HTTP/1.1" 200 16206 "http://hausegger.activities.at/entry.php?id=10271&&ser=597126" "Mozilla/5.0 (Windows NT 10.0; Win64; x64; rv:109.0) Gecko/20100101 Firefox/112.0"
46.206.243.80 - - [27/Apr/2023:14:07:21 +0200] "GET /entry.php?id=10271&&ser=597180 HTTP/1.1" 200 986 "http://hausegger.activities.at/entry.php?id=10271&&ser=597119" "Mozilla/5.0 (Windows NT 10.0; Win64; x64) AppleWebKit/537.36 (KHTML, like Gecko) Chrome/109.0.0.0 Safari/537.36"
46.206.243.80 - - [27/Apr/2023:14:07:21 +0200] "GET /gui/javascript/form_form.js?1682597241 HTTP/1.1" 200 16206 "http://hausegger.activities.at/entry.php?id=10271&&ser=597180" "Mozilla/5.0 (Windows NT 10.0; Win64; x64) AppleWebKit/537.36 (KHTML, like Gecko) Chrome/109.0.0.0 Safari/537.36"
178.115.38.149 - - [27/Apr/2023:14:07:26 +0200] "GET /entry.php?id=10271&&ser=597186 HTTP/1.1" 200 987 "http://hausegger.activities.at/entry.php?id=10271&&ser=597126" "Mozilla/5.0 (Windows NT 10.0; Win64; x64; rv:109.0) Gecko/20100101 Firefox/112.0"
178.115.38.149 - - [27/Apr/2023:14:07:27 +0200] "GET /gui/javascript/form_form.js?1682597247 HTTP/1.1" 200 16206 "http://hausegger.activities.at/entry.php?id=10271&&ser=597186" "Mozilla/5.0 (Windows NT 10.0; Win64; x64; rv:109.0) Gecko/20100101 Firefox/112.0"
46.206.243.80 - - [27/Apr/2023:14:08:22 +0200] "GET /entry.php?id=10271&&ser=597241 HTTP/1.1" 200 987 "http://hausegger.activities.at/entry.php?id=10271&&ser=597180" "Mozilla/5.0 (Windows NT 10.0; Win64; x64) AppleWebKit/537.36 (KHTML, like Gecko) Chrome/109.0.0.0 Safari/537.36"
46.206.243.80 - - [27/Apr/2023:14:08:22 +0200] "GET /gui/javascript/form_form.js?1682597302 HTTP/1.1" 200 16206 "http://hausegger.activities.at/entry.php?id=10271&&ser=597241" "Mozilla/5.0 (Windows NT 10.0; Win64; x64) AppleWebKit/537.36 (KHTML, like Gecko) Chrome/109.0.0.0 Safari/537.36"
178.115.38.149 - - [27/Apr/2023:14:08:27 +0200] "GET /entry.php?id=10271&&ser=597247 HTTP/1.1" 200 987 "http://hausegger.activities.at/entry.php?id=10271&&ser=597186" "Mozilla/5.0 (Windows NT 10.0; Win64; x64; rv:109.0) Gecko/20100101 Firefox/112.0"
178.115.38.149 - - [27/Apr/2023:14:08:27 +0200] "GET /gui/javascript/form_form.js?1682597307 HTTP/1.1" 200 16206 "http://hausegger.activities.at/entry.php?id=10271&&ser=597247" "Mozilla/5.0 (Windows NT 10.0; Win64; x64; rv:109.0) Gecko/20100101 Firefox/112.0"
46.206.243.80 - - [27/Apr/2023:14:09:23 +0200] "GET /entry.php?id=10271&&ser=597302 HTTP/1.1" 200 987 "http://hausegger.activities.at/entry.php?id=10271&&ser=597241" "Mozilla/5.0 (Windows NT 10.0; Win64; x64) AppleWebKit/537.36 (KHTML, like Gecko) Chrome/109.0.0.0 Safari/537.36"
46.206.243.80 - - [27/Apr/2023:14:09:23 +0200] "GET /gui/javascript/form_form.js?1682597363 HTTP/1.1" 200 16206 "http://hausegger.activities.at/entry.php?id=10271&&ser=597302" "Mozilla/5.0 (Windows NT 10.0; Win64; x64) AppleWebKit/537.36 (KHTML, like Gecko) Chrome/109.0.0.0 Safari/537.36"
178.115.38.149 - - [27/Apr/2023:14:09:27 +0200] "GET /entry.php?id=10271&&ser=597307 HTTP/1.1" 200 987 "http://hausegger.activities.at/entry.php?id=10271&&ser=597247" "Mozilla/5.0 (Windows NT 10.0; Win64; x64; rv:109.0) Gecko/20100101 Firefox/112.0"
178.115.38.149 - - [27/Apr/2023:14:09:27 +0200] "GET /gui/javascript/form_form.js?1682597367 HTTP/1.1" 200 16206 "http://hausegger.activities.at/entry.php?id=10271&&ser=597307" "Mozilla/5.0 (Windows NT 10.0; Win64; x64; rv:109.0) Gecko/20100101 Firefox/112.0"
46.206.243.80 - - [27/Apr/2023:14:10:24 +0200] "GET /entry.php?id=10271&&ser=597363 HTTP/1.1" 200 987 "http://hausegger.activities.at/entry.php?id=10271&&ser=597302" "Mozilla/5.0 (Windows NT 10.0; Win64; x64) AppleWebKit/537.36 (KHTML, like Gecko) Chrome/109.0.0.0 Safari/537.36"
46.206.243.80 - - [27/Apr/2023:14:10:24 +0200] "GET /gui/javascript/form_form.js?1682597424 HTTP/1.1" 200 16206 "http://hausegger.activities.at/entry.php?id=10271&&ser=597363" "Mozilla/5.0 (Windows NT 10.0; Win64; x64) AppleWebKit/537.36 (KHTML, like Gecko) Chrome/109.0.0.0 Safari/537.36"
178.115.38.149 - - [27/Apr/2023:14:10:28 +0200] "GET /entry.php?id=10271&&ser=597367 HTTP/1.1" 200 987 "http://hausegger.activities.at/entry.php?id=10271&&ser=597307" "Mozilla/5.0 (Windows NT 10.0; Win64; x64; rv:109.0) Gecko/20100101 Firefox/112.0"
178.115.38.149 - - [27/Apr/2023:14:10:28 +0200] "GET /gui/javascript/form_form.js?1682597428 HTTP/1.1" 200 16206 "http://hausegger.activities.at/entry.php?id=10271&&ser=597367" "Mozilla/5.0 (Windows NT 10.0; Win64; x64; rv:109.0) Gecko/20100101 Firefox/112.0"
46.206.243.80 - - [27/Apr/2023:14:11:25 +0200] "GET /entry.php?id=10271&&ser=597424 HTTP/1.1" 200 987 "http://hausegger.activities.at/entry.php?id=10271&&ser=597363" "Mozilla/5.0 (Windows NT 10.0; Win64; x64) AppleWebKit/537.36 (KHTML, like Gecko) Chrome/109.0.0.0 Safari/537.36"
46.206.243.80 - - [27/Apr/2023:14:11:25 +0200] "GET /gui/javascript/form_form.js?1682597485 HTTP/1.1" 200 16206 "http://hausegger.activities.at/entry.php?id=10271&&ser=597424" "Mozilla/5.0 (Windows NT 10.0; Win64; x64) AppleWebKit/537.36 (KHTML, like Gecko) Chrome/109.0.0.0 Safari/537.36"
178.115.38.149 - - [27/Apr/2023:14:11:28 +0200] "GET /entry.php?id=10271&&ser=597428 HTTP/1.1" 200 987 "http://hausegger.activities.at/entry.php?id=10271&&ser=597367" "Mozilla/5.0 (Windows NT 10.0; Win64; x64; rv:109.0) Gecko/20100101 Firefox/112.0"
178.115.38.149 - - [27/Apr/2023:14:11:28 +0200] "GET /gui/javascript/form_form.js?1682597488 HTTP/1.1" 200 16206 "http://hausegger.activities.at/entry.php?id=10271&&ser=597428" "Mozilla/5.0 (Windows NT 10.0; Win64; x64; rv:109.0) Gecko/20100101 Firefox/112.0"
46.206.243.80 - - [27/Apr/2023:14:12:26 +0200] "GET /entry.php?id=10271&&ser=597485 HTTP/1.1" 200 987 "http://hausegger.activities.at/entry.php?id=10271&&ser=597424" "Mozilla/5.0 (Windows NT 10.0; Win64; x64) AppleWebKit/537.36 (KHTML, like Gecko) Chrome/109.0.0.0 Safari/537.36"
46.206.243.80 - - [27/Apr/2023:14:12:26 +0200] "GET /gui/javascript/form_form.js?1682597546 HTTP/1.1" 200 16206 "http://hausegger.activities.at/entry.php?id=10271&&ser=597485" "Mozilla/5.0 (Windows NT 10.0; Win64; x64) AppleWebKit/537.36 (KHTML, like Gecko) Chrome/109.0.0.0 Safari/537.36"
178.115.38.149 - - [27/Apr/2023:14:12:29 +0200] "GET /entry.php?id=10271&&ser=597488 HTTP/1.1" 200 987 "http://hausegger.activities.at/entry.php?id=10271&&ser=597428" "Mozilla/5.0 (Windows NT 10.0; Win64; x64; rv:109.0) Gecko/20100101 Firefox/112.0"
178.115.38.149 - - [27/Apr/2023:14:12:29 +0200] "GET /gui/javascript/form_form.js?1682597549 HTTP/1.1" 200 16206 "http://hausegger.activities.at/entry.php?id=10271&&ser=597488" "Mozilla/5.0 (Windows NT 10.0; Win64; x64; rv:109.0) Gecko/20100101 Firefox/112.0"
46.206.243.80 - - [27/Apr/2023:14:13:27 +0200] "GET /entry.php?id=10271&&ser=597546 HTTP/1.1" 200 987 "http://hausegger.activities.at/entry.php?id=10271&&ser=597485" "Mozilla/5.0 (Windows NT 10.0; Win64; x64) AppleWebKit/537.36 (KHTML, like Gecko) Chrome/109.0.0.0 Safari/537.36"
46.206.243.80 - - [27/Apr/2023:14:13:27 +0200] "GET /gui/javascript/form_form.js?1682597607 HTTP/1.1" 200 16206 "http://hausegger.activities.at/entry.php?id=10271&&ser=597546" "Mozilla/5.0 (Windows NT 10.0; Win64; x64) AppleWebKit/537.36 (KHTML, like Gecko) Chrome/109.0.0.0 Safari/537.36"
178.115.38.149 - - [27/Apr/2023:14:13:29 +0200] "GET /entry.php?id=10271&&ser=597549 HTTP/1.1" 200 987 "http://hausegger.activities.at/entry.php?id=10271&&ser=597488" "Mozilla/5.0 (Windows NT 10.0; Win64; x64; rv:109.0) Gecko/20100101 Firefox/112.0"
178.115.38.149 - - [27/Apr/2023:14:13:29 +0200] "GET /gui/javascript/form_form.js?1682597609 HTTP/1.1" 200 16206 "http://hausegger.activities.at/entry.php?id=10271&&ser=597549" "Mozilla/5.0 (Windows NT 10.0; Win64; x64; rv:109.0) Gecko/20100101 Firefox/112.0"
46.206.243.80 - - [27/Apr/2023:14:14:28 +0200] "GET /entry.php?id=10271&&ser=597607 HTTP/1.1" 200 987 "http://hausegger.activities.at/entry.php?id=10271&&ser=597546" "Mozilla/5.0 (Windows NT 10.0; Win64; x64) AppleWebKit/537.36 (KHTML, like Gecko) Chrome/109.0.0.0 Safari/537.36"
46.206.243.80 - - [27/Apr/2023:14:14:28 +0200] "GET /gui/javascript/form_form.js?1682597668 HTTP/1.1" 200 16206 "http://hausegger.activities.at/entry.php?id=10271&&ser=597607" "Mozilla/5.0 (Windows NT 10.0; Win64; x64) AppleWebKit/537.36 (KHTML, like Gecko) Chrome/109.0.0.0 Safari/537.36"
178.115.38.149 - - [27/Apr/2023:14:14:29 +0200] "GET /entry.php?id=10271&&ser=597609 HTTP/1.1" 200 987 "http://hausegger.activities.at/entry.php?id=10271&&ser=597549" "Mozilla/5.0 (Windows NT 10.0; Win64; x64; rv:109.0) Gecko/20100101 Firefox/112.0"
178.115.38.149 - - [27/Apr/2023:14:14:30 +0200] "GET /gui/javascript/form_form.js?1682597670 HTTP/1.1" 200 16206 "http://hausegger.activities.at/entry.php?id=10271&&ser=597609" "Mozilla/5.0 (Windows NT 10.0; Win64; x64; rv:109.0) Gecko/20100101 Firefox/112.0"
46.206.243.80 - - [27/Apr/2023:14:15:29 +0200] "GET /entry.php?id=10271&&ser=597668 HTTP/1.1" 200 987 "http://hausegger.activities.at/entry.php?id=10271&&ser=597607" "Mozilla/5.0 (Windows NT 10.0; Win64; x64) AppleWebKit/537.36 (KHTML, like Gecko) Chrome/109.0.0.0 Safari/537.36"
46.206.243.80 - - [27/Apr/2023:14:15:29 +0200] "GET /gui/javascript/form_form.js?1682597729 HTTP/1.1" 200 16206 "http://hausegger.activities.at/entry.php?id=10271&&ser=597668" "Mozilla/5.0 (Windows NT 10.0; Win64; x64) AppleWebKit/537.36 (KHTML, like Gecko) Chrome/109.0.0.0 Safari/537.36"
178.115.38.149 - - [27/Apr/2023:14:15:30 +0200] "GET /entry.php?id=10271&&ser=597670 HTTP/1.1" 200 987 "http://hausegger.activities.at/entry.php?id=10271&&ser=597609" "Mozilla/5.0 (Windows NT 10.0; Win64; x64; rv:109.0) Gecko/20100101 Firefox/112.0"
178.115.38.149 - - [27/Apr/2023:14:15:30 +0200] "GET /gui/javascript/form_form.js?1682597730 HTTP/1.1" 200 16206 "http://hausegger.activities.at/entry.php?id=10271&&ser=597670" "Mozilla/5.0 (Windows NT 10.0; Win64; x64; rv:109.0) Gecko/20100101 Firefox/112.0"
46.206.243.80 - - [27/Apr/2023:14:16:30 +0200] "GET /entry.php?id=10271&&ser=597729 HTTP/1.1" 200 987 "http://hausegger.activities.at/entry.php?id=10271&&ser=597668" "Mozilla/5.0 (Windows NT 10.0; Win64; x64) AppleWebKit/537.36 (KHTML, like Gecko) Chrome/109.0.0.0 Safari/537.36"
46.206.243.80 - - [27/Apr/2023:14:16:30 +0200] "GET /gui/javascript/form_form.js?1682597790 HTTP/1.1" 200 16206 "http://hausegger.activities.at/entry.php?id=10271&&ser=597729" "Mozilla/5.0 (Windows NT 10.0; Win64; x64) AppleWebKit/537.36 (KHTML, like Gecko) Chrome/109.0.0.0 Safari/537.36"
178.115.38.149 - - [27/Apr/2023:14:16:30 +0200] "GET /entry.php?id=10271&&ser=597730 HTTP/1.1" 200 986 "http://hausegger.activities.at/entry.php?id=10271&&ser=597670" "Mozilla/5.0 (Windows NT 10.0; Win64; x64; rv:109.0) Gecko/20100101 Firefox/112.0"
178.115.38.149 - - [27/Apr/2023:14:16:31 +0200] "GET /gui/javascript/form_form.js?1682597791 HTTP/1.1" 200 16206 "http://hausegger.activities.at/entry.php?id=10271&&ser=597730" "Mozilla/5.0 (Windows NT 10.0; Win64; x64; rv:109.0) Gecko/20100101 Firefox/112.0"
178.115.38.149 - - [27/Apr/2023:14:17:31 +0200] "GET /entry.php?id=10271&&ser=597791 HTTP/1.1" 200 986 "http://hausegger.activities.at/entry.php?id=10271&&ser=597730" "Mozilla/5.0 (Windows NT 10.0; Win64; x64; rv:109.0) Gecko/20100101 Firefox/112.0"
178.115.38.149 - - [27/Apr/2023:14:17:31 +0200] "GET /gui/javascript/form_form.js?1682597851 HTTP/1.1" 200 16206 "http://hausegger.activities.at/entry.php?id=10271&&ser=597791" "Mozilla/5.0 (Windows NT 10.0; Win64; x64; rv:109.0) Gecko/20100101 Firefox/112.0"
46.206.243.80 - - [27/Apr/2023:14:17:31 +0200] "GET /entry.php?id=10271&&ser=597790 HTTP/1.1" 200 986 "http://hausegger.activities.at/entry.php?id=10271&&ser=597729" "Mozilla/5.0 (Windows NT 10.0; Win64; x64) AppleWebKit/537.36 (KHTML, like Gecko) Chrome/109.0.0.0 Safari/537.36"
46.206.243.80 - - [27/Apr/2023:14:17:31 +0200] "GET /gui/javascript/form_form.js?1682597851 HTTP/1.1" 200 16206 "http://hausegger.activities.at/entry.php?id=10271&&ser=597790" "Mozilla/5.0 (Windows NT 10.0; Win64; x64) AppleWebKit/537.36 (KHTML, like Gecko) Chrome/109.0.0.0 Safari/537.36"
178.115.38.149 - - [27/Apr/2023:14:18:31 +0200] "GET /entry.php?id=10271&&ser=597851 HTTP/1.1" 200 986 "http://hausegger.activities.at/entry.php?id=10271&&ser=597791" "Mozilla/5.0 (Windows NT 10.0; Win64; x64; rv:109.0) Gecko/20100101 Firefox/112.0"
178.115.38.149 - - [27/Apr/2023:14:18:31 +0200] "GET /gui/javascript/form_form.js?1682597911 HTTP/1.1" 200 16206 "http://hausegger.activities.at/entry.php?id=10271&&ser=597851" "Mozilla/5.0 (Windows NT 10.0; Win64; x64; rv:109.0) Gecko/20100101 Firefox/112.0"
46.206.243.80 - - [27/Apr/2023:14:18:32 +0200] "GET /entry.php?id=10271&&ser=597851 HTTP/1.1" 200 987 "http://hausegger.activities.at/entry.php?id=10271&&ser=597790" "Mozilla/5.0 (Windows NT 10.0; Win64; x64) AppleWebKit/537.36 (KHTML, like Gecko) Chrome/109.0.0.0 Safari/537.36"
46.206.243.80 - - [27/Apr/2023:14:18:32 +0200] "GET /gui/javascript/form_form.js?1682597912 HTTP/1.1" 200 16206 "http://hausegger.activities.at/entry.php?id=10271&&ser=597851" "Mozilla/5.0 (Windows NT 10.0; Win64; x64) AppleWebKit/537.36 (KHTML, like Gecko) Chrome/109.0.0.0 Safari/537.36"
178.115.38.149 - - [27/Apr/2023:14:19:32 +0200] "GET /entry.php?id=10271&&ser=597911 HTTP/1.1" 200 987 "http://hausegger.activities.at/entry.php?id=10271&&ser=597851" "Mozilla/5.0 (Windows NT 10.0; Win64; x64; rv:109.0) Gecko/20100101 Firefox/112.0"
178.115.38.149 - - [27/Apr/2023:14:19:32 +0200] "GET /gui/javascript/form_form.js?1682597972 HTTP/1.1" 200 16206 "http://hausegger.activities.at/entry.php?id=10271&&ser=597911" "Mozilla/5.0 (Windows NT 10.0; Win64; x64; rv:109.0) Gecko/20100101 Firefox/112.0"
46.206.243.80 - - [27/Apr/2023:14:19:33 +0200] "GET /entry.php?id=10271&&ser=597912 HTTP/1.1" 200 987 "http://hausegger.activities.at/entry.php?id=10271&&ser=597851" "Mozilla/5.0 (Windows NT 10.0; Win64; x64) AppleWebKit/537.36 (KHTML, like Gecko) Chrome/109.0.0.0 Safari/537.36"
46.206.243.80 - - [27/Apr/2023:14:19:33 +0200] "GET /gui/javascript/form_form.js?1682597973 HTTP/1.1" 200 16206 "http://hausegger.activities.at/entry.php?id=10271&&ser=597912" "Mozilla/5.0 (Windows NT 10.0; Win64; x64) AppleWebKit/537.36 (KHTML, like Gecko) Chrome/109.0.0.0 Safari/537.36"
178.115.38.149 - - [27/Apr/2023:14:20:32 +0200] "GET /entry.php?id=10271&&ser=597972 HTTP/1.1" 200 987 "http://hausegger.activities.at/entry.php?id=10271&&ser=597911" "Mozilla/5.0 (Windows NT 10.0; Win64; x64; rv:109.0) Gecko/20100101 Firefox/112.0"
178.115.38.149 - - [27/Apr/2023:14:20:32 +0200] "GET /gui/javascript/form_form.js?1682598032 HTTP/1.1" 200 16206 "http://hausegger.activities.at/entry.php?id=10271&&ser=597972" "Mozilla/5.0 (Windows NT 10.0; Win64; x64; rv:109.0) Gecko/20100101 Firefox/112.0"
46.206.243.80 - - [27/Apr/2023:14:20:34 +0200] "GET /entry.php?id=10271&&ser=597973 HTTP/1.1" 200 987 "http://hausegger.activities.at/entry.php?id=10271&&ser=597912" "Mozilla/5.0 (Windows NT 10.0; Win64; x64) AppleWebKit/537.36 (KHTML, like Gecko) Chrome/109.0.0.0 Safari/537.36"
46.206.243.80 - - [27/Apr/2023:14:20:34 +0200] "GET /gui/javascript/form_form.js?1682598034 HTTP/1.1" 200 16206 "http://hausegger.activities.at/entry.php?id=10271&&ser=597973" "Mozilla/5.0 (Windows NT 10.0; Win64; x64) AppleWebKit/537.36 (KHTML, like Gecko) Chrome/109.0.0.0 Safari/537.36"
178.115.38.149 - - [27/Apr/2023:14:21:33 +0200] "GET /entry.php?id=10271&&ser=598032 HTTP/1.1" 200 987 "http://hausegger.activities.at/entry.php?id=10271&&ser=597972" "Mozilla/5.0 (Windows NT 10.0; Win64; x64; rv:109.0) Gecko/20100101 Firefox/112.0"
178.115.38.149 - - [27/Apr/2023:14:21:33 +0200] "GET /gui/javascript/form_form.js?1682598093 HTTP/1.1" 200 16206 "http://hausegger.activities.at/entry.php?id=10271&&ser=598032" "Mozilla/5.0 (Windows NT 10.0; Win64; x64; rv:109.0) Gecko/20100101 Firefox/112.0"
46.206.243.80 - - [27/Apr/2023:14:21:35 +0200] "GET /entry.php?id=10271&&ser=598034 HTTP/1.1" 200 987 "http://hausegger.activities.at/entry.php?id=10271&&ser=597973" "Mozilla/5.0 (Windows NT 10.0; Win64; x64) AppleWebKit/537.36 (KHTML, like Gecko) Chrome/109.0.0.0 Safari/537.36"
46.206.243.80 - - [27/Apr/2023:14:21:35 +0200] "GET /gui/javascript/form_form.js?1682598095 HTTP/1.1" 200 16206 "http://hausegger.activities.at/entry.php?id=10271&&ser=598034" "Mozilla/5.0 (Windows NT 10.0; Win64; x64) AppleWebKit/537.36 (KHTML, like Gecko) Chrome/109.0.0.0 Safari/537.36"
178.115.38.149 - - [27/Apr/2023:14:22:33 +0200] "GET /entry.php?id=10271&&ser=598093 HTTP/1.1" 200 987 "http://hausegger.activities.at/entry.php?id=10271&&ser=598032" "Mozilla/5.0 (Windows NT 10.0; Win64; x64; rv:109.0) Gecko/20100101 Firefox/112.0"
178.115.38.149 - - [27/Apr/2023:14:22:33 +0200] "GET /gui/javascript/form_form.js?1682598153 HTTP/1.1" 200 16206 "http://hausegger.activities.at/entry.php?id=10271&&ser=598093" "Mozilla/5.0 (Windows NT 10.0; Win64; x64; rv:109.0) Gecko/20100101 Firefox/112.0"
46.206.243.80 - - [27/Apr/2023:14:22:36 +0200] "GET /entry.php?id=10271&&ser=598095 HTTP/1.1" 200 987 "http://hausegger.activities.at/entry.php?id=10271&&ser=598034" "Mozilla/5.0 (Windows NT 10.0; Win64; x64) AppleWebKit/537.36 (KHTML, like Gecko) Chrome/109.0.0.0 Safari/537.36"
46.206.243.80 - - [27/Apr/2023:14:22:36 +0200] "GET /gui/javascript/form_form.js?1682598156 HTTP/1.1" 200 16206 "http://hausegger.activities.at/entry.php?id=10271&&ser=598095" "Mozilla/5.0 (Windows NT 10.0; Win64; x64) AppleWebKit/537.36 (KHTML, like Gecko) Chrome/109.0.0.0 Safari/537.36"
178.115.38.149 - - [27/Apr/2023:14:23:34 +0200] "GET /entry.php?id=10271&&ser=598153 HTTP/1.1" 200 987 "http://hausegger.activities.at/entry.php?id=10271&&ser=598093" "Mozilla/5.0 (Windows NT 10.0; Win64; x64; rv:109.0) Gecko/20100101 Firefox/112.0"
178.115.38.149 - - [27/Apr/2023:14:23:34 +0200] "GET /gui/javascript/form_form.js?1682598214 HTTP/1.1" 200 16206 "http://hausegger.activities.at/entry.php?id=10271&&ser=598153" "Mozilla/5.0 (Windows NT 10.0; Win64; x64; rv:109.0) Gecko/20100101 Firefox/112.0"
46.206.243.80 - - [27/Apr/2023:14:23:37 +0200] "GET /entry.php?id=10271&&ser=598156 HTTP/1.1" 200 987 "http://hausegger.activities.at/entry.php?id=10271&&ser=598095" "Mozilla/5.0 (Windows NT 10.0; Win64; x64) AppleWebKit/537.36 (KHTML, like Gecko) Chrome/109.0.0.0 Safari/537.36"
46.206.243.80 - - [27/Apr/2023:14:23:37 +0200] "GET /gui/javascript/form_form.js?1682598217 HTTP/1.1" 200 16206 "http://hausegger.activities.at/entry.php?id=10271&&ser=598156" "Mozilla/5.0 (Windows NT 10.0; Win64; x64) AppleWebKit/537.36 (KHTML, like Gecko) Chrome/109.0.0.0 Safari/537.36"
178.115.38.149 - - [27/Apr/2023:14:24:34 +0200] "GET /entry.php?id=10271&&ser=598214 HTTP/1.1" 200 986 "http://hausegger.activities.at/entry.php?id=10271&&ser=598153" "Mozilla/5.0 (Windows NT 10.0; Win64; x64; rv:109.0) Gecko/20100101 Firefox/112.0"
178.115.38.149 - - [27/Apr/2023:14:24:34 +0200] "GET /gui/javascript/form_form.js?1682598274 HTTP/1.1" 200 16206 "http://hausegger.activities.at/entry.php?id=10271&&ser=598214" "Mozilla/5.0 (Windows NT 10.0; Win64; x64; rv:109.0) Gecko/20100101 Firefox/112.0"
46.206.243.80 - - [27/Apr/2023:14:24:38 +0200] "GET /entry.php?id=10271&&ser=598217 HTTP/1.1" 200 987 "http://hausegger.activities.at/entry.php?id=10271&&ser=598156" "Mozilla/5.0 (Windows NT 10.0; Win64; x64) AppleWebKit/537.36 (KHTML, like Gecko) Chrome/109.0.0.0 Safari/537.36"
46.206.243.80 - - [27/Apr/2023:14:24:38 +0200] "GET /gui/javascript/form_form.js?1682598278 HTTP/1.1" 200 16206 "http://hausegger.activities.at/entry.php?id=10271&&ser=598217" "Mozilla/5.0 (Windows NT 10.0; Win64; x64) AppleWebKit/537.36 (KHTML, like Gecko) Chrome/109.0.0.0 Safari/537.36"
178.115.38.149 - - [27/Apr/2023:14:25:34 +0200] "GET /entry.php?id=10271&&ser=598274 HTTP/1.1" 200 987 "http://hausegger.activities.at/entry.php?id=10271&&ser=598214" "Mozilla/5.0 (Windows NT 10.0; Win64; x64; rv:109.0) Gecko/20100101 Firefox/112.0"
178.115.38.149 - - [27/Apr/2023:14:25:35 +0200] "GET /gui/javascript/form_form.js?1682598335 HTTP/1.1" 200 16206 "http://hausegger.activities.at/entry.php?id=10271&&ser=598274" "Mozilla/5.0 (Windows NT 10.0; Win64; x64; rv:109.0) Gecko/20100101 Firefox/112.0"
46.206.243.80 - - [27/Apr/2023:14:25:39 +0200] "GET /entry.php?id=10271&&ser=598278 HTTP/1.1" 200 987 "http://hausegger.activities.at/entry.php?id=10271&&ser=598217" "Mozilla/5.0 (Windows NT 10.0; Win64; x64) AppleWebKit/537.36 (KHTML, like Gecko) Chrome/109.0.0.0 Safari/537.36"
46.206.243.80 - - [27/Apr/2023:14:25:39 +0200] "GET /gui/javascript/form_form.js?1682598339 HTTP/1.1" 200 16206 "http://hausegger.activities.at/entry.php?id=10271&&ser=598278" "Mozilla/5.0 (Windows NT 10.0; Win64; x64) AppleWebKit/537.36 (KHTML, like Gecko) Chrome/109.0.0.0 Safari/537.36"
178.115.38.149 - - [27/Apr/2023:14:26:35 +0200] "GET /entry.php?id=10271&&ser=598335 HTTP/1.1" 200 987 "http://hausegger.activities.at/entry.php?id=10271&&ser=598274" "Mozilla/5.0 (Windows NT 10.0; Win64; x64; rv:109.0) Gecko/20100101 Firefox/112.0"
178.115.38.149 - - [27/Apr/2023:14:26:35 +0200] "GET /gui/javascript/form_form.js?1682598395 HTTP/1.1" 200 16206 "http://hausegger.activities.at/entry.php?id=10271&&ser=598335" "Mozilla/5.0 (Windows NT 10.0; Win64; x64; rv:109.0) Gecko/20100101 Firefox/112.0"
46.206.243.80 - - [27/Apr/2023:14:26:40 +0200] "GET /entry.php?id=10271&&ser=598339 HTTP/1.1" 200 987 "http://hausegger.activities.at/entry.php?id=10271&&ser=598278" "Mozilla/5.0 (Windows NT 10.0; Win64; x64) AppleWebKit/537.36 (KHTML, like Gecko) Chrome/109.0.0.0 Safari/537.36"
46.206.243.80 - - [27/Apr/2023:14:26:40 +0200] "GET /gui/javascript/form_form.js?1682598400 HTTP/1.1" 200 16206 "http://hausegger.activities.at/entry.php?id=10271&&ser=598339" "Mozilla/5.0 (Windows NT 10.0; Win64; x64) AppleWebKit/537.36 (KHTML, like Gecko) Chrome/109.0.0.0 Safari/537.36"
178.115.38.149 - - [27/Apr/2023:14:27:35 +0200] "GET /entry.php?id=10271&&ser=598395 HTTP/1.1" 200 987 "http://hausegger.activities.at/entry.php?id=10271&&ser=598335" "Mozilla/5.0 (Windows NT 10.0; Win64; x64; rv:109.0) Gecko/20100101 Firefox/112.0"
178.115.38.149 - - [27/Apr/2023:14:27:36 +0200] "GET /gui/javascript/form_form.js?1682598456 HTTP/1.1" 200 16206 "http://hausegger.activities.at/entry.php?id=10271&&ser=598395" "Mozilla/5.0 (Windows NT 10.0; Win64; x64; rv:109.0) Gecko/20100101 Firefox/112.0"
46.206.243.80 - - [27/Apr/2023:14:27:41 +0200] "GET /entry.php?id=10271&&ser=598400 HTTP/1.1" 200 986 "http://hausegger.activities.at/entry.php?id=10271&&ser=598339" "Mozilla/5.0 (Windows NT 10.0; Win64; x64) AppleWebKit/537.36 (KHTML, like Gecko) Chrome/109.0.0.0 Safari/537.36"
46.206.243.80 - - [27/Apr/2023:14:27:41 +0200] "GET /gui/javascript/form_form.js?1682598461 HTTP/1.1" 200 16206 "http://hausegger.activities.at/entry.php?id=10271&&ser=598400" "Mozilla/5.0 (Windows NT 10.0; Win64; x64) AppleWebKit/537.36 (KHTML, like Gecko) Chrome/109.0.0.0 Safari/537.36"
178.115.38.149 - - [27/Apr/2023:14:28:36 +0200] "GET /entry.php?id=10271&&ser=598456 HTTP/1.1" 200 986 "http://hausegger.activities.at/entry.php?id=10271&&ser=598395" "Mozilla/5.0 (Windows NT 10.0; Win64; x64; rv:109.0) Gecko/20100101 Firefox/112.0"
178.115.38.149 - - [27/Apr/2023:14:28:36 +0200] "GET /gui/javascript/form_form.js?1682598516 HTTP/1.1" 200 16206 "http://hausegger.activities.at/entry.php?id=10271&&ser=598456" "Mozilla/5.0 (Windows NT 10.0; Win64; x64; rv:109.0) Gecko/20100101 Firefox/112.0"
46.206.243.80 - - [27/Apr/2023:14:28:42 +0200] "GET /entry.php?id=10271&&ser=598461 HTTP/1.1" 200 986 "http://hausegger.activities.at/entry.php?id=10271&&ser=598400" "Mozilla/5.0 (Windows NT 10.0; Win64; x64) AppleWebKit/537.36 (KHTML, like Gecko) Chrome/109.0.0.0 Safari/537.36"
46.206.243.80 - - [27/Apr/2023:14:28:42 +0200] "GET /gui/javascript/form_form.js?1682598522 HTTP/1.1" 200 16206 "http://hausegger.activities.at/entry.php?id=10271&&ser=598461" "Mozilla/5.0 (Windows NT 10.0; Win64; x64) AppleWebKit/537.36 (KHTML, like Gecko) Chrome/109.0.0.0 Safari/537.36"
178.115.38.149 - - [27/Apr/2023:14:29:36 +0200] "GET /entry.php?id=10271&&ser=598516 HTTP/1.1" 200 986 "http://hausegger.activities.at/entry.php?id=10271&&ser=598456" "Mozilla/5.0 (Windows NT 10.0; Win64; x64; rv:109.0) Gecko/20100101 Firefox/112.0"
178.115.38.149 - - [27/Apr/2023:14:29:37 +0200] "GET /gui/javascript/form_form.js?1682598576 HTTP/1.1" 200 16206 "http://hausegger.activities.at/entry.php?id=10271&&ser=598516" "Mozilla/5.0 (Windows NT 10.0; Win64; x64; rv:109.0) Gecko/20100101 Firefox/112.0"
46.206.243.80 - - [27/Apr/2023:14:29:43 +0200] "GET /entry.php?id=10271&&ser=598522 HTTP/1.1" 200 986 "http://hausegger.activities.at/entry.php?id=10271&&ser=598461" "Mozilla/5.0 (Windows NT 10.0; Win64; x64) AppleWebKit/537.36 (KHTML, like Gecko) Chrome/109.0.0.0 Safari/537.36"
46.206.243.80 - - [27/Apr/2023:14:29:43 +0200] "GET /gui/javascript/form_form.js?1682598583 HTTP/1.1" 200 16206 "http://hausegger.activities.at/entry.php?id=10271&&ser=598522" "Mozilla/5.0 (Windows NT 10.0; Win64; x64) AppleWebKit/537.36 (KHTML, like Gecko) Chrome/109.0.0.0 Safari/537.36"
178.115.38.149 - - [27/Apr/2023:14:30:37 +0200] "GET /entry.php?id=10271&&ser=598576 HTTP/1.1" 200 987 "http://hausegger.activities.at/entry.php?id=10271&&ser=598516" "Mozilla/5.0 (Windows NT 10.0; Win64; x64; rv:109.0) Gecko/20100101 Firefox/112.0"
178.115.38.149 - - [27/Apr/2023:14:30:37 +0200] "GET /gui/javascript/form_form.js?1682598637 HTTP/1.1" 200 16206 "http://hausegger.activities.at/entry.php?id=10271&&ser=598576" "Mozilla/5.0 (Windows NT 10.0; Win64; x64; rv:109.0) Gecko/20100101 Firefox/112.0"
46.206.243.80 - - [27/Apr/2023:14:30:44 +0200] "GET /entry.php?id=10271&&ser=598583 HTTP/1.1" 200 987 "http://hausegger.activities.at/entry.php?id=10271&&ser=598522" "Mozilla/5.0 (Windows NT 10.0; Win64; x64) AppleWebKit/537.36 (KHTML, like Gecko) Chrome/109.0.0.0 Safari/537.36"
46.206.243.80 - - [27/Apr/2023:14:30:44 +0200] "GET /gui/javascript/form_form.js?1682598644 HTTP/1.1" 200 16206 "http://hausegger.activities.at/entry.php?id=10271&&ser=598583" "Mozilla/5.0 (Windows NT 10.0; Win64; x64) AppleWebKit/537.36 (KHTML, like Gecko) Chrome/109.0.0.0 Safari/537.36"
178.115.38.149 - - [27/Apr/2023:14:31:37 +0200] "GET /entry.php?id=10271&&ser=598637 HTTP/1.1" 200 987 "http://hausegger.activities.at/entry.php?id=10271&&ser=598576" "Mozilla/5.0 (Windows NT 10.0; Win64; x64; rv:109.0) Gecko/20100101 Firefox/112.0"
178.115.38.149 - - [27/Apr/2023:14:31:37 +0200] "GET /gui/javascript/form_form.js?1682598697 HTTP/1.1" 200 16206 "http://hausegger.activities.at/entry.php?id=10271&&ser=598637" "Mozilla/5.0 (Windows NT 10.0; Win64; x64; rv:109.0) Gecko/20100101 Firefox/112.0"
46.206.243.80 - - [27/Apr/2023:14:31:45 +0200] "GET /entry.php?id=10271&&ser=598644 HTTP/1.1" 200 987 "http://hausegger.activities.at/entry.php?id=10271&&ser=598583" "Mozilla/5.0 (Windows NT 10.0; Win64; x64) AppleWebKit/537.36 (KHTML, like Gecko) Chrome/109.0.0.0 Safari/537.36"
46.206.243.80 - - [27/Apr/2023:14:31:45 +0200] "GET /gui/javascript/form_form.js?1682598705 HTTP/1.1" 200 16206 "http://hausegger.activities.at/entry.php?id=10271&&ser=598644" "Mozilla/5.0 (Windows NT 10.0; Win64; x64) AppleWebKit/537.36 (KHTML, like Gecko) Chrome/109.0.0.0 Safari/537.36"
178.115.38.149 - - [27/Apr/2023:14:32:38 +0200] "GET /entry.php?id=10271&&ser=598697 HTTP/1.1" 200 987 "http://hausegger.activities.at/entry.php?id=10271&&ser=598637" "Mozilla/5.0 (Windows NT 10.0; Win64; x64; rv:109.0) Gecko/20100101 Firefox/112.0"
178.115.38.149 - - [27/Apr/2023:14:32:38 +0200] "GET /gui/javascript/form_form.js?1682598758 HTTP/1.1" 200 16206 "http://hausegger.activities.at/entry.php?id=10271&&ser=598697" "Mozilla/5.0 (Windows NT 10.0; Win64; x64; rv:109.0) Gecko/20100101 Firefox/112.0"
46.206.243.80 - - [27/Apr/2023:14:32:46 +0200] "GET /entry.php?id=10271&&ser=598705 HTTP/1.1" 200 987 "http://hausegger.activities.at/entry.php?id=10271&&ser=598644" "Mozilla/5.0 (Windows NT 10.0; Win64; x64) AppleWebKit/537.36 (KHTML, like Gecko) Chrome/109.0.0.0 Safari/537.36"
46.206.243.80 - - [27/Apr/2023:14:32:46 +0200] "GET /gui/javascript/form_form.js?1682598766 HTTP/1.1" 200 16206 "http://hausegger.activities.at/entry.php?id=10271&&ser=598705" "Mozilla/5.0 (Windows NT 10.0; Win64; x64) AppleWebKit/537.36 (KHTML, like Gecko) Chrome/109.0.0.0 Safari/537.36"
178.115.38.149 - - [27/Apr/2023:14:33:26 +0200] "GET /layout.php HTTP/1.1" 200 815 "-" "Mozilla/5.0 (Windows NT 10.0; Win64; x64) AppleWebKit/537.36 (KHTML, like Gecko) Chrome/112.0.0.0 Safari/537.36"
178.115.38.149 - - [27/Apr/2023:14:33:27 +0200] "GET /entry.php?id=10273 HTTP/1.1" 200 1902 "http://hausegger.activities.at/layout.php" "Mozilla/5.0 (Windows NT 10.0; Win64; x64) AppleWebKit/537.36 (KHTML, like Gecko) Chrome/112.0.0.0 Safari/537.36"
178.115.38.149 - - [27/Apr/2023:14:33:27 +0200] "GET /entry.php?id=10270 HTTP/1.1" 200 908 "http://hausegger.activities.at/layout.php" "Mozilla/5.0 (Windows NT 10.0; Win64; x64) AppleWebKit/537.36 (KHTML, like Gecko) Chrome/112.0.0.0 Safari/537.36"
178.115.38.149 - - [27/Apr/2023:14:33:27 +0200] "GET /entry.php?id=10272 HTTP/1.1" 200 1159 "http://hausegger.activities.at/layout.php" "Mozilla/5.0 (Windows NT 10.0; Win64; x64) AppleWebKit/537.36 (KHTML, like Gecko) Chrome/112.0.0.0 Safari/537.36"
178.115.38.149 - - [27/Apr/2023:14:33:27 +0200] "GET /entry.php?id=11412 HTTP/1.1" 200 1758 "http://hausegger.activities.at/layout.php" "Mozilla/5.0 (Windows NT 10.0; Win64; x64) AppleWebKit/537.36 (KHTML, like Gecko) Chrome/112.0.0.0 Safari/537.36"
178.115.38.149 - - [27/Apr/2023:14:33:27 +0200] "GET /gui/javascript/form_form.js?1682598807 HTTP/1.1" 200 16206 "http://hausegger.activities.at/entry.php?id=10273" "Mozilla/5.0 (Windows NT 10.0; Win64; x64) AppleWebKit/537.36 (KHTML, like Gecko) Chrome/112.0.0.0 Safari/537.36"
178.115.38.149 - - [27/Apr/2023:14:33:27 +0200] "GET /entry.php?id=10287 HTTP/1.1" 200 2418 "http://hausegger.activities.at/entry.php?id=11412" "Mozilla/5.0 (Windows NT 10.0; Win64; x64) AppleWebKit/537.36 (KHTML, like Gecko) Chrome/112.0.0.0 Safari/537.36"
178.115.38.149 - - [27/Apr/2023:14:33:27 +0200] "GET /entry.php?id=10271& HTTP/1.1" 200 933 "http://hausegger.activities.at/entry.php?id=10272" "Mozilla/5.0 (Windows NT 10.0; Win64; x64) AppleWebKit/537.36 (KHTML, like Gecko) Chrome/112.0.0.0 Safari/537.36"
178.115.38.149 - - [27/Apr/2023:14:33:28 +0200] "GET /gui/javascript/form_form.js?1682598808 HTTP/1.1" 200 16206 "http://hausegger.activities.at/entry.php?id=10287" "Mozilla/5.0 (Windows NT 10.0; Win64; x64) AppleWebKit/537.36 (KHTML, like Gecko) Chrome/112.0.0.0 Safari/537.36"
178.115.38.149 - - [27/Apr/2023:14:33:28 +0200] "GET /entry.php?id=10270& HTTP/1.1" 200 908 "http://hausegger.activities.at/entry.php?id=10287" "Mozilla/5.0 (Windows NT 10.0; Win64; x64) AppleWebKit/537.36 (KHTML, like Gecko) Chrome/112.0.0.0 Safari/537.36"
178.115.38.149 - - [27/Apr/2023:14:33:28 +0200] "GET /entry.php?id=10273& HTTP/1.1" 200 1902 "http://hausegger.activities.at/entry.php?id=10287" "Mozilla/5.0 (Windows NT 10.0; Win64; x64) AppleWebKit/537.36 (KHTML, like Gecko) Chrome/112.0.0.0 Safari/537.36"
178.115.38.149 - - [27/Apr/2023:14:33:31 +0200] "POST /entry.php?id=10287& HTTP/1.1" 200 1968 "http://hausegger.activities.at/entry.php?id=10287" "Mozilla/5.0 (Windows NT 10.0; Win64; x64) AppleWebKit/537.36 (KHTML, like Gecko) Chrome/112.0.0.0 Safari/537.36"
178.115.38.149 - - [27/Apr/2023:14:33:32 +0200] "GET /gui/javascript/form_form.js?1682598812 HTTP/1.1" 200 16206 "http://hausegger.activities.at/entry.php?id=10287&" "Mozilla/5.0 (Windows NT 10.0; Win64; x64) AppleWebKit/537.36 (KHTML, like Gecko) Chrome/112.0.0.0 Safari/537.36"
178.115.38.149 - - [27/Apr/2023:14:33:32 +0200] "GET /entry.php?id=10271& HTTP/1.1" 200 986 "http://hausegger.activities.at/entry.php?id=10271&" "Mozilla/5.0 (Windows NT 10.0; Win64; x64) AppleWebKit/537.36 (KHTML, like Gecko) Chrome/112.0.0.0 Safari/537.36"
178.115.38.149 - - [27/Apr/2023:14:33:32 +0200] "GET /entry.php?id=10273& HTTP/1.1" 200 2013 "http://hausegger.activities.at/entry.php?id=10287&" "Mozilla/5.0 (Windows NT 10.0; Win64; x64) AppleWebKit/537.36 (KHTML, like Gecko) Chrome/112.0.0.0 Safari/537.36"
178.115.38.149 - - [27/Apr/2023:14:33:33 +0200] "GET /gui/javascript/form_form.js?1682598813 HTTP/1.1" 200 16206 "http://hausegger.activities.at/entry.php?id=10273&" "Mozilla/5.0 (Windows NT 10.0; Win64; x64) AppleWebKit/537.36 (KHTML, like Gecko) Chrome/112.0.0.0 Safari/537.36"
178.115.38.149 - - [27/Apr/2023:14:33:33 +0200] "GET /framework/webfx/style/toolbar/images/cbback.gif HTTP/1.1" 404 318 "http://hausegger.activities.at/framework/webfx/style/toolbar/cb2.css" "Mozilla/5.0 (Windows NT 10.0; Win64; x64) AppleWebKit/537.36 (KHTML, like Gecko) Chrome/112.0.0.0 Safari/537.36"
178.115.38.149 - - [27/Apr/2023:14:33:33 +0200] "GET /entry.php?id=10270&__app__=10006038 HTTP/1.1" 200 2229 "http://hausegger.activities.at/entry.php?id=10273&" "Mozilla/5.0 (Windows NT 10.0; Win64; x64) AppleWebKit/537.36 (KHTML, like Gecko) Chrome/112.0.0.0 Safari/537.36"
178.115.38.149 - - [27/Apr/2023:14:33:33 +0200] "GET /undefined HTTP/1.1" 404 289 "http://hausegger.activities.at/entry.php?id=10270&__app__=10006038" "Mozilla/5.0 (Windows NT 10.0; Win64; x64) AppleWebKit/537.36 (KHTML, like Gecko) Chrome/112.0.0.0 Safari/537.36"
178.115.38.149 - - [27/Apr/2023:14:33:38 +0200] "GET /entry.php?id=10271&&ser=598758 HTTP/1.1" 200 986 "http://hausegger.activities.at/entry.php?id=10271&&ser=598697" "Mozilla/5.0 (Windows NT 10.0; Win64; x64; rv:109.0) Gecko/20100101 Firefox/112.0"
178.115.38.149 - - [27/Apr/2023:14:33:38 +0200] "GET /gui/javascript/form_form.js?1682598818 HTTP/1.1" 200 16206 "http://hausegger.activities.at/entry.php?id=10271&&ser=598758" "Mozilla/5.0 (Windows NT 10.0; Win64; x64; rv:109.0) Gecko/20100101 Firefox/112.0"
178.115.38.149 - - [27/Apr/2023:14:33:39 +0200] "GET /entry.php?id=10712 HTTP/1.1" 200 402 "http://hausegger.activities.at/entry.php?id=10270&__app__=10006038" "Mozilla/5.0 (Windows NT 10.0; Win64; x64) AppleWebKit/537.36 (KHTML, like Gecko) Chrome/112.0.0.0 Safari/537.36"
178.115.38.149 - - [27/Apr/2023:14:33:39 +0200] "GET /entry.php?id=10676&&title=Artikelverwaltung HTTP/1.1" 200 1392 "http://hausegger.activities.at/entry.php?id=10712" "Mozilla/5.0 (Windows NT 10.0; Win64; x64) AppleWebKit/537.36 (KHTML, like Gecko) Chrome/112.0.0.0 Safari/537.36"
178.115.38.149 - - [27/Apr/2023:14:33:40 +0200] "GET /gui/javascript/form_form.js?1682598819 HTTP/1.1" 200 16206 "http://hausegger.activities.at/entry.php?id=10676&&title=Artikelverwaltung" "Mozilla/5.0 (Windows NT 10.0; Win64; x64) AppleWebKit/537.36 (KHTML, like Gecko) Chrome/112.0.0.0 Safari/537.36"
178.115.38.149 - - [27/Apr/2023:14:33:39 +0200] "GET /entry.php?id=10715& HTTP/1.1" 200 2532 "http://hausegger.activities.at/entry.php?id=10712" "Mozilla/5.0 (Windows NT 10.0; Win64; x64) AppleWebKit/537.36 (KHTML, like Gecko) Chrome/112.0.0.0 Safari/537.36"
178.115.38.149 - - [27/Apr/2023:14:33:40 +0200] "GET /gui/javascript/form_form.js?1682598820 HTTP/1.1" 200 16206 "http://hausegger.activities.at/entry.php?id=10715&" "Mozilla/5.0 (Windows NT 10.0; Win64; x64) AppleWebKit/537.36 (KHTML, like Gecko) Chrome/112.0.0.0 Safari/537.36"
