178.115.38.149 - - [27/Apr/2023:14:33:40 +0200] "GET /entry.php?id=10778&form=10560&name=list& HTTP/1.1" 200 2691 "http://hausegger.activities.at/entry.php?id=10715&" "Mozilla/5.0 (Windows NT 10.0; Win64; x64) AppleWebKit/537.36 (KHTML, like Gecko) Chrome/112.0.0.0 Safari/537.36"
178.115.38.149 - - [27/Apr/2023:14:33:39 +0200] "GET /entry.php?id=10716& HTTP/1.1" 200 4866 "http://hausegger.activities.at/entry.php?id=10712" "Mozilla/5.0 (Windows NT 10.0; Win64; x64) AppleWebKit/537.36 (KHTML, like Gecko) Chrome/112.0.0.0 Safari/537.36"
178.115.38.149 - - [27/Apr/2023:14:33:40 +0200] "GET /entry.php?id=10776&form=10560&name=list& HTTP/1.1" 200 2179 "http://hausegger.activities.at/entry.php?id=10715&" "Mozilla/5.0 (Windows NT 10.0; Win64; x64) AppleWebKit/537.36 (KHTML, like Gecko) Chrome/112.0.0.0 Safari/537.36"
178.115.38.149 - - [27/Apr/2023:14:33:41 +0200] "GET /entry.php?id=10714&checksegmentation=false& HTTP/1.1" 200 4120 "http://hausegger.activities.at/entry.php?id=10712" "Mozilla/5.0 (Windows NT 10.0; Win64; x64) AppleWebKit/537.36 (KHTML, like Gecko) Chrome/112.0.0.0 Safari/537.36"
178.115.38.149 - - [27/Apr/2023:14:33:41 +0200] "GET /activities/framework/KoolControls/KoolAjax/koolajax.php?8436e354c842500aba3cbaf0584c0c24 HTTP/1.1" 200 4079 "http://hausegger.activities.at/entry.php?id=10714&checksegmentation=false&" "Mozilla/5.0 (Windows NT 10.0; Win64; x64) AppleWebKit/537.36 (KHTML, like Gecko) Chrome/112.0.0.0 Safari/537.36"
178.115.38.149 - - [27/Apr/2023:14:33:41 +0200] "GET /gui/javascript/form_form.js?1682598821 HTTP/1.1" 200 16206 "http://hausegger.activities.at/entry.php?id=10714&checksegmentation=false&" "Mozilla/5.0 (Windows NT 10.0; Win64; x64) AppleWebKit/537.36 (KHTML, like Gecko) Chrome/112.0.0.0 Safari/537.36"
178.115.38.149 - - [27/Apr/2023:14:33:41 +0200] "GET /activities/framework/KoolControls/KoolTreeView/kooltreeview.php?c7cd9180e88ffef8e70f13526bb4f5f7 HTTP/1.1" 200 5055 "http://hausegger.activities.at/entry.php?id=10714&checksegmentation=false&" "Mozilla/5.0 (Windows NT 10.0; Win64; x64) AppleWebKit/537.36 (KHTML, like Gecko) Chrome/112.0.0.0 Safari/537.36"
46.206.243.80 - - [27/Apr/2023:14:33:47 +0200] "GET /entry.php?id=10271&&ser=598766 HTTP/1.1" 200 987 "http://hausegger.activities.at/entry.php?id=10271&&ser=598705" "Mozilla/5.0 (Windows NT 10.0; Win64; x64) AppleWebKit/537.36 (KHTML, like Gecko) Chrome/109.0.0.0 Safari/537.36"
46.206.243.80 - - [27/Apr/2023:14:33:47 +0200] "GET /gui/javascript/form_form.js?1682598827 HTTP/1.1" 200 16206 "http://hausegger.activities.at/entry.php?id=10271&&ser=598766" "Mozilla/5.0 (Windows NT 10.0; Win64; x64) AppleWebKit/537.36 (KHTML, like Gecko) Chrome/109.0.0.0 Safari/537.36"
178.115.38.149 - - [27/Apr/2023:14:33:52 +0200] "POST /entry.php?id=10715 HTTP/1.1" 200 2609 "http://hausegger.activities.at/entry.php?id=10715&" "Mozilla/5.0 (Windows NT 10.0; Win64; x64) AppleWebKit/537.36 (KHTML, like Gecko) Chrome/112.0.0.0 Safari/537.36"
178.115.38.149 - - [27/Apr/2023:14:33:53 +0200] "GET /gui/javascript/form_form.js?1682598833 HTTP/1.1" 200 16206 "http://hausegger.activities.at/entry.php?id=10715" "Mozilla/5.0 (Windows NT 10.0; Win64; x64) AppleWebKit/537.36 (KHTML, like Gecko) Chrome/112.0.0.0 Safari/537.36"
178.115.38.149 - - [27/Apr/2023:14:33:53 +0200] "GET /entry.php?id=10778&form=10560&name=list& HTTP/1.1" 200 3008 "http://hausegger.activities.at/entry.php?id=10715" "Mozilla/5.0 (Windows NT 10.0; Win64; x64) AppleWebKit/537.36 (KHTML, like Gecko) Chrome/112.0.0.0 Safari/537.36"
178.115.38.149 - - [27/Apr/2023:14:33:53 +0200] "GET /entry.php?id=10776&form=10560&name=list& HTTP/1.1" 200 2312 "http://hausegger.activities.at/entry.php?id=10715" "Mozilla/5.0 (Windows NT 10.0; Win64; x64) AppleWebKit/537.36 (KHTML, like Gecko) Chrome/112.0.0.0 Safari/537.36"
178.115.38.149 - - [27/Apr/2023:14:34:33 +0200] "GET /entry.php?id=10271&&ser=598812 HTTP/1.1" 200 987 "http://hausegger.activities.at/entry.php?id=10271&" "Mozilla/5.0 (Windows NT 10.0; Win64; x64) AppleWebKit/537.36 (KHTML, like Gecko) Chrome/112.0.0.0 Safari/537.36"
178.115.38.149 - - [27/Apr/2023:14:34:33 +0200] "GET /gui/javascript/form_form.js?1682598873 HTTP/1.1" 200 16206 "http://hausegger.activities.at/entry.php?id=10271&&ser=598812" "Mozilla/5.0 (Windows NT 10.0; Win64; x64) AppleWebKit/537.36 (KHTML, like Gecko) Chrome/112.0.0.0 Safari/537.36"
178.115.38.149 - - [27/Apr/2023:14:34:38 +0200] "GET /entry.php?id=10271&&ser=598818 HTTP/1.1" 200 987 "http://hausegger.activities.at/entry.php?id=10271&&ser=598758" "Mozilla/5.0 (Windows NT 10.0; Win64; x64; rv:109.0) Gecko/20100101 Firefox/112.0"
178.115.38.149 - - [27/Apr/2023:14:34:39 +0200] "GET /gui/javascript/form_form.js?1682598879 HTTP/1.1" 200 16206 "http://hausegger.activities.at/entry.php?id=10271&&ser=598818" "Mozilla/5.0 (Windows NT 10.0; Win64; x64; rv:109.0) Gecko/20100101 Firefox/112.0"
46.206.243.80 - - [27/Apr/2023:14:34:48 +0200] "GET /entry.php?id=10271&&ser=598827 HTTP/1.1" 200 985 "http://hausegger.activities.at/entry.php?id=10271&&ser=598766" "Mozilla/5.0 (Windows NT 10.0; Win64; x64) AppleWebKit/537.36 (KHTML, like Gecko) Chrome/109.0.0.0 Safari/537.36"
46.206.243.80 - - [27/Apr/2023:14:34:48 +0200] "GET /gui/javascript/form_form.js?1682598888 HTTP/1.1" 200 16206 "http://hausegger.activities.at/entry.php?id=10271&&ser=598827" "Mozilla/5.0 (Windows NT 10.0; Win64; x64) AppleWebKit/537.36 (KHTML, like Gecko) Chrome/109.0.0.0 Safari/537.36"
178.115.38.149 - - [27/Apr/2023:14:35:33 +0200] "GET /entry.php?id=10271&&ser=598873 HTTP/1.1" 200 987 "http://hausegger.activities.at/entry.php?id=10271&&ser=598812" "Mozilla/5.0 (Windows NT 10.0; Win64; x64) AppleWebKit/537.36 (KHTML, like Gecko) Chrome/112.0.0.0 Safari/537.36"
178.115.38.149 - - [27/Apr/2023:14:35:33 +0200] "GET /gui/javascript/form_form.js?1682598933 HTTP/1.1" 200 16206 "http://hausegger.activities.at/entry.php?id=10271&&ser=598873" "Mozilla/5.0 (Windows NT 10.0; Win64; x64) AppleWebKit/537.36 (KHTML, like Gecko) Chrome/112.0.0.0 Safari/537.36"
178.115.38.149 - - [27/Apr/2023:14:35:39 +0200] "GET /entry.php?id=10271&&ser=598879 HTTP/1.1" 200 987 "http://hausegger.activities.at/entry.php?id=10271&&ser=598818" "Mozilla/5.0 (Windows NT 10.0; Win64; x64; rv:109.0) Gecko/20100101 Firefox/112.0"
178.115.38.149 - - [27/Apr/2023:14:35:39 +0200] "GET /gui/javascript/form_form.js?1682598939 HTTP/1.1" 200 16206 "http://hausegger.activities.at/entry.php?id=10271&&ser=598879" "Mozilla/5.0 (Windows NT 10.0; Win64; x64; rv:109.0) Gecko/20100101 Firefox/112.0"
46.206.243.80 - - [27/Apr/2023:14:35:49 +0200] "GET /entry.php?id=10271&&ser=598888 HTTP/1.1" 200 987 "http://hausegger.activities.at/entry.php?id=10271&&ser=598827" "Mozilla/5.0 (Windows NT 10.0; Win64; x64) AppleWebKit/537.36 (KHTML, like Gecko) Chrome/109.0.0.0 Safari/537.36"
46.206.243.80 - - [27/Apr/2023:14:35:49 +0200] "GET /gui/javascript/form_form.js?1682598949 HTTP/1.1" 200 16206 "http://hausegger.activities.at/entry.php?id=10271&&ser=598888" "Mozilla/5.0 (Windows NT 10.0; Win64; x64) AppleWebKit/537.36 (KHTML, like Gecko) Chrome/109.0.0.0 Safari/537.36"
178.115.38.149 - - [27/Apr/2023:14:36:34 +0200] "GET /entry.php?id=10271&&ser=598933 HTTP/1.1" 200 987 "http://hausegger.activities.at/entry.php?id=10271&&ser=598873" "Mozilla/5.0 (Windows NT 10.0; Win64; x64) AppleWebKit/537.36 (KHTML, like Gecko) Chrome/112.0.0.0 Safari/537.36"
178.115.38.149 - - [27/Apr/2023:14:36:34 +0200] "GET /gui/javascript/form_form.js?1682598994 HTTP/1.1" 200 16206 "http://hausegger.activities.at/entry.php?id=10271&&ser=598933" "Mozilla/5.0 (Windows NT 10.0; Win64; x64) AppleWebKit/537.36 (KHTML, like Gecko) Chrome/112.0.0.0 Safari/537.36"
178.115.38.149 - - [27/Apr/2023:14:36:39 +0200] "GET /entry.php?id=10271&&ser=598939 HTTP/1.1" 200 991 "http://hausegger.activities.at/entry.php?id=10271&&ser=598879" "Mozilla/5.0 (Windows NT 10.0; Win64; x64; rv:109.0) Gecko/20100101 Firefox/112.0"
178.115.38.149 - - [27/Apr/2023:14:36:40 +0200] "GET /gui/javascript/form_form.js?1682599000 HTTP/1.1" 200 16206 "http://hausegger.activities.at/entry.php?id=10271&&ser=598939" "Mozilla/5.0 (Windows NT 10.0; Win64; x64; rv:109.0) Gecko/20100101 Firefox/112.0"
46.206.243.80 - - [27/Apr/2023:14:36:50 +0200] "GET /entry.php?id=10271&&ser=598949 HTTP/1.1" 200 987 "http://hausegger.activities.at/entry.php?id=10271&&ser=598888" "Mozilla/5.0 (Windows NT 10.0; Win64; x64) AppleWebKit/537.36 (KHTML, like Gecko) Chrome/109.0.0.0 Safari/537.36"
46.206.243.80 - - [27/Apr/2023:14:36:50 +0200] "GET /gui/javascript/form_form.js?1682599010 HTTP/1.1" 200 16206 "http://hausegger.activities.at/entry.php?id=10271&&ser=598949" "Mozilla/5.0 (Windows NT 10.0; Win64; x64) AppleWebKit/537.36 (KHTML, like Gecko) Chrome/109.0.0.0 Safari/537.36"
178.115.38.149 - - [27/Apr/2023:14:37:34 +0200] "GET /entry.php?id=10271&&ser=598994 HTTP/1.1" 200 987 "http://hausegger.activities.at/entry.php?id=10271&&ser=598933" "Mozilla/5.0 (Windows NT 10.0; Win64; x64) AppleWebKit/537.36 (KHTML, like Gecko) Chrome/112.0.0.0 Safari/537.36"
178.115.38.149 - - [27/Apr/2023:14:37:34 +0200] "GET /gui/javascript/form_form.js?1682599054 HTTP/1.1" 200 16206 "http://hausegger.activities.at/entry.php?id=10271&&ser=598994" "Mozilla/5.0 (Windows NT 10.0; Win64; x64) AppleWebKit/537.36 (KHTML, like Gecko) Chrome/112.0.0.0 Safari/537.36"
178.115.38.149 - - [27/Apr/2023:14:37:37 +0200] "POST /entry.php?id=10715 HTTP/1.1" 200 2610 "http://hausegger.activities.at/entry.php?id=10715" "Mozilla/5.0 (Windows NT 10.0; Win64; x64) AppleWebKit/537.36 (KHTML, like Gecko) Chrome/112.0.0.0 Safari/537.36"
178.115.38.149 - - [27/Apr/2023:14:37:38 +0200] "GET /gui/javascript/form_form.js?1682599058 HTTP/1.1" 200 16206 "http://hausegger.activities.at/entry.php?id=10715" "Mozilla/5.0 (Windows NT 10.0; Win64; x64) AppleWebKit/537.36 (KHTML, like Gecko) Chrome/112.0.0.0 Safari/537.36"
178.115.38.149 - - [27/Apr/2023:14:37:38 +0200] "GET /entry.php?id=10778&form=10560&name=list& HTTP/1.1" 200 2997 "http://hausegger.activities.at/entry.php?id=10715" "Mozilla/5.0 (Windows NT 10.0; Win64; x64) AppleWebKit/537.36 (KHTML, like Gecko) Chrome/112.0.0.0 Safari/537.36"
178.115.38.149 - - [27/Apr/2023:14:37:38 +0200] "GET /entry.php?id=10776&form=10560&name=list& HTTP/1.1" 200 2313 "http://hausegger.activities.at/entry.php?id=10715" "Mozilla/5.0 (Windows NT 10.0; Win64; x64) AppleWebKit/537.36 (KHTML, like Gecko) Chrome/112.0.0.0 Safari/537.36"
178.115.38.149 - - [27/Apr/2023:14:37:40 +0200] "GET /entry.php?id=10271&&ser=598999 HTTP/1.1" 200 987 "http://hausegger.activities.at/entry.php?id=10271&&ser=598939" "Mozilla/5.0 (Windows NT 10.0; Win64; x64; rv:109.0) Gecko/20100101 Firefox/112.0"
178.115.38.149 - - [27/Apr/2023:14:37:40 +0200] "GET /gui/javascript/form_form.js?1682599060 HTTP/1.1" 200 16206 "http://hausegger.activities.at/entry.php?id=10271&&ser=598999" "Mozilla/5.0 (Windows NT 10.0; Win64; x64; rv:109.0) Gecko/20100101 Firefox/112.0"
46.206.243.80 - - [27/Apr/2023:14:37:51 +0200] "GET /entry.php?id=10271&&ser=599010 HTTP/1.1" 200 986 "http://hausegger.activities.at/entry.php?id=10271&&ser=598949" "Mozilla/5.0 (Windows NT 10.0; Win64; x64) AppleWebKit/537.36 (KHTML, like Gecko) Chrome/109.0.0.0 Safari/537.36"
46.206.243.80 - - [27/Apr/2023:14:37:51 +0200] "GET /gui/javascript/form_form.js?1682599071 HTTP/1.1" 200 16206 "http://hausegger.activities.at/entry.php?id=10271&&ser=599010" "Mozilla/5.0 (Windows NT 10.0; Win64; x64) AppleWebKit/537.36 (KHTML, like Gecko) Chrome/109.0.0.0 Safari/537.36"
178.115.38.149 - - [27/Apr/2023:14:38:34 +0200] "GET /entry.php?id=10271&&ser=599054 HTTP/1.1" 200 987 "http://hausegger.activities.at/entry.php?id=10271&&ser=598994" "Mozilla/5.0 (Windows NT 10.0; Win64; x64) AppleWebKit/537.36 (KHTML, like Gecko) Chrome/112.0.0.0 Safari/537.36"
178.115.38.149 - - [27/Apr/2023:14:38:35 +0200] "GET /gui/javascript/form_form.js?1682599115 HTTP/1.1" 200 16206 "http://hausegger.activities.at/entry.php?id=10271&&ser=599054" "Mozilla/5.0 (Windows NT 10.0; Win64; x64) AppleWebKit/537.36 (KHTML, like Gecko) Chrome/112.0.0.0 Safari/537.36"
178.115.38.149 - - [27/Apr/2023:14:38:40 +0200] "GET /entry.php?id=10271&&ser=599060 HTTP/1.1" 200 987 "http://hausegger.activities.at/entry.php?id=10271&&ser=598999" "Mozilla/5.0 (Windows NT 10.0; Win64; x64; rv:109.0) Gecko/20100101 Firefox/112.0"
178.115.38.149 - - [27/Apr/2023:14:38:40 +0200] "GET /gui/javascript/form_form.js?1682599120 HTTP/1.1" 200 16206 "http://hausegger.activities.at/entry.php?id=10271&&ser=599060" "Mozilla/5.0 (Windows NT 10.0; Win64; x64; rv:109.0) Gecko/20100101 Firefox/112.0"
46.206.243.80 - - [27/Apr/2023:14:38:52 +0200] "GET /entry.php?id=10271&&ser=599071 HTTP/1.1" 200 987 "http://hausegger.activities.at/entry.php?id=10271&&ser=599010" "Mozilla/5.0 (Windows NT 10.0; Win64; x64) AppleWebKit/537.36 (KHTML, like Gecko) Chrome/109.0.0.0 Safari/537.36"
46.206.243.80 - - [27/Apr/2023:14:38:52 +0200] "GET /gui/javascript/form_form.js?1682599132 HTTP/1.1" 200 16206 "http://hausegger.activities.at/entry.php?id=10271&&ser=599071" "Mozilla/5.0 (Windows NT 10.0; Win64; x64) AppleWebKit/537.36 (KHTML, like Gecko) Chrome/109.0.0.0 Safari/537.36"
178.115.38.149 - - [27/Apr/2023:14:39:35 +0200] "GET /entry.php?id=10271&&ser=599115 HTTP/1.1" 200 987 "http://hausegger.activities.at/entry.php?id=10271&&ser=599054" "Mozilla/5.0 (Windows NT 10.0; Win64; x64) AppleWebKit/537.36 (KHTML, like Gecko) Chrome/112.0.0.0 Safari/537.36"
178.115.38.149 - - [27/Apr/2023:14:39:35 +0200] "GET /gui/javascript/form_form.js?1682599175 HTTP/1.1" 200 16206 "http://hausegger.activities.at/entry.php?id=10271&&ser=599115" "Mozilla/5.0 (Windows NT 10.0; Win64; x64) AppleWebKit/537.36 (KHTML, like Gecko) Chrome/112.0.0.0 Safari/537.36"
178.115.38.149 - - [27/Apr/2023:14:39:41 +0200] "GET /entry.php?id=10271&&ser=599120 HTTP/1.1" 200 986 "http://hausegger.activities.at/entry.php?id=10271&&ser=599060" "Mozilla/5.0 (Windows NT 10.0; Win64; x64; rv:109.0) Gecko/20100101 Firefox/112.0"
178.115.38.149 - - [27/Apr/2023:14:39:41 +0200] "GET /gui/javascript/form_form.js?1682599181 HTTP/1.1" 200 16206 "http://hausegger.activities.at/entry.php?id=10271&&ser=599120" "Mozilla/5.0 (Windows NT 10.0; Win64; x64; rv:109.0) Gecko/20100101 Firefox/112.0"
46.206.243.80 - - [27/Apr/2023:14:39:53 +0200] "GET /entry.php?id=10271&&ser=599132 HTTP/1.1" 200 987 "http://hausegger.activities.at/entry.php?id=10271&&ser=599071" "Mozilla/5.0 (Windows NT 10.0; Win64; x64) AppleWebKit/537.36 (KHTML, like Gecko) Chrome/109.0.0.0 Safari/537.36"
46.206.243.80 - - [27/Apr/2023:14:39:53 +0200] "GET /gui/javascript/form_form.js?1682599193 HTTP/1.1" 200 16206 "http://hausegger.activities.at/entry.php?id=10271&&ser=599132" "Mozilla/5.0 (Windows NT 10.0; Win64; x64) AppleWebKit/537.36 (KHTML, like Gecko) Chrome/109.0.0.0 Safari/537.36"
178.115.38.149 - - [27/Apr/2023:14:40:21 +0200] "GET /entry.php?id=10712 HTTP/1.1" 200 402 "http://hausegger.activities.at/entry.php?id=10270&__app__=10006038" "Mozilla/5.0 (Windows NT 10.0; Win64; x64; rv:109.0) Gecko/20100101 Firefox/112.0"
178.115.38.149 - - [27/Apr/2023:14:40:22 +0200] "GET /entry.php?id=10676&&title=Artikelverwaltung HTTP/1.1" 200 1394 "http://hausegger.activities.at/entry.php?id=10712" "Mozilla/5.0 (Windows NT 10.0; Win64; x64; rv:109.0) Gecko/20100101 Firefox/112.0"
178.115.38.149 - - [27/Apr/2023:14:40:22 +0200] "GET /gui/javascript/form_form.js?1682599222 HTTP/1.1" 200 16206 "http://hausegger.activities.at/entry.php?id=10676&&title=Artikelverwaltung" "Mozilla/5.0 (Windows NT 10.0; Win64; x64; rv:109.0) Gecko/20100101 Firefox/112.0"
178.115.38.149 - - [27/Apr/2023:14:40:22 +0200] "GET /entry.php?id=10716& HTTP/1.1" 200 4869 "http://hausegger.activities.at/entry.php?id=10712" "Mozilla/5.0 (Windows NT 10.0; Win64; x64; rv:109.0) Gecko/20100101 Firefox/112.0"
178.115.38.149 - - [27/Apr/2023:14:40:22 +0200] "GET /activities/framework/fwx_trans.gif HTTP/1.1" 304 - "http://hausegger.activities.at/entry.php?id=10716&" "Mozilla/5.0 (Windows NT 10.0; Win64; x64; rv:109.0) Gecko/20100101 Firefox/112.0"
178.115.38.149 - - [27/Apr/2023:14:40:22 +0200] "GET /gui/images/icons/disabled_lupe.gif HTTP/1.1" 304 - "http://hausegger.activities.at/entry.php?id=10716&" "Mozilla/5.0 (Windows NT 10.0; Win64; x64; rv:109.0) Gecko/20100101 Firefox/112.0"
178.115.38.149 - - [27/Apr/2023:14:40:22 +0200] "GET /entry.php?id=10715& HTTP/1.1" 200 2534 "http://hausegger.activities.at/entry.php?id=10712" "Mozilla/5.0 (Windows NT 10.0; Win64; x64; rv:109.0) Gecko/20100101 Firefox/112.0"
178.115.38.149 - - [27/Apr/2023:14:40:23 +0200] "GET /entry.php?id=10776&form=10560&name=list& HTTP/1.1" 200 2179 "http://hausegger.activities.at/entry.php?id=10715&" "Mozilla/5.0 (Windows NT 10.0; Win64; x64; rv:109.0) Gecko/20100101 Firefox/112.0"
178.115.38.149 - - [27/Apr/2023:14:40:23 +0200] "GET /entry.php?id=10778&form=10560&name=list& HTTP/1.1" 200 2691 "http://hausegger.activities.at/entry.php?id=10715&" "Mozilla/5.0 (Windows NT 10.0; Win64; x64; rv:109.0) Gecko/20100101 Firefox/112.0"
178.115.38.149 - - [27/Apr/2023:14:40:23 +0200] "GET /gui/images/icons/disabled_isvisible.gif HTTP/1.1" 200 612 "http://hausegger.activities.at/entry.php?id=10778&form=10560&name=list&" "Mozilla/5.0 (Windows NT 10.0; Win64; x64; rv:109.0) Gecko/20100101 Firefox/112.0"
178.115.38.149 - - [27/Apr/2023:14:40:23 +0200] "GET /entry.php?id=10714&checksegmentation=false& HTTP/1.1" 200 4126 "http://hausegger.activities.at/entry.php?id=10712" "Mozilla/5.0 (Windows NT 10.0; Win64; x64; rv:109.0) Gecko/20100101 Firefox/112.0"
178.115.38.149 - - [27/Apr/2023:14:40:23 +0200] "GET /activities/framework/KoolControls/KoolAjax/koolajax.php?8436e354c842500aba3cbaf0584c0c24 HTTP/1.1" 200 4079 "http://hausegger.activities.at/entry.php?id=10714&checksegmentation=false&" "Mozilla/5.0 (Windows NT 10.0; Win64; x64; rv:109.0) Gecko/20100101 Firefox/112.0"
178.115.38.149 - - [27/Apr/2023:14:40:23 +0200] "GET /gui/javascript/form_form.js?1682599223 HTTP/1.1" 200 16206 "http://hausegger.activities.at/entry.php?id=10714&checksegmentation=false&" "Mozilla/5.0 (Windows NT 10.0; Win64; x64; rv:109.0) Gecko/20100101 Firefox/112.0"
178.115.38.149 - - [27/Apr/2023:14:40:23 +0200] "GET /activities/framework/KoolControls/KoolTreeView/kooltreeview.php?c7cd9180e88ffef8e70f13526bb4f5f7 HTTP/1.1" 200 5055 "http://hausegger.activities.at/entry.php?id=10714&checksegmentation=false&" "Mozilla/5.0 (Windows NT 10.0; Win64; x64; rv:109.0) Gecko/20100101 Firefox/112.0"
178.115.38.149 - - [27/Apr/2023:14:40:30 +0200] "GET /gui/images/progressbar.gif HTTP/1.1" 304 - "http://hausegger.activities.at/entry.php?id=10272" "Mozilla/5.0 (Windows NT 10.0; Win64; x64; rv:109.0) Gecko/20100101 Firefox/112.0"
178.115.38.149 - - [27/Apr/2023:14:40:30 +0200] "POST /entry.php?id=10715 HTTP/1.1" 200 2611 "http://hausegger.activities.at/entry.php?id=10715&" "Mozilla/5.0 (Windows NT 10.0; Win64; x64; rv:109.0) Gecko/20100101 Firefox/112.0"
178.115.38.149 - - [27/Apr/2023:14:40:32 +0200] "GET /gui/javascript/form_form.js?1682599232 HTTP/1.1" 200 16206 "http://hausegger.activities.at/entry.php?id=10715" "Mozilla/5.0 (Windows NT 10.0; Win64; x64; rv:109.0) Gecko/20100101 Firefox/112.0"
178.115.38.149 - - [27/Apr/2023:14:40:32 +0200] "GET /entry.php?id=10776&form=10560&name=list& HTTP/1.1" 200 2313 "http://hausegger.activities.at/entry.php?id=10715" "Mozilla/5.0 (Windows NT 10.0; Win64; x64; rv:109.0) Gecko/20100101 Firefox/112.0"
178.115.38.149 - - [27/Apr/2023:14:40:32 +0200] "GET /entry.php?id=10778&form=10560&name=list& HTTP/1.1" 200 2996 "http://hausegger.activities.at/entry.php?id=10715" "Mozilla/5.0 (Windows NT 10.0; Win64; x64; rv:109.0) Gecko/20100101 Firefox/112.0"
178.115.38.149 - - [27/Apr/2023:14:40:32 +0200] "GET /gui/images/no_image_de.jpg HTTP/1.1" 200 73407 "http://hausegger.activities.at/entry.php?id=10778&form=10560&name=list&" "Mozilla/5.0 (Windows NT 10.0; Win64; x64; rv:109.0) Gecko/20100101 Firefox/112.0"
178.115.38.149 - - [27/Apr/2023:14:40:35 +0200] "GET /entry.php?id=10271&&ser=599175 HTTP/1.1" 200 986 "http://hausegger.activities.at/entry.php?id=10271&&ser=599115" "Mozilla/5.0 (Windows NT 10.0; Win64; x64) AppleWebKit/537.36 (KHTML, like Gecko) Chrome/112.0.0.0 Safari/537.36"
178.115.38.149 - - [27/Apr/2023:14:40:36 +0200] "GET /gui/javascript/form_form.js?1682599235 HTTP/1.1" 200 16206 "http://hausegger.activities.at/entry.php?id=10271&&ser=599175" "Mozilla/5.0 (Windows NT 10.0; Win64; x64) AppleWebKit/537.36 (KHTML, like Gecko) Chrome/112.0.0.0 Safari/537.36"
178.115.38.149 - - [27/Apr/2023:14:40:41 +0200] "GET /entry.php?id=10271&&ser=599181 HTTP/1.1" 200 986 "http://hausegger.activities.at/entry.php?id=10271&&ser=599120" "Mozilla/5.0 (Windows NT 10.0; Win64; x64; rv:109.0) Gecko/20100101 Firefox/112.0"
178.115.38.149 - - [27/Apr/2023:14:40:41 +0200] "GET /gui/javascript/form_form.js?1682599241 HTTP/1.1" 200 16206 "http://hausegger.activities.at/entry.php?id=10271&&ser=599181" "Mozilla/5.0 (Windows NT 10.0; Win64; x64; rv:109.0) Gecko/20100101 Firefox/112.0"
178.115.38.149 - - [27/Apr/2023:14:40:48 +0200] "POST /entry.php?id=10715 HTTP/1.1" 200 2612 "http://hausegger.activities.at/entry.php?id=10715" "Mozilla/5.0 (Windows NT 10.0; Win64; x64; rv:109.0) Gecko/20100101 Firefox/112.0"
178.115.38.149 - - [27/Apr/2023:14:40:49 +0200] "GET /gui/javascript/form_form.js?1682599249 HTTP/1.1" 200 16206 "http://hausegger.activities.at/entry.php?id=10715" "Mozilla/5.0 (Windows NT 10.0; Win64; x64; rv:109.0) Gecko/20100101 Firefox/112.0"
178.115.38.149 - - [27/Apr/2023:14:40:49 +0200] "GET /entry.php?id=10778&form=10560&name=list& HTTP/1.1" 200 2996 "http://hausegger.activities.at/entry.php?id=10715" "Mozilla/5.0 (Windows NT 10.0; Win64; x64; rv:109.0) Gecko/20100101 Firefox/112.0"
178.115.38.149 - - [27/Apr/2023:14:40:49 +0200] "GET /entry.php?id=10776&form=10560&name=list& HTTP/1.1" 200 2313 "http://hausegger.activities.at/entry.php?id=10715" "Mozilla/5.0 (Windows NT 10.0; Win64; x64; rv:109.0) Gecko/20100101 Firefox/112.0"
46.206.243.80 - - [27/Apr/2023:14:40:54 +0200] "GET /entry.php?id=10271&&ser=599193 HTTP/1.1" 200 987 "http://hausegger.activities.at/entry.php?id=10271&&ser=599132" "Mozilla/5.0 (Windows NT 10.0; Win64; x64) AppleWebKit/537.36 (KHTML, like Gecko) Chrome/109.0.0.0 Safari/537.36"
46.206.243.80 - - [27/Apr/2023:14:40:54 +0200] "GET /gui/javascript/form_form.js?1682599254 HTTP/1.1" 200 16206 "http://hausegger.activities.at/entry.php?id=10271&&ser=599193" "Mozilla/5.0 (Windows NT 10.0; Win64; x64) AppleWebKit/537.36 (KHTML, like Gecko) Chrome/109.0.0.0 Safari/537.36"
178.115.38.149 - - [27/Apr/2023:14:40:55 +0200] "POST /entry.php?id=10715 HTTP/1.1" 200 2612 "http://hausegger.activities.at/entry.php?id=10715" "Mozilla/5.0 (Windows NT 10.0; Win64; x64; rv:109.0) Gecko/20100101 Firefox/112.0"
178.115.38.149 - - [27/Apr/2023:14:40:55 +0200] "GET /gui/javascript/form_form.js?1682599255 HTTP/1.1" 200 16206 "http://hausegger.activities.at/entry.php?id=10715" "Mozilla/5.0 (Windows NT 10.0; Win64; x64; rv:109.0) Gecko/20100101 Firefox/112.0"
178.115.38.149 - - [27/Apr/2023:14:40:55 +0200] "GET /entry.php?id=10778&form=10560&name=list& HTTP/1.1" 200 2993 "http://hausegger.activities.at/entry.php?id=10715" "Mozilla/5.0 (Windows NT 10.0; Win64; x64; rv:109.0) Gecko/20100101 Firefox/112.0"
178.115.38.149 - - [27/Apr/2023:14:40:55 +0200] "GET /entry.php?id=10776&form=10560&name=list& HTTP/1.1" 200 2313 "http://hausegger.activities.at/entry.php?id=10715" "Mozilla/5.0 (Windows NT 10.0; Win64; x64; rv:109.0) Gecko/20100101 Firefox/112.0"
178.115.38.149 - - [27/Apr/2023:14:41:01 +0200] "POST /entry.php?id=10715 HTTP/1.1" 200 2612 "http://hausegger.activities.at/entry.php?id=10715" "Mozilla/5.0 (Windows NT 10.0; Win64; x64; rv:109.0) Gecko/20100101 Firefox/112.0"
178.115.38.149 - - [27/Apr/2023:14:41:02 +0200] "GET /gui/javascript/form_form.js?1682599262 HTTP/1.1" 200 16206 "http://hausegger.activities.at/entry.php?id=10715" "Mozilla/5.0 (Windows NT 10.0; Win64; x64; rv:109.0) Gecko/20100101 Firefox/112.0"
178.115.38.149 - - [27/Apr/2023:14:41:02 +0200] "GET /entry.php?id=10776&form=10560&name=list& HTTP/1.1" 200 2313 "http://hausegger.activities.at/entry.php?id=10715" "Mozilla/5.0 (Windows NT 10.0; Win64; x64; rv:109.0) Gecko/20100101 Firefox/112.0"
178.115.38.149 - - [27/Apr/2023:14:41:02 +0200] "GET /entry.php?id=10778&form=10560&name=list& HTTP/1.1" 200 3012 "http://hausegger.activities.at/entry.php?id=10715" "Mozilla/5.0 (Windows NT 10.0; Win64; x64; rv:109.0) Gecko/20100101 Firefox/112.0"
178.115.38.149 - - [27/Apr/2023:14:41:09 +0200] "POST /entry.php?id=10715 HTTP/1.1" 200 2554 "http://hausegger.activities.at/entry.php?id=10715" "Mozilla/5.0 (Windows NT 10.0; Win64; x64; rv:109.0) Gecko/20100101 Firefox/112.0"
178.115.38.149 - - [27/Apr/2023:14:41:09 +0200] "GET /gui/javascript/form_form.js?1682599269 HTTP/1.1" 200 16206 "http://hausegger.activities.at/entry.php?id=10715" "Mozilla/5.0 (Windows NT 10.0; Win64; x64; rv:109.0) Gecko/20100101 Firefox/112.0"
178.115.38.149 - - [27/Apr/2023:14:41:09 +0200] "GET /entry.php?id=10776&form=10560&name=list& HTTP/1.1" 200 2188 "http://hausegger.activities.at/entry.php?id=10715" "Mozilla/5.0 (Windows NT 10.0; Win64; x64; rv:109.0) Gecko/20100101 Firefox/112.0"
178.115.38.149 - - [27/Apr/2023:14:41:09 +0200] "GET /entry.php?id=10778&form=10560&name=list& HTTP/1.1" 200 2689 "http://hausegger.activities.at/entry.php?id=10715" "Mozilla/5.0 (Windows NT 10.0; Win64; x64; rv:109.0) Gecko/20100101 Firefox/112.0"
178.115.38.149 - - [27/Apr/2023:14:41:16 +0200] "POST /entry.php?id=10716 HTTP/1.1" 200 7091 "http://hausegger.activities.at/entry.php?id=10716&" "Mozilla/5.0 (Windows NT 10.0; Win64; x64; rv:109.0) Gecko/20100101 Firefox/112.0"
178.115.38.149 - - [27/Apr/2023:14:41:17 +0200] "GET /gui/javascript/form_form.js?1682599277 HTTP/1.1" 200 16206 "http://hausegger.activities.at/entry.php?id=10716" "Mozilla/5.0 (Windows NT 10.0; Win64; x64; rv:109.0) Gecko/20100101 Firefox/112.0"
178.115.38.149 - - [27/Apr/2023:14:41:17 +0200] "GET /activities/framework/KoolControls/KoolAjax/koolajax.php?8436e354c842500aba3cbaf0584c0c24 HTTP/1.1" 200 4079 "http://hausegger.activities.at/entry.php?id=10716" "Mozilla/5.0 (Windows NT 10.0; Win64; x64; rv:109.0) Gecko/20100101 Firefox/112.0"
178.115.38.149 - - [27/Apr/2023:14:41:17 +0200] "GET /activities/framework/KoolControls/KoolComboBox/koolcombobox.php?32981a13284db7a021131df49e6cd203 HTTP/1.1" 200 4607 "http://hausegger.activities.at/entry.php?id=10716" "Mozilla/5.0 (Windows NT 10.0; Win64; x64; rv:109.0) Gecko/20100101 Firefox/112.0"
178.115.38.149 - - [27/Apr/2023:14:41:17 +0200] "GET /activities/framework/KoolControls/KoolTreeView/kooltreeview.php?c7cd9180e88ffef8e70f13526bb4f5f7 HTTP/1.1" 200 5055 "http://hausegger.activities.at/entry.php?id=10716" "Mozilla/5.0 (Windows NT 10.0; Win64; x64; rv:109.0) Gecko/20100101 Firefox/112.0"
178.115.38.149 - - [27/Apr/2023:14:41:36 +0200] "GET /entry.php?id=10271&&ser=599235 HTTP/1.1" 200 987 "http://hausegger.activities.at/entry.php?id=10271&&ser=599175" "Mozilla/5.0 (Windows NT 10.0; Win64; x64) AppleWebKit/537.36 (KHTML, like Gecko) Chrome/112.0.0.0 Safari/537.36"
178.115.38.149 - - [27/Apr/2023:14:41:36 +0200] "GET /gui/javascript/form_form.js?1682599296 HTTP/1.1" 200 16206 "http://hausegger.activities.at/entry.php?id=10271&&ser=599235" "Mozilla/5.0 (Windows NT 10.0; Win64; x64) AppleWebKit/537.36 (KHTML, like Gecko) Chrome/112.0.0.0 Safari/537.36"
178.115.38.149 - - [27/Apr/2023:14:41:42 +0200] "GET /entry.php?id=10271&&ser=599241 HTTP/1.1" 200 987 "http://hausegger.activities.at/entry.php?id=10271&&ser=599181" "Mozilla/5.0 (Windows NT 10.0; Win64; x64; rv:109.0) Gecko/20100101 Firefox/112.0"
178.115.38.149 - - [27/Apr/2023:14:41:42 +0200] "GET /gui/javascript/form_form.js?1682599302 HTTP/1.1" 200 16206 "http://hausegger.activities.at/entry.php?id=10271&&ser=599241" "Mozilla/5.0 (Windows NT 10.0; Win64; x64; rv:109.0) Gecko/20100101 Firefox/112.0"
46.206.243.80 - - [27/Apr/2023:14:41:55 +0200] "GET /entry.php?id=10271&&ser=599254 HTTP/1.1" 200 987 "http://hausegger.activities.at/entry.php?id=10271&&ser=599193" "Mozilla/5.0 (Windows NT 10.0; Win64; x64) AppleWebKit/537.36 (KHTML, like Gecko) Chrome/109.0.0.0 Safari/537.36"
46.206.243.80 - - [27/Apr/2023:14:41:55 +0200] "GET /gui/javascript/form_form.js?1682599315 HTTP/1.1" 200 16206 "http://hausegger.activities.at/entry.php?id=10271&&ser=599254" "Mozilla/5.0 (Windows NT 10.0; Win64; x64) AppleWebKit/537.36 (KHTML, like Gecko) Chrome/109.0.0.0 Safari/537.36"
178.115.38.149 - - [27/Apr/2023:14:42:36 +0200] "GET /entry.php?id=10271&&ser=599296 HTTP/1.1" 200 987 "http://hausegger.activities.at/entry.php?id=10271&&ser=599235" "Mozilla/5.0 (Windows NT 10.0; Win64; x64) AppleWebKit/537.36 (KHTML, like Gecko) Chrome/112.0.0.0 Safari/537.36"
178.115.38.149 - - [27/Apr/2023:14:42:36 +0200] "GET /gui/javascript/form_form.js?1682599356 HTTP/1.1" 200 16206 "http://hausegger.activities.at/entry.php?id=10271&&ser=599296" "Mozilla/5.0 (Windows NT 10.0; Win64; x64) AppleWebKit/537.36 (KHTML, like Gecko) Chrome/112.0.0.0 Safari/537.36"
178.115.38.149 - - [27/Apr/2023:14:42:42 +0200] "GET /entry.php?id=10271&&ser=599302 HTTP/1.1" 200 987 "http://hausegger.activities.at/entry.php?id=10271&&ser=599241" "Mozilla/5.0 (Windows NT 10.0; Win64; x64; rv:109.0) Gecko/20100101 Firefox/112.0"
178.115.38.149 - - [27/Apr/2023:14:42:42 +0200] "GET /gui/javascript/form_form.js?1682599362 HTTP/1.1" 200 16206 "http://hausegger.activities.at/entry.php?id=10271&&ser=599302" "Mozilla/5.0 (Windows NT 10.0; Win64; x64; rv:109.0) Gecko/20100101 Firefox/112.0"
46.206.243.80 - - [27/Apr/2023:14:42:56 +0200] "GET /entry.php?id=10271&&ser=599315 HTTP/1.1" 200 987 "http://hausegger.activities.at/entry.php?id=10271&&ser=599254" "Mozilla/5.0 (Windows NT 10.0; Win64; x64) AppleWebKit/537.36 (KHTML, like Gecko) Chrome/109.0.0.0 Safari/537.36"
46.206.243.80 - - [27/Apr/2023:14:42:56 +0200] "GET /gui/javascript/form_form.js?1682599376 HTTP/1.1" 200 16206 "http://hausegger.activities.at/entry.php?id=10271&&ser=599315" "Mozilla/5.0 (Windows NT 10.0; Win64; x64) AppleWebKit/537.36 (KHTML, like Gecko) Chrome/109.0.0.0 Safari/537.36"
178.115.38.149 - - [27/Apr/2023:14:43:24 +0200] "POST /entry.php?id=10715 HTTP/1.1" 200 2610 "http://hausegger.activities.at/entry.php?id=10715" "Mozilla/5.0 (Windows NT 10.0; Win64; x64) AppleWebKit/537.36 (KHTML, like Gecko) Chrome/112.0.0.0 Safari/537.36"
178.115.38.149 - - [27/Apr/2023:14:43:25 +0200] "GET /gui/javascript/form_form.js?1682599405 HTTP/1.1" 200 16206 "http://hausegger.activities.at/entry.php?id=10715" "Mozilla/5.0 (Windows NT 10.0; Win64; x64) AppleWebKit/537.36 (KHTML, like Gecko) Chrome/112.0.0.0 Safari/537.36"
178.115.38.149 - - [27/Apr/2023:14:43:25 +0200] "GET /entry.php?id=10776&form=10560&name=list& HTTP/1.1" 200 2312 "http://hausegger.activities.at/entry.php?id=10715" "Mozilla/5.0 (Windows NT 10.0; Win64; x64) AppleWebKit/537.36 (KHTML, like Gecko) Chrome/112.0.0.0 Safari/537.36"
178.115.38.149 - - [27/Apr/2023:14:43:25 +0200] "GET /entry.php?id=10778&form=10560&name=list& HTTP/1.1" 200 3007 "http://hausegger.activities.at/entry.php?id=10715" "Mozilla/5.0 (Windows NT 10.0; Win64; x64) AppleWebKit/537.36 (KHTML, like Gecko) Chrome/112.0.0.0 Safari/537.36"
178.115.38.149 - - [27/Apr/2023:14:43:37 +0200] "GET /entry.php?id=10271&&ser=599356 HTTP/1.1" 200 987 "http://hausegger.activities.at/entry.php?id=10271&&ser=599296" "Mozilla/5.0 (Windows NT 10.0; Win64; x64) AppleWebKit/537.36 (KHTML, like Gecko) Chrome/112.0.0.0 Safari/537.36"
178.115.38.149 - - [27/Apr/2023:14:43:37 +0200] "GET /gui/javascript/form_form.js?1682599417 HTTP/1.1" 200 16206 "http://hausegger.activities.at/entry.php?id=10271&&ser=599356" "Mozilla/5.0 (Windows NT 10.0; Win64; x64) AppleWebKit/537.36 (KHTML, like Gecko) Chrome/112.0.0.0 Safari/537.36"
178.115.38.149 - - [27/Apr/2023:14:43:42 +0200] "GET /entry.php?id=10271&&ser=599362 HTTP/1.1" 200 987 "http://hausegger.activities.at/entry.php?id=10271&&ser=599302" "Mozilla/5.0 (Windows NT 10.0; Win64; x64; rv:109.0) Gecko/20100101 Firefox/112.0"
178.115.38.149 - - [27/Apr/2023:14:43:43 +0200] "GET /gui/javascript/form_form.js?1682599423 HTTP/1.1" 200 16206 "http://hausegger.activities.at/entry.php?id=10271&&ser=599362" "Mozilla/5.0 (Windows NT 10.0; Win64; x64; rv:109.0) Gecko/20100101 Firefox/112.0"
178.115.38.149 - - [27/Apr/2023:14:43:56 +0200] "POST /entry.php?id=10715 HTTP/1.1" 200 2611 "http://hausegger.activities.at/entry.php?id=10715" "Mozilla/5.0 (Windows NT 10.0; Win64; x64) AppleWebKit/537.36 (KHTML, like Gecko) Chrome/112.0.0.0 Safari/537.36"
178.115.38.149 - - [27/Apr/2023:14:43:56 +0200] "GET /gui/javascript/form_form.js?1682599436 HTTP/1.1" 200 16206 "http://hausegger.activities.at/entry.php?id=10715" "Mozilla/5.0 (Windows NT 10.0; Win64; x64) AppleWebKit/537.36 (KHTML, like Gecko) Chrome/112.0.0.0 Safari/537.36"
178.115.38.149 - - [27/Apr/2023:14:43:57 +0200] "GET /entry.php?id=10778&form=10560&name=list& HTTP/1.1" 200 3007 "http://hausegger.activities.at/entry.php?id=10715" "Mozilla/5.0 (Windows NT 10.0; Win64; x64) AppleWebKit/537.36 (KHTML, like Gecko) Chrome/112.0.0.0 Safari/537.36"
178.115.38.149 - - [27/Apr/2023:14:43:57 +0200] "GET /entry.php?id=10776&form=10560&name=list& HTTP/1.1" 200 2312 "http://hausegger.activities.at/entry.php?id=10715" "Mozilla/5.0 (Windows NT 10.0; Win64; x64) AppleWebKit/537.36 (KHTML, like Gecko) Chrome/112.0.0.0 Safari/537.36"
46.206.243.80 - - [27/Apr/2023:14:43:57 +0200] "GET /entry.php?id=10271&&ser=599376 HTTP/1.1" 200 987 "http://hausegger.activities.at/entry.php?id=10271&&ser=599315" "Mozilla/5.0 (Windows NT 10.0; Win64; x64) AppleWebKit/537.36 (KHTML, like Gecko) Chrome/109.0.0.0 Safari/537.36"
46.206.243.80 - - [27/Apr/2023:14:43:57 +0200] "GET /gui/javascript/form_form.js?1682599437 HTTP/1.1" 200 16206 "http://hausegger.activities.at/entry.php?id=10271&&ser=599376" "Mozilla/5.0 (Windows NT 10.0; Win64; x64) AppleWebKit/537.36 (KHTML, like Gecko) Chrome/109.0.0.0 Safari/537.36"
178.115.38.149 - - [27/Apr/2023:14:44:37 +0200] "GET /entry.php?id=10271&&ser=599417 HTTP/1.1" 200 987 "http://hausegger.activities.at/entry.php?id=10271&&ser=599356" "Mozilla/5.0 (Windows NT 10.0; Win64; x64) AppleWebKit/537.36 (KHTML, like Gecko) Chrome/112.0.0.0 Safari/537.36"
178.115.38.149 - - [27/Apr/2023:14:44:37 +0200] "GET /gui/javascript/form_form.js?1682599477 HTTP/1.1" 200 16206 "http://hausegger.activities.at/entry.php?id=10271&&ser=599417" "Mozilla/5.0 (Windows NT 10.0; Win64; x64) AppleWebKit/537.36 (KHTML, like Gecko) Chrome/112.0.0.0 Safari/537.36"
178.115.38.149 - - [27/Apr/2023:14:44:43 +0200] "GET /entry.php?id=10271&&ser=599423 HTTP/1.1" 200 987 "http://hausegger.activities.at/entry.php?id=10271&&ser=599362" "Mozilla/5.0 (Windows NT 10.0; Win64; x64; rv:109.0) Gecko/20100101 Firefox/112.0"
178.115.38.149 - - [27/Apr/2023:14:44:43 +0200] "GET /gui/javascript/form_form.js?1682599483 HTTP/1.1" 200 16206 "http://hausegger.activities.at/entry.php?id=10271&&ser=599423" "Mozilla/5.0 (Windows NT 10.0; Win64; x64; rv:109.0) Gecko/20100101 Firefox/112.0"
46.206.243.80 - - [27/Apr/2023:14:44:58 +0200] "GET /entry.php?id=10271&&ser=599437 HTTP/1.1" 200 987 "http://hausegger.activities.at/entry.php?id=10271&&ser=599376" "Mozilla/5.0 (Windows NT 10.0; Win64; x64) AppleWebKit/537.36 (KHTML, like Gecko) Chrome/109.0.0.0 Safari/537.36"
46.206.243.80 - - [27/Apr/2023:14:44:58 +0200] "GET /gui/javascript/form_form.js?1682599498 HTTP/1.1" 200 16206 "http://hausegger.activities.at/entry.php?id=10271&&ser=599437" "Mozilla/5.0 (Windows NT 10.0; Win64; x64) AppleWebKit/537.36 (KHTML, like Gecko) Chrome/109.0.0.0 Safari/537.36"
178.115.38.149 - - [27/Apr/2023:14:45:00 +0200] "GET /gui/images/icons/lupe.gif HTTP/1.1" 200 324 "http://hausegger.activities.at/entry.php?id=10716" "Mozilla/5.0 (Windows NT 10.0; Win64; x64; rv:109.0) Gecko/20100101 Firefox/112.0"
178.115.38.149 - - [27/Apr/2023:14:45:31 +0200] "POST /entry.php?id=10716 HTTP/1.1" 200 7854 "http://hausegger.activities.at/entry.php?id=10716" "Mozilla/5.0 (Windows NT 10.0; Win64; x64; rv:109.0) Gecko/20100101 Firefox/112.0"
178.115.38.149 - - [27/Apr/2023:14:45:32 +0200] "GET /gui/javascript/form_form.js?1682599532 HTTP/1.1" 200 16206 "http://hausegger.activities.at/entry.php?id=10716" "Mozilla/5.0 (Windows NT 10.0; Win64; x64; rv:109.0) Gecko/20100101 Firefox/112.0"
178.115.38.149 - - [27/Apr/2023:14:45:32 +0200] "GET /activities/framework/KoolControls/KoolAjax/koolajax.php?8436e354c842500aba3cbaf0584c0c24 HTTP/1.1" 200 4079 "http://hausegger.activities.at/entry.php?id=10716" "Mozilla/5.0 (Windows NT 10.0; Win64; x64; rv:109.0) Gecko/20100101 Firefox/112.0"
178.115.38.149 - - [27/Apr/2023:14:45:32 +0200] "GET /activities/framework/KoolControls/KoolComboBox/koolcombobox.php?32981a13284db7a021131df49e6cd203 HTTP/1.1" 200 4607 "http://hausegger.activities.at/entry.php?id=10716" "Mozilla/5.0 (Windows NT 10.0; Win64; x64; rv:109.0) Gecko/20100101 Firefox/112.0"
178.115.38.149 - - [27/Apr/2023:14:45:32 +0200] "GET /activities/framework/KoolControls/KoolTreeView/kooltreeview.php?c7cd9180e88ffef8e70f13526bb4f5f7 HTTP/1.1" 200 5055 "http://hausegger.activities.at/entry.php?id=10716" "Mozilla/5.0 (Windows NT 10.0; Win64; x64; rv:109.0) Gecko/20100101 Firefox/112.0"
178.115.38.149 - - [27/Apr/2023:14:45:33 +0200] "POST /entry.php?id=10716 HTTP/1.1" 200 2987 "http://hausegger.activities.at/entry.php?id=10716" "Mozilla/5.0 (Windows NT 10.0; Win64; x64; rv:109.0) Gecko/20100101 Firefox/112.0"
178.115.38.149 - - [27/Apr/2023:14:45:34 +0200] "GET /gui/javascript/form_form.js?1682599534 HTTP/1.1" 200 16206 "http://hausegger.activities.at/entry.php?id=10716" "Mozilla/5.0 (Windows NT 10.0; Win64; x64; rv:109.0) Gecko/20100101 Firefox/112.0"
178.115.38.149 - - [27/Apr/2023:14:45:34 +0200] "GET /entry.php?id=10752&&hiddetitle=1&object=10322171&opener=false HTTP/1.1" 200 2707 "http://hausegger.activities.at/entry.php?id=10716" "Mozilla/5.0 (Windows NT 10.0; Win64; x64; rv:109.0) Gecko/20100101 Firefox/112.0"
178.115.38.149 - - [27/Apr/2023:14:45:35 +0200] "GET /gui/javascript/form_form.js?1682599535 HTTP/1.1" 200 16206 "http://hausegger.activities.at/entry.php?id=10752&&hiddetitle=1&object=10322171&opener=false" "Mozilla/5.0 (Windows NT 10.0; Win64; x64; rv:109.0) Gecko/20100101 Firefox/112.0"
178.115.38.149 - - [27/Apr/2023:14:45:37 +0200] "POST /entry.php?id=10752 HTTP/1.1" 200 2928 "http://hausegger.activities.at/entry.php?id=10752&&hiddetitle=1&object=10322171&opener=false" "Mozilla/5.0 (Windows NT 10.0; Win64; x64; rv:109.0) Gecko/20100101 Firefox/112.0"
178.115.38.149 - - [27/Apr/2023:14:45:37 +0200] "GET /gui/javascript/form_form.js?1682599537 HTTP/1.1" 200 16206 "http://hausegger.activities.at/entry.php?id=10752" "Mozilla/5.0 (Windows NT 10.0; Win64; x64; rv:109.0) Gecko/20100101 Firefox/112.0"
178.115.38.149 - - [27/Apr/2023:14:45:37 +0200] "GET /entry.php?id=10271&&ser=599477 HTTP/1.1" 200 987 "http://hausegger.activities.at/entry.php?id=10271&&ser=599417" "Mozilla/5.0 (Windows NT 10.0; Win64; x64) AppleWebKit/537.36 (KHTML, like Gecko) Chrome/112.0.0.0 Safari/537.36"
178.115.38.149 - - [27/Apr/2023:14:45:38 +0200] "GET /gui/javascript/form_form.js?1682599538 HTTP/1.1" 200 16206 "http://hausegger.activities.at/entry.php?id=10271&&ser=599477" "Mozilla/5.0 (Windows NT 10.0; Win64; x64) AppleWebKit/537.36 (KHTML, like Gecko) Chrome/112.0.0.0 Safari/537.36"
178.115.38.149 - - [27/Apr/2023:14:45:38 +0200] "POST /entry.php?id=10716 HTTP/1.1" 200 2990 "http://hausegger.activities.at/entry.php?id=10716" "Mozilla/5.0 (Windows NT 10.0; Win64; x64; rv:109.0) Gecko/20100101 Firefox/112.0"
178.115.38.149 - - [27/Apr/2023:14:45:38 +0200] "GET /gui/javascript/form_form.js?1682599538 HTTP/1.1" 200 16206 "http://hausegger.activities.at/entry.php?id=10716" "Mozilla/5.0 (Windows NT 10.0; Win64; x64; rv:109.0) Gecko/20100101 Firefox/112.0"
178.115.38.149 - - [27/Apr/2023:14:45:38 +0200] "GET /entry.php?id=10745&hiddetitle=1&object=10322171&opener=false HTTP/1.1" 200 2473 "http://hausegger.activities.at/entry.php?id=10716" "Mozilla/5.0 (Windows NT 10.0; Win64; x64; rv:109.0) Gecko/20100101 Firefox/112.0"
178.115.38.149 - - [27/Apr/2023:14:45:39 +0200] "GET /gui/javascript/form_form.js?1682599539 HTTP/1.1" 200 16206 "http://hausegger.activities.at/entry.php?id=10745&hiddetitle=1&object=10322171&opener=false" "Mozilla/5.0 (Windows NT 10.0; Win64; x64; rv:109.0) Gecko/20100101 Firefox/112.0"
178.115.38.149 - - [27/Apr/2023:14:45:42 +0200] "POST /entry.php?id=10745 HTTP/1.1" 200 2670 "http://hausegger.activities.at/entry.php?id=10745&hiddetitle=1&object=10322171&opener=false" "Mozilla/5.0 (Windows NT 10.0; Win64; x64; rv:109.0) Gecko/20100101 Firefox/112.0"
178.115.38.149 - - [27/Apr/2023:14:45:42 +0200] "GET /gui/javascript/form_form.js?1682599542 HTTP/1.1" 200 16206 "http://hausegger.activities.at/entry.php?id=10745" "Mozilla/5.0 (Windows NT 10.0; Win64; x64; rv:109.0) Gecko/20100101 Firefox/112.0"
178.115.38.149 - - [27/Apr/2023:14:45:43 +0200] "GET /entry.php?id=10271&&ser=599483 HTTP/1.1" 200 987 "http://hausegger.activities.at/entry.php?id=10271&&ser=599423" "Mozilla/5.0 (Windows NT 10.0; Win64; x64; rv:109.0) Gecko/20100101 Firefox/112.0"
178.115.38.149 - - [27/Apr/2023:14:45:43 +0200] "GET /gui/javascript/form_form.js?1682599543 HTTP/1.1" 200 16206 "http://hausegger.activities.at/entry.php?id=10271&&ser=599483" "Mozilla/5.0 (Windows NT 10.0; Win64; x64; rv:109.0) Gecko/20100101 Firefox/112.0"
178.115.38.149 - - [27/Apr/2023:14:45:48 +0200] "POST /entry.php?id=10715 HTTP/1.1" 200 2612 "http://hausegger.activities.at/entry.php?id=10715" "Mozilla/5.0 (Windows NT 10.0; Win64; x64; rv:109.0) Gecko/20100101 Firefox/112.0"
178.115.38.149 - - [27/Apr/2023:14:45:49 +0200] "GET /gui/javascript/form_form.js?1682599549 HTTP/1.1" 200 16206 "http://hausegger.activities.at/entry.php?id=10715" "Mozilla/5.0 (Windows NT 10.0; Win64; x64; rv:109.0) Gecko/20100101 Firefox/112.0"
178.115.38.149 - - [27/Apr/2023:14:45:49 +0200] "GET /entry.php?id=10776&form=10560&name=list& HTTP/1.1" 200 2312 "http://hausegger.activities.at/entry.php?id=10715" "Mozilla/5.0 (Windows NT 10.0; Win64; x64; rv:109.0) Gecko/20100101 Firefox/112.0"
178.115.38.149 - - [27/Apr/2023:14:45:49 +0200] "GET /entry.php?id=10778&form=10560&name=list& HTTP/1.1" 200 2997 "http://hausegger.activities.at/entry.php?id=10715" "Mozilla/5.0 (Windows NT 10.0; Win64; x64; rv:109.0) Gecko/20100101 Firefox/112.0"
46.206.243.80 - - [27/Apr/2023:14:45:59 +0200] "GET /entry.php?id=10271&&ser=599498 HTTP/1.1" 200 987 "http://hausegger.activities.at/entry.php?id=10271&&ser=599437" "Mozilla/5.0 (Windows NT 10.0; Win64; x64) AppleWebKit/537.36 (KHTML, like Gecko) Chrome/109.0.0.0 Safari/537.36"
46.206.243.80 - - [27/Apr/2023:14:45:59 +0200] "GET /gui/javascript/form_form.js?1682599559 HTTP/1.1" 200 16206 "http://hausegger.activities.at/entry.php?id=10271&&ser=599498" "Mozilla/5.0 (Windows NT 10.0; Win64; x64) AppleWebKit/537.36 (KHTML, like Gecko) Chrome/109.0.0.0 Safari/537.36"
178.115.38.149 - - [27/Apr/2023:14:46:01 +0200] "POST /entry.php?id=10715 HTTP/1.1" 200 2613 "http://hausegger.activities.at/entry.php?id=10715" "Mozilla/5.0 (Windows NT 10.0; Win64; x64; rv:109.0) Gecko/20100101 Firefox/112.0"
178.115.38.149 - - [27/Apr/2023:14:46:02 +0200] "GET /gui/javascript/form_form.js?1682599562 HTTP/1.1" 200 16206 "http://hausegger.activities.at/entry.php?id=10715" "Mozilla/5.0 (Windows NT 10.0; Win64; x64; rv:109.0) Gecko/20100101 Firefox/112.0"
178.115.38.149 - - [27/Apr/2023:14:46:02 +0200] "GET /entry.php?id=10778&form=10560&name=list& HTTP/1.1" 200 2996 "http://hausegger.activities.at/entry.php?id=10715" "Mozilla/5.0 (Windows NT 10.0; Win64; x64; rv:109.0) Gecko/20100101 Firefox/112.0"
178.115.38.149 - - [27/Apr/2023:14:46:02 +0200] "GET /entry.php?id=10776&form=10560&name=list& HTTP/1.1" 200 2313 "http://hausegger.activities.at/entry.php?id=10715" "Mozilla/5.0 (Windows NT 10.0; Win64; x64; rv:109.0) Gecko/20100101 Firefox/112.0"
178.115.38.149 - - [27/Apr/2023:14:46:08 +0200] "POST /entry.php?id=10715 HTTP/1.1" 200 2554 "http://hausegger.activities.at/entry.php?id=10715" "Mozilla/5.0 (Windows NT 10.0; Win64; x64; rv:109.0) Gecko/20100101 Firefox/112.0"
178.115.38.149 - - [27/Apr/2023:14:46:09 +0200] "GET /gui/javascript/form_form.js?1682599569 HTTP/1.1" 200 16206 "http://hausegger.activities.at/entry.php?id=10715" "Mozilla/5.0 (Windows NT 10.0; Win64; x64; rv:109.0) Gecko/20100101 Firefox/112.0"
178.115.38.149 - - [27/Apr/2023:14:46:09 +0200] "GET /entry.php?id=10776&form=10560&name=list& HTTP/1.1" 200 2188 "http://hausegger.activities.at/entry.php?id=10715" "Mozilla/5.0 (Windows NT 10.0; Win64; x64; rv:109.0) Gecko/20100101 Firefox/112.0"
178.115.38.149 - - [27/Apr/2023:14:46:09 +0200] "GET /entry.php?id=10778&form=10560&name=list& HTTP/1.1" 200 2689 "http://hausegger.activities.at/entry.php?id=10715" "Mozilla/5.0 (Windows NT 10.0; Win64; x64; rv:109.0) Gecko/20100101 Firefox/112.0"
178.115.38.149 - - [27/Apr/2023:14:46:11 +0200] "POST /entry.php?id=10716 HTTP/1.1" 200 7716 "http://hausegger.activities.at/entry.php?id=10716" "Mozilla/5.0 (Windows NT 10.0; Win64; x64; rv:109.0) Gecko/20100101 Firefox/112.0"
178.115.38.149 - - [27/Apr/2023:14:46:11 +0200] "GET /activities/framework/KoolControls/KoolAjax/koolajax.php?8436e354c842500aba3cbaf0584c0c24 HTTP/1.1" 200 4079 "http://hausegger.activities.at/entry.php?id=10716" "Mozilla/5.0 (Windows NT 10.0; Win64; x64; rv:109.0) Gecko/20100101 Firefox/112.0"
178.115.38.149 - - [27/Apr/2023:14:46:11 +0200] "GET /gui/javascript/form_form.js?1682599571 HTTP/1.1" 200 16206 "http://hausegger.activities.at/entry.php?id=10716" "Mozilla/5.0 (Windows NT 10.0; Win64; x64; rv:109.0) Gecko/20100101 Firefox/112.0"
178.115.38.149 - - [27/Apr/2023:14:46:12 +0200] "GET /activities/framework/KoolControls/KoolComboBox/koolcombobox.php?32981a13284db7a021131df49e6cd203 HTTP/1.1" 200 4607 "http://hausegger.activities.at/entry.php?id=10716" "Mozilla/5.0 (Windows NT 10.0; Win64; x64; rv:109.0) Gecko/20100101 Firefox/112.0"
178.115.38.149 - - [27/Apr/2023:14:46:12 +0200] "GET /activities/framework/KoolControls/KoolTreeView/kooltreeview.php?c7cd9180e88ffef8e70f13526bb4f5f7 HTTP/1.1" 200 5055 "http://hausegger.activities.at/entry.php?id=10716" "Mozilla/5.0 (Windows NT 10.0; Win64; x64; rv:109.0) Gecko/20100101 Firefox/112.0"
178.115.38.149 - - [27/Apr/2023:14:46:38 +0200] "GET /entry.php?id=10271&&ser=599538 HTTP/1.1" 200 987 "http://hausegger.activities.at/entry.php?id=10271&&ser=599477" "Mozilla/5.0 (Windows NT 10.0; Win64; x64) AppleWebKit/537.36 (KHTML, like Gecko) Chrome/112.0.0.0 Safari/537.36"
178.115.38.149 - - [27/Apr/2023:14:46:38 +0200] "GET /gui/javascript/form_form.js?1682599598 HTTP/1.1" 200 16206 "http://hausegger.activities.at/entry.php?id=10271&&ser=599538" "Mozilla/5.0 (Windows NT 10.0; Win64; x64) AppleWebKit/537.36 (KHTML, like Gecko) Chrome/112.0.0.0 Safari/537.36"
178.115.38.149 - - [27/Apr/2023:14:46:44 +0200] "GET /entry.php?id=10271&&ser=599543 HTTP/1.1" 200 987 "http://hausegger.activities.at/entry.php?id=10271&&ser=599483" "Mozilla/5.0 (Windows NT 10.0; Win64; x64; rv:109.0) Gecko/20100101 Firefox/112.0"
178.115.38.149 - - [27/Apr/2023:14:46:44 +0200] "GET /gui/javascript/form_form.js?1682599604 HTTP/1.1" 200 16206 "http://hausegger.activities.at/entry.php?id=10271&&ser=599543" "Mozilla/5.0 (Windows NT 10.0; Win64; x64; rv:109.0) Gecko/20100101 Firefox/112.0"
46.206.243.80 - - [27/Apr/2023:14:47:00 +0200] "GET /entry.php?id=10271&&ser=599559 HTTP/1.1" 200 987 "http://hausegger.activities.at/entry.php?id=10271&&ser=599498" "Mozilla/5.0 (Windows NT 10.0; Win64; x64) AppleWebKit/537.36 (KHTML, like Gecko) Chrome/109.0.0.0 Safari/537.36"
46.206.243.80 - - [27/Apr/2023:14:47:00 +0200] "GET /gui/javascript/form_form.js?1682599620 HTTP/1.1" 200 16206 "http://hausegger.activities.at/entry.php?id=10271&&ser=599559" "Mozilla/5.0 (Windows NT 10.0; Win64; x64) AppleWebKit/537.36 (KHTML, like Gecko) Chrome/109.0.0.0 Safari/537.36"
178.115.38.149 - - [27/Apr/2023:14:47:04 +0200] "POST /entry.php?id=10715 HTTP/1.1" 200 2611 "http://hausegger.activities.at/entry.php?id=10715" "Mozilla/5.0 (Windows NT 10.0; Win64; x64) AppleWebKit/537.36 (KHTML, like Gecko) Chrome/112.0.0.0 Safari/537.36"
178.115.38.149 - - [27/Apr/2023:14:47:05 +0200] "GET /gui/javascript/form_form.js?1682599625 HTTP/1.1" 200 16206 "http://hausegger.activities.at/entry.php?id=10715" "Mozilla/5.0 (Windows NT 10.0; Win64; x64) AppleWebKit/537.36 (KHTML, like Gecko) Chrome/112.0.0.0 Safari/537.36"
178.115.38.149 - - [27/Apr/2023:14:47:05 +0200] "GET /entry.php?id=10776&form=10560&name=list& HTTP/1.1" 200 2312 "http://hausegger.activities.at/entry.php?id=10715" "Mozilla/5.0 (Windows NT 10.0; Win64; x64) AppleWebKit/537.36 (KHTML, like Gecko) Chrome/112.0.0.0 Safari/537.36"
178.115.38.149 - - [27/Apr/2023:14:47:05 +0200] "GET /entry.php?id=10778&form=10560&name=list& HTTP/1.1" 200 3006 "http://hausegger.activities.at/entry.php?id=10715" "Mozilla/5.0 (Windows NT 10.0; Win64; x64) AppleWebKit/537.36 (KHTML, like Gecko) Chrome/112.0.0.0 Safari/537.36"
178.115.38.149 - - [27/Apr/2023:14:47:38 +0200] "GET /entry.php?id=10271&&ser=599598 HTTP/1.1" 200 987 "http://hausegger.activities.at/entry.php?id=10271&&ser=599538" "Mozilla/5.0 (Windows NT 10.0; Win64; x64) AppleWebKit/537.36 (KHTML, like Gecko) Chrome/112.0.0.0 Safari/537.36"
178.115.38.149 - - [27/Apr/2023:14:47:39 +0200] "GET /gui/javascript/form_form.js?1682599659 HTTP/1.1" 200 16206 "http://hausegger.activities.at/entry.php?id=10271&&ser=599598" "Mozilla/5.0 (Windows NT 10.0; Win64; x64) AppleWebKit/537.36 (KHTML, like Gecko) Chrome/112.0.0.0 Safari/537.36"
178.115.38.149 - - [27/Apr/2023:14:47:44 +0200] "GET /entry.php?id=10271&&ser=599604 HTTP/1.1" 200 987 "http://hausegger.activities.at/entry.php?id=10271&&ser=599543" "Mozilla/5.0 (Windows NT 10.0; Win64; x64; rv:109.0) Gecko/20100101 Firefox/112.0"
