178.115.38.149 - - [27/Apr/2023:15:16:57 +0200] "GET /gui/javascript/form_form.js?1682601417 HTTP/1.1" 200 16206 "http://hausegger.activities.at/entry.php?id=10271&&ser=601356" "Mozilla/5.0 (Windows NT 10.0; Win64; x64; rv:109.0) Gecko/20100101 Firefox/112.0"
178.115.38.149 - - [27/Apr/2023:15:17:03 +0200] "GET /entry.php?id=10271&&ser=601362 HTTP/1.1" 200 987 "http://hausegger.activities.at/entry.php?id=10271&&ser=601301" "Mozilla/5.0 (Windows NT 10.0; Win64; x64) AppleWebKit/537.36 (KHTML, like Gecko) Chrome/112.0.0.0 Safari/537.36"
178.115.38.149 - - [27/Apr/2023:15:17:03 +0200] "GET /gui/javascript/form_form.js?1682601423 HTTP/1.1" 200 16206 "http://hausegger.activities.at/entry.php?id=10271&&ser=601362" "Mozilla/5.0 (Windows NT 10.0; Win64; x64) AppleWebKit/537.36 (KHTML, like Gecko) Chrome/112.0.0.0 Safari/537.36"
46.206.243.80 - - [27/Apr/2023:15:17:30 +0200] "GET /entry.php?id=10271&&ser=601389 HTTP/1.1" 200 987 "http://hausegger.activities.at/entry.php?id=10271&&ser=601328" "Mozilla/5.0 (Windows NT 10.0; Win64; x64) AppleWebKit/537.36 (KHTML, like Gecko) Chrome/109.0.0.0 Safari/537.36"
46.206.243.80 - - [27/Apr/2023:15:17:30 +0200] "GET /gui/javascript/form_form.js?1682601450 HTTP/1.1" 200 16206 "http://hausegger.activities.at/entry.php?id=10271&&ser=601389" "Mozilla/5.0 (Windows NT 10.0; Win64; x64) AppleWebKit/537.36 (KHTML, like Gecko) Chrome/109.0.0.0 Safari/537.36"
178.115.38.149 - - [27/Apr/2023:15:17:57 +0200] "GET /entry.php?id=10271&&ser=601417 HTTP/1.1" 200 987 "http://hausegger.activities.at/entry.php?id=10271&&ser=601356" "Mozilla/5.0 (Windows NT 10.0; Win64; x64; rv:109.0) Gecko/20100101 Firefox/112.0"
178.115.38.149 - - [27/Apr/2023:15:17:57 +0200] "GET /gui/javascript/form_form.js?1682601477 HTTP/1.1" 200 16206 "http://hausegger.activities.at/entry.php?id=10271&&ser=601417" "Mozilla/5.0 (Windows NT 10.0; Win64; x64; rv:109.0) Gecko/20100101 Firefox/112.0"
178.115.38.149 - - [27/Apr/2023:15:18:04 +0200] "GET /entry.php?id=10271&&ser=601423 HTTP/1.1" 200 986 "http://hausegger.activities.at/entry.php?id=10271&&ser=601362" "Mozilla/5.0 (Windows NT 10.0; Win64; x64) AppleWebKit/537.36 (KHTML, like Gecko) Chrome/112.0.0.0 Safari/537.36"
178.115.38.149 - - [27/Apr/2023:15:18:04 +0200] "GET /gui/javascript/form_form.js?1682601484 HTTP/1.1" 200 16206 "http://hausegger.activities.at/entry.php?id=10271&&ser=601423" "Mozilla/5.0 (Windows NT 10.0; Win64; x64) AppleWebKit/537.36 (KHTML, like Gecko) Chrome/112.0.0.0 Safari/537.36"
46.206.243.80 - - [27/Apr/2023:15:18:31 +0200] "GET /entry.php?id=10271&&ser=601450 HTTP/1.1" 200 986 "http://hausegger.activities.at/entry.php?id=10271&&ser=601389" "Mozilla/5.0 (Windows NT 10.0; Win64; x64) AppleWebKit/537.36 (KHTML, like Gecko) Chrome/109.0.0.0 Safari/537.36"
46.206.243.80 - - [27/Apr/2023:15:18:31 +0200] "GET /gui/javascript/form_form.js?1682601511 HTTP/1.1" 200 16206 "http://hausegger.activities.at/entry.php?id=10271&&ser=601450" "Mozilla/5.0 (Windows NT 10.0; Win64; x64) AppleWebKit/537.36 (KHTML, like Gecko) Chrome/109.0.0.0 Safari/537.36"
178.115.38.149 - - [27/Apr/2023:15:18:58 +0200] "GET /entry.php?id=10271&&ser=601477 HTTP/1.1" 200 987 "http://hausegger.activities.at/entry.php?id=10271&&ser=601417" "Mozilla/5.0 (Windows NT 10.0; Win64; x64; rv:109.0) Gecko/20100101 Firefox/112.0"
178.115.38.149 - - [27/Apr/2023:15:18:58 +0200] "GET /gui/javascript/form_form.js?1682601538 HTTP/1.1" 200 16206 "http://hausegger.activities.at/entry.php?id=10271&&ser=601477" "Mozilla/5.0 (Windows NT 10.0; Win64; x64; rv:109.0) Gecko/20100101 Firefox/112.0"
178.115.38.149 - - [27/Apr/2023:15:19:05 +0200] "GET /entry.php?id=10271&&ser=601484 HTTP/1.1" 200 987 "http://hausegger.activities.at/entry.php?id=10271&&ser=601423" "Mozilla/5.0 (Windows NT 10.0; Win64; x64) AppleWebKit/537.36 (KHTML, like Gecko) Chrome/112.0.0.0 Safari/537.36"
178.115.38.149 - - [27/Apr/2023:15:19:06 +0200] "GET /gui/javascript/form_form.js?1682601545 HTTP/1.1" 200 16206 "http://hausegger.activities.at/entry.php?id=10271&&ser=601484" "Mozilla/5.0 (Windows NT 10.0; Win64; x64) AppleWebKit/537.36 (KHTML, like Gecko) Chrome/112.0.0.0 Safari/537.36"
46.206.243.80 - - [27/Apr/2023:15:19:32 +0200] "GET /entry.php?id=10271&&ser=601511 HTTP/1.1" 200 987 "http://hausegger.activities.at/entry.php?id=10271&&ser=601450" "Mozilla/5.0 (Windows NT 10.0; Win64; x64) AppleWebKit/537.36 (KHTML, like Gecko) Chrome/109.0.0.0 Safari/537.36"
46.206.243.80 - - [27/Apr/2023:15:19:32 +0200] "GET /gui/javascript/form_form.js?1682601572 HTTP/1.1" 200 16206 "http://hausegger.activities.at/entry.php?id=10271&&ser=601511" "Mozilla/5.0 (Windows NT 10.0; Win64; x64) AppleWebKit/537.36 (KHTML, like Gecko) Chrome/109.0.0.0 Safari/537.36"
178.115.38.149 - - [27/Apr/2023:15:19:58 +0200] "GET /entry.php?id=10271&&ser=601538 HTTP/1.1" 200 987 "http://hausegger.activities.at/entry.php?id=10271&&ser=601477" "Mozilla/5.0 (Windows NT 10.0; Win64; x64; rv:109.0) Gecko/20100101 Firefox/112.0"
178.115.38.149 - - [27/Apr/2023:15:19:58 +0200] "GET /gui/javascript/form_form.js?1682601598 HTTP/1.1" 200 16206 "http://hausegger.activities.at/entry.php?id=10271&&ser=601538" "Mozilla/5.0 (Windows NT 10.0; Win64; x64; rv:109.0) Gecko/20100101 Firefox/112.0"
178.115.38.149 - - [27/Apr/2023:15:20:06 +0200] "GET /entry.php?id=10271&&ser=601545 HTTP/1.1" 200 987 "http://hausegger.activities.at/entry.php?id=10271&&ser=601484" "Mozilla/5.0 (Windows NT 10.0; Win64; x64) AppleWebKit/537.36 (KHTML, like Gecko) Chrome/112.0.0.0 Safari/537.36"
178.115.38.149 - - [27/Apr/2023:15:20:07 +0200] "GET /gui/javascript/form_form.js?1682601606 HTTP/1.1" 200 16206 "http://hausegger.activities.at/entry.php?id=10271&&ser=601545" "Mozilla/5.0 (Windows NT 10.0; Win64; x64) AppleWebKit/537.36 (KHTML, like Gecko) Chrome/112.0.0.0 Safari/537.36"
46.206.243.80 - - [27/Apr/2023:15:20:33 +0200] "GET /entry.php?id=10271&&ser=601572 HTTP/1.1" 200 987 "http://hausegger.activities.at/entry.php?id=10271&&ser=601511" "Mozilla/5.0 (Windows NT 10.0; Win64; x64) AppleWebKit/537.36 (KHTML, like Gecko) Chrome/109.0.0.0 Safari/537.36"
46.206.243.80 - - [27/Apr/2023:15:20:33 +0200] "GET /gui/javascript/form_form.js?1682601633 HTTP/1.1" 200 16206 "http://hausegger.activities.at/entry.php?id=10271&&ser=601572" "Mozilla/5.0 (Windows NT 10.0; Win64; x64) AppleWebKit/537.36 (KHTML, like Gecko) Chrome/109.0.0.0 Safari/537.36"
178.115.38.149 - - [27/Apr/2023:15:20:59 +0200] "GET /entry.php?id=10271&&ser=601598 HTTP/1.1" 200 987 "http://hausegger.activities.at/entry.php?id=10271&&ser=601538" "Mozilla/5.0 (Windows NT 10.0; Win64; x64; rv:109.0) Gecko/20100101 Firefox/112.0"
178.115.38.149 - - [27/Apr/2023:15:20:59 +0200] "GET /gui/javascript/form_form.js?1682601659 HTTP/1.1" 200 16206 "http://hausegger.activities.at/entry.php?id=10271&&ser=601598" "Mozilla/5.0 (Windows NT 10.0; Win64; x64; rv:109.0) Gecko/20100101 Firefox/112.0"
178.115.38.149 - - [27/Apr/2023:15:21:07 +0200] "GET /entry.php?id=10271&&ser=601606 HTTP/1.1" 200 987 "http://hausegger.activities.at/entry.php?id=10271&&ser=601545" "Mozilla/5.0 (Windows NT 10.0; Win64; x64) AppleWebKit/537.36 (KHTML, like Gecko) Chrome/112.0.0.0 Safari/537.36"
178.115.38.149 - - [27/Apr/2023:15:21:07 +0200] "GET /gui/javascript/form_form.js?1682601667 HTTP/1.1" 200 16206 "http://hausegger.activities.at/entry.php?id=10271&&ser=601606" "Mozilla/5.0 (Windows NT 10.0; Win64; x64) AppleWebKit/537.36 (KHTML, like Gecko) Chrome/112.0.0.0 Safari/537.36"
46.206.243.80 - - [27/Apr/2023:15:21:34 +0200] "GET /entry.php?id=10271&&ser=601633 HTTP/1.1" 200 987 "http://hausegger.activities.at/entry.php?id=10271&&ser=601572" "Mozilla/5.0 (Windows NT 10.0; Win64; x64) AppleWebKit/537.36 (KHTML, like Gecko) Chrome/109.0.0.0 Safari/537.36"
46.206.243.80 - - [27/Apr/2023:15:21:34 +0200] "GET /gui/javascript/form_form.js?1682601694 HTTP/1.1" 200 16206 "http://hausegger.activities.at/entry.php?id=10271&&ser=601633" "Mozilla/5.0 (Windows NT 10.0; Win64; x64) AppleWebKit/537.36 (KHTML, like Gecko) Chrome/109.0.0.0 Safari/537.36"
178.115.38.149 - - [27/Apr/2023:15:21:59 +0200] "GET /entry.php?id=10271&&ser=601659 HTTP/1.1" 200 987 "http://hausegger.activities.at/entry.php?id=10271&&ser=601598" "Mozilla/5.0 (Windows NT 10.0; Win64; x64; rv:109.0) Gecko/20100101 Firefox/112.0"
178.115.38.149 - - [27/Apr/2023:15:21:59 +0200] "GET /gui/javascript/form_form.js?1682601719 HTTP/1.1" 200 16206 "http://hausegger.activities.at/entry.php?id=10271&&ser=601659" "Mozilla/5.0 (Windows NT 10.0; Win64; x64; rv:109.0) Gecko/20100101 Firefox/112.0"
178.115.38.149 - - [27/Apr/2023:15:22:08 +0200] "GET /entry.php?id=10271&&ser=601667 HTTP/1.1" 200 987 "http://hausegger.activities.at/entry.php?id=10271&&ser=601606" "Mozilla/5.0 (Windows NT 10.0; Win64; x64) AppleWebKit/537.36 (KHTML, like Gecko) Chrome/112.0.0.0 Safari/537.36"
178.115.38.149 - - [27/Apr/2023:15:22:08 +0200] "GET /gui/javascript/form_form.js?1682601728 HTTP/1.1" 200 16206 "http://hausegger.activities.at/entry.php?id=10271&&ser=601667" "Mozilla/5.0 (Windows NT 10.0; Win64; x64) AppleWebKit/537.36 (KHTML, like Gecko) Chrome/112.0.0.0 Safari/537.36"
46.206.243.80 - - [27/Apr/2023:15:22:35 +0200] "GET /entry.php?id=10271&&ser=601694 HTTP/1.1" 200 987 "http://hausegger.activities.at/entry.php?id=10271&&ser=601633" "Mozilla/5.0 (Windows NT 10.0; Win64; x64) AppleWebKit/537.36 (KHTML, like Gecko) Chrome/109.0.0.0 Safari/537.36"
46.206.243.80 - - [27/Apr/2023:15:22:35 +0200] "GET /gui/javascript/form_form.js?1682601755 HTTP/1.1" 200 16206 "http://hausegger.activities.at/entry.php?id=10271&&ser=601694" "Mozilla/5.0 (Windows NT 10.0; Win64; x64) AppleWebKit/537.36 (KHTML, like Gecko) Chrome/109.0.0.0 Safari/537.36"
178.115.38.149 - - [27/Apr/2023:15:22:59 +0200] "GET /entry.php?id=10271&&ser=601719 HTTP/1.1" 200 986 "http://hausegger.activities.at/entry.php?id=10271&&ser=601659" "Mozilla/5.0 (Windows NT 10.0; Win64; x64; rv:109.0) Gecko/20100101 Firefox/112.0"
178.115.38.149 - - [27/Apr/2023:15:23:00 +0200] "GET /gui/javascript/form_form.js?1682601780 HTTP/1.1" 200 16206 "http://hausegger.activities.at/entry.php?id=10271&&ser=601719" "Mozilla/5.0 (Windows NT 10.0; Win64; x64; rv:109.0) Gecko/20100101 Firefox/112.0"
178.115.38.149 - - [27/Apr/2023:15:23:09 +0200] "GET /entry.php?id=10271&&ser=601728 HTTP/1.1" 200 987 "http://hausegger.activities.at/entry.php?id=10271&&ser=601667" "Mozilla/5.0 (Windows NT 10.0; Win64; x64) AppleWebKit/537.36 (KHTML, like Gecko) Chrome/112.0.0.0 Safari/537.36"
178.115.38.149 - - [27/Apr/2023:15:23:09 +0200] "GET /gui/javascript/form_form.js?1682601789 HTTP/1.1" 200 16206 "http://hausegger.activities.at/entry.php?id=10271&&ser=601728" "Mozilla/5.0 (Windows NT 10.0; Win64; x64) AppleWebKit/537.36 (KHTML, like Gecko) Chrome/112.0.0.0 Safari/537.36"
46.206.243.80 - - [27/Apr/2023:15:23:36 +0200] "GET /entry.php?id=10271&&ser=601755 HTTP/1.1" 200 986 "http://hausegger.activities.at/entry.php?id=10271&&ser=601694" "Mozilla/5.0 (Windows NT 10.0; Win64; x64) AppleWebKit/537.36 (KHTML, like Gecko) Chrome/109.0.0.0 Safari/537.36"
46.206.243.80 - - [27/Apr/2023:15:23:36 +0200] "GET /gui/javascript/form_form.js?1682601816 HTTP/1.1" 200 16206 "http://hausegger.activities.at/entry.php?id=10271&&ser=601755" "Mozilla/5.0 (Windows NT 10.0; Win64; x64) AppleWebKit/537.36 (KHTML, like Gecko) Chrome/109.0.0.0 Safari/537.36"
178.115.38.149 - - [27/Apr/2023:15:24:00 +0200] "GET /entry.php?id=10271&&ser=601780 HTTP/1.1" 200 986 "http://hausegger.activities.at/entry.php?id=10271&&ser=601719" "Mozilla/5.0 (Windows NT 10.0; Win64; x64; rv:109.0) Gecko/20100101 Firefox/112.0"
178.115.38.149 - - [27/Apr/2023:15:24:00 +0200] "GET /gui/javascript/form_form.js?1682601840 HTTP/1.1" 200 16206 "http://hausegger.activities.at/entry.php?id=10271&&ser=601780" "Mozilla/5.0 (Windows NT 10.0; Win64; x64; rv:109.0) Gecko/20100101 Firefox/112.0"
178.115.38.149 - - [27/Apr/2023:15:24:10 +0200] "GET /entry.php?id=10271&&ser=601789 HTTP/1.1" 200 986 "http://hausegger.activities.at/entry.php?id=10271&&ser=601728" "Mozilla/5.0 (Windows NT 10.0; Win64; x64) AppleWebKit/537.36 (KHTML, like Gecko) Chrome/112.0.0.0 Safari/537.36"
178.115.38.149 - - [27/Apr/2023:15:24:10 +0200] "GET /gui/javascript/form_form.js?1682601850 HTTP/1.1" 200 16206 "http://hausegger.activities.at/entry.php?id=10271&&ser=601789" "Mozilla/5.0 (Windows NT 10.0; Win64; x64) AppleWebKit/537.36 (KHTML, like Gecko) Chrome/112.0.0.0 Safari/537.36"
46.206.243.80 - - [27/Apr/2023:15:24:37 +0200] "GET /entry.php?id=10271&&ser=601816 HTTP/1.1" 200 986 "http://hausegger.activities.at/entry.php?id=10271&&ser=601755" "Mozilla/5.0 (Windows NT 10.0; Win64; x64) AppleWebKit/537.36 (KHTML, like Gecko) Chrome/109.0.0.0 Safari/537.36"
46.206.243.80 - - [27/Apr/2023:15:24:37 +0200] "GET /gui/javascript/form_form.js?1682601877 HTTP/1.1" 200 16206 "http://hausegger.activities.at/entry.php?id=10271&&ser=601816" "Mozilla/5.0 (Windows NT 10.0; Win64; x64) AppleWebKit/537.36 (KHTML, like Gecko) Chrome/109.0.0.0 Safari/537.36"
178.115.38.149 - - [27/Apr/2023:15:25:00 +0200] "GET /entry.php?id=10271&&ser=601840 HTTP/1.1" 200 986 "http://hausegger.activities.at/entry.php?id=10271&&ser=601780" "Mozilla/5.0 (Windows NT 10.0; Win64; x64; rv:109.0) Gecko/20100101 Firefox/112.0"
178.115.38.149 - - [27/Apr/2023:15:25:01 +0200] "GET /gui/javascript/form_form.js?1682601901 HTTP/1.1" 200 16206 "http://hausegger.activities.at/entry.php?id=10271&&ser=601840" "Mozilla/5.0 (Windows NT 10.0; Win64; x64; rv:109.0) Gecko/20100101 Firefox/112.0"
178.115.38.149 - - [27/Apr/2023:15:25:11 +0200] "GET /entry.php?id=10271&&ser=601850 HTTP/1.1" 200 986 "http://hausegger.activities.at/entry.php?id=10271&&ser=601789" "Mozilla/5.0 (Windows NT 10.0; Win64; x64) AppleWebKit/537.36 (KHTML, like Gecko) Chrome/112.0.0.0 Safari/537.36"
178.115.38.149 - - [27/Apr/2023:15:25:11 +0200] "GET /gui/javascript/form_form.js?1682601911 HTTP/1.1" 200 16206 "http://hausegger.activities.at/entry.php?id=10271&&ser=601850" "Mozilla/5.0 (Windows NT 10.0; Win64; x64) AppleWebKit/537.36 (KHTML, like Gecko) Chrome/112.0.0.0 Safari/537.36"
46.206.243.80 - - [27/Apr/2023:15:25:38 +0200] "GET /entry.php?id=10271&&ser=601877 HTTP/1.1" 200 987 "http://hausegger.activities.at/entry.php?id=10271&&ser=601816" "Mozilla/5.0 (Windows NT 10.0; Win64; x64) AppleWebKit/537.36 (KHTML, like Gecko) Chrome/109.0.0.0 Safari/537.36"
46.206.243.80 - - [27/Apr/2023:15:25:38 +0200] "GET /gui/javascript/form_form.js?1682601938 HTTP/1.1" 200 16206 "http://hausegger.activities.at/entry.php?id=10271&&ser=601877" "Mozilla/5.0 (Windows NT 10.0; Win64; x64) AppleWebKit/537.36 (KHTML, like Gecko) Chrome/109.0.0.0 Safari/537.36"
178.115.38.149 - - [27/Apr/2023:15:26:01 +0200] "GET /entry.php?id=10271&&ser=601901 HTTP/1.1" 200 986 "http://hausegger.activities.at/entry.php?id=10271&&ser=601840" "Mozilla/5.0 (Windows NT 10.0; Win64; x64; rv:109.0) Gecko/20100101 Firefox/112.0"
178.115.38.149 - - [27/Apr/2023:15:26:01 +0200] "GET /gui/javascript/form_form.js?1682601961 HTTP/1.1" 200 16206 "http://hausegger.activities.at/entry.php?id=10271&&ser=601901" "Mozilla/5.0 (Windows NT 10.0; Win64; x64; rv:109.0) Gecko/20100101 Firefox/112.0"
178.115.38.149 - - [27/Apr/2023:15:26:12 +0200] "GET /entry.php?id=10271&&ser=601911 HTTP/1.1" 200 987 "http://hausegger.activities.at/entry.php?id=10271&&ser=601850" "Mozilla/5.0 (Windows NT 10.0; Win64; x64) AppleWebKit/537.36 (KHTML, like Gecko) Chrome/112.0.0.0 Safari/537.36"
178.115.38.149 - - [27/Apr/2023:15:26:12 +0200] "GET /gui/javascript/form_form.js?1682601972 HTTP/1.1" 200 16206 "http://hausegger.activities.at/entry.php?id=10271&&ser=601911" "Mozilla/5.0 (Windows NT 10.0; Win64; x64) AppleWebKit/537.36 (KHTML, like Gecko) Chrome/112.0.0.0 Safari/537.36"
46.206.243.80 - - [27/Apr/2023:15:26:39 +0200] "GET /entry.php?id=10271&&ser=601938 HTTP/1.1" 200 987 "http://hausegger.activities.at/entry.php?id=10271&&ser=601877" "Mozilla/5.0 (Windows NT 10.0; Win64; x64) AppleWebKit/537.36 (KHTML, like Gecko) Chrome/109.0.0.0 Safari/537.36"
46.206.243.80 - - [27/Apr/2023:15:26:39 +0200] "GET /gui/javascript/form_form.js?1682601999 HTTP/1.1" 200 16206 "http://hausegger.activities.at/entry.php?id=10271&&ser=601938" "Mozilla/5.0 (Windows NT 10.0; Win64; x64) AppleWebKit/537.36 (KHTML, like Gecko) Chrome/109.0.0.0 Safari/537.36"
178.115.38.149 - - [27/Apr/2023:15:27:01 +0200] "GET /entry.php?id=10271&&ser=601961 HTTP/1.1" 200 985 "http://hausegger.activities.at/entry.php?id=10271&&ser=601901" "Mozilla/5.0 (Windows NT 10.0; Win64; x64; rv:109.0) Gecko/20100101 Firefox/112.0"
178.115.38.149 - - [27/Apr/2023:15:27:01 +0200] "GET /gui/javascript/form_form.js?1682602021 HTTP/1.1" 200 16206 "http://hausegger.activities.at/entry.php?id=10271&&ser=601961" "Mozilla/5.0 (Windows NT 10.0; Win64; x64; rv:109.0) Gecko/20100101 Firefox/112.0"
178.115.38.149 - - [27/Apr/2023:15:27:13 +0200] "GET /entry.php?id=10271&&ser=601972 HTTP/1.1" 200 986 "http://hausegger.activities.at/entry.php?id=10271&&ser=601911" "Mozilla/5.0 (Windows NT 10.0; Win64; x64) AppleWebKit/537.36 (KHTML, like Gecko) Chrome/112.0.0.0 Safari/537.36"
178.115.38.149 - - [27/Apr/2023:15:27:13 +0200] "GET /gui/javascript/form_form.js?1682602033 HTTP/1.1" 200 16206 "http://hausegger.activities.at/entry.php?id=10271&&ser=601972" "Mozilla/5.0 (Windows NT 10.0; Win64; x64) AppleWebKit/537.36 (KHTML, like Gecko) Chrome/112.0.0.0 Safari/537.36"
46.206.243.80 - - [27/Apr/2023:15:27:40 +0200] "GET /entry.php?id=10271&&ser=601999 HTTP/1.1" 200 985 "http://hausegger.activities.at/entry.php?id=10271&&ser=601938" "Mozilla/5.0 (Windows NT 10.0; Win64; x64) AppleWebKit/537.36 (KHTML, like Gecko) Chrome/109.0.0.0 Safari/537.36"
46.206.243.80 - - [27/Apr/2023:15:27:40 +0200] "GET /gui/javascript/form_form.js?1682602060 HTTP/1.1" 200 16206 "http://hausegger.activities.at/entry.php?id=10271&&ser=601999" "Mozilla/5.0 (Windows NT 10.0; Win64; x64) AppleWebKit/537.36 (KHTML, like Gecko) Chrome/109.0.0.0 Safari/537.36"
178.115.38.149 - - [27/Apr/2023:15:28:02 +0200] "GET /entry.php?id=10271&&ser=602021 HTTP/1.1" 200 986 "http://hausegger.activities.at/entry.php?id=10271&&ser=601961" "Mozilla/5.0 (Windows NT 10.0; Win64; x64; rv:109.0) Gecko/20100101 Firefox/112.0"
178.115.38.149 - - [27/Apr/2023:15:28:02 +0200] "GET /gui/javascript/form_form.js?1682602082 HTTP/1.1" 200 16206 "http://hausegger.activities.at/entry.php?id=10271&&ser=602021" "Mozilla/5.0 (Windows NT 10.0; Win64; x64; rv:109.0) Gecko/20100101 Firefox/112.0"
178.115.38.149 - - [27/Apr/2023:15:28:14 +0200] "GET /entry.php?id=10271&&ser=602033 HTTP/1.1" 200 986 "http://hausegger.activities.at/entry.php?id=10271&&ser=601972" "Mozilla/5.0 (Windows NT 10.0; Win64; x64) AppleWebKit/537.36 (KHTML, like Gecko) Chrome/112.0.0.0 Safari/537.36"
178.115.38.149 - - [27/Apr/2023:15:28:14 +0200] "GET /gui/javascript/form_form.js?1682602094 HTTP/1.1" 200 16206 "http://hausegger.activities.at/entry.php?id=10271&&ser=602033" "Mozilla/5.0 (Windows NT 10.0; Win64; x64) AppleWebKit/537.36 (KHTML, like Gecko) Chrome/112.0.0.0 Safari/537.36"
46.206.243.80 - - [27/Apr/2023:15:28:41 +0200] "GET /entry.php?id=10271&&ser=602060 HTTP/1.1" 200 986 "http://hausegger.activities.at/entry.php?id=10271&&ser=601999" "Mozilla/5.0 (Windows NT 10.0; Win64; x64) AppleWebKit/537.36 (KHTML, like Gecko) Chrome/109.0.0.0 Safari/537.36"
46.206.243.80 - - [27/Apr/2023:15:28:41 +0200] "GET /gui/javascript/form_form.js?1682602121 HTTP/1.1" 200 16206 "http://hausegger.activities.at/entry.php?id=10271&&ser=602060" "Mozilla/5.0 (Windows NT 10.0; Win64; x64) AppleWebKit/537.36 (KHTML, like Gecko) Chrome/109.0.0.0 Safari/537.36"
178.115.38.149 - - [27/Apr/2023:15:29:02 +0200] "GET /entry.php?id=10271&&ser=602082 HTTP/1.1" 200 986 "http://hausegger.activities.at/entry.php?id=10271&&ser=602021" "Mozilla/5.0 (Windows NT 10.0; Win64; x64; rv:109.0) Gecko/20100101 Firefox/112.0"
178.115.38.149 - - [27/Apr/2023:15:29:02 +0200] "GET /gui/javascript/form_form.js?1682602142 HTTP/1.1" 200 16206 "http://hausegger.activities.at/entry.php?id=10271&&ser=602082" "Mozilla/5.0 (Windows NT 10.0; Win64; x64; rv:109.0) Gecko/20100101 Firefox/112.0"
178.115.38.149 - - [27/Apr/2023:15:29:15 +0200] "GET /entry.php?id=10271&&ser=602094 HTTP/1.1" 200 986 "http://hausegger.activities.at/entry.php?id=10271&&ser=602033" "Mozilla/5.0 (Windows NT 10.0; Win64; x64) AppleWebKit/537.36 (KHTML, like Gecko) Chrome/112.0.0.0 Safari/537.36"
178.115.38.149 - - [27/Apr/2023:15:29:15 +0200] "GET /gui/javascript/form_form.js?1682602155 HTTP/1.1" 200 16206 "http://hausegger.activities.at/entry.php?id=10271&&ser=602094" "Mozilla/5.0 (Windows NT 10.0; Win64; x64) AppleWebKit/537.36 (KHTML, like Gecko) Chrome/112.0.0.0 Safari/537.36"
46.206.243.80 - - [27/Apr/2023:15:29:42 +0200] "GET /entry.php?id=10271&&ser=602121 HTTP/1.1" 200 985 "http://hausegger.activities.at/entry.php?id=10271&&ser=602060" "Mozilla/5.0 (Windows NT 10.0; Win64; x64) AppleWebKit/537.36 (KHTML, like Gecko) Chrome/109.0.0.0 Safari/537.36"
46.206.243.80 - - [27/Apr/2023:15:29:42 +0200] "GET /gui/javascript/form_form.js?1682602182 HTTP/1.1" 200 16206 "http://hausegger.activities.at/entry.php?id=10271&&ser=602121" "Mozilla/5.0 (Windows NT 10.0; Win64; x64) AppleWebKit/537.36 (KHTML, like Gecko) Chrome/109.0.0.0 Safari/537.36"
178.115.38.149 - - [27/Apr/2023:15:30:03 +0200] "GET /entry.php?id=10271&&ser=602142 HTTP/1.1" 200 986 "http://hausegger.activities.at/entry.php?id=10271&&ser=602082" "Mozilla/5.0 (Windows NT 10.0; Win64; x64; rv:109.0) Gecko/20100101 Firefox/112.0"
178.115.38.149 - - [27/Apr/2023:15:30:03 +0200] "GET /gui/javascript/form_form.js?1682602203 HTTP/1.1" 200 16206 "http://hausegger.activities.at/entry.php?id=10271&&ser=602142" "Mozilla/5.0 (Windows NT 10.0; Win64; x64; rv:109.0) Gecko/20100101 Firefox/112.0"
178.115.38.149 - - [27/Apr/2023:15:30:16 +0200] "GET /entry.php?id=10271&&ser=602155 HTTP/1.1" 200 986 "http://hausegger.activities.at/entry.php?id=10271&&ser=602094" "Mozilla/5.0 (Windows NT 10.0; Win64; x64) AppleWebKit/537.36 (KHTML, like Gecko) Chrome/112.0.0.0 Safari/537.36"
178.115.38.149 - - [27/Apr/2023:15:30:17 +0200] "GET /gui/javascript/form_form.js?1682602216 HTTP/1.1" 200 16206 "http://hausegger.activities.at/entry.php?id=10271&&ser=602155" "Mozilla/5.0 (Windows NT 10.0; Win64; x64) AppleWebKit/537.36 (KHTML, like Gecko) Chrome/112.0.0.0 Safari/537.36"
46.206.243.80 - - [27/Apr/2023:15:30:43 +0200] "GET /entry.php?id=10271&&ser=602182 HTTP/1.1" 200 987 "http://hausegger.activities.at/entry.php?id=10271&&ser=602121" "Mozilla/5.0 (Windows NT 10.0; Win64; x64) AppleWebKit/537.36 (KHTML, like Gecko) Chrome/109.0.0.0 Safari/537.36"
46.206.243.80 - - [27/Apr/2023:15:30:43 +0200] "GET /gui/javascript/form_form.js?1682602243 HTTP/1.1" 200 16206 "http://hausegger.activities.at/entry.php?id=10271&&ser=602182" "Mozilla/5.0 (Windows NT 10.0; Win64; x64) AppleWebKit/537.36 (KHTML, like Gecko) Chrome/109.0.0.0 Safari/537.36"
178.115.38.149 - - [27/Apr/2023:15:31:03 +0200] "GET /entry.php?id=10271&&ser=602203 HTTP/1.1" 200 987 "http://hausegger.activities.at/entry.php?id=10271&&ser=602142" "Mozilla/5.0 (Windows NT 10.0; Win64; x64; rv:109.0) Gecko/20100101 Firefox/112.0"
178.115.38.149 - - [27/Apr/2023:15:31:03 +0200] "GET /gui/javascript/form_form.js?1682602263 HTTP/1.1" 200 16206 "http://hausegger.activities.at/entry.php?id=10271&&ser=602203" "Mozilla/5.0 (Windows NT 10.0; Win64; x64; rv:109.0) Gecko/20100101 Firefox/112.0"
178.115.38.149 - - [27/Apr/2023:15:31:17 +0200] "GET /entry.php?id=10271&&ser=602216 HTTP/1.1" 200 987 "http://hausegger.activities.at/entry.php?id=10271&&ser=602155" "Mozilla/5.0 (Windows NT 10.0; Win64; x64) AppleWebKit/537.36 (KHTML, like Gecko) Chrome/112.0.0.0 Safari/537.36"
178.115.38.149 - - [27/Apr/2023:15:31:17 +0200] "GET /gui/javascript/form_form.js?1682602277 HTTP/1.1" 200 16206 "http://hausegger.activities.at/entry.php?id=10271&&ser=602216" "Mozilla/5.0 (Windows NT 10.0; Win64; x64) AppleWebKit/537.36 (KHTML, like Gecko) Chrome/112.0.0.0 Safari/537.36"
46.206.243.80 - - [27/Apr/2023:15:31:44 +0200] "GET /entry.php?id=10271&&ser=602243 HTTP/1.1" 200 986 "http://hausegger.activities.at/entry.php?id=10271&&ser=602182" "Mozilla/5.0 (Windows NT 10.0; Win64; x64) AppleWebKit/537.36 (KHTML, like Gecko) Chrome/109.0.0.0 Safari/537.36"
46.206.243.80 - - [27/Apr/2023:15:31:44 +0200] "GET /gui/javascript/form_form.js?1682602304 HTTP/1.1" 200 16206 "http://hausegger.activities.at/entry.php?id=10271&&ser=602243" "Mozilla/5.0 (Windows NT 10.0; Win64; x64) AppleWebKit/537.36 (KHTML, like Gecko) Chrome/109.0.0.0 Safari/537.36"
178.115.38.149 - - [27/Apr/2023:15:32:03 +0200] "GET /entry.php?id=10271&&ser=602263 HTTP/1.1" 200 986 "http://hausegger.activities.at/entry.php?id=10271&&ser=602203" "Mozilla/5.0 (Windows NT 10.0; Win64; x64; rv:109.0) Gecko/20100101 Firefox/112.0"
178.115.38.149 - - [27/Apr/2023:15:32:04 +0200] "GET /gui/javascript/form_form.js?1682602324 HTTP/1.1" 200 16206 "http://hausegger.activities.at/entry.php?id=10271&&ser=602263" "Mozilla/5.0 (Windows NT 10.0; Win64; x64; rv:109.0) Gecko/20100101 Firefox/112.0"
178.115.38.149 - - [27/Apr/2023:15:32:18 +0200] "GET /entry.php?id=10271&&ser=602277 HTTP/1.1" 200 986 "http://hausegger.activities.at/entry.php?id=10271&&ser=602216" "Mozilla/5.0 (Windows NT 10.0; Win64; x64) AppleWebKit/537.36 (KHTML, like Gecko) Chrome/112.0.0.0 Safari/537.36"
178.115.38.149 - - [27/Apr/2023:15:32:18 +0200] "GET /gui/javascript/form_form.js?1682602338 HTTP/1.1" 200 16206 "http://hausegger.activities.at/entry.php?id=10271&&ser=602277" "Mozilla/5.0 (Windows NT 10.0; Win64; x64) AppleWebKit/537.36 (KHTML, like Gecko) Chrome/112.0.0.0 Safari/537.36"
46.206.243.80 - - [27/Apr/2023:15:32:45 +0200] "GET /entry.php?id=10271&&ser=602304 HTTP/1.1" 200 986 "http://hausegger.activities.at/entry.php?id=10271&&ser=602243" "Mozilla/5.0 (Windows NT 10.0; Win64; x64) AppleWebKit/537.36 (KHTML, like Gecko) Chrome/109.0.0.0 Safari/537.36"
46.206.243.80 - - [27/Apr/2023:15:32:45 +0200] "GET /gui/javascript/form_form.js?1682602365 HTTP/1.1" 200 16206 "http://hausegger.activities.at/entry.php?id=10271&&ser=602304" "Mozilla/5.0 (Windows NT 10.0; Win64; x64) AppleWebKit/537.36 (KHTML, like Gecko) Chrome/109.0.0.0 Safari/537.36"
178.115.38.149 - - [27/Apr/2023:15:33:04 +0200] "GET /entry.php?id=10271&&ser=602324 HTTP/1.1" 200 986 "http://hausegger.activities.at/entry.php?id=10271&&ser=602263" "Mozilla/5.0 (Windows NT 10.0; Win64; x64; rv:109.0) Gecko/20100101 Firefox/112.0"
178.115.38.149 - - [27/Apr/2023:15:33:04 +0200] "GET /gui/javascript/form_form.js?1682602384 HTTP/1.1" 200 16206 "http://hausegger.activities.at/entry.php?id=10271&&ser=602324" "Mozilla/5.0 (Windows NT 10.0; Win64; x64; rv:109.0) Gecko/20100101 Firefox/112.0"
178.115.38.149 - - [27/Apr/2023:15:33:07 +0200] "GET /entry.php?id=10828 HTTP/1.1" 200 9142 "http://hausegger.activities.at/entry.php?id=10270&__app__=10006038" "Mozilla/5.0 (Windows NT 10.0; Win64; x64; rv:109.0) Gecko/20100101 Firefox/112.0"
178.115.38.149 - - [27/Apr/2023:15:33:07 +0200] "GET /gui/javascript/form_bu_job_processing.js HTTP/1.1" 304 - "http://hausegger.activities.at/entry.php?id=10828" "Mozilla/5.0 (Windows NT 10.0; Win64; x64; rv:109.0) Gecko/20100101 Firefox/112.0"
178.115.38.149 - - [27/Apr/2023:15:33:07 +0200] "GET /gui/javascript/form_form.js?1682602387 HTTP/1.1" 200 16206 "http://hausegger.activities.at/entry.php?id=10828" "Mozilla/5.0 (Windows NT 10.0; Win64; x64; rv:109.0) Gecko/20100101 Firefox/112.0"
178.115.38.149 - - [27/Apr/2023:15:33:07 +0200] "GET /framework/webfx/javascript/popupcalendar/popcalendar.js HTTP/1.1" 304 - "http://hausegger.activities.at/entry.php?id=10828" "Mozilla/5.0 (Windows NT 10.0; Win64; x64; rv:109.0) Gecko/20100101 Firefox/112.0"
178.115.38.149 - - [27/Apr/2023:15:33:07 +0200] "GET /gui/images/icons/disabled_delete.gif HTTP/1.1" 304 - "http://hausegger.activities.at/entry.php?id=10828" "Mozilla/5.0 (Windows NT 10.0; Win64; x64; rv:109.0) Gecko/20100101 Firefox/112.0"
178.115.38.149 - - [27/Apr/2023:15:33:07 +0200] "GET /gui/images/icons/extra.gif HTTP/1.1" 304 - "http://hausegger.activities.at/entry.php?id=10828" "Mozilla/5.0 (Windows NT 10.0; Win64; x64; rv:109.0) Gecko/20100101 Firefox/112.0"
178.115.38.149 - - [27/Apr/2023:15:33:07 +0200] "GET /gui/images/icons/disabled_extra.gif HTTP/1.1" 304 - "http://hausegger.activities.at/entry.php?id=10828" "Mozilla/5.0 (Windows NT 10.0; Win64; x64; rv:109.0) Gecko/20100101 Firefox/112.0"
178.115.38.149 - - [27/Apr/2023:15:33:08 +0200] "GET /framework/icons/popupcalendar/left1.gif HTTP/1.1" 304 - "http://hausegger.activities.at/entry.php?id=10828" "Mozilla/5.0 (Windows NT 10.0; Win64; x64; rv:109.0) Gecko/20100101 Firefox/112.0"
178.115.38.149 - - [27/Apr/2023:15:33:08 +0200] "GET /framework/icons/popupcalendar/right1.gif HTTP/1.1" 304 - "http://hausegger.activities.at/entry.php?id=10828" "Mozilla/5.0 (Windows NT 10.0; Win64; x64; rv:109.0) Gecko/20100101 Firefox/112.0"
178.115.38.149 - - [27/Apr/2023:15:33:08 +0200] "GET /framework/icons/popupcalendar/close.gif HTTP/1.1" 304 - "http://hausegger.activities.at/entry.php?id=10828" "Mozilla/5.0 (Windows NT 10.0; Win64; x64; rv:109.0) Gecko/20100101 Firefox/112.0"
178.115.38.149 - - [27/Apr/2023:15:33:08 +0200] "GET /framework/icons/popupcalendar/drop2.gif HTTP/1.1" 304 - "http://hausegger.activities.at/entry.php?id=10828" "Mozilla/5.0 (Windows NT 10.0; Win64; x64; rv:109.0) Gecko/20100101 Firefox/112.0"
178.115.38.149 - - [27/Apr/2023:15:33:08 +0200] "GET /framework/icons/popupcalendar/left2.gif HTTP/1.1" 304 - "http://hausegger.activities.at/entry.php?id=10828" "Mozilla/5.0 (Windows NT 10.0; Win64; x64; rv:109.0) Gecko/20100101 Firefox/112.0"
178.115.38.149 - - [27/Apr/2023:15:33:08 +0200] "GET /framework/icons/popupcalendar/right2.gif HTTP/1.1" 304 - "http://hausegger.activities.at/entry.php?id=10828" "Mozilla/5.0 (Windows NT 10.0; Win64; x64; rv:109.0) Gecko/20100101 Firefox/112.0"
178.115.38.149 - - [27/Apr/2023:15:33:08 +0200] "GET /framework/icons/popupcalendar/drop1.gif HTTP/1.1" 304 - "http://hausegger.activities.at/entry.php?id=10828" "Mozilla/5.0 (Windows NT 10.0; Win64; x64; rv:109.0) Gecko/20100101 Firefox/112.0"
178.115.38.149 - - [27/Apr/2023:15:33:07 +0200] "GET /entry.php?id=10889&document_id=& HTTP/1.1" 200 1508 "http://hausegger.activities.at/entry.php?id=10828" "Mozilla/5.0 (Windows NT 10.0; Win64; x64; rv:109.0) Gecko/20100101 Firefox/112.0"
178.115.38.149 - - [27/Apr/2023:15:33:08 +0200] "GET /gui/javascript/form_form.js?1682602388 HTTP/1.1" 200 16206 "http://hausegger.activities.at/entry.php?id=10889&document_id=&" "Mozilla/5.0 (Windows NT 10.0; Win64; x64; rv:109.0) Gecko/20100101 Firefox/112.0"
178.115.38.149 - - [27/Apr/2023:15:33:10 +0200] "GET /entry.php?id=11237&type=10665 HTTP/1.1" 200 276 "http://hausegger.activities.at/entry.php?id=10828" "Mozilla/5.0 (Windows NT 10.0; Win64; x64; rv:109.0) Gecko/20100101 Firefox/112.0"
178.115.38.149 - - [27/Apr/2023:15:33:10 +0200] "GET /entry.php?id=11239&mode=document&form=10665& HTTP/1.1" 200 2015 "http://hausegger.activities.at/entry.php?id=11237&type=10665" "Mozilla/5.0 (Windows NT 10.0; Win64; x64; rv:109.0) Gecko/20100101 Firefox/112.0"
178.115.38.149 - - [27/Apr/2023:15:33:10 +0200] "GET /gui/javascript/form_bu_document_workflow.js?1682602390 HTTP/1.1" 200 4900 "http://hausegger.activities.at/entry.php?id=11239&mode=document&form=10665&" "Mozilla/5.0 (Windows NT 10.0; Win64; x64; rv:109.0) Gecko/20100101 Firefox/112.0"
178.115.38.149 - - [27/Apr/2023:15:33:10 +0200] "GET /gui/javascript/form_form.js?1682602390 HTTP/1.1" 200 16206 "http://hausegger.activities.at/entry.php?id=11239&mode=document&form=10665&" "Mozilla/5.0 (Windows NT 10.0; Win64; x64; rv:109.0) Gecko/20100101 Firefox/112.0"
178.115.38.149 - - [27/Apr/2023:15:33:10 +0200] "GET /entry.php?id=10676&&title=Belegsuche HTTP/1.1" 200 1389 "http://hausegger.activities.at/entry.php?id=11237&type=10665" "Mozilla/5.0 (Windows NT 10.0; Win64; x64; rv:109.0) Gecko/20100101 Firefox/112.0"
178.115.38.149 - - [27/Apr/2023:15:33:10 +0200] "GET /gui/javascript/form_form.js?1682602390 HTTP/1.1" 200 16206 "http://hausegger.activities.at/entry.php?id=10676&&title=Belegsuche" "Mozilla/5.0 (Windows NT 10.0; Win64; x64; rv:109.0) Gecko/20100101 Firefox/112.0"
178.115.38.149 - - [27/Apr/2023:15:33:10 +0200] "GET /entry.php?id=11238&mode=document&form=10665& HTTP/1.1" 200 3302 "http://hausegger.activities.at/entry.php?id=11237&type=10665" "Mozilla/5.0 (Windows NT 10.0; Win64; x64; rv:109.0) Gecko/20100101 Firefox/112.0"
178.115.38.149 - - [27/Apr/2023:15:33:10 +0200] "GET /entry.php?id=11240&mode=document&form=10665& HTTP/1.1" 200 2670 "http://hausegger.activities.at/entry.php?id=11237&type=10665" "Mozilla/5.0 (Windows NT 10.0; Win64; x64; rv:109.0) Gecko/20100101 Firefox/112.0"
178.115.38.149 - - [27/Apr/2023:15:33:11 +0200] "GET /gui/javascript/form_bu_document_workflow.js?1682602391 HTTP/1.1" 200 4900 "http://hausegger.activities.at/entry.php?id=11240&mode=document&form=10665&" "Mozilla/5.0 (Windows NT 10.0; Win64; x64; rv:109.0) Gecko/20100101 Firefox/112.0"
178.115.38.149 - - [27/Apr/2023:15:33:11 +0200] "GET /gui/javascript/form_form.js?1682602391 HTTP/1.1" 200 16206 "http://hausegger.activities.at/entry.php?id=11240&mode=document&form=10665&" "Mozilla/5.0 (Windows NT 10.0; Win64; x64; rv:109.0) Gecko/20100101 Firefox/112.0"
178.115.38.149 - - [27/Apr/2023:15:33:11 +0200] "GET /entry.php?id=10776&form=11066&name=list& HTTP/1.1" 200 1513 "http://hausegger.activities.at/entry.php?id=11240&mode=document&form=10665&" "Mozilla/5.0 (Windows NT 10.0; Win64; x64; rv:109.0) Gecko/20100101 Firefox/112.0"
178.115.38.149 - - [27/Apr/2023:15:33:11 +0200] "GET /entry.php?id=10778&form=11066&name=list& HTTP/1.1" 200 2586 "http://hausegger.activities.at/entry.php?id=11240&mode=document&form=10665&" "Mozilla/5.0 (Windows NT 10.0; Win64; x64; rv:109.0) Gecko/20100101 Firefox/112.0"
178.115.38.149 - - [27/Apr/2023:15:33:11 +0200] "POST /entry.php?id=11240 HTTP/1.1" 200 2674 "http://hausegger.activities.at/entry.php?id=11240&mode=document&form=10665&" "Mozilla/5.0 (Windows NT 10.0; Win64; x64; rv:109.0) Gecko/20100101 Firefox/112.0"
178.115.38.149 - - [27/Apr/2023:15:33:12 +0200] "GET /gui/javascript/form_form.js?1682602392 HTTP/1.1" 200 16206 "http://hausegger.activities.at/entry.php?id=11240" "Mozilla/5.0 (Windows NT 10.0; Win64; x64; rv:109.0) Gecko/20100101 Firefox/112.0"
178.115.38.149 - - [27/Apr/2023:15:33:12 +0200] "GET /entry.php?id=10778&form=11066&name=list& HTTP/1.1" 200 3019 "http://hausegger.activities.at/entry.php?id=11240" "Mozilla/5.0 (Windows NT 10.0; Win64; x64; rv:109.0) Gecko/20100101 Firefox/112.0"
178.115.38.149 - - [27/Apr/2023:15:33:12 +0200] "GET /entry.php?id=10776&form=11066&name=list& HTTP/1.1" 200 1513 "http://hausegger.activities.at/entry.php?id=11240" "Mozilla/5.0 (Windows NT 10.0; Win64; x64; rv:109.0) Gecko/20100101 Firefox/112.0"
178.115.38.149 - - [27/Apr/2023:15:33:18 +0200] "POST /entry.php?id=10828 HTTP/1.1" 200 8709 "http://hausegger.activities.at/entry.php?id=10828" "Mozilla/5.0 (Windows NT 10.0; Win64; x64; rv:109.0) Gecko/20100101 Firefox/112.0"
178.115.38.149 - - [27/Apr/2023:15:33:18 +0200] "GET /gui/javascript/form_form.js?1682602398 HTTP/1.1" 200 16206 "http://hausegger.activities.at/entry.php?id=10828" "Mozilla/5.0 (Windows NT 10.0; Win64; x64; rv:109.0) Gecko/20100101 Firefox/112.0"
178.115.38.149 - - [27/Apr/2023:15:33:18 +0200] "GET /gui/images/icons/delete.gif HTTP/1.1" 304 - "http://hausegger.activities.at/entry.php?id=10828" "Mozilla/5.0 (Windows NT 10.0; Win64; x64; rv:109.0) Gecko/20100101 Firefox/112.0"
178.115.38.149 - - [27/Apr/2023:15:33:18 +0200] "GET /entry.php?id=10889&document_id=10322157& HTTP/1.1" 200 1508 "http://hausegger.activities.at/entry.php?id=10828" "Mozilla/5.0 (Windows NT 10.0; Win64; x64; rv:109.0) Gecko/20100101 Firefox/112.0"
178.115.38.149 - - [27/Apr/2023:15:33:19 +0200] "GET /gui/javascript/form_form.js?1682602399 HTTP/1.1" 200 16206 "http://hausegger.activities.at/entry.php?id=10889&document_id=10322157&" "Mozilla/5.0 (Windows NT 10.0; Win64; x64; rv:109.0) Gecko/20100101 Firefox/112.0"
178.115.38.149 - - [27/Apr/2023:15:33:19 +0200] "GET /entry.php?id=10271&&ser=602338 HTTP/1.1" 200 986 "http://hausegger.activities.at/entry.php?id=10271&&ser=602277" "Mozilla/5.0 (Windows NT 10.0; Win64; x64) AppleWebKit/537.36 (KHTML, like Gecko) Chrome/112.0.0.0 Safari/537.36"
178.115.38.149 - - [27/Apr/2023:15:33:19 +0200] "GET /gui/javascript/form_form.js?1682602399 HTTP/1.1" 200 16206 "http://hausegger.activities.at/entry.php?id=10271&&ser=602338" "Mozilla/5.0 (Windows NT 10.0; Win64; x64) AppleWebKit/537.36 (KHTML, like Gecko) Chrome/112.0.0.0 Safari/537.36"
178.115.38.149 - - [27/Apr/2023:15:33:23 +0200] "GET /gui/images/progressbar.gif HTTP/1.1" 200 2157 "http://hausegger.activities.at/entry.php?id=10272" "Mozilla/5.0 (Windows NT 10.0; Win64; x64; rv:109.0) Gecko/20100101 Firefox/112.0"
178.115.38.149 - - [27/Apr/2023:15:33:23 +0200] "POST /entry.php?id=10828 HTTP/1.1" 200 8769 "http://hausegger.activities.at/entry.php?id=10828" "Mozilla/5.0 (Windows NT 10.0; Win64; x64; rv:109.0) Gecko/20100101 Firefox/112.0"
178.115.38.149 - - [27/Apr/2023:15:33:24 +0200] "GET /gui/javascript/form_form.js?1682602404 HTTP/1.1" 200 16206 "http://hausegger.activities.at/entry.php?id=10828" "Mozilla/5.0 (Windows NT 10.0; Win64; x64; rv:109.0) Gecko/20100101 Firefox/112.0"
178.115.38.149 - - [27/Apr/2023:15:33:24 +0200] "GET /entry.php?id=10889&document_id=10322157& HTTP/1.1" 200 1509 "http://hausegger.activities.at/entry.php?id=10828" "Mozilla/5.0 (Windows NT 10.0; Win64; x64; rv:109.0) Gecko/20100101 Firefox/112.0"
178.115.38.149 - - [27/Apr/2023:15:33:27 +0200] "GET /entry.php?id=10831 HTTP/1.1" 200 8822 "http://hausegger.activities.at/entry.php?id=10270&__app__=10006038" "Mozilla/5.0 (Windows NT 10.0; Win64; x64; rv:109.0) Gecko/20100101 Firefox/112.0"
178.115.38.149 - - [27/Apr/2023:15:33:27 +0200] "GET /gui/javascript/form_form.js?1682602407 HTTP/1.1" 200 16206 "http://hausegger.activities.at/entry.php?id=10831" "Mozilla/5.0 (Windows NT 10.0; Win64; x64; rv:109.0) Gecko/20100101 Firefox/112.0"
178.115.38.149 - - [27/Apr/2023:15:33:28 +0200] "GET /entry.php?id=10889&document_id=& HTTP/1.1" 200 1509 "http://hausegger.activities.at/entry.php?id=10831" "Mozilla/5.0 (Windows NT 10.0; Win64; x64; rv:109.0) Gecko/20100101 Firefox/112.0"
178.115.38.149 - - [27/Apr/2023:15:33:28 +0200] "GET /gui/javascript/form_form.js?1682602408 HTTP/1.1" 200 16206 "http://hausegger.activities.at/entry.php?id=10889&document_id=&" "Mozilla/5.0 (Windows NT 10.0; Win64; x64; rv:109.0) Gecko/20100101 Firefox/112.0"
178.115.38.149 - - [27/Apr/2023:15:33:29 +0200] "GET /entry.php?id=11237&type=10668 HTTP/1.1" 200 276 "http://hausegger.activities.at/entry.php?id=10831" "Mozilla/5.0 (Windows NT 10.0; Win64; x64; rv:109.0) Gecko/20100101 Firefox/112.0"
178.115.38.149 - - [27/Apr/2023:15:33:30 +0200] "GET /entry.php?id=10676&&title=Belegsuche HTTP/1.1" 200 1391 "http://hausegger.activities.at/entry.php?id=11237&type=10668" "Mozilla/5.0 (Windows NT 10.0; Win64; x64; rv:109.0) Gecko/20100101 Firefox/112.0"
178.115.38.149 - - [27/Apr/2023:15:33:30 +0200] "GET /gui/javascript/form_form.js?1682602410 HTTP/1.1" 200 16206 "http://hausegger.activities.at/entry.php?id=10676&&title=Belegsuche" "Mozilla/5.0 (Windows NT 10.0; Win64; x64; rv:109.0) Gecko/20100101 Firefox/112.0"
178.115.38.149 - - [27/Apr/2023:15:33:30 +0200] "GET /entry.php?id=11239&mode=document&form=10668& HTTP/1.1" 200 2021 "http://hausegger.activities.at/entry.php?id=11237&type=10668" "Mozilla/5.0 (Windows NT 10.0; Win64; x64; rv:109.0) Gecko/20100101 Firefox/112.0"
178.115.38.149 - - [27/Apr/2023:15:33:30 +0200] "GET /gui/javascript/form_bu_document_workflow.js?1682602410 HTTP/1.1" 200 4900 "http://hausegger.activities.at/entry.php?id=11239&mode=document&form=10668&" "Mozilla/5.0 (Windows NT 10.0; Win64; x64; rv:109.0) Gecko/20100101 Firefox/112.0"
178.115.38.149 - - [27/Apr/2023:15:33:30 +0200] "GET /entry.php?id=11238&mode=document&form=10668& HTTP/1.1" 200 3239 "http://hausegger.activities.at/entry.php?id=11237&type=10668" "Mozilla/5.0 (Windows NT 10.0; Win64; x64; rv:109.0) Gecko/20100101 Firefox/112.0"
178.115.38.149 - - [27/Apr/2023:15:33:30 +0200] "GET /entry.php?id=11240&mode=document&form=10668& HTTP/1.1" 200 2672 "http://hausegger.activities.at/entry.php?id=11237&type=10668" "Mozilla/5.0 (Windows NT 10.0; Win64; x64; rv:109.0) Gecko/20100101 Firefox/112.0"
178.115.38.149 - - [27/Apr/2023:15:33:31 +0200] "GET /entry.php?id=10776&form=11066&name=list& HTTP/1.1" 200 1515 "http://hausegger.activities.at/entry.php?id=11240&mode=document&form=10668&" "Mozilla/5.0 (Windows NT 10.0; Win64; x64; rv:109.0) Gecko/20100101 Firefox/112.0"
178.115.38.149 - - [27/Apr/2023:15:33:31 +0200] "GET /entry.php?id=10778&form=11066&name=list& HTTP/1.1" 200 2588 "http://hausegger.activities.at/entry.php?id=11240&mode=document&form=10668&" "Mozilla/5.0 (Windows NT 10.0; Win64; x64; rv:109.0) Gecko/20100101 Firefox/112.0"
178.115.38.149 - - [27/Apr/2023:15:33:31 +0200] "POST /entry.php?id=11240 HTTP/1.1" 200 2672 "http://hausegger.activities.at/entry.php?id=11240&mode=document&form=10668&" "Mozilla/5.0 (Windows NT 10.0; Win64; x64; rv:109.0) Gecko/20100101 Firefox/112.0"
178.115.38.149 - - [27/Apr/2023:15:33:31 +0200] "GET /gui/javascript/form_bu_document_workflow.js?1682602411 HTTP/1.1" 200 4900 "http://hausegger.activities.at/entry.php?id=11240" "Mozilla/5.0 (Windows NT 10.0; Win64; x64; rv:109.0) Gecko/20100101 Firefox/112.0"
178.115.38.149 - - [27/Apr/2023:15:33:31 +0200] "GET /gui/javascript/form_form.js?1682602411 HTTP/1.1" 200 16206 "http://hausegger.activities.at/entry.php?id=11240" "Mozilla/5.0 (Windows NT 10.0; Win64; x64; rv:109.0) Gecko/20100101 Firefox/112.0"
178.115.38.149 - - [27/Apr/2023:15:33:32 +0200] "GET /entry.php?id=10778&form=11066&name=list& HTTP/1.1" 200 2791 "http://hausegger.activities.at/entry.php?id=11240" "Mozilla/5.0 (Windows NT 10.0; Win64; x64; rv:109.0) Gecko/20100101 Firefox/112.0"
178.115.38.149 - - [27/Apr/2023:15:33:32 +0200] "GET /entry.php?id=10776&form=11066&name=list& HTTP/1.1" 200 1515 "http://hausegger.activities.at/entry.php?id=11240" "Mozilla/5.0 (Windows NT 10.0; Win64; x64; rv:109.0) Gecko/20100101 Firefox/112.0"
178.115.38.149 - - [27/Apr/2023:15:33:35 +0200] "POST /entry.php?id=10831 HTTP/1.1" 200 8324 "http://hausegger.activities.at/entry.php?id=10831" "Mozilla/5.0 (Windows NT 10.0; Win64; x64; rv:109.0) Gecko/20100101 Firefox/112.0"
178.115.38.149 - - [27/Apr/2023:15:33:35 +0200] "GET /gui/javascript/form_form.js?1682602415 HTTP/1.1" 200 16206 "http://hausegger.activities.at/entry.php?id=10831" "Mozilla/5.0 (Windows NT 10.0; Win64; x64; rv:109.0) Gecko/20100101 Firefox/112.0"
178.115.38.149 - - [27/Apr/2023:15:33:35 +0200] "GET /entry.php?id=10889&document_id=10322164& HTTP/1.1" 200 1509 "http://hausegger.activities.at/entry.php?id=10831" "Mozilla/5.0 (Windows NT 10.0; Win64; x64; rv:109.0) Gecko/20100101 Firefox/112.0"
178.115.38.149 - - [27/Apr/2023:15:33:36 +0200] "GET /gui/javascript/form_form.js?1682602416 HTTP/1.1" 200 16206 "http://hausegger.activities.at/entry.php?id=10889&document_id=10322164&" "Mozilla/5.0 (Windows NT 10.0; Win64; x64; rv:109.0) Gecko/20100101 Firefox/112.0"
178.115.38.149 - - [27/Apr/2023:15:33:40 +0200] "POST /entry.php?id=10831 HTTP/1.1" 200 8376 "http://hausegger.activities.at/entry.php?id=10831" "Mozilla/5.0 (Windows NT 10.0; Win64; x64; rv:109.0) Gecko/20100101 Firefox/112.0"
178.115.38.149 - - [27/Apr/2023:15:33:41 +0200] "GET /gui/javascript/form_form.js?1682602421 HTTP/1.1" 200 16206 "http://hausegger.activities.at/entry.php?id=10831" "Mozilla/5.0 (Windows NT 10.0; Win64; x64; rv:109.0) Gecko/20100101 Firefox/112.0"
178.115.38.149 - - [27/Apr/2023:15:33:41 +0200] "GET /entry.php?id=10889&document_id=10322164& HTTP/1.1" 200 1508 "http://hausegger.activities.at/entry.php?id=10831" "Mozilla/5.0 (Windows NT 10.0; Win64; x64; rv:109.0) Gecko/20100101 Firefox/112.0"
46.206.243.80 - - [27/Apr/2023:15:33:46 +0200] "GET /entry.php?id=10271&&ser=602365 HTTP/1.1" 200 987 "http://hausegger.activities.at/entry.php?id=10271&&ser=602304" "Mozilla/5.0 (Windows NT 10.0; Win64; x64) AppleWebKit/537.36 (KHTML, like Gecko) Chrome/109.0.0.0 Safari/537.36"
46.206.243.80 - - [27/Apr/2023:15:33:46 +0200] "GET /gui/javascript/form_form.js?1682602426 HTTP/1.1" 200 16206 "http://hausegger.activities.at/entry.php?id=10271&&ser=602365" "Mozilla/5.0 (Windows NT 10.0; Win64; x64) AppleWebKit/537.36 (KHTML, like Gecko) Chrome/109.0.0.0 Safari/537.36"
178.115.38.149 - - [27/Apr/2023:15:34:04 +0200] "GET /entry.php?id=10271&&ser=602384 HTTP/1.1" 200 987 "http://hausegger.activities.at/entry.php?id=10271&&ser=602324" "Mozilla/5.0 (Windows NT 10.0; Win64; x64; rv:109.0) Gecko/20100101 Firefox/112.0"
178.115.38.149 - - [27/Apr/2023:15:34:04 +0200] "GET /gui/javascript/form_form.js?1682602444 HTTP/1.1" 200 16206 "http://hausegger.activities.at/entry.php?id=10271&&ser=602384" "Mozilla/5.0 (Windows NT 10.0; Win64; x64; rv:109.0) Gecko/20100101 Firefox/112.0"
178.115.38.149 - - [27/Apr/2023:15:34:20 +0200] "GET /entry.php?id=10271&&ser=602399 HTTP/1.1" 200 987 "http://hausegger.activities.at/entry.php?id=10271&&ser=602338" "Mozilla/5.0 (Windows NT 10.0; Win64; x64) AppleWebKit/537.36 (KHTML, like Gecko) Chrome/112.0.0.0 Safari/537.36"
178.115.38.149 - - [27/Apr/2023:15:34:20 +0200] "GET /gui/javascript/form_form.js?1682602460 HTTP/1.1" 200 16206 "http://hausegger.activities.at/entry.php?id=10271&&ser=602399" "Mozilla/5.0 (Windows NT 10.0; Win64; x64) AppleWebKit/537.36 (KHTML, like Gecko) Chrome/112.0.0.0 Safari/537.36"
46.206.243.80 - - [27/Apr/2023:15:34:47 +0200] "GET /entry.php?id=10271&&ser=602426 HTTP/1.1" 200 987 "http://hausegger.activities.at/entry.php?id=10271&&ser=602365" "Mozilla/5.0 (Windows NT 10.0; Win64; x64) AppleWebKit/537.36 (KHTML, like Gecko) Chrome/109.0.0.0 Safari/537.36"
46.206.243.80 - - [27/Apr/2023:15:34:47 +0200] "GET /gui/javascript/form_form.js?1682602487 HTTP/1.1" 200 16206 "http://hausegger.activities.at/entry.php?id=10271&&ser=602426" "Mozilla/5.0 (Windows NT 10.0; Win64; x64) AppleWebKit/537.36 (KHTML, like Gecko) Chrome/109.0.0.0 Safari/537.36"
178.115.38.149 - - [27/Apr/2023:15:35:05 +0200] "GET /entry.php?id=10271&&ser=602444 HTTP/1.1" 200 985 "http://hausegger.activities.at/entry.php?id=10271&&ser=602384" "Mozilla/5.0 (Windows NT 10.0; Win64; x64; rv:109.0) Gecko/20100101 Firefox/112.0"
178.115.38.149 - - [27/Apr/2023:15:35:05 +0200] "GET /gui/javascript/form_form.js?1682602505 HTTP/1.1" 200 16206 "http://hausegger.activities.at/entry.php?id=10271&&ser=602444" "Mozilla/5.0 (Windows NT 10.0; Win64; x64; rv:109.0) Gecko/20100101 Firefox/112.0"
178.115.38.149 - - [27/Apr/2023:15:35:21 +0200] "GET /entry.php?id=10271&&ser=602460 HTTP/1.1" 200 985 "http://hausegger.activities.at/entry.php?id=10271&&ser=602399" "Mozilla/5.0 (Windows NT 10.0; Win64; x64) AppleWebKit/537.36 (KHTML, like Gecko) Chrome/112.0.0.0 Safari/537.36"
178.115.38.149 - - [27/Apr/2023:15:35:21 +0200] "GET /gui/javascript/form_form.js?1682602521 HTTP/1.1" 200 16206 "http://hausegger.activities.at/entry.php?id=10271&&ser=602460" "Mozilla/5.0 (Windows NT 10.0; Win64; x64) AppleWebKit/537.36 (KHTML, like Gecko) Chrome/112.0.0.0 Safari/537.36"
46.206.243.80 - - [27/Apr/2023:15:35:48 +0200] "GET /entry.php?id=10271&&ser=602487 HTTP/1.1" 200 986 "http://hausegger.activities.at/entry.php?id=10271&&ser=602426" "Mozilla/5.0 (Windows NT 10.0; Win64; x64) AppleWebKit/537.36 (KHTML, like Gecko) Chrome/109.0.0.0 Safari/537.36"
46.206.243.80 - - [27/Apr/2023:15:35:48 +0200] "GET /gui/javascript/form_form.js?1682602548 HTTP/1.1" 200 16206 "http://hausegger.activities.at/entry.php?id=10271&&ser=602487" "Mozilla/5.0 (Windows NT 10.0; Win64; x64) AppleWebKit/537.36 (KHTML, like Gecko) Chrome/109.0.0.0 Safari/537.36"
178.115.38.149 - - [27/Apr/2023:15:36:05 +0200] "GET /entry.php?id=10271&&ser=602505 HTTP/1.1" 200 986 "http://hausegger.activities.at/entry.php?id=10271&&ser=602444" "Mozilla/5.0 (Windows NT 10.0; Win64; x64; rv:109.0) Gecko/20100101 Firefox/112.0"
178.115.38.149 - - [27/Apr/2023:15:36:05 +0200] "GET /gui/javascript/form_form.js?1682602565 HTTP/1.1" 200 16206 "http://hausegger.activities.at/entry.php?id=10271&&ser=602505" "Mozilla/5.0 (Windows NT 10.0; Win64; x64; rv:109.0) Gecko/20100101 Firefox/112.0"
178.115.38.149 - - [27/Apr/2023:15:36:22 +0200] "GET /entry.php?id=10271&&ser=602521 HTTP/1.1" 200 986 "http://hausegger.activities.at/entry.php?id=10271&&ser=602460" "Mozilla/5.0 (Windows NT 10.0; Win64; x64) AppleWebKit/537.36 (KHTML, like Gecko) Chrome/112.0.0.0 Safari/537.36"
178.115.38.149 - - [27/Apr/2023:15:36:22 +0200] "GET /gui/javascript/form_form.js?1682602582 HTTP/1.1" 200 16206 "http://hausegger.activities.at/entry.php?id=10271&&ser=602521" "Mozilla/5.0 (Windows NT 10.0; Win64; x64) AppleWebKit/537.36 (KHTML, like Gecko) Chrome/112.0.0.0 Safari/537.36"
46.206.243.80 - - [27/Apr/2023:15:36:49 +0200] "GET /entry.php?id=10271&&ser=602548 HTTP/1.1" 200 986 "http://hausegger.activities.at/entry.php?id=10271&&ser=602487" "Mozilla/5.0 (Windows NT 10.0; Win64; x64) AppleWebKit/537.36 (KHTML, like Gecko) Chrome/109.0.0.0 Safari/537.36"
46.206.243.80 - - [27/Apr/2023:15:36:49 +0200] "GET /gui/javascript/form_form.js?1682602609 HTTP/1.1" 200 16206 "http://hausegger.activities.at/entry.php?id=10271&&ser=602548" "Mozilla/5.0 (Windows NT 10.0; Win64; x64) AppleWebKit/537.36 (KHTML, like Gecko) Chrome/109.0.0.0 Safari/537.36"
178.115.38.149 - - [27/Apr/2023:15:36:57 +0200] "GET /entry.php?id=10712 HTTP/1.1" 200 402 "http://hausegger.activities.at/entry.php?id=10270&__app__=10006038" "Mozilla/5.0 (Windows NT 10.0; Win64; x64; rv:109.0) Gecko/20100101 Firefox/112.0"
