178.115.38.149 - - [27/Apr/2023:15:52:13 +0200] "GET /gui/javascript/form_form.js?1682603533 HTTP/1.1" 200 16206 "http://hausegger.activities.at/entry.php?id=10889" "Mozilla/5.0 (Windows NT 10.0; Win64; x64; rv:109.0) Gecko/20100101 Firefox/112.0"
178.115.38.149 - - [27/Apr/2023:15:52:13 +0200] "GET /entry.php?id=10271&&ser=603472 HTTP/1.1" 200 987 "http://hausegger.activities.at/entry.php?id=10271&&ser=603412" "Mozilla/5.0 (Windows NT 10.0; Win64; x64; rv:109.0) Gecko/20100101 Firefox/112.0"
178.115.38.149 - - [27/Apr/2023:15:52:13 +0200] "GET /gui/javascript/form_form.js?1682603533 HTTP/1.1" 200 16206 "http://hausegger.activities.at/entry.php?id=10271&&ser=603472" "Mozilla/5.0 (Windows NT 10.0; Win64; x64; rv:109.0) Gecko/20100101 Firefox/112.0"
178.115.38.149 - - [27/Apr/2023:15:52:16 +0200] "POST /entry.php?id=10889 HTTP/1.1" 200 1857 "http://hausegger.activities.at/entry.php?id=10889" "Mozilla/5.0 (Windows NT 10.0; Win64; x64; rv:109.0) Gecko/20100101 Firefox/112.0"
178.115.38.149 - - [27/Apr/2023:15:52:16 +0200] "GET /gui/javascript/form_form.js?1682603536 HTTP/1.1" 200 16206 "http://hausegger.activities.at/entry.php?id=10889" "Mozilla/5.0 (Windows NT 10.0; Win64; x64; rv:109.0) Gecko/20100101 Firefox/112.0"
178.115.38.149 - - [27/Apr/2023:15:52:21 +0200] "GET /entry.php?id=10877&mode=loadSearchArticle&obj=article_5&tag=debit&refobject=10322111&value=1&ser=1682603541617 HTTP/1.1" 200 31535 "http://hausegger.activities.at/entry.php?id=10830&&object=10322111&account=&mode=documentdebitor" "Mozilla/5.0 (Windows NT 10.0; Win64; x64; rv:109.0) Gecko/20100101 Firefox/112.0"
178.115.38.149 - - [27/Apr/2023:15:52:22 +0200] "GET /entry.php?id=10877&mode=loadSearchArticle&obj=article_5&tag=debit&refobject=10322111&value=16&ser=1682603541881 HTTP/1.1" 200 3823 "http://hausegger.activities.at/entry.php?id=10830&&object=10322111&account=&mode=documentdebitor" "Mozilla/5.0 (Windows NT 10.0; Win64; x64; rv:109.0) Gecko/20100101 Firefox/112.0"
178.115.38.149 - - [27/Apr/2023:15:52:22 +0200] "GET /entry.php?id=10877&mode=loadSearchArticle&obj=article_5&tag=debit&refobject=10322111&value=164&ser=1682603542192 HTTP/1.1" 200 646 "http://hausegger.activities.at/entry.php?id=10830&&object=10322111&account=&mode=documentdebitor" "Mozilla/5.0 (Windows NT 10.0; Win64; x64; rv:109.0) Gecko/20100101 Firefox/112.0"
178.115.38.149 - - [27/Apr/2023:15:52:23 +0200] "GET /entry.php?id=10877&mode=loadSearchArticle&obj=article_5&tag=debit&refobject=10322111&value=164-&ser=1682603543265 HTTP/1.1" 200 328 "http://hausegger.activities.at/entry.php?id=10830&&object=10322111&account=&mode=documentdebitor" "Mozilla/5.0 (Windows NT 10.0; Win64; x64; rv:109.0) Gecko/20100101 Firefox/112.0"
178.115.38.149 - - [27/Apr/2023:15:52:23 +0200] "GET /entry.php?id=10877&mode=loadSearchArticle&obj=article_5&tag=debit&refobject=10322111&value=164-9&ser=1682603543489 HTTP/1.1" 200 328 "http://hausegger.activities.at/entry.php?id=10830&&object=10322111&account=&mode=documentdebitor" "Mozilla/5.0 (Windows NT 10.0; Win64; x64; rv:109.0) Gecko/20100101 Firefox/112.0"
178.115.38.149 - - [27/Apr/2023:15:52:23 +0200] "GET /entry.php?id=10877&mode=loadSearchArticle&obj=article_5&tag=debit&refobject=10322111&value=164-91&ser=1682603543713 HTTP/1.1" 200 273 "http://hausegger.activities.at/entry.php?id=10830&&object=10322111&account=&mode=documentdebitor" "Mozilla/5.0 (Windows NT 10.0; Win64; x64; rv:109.0) Gecko/20100101 Firefox/112.0"
178.115.38.149 - - [27/Apr/2023:15:52:26 +0200] "POST /entry.php?id=10889 HTTP/1.1" 200 1967 "http://hausegger.activities.at/entry.php?id=10889" "Mozilla/5.0 (Windows NT 10.0; Win64; x64; rv:109.0) Gecko/20100101 Firefox/112.0"
178.115.38.149 - - [27/Apr/2023:15:52:27 +0200] "GET /gui/javascript/form_form.js?1682603546 HTTP/1.1" 200 16206 "http://hausegger.activities.at/entry.php?id=10889" "Mozilla/5.0 (Windows NT 10.0; Win64; x64; rv:109.0) Gecko/20100101 Firefox/112.0"
178.115.38.149 - - [27/Apr/2023:15:52:27 +0200] "POST /entry.php?id=10889 HTTP/1.1" 200 1736 "http://hausegger.activities.at/entry.php?id=10889" "Mozilla/5.0 (Windows NT 10.0; Win64; x64; rv:109.0) Gecko/20100101 Firefox/112.0"
178.115.38.149 - - [27/Apr/2023:15:52:27 +0200] "GET /gui/javascript/form_form.js?1682603547 HTTP/1.1" 200 16206 "http://hausegger.activities.at/entry.php?id=10889" "Mozilla/5.0 (Windows NT 10.0; Win64; x64; rv:109.0) Gecko/20100101 Firefox/112.0"
178.115.38.149 - - [27/Apr/2023:15:52:35 +0200] "POST /entry.php?id=10889 HTTP/1.1" 200 1838 "http://hausegger.activities.at/entry.php?id=10889" "Mozilla/5.0 (Windows NT 10.0; Win64; x64; rv:109.0) Gecko/20100101 Firefox/112.0"
178.115.38.149 - - [27/Apr/2023:15:52:36 +0200] "GET /gui/javascript/form_form.js?1682603556 HTTP/1.1" 200 16206 "http://hausegger.activities.at/entry.php?id=10889" "Mozilla/5.0 (Windows NT 10.0; Win64; x64; rv:109.0) Gecko/20100101 Firefox/112.0"
178.115.38.149 - - [27/Apr/2023:15:52:38 +0200] "GET /entry.php?id=10271&&ser=603497 HTTP/1.1" 200 987 "http://hausegger.activities.at/entry.php?id=10271&&ser=603436" "Mozilla/5.0 (Windows NT 10.0; Win64; x64) AppleWebKit/537.36 (KHTML, like Gecko) Chrome/112.0.0.0 Safari/537.36"
178.115.38.149 - - [27/Apr/2023:15:52:38 +0200] "GET /gui/javascript/form_form.js?1682603558 HTTP/1.1" 200 16206 "http://hausegger.activities.at/entry.php?id=10271&&ser=603497" "Mozilla/5.0 (Windows NT 10.0; Win64; x64) AppleWebKit/537.36 (KHTML, like Gecko) Chrome/112.0.0.0 Safari/537.36"
178.115.38.149 - - [27/Apr/2023:15:52:38 +0200] "POST /entry.php?id=10889 HTTP/1.1" 200 1731 "http://hausegger.activities.at/entry.php?id=10889" "Mozilla/5.0 (Windows NT 10.0; Win64; x64; rv:109.0) Gecko/20100101 Firefox/112.0"
178.115.38.149 - - [27/Apr/2023:15:52:39 +0200] "GET /gui/javascript/form_form.js?1682603559 HTTP/1.1" 200 16206 "http://hausegger.activities.at/entry.php?id=10889" "Mozilla/5.0 (Windows NT 10.0; Win64; x64; rv:109.0) Gecko/20100101 Firefox/112.0"
178.115.38.149 - - [27/Apr/2023:15:52:42 +0200] "POST /entry.php?id=10889 HTTP/1.1" 200 1840 "http://hausegger.activities.at/entry.php?id=10889" "Mozilla/5.0 (Windows NT 10.0; Win64; x64; rv:109.0) Gecko/20100101 Firefox/112.0"
178.115.38.149 - - [27/Apr/2023:15:52:43 +0200] "GET /gui/javascript/form_form.js?1682603563 HTTP/1.1" 200 16206 "http://hausegger.activities.at/entry.php?id=10889" "Mozilla/5.0 (Windows NT 10.0; Win64; x64; rv:109.0) Gecko/20100101 Firefox/112.0"
178.115.38.149 - - [27/Apr/2023:15:52:46 +0200] "GET /entry.php?id=10877&mode=loadSearchArticle&obj=article_6&tag=debit&refobject=10322111&value=2&ser=1682603566049 HTTP/1.1" 200 5450 "http://hausegger.activities.at/entry.php?id=10830&&object=10322111&account=&mode=documentdebitor" "Mozilla/5.0 (Windows NT 10.0; Win64; x64; rv:109.0) Gecko/20100101 Firefox/112.0"
178.115.38.149 - - [27/Apr/2023:15:52:46 +0200] "GET /entry.php?id=10877&mode=loadSearchArticle&obj=article_6&tag=debit&refobject=10322111&value=25&ser=1682603566273 HTTP/1.1" 200 969 "http://hausegger.activities.at/entry.php?id=10830&&object=10322111&account=&mode=documentdebitor" "Mozilla/5.0 (Windows NT 10.0; Win64; x64; rv:109.0) Gecko/20100101 Firefox/112.0"
178.115.38.149 - - [27/Apr/2023:15:52:46 +0200] "GET /entry.php?id=10877&mode=loadSearchArticle&obj=article_6&tag=debit&refobject=10322111&value=256&ser=1682603566481 HTTP/1.1" 200 328 "http://hausegger.activities.at/entry.php?id=10830&&object=10322111&account=&mode=documentdebitor" "Mozilla/5.0 (Windows NT 10.0; Win64; x64; rv:109.0) Gecko/20100101 Firefox/112.0"
178.115.38.149 - - [27/Apr/2023:15:52:46 +0200] "GET /entry.php?id=10877&mode=loadSearchArticle&obj=article_6&tag=debit&refobject=10322111&value=256-&ser=1682603566817 HTTP/1.1" 200 301 "http://hausegger.activities.at/entry.php?id=10830&&object=10322111&account=&mode=documentdebitor" "Mozilla/5.0 (Windows NT 10.0; Win64; x64; rv:109.0) Gecko/20100101 Firefox/112.0"
178.115.38.149 - - [27/Apr/2023:15:52:47 +0200] "GET /entry.php?id=10877&mode=loadSearchArticle&obj=article_6&tag=debit&refobject=10322111&value=256-9&ser=1682603567185 HTTP/1.1" 200 301 "http://hausegger.activities.at/entry.php?id=10830&&object=10322111&account=&mode=documentdebitor" "Mozilla/5.0 (Windows NT 10.0; Win64; x64; rv:109.0) Gecko/20100101 Firefox/112.0"
178.115.38.149 - - [27/Apr/2023:15:52:47 +0200] "GET /entry.php?id=10877&mode=loadSearchArticle&obj=article_6&tag=debit&refobject=10322111&value=256-91&ser=1682603567416 HTTP/1.1" 200 272 "http://hausegger.activities.at/entry.php?id=10830&&object=10322111&account=&mode=documentdebitor" "Mozilla/5.0 (Windows NT 10.0; Win64; x64; rv:109.0) Gecko/20100101 Firefox/112.0"
178.115.38.149 - - [27/Apr/2023:15:52:50 +0200] "POST /entry.php?id=10889 HTTP/1.1" 200 1965 "http://hausegger.activities.at/entry.php?id=10889" "Mozilla/5.0 (Windows NT 10.0; Win64; x64; rv:109.0) Gecko/20100101 Firefox/112.0"
178.115.38.149 - - [27/Apr/2023:15:52:50 +0200] "GET /gui/javascript/form_form.js?1682603570 HTTP/1.1" 200 16206 "http://hausegger.activities.at/entry.php?id=10889" "Mozilla/5.0 (Windows NT 10.0; Win64; x64; rv:109.0) Gecko/20100101 Firefox/112.0"
178.115.38.149 - - [27/Apr/2023:15:52:51 +0200] "POST /entry.php?id=10889 HTTP/1.1" 200 1731 "http://hausegger.activities.at/entry.php?id=10889" "Mozilla/5.0 (Windows NT 10.0; Win64; x64; rv:109.0) Gecko/20100101 Firefox/112.0"
178.115.38.149 - - [27/Apr/2023:15:52:51 +0200] "GET /gui/javascript/form_form.js?1682603571 HTTP/1.1" 200 16206 "http://hausegger.activities.at/entry.php?id=10889" "Mozilla/5.0 (Windows NT 10.0; Win64; x64; rv:109.0) Gecko/20100101 Firefox/112.0"
46.206.243.80 - - [27/Apr/2023:15:53:05 +0200] "GET /entry.php?id=10271&&ser=603524 HTTP/1.1" 200 987 "http://hausegger.activities.at/entry.php?id=10271&&ser=603463" "Mozilla/5.0 (Windows NT 10.0; Win64; x64) AppleWebKit/537.36 (KHTML, like Gecko) Chrome/109.0.0.0 Safari/537.36"
46.206.243.80 - - [27/Apr/2023:15:53:05 +0200] "GET /gui/javascript/form_form.js?1682603585 HTTP/1.1" 200 16206 "http://hausegger.activities.at/entry.php?id=10271&&ser=603524" "Mozilla/5.0 (Windows NT 10.0; Win64; x64) AppleWebKit/537.36 (KHTML, like Gecko) Chrome/109.0.0.0 Safari/537.36"
178.115.38.149 - - [27/Apr/2023:15:53:10 +0200] "POST /entry.php?id=10889 HTTP/1.1" 200 1843 "http://hausegger.activities.at/entry.php?id=10889" "Mozilla/5.0 (Windows NT 10.0; Win64; x64; rv:109.0) Gecko/20100101 Firefox/112.0"
178.115.38.149 - - [27/Apr/2023:15:53:11 +0200] "GET /gui/javascript/form_form.js?1682603591 HTTP/1.1" 200 16206 "http://hausegger.activities.at/entry.php?id=10889" "Mozilla/5.0 (Windows NT 10.0; Win64; x64; rv:109.0) Gecko/20100101 Firefox/112.0"
178.115.38.149 - - [27/Apr/2023:15:53:13 +0200] "GET /entry.php?id=10271&&ser=603533 HTTP/1.1" 200 987 "http://hausegger.activities.at/entry.php?id=10271&&ser=603472" "Mozilla/5.0 (Windows NT 10.0; Win64; x64; rv:109.0) Gecko/20100101 Firefox/112.0"
178.115.38.149 - - [27/Apr/2023:15:53:13 +0200] "GET /gui/javascript/form_form.js?1682603593 HTTP/1.1" 200 16206 "http://hausegger.activities.at/entry.php?id=10271&&ser=603533" "Mozilla/5.0 (Windows NT 10.0; Win64; x64; rv:109.0) Gecko/20100101 Firefox/112.0"
178.115.38.149 - - [27/Apr/2023:15:53:17 +0200] "POST /entry.php?id=10889 HTTP/1.1" 200 1735 "http://hausegger.activities.at/entry.php?id=10889" "Mozilla/5.0 (Windows NT 10.0; Win64; x64; rv:109.0) Gecko/20100101 Firefox/112.0"
178.115.38.149 - - [27/Apr/2023:15:53:17 +0200] "GET /gui/javascript/form_form.js?1682603597 HTTP/1.1" 200 16206 "http://hausegger.activities.at/entry.php?id=10889" "Mozilla/5.0 (Windows NT 10.0; Win64; x64; rv:109.0) Gecko/20100101 Firefox/112.0"
178.115.38.149 - - [27/Apr/2023:15:53:19 +0200] "POST /entry.php?id=10889 HTTP/1.1" 200 1847 "http://hausegger.activities.at/entry.php?id=10889" "Mozilla/5.0 (Windows NT 10.0; Win64; x64; rv:109.0) Gecko/20100101 Firefox/112.0"
178.115.38.149 - - [27/Apr/2023:15:53:20 +0200] "GET /gui/javascript/form_form.js?1682603600 HTTP/1.1" 200 16206 "http://hausegger.activities.at/entry.php?id=10889" "Mozilla/5.0 (Windows NT 10.0; Win64; x64; rv:109.0) Gecko/20100101 Firefox/112.0"
178.115.38.149 - - [27/Apr/2023:15:53:24 +0200] "POST /entry.php?id=10889 HTTP/1.1" 200 1819 "http://hausegger.activities.at/entry.php?id=10889" "Mozilla/5.0 (Windows NT 10.0; Win64; x64; rv:109.0) Gecko/20100101 Firefox/112.0"
178.115.38.149 - - [27/Apr/2023:15:53:25 +0200] "GET /gui/javascript/form_form.js?1682603605 HTTP/1.1" 200 16206 "http://hausegger.activities.at/entry.php?id=10889" "Mozilla/5.0 (Windows NT 10.0; Win64; x64; rv:109.0) Gecko/20100101 Firefox/112.0"
178.115.38.149 - - [27/Apr/2023:15:53:29 +0200] "GET /entry.php?id=11270&document=10322111 HTTP/1.1" 200 1974 "http://hausegger.activities.at/entry.php?id=10828" "Mozilla/5.0 (Windows NT 10.0; Win64; x64; rv:109.0) Gecko/20100101 Firefox/112.0"
178.115.38.149 - - [27/Apr/2023:15:53:29 +0200] "GET /gui/javascript/form_form.js?1682603609 HTTP/1.1" 200 16206 "http://hausegger.activities.at/entry.php?id=11270&document=10322111" "Mozilla/5.0 (Windows NT 10.0; Win64; x64; rv:109.0) Gecko/20100101 Firefox/112.0"
178.115.38.149 - - [27/Apr/2023:15:53:29 +0200] "GET /gui/javascript/form_bu_document.js?1682603609 HTTP/1.1" 200 2675 "http://hausegger.activities.at/entry.php?id=11270&document=10322111" "Mozilla/5.0 (Windows NT 10.0; Win64; x64; rv:109.0) Gecko/20100101 Firefox/112.0"
178.115.38.149 - - [27/Apr/2023:15:53:29 +0200] "GET /entry.php?id=10877&mode=observePrint HTTP/1.1" 200 55 "http://hausegger.activities.at/entry.php?id=11270&document=10322111" "Mozilla/5.0 (Windows NT 10.0; Win64; x64; rv:109.0) Gecko/20100101 Firefox/112.0"
178.115.38.149 - - [27/Apr/2023:15:53:29 +0200] "GET /entry.php?id=11241&images=false&document=10322111 HTTP/1.1" 200 2505 "http://hausegger.activities.at/entry.php?id=11270&document=10322111" "Mozilla/5.0 (Windows NT 10.0; Win64; x64; rv:109.0) Gecko/20100101 Firefox/112.0"
178.115.38.149 - - [27/Apr/2023:15:53:39 +0200] "GET /entry.php?id=10271&&ser=603558 HTTP/1.1" 200 986 "http://hausegger.activities.at/entry.php?id=10271&&ser=603497" "Mozilla/5.0 (Windows NT 10.0; Win64; x64) AppleWebKit/537.36 (KHTML, like Gecko) Chrome/112.0.0.0 Safari/537.36"
178.115.38.149 - - [27/Apr/2023:15:53:39 +0200] "GET /gui/javascript/form_form.js?1682603619 HTTP/1.1" 200 16206 "http://hausegger.activities.at/entry.php?id=10271&&ser=603558" "Mozilla/5.0 (Windows NT 10.0; Win64; x64) AppleWebKit/537.36 (KHTML, like Gecko) Chrome/112.0.0.0 Safari/537.36"
46.206.243.80 - - [27/Apr/2023:15:54:06 +0200] "GET /entry.php?id=10271&&ser=603585 HTTP/1.1" 200 986 "http://hausegger.activities.at/entry.php?id=10271&&ser=603524" "Mozilla/5.0 (Windows NT 10.0; Win64; x64) AppleWebKit/537.36 (KHTML, like Gecko) Chrome/109.0.0.0 Safari/537.36"
46.206.243.80 - - [27/Apr/2023:15:54:06 +0200] "GET /gui/javascript/form_form.js?1682603646 HTTP/1.1" 200 16206 "http://hausegger.activities.at/entry.php?id=10271&&ser=603585" "Mozilla/5.0 (Windows NT 10.0; Win64; x64) AppleWebKit/537.36 (KHTML, like Gecko) Chrome/109.0.0.0 Safari/537.36"
178.115.38.149 - - [27/Apr/2023:15:54:14 +0200] "GET /entry.php?id=10271&&ser=603593 HTTP/1.1" 200 986 "http://hausegger.activities.at/entry.php?id=10271&&ser=603533" "Mozilla/5.0 (Windows NT 10.0; Win64; x64; rv:109.0) Gecko/20100101 Firefox/112.0"
178.115.38.149 - - [27/Apr/2023:15:54:14 +0200] "GET /gui/javascript/form_form.js?1682603654 HTTP/1.1" 200 16206 "http://hausegger.activities.at/entry.php?id=10271&&ser=603593" "Mozilla/5.0 (Windows NT 10.0; Win64; x64; rv:109.0) Gecko/20100101 Firefox/112.0"
178.115.38.149 - - [27/Apr/2023:15:54:40 +0200] "GET /entry.php?id=10271&&ser=603619 HTTP/1.1" 200 986 "http://hausegger.activities.at/entry.php?id=10271&&ser=603558" "Mozilla/5.0 (Windows NT 10.0; Win64; x64) AppleWebKit/537.36 (KHTML, like Gecko) Chrome/112.0.0.0 Safari/537.36"
178.115.38.149 - - [27/Apr/2023:15:54:40 +0200] "GET /gui/javascript/form_form.js?1682603680 HTTP/1.1" 200 16206 "http://hausegger.activities.at/entry.php?id=10271&&ser=603619" "Mozilla/5.0 (Windows NT 10.0; Win64; x64) AppleWebKit/537.36 (KHTML, like Gecko) Chrome/112.0.0.0 Safari/537.36"
46.206.243.80 - - [27/Apr/2023:15:55:07 +0200] "GET /entry.php?id=10271&&ser=603646 HTTP/1.1" 200 987 "http://hausegger.activities.at/entry.php?id=10271&&ser=603585" "Mozilla/5.0 (Windows NT 10.0; Win64; x64) AppleWebKit/537.36 (KHTML, like Gecko) Chrome/109.0.0.0 Safari/537.36"
46.206.243.80 - - [27/Apr/2023:15:55:07 +0200] "GET /gui/javascript/form_form.js?1682603707 HTTP/1.1" 200 16206 "http://hausegger.activities.at/entry.php?id=10271&&ser=603646" "Mozilla/5.0 (Windows NT 10.0; Win64; x64) AppleWebKit/537.36 (KHTML, like Gecko) Chrome/109.0.0.0 Safari/537.36"
178.115.38.149 - - [27/Apr/2023:15:55:14 +0200] "GET /entry.php?id=10271&&ser=603654 HTTP/1.1" 200 987 "http://hausegger.activities.at/entry.php?id=10271&&ser=603593" "Mozilla/5.0 (Windows NT 10.0; Win64; x64; rv:109.0) Gecko/20100101 Firefox/112.0"
178.115.38.149 - - [27/Apr/2023:15:55:14 +0200] "GET /gui/javascript/form_form.js?1682603714 HTTP/1.1" 200 16206 "http://hausegger.activities.at/entry.php?id=10271&&ser=603654" "Mozilla/5.0 (Windows NT 10.0; Win64; x64; rv:109.0) Gecko/20100101 Firefox/112.0"
178.115.38.149 - - [27/Apr/2023:15:55:41 +0200] "GET /entry.php?id=10271&&ser=603680 HTTP/1.1" 200 986 "http://hausegger.activities.at/entry.php?id=10271&&ser=603619" "Mozilla/5.0 (Windows NT 10.0; Win64; x64) AppleWebKit/537.36 (KHTML, like Gecko) Chrome/112.0.0.0 Safari/537.36"
178.115.38.149 - - [27/Apr/2023:15:55:41 +0200] "GET /gui/javascript/form_form.js?1682603741 HTTP/1.1" 200 16206 "http://hausegger.activities.at/entry.php?id=10271&&ser=603680" "Mozilla/5.0 (Windows NT 10.0; Win64; x64) AppleWebKit/537.36 (KHTML, like Gecko) Chrome/112.0.0.0 Safari/537.36"
46.206.243.80 - - [27/Apr/2023:15:56:08 +0200] "GET /entry.php?id=10271&&ser=603707 HTTP/1.1" 200 987 "http://hausegger.activities.at/entry.php?id=10271&&ser=603646" "Mozilla/5.0 (Windows NT 10.0; Win64; x64) AppleWebKit/537.36 (KHTML, like Gecko) Chrome/109.0.0.0 Safari/537.36"
46.206.243.80 - - [27/Apr/2023:15:56:08 +0200] "GET /gui/javascript/form_form.js?1682603768 HTTP/1.1" 200 16206 "http://hausegger.activities.at/entry.php?id=10271&&ser=603707" "Mozilla/5.0 (Windows NT 10.0; Win64; x64) AppleWebKit/537.36 (KHTML, like Gecko) Chrome/109.0.0.0 Safari/537.36"
178.115.38.149 - - [27/Apr/2023:15:56:14 +0200] "GET /entry.php?id=10271&&ser=603714 HTTP/1.1" 200 987 "http://hausegger.activities.at/entry.php?id=10271&&ser=603654" "Mozilla/5.0 (Windows NT 10.0; Win64; x64; rv:109.0) Gecko/20100101 Firefox/112.0"
178.115.38.149 - - [27/Apr/2023:15:56:15 +0200] "GET /gui/javascript/form_form.js?1682603775 HTTP/1.1" 200 16206 "http://hausegger.activities.at/entry.php?id=10271&&ser=603714" "Mozilla/5.0 (Windows NT 10.0; Win64; x64; rv:109.0) Gecko/20100101 Firefox/112.0"
178.115.38.149 - - [27/Apr/2023:15:56:42 +0200] "GET /entry.php?id=10271&&ser=603741 HTTP/1.1" 200 986 "http://hausegger.activities.at/entry.php?id=10271&&ser=603680" "Mozilla/5.0 (Windows NT 10.0; Win64; x64) AppleWebKit/537.36 (KHTML, like Gecko) Chrome/112.0.0.0 Safari/537.36"
178.115.38.149 - - [27/Apr/2023:15:56:42 +0200] "GET /gui/javascript/form_form.js?1682603802 HTTP/1.1" 200 16206 "http://hausegger.activities.at/entry.php?id=10271&&ser=603741" "Mozilla/5.0 (Windows NT 10.0; Win64; x64) AppleWebKit/537.36 (KHTML, like Gecko) Chrome/112.0.0.0 Safari/537.36"
46.206.243.80 - - [27/Apr/2023:15:57:09 +0200] "GET /entry.php?id=10271&&ser=603768 HTTP/1.1" 200 987 "http://hausegger.activities.at/entry.php?id=10271&&ser=603707" "Mozilla/5.0 (Windows NT 10.0; Win64; x64) AppleWebKit/537.36 (KHTML, like Gecko) Chrome/109.0.0.0 Safari/537.36"
46.206.243.80 - - [27/Apr/2023:15:57:09 +0200] "GET /gui/javascript/form_form.js?1682603829 HTTP/1.1" 200 16206 "http://hausegger.activities.at/entry.php?id=10271&&ser=603768" "Mozilla/5.0 (Windows NT 10.0; Win64; x64) AppleWebKit/537.36 (KHTML, like Gecko) Chrome/109.0.0.0 Safari/537.36"
178.115.38.149 - - [27/Apr/2023:15:57:15 +0200] "GET /entry.php?id=10271&&ser=603775 HTTP/1.1" 200 987 "http://hausegger.activities.at/entry.php?id=10271&&ser=603714" "Mozilla/5.0 (Windows NT 10.0; Win64; x64; rv:109.0) Gecko/20100101 Firefox/112.0"
178.115.38.149 - - [27/Apr/2023:15:57:15 +0200] "GET /gui/javascript/form_form.js?1682603835 HTTP/1.1" 200 16206 "http://hausegger.activities.at/entry.php?id=10271&&ser=603775" "Mozilla/5.0 (Windows NT 10.0; Win64; x64; rv:109.0) Gecko/20100101 Firefox/112.0"
178.115.38.149 - - [27/Apr/2023:15:57:43 +0200] "GET /entry.php?id=10271&&ser=603802 HTTP/1.1" 200 987 "http://hausegger.activities.at/entry.php?id=10271&&ser=603741" "Mozilla/5.0 (Windows NT 10.0; Win64; x64) AppleWebKit/537.36 (KHTML, like Gecko) Chrome/112.0.0.0 Safari/537.36"
178.115.38.149 - - [27/Apr/2023:15:57:43 +0200] "GET /gui/javascript/form_form.js?1682603863 HTTP/1.1" 200 16206 "http://hausegger.activities.at/entry.php?id=10271&&ser=603802" "Mozilla/5.0 (Windows NT 10.0; Win64; x64) AppleWebKit/537.36 (KHTML, like Gecko) Chrome/112.0.0.0 Safari/537.36"
46.206.243.80 - - [27/Apr/2023:15:58:10 +0200] "GET /entry.php?id=10271&&ser=603829 HTTP/1.1" 200 987 "http://hausegger.activities.at/entry.php?id=10271&&ser=603768" "Mozilla/5.0 (Windows NT 10.0; Win64; x64) AppleWebKit/537.36 (KHTML, like Gecko) Chrome/109.0.0.0 Safari/537.36"
46.206.243.80 - - [27/Apr/2023:15:58:10 +0200] "GET /gui/javascript/form_form.js?1682603890 HTTP/1.1" 200 16206 "http://hausegger.activities.at/entry.php?id=10271&&ser=603829" "Mozilla/5.0 (Windows NT 10.0; Win64; x64) AppleWebKit/537.36 (KHTML, like Gecko) Chrome/109.0.0.0 Safari/537.36"
178.115.38.149 - - [27/Apr/2023:15:58:15 +0200] "GET /entry.php?id=10271&&ser=603835 HTTP/1.1" 200 987 "http://hausegger.activities.at/entry.php?id=10271&&ser=603775" "Mozilla/5.0 (Windows NT 10.0; Win64; x64; rv:109.0) Gecko/20100101 Firefox/112.0"
178.115.38.149 - - [27/Apr/2023:15:58:15 +0200] "GET /gui/javascript/form_form.js?1682603895 HTTP/1.1" 200 16206 "http://hausegger.activities.at/entry.php?id=10271&&ser=603835" "Mozilla/5.0 (Windows NT 10.0; Win64; x64; rv:109.0) Gecko/20100101 Firefox/112.0"
178.115.38.149 - - [27/Apr/2023:15:58:44 +0200] "GET /entry.php?id=10271&&ser=603863 HTTP/1.1" 200 986 "http://hausegger.activities.at/entry.php?id=10271&&ser=603802" "Mozilla/5.0 (Windows NT 10.0; Win64; x64) AppleWebKit/537.36 (KHTML, like Gecko) Chrome/112.0.0.0 Safari/537.36"
178.115.38.149 - - [27/Apr/2023:15:58:44 +0200] "GET /gui/javascript/form_form.js?1682603924 HTTP/1.1" 200 16206 "http://hausegger.activities.at/entry.php?id=10271&&ser=603863" "Mozilla/5.0 (Windows NT 10.0; Win64; x64) AppleWebKit/537.36 (KHTML, like Gecko) Chrome/112.0.0.0 Safari/537.36"
46.206.243.80 - - [27/Apr/2023:15:59:11 +0200] "GET /entry.php?id=10271&&ser=603890 HTTP/1.1" 200 986 "http://hausegger.activities.at/entry.php?id=10271&&ser=603829" "Mozilla/5.0 (Windows NT 10.0; Win64; x64) AppleWebKit/537.36 (KHTML, like Gecko) Chrome/109.0.0.0 Safari/537.36"
46.206.243.80 - - [27/Apr/2023:15:59:11 +0200] "GET /gui/javascript/form_form.js?1682603951 HTTP/1.1" 200 16206 "http://hausegger.activities.at/entry.php?id=10271&&ser=603890" "Mozilla/5.0 (Windows NT 10.0; Win64; x64) AppleWebKit/537.36 (KHTML, like Gecko) Chrome/109.0.0.0 Safari/537.36"
178.115.38.149 - - [27/Apr/2023:15:59:16 +0200] "GET /entry.php?id=10271&&ser=603895 HTTP/1.1" 200 987 "http://hausegger.activities.at/entry.php?id=10271&&ser=603835" "Mozilla/5.0 (Windows NT 10.0; Win64; x64; rv:109.0) Gecko/20100101 Firefox/112.0"
178.115.38.149 - - [27/Apr/2023:15:59:16 +0200] "GET /gui/javascript/form_form.js?1682603956 HTTP/1.1" 200 16206 "http://hausegger.activities.at/entry.php?id=10271&&ser=603895" "Mozilla/5.0 (Windows NT 10.0; Win64; x64; rv:109.0) Gecko/20100101 Firefox/112.0"
178.115.38.149 - - [27/Apr/2023:15:59:45 +0200] "GET /entry.php?id=10271&&ser=603924 HTTP/1.1" 200 986 "http://hausegger.activities.at/entry.php?id=10271&&ser=603863" "Mozilla/5.0 (Windows NT 10.0; Win64; x64) AppleWebKit/537.36 (KHTML, like Gecko) Chrome/112.0.0.0 Safari/537.36"
178.115.38.149 - - [27/Apr/2023:15:59:45 +0200] "GET /gui/javascript/form_form.js?1682603985 HTTP/1.1" 200 16206 "http://hausegger.activities.at/entry.php?id=10271&&ser=603924" "Mozilla/5.0 (Windows NT 10.0; Win64; x64) AppleWebKit/537.36 (KHTML, like Gecko) Chrome/112.0.0.0 Safari/537.36"
46.206.243.80 - - [27/Apr/2023:16:00:12 +0200] "GET /entry.php?id=10271&&ser=603951 HTTP/1.1" 200 986 "http://hausegger.activities.at/entry.php?id=10271&&ser=603890" "Mozilla/5.0 (Windows NT 10.0; Win64; x64) AppleWebKit/537.36 (KHTML, like Gecko) Chrome/109.0.0.0 Safari/537.36"
46.206.243.80 - - [27/Apr/2023:16:00:12 +0200] "GET /gui/javascript/form_form.js?1682604012 HTTP/1.1" 200 16206 "http://hausegger.activities.at/entry.php?id=10271&&ser=603951" "Mozilla/5.0 (Windows NT 10.0; Win64; x64) AppleWebKit/537.36 (KHTML, like Gecko) Chrome/109.0.0.0 Safari/537.36"
178.115.38.149 - - [27/Apr/2023:16:00:16 +0200] "GET /entry.php?id=10271&&ser=603956 HTTP/1.1" 200 987 "http://hausegger.activities.at/entry.php?id=10271&&ser=603895" "Mozilla/5.0 (Windows NT 10.0; Win64; x64; rv:109.0) Gecko/20100101 Firefox/112.0"
178.115.38.149 - - [27/Apr/2023:16:00:16 +0200] "GET /gui/javascript/form_form.js?1682604016 HTTP/1.1" 200 16206 "http://hausegger.activities.at/entry.php?id=10271&&ser=603956" "Mozilla/5.0 (Windows NT 10.0; Win64; x64; rv:109.0) Gecko/20100101 Firefox/112.0"
178.115.38.149 - - [27/Apr/2023:16:00:46 +0200] "GET /entry.php?id=10271&&ser=603985 HTTP/1.1" 200 987 "http://hausegger.activities.at/entry.php?id=10271&&ser=603924" "Mozilla/5.0 (Windows NT 10.0; Win64; x64) AppleWebKit/537.36 (KHTML, like Gecko) Chrome/112.0.0.0 Safari/537.36"
178.115.38.149 - - [27/Apr/2023:16:00:46 +0200] "GET /gui/javascript/form_form.js?1682604046 HTTP/1.1" 200 16206 "http://hausegger.activities.at/entry.php?id=10271&&ser=603985" "Mozilla/5.0 (Windows NT 10.0; Win64; x64) AppleWebKit/537.36 (KHTML, like Gecko) Chrome/112.0.0.0 Safari/537.36"
46.206.243.80 - - [27/Apr/2023:16:01:13 +0200] "GET /entry.php?id=10271&&ser=604012 HTTP/1.1" 200 987 "http://hausegger.activities.at/entry.php?id=10271&&ser=603951" "Mozilla/5.0 (Windows NT 10.0; Win64; x64) AppleWebKit/537.36 (KHTML, like Gecko) Chrome/109.0.0.0 Safari/537.36"
46.206.243.80 - - [27/Apr/2023:16:01:13 +0200] "GET /gui/javascript/form_form.js?1682604073 HTTP/1.1" 200 16206 "http://hausegger.activities.at/entry.php?id=10271&&ser=604012" "Mozilla/5.0 (Windows NT 10.0; Win64; x64) AppleWebKit/537.36 (KHTML, like Gecko) Chrome/109.0.0.0 Safari/537.36"
178.115.38.149 - - [27/Apr/2023:16:01:17 +0200] "GET /entry.php?id=10271&&ser=604016 HTTP/1.1" 200 987 "http://hausegger.activities.at/entry.php?id=10271&&ser=603956" "Mozilla/5.0 (Windows NT 10.0; Win64; x64; rv:109.0) Gecko/20100101 Firefox/112.0"
178.115.38.149 - - [27/Apr/2023:16:01:17 +0200] "GET /gui/javascript/form_form.js?1682604077 HTTP/1.1" 200 16206 "http://hausegger.activities.at/entry.php?id=10271&&ser=604016" "Mozilla/5.0 (Windows NT 10.0; Win64; x64; rv:109.0) Gecko/20100101 Firefox/112.0"
178.115.38.149 - - [27/Apr/2023:16:01:47 +0200] "GET /entry.php?id=10271&&ser=604046 HTTP/1.1" 200 987 "http://hausegger.activities.at/entry.php?id=10271&&ser=603985" "Mozilla/5.0 (Windows NT 10.0; Win64; x64) AppleWebKit/537.36 (KHTML, like Gecko) Chrome/112.0.0.0 Safari/537.36"
178.115.38.149 - - [27/Apr/2023:16:01:47 +0200] "GET /gui/javascript/form_form.js?1682604107 HTTP/1.1" 200 16206 "http://hausegger.activities.at/entry.php?id=10271&&ser=604046" "Mozilla/5.0 (Windows NT 10.0; Win64; x64) AppleWebKit/537.36 (KHTML, like Gecko) Chrome/112.0.0.0 Safari/537.36"
46.206.243.80 - - [27/Apr/2023:16:02:14 +0200] "GET /entry.php?id=10271&&ser=604073 HTTP/1.1" 200 987 "http://hausegger.activities.at/entry.php?id=10271&&ser=604012" "Mozilla/5.0 (Windows NT 10.0; Win64; x64) AppleWebKit/537.36 (KHTML, like Gecko) Chrome/109.0.0.0 Safari/537.36"
46.206.243.80 - - [27/Apr/2023:16:02:15 +0200] "GET /gui/javascript/form_form.js?1682604134 HTTP/1.1" 200 16206 "http://hausegger.activities.at/entry.php?id=10271&&ser=604073" "Mozilla/5.0 (Windows NT 10.0; Win64; x64) AppleWebKit/537.36 (KHTML, like Gecko) Chrome/109.0.0.0 Safari/537.36"
178.115.38.149 - - [27/Apr/2023:16:02:17 +0200] "GET /entry.php?id=10271&&ser=604077 HTTP/1.1" 200 986 "http://hausegger.activities.at/entry.php?id=10271&&ser=604016" "Mozilla/5.0 (Windows NT 10.0; Win64; x64; rv:109.0) Gecko/20100101 Firefox/112.0"
178.115.38.149 - - [27/Apr/2023:16:02:17 +0200] "GET /gui/javascript/form_form.js?1682604137 HTTP/1.1" 200 16206 "http://hausegger.activities.at/entry.php?id=10271&&ser=604077" "Mozilla/5.0 (Windows NT 10.0; Win64; x64; rv:109.0) Gecko/20100101 Firefox/112.0"
178.115.38.149 - - [27/Apr/2023:16:02:48 +0200] "GET /entry.php?id=10271&&ser=604107 HTTP/1.1" 200 986 "http://hausegger.activities.at/entry.php?id=10271&&ser=604046" "Mozilla/5.0 (Windows NT 10.0; Win64; x64) AppleWebKit/537.36 (KHTML, like Gecko) Chrome/112.0.0.0 Safari/537.36"
178.115.38.149 - - [27/Apr/2023:16:02:48 +0200] "GET /gui/javascript/form_form.js?1682604168 HTTP/1.1" 200 16206 "http://hausegger.activities.at/entry.php?id=10271&&ser=604107" "Mozilla/5.0 (Windows NT 10.0; Win64; x64) AppleWebKit/537.36 (KHTML, like Gecko) Chrome/112.0.0.0 Safari/537.36"
46.206.243.80 - - [27/Apr/2023:16:03:15 +0200] "GET /entry.php?id=10271&&ser=604134 HTTP/1.1" 200 987 "http://hausegger.activities.at/entry.php?id=10271&&ser=604073" "Mozilla/5.0 (Windows NT 10.0; Win64; x64) AppleWebKit/537.36 (KHTML, like Gecko) Chrome/109.0.0.0 Safari/537.36"
46.206.243.80 - - [27/Apr/2023:16:03:15 +0200] "GET /gui/javascript/form_form.js?1682604195 HTTP/1.1" 200 16206 "http://hausegger.activities.at/entry.php?id=10271&&ser=604134" "Mozilla/5.0 (Windows NT 10.0; Win64; x64) AppleWebKit/537.36 (KHTML, like Gecko) Chrome/109.0.0.0 Safari/537.36"
178.115.38.149 - - [27/Apr/2023:16:03:17 +0200] "GET /entry.php?id=10271&&ser=604137 HTTP/1.1" 200 987 "http://hausegger.activities.at/entry.php?id=10271&&ser=604077" "Mozilla/5.0 (Windows NT 10.0; Win64; x64; rv:109.0) Gecko/20100101 Firefox/112.0"
178.115.38.149 - - [27/Apr/2023:16:03:18 +0200] "GET /gui/javascript/form_form.js?1682604198 HTTP/1.1" 200 16206 "http://hausegger.activities.at/entry.php?id=10271&&ser=604137" "Mozilla/5.0 (Windows NT 10.0; Win64; x64; rv:109.0) Gecko/20100101 Firefox/112.0"
178.115.38.149 - - [27/Apr/2023:16:03:49 +0200] "GET /entry.php?id=10271&&ser=604168 HTTP/1.1" 200 987 "http://hausegger.activities.at/entry.php?id=10271&&ser=604107" "Mozilla/5.0 (Windows NT 10.0; Win64; x64) AppleWebKit/537.36 (KHTML, like Gecko) Chrome/112.0.0.0 Safari/537.36"
178.115.38.149 - - [27/Apr/2023:16:03:49 +0200] "GET /gui/javascript/form_form.js?1682604229 HTTP/1.1" 200 16206 "http://hausegger.activities.at/entry.php?id=10271&&ser=604168" "Mozilla/5.0 (Windows NT 10.0; Win64; x64) AppleWebKit/537.36 (KHTML, like Gecko) Chrome/112.0.0.0 Safari/537.36"
46.206.243.80 - - [27/Apr/2023:16:04:16 +0200] "GET /entry.php?id=10271&&ser=604195 HTTP/1.1" 200 987 "http://hausegger.activities.at/entry.php?id=10271&&ser=604134" "Mozilla/5.0 (Windows NT 10.0; Win64; x64) AppleWebKit/537.36 (KHTML, like Gecko) Chrome/109.0.0.0 Safari/537.36"
46.206.243.80 - - [27/Apr/2023:16:04:16 +0200] "GET /gui/javascript/form_form.js?1682604256 HTTP/1.1" 200 16206 "http://hausegger.activities.at/entry.php?id=10271&&ser=604195" "Mozilla/5.0 (Windows NT 10.0; Win64; x64) AppleWebKit/537.36 (KHTML, like Gecko) Chrome/109.0.0.0 Safari/537.36"
178.115.38.149 - - [27/Apr/2023:16:04:18 +0200] "GET /entry.php?id=10271&&ser=604198 HTTP/1.1" 200 987 "http://hausegger.activities.at/entry.php?id=10271&&ser=604137" "Mozilla/5.0 (Windows NT 10.0; Win64; x64; rv:109.0) Gecko/20100101 Firefox/112.0"
178.115.38.149 - - [27/Apr/2023:16:04:18 +0200] "GET /gui/javascript/form_form.js?1682604258 HTTP/1.1" 200 16206 "http://hausegger.activities.at/entry.php?id=10271&&ser=604198" "Mozilla/5.0 (Windows NT 10.0; Win64; x64; rv:109.0) Gecko/20100101 Firefox/112.0"
178.115.38.149 - - [27/Apr/2023:16:04:50 +0200] "GET /entry.php?id=10271&&ser=604229 HTTP/1.1" 200 987 "http://hausegger.activities.at/entry.php?id=10271&&ser=604168" "Mozilla/5.0 (Windows NT 10.0; Win64; x64) AppleWebKit/537.36 (KHTML, like Gecko) Chrome/112.0.0.0 Safari/537.36"
178.115.38.149 - - [27/Apr/2023:16:04:50 +0200] "GET /gui/javascript/form_form.js?1682604290 HTTP/1.1" 200 16206 "http://hausegger.activities.at/entry.php?id=10271&&ser=604229" "Mozilla/5.0 (Windows NT 10.0; Win64; x64) AppleWebKit/537.36 (KHTML, like Gecko) Chrome/112.0.0.0 Safari/537.36"
46.206.243.80 - - [27/Apr/2023:16:05:17 +0200] "GET /entry.php?id=10271&&ser=604256 HTTP/1.1" 200 987 "http://hausegger.activities.at/entry.php?id=10271&&ser=604195" "Mozilla/5.0 (Windows NT 10.0; Win64; x64) AppleWebKit/537.36 (KHTML, like Gecko) Chrome/109.0.0.0 Safari/537.36"
46.206.243.80 - - [27/Apr/2023:16:05:17 +0200] "GET /gui/javascript/form_form.js?1682604317 HTTP/1.1" 200 16206 "http://hausegger.activities.at/entry.php?id=10271&&ser=604256" "Mozilla/5.0 (Windows NT 10.0; Win64; x64) AppleWebKit/537.36 (KHTML, like Gecko) Chrome/109.0.0.0 Safari/537.36"
178.115.38.149 - - [27/Apr/2023:16:05:18 +0200] "GET /entry.php?id=10271&&ser=604258 HTTP/1.1" 200 987 "http://hausegger.activities.at/entry.php?id=10271&&ser=604198" "Mozilla/5.0 (Windows NT 10.0; Win64; x64; rv:109.0) Gecko/20100101 Firefox/112.0"
178.115.38.149 - - [27/Apr/2023:16:05:18 +0200] "GET /gui/javascript/form_form.js?1682604318 HTTP/1.1" 200 16206 "http://hausegger.activities.at/entry.php?id=10271&&ser=604258" "Mozilla/5.0 (Windows NT 10.0; Win64; x64; rv:109.0) Gecko/20100101 Firefox/112.0"
178.115.38.149 - - [27/Apr/2023:16:05:51 +0200] "GET /entry.php?id=10271&&ser=604290 HTTP/1.1" 200 986 "http://hausegger.activities.at/entry.php?id=10271&&ser=604229" "Mozilla/5.0 (Windows NT 10.0; Win64; x64) AppleWebKit/537.36 (KHTML, like Gecko) Chrome/112.0.0.0 Safari/537.36"
178.115.38.149 - - [27/Apr/2023:16:05:51 +0200] "GET /gui/javascript/form_form.js?1682604351 HTTP/1.1" 200 16206 "http://hausegger.activities.at/entry.php?id=10271&&ser=604290" "Mozilla/5.0 (Windows NT 10.0; Win64; x64) AppleWebKit/537.36 (KHTML, like Gecko) Chrome/112.0.0.0 Safari/537.36"
46.206.243.80 - - [27/Apr/2023:16:06:18 +0200] "GET /entry.php?id=10271&&ser=604317 HTTP/1.1" 200 987 "http://hausegger.activities.at/entry.php?id=10271&&ser=604256" "Mozilla/5.0 (Windows NT 10.0; Win64; x64) AppleWebKit/537.36 (KHTML, like Gecko) Chrome/109.0.0.0 Safari/537.36"
46.206.243.80 - - [27/Apr/2023:16:06:18 +0200] "GET /gui/javascript/form_form.js?1682604378 HTTP/1.1" 200 16206 "http://hausegger.activities.at/entry.php?id=10271&&ser=604317" "Mozilla/5.0 (Windows NT 10.0; Win64; x64) AppleWebKit/537.36 (KHTML, like Gecko) Chrome/109.0.0.0 Safari/537.36"
178.115.38.149 - - [27/Apr/2023:16:06:19 +0200] "GET /entry.php?id=10271&&ser=604318 HTTP/1.1" 200 987 "http://hausegger.activities.at/entry.php?id=10271&&ser=604258" "Mozilla/5.0 (Windows NT 10.0; Win64; x64; rv:109.0) Gecko/20100101 Firefox/112.0"
178.115.38.149 - - [27/Apr/2023:16:06:19 +0200] "GET /gui/javascript/form_form.js?1682604379 HTTP/1.1" 200 16206 "http://hausegger.activities.at/entry.php?id=10271&&ser=604318" "Mozilla/5.0 (Windows NT 10.0; Win64; x64; rv:109.0) Gecko/20100101 Firefox/112.0"
178.115.38.149 - - [27/Apr/2023:16:06:52 +0200] "GET /entry.php?id=10271&&ser=604351 HTTP/1.1" 200 986 "http://hausegger.activities.at/entry.php?id=10271&&ser=604290" "Mozilla/5.0 (Windows NT 10.0; Win64; x64) AppleWebKit/537.36 (KHTML, like Gecko) Chrome/112.0.0.0 Safari/537.36"
178.115.38.149 - - [27/Apr/2023:16:06:52 +0200] "GET /gui/javascript/form_form.js?1682604412 HTTP/1.1" 200 16206 "http://hausegger.activities.at/entry.php?id=10271&&ser=604351" "Mozilla/5.0 (Windows NT 10.0; Win64; x64) AppleWebKit/537.36 (KHTML, like Gecko) Chrome/112.0.0.0 Safari/537.36"
46.206.243.80 - - [27/Apr/2023:16:07:19 +0200] "GET /entry.php?id=10271&&ser=604378 HTTP/1.1" 200 986 "http://hausegger.activities.at/entry.php?id=10271&&ser=604317" "Mozilla/5.0 (Windows NT 10.0; Win64; x64) AppleWebKit/537.36 (KHTML, like Gecko) Chrome/109.0.0.0 Safari/537.36"
46.206.243.80 - - [27/Apr/2023:16:07:19 +0200] "GET /gui/javascript/form_form.js?1682604439 HTTP/1.1" 200 16206 "http://hausegger.activities.at/entry.php?id=10271&&ser=604378" "Mozilla/5.0 (Windows NT 10.0; Win64; x64) AppleWebKit/537.36 (KHTML, like Gecko) Chrome/109.0.0.0 Safari/537.36"
178.115.38.149 - - [27/Apr/2023:16:07:19 +0200] "GET /entry.php?id=10271&&ser=604379 HTTP/1.1" 200 986 "http://hausegger.activities.at/entry.php?id=10271&&ser=604318" "Mozilla/5.0 (Windows NT 10.0; Win64; x64; rv:109.0) Gecko/20100101 Firefox/112.0"
178.115.38.149 - - [27/Apr/2023:16:07:19 +0200] "GET /gui/javascript/form_form.js?1682604439 HTTP/1.1" 200 16206 "http://hausegger.activities.at/entry.php?id=10271&&ser=604379" "Mozilla/5.0 (Windows NT 10.0; Win64; x64; rv:109.0) Gecko/20100101 Firefox/112.0"
178.115.38.149 - - [27/Apr/2023:16:07:53 +0200] "GET /entry.php?id=10271&&ser=604412 HTTP/1.1" 200 985 "http://hausegger.activities.at/entry.php?id=10271&&ser=604351" "Mozilla/5.0 (Windows NT 10.0; Win64; x64) AppleWebKit/537.36 (KHTML, like Gecko) Chrome/112.0.0.0 Safari/537.36"
178.115.38.149 - - [27/Apr/2023:16:07:53 +0200] "GET /gui/javascript/form_form.js?1682604473 HTTP/1.1" 200 16206 "http://hausegger.activities.at/entry.php?id=10271&&ser=604412" "Mozilla/5.0 (Windows NT 10.0; Win64; x64) AppleWebKit/537.36 (KHTML, like Gecko) Chrome/112.0.0.0 Safari/537.36"
178.115.38.149 - - [27/Apr/2023:16:08:20 +0200] "GET /entry.php?id=10271&&ser=604439 HTTP/1.1" 200 986 "http://hausegger.activities.at/entry.php?id=10271&&ser=604379" "Mozilla/5.0 (Windows NT 10.0; Win64; x64; rv:109.0) Gecko/20100101 Firefox/112.0"
178.115.38.149 - - [27/Apr/2023:16:08:20 +0200] "GET /gui/javascript/form_form.js?1682604500 HTTP/1.1" 200 16206 "http://hausegger.activities.at/entry.php?id=10271&&ser=604439" "Mozilla/5.0 (Windows NT 10.0; Win64; x64; rv:109.0) Gecko/20100101 Firefox/112.0"
46.206.243.80 - - [27/Apr/2023:16:08:20 +0200] "GET /entry.php?id=10271&&ser=604439 HTTP/1.1" 200 986 "http://hausegger.activities.at/entry.php?id=10271&&ser=604378" "Mozilla/5.0 (Windows NT 10.0; Win64; x64) AppleWebKit/537.36 (KHTML, like Gecko) Chrome/109.0.0.0 Safari/537.36"
46.206.243.80 - - [27/Apr/2023:16:08:20 +0200] "GET /gui/javascript/form_form.js?1682604500 HTTP/1.1" 200 16206 "http://hausegger.activities.at/entry.php?id=10271&&ser=604439" "Mozilla/5.0 (Windows NT 10.0; Win64; x64) AppleWebKit/537.36 (KHTML, like Gecko) Chrome/109.0.0.0 Safari/537.36"
178.115.38.149 - - [27/Apr/2023:16:08:54 +0200] "GET /entry.php?id=10271&&ser=604473 HTTP/1.1" 200 987 "http://hausegger.activities.at/entry.php?id=10271&&ser=604412" "Mozilla/5.0 (Windows NT 10.0; Win64; x64) AppleWebKit/537.36 (KHTML, like Gecko) Chrome/112.0.0.0 Safari/537.36"
178.115.38.149 - - [27/Apr/2023:16:08:54 +0200] "GET /gui/javascript/form_form.js?1682604534 HTTP/1.1" 200 16206 "http://hausegger.activities.at/entry.php?id=10271&&ser=604473" "Mozilla/5.0 (Windows NT 10.0; Win64; x64) AppleWebKit/537.36 (KHTML, like Gecko) Chrome/112.0.0.0 Safari/537.36"
178.115.38.149 - - [27/Apr/2023:16:09:20 +0200] "GET /entry.php?id=10271&&ser=604500 HTTP/1.1" 200 987 "http://hausegger.activities.at/entry.php?id=10271&&ser=604439" "Mozilla/5.0 (Windows NT 10.0; Win64; x64; rv:109.0) Gecko/20100101 Firefox/112.0"
178.115.38.149 - - [27/Apr/2023:16:09:20 +0200] "GET /gui/javascript/form_form.js?1682604560 HTTP/1.1" 200 16206 "http://hausegger.activities.at/entry.php?id=10271&&ser=604500" "Mozilla/5.0 (Windows NT 10.0; Win64; x64; rv:109.0) Gecko/20100101 Firefox/112.0"
46.206.243.80 - - [27/Apr/2023:16:09:21 +0200] "GET /entry.php?id=10271&&ser=604500 HTTP/1.1" 200 986 "http://hausegger.activities.at/entry.php?id=10271&&ser=604439" "Mozilla/5.0 (Windows NT 10.0; Win64; x64) AppleWebKit/537.36 (KHTML, like Gecko) Chrome/109.0.0.0 Safari/537.36"
46.206.243.80 - - [27/Apr/2023:16:09:21 +0200] "GET /gui/javascript/form_form.js?1682604561 HTTP/1.1" 200 16206 "http://hausegger.activities.at/entry.php?id=10271&&ser=604500" "Mozilla/5.0 (Windows NT 10.0; Win64; x64) AppleWebKit/537.36 (KHTML, like Gecko) Chrome/109.0.0.0 Safari/537.36"
178.115.38.149 - - [27/Apr/2023:16:09:54 +0200] "GET /entry.php?id=10831 HTTP/1.1" 200 8823 "http://hausegger.activities.at/entry.php?id=10270&__app__=10006038" "Mozilla/5.0 (Windows NT 10.0; Win64; x64; rv:109.0) Gecko/20100101 Firefox/112.0"
178.115.38.149 - - [27/Apr/2023:16:09:54 +0200] "GET /gui/javascript/form_form.js?1682604594 HTTP/1.1" 200 16206 "http://hausegger.activities.at/entry.php?id=10831" "Mozilla/5.0 (Windows NT 10.0; Win64; x64; rv:109.0) Gecko/20100101 Firefox/112.0"
178.115.38.149 - - [27/Apr/2023:16:09:54 +0200] "GET /entry.php?id=10889&document_id=& HTTP/1.1" 200 1509 "http://hausegger.activities.at/entry.php?id=10831" "Mozilla/5.0 (Windows NT 10.0; Win64; x64; rv:109.0) Gecko/20100101 Firefox/112.0"
178.115.38.149 - - [27/Apr/2023:16:09:55 +0200] "GET /gui/javascript/form_form.js?1682604595 HTTP/1.1" 200 16206 "http://hausegger.activities.at/entry.php?id=10889&document_id=&" "Mozilla/5.0 (Windows NT 10.0; Win64; x64; rv:109.0) Gecko/20100101 Firefox/112.0"
178.115.38.149 - - [27/Apr/2023:16:09:55 +0200] "GET /entry.php?id=10271&&ser=604534 HTTP/1.1" 200 987 "http://hausegger.activities.at/entry.php?id=10271&&ser=604473" "Mozilla/5.0 (Windows NT 10.0; Win64; x64) AppleWebKit/537.36 (KHTML, like Gecko) Chrome/112.0.0.0 Safari/537.36"
178.115.38.149 - - [27/Apr/2023:16:09:55 +0200] "GET /gui/javascript/form_form.js?1682604595 HTTP/1.1" 200 16206 "http://hausegger.activities.at/entry.php?id=10271&&ser=604534" "Mozilla/5.0 (Windows NT 10.0; Win64; x64) AppleWebKit/537.36 (KHTML, like Gecko) Chrome/112.0.0.0 Safari/537.36"
178.115.38.149 - - [27/Apr/2023:16:09:56 +0200] "POST /entry.php?id=10831 HTTP/1.1" 200 8908 "http://hausegger.activities.at/entry.php?id=10831" "Mozilla/5.0 (Windows NT 10.0; Win64; x64; rv:109.0) Gecko/20100101 Firefox/112.0"
178.115.38.149 - - [27/Apr/2023:16:09:57 +0200] "GET /gui/javascript/form_form.js?1682604597 HTTP/1.1" 200 16206 "http://hausegger.activities.at/entry.php?id=10831" "Mozilla/5.0 (Windows NT 10.0; Win64; x64; rv:109.0) Gecko/20100101 Firefox/112.0"
178.115.38.149 - - [27/Apr/2023:16:09:57 +0200] "GET /entry.php?id=10889&document_id=& HTTP/1.1" 200 1509 "http://hausegger.activities.at/entry.php?id=10831" "Mozilla/5.0 (Windows NT 10.0; Win64; x64; rv:109.0) Gecko/20100101 Firefox/112.0"
178.115.38.149 - - [27/Apr/2023:16:10:01 +0200] "GET /entry.php?id=10877&mode=loadSearchCustomer&obj=number&tag=kreditor&value=f&ser=1682604601248 HTTP/1.1" 200 325 "http://hausegger.activities.at/entry.php?id=10831" "Mozilla/5.0 (Windows NT 10.0; Win64; x64; rv:109.0) Gecko/20100101 Firefox/112.0"
178.115.38.149 - - [27/Apr/2023:16:10:01 +0200] "GET /entry.php?id=10877&mode=loadSearchCustomer&obj=number&tag=kreditor&value=f.&ser=1682604601375 HTTP/1.1" 200 175 "http://hausegger.activities.at/entry.php?id=10831" "Mozilla/5.0 (Windows NT 10.0; Win64; x64; rv:109.0) Gecko/20100101 Firefox/112.0"
178.115.38.149 - - [27/Apr/2023:16:10:03 +0200] "POST /entry.php?id=10889 HTTP/1.1" 200 1761 "http://hausegger.activities.at/entry.php?id=10889&document_id=&" "Mozilla/5.0 (Windows NT 10.0; Win64; x64; rv:109.0) Gecko/20100101 Firefox/112.0"
178.115.38.149 - - [27/Apr/2023:16:10:03 +0200] "GET /gui/javascript/form_form.js?1682604603 HTTP/1.1" 200 16206 "http://hausegger.activities.at/entry.php?id=10889" "Mozilla/5.0 (Windows NT 10.0; Win64; x64; rv:109.0) Gecko/20100101 Firefox/112.0"
178.115.38.149 - - [27/Apr/2023:16:10:20 +0200] "POST /entry.php?id=10831 HTTP/1.1" 200 8327 "http://hausegger.activities.at/entry.php?id=10831" "Mozilla/5.0 (Windows NT 10.0; Win64; x64; rv:109.0) Gecko/20100101 Firefox/112.0"
178.115.38.149 - - [27/Apr/2023:16:10:21 +0200] "GET /gui/javascript/form_form.js?1682604620 HTTP/1.1" 200 16206 "http://hausegger.activities.at/entry.php?id=10831" "Mozilla/5.0 (Windows NT 10.0; Win64; x64; rv:109.0) Gecko/20100101 Firefox/112.0"
178.115.38.149 - - [27/Apr/2023:16:10:20 +0200] "GET /entry.php?id=10271&&ser=604560 HTTP/1.1" 200 986 "http://hausegger.activities.at/entry.php?id=10271&&ser=604500" "Mozilla/5.0 (Windows NT 10.0; Win64; x64; rv:109.0) Gecko/20100101 Firefox/112.0"
178.115.38.149 - - [27/Apr/2023:16:10:21 +0200] "GET /gui/javascript/form_form.js?1682604621 HTTP/1.1" 200 16206 "http://hausegger.activities.at/entry.php?id=10271&&ser=604560" "Mozilla/5.0 (Windows NT 10.0; Win64; x64; rv:109.0) Gecko/20100101 Firefox/112.0"
178.115.38.149 - - [27/Apr/2023:16:10:21 +0200] "GET /entry.php?id=10889&document_id=10322196& HTTP/1.1" 200 1508 "http://hausegger.activities.at/entry.php?id=10831" "Mozilla/5.0 (Windows NT 10.0; Win64; x64; rv:109.0) Gecko/20100101 Firefox/112.0"
178.115.38.149 - - [27/Apr/2023:16:10:21 +0200] "POST /entry.php?id=10831 HTTP/1.1" 200 4678 "http://hausegger.activities.at/entry.php?id=10831" "Mozilla/5.0 (Windows NT 10.0; Win64; x64; rv:109.0) Gecko/20100101 Firefox/112.0"
178.115.38.149 - - [27/Apr/2023:16:10:22 +0200] "GET /gui/javascript/form_form.js?1682604622 HTTP/1.1" 200 16206 "http://hausegger.activities.at/entry.php?id=10831" "Mozilla/5.0 (Windows NT 10.0; Win64; x64; rv:109.0) Gecko/20100101 Firefox/112.0"
46.206.243.80 - - [27/Apr/2023:16:10:22 +0200] "GET /entry.php?id=10271&&ser=604561 HTTP/1.1" 200 987 "http://hausegger.activities.at/entry.php?id=10271&&ser=604500" "Mozilla/5.0 (Windows NT 10.0; Win64; x64) AppleWebKit/537.36 (KHTML, like Gecko) Chrome/109.0.0.0 Safari/537.36"
46.206.243.80 - - [27/Apr/2023:16:10:22 +0200] "GET /gui/javascript/form_form.js?1682604622 HTTP/1.1" 200 16206 "http://hausegger.activities.at/entry.php?id=10271&&ser=604561" "Mozilla/5.0 (Windows NT 10.0; Win64; x64) AppleWebKit/537.36 (KHTML, like Gecko) Chrome/109.0.0.0 Safari/537.36"
178.115.38.149 - - [27/Apr/2023:16:10:22 +0200] "GET /entry.php?id=10830&&object=10322196&account=&mode=documentkreditor HTTP/1.1" 200 3136 "http://hausegger.activities.at/entry.php?id=10831" "Mozilla/5.0 (Windows NT 10.0; Win64; x64; rv:109.0) Gecko/20100101 Firefox/112.0"
178.115.38.149 - - [27/Apr/2023:16:10:22 +0200] "GET /entry.php?id=10889&document_id=10322196& HTTP/1.1" 200 1509 "http://hausegger.activities.at/entry.php?id=10831" "Mozilla/5.0 (Windows NT 10.0; Win64; x64; rv:109.0) Gecko/20100101 Firefox/112.0"
178.115.38.149 - - [27/Apr/2023:16:10:23 +0200] "POST /entry.php?id=10889 HTTP/1.1" 200 1581 "http://hausegger.activities.at/entry.php?id=10889&document_id=10322196&" "Mozilla/5.0 (Windows NT 10.0; Win64; x64; rv:109.0) Gecko/20100101 Firefox/112.0"
178.115.38.149 - - [27/Apr/2023:16:10:23 +0200] "GET /gui/javascript/form_form.js?1682604623 HTTP/1.1" 200 16206 "http://hausegger.activities.at/entry.php?id=10889" "Mozilla/5.0 (Windows NT 10.0; Win64; x64; rv:109.0) Gecko/20100101 Firefox/112.0"
178.115.38.149 - - [27/Apr/2023:16:10:25 +0200] "GET /entry.php?id=10877&mode=loadSearchArticle&obj=article_1&tag=kredit&refobject=10322196&value=1&ser=1682604624872 HTTP/1.1" 200 31535 "http://hausegger.activities.at/entry.php?id=10830&&object=10322196&account=&mode=documentkreditor" "Mozilla/5.0 (Windows NT 10.0; Win64; x64; rv:109.0) Gecko/20100101 Firefox/112.0"
178.115.38.149 - - [27/Apr/2023:16:10:25 +0200] "GET /entry.php?id=10877&mode=loadSearchArticle&obj=article_1&tag=kredit&refobject=10322196&value=16&ser=1682604625152 HTTP/1.1" 200 3823 "http://hausegger.activities.at/entry.php?id=10830&&object=10322196&account=&mode=documentkreditor" "Mozilla/5.0 (Windows NT 10.0; Win64; x64; rv:109.0) Gecko/20100101 Firefox/112.0"
178.115.38.149 - - [27/Apr/2023:16:10:25 +0200] "GET /entry.php?id=10877&mode=loadSearchArticle&obj=article_1&tag=kredit&refobject=10322196&value=160&ser=1682604625304 HTTP/1.1" 200 1640 "http://hausegger.activities.at/entry.php?id=10830&&object=10322196&account=&mode=documentkreditor" "Mozilla/5.0 (Windows NT 10.0; Win64; x64; rv:109.0) Gecko/20100101 Firefox/112.0"
178.115.38.149 - - [27/Apr/2023:16:10:25 +0200] "GET /entry.php?id=10877&mode=loadSearchArticle&obj=article_1&tag=kredit&refobject=10322196&value=1601&ser=1682604625488 HTTP/1.1" 200 1194 "http://hausegger.activities.at/entry.php?id=10830&&object=10322196&account=&mode=documentkreditor" "Mozilla/5.0 (Windows NT 10.0; Win64; x64; rv:109.0) Gecko/20100101 Firefox/112.0"
178.115.38.149 - - [27/Apr/2023:16:10:26 +0200] "GET /entry.php?id=10877&mode=loadSearchArticle&obj=article_1&tag=kredit&refobject=10322196&value=16016&ser=1682604625816 HTTP/1.1" 200 1079 "http://hausegger.activities.at/entry.php?id=10830&&object=10322196&account=&mode=documentkreditor" "Mozilla/5.0 (Windows NT 10.0; Win64; x64; rv:109.0) Gecko/20100101 Firefox/112.0"
178.115.38.149 - - [27/Apr/2023:16:10:26 +0200] "GET /entry.php?id=10877&mode=loadSearchArticle&obj=article_1&tag=kredit&refobject=10322196&value=160160&ser=1682604626072 HTTP/1.1" 200 1079 "http://hausegger.activities.at/entry.php?id=10830&&object=10322196&account=&mode=documentkreditor" "Mozilla/5.0 (Windows NT 10.0; Win64; x64; rv:109.0) Gecko/20100101 Firefox/112.0"
178.115.38.149 - - [27/Apr/2023:16:10:29 +0200] "GET /entry.php?id=10877&mode=loadSearchArticle&obj=article_1&tag=kredit&refobject=10322196&value=1601600&ser=1682604629008 HTTP/1.1" 200 784 "http://hausegger.activities.at/entry.php?id=10830&&object=10322196&account=&mode=documentkreditor" "Mozilla/5.0 (Windows NT 10.0; Win64; x64; rv:109.0) Gecko/20100101 Firefox/112.0"
178.115.38.149 - - [27/Apr/2023:16:10:29 +0200] "GET /entry.php?id=10877&mode=loadSearchArticle&obj=article_1&tag=kredit&refobject=10322196&value=16016004&ser=1682604629232 HTTP/1.1" 200 388 "http://hausegger.activities.at/entry.php?id=10830&&object=10322196&account=&mode=documentkreditor" "Mozilla/5.0 (Windows NT 10.0; Win64; x64; rv:109.0) Gecko/20100101 Firefox/112.0"
