178.115.38.149 - - [27/Apr/2023:15:42:07 +0200] "GET /gui/javascript/form_form.js?1682602927 HTTP/1.1" 200 16206 "http://hausegger.activities.at/entry.php?id=10745&hiddetitle=1&object=10322189&opener=false" "Mozilla/5.0 (Windows NT 10.0; Win64; x64; rv:109.0) Gecko/20100101 Firefox/112.0"
178.115.38.149 - - [27/Apr/2023:15:42:08 +0200] "GET /entry.php?id=10271&&ser=602867 HTTP/1.1" 200 987 "http://hausegger.activities.at/entry.php?id=10271&&ser=602807" "Mozilla/5.0 (Windows NT 10.0; Win64; x64; rv:109.0) Gecko/20100101 Firefox/112.0"
178.115.38.149 - - [27/Apr/2023:15:42:08 +0200] "GET /gui/javascript/form_form.js?1682602928 HTTP/1.1" 200 16206 "http://hausegger.activities.at/entry.php?id=10271&&ser=602867" "Mozilla/5.0 (Windows NT 10.0; Win64; x64; rv:109.0) Gecko/20100101 Firefox/112.0"
178.115.38.149 - - [27/Apr/2023:15:42:10 +0200] "POST /entry.php?id=10745 HTTP/1.1" 200 2655 "http://hausegger.activities.at/entry.php?id=10745&hiddetitle=1&object=10322189&opener=false" "Mozilla/5.0 (Windows NT 10.0; Win64; x64; rv:109.0) Gecko/20100101 Firefox/112.0"
178.115.38.149 - - [27/Apr/2023:15:42:10 +0200] "GET /gui/javascript/form_form.js?1682602930 HTTP/1.1" 200 16206 "http://hausegger.activities.at/entry.php?id=10745" "Mozilla/5.0 (Windows NT 10.0; Win64; x64; rv:109.0) Gecko/20100101 Firefox/112.0"
178.115.38.149 - - [27/Apr/2023:15:42:11 +0200] "POST /entry.php?id=10716 HTTP/1.1" 200 7705 "http://hausegger.activities.at/entry.php?id=10716" "Mozilla/5.0 (Windows NT 10.0; Win64; x64; rv:109.0) Gecko/20100101 Firefox/112.0"
178.115.38.149 - - [27/Apr/2023:15:42:12 +0200] "GET /activities/framework/KoolControls/KoolAjax/koolajax.php?8436e354c842500aba3cbaf0584c0c24 HTTP/1.1" 200 4079 "http://hausegger.activities.at/entry.php?id=10716" "Mozilla/5.0 (Windows NT 10.0; Win64; x64; rv:109.0) Gecko/20100101 Firefox/112.0"
178.115.38.149 - - [27/Apr/2023:15:42:12 +0200] "GET /gui/javascript/form_form.js?1682602932 HTTP/1.1" 200 16206 "http://hausegger.activities.at/entry.php?id=10716" "Mozilla/5.0 (Windows NT 10.0; Win64; x64; rv:109.0) Gecko/20100101 Firefox/112.0"
178.115.38.149 - - [27/Apr/2023:15:42:12 +0200] "GET /activities/framework/KoolControls/KoolComboBox/koolcombobox.php?32981a13284db7a021131df49e6cd203 HTTP/1.1" 200 4607 "http://hausegger.activities.at/entry.php?id=10716" "Mozilla/5.0 (Windows NT 10.0; Win64; x64; rv:109.0) Gecko/20100101 Firefox/112.0"
178.115.38.149 - - [27/Apr/2023:15:42:12 +0200] "GET /activities/framework/KoolControls/KoolTreeView/kooltreeview.php?c7cd9180e88ffef8e70f13526bb4f5f7 HTTP/1.1" 200 5055 "http://hausegger.activities.at/entry.php?id=10716" "Mozilla/5.0 (Windows NT 10.0; Win64; x64; rv:109.0) Gecko/20100101 Firefox/112.0"
178.115.38.149 - - [27/Apr/2023:15:42:26 +0200] "POST /entry.php?id=10715 HTTP/1.1" 200 2554 "http://hausegger.activities.at/entry.php?id=10715" "Mozilla/5.0 (Windows NT 10.0; Win64; x64; rv:109.0) Gecko/20100101 Firefox/112.0"
178.115.38.149 - - [27/Apr/2023:15:42:26 +0200] "GET /gui/javascript/form_form.js?1682602946 HTTP/1.1" 200 16206 "http://hausegger.activities.at/entry.php?id=10715" "Mozilla/5.0 (Windows NT 10.0; Win64; x64; rv:109.0) Gecko/20100101 Firefox/112.0"
178.115.38.149 - - [27/Apr/2023:15:42:26 +0200] "GET /entry.php?id=10776&form=10560&name=list& HTTP/1.1" 200 2188 "http://hausegger.activities.at/entry.php?id=10715" "Mozilla/5.0 (Windows NT 10.0; Win64; x64; rv:109.0) Gecko/20100101 Firefox/112.0"
178.115.38.149 - - [27/Apr/2023:15:42:26 +0200] "GET /entry.php?id=10778&form=10560&name=list& HTTP/1.1" 200 2689 "http://hausegger.activities.at/entry.php?id=10715" "Mozilla/5.0 (Windows NT 10.0; Win64; x64; rv:109.0) Gecko/20100101 Firefox/112.0"
178.115.38.149 - - [27/Apr/2023:15:42:28 +0200] "GET /entry.php?id=10271&&ser=602887 HTTP/1.1" 200 987 "http://hausegger.activities.at/entry.php?id=10271&&ser=602826" "Mozilla/5.0 (Windows NT 10.0; Win64; x64) AppleWebKit/537.36 (KHTML, like Gecko) Chrome/112.0.0.0 Safari/537.36"
178.115.38.149 - - [27/Apr/2023:15:42:28 +0200] "GET /gui/javascript/form_form.js?1682602948 HTTP/1.1" 200 16206 "http://hausegger.activities.at/entry.php?id=10271&&ser=602887" "Mozilla/5.0 (Windows NT 10.0; Win64; x64) AppleWebKit/537.36 (KHTML, like Gecko) Chrome/112.0.0.0 Safari/537.36"
178.115.38.149 - - [27/Apr/2023:15:42:35 +0200] "POST /entry.php?id=10716 HTTP/1.1" 200 7092 "http://hausegger.activities.at/entry.php?id=10716" "Mozilla/5.0 (Windows NT 10.0; Win64; x64; rv:109.0) Gecko/20100101 Firefox/112.0"
178.115.38.149 - - [27/Apr/2023:15:42:35 +0200] "GET /gui/javascript/form_form.js?1682602955 HTTP/1.1" 200 16206 "http://hausegger.activities.at/entry.php?id=10716" "Mozilla/5.0 (Windows NT 10.0; Win64; x64; rv:109.0) Gecko/20100101 Firefox/112.0"
178.115.38.149 - - [27/Apr/2023:15:42:35 +0200] "GET /activities/framework/KoolControls/KoolAjax/koolajax.php?8436e354c842500aba3cbaf0584c0c24 HTTP/1.1" 200 4079 "http://hausegger.activities.at/entry.php?id=10716" "Mozilla/5.0 (Windows NT 10.0; Win64; x64; rv:109.0) Gecko/20100101 Firefox/112.0"
178.115.38.149 - - [27/Apr/2023:15:42:35 +0200] "GET /activities/framework/KoolControls/KoolComboBox/koolcombobox.php?32981a13284db7a021131df49e6cd203 HTTP/1.1" 200 4607 "http://hausegger.activities.at/entry.php?id=10716" "Mozilla/5.0 (Windows NT 10.0; Win64; x64; rv:109.0) Gecko/20100101 Firefox/112.0"
178.115.38.149 - - [27/Apr/2023:15:42:35 +0200] "GET /activities/framework/KoolControls/KoolTreeView/kooltreeview.php?c7cd9180e88ffef8e70f13526bb4f5f7 HTTP/1.1" 200 5055 "http://hausegger.activities.at/entry.php?id=10716" "Mozilla/5.0 (Windows NT 10.0; Win64; x64; rv:109.0) Gecko/20100101 Firefox/112.0"
46.206.243.80 - - [27/Apr/2023:15:42:55 +0200] "GET /entry.php?id=10271&&ser=602914 HTTP/1.1" 200 987 "http://hausegger.activities.at/entry.php?id=10271&&ser=602853" "Mozilla/5.0 (Windows NT 10.0; Win64; x64) AppleWebKit/537.36 (KHTML, like Gecko) Chrome/109.0.0.0 Safari/537.36"
46.206.243.80 - - [27/Apr/2023:15:42:55 +0200] "GET /gui/javascript/form_form.js?1682602975 HTTP/1.1" 200 16206 "http://hausegger.activities.at/entry.php?id=10271&&ser=602914" "Mozilla/5.0 (Windows NT 10.0; Win64; x64) AppleWebKit/537.36 (KHTML, like Gecko) Chrome/109.0.0.0 Safari/537.36"
178.115.38.149 - - [27/Apr/2023:15:43:08 +0200] "GET /entry.php?id=10271&&ser=602928 HTTP/1.1" 200 986 "http://hausegger.activities.at/entry.php?id=10271&&ser=602867" "Mozilla/5.0 (Windows NT 10.0; Win64; x64; rv:109.0) Gecko/20100101 Firefox/112.0"
178.115.38.149 - - [27/Apr/2023:15:43:08 +0200] "GET /gui/javascript/form_form.js?1682602988 HTTP/1.1" 200 16206 "http://hausegger.activities.at/entry.php?id=10271&&ser=602928" "Mozilla/5.0 (Windows NT 10.0; Win64; x64; rv:109.0) Gecko/20100101 Firefox/112.0"
178.115.38.149 - - [27/Apr/2023:15:43:09 +0200] "POST /entry.php?id=10716 HTTP/1.1" 200 7835 "http://hausegger.activities.at/entry.php?id=10716" "Mozilla/5.0 (Windows NT 10.0; Win64; x64; rv:109.0) Gecko/20100101 Firefox/112.0"
178.115.38.149 - - [27/Apr/2023:15:43:09 +0200] "GET /gui/javascript/form_form.js?1682602989 HTTP/1.1" 200 16206 "http://hausegger.activities.at/entry.php?id=10716" "Mozilla/5.0 (Windows NT 10.0; Win64; x64; rv:109.0) Gecko/20100101 Firefox/112.0"
178.115.38.149 - - [27/Apr/2023:15:43:09 +0200] "GET /activities/framework/KoolControls/KoolAjax/koolajax.php?8436e354c842500aba3cbaf0584c0c24 HTTP/1.1" 200 4079 "http://hausegger.activities.at/entry.php?id=10716" "Mozilla/5.0 (Windows NT 10.0; Win64; x64; rv:109.0) Gecko/20100101 Firefox/112.0"
178.115.38.149 - - [27/Apr/2023:15:43:10 +0200] "GET /activities/framework/KoolControls/KoolComboBox/koolcombobox.php?32981a13284db7a021131df49e6cd203 HTTP/1.1" 200 4607 "http://hausegger.activities.at/entry.php?id=10716" "Mozilla/5.0 (Windows NT 10.0; Win64; x64; rv:109.0) Gecko/20100101 Firefox/112.0"
178.115.38.149 - - [27/Apr/2023:15:43:10 +0200] "GET /activities/framework/KoolControls/KoolTreeView/kooltreeview.php?c7cd9180e88ffef8e70f13526bb4f5f7 HTTP/1.1" 200 5055 "http://hausegger.activities.at/entry.php?id=10716" "Mozilla/5.0 (Windows NT 10.0; Win64; x64; rv:109.0) Gecko/20100101 Firefox/112.0"
178.115.38.149 - - [27/Apr/2023:15:43:10 +0200] "POST /entry.php?id=10716 HTTP/1.1" 200 2985 "http://hausegger.activities.at/entry.php?id=10716" "Mozilla/5.0 (Windows NT 10.0; Win64; x64; rv:109.0) Gecko/20100101 Firefox/112.0"
178.115.38.149 - - [27/Apr/2023:15:43:11 +0200] "GET /gui/javascript/form_form.js?1682602991 HTTP/1.1" 200 16206 "http://hausegger.activities.at/entry.php?id=10716" "Mozilla/5.0 (Windows NT 10.0; Win64; x64; rv:109.0) Gecko/20100101 Firefox/112.0"
178.115.38.149 - - [27/Apr/2023:15:43:11 +0200] "GET /entry.php?id=10752&&hiddetitle=1&object=10322191&opener=false HTTP/1.1" 200 2707 "http://hausegger.activities.at/entry.php?id=10716" "Mozilla/5.0 (Windows NT 10.0; Win64; x64; rv:109.0) Gecko/20100101 Firefox/112.0"
178.115.38.149 - - [27/Apr/2023:15:43:13 +0200] "POST /entry.php?id=10752 HTTP/1.1" 200 2909 "http://hausegger.activities.at/entry.php?id=10752&&hiddetitle=1&object=10322191&opener=false" "Mozilla/5.0 (Windows NT 10.0; Win64; x64; rv:109.0) Gecko/20100101 Firefox/112.0"
178.115.38.149 - - [27/Apr/2023:15:43:14 +0200] "GET /gui/javascript/form_form.js?1682602994 HTTP/1.1" 200 16206 "http://hausegger.activities.at/entry.php?id=10752" "Mozilla/5.0 (Windows NT 10.0; Win64; x64; rv:109.0) Gecko/20100101 Firefox/112.0"
178.115.38.149 - - [27/Apr/2023:15:43:15 +0200] "POST /entry.php?id=10716 HTTP/1.1" 200 2990 "http://hausegger.activities.at/entry.php?id=10716" "Mozilla/5.0 (Windows NT 10.0; Win64; x64; rv:109.0) Gecko/20100101 Firefox/112.0"
178.115.38.149 - - [27/Apr/2023:15:43:15 +0200] "GET /gui/javascript/form_form.js?1682602995 HTTP/1.1" 200 16206 "http://hausegger.activities.at/entry.php?id=10716" "Mozilla/5.0 (Windows NT 10.0; Win64; x64; rv:109.0) Gecko/20100101 Firefox/112.0"
178.115.38.149 - - [27/Apr/2023:15:43:15 +0200] "GET /entry.php?id=10745&hiddetitle=1&object=10322191&opener=false HTTP/1.1" 200 2472 "http://hausegger.activities.at/entry.php?id=10716" "Mozilla/5.0 (Windows NT 10.0; Win64; x64; rv:109.0) Gecko/20100101 Firefox/112.0"
178.115.38.149 - - [27/Apr/2023:15:43:18 +0200] "POST /entry.php?id=10745 HTTP/1.1" 200 2654 "http://hausegger.activities.at/entry.php?id=10745&hiddetitle=1&object=10322191&opener=false" "Mozilla/5.0 (Windows NT 10.0; Win64; x64; rv:109.0) Gecko/20100101 Firefox/112.0"
178.115.38.149 - - [27/Apr/2023:15:43:18 +0200] "GET /gui/javascript/form_form.js?1682602998 HTTP/1.1" 200 16206 "http://hausegger.activities.at/entry.php?id=10745" "Mozilla/5.0 (Windows NT 10.0; Win64; x64; rv:109.0) Gecko/20100101 Firefox/112.0"
178.115.38.149 - - [27/Apr/2023:15:43:19 +0200] "POST /entry.php?id=10716 HTTP/1.1" 200 7703 "http://hausegger.activities.at/entry.php?id=10716" "Mozilla/5.0 (Windows NT 10.0; Win64; x64; rv:109.0) Gecko/20100101 Firefox/112.0"
178.115.38.149 - - [27/Apr/2023:15:43:19 +0200] "GET /gui/javascript/form_form.js?1682602999 HTTP/1.1" 200 16206 "http://hausegger.activities.at/entry.php?id=10716" "Mozilla/5.0 (Windows NT 10.0; Win64; x64; rv:109.0) Gecko/20100101 Firefox/112.0"
178.115.38.149 - - [27/Apr/2023:15:43:19 +0200] "GET /activities/framework/KoolControls/KoolAjax/koolajax.php?8436e354c842500aba3cbaf0584c0c24 HTTP/1.1" 200 4079 "http://hausegger.activities.at/entry.php?id=10716" "Mozilla/5.0 (Windows NT 10.0; Win64; x64; rv:109.0) Gecko/20100101 Firefox/112.0"
178.115.38.149 - - [27/Apr/2023:15:43:20 +0200] "GET /activities/framework/KoolControls/KoolComboBox/koolcombobox.php?32981a13284db7a021131df49e6cd203 HTTP/1.1" 200 4607 "http://hausegger.activities.at/entry.php?id=10716" "Mozilla/5.0 (Windows NT 10.0; Win64; x64; rv:109.0) Gecko/20100101 Firefox/112.0"
178.115.38.149 - - [27/Apr/2023:15:43:20 +0200] "GET /activities/framework/KoolControls/KoolTreeView/kooltreeview.php?c7cd9180e88ffef8e70f13526bb4f5f7 HTTP/1.1" 200 5055 "http://hausegger.activities.at/entry.php?id=10716" "Mozilla/5.0 (Windows NT 10.0; Win64; x64; rv:109.0) Gecko/20100101 Firefox/112.0"
178.115.38.149 - - [27/Apr/2023:15:43:27 +0200] "POST /entry.php?id=10715 HTTP/1.1" 200 2612 "http://hausegger.activities.at/entry.php?id=10715" "Mozilla/5.0 (Windows NT 10.0; Win64; x64; rv:109.0) Gecko/20100101 Firefox/112.0"
178.115.38.149 - - [27/Apr/2023:15:43:28 +0200] "GET /gui/javascript/form_form.js?1682603008 HTTP/1.1" 200 16206 "http://hausegger.activities.at/entry.php?id=10715" "Mozilla/5.0 (Windows NT 10.0; Win64; x64; rv:109.0) Gecko/20100101 Firefox/112.0"
178.115.38.149 - - [27/Apr/2023:15:43:28 +0200] "GET /entry.php?id=10776&form=10560&name=list& HTTP/1.1" 200 2312 "http://hausegger.activities.at/entry.php?id=10715" "Mozilla/5.0 (Windows NT 10.0; Win64; x64; rv:109.0) Gecko/20100101 Firefox/112.0"
178.115.38.149 - - [27/Apr/2023:15:43:28 +0200] "GET /entry.php?id=10778&form=10560&name=list& HTTP/1.1" 200 2995 "http://hausegger.activities.at/entry.php?id=10715" "Mozilla/5.0 (Windows NT 10.0; Win64; x64; rv:109.0) Gecko/20100101 Firefox/112.0"
178.115.38.149 - - [27/Apr/2023:15:43:29 +0200] "GET /entry.php?id=10271&&ser=602948 HTTP/1.1" 200 986 "http://hausegger.activities.at/entry.php?id=10271&&ser=602887" "Mozilla/5.0 (Windows NT 10.0; Win64; x64) AppleWebKit/537.36 (KHTML, like Gecko) Chrome/112.0.0.0 Safari/537.36"
178.115.38.149 - - [27/Apr/2023:15:43:29 +0200] "GET /gui/javascript/form_form.js?1682603009 HTTP/1.1" 200 16206 "http://hausegger.activities.at/entry.php?id=10271&&ser=602948" "Mozilla/5.0 (Windows NT 10.0; Win64; x64) AppleWebKit/537.36 (KHTML, like Gecko) Chrome/112.0.0.0 Safari/537.36"
178.115.38.149 - - [27/Apr/2023:15:43:37 +0200] "POST /entry.php?id=10715 HTTP/1.1" 200 2554 "http://hausegger.activities.at/entry.php?id=10715" "Mozilla/5.0 (Windows NT 10.0; Win64; x64; rv:109.0) Gecko/20100101 Firefox/112.0"
178.115.38.149 - - [27/Apr/2023:15:43:38 +0200] "GET /gui/javascript/form_form.js?1682603018 HTTP/1.1" 200 16206 "http://hausegger.activities.at/entry.php?id=10715" "Mozilla/5.0 (Windows NT 10.0; Win64; x64; rv:109.0) Gecko/20100101 Firefox/112.0"
178.115.38.149 - - [27/Apr/2023:15:43:38 +0200] "GET /entry.php?id=10776&form=10560&name=list& HTTP/1.1" 200 2188 "http://hausegger.activities.at/entry.php?id=10715" "Mozilla/5.0 (Windows NT 10.0; Win64; x64; rv:109.0) Gecko/20100101 Firefox/112.0"
178.115.38.149 - - [27/Apr/2023:15:43:38 +0200] "GET /entry.php?id=10778&form=10560&name=list& HTTP/1.1" 200 2689 "http://hausegger.activities.at/entry.php?id=10715" "Mozilla/5.0 (Windows NT 10.0; Win64; x64; rv:109.0) Gecko/20100101 Firefox/112.0"
178.115.38.149 - - [27/Apr/2023:15:43:47 +0200] "POST /entry.php?id=10716 HTTP/1.1" 200 7092 "http://hausegger.activities.at/entry.php?id=10716" "Mozilla/5.0 (Windows NT 10.0; Win64; x64; rv:109.0) Gecko/20100101 Firefox/112.0"
178.115.38.149 - - [27/Apr/2023:15:43:48 +0200] "GET /gui/javascript/form_form.js?1682603028 HTTP/1.1" 200 16206 "http://hausegger.activities.at/entry.php?id=10716" "Mozilla/5.0 (Windows NT 10.0; Win64; x64; rv:109.0) Gecko/20100101 Firefox/112.0"
178.115.38.149 - - [27/Apr/2023:15:43:48 +0200] "GET /activities/framework/KoolControls/KoolAjax/koolajax.php?8436e354c842500aba3cbaf0584c0c24 HTTP/1.1" 200 4079 "http://hausegger.activities.at/entry.php?id=10716" "Mozilla/5.0 (Windows NT 10.0; Win64; x64; rv:109.0) Gecko/20100101 Firefox/112.0"
178.115.38.149 - - [27/Apr/2023:15:43:48 +0200] "GET /activities/framework/KoolControls/KoolComboBox/koolcombobox.php?32981a13284db7a021131df49e6cd203 HTTP/1.1" 200 4607 "http://hausegger.activities.at/entry.php?id=10716" "Mozilla/5.0 (Windows NT 10.0; Win64; x64; rv:109.0) Gecko/20100101 Firefox/112.0"
178.115.38.149 - - [27/Apr/2023:15:43:48 +0200] "GET /activities/framework/KoolControls/KoolTreeView/kooltreeview.php?c7cd9180e88ffef8e70f13526bb4f5f7 HTTP/1.1" 200 5055 "http://hausegger.activities.at/entry.php?id=10716" "Mozilla/5.0 (Windows NT 10.0; Win64; x64; rv:109.0) Gecko/20100101 Firefox/112.0"
46.206.243.80 - - [27/Apr/2023:15:43:56 +0200] "GET /entry.php?id=10271&&ser=602975 HTTP/1.1" 200 986 "http://hausegger.activities.at/entry.php?id=10271&&ser=602914" "Mozilla/5.0 (Windows NT 10.0; Win64; x64) AppleWebKit/537.36 (KHTML, like Gecko) Chrome/109.0.0.0 Safari/537.36"
46.206.243.80 - - [27/Apr/2023:15:43:56 +0200] "GET /gui/javascript/form_form.js?1682603036 HTTP/1.1" 200 16206 "http://hausegger.activities.at/entry.php?id=10271&&ser=602975" "Mozilla/5.0 (Windows NT 10.0; Win64; x64) AppleWebKit/537.36 (KHTML, like Gecko) Chrome/109.0.0.0 Safari/537.36"
178.115.38.149 - - [27/Apr/2023:15:44:08 +0200] "GET /entry.php?id=10271&&ser=602988 HTTP/1.1" 200 988 "http://hausegger.activities.at/entry.php?id=10271&&ser=602928" "Mozilla/5.0 (Windows NT 10.0; Win64; x64; rv:109.0) Gecko/20100101 Firefox/112.0"
178.115.38.149 - - [27/Apr/2023:15:44:09 +0200] "GET /gui/javascript/form_form.js?1682603049 HTTP/1.1" 200 16206 "http://hausegger.activities.at/entry.php?id=10271&&ser=602988" "Mozilla/5.0 (Windows NT 10.0; Win64; x64; rv:109.0) Gecko/20100101 Firefox/112.0"
178.115.38.149 - - [27/Apr/2023:15:44:28 +0200] "POST /entry.php?id=10716 HTTP/1.1" 200 7836 "http://hausegger.activities.at/entry.php?id=10716" "Mozilla/5.0 (Windows NT 10.0; Win64; x64; rv:109.0) Gecko/20100101 Firefox/112.0"
178.115.38.149 - - [27/Apr/2023:15:44:29 +0200] "GET /gui/javascript/form_form.js?1682603069 HTTP/1.1" 200 16206 "http://hausegger.activities.at/entry.php?id=10716" "Mozilla/5.0 (Windows NT 10.0; Win64; x64; rv:109.0) Gecko/20100101 Firefox/112.0"
178.115.38.149 - - [27/Apr/2023:15:44:29 +0200] "GET /activities/framework/KoolControls/KoolAjax/koolajax.php?8436e354c842500aba3cbaf0584c0c24 HTTP/1.1" 200 4079 "http://hausegger.activities.at/entry.php?id=10716" "Mozilla/5.0 (Windows NT 10.0; Win64; x64; rv:109.0) Gecko/20100101 Firefox/112.0"
178.115.38.149 - - [27/Apr/2023:15:44:29 +0200] "GET /activities/framework/KoolControls/KoolComboBox/koolcombobox.php?32981a13284db7a021131df49e6cd203 HTTP/1.1" 200 4607 "http://hausegger.activities.at/entry.php?id=10716" "Mozilla/5.0 (Windows NT 10.0; Win64; x64; rv:109.0) Gecko/20100101 Firefox/112.0"
178.115.38.149 - - [27/Apr/2023:15:44:29 +0200] "GET /activities/framework/KoolControls/KoolTreeView/kooltreeview.php?c7cd9180e88ffef8e70f13526bb4f5f7 HTTP/1.1" 200 5055 "http://hausegger.activities.at/entry.php?id=10716" "Mozilla/5.0 (Windows NT 10.0; Win64; x64; rv:109.0) Gecko/20100101 Firefox/112.0"
178.115.38.149 - - [27/Apr/2023:15:44:30 +0200] "GET /entry.php?id=10271&&ser=603009 HTTP/1.1" 200 986 "http://hausegger.activities.at/entry.php?id=10271&&ser=602948" "Mozilla/5.0 (Windows NT 10.0; Win64; x64) AppleWebKit/537.36 (KHTML, like Gecko) Chrome/112.0.0.0 Safari/537.36"
178.115.38.149 - - [27/Apr/2023:15:44:30 +0200] "GET /gui/javascript/form_form.js?1682603070 HTTP/1.1" 200 16206 "http://hausegger.activities.at/entry.php?id=10271&&ser=603009" "Mozilla/5.0 (Windows NT 10.0; Win64; x64) AppleWebKit/537.36 (KHTML, like Gecko) Chrome/112.0.0.0 Safari/537.36"
178.115.38.149 - - [27/Apr/2023:15:44:30 +0200] "POST /entry.php?id=10716 HTTP/1.1" 200 2984 "http://hausegger.activities.at/entry.php?id=10716" "Mozilla/5.0 (Windows NT 10.0; Win64; x64; rv:109.0) Gecko/20100101 Firefox/112.0"
178.115.38.149 - - [27/Apr/2023:15:44:31 +0200] "GET /gui/javascript/form_form.js?1682603071 HTTP/1.1" 200 16206 "http://hausegger.activities.at/entry.php?id=10716" "Mozilla/5.0 (Windows NT 10.0; Win64; x64; rv:109.0) Gecko/20100101 Firefox/112.0"
178.115.38.149 - - [27/Apr/2023:15:44:31 +0200] "GET /entry.php?id=10752&&hiddetitle=1&object=10322193&opener=false HTTP/1.1" 200 2705 "http://hausegger.activities.at/entry.php?id=10716" "Mozilla/5.0 (Windows NT 10.0; Win64; x64; rv:109.0) Gecko/20100101 Firefox/112.0"
178.115.38.149 - - [27/Apr/2023:15:44:34 +0200] "POST /entry.php?id=10752 HTTP/1.1" 200 2911 "http://hausegger.activities.at/entry.php?id=10752&&hiddetitle=1&object=10322193&opener=false" "Mozilla/5.0 (Windows NT 10.0; Win64; x64; rv:109.0) Gecko/20100101 Firefox/112.0"
178.115.38.149 - - [27/Apr/2023:15:44:34 +0200] "GET /gui/javascript/form_form.js?1682603074 HTTP/1.1" 200 16206 "http://hausegger.activities.at/entry.php?id=10752" "Mozilla/5.0 (Windows NT 10.0; Win64; x64; rv:109.0) Gecko/20100101 Firefox/112.0"
178.115.38.149 - - [27/Apr/2023:15:44:36 +0200] "POST /entry.php?id=10716 HTTP/1.1" 200 2990 "http://hausegger.activities.at/entry.php?id=10716" "Mozilla/5.0 (Windows NT 10.0; Win64; x64; rv:109.0) Gecko/20100101 Firefox/112.0"
178.115.38.149 - - [27/Apr/2023:15:44:36 +0200] "GET /gui/javascript/form_form.js?1682603076 HTTP/1.1" 200 16206 "http://hausegger.activities.at/entry.php?id=10716" "Mozilla/5.0 (Windows NT 10.0; Win64; x64; rv:109.0) Gecko/20100101 Firefox/112.0"
178.115.38.149 - - [27/Apr/2023:15:44:36 +0200] "GET /entry.php?id=10745&hiddetitle=1&object=10322193&opener=false HTTP/1.1" 200 2473 "http://hausegger.activities.at/entry.php?id=10716" "Mozilla/5.0 (Windows NT 10.0; Win64; x64; rv:109.0) Gecko/20100101 Firefox/112.0"
178.115.38.149 - - [27/Apr/2023:15:44:38 +0200] "POST /entry.php?id=10745 HTTP/1.1" 200 2656 "http://hausegger.activities.at/entry.php?id=10745&hiddetitle=1&object=10322193&opener=false" "Mozilla/5.0 (Windows NT 10.0; Win64; x64; rv:109.0) Gecko/20100101 Firefox/112.0"
178.115.38.149 - - [27/Apr/2023:15:44:39 +0200] "GET /gui/javascript/form_form.js?1682603079 HTTP/1.1" 200 16206 "http://hausegger.activities.at/entry.php?id=10745" "Mozilla/5.0 (Windows NT 10.0; Win64; x64; rv:109.0) Gecko/20100101 Firefox/112.0"
178.115.38.149 - - [27/Apr/2023:15:44:40 +0200] "POST /entry.php?id=10716 HTTP/1.1" 200 7703 "http://hausegger.activities.at/entry.php?id=10716" "Mozilla/5.0 (Windows NT 10.0; Win64; x64; rv:109.0) Gecko/20100101 Firefox/112.0"
178.115.38.149 - - [27/Apr/2023:15:44:40 +0200] "GET /gui/javascript/form_form.js?1682603080 HTTP/1.1" 200 16206 "http://hausegger.activities.at/entry.php?id=10716" "Mozilla/5.0 (Windows NT 10.0; Win64; x64; rv:109.0) Gecko/20100101 Firefox/112.0"
178.115.38.149 - - [27/Apr/2023:15:44:40 +0200] "GET /activities/framework/KoolControls/KoolAjax/koolajax.php?8436e354c842500aba3cbaf0584c0c24 HTTP/1.1" 200 4079 "http://hausegger.activities.at/entry.php?id=10716" "Mozilla/5.0 (Windows NT 10.0; Win64; x64; rv:109.0) Gecko/20100101 Firefox/112.0"
178.115.38.149 - - [27/Apr/2023:15:44:41 +0200] "GET /activities/framework/KoolControls/KoolComboBox/koolcombobox.php?32981a13284db7a021131df49e6cd203 HTTP/1.1" 200 4607 "http://hausegger.activities.at/entry.php?id=10716" "Mozilla/5.0 (Windows NT 10.0; Win64; x64; rv:109.0) Gecko/20100101 Firefox/112.0"
178.115.38.149 - - [27/Apr/2023:15:44:41 +0200] "GET /activities/framework/KoolControls/KoolTreeView/kooltreeview.php?c7cd9180e88ffef8e70f13526bb4f5f7 HTTP/1.1" 200 5055 "http://hausegger.activities.at/entry.php?id=10716" "Mozilla/5.0 (Windows NT 10.0; Win64; x64; rv:109.0) Gecko/20100101 Firefox/112.0"
178.115.38.149 - - [27/Apr/2023:15:44:46 +0200] "POST /entry.php?id=10715 HTTP/1.1" 200 2612 "http://hausegger.activities.at/entry.php?id=10715" "Mozilla/5.0 (Windows NT 10.0; Win64; x64; rv:109.0) Gecko/20100101 Firefox/112.0"
178.115.38.149 - - [27/Apr/2023:15:44:47 +0200] "GET /gui/javascript/form_form.js?1682603086 HTTP/1.1" 200 16206 "http://hausegger.activities.at/entry.php?id=10715" "Mozilla/5.0 (Windows NT 10.0; Win64; x64; rv:109.0) Gecko/20100101 Firefox/112.0"
178.115.38.149 - - [27/Apr/2023:15:44:47 +0200] "GET /entry.php?id=10778&form=10560&name=list& HTTP/1.1" 200 2997 "http://hausegger.activities.at/entry.php?id=10715" "Mozilla/5.0 (Windows NT 10.0; Win64; x64; rv:109.0) Gecko/20100101 Firefox/112.0"
178.115.38.149 - - [27/Apr/2023:15:44:47 +0200] "GET /entry.php?id=10776&form=10560&name=list& HTTP/1.1" 200 2313 "http://hausegger.activities.at/entry.php?id=10715" "Mozilla/5.0 (Windows NT 10.0; Win64; x64; rv:109.0) Gecko/20100101 Firefox/112.0"
178.115.38.149 - - [27/Apr/2023:15:44:54 +0200] "POST /entry.php?id=10715 HTTP/1.1" 200 2611 "http://hausegger.activities.at/entry.php?id=10715" "Mozilla/5.0 (Windows NT 10.0; Win64; x64; rv:109.0) Gecko/20100101 Firefox/112.0"
178.115.38.149 - - [27/Apr/2023:15:44:54 +0200] "GET /gui/javascript/form_form.js?1682603094 HTTP/1.1" 200 16206 "http://hausegger.activities.at/entry.php?id=10715" "Mozilla/5.0 (Windows NT 10.0; Win64; x64; rv:109.0) Gecko/20100101 Firefox/112.0"
178.115.38.149 - - [27/Apr/2023:15:44:54 +0200] "GET /entry.php?id=10776&form=10560&name=list& HTTP/1.1" 200 2312 "http://hausegger.activities.at/entry.php?id=10715" "Mozilla/5.0 (Windows NT 10.0; Win64; x64; rv:109.0) Gecko/20100101 Firefox/112.0"
178.115.38.149 - - [27/Apr/2023:15:44:54 +0200] "GET /entry.php?id=10778&form=10560&name=list& HTTP/1.1" 200 2996 "http://hausegger.activities.at/entry.php?id=10715" "Mozilla/5.0 (Windows NT 10.0; Win64; x64; rv:109.0) Gecko/20100101 Firefox/112.0"
46.206.243.80 - - [27/Apr/2023:15:44:57 +0200] "GET /entry.php?id=10271&&ser=603036 HTTP/1.1" 200 986 "http://hausegger.activities.at/entry.php?id=10271&&ser=602975" "Mozilla/5.0 (Windows NT 10.0; Win64; x64) AppleWebKit/537.36 (KHTML, like Gecko) Chrome/109.0.0.0 Safari/537.36"
46.206.243.80 - - [27/Apr/2023:15:44:57 +0200] "GET /gui/javascript/form_form.js?1682603097 HTTP/1.1" 200 16206 "http://hausegger.activities.at/entry.php?id=10271&&ser=603036" "Mozilla/5.0 (Windows NT 10.0; Win64; x64) AppleWebKit/537.36 (KHTML, like Gecko) Chrome/109.0.0.0 Safari/537.36"
178.115.38.149 - - [27/Apr/2023:15:45:01 +0200] "POST /entry.php?id=10715 HTTP/1.1" 200 2612 "http://hausegger.activities.at/entry.php?id=10715" "Mozilla/5.0 (Windows NT 10.0; Win64; x64; rv:109.0) Gecko/20100101 Firefox/112.0"
178.115.38.149 - - [27/Apr/2023:15:45:02 +0200] "GET /gui/javascript/form_form.js?1682603102 HTTP/1.1" 200 16206 "http://hausegger.activities.at/entry.php?id=10715" "Mozilla/5.0 (Windows NT 10.0; Win64; x64; rv:109.0) Gecko/20100101 Firefox/112.0"
178.115.38.149 - - [27/Apr/2023:15:45:02 +0200] "GET /entry.php?id=10776&form=10560&name=list& HTTP/1.1" 200 2313 "http://hausegger.activities.at/entry.php?id=10715" "Mozilla/5.0 (Windows NT 10.0; Win64; x64; rv:109.0) Gecko/20100101 Firefox/112.0"
178.115.38.149 - - [27/Apr/2023:15:45:02 +0200] "GET /entry.php?id=10778&form=10560&name=list& HTTP/1.1" 200 2998 "http://hausegger.activities.at/entry.php?id=10715" "Mozilla/5.0 (Windows NT 10.0; Win64; x64; rv:109.0) Gecko/20100101 Firefox/112.0"
178.115.38.149 - - [27/Apr/2023:15:45:10 +0200] "GET /entry.php?id=10271&&ser=603048 HTTP/1.1" 200 986 "http://hausegger.activities.at/entry.php?id=10271&&ser=602988" "Mozilla/5.0 (Windows NT 10.0; Win64; x64; rv:109.0) Gecko/20100101 Firefox/112.0"
178.115.38.149 - - [27/Apr/2023:15:45:10 +0200] "GET /gui/javascript/form_form.js?1682603110 HTTP/1.1" 200 16206 "http://hausegger.activities.at/entry.php?id=10271&&ser=603048" "Mozilla/5.0 (Windows NT 10.0; Win64; x64; rv:109.0) Gecko/20100101 Firefox/112.0"
178.115.38.149 - - [27/Apr/2023:15:45:31 +0200] "GET /entry.php?id=10271&&ser=603070 HTTP/1.1" 200 986 "http://hausegger.activities.at/entry.php?id=10271&&ser=603009" "Mozilla/5.0 (Windows NT 10.0; Win64; x64) AppleWebKit/537.36 (KHTML, like Gecko) Chrome/112.0.0.0 Safari/537.36"
178.115.38.149 - - [27/Apr/2023:15:45:31 +0200] "GET /gui/javascript/form_form.js?1682603131 HTTP/1.1" 200 16206 "http://hausegger.activities.at/entry.php?id=10271&&ser=603070" "Mozilla/5.0 (Windows NT 10.0; Win64; x64) AppleWebKit/537.36 (KHTML, like Gecko) Chrome/112.0.0.0 Safari/537.36"
46.206.243.80 - - [27/Apr/2023:15:45:58 +0200] "GET /entry.php?id=10271&&ser=603097 HTTP/1.1" 200 987 "http://hausegger.activities.at/entry.php?id=10271&&ser=603036" "Mozilla/5.0 (Windows NT 10.0; Win64; x64) AppleWebKit/537.36 (KHTML, like Gecko) Chrome/109.0.0.0 Safari/537.36"
46.206.243.80 - - [27/Apr/2023:15:45:58 +0200] "GET /gui/javascript/form_form.js?1682603158 HTTP/1.1" 200 16206 "http://hausegger.activities.at/entry.php?id=10271&&ser=603097" "Mozilla/5.0 (Windows NT 10.0; Win64; x64) AppleWebKit/537.36 (KHTML, like Gecko) Chrome/109.0.0.0 Safari/537.36"
178.115.38.149 - - [27/Apr/2023:15:46:10 +0200] "GET /entry.php?id=10271&&ser=603110 HTTP/1.1" 200 987 "http://hausegger.activities.at/entry.php?id=10271&&ser=603048" "Mozilla/5.0 (Windows NT 10.0; Win64; x64; rv:109.0) Gecko/20100101 Firefox/112.0"
178.115.38.149 - - [27/Apr/2023:15:46:10 +0200] "GET /gui/javascript/form_form.js?1682603170 HTTP/1.1" 200 16206 "http://hausegger.activities.at/entry.php?id=10271&&ser=603110" "Mozilla/5.0 (Windows NT 10.0; Win64; x64; rv:109.0) Gecko/20100101 Firefox/112.0"
178.115.38.149 - - [27/Apr/2023:15:46:32 +0200] "GET /entry.php?id=10271&&ser=603131 HTTP/1.1" 200 987 "http://hausegger.activities.at/entry.php?id=10271&&ser=603070" "Mozilla/5.0 (Windows NT 10.0; Win64; x64) AppleWebKit/537.36 (KHTML, like Gecko) Chrome/112.0.0.0 Safari/537.36"
178.115.38.149 - - [27/Apr/2023:15:46:32 +0200] "GET /gui/javascript/form_form.js?1682603192 HTTP/1.1" 200 16206 "http://hausegger.activities.at/entry.php?id=10271&&ser=603131" "Mozilla/5.0 (Windows NT 10.0; Win64; x64) AppleWebKit/537.36 (KHTML, like Gecko) Chrome/112.0.0.0 Safari/537.36"
46.206.243.80 - - [27/Apr/2023:15:46:59 +0200] "GET /entry.php?id=10271&&ser=603158 HTTP/1.1" 200 987 "http://hausegger.activities.at/entry.php?id=10271&&ser=603097" "Mozilla/5.0 (Windows NT 10.0; Win64; x64) AppleWebKit/537.36 (KHTML, like Gecko) Chrome/109.0.0.0 Safari/537.36"
46.206.243.80 - - [27/Apr/2023:15:46:59 +0200] "GET /gui/javascript/form_form.js?1682603219 HTTP/1.1" 200 16206 "http://hausegger.activities.at/entry.php?id=10271&&ser=603158" "Mozilla/5.0 (Windows NT 10.0; Win64; x64) AppleWebKit/537.36 (KHTML, like Gecko) Chrome/109.0.0.0 Safari/537.36"
178.115.38.149 - - [27/Apr/2023:15:47:10 +0200] "GET /entry.php?id=10271&&ser=603170 HTTP/1.1" 200 986 "http://hausegger.activities.at/entry.php?id=10271&&ser=603110" "Mozilla/5.0 (Windows NT 10.0; Win64; x64; rv:109.0) Gecko/20100101 Firefox/112.0"
178.115.38.149 - - [27/Apr/2023:15:47:11 +0200] "GET /gui/javascript/form_form.js?1682603231 HTTP/1.1" 200 16206 "http://hausegger.activities.at/entry.php?id=10271&&ser=603170" "Mozilla/5.0 (Windows NT 10.0; Win64; x64; rv:109.0) Gecko/20100101 Firefox/112.0"
178.115.38.149 - - [27/Apr/2023:15:47:33 +0200] "GET /entry.php?id=10271&&ser=603192 HTTP/1.1" 200 987 "http://hausegger.activities.at/entry.php?id=10271&&ser=603131" "Mozilla/5.0 (Windows NT 10.0; Win64; x64) AppleWebKit/537.36 (KHTML, like Gecko) Chrome/112.0.0.0 Safari/537.36"
178.115.38.149 - - [27/Apr/2023:15:47:33 +0200] "GET /gui/javascript/form_form.js?1682603253 HTTP/1.1" 200 16206 "http://hausegger.activities.at/entry.php?id=10271&&ser=603192" "Mozilla/5.0 (Windows NT 10.0; Win64; x64) AppleWebKit/537.36 (KHTML, like Gecko) Chrome/112.0.0.0 Safari/537.36"
46.206.243.80 - - [27/Apr/2023:15:48:00 +0200] "GET /entry.php?id=10271&&ser=603219 HTTP/1.1" 200 986 "http://hausegger.activities.at/entry.php?id=10271&&ser=603158" "Mozilla/5.0 (Windows NT 10.0; Win64; x64) AppleWebKit/537.36 (KHTML, like Gecko) Chrome/109.0.0.0 Safari/537.36"
46.206.243.80 - - [27/Apr/2023:15:48:00 +0200] "GET /gui/javascript/form_form.js?1682603280 HTTP/1.1" 200 16206 "http://hausegger.activities.at/entry.php?id=10271&&ser=603219" "Mozilla/5.0 (Windows NT 10.0; Win64; x64) AppleWebKit/537.36 (KHTML, like Gecko) Chrome/109.0.0.0 Safari/537.36"
178.115.38.149 - - [27/Apr/2023:15:48:11 +0200] "GET /entry.php?id=10271&&ser=603231 HTTP/1.1" 200 986 "http://hausegger.activities.at/entry.php?id=10271&&ser=603170" "Mozilla/5.0 (Windows NT 10.0; Win64; x64; rv:109.0) Gecko/20100101 Firefox/112.0"
178.115.38.149 - - [27/Apr/2023:15:48:11 +0200] "GET /gui/javascript/form_form.js?1682603291 HTTP/1.1" 200 16206 "http://hausegger.activities.at/entry.php?id=10271&&ser=603231" "Mozilla/5.0 (Windows NT 10.0; Win64; x64; rv:109.0) Gecko/20100101 Firefox/112.0"
178.115.38.149 - - [27/Apr/2023:15:48:34 +0200] "GET /entry.php?id=10271&&ser=603253 HTTP/1.1" 200 987 "http://hausegger.activities.at/entry.php?id=10271&&ser=603192" "Mozilla/5.0 (Windows NT 10.0; Win64; x64) AppleWebKit/537.36 (KHTML, like Gecko) Chrome/112.0.0.0 Safari/537.36"
178.115.38.149 - - [27/Apr/2023:15:48:34 +0200] "GET /gui/javascript/form_form.js?1682603314 HTTP/1.1" 200 16206 "http://hausegger.activities.at/entry.php?id=10271&&ser=603253" "Mozilla/5.0 (Windows NT 10.0; Win64; x64) AppleWebKit/537.36 (KHTML, like Gecko) Chrome/112.0.0.0 Safari/537.36"
46.206.243.80 - - [27/Apr/2023:15:49:01 +0200] "GET /entry.php?id=10271&&ser=603280 HTTP/1.1" 200 986 "http://hausegger.activities.at/entry.php?id=10271&&ser=603219" "Mozilla/5.0 (Windows NT 10.0; Win64; x64) AppleWebKit/537.36 (KHTML, like Gecko) Chrome/109.0.0.0 Safari/537.36"
46.206.243.80 - - [27/Apr/2023:15:49:01 +0200] "GET /gui/javascript/form_form.js?1682603341 HTTP/1.1" 200 16206 "http://hausegger.activities.at/entry.php?id=10271&&ser=603280" "Mozilla/5.0 (Windows NT 10.0; Win64; x64) AppleWebKit/537.36 (KHTML, like Gecko) Chrome/109.0.0.0 Safari/537.36"
178.115.38.149 - - [27/Apr/2023:15:49:11 +0200] "GET /entry.php?id=10271&&ser=603291 HTTP/1.1" 200 987 "http://hausegger.activities.at/entry.php?id=10271&&ser=603231" "Mozilla/5.0 (Windows NT 10.0; Win64; x64; rv:109.0) Gecko/20100101 Firefox/112.0"
178.115.38.149 - - [27/Apr/2023:15:49:12 +0200] "GET /gui/javascript/form_form.js?1682603352 HTTP/1.1" 200 16206 "http://hausegger.activities.at/entry.php?id=10271&&ser=603291" "Mozilla/5.0 (Windows NT 10.0; Win64; x64; rv:109.0) Gecko/20100101 Firefox/112.0"
178.115.38.149 - - [27/Apr/2023:15:49:35 +0200] "GET /entry.php?id=10271&&ser=603314 HTTP/1.1" 200 986 "http://hausegger.activities.at/entry.php?id=10271&&ser=603253" "Mozilla/5.0 (Windows NT 10.0; Win64; x64) AppleWebKit/537.36 (KHTML, like Gecko) Chrome/112.0.0.0 Safari/537.36"
178.115.38.149 - - [27/Apr/2023:15:49:35 +0200] "GET /gui/javascript/form_form.js?1682603375 HTTP/1.1" 200 16206 "http://hausegger.activities.at/entry.php?id=10271&&ser=603314" "Mozilla/5.0 (Windows NT 10.0; Win64; x64) AppleWebKit/537.36 (KHTML, like Gecko) Chrome/112.0.0.0 Safari/537.36"
46.206.243.80 - - [27/Apr/2023:15:50:02 +0200] "GET /entry.php?id=10271&&ser=603341 HTTP/1.1" 200 987 "http://hausegger.activities.at/entry.php?id=10271&&ser=603280" "Mozilla/5.0 (Windows NT 10.0; Win64; x64) AppleWebKit/537.36 (KHTML, like Gecko) Chrome/109.0.0.0 Safari/537.36"
46.206.243.80 - - [27/Apr/2023:15:50:02 +0200] "GET /gui/javascript/form_form.js?1682603402 HTTP/1.1" 200 16206 "http://hausegger.activities.at/entry.php?id=10271&&ser=603341" "Mozilla/5.0 (Windows NT 10.0; Win64; x64) AppleWebKit/537.36 (KHTML, like Gecko) Chrome/109.0.0.0 Safari/537.36"
178.115.38.149 - - [27/Apr/2023:15:50:12 +0200] "GET /entry.php?id=10271&&ser=603352 HTTP/1.1" 200 987 "http://hausegger.activities.at/entry.php?id=10271&&ser=603291" "Mozilla/5.0 (Windows NT 10.0; Win64; x64; rv:109.0) Gecko/20100101 Firefox/112.0"
178.115.38.149 - - [27/Apr/2023:15:50:12 +0200] "GET /gui/javascript/form_form.js?1682603412 HTTP/1.1" 200 16206 "http://hausegger.activities.at/entry.php?id=10271&&ser=603352" "Mozilla/5.0 (Windows NT 10.0; Win64; x64; rv:109.0) Gecko/20100101 Firefox/112.0"
178.115.38.149 - - [27/Apr/2023:15:50:36 +0200] "GET /entry.php?id=10271&&ser=603375 HTTP/1.1" 200 987 "http://hausegger.activities.at/entry.php?id=10271&&ser=603314" "Mozilla/5.0 (Windows NT 10.0; Win64; x64) AppleWebKit/537.36 (KHTML, like Gecko) Chrome/112.0.0.0 Safari/537.36"
178.115.38.149 - - [27/Apr/2023:15:50:36 +0200] "GET /gui/javascript/form_form.js?1682603436 HTTP/1.1" 200 16206 "http://hausegger.activities.at/entry.php?id=10271&&ser=603375" "Mozilla/5.0 (Windows NT 10.0; Win64; x64) AppleWebKit/537.36 (KHTML, like Gecko) Chrome/112.0.0.0 Safari/537.36"
46.206.243.80 - - [27/Apr/2023:15:51:03 +0200] "GET /entry.php?id=10271&&ser=603402 HTTP/1.1" 200 987 "http://hausegger.activities.at/entry.php?id=10271&&ser=603341" "Mozilla/5.0 (Windows NT 10.0; Win64; x64) AppleWebKit/537.36 (KHTML, like Gecko) Chrome/109.0.0.0 Safari/537.36"
46.206.243.80 - - [27/Apr/2023:15:51:03 +0200] "GET /gui/javascript/form_form.js?1682603463 HTTP/1.1" 200 16206 "http://hausegger.activities.at/entry.php?id=10271&&ser=603402" "Mozilla/5.0 (Windows NT 10.0; Win64; x64) AppleWebKit/537.36 (KHTML, like Gecko) Chrome/109.0.0.0 Safari/537.36"
178.115.38.149 - - [27/Apr/2023:15:51:12 +0200] "GET /entry.php?id=10271&&ser=603412 HTTP/1.1" 200 987 "http://hausegger.activities.at/entry.php?id=10271&&ser=603352" "Mozilla/5.0 (Windows NT 10.0; Win64; x64; rv:109.0) Gecko/20100101 Firefox/112.0"
178.115.38.149 - - [27/Apr/2023:15:51:13 +0200] "GET /gui/javascript/form_form.js?1682603472 HTTP/1.1" 200 16206 "http://hausegger.activities.at/entry.php?id=10271&&ser=603412" "Mozilla/5.0 (Windows NT 10.0; Win64; x64; rv:109.0) Gecko/20100101 Firefox/112.0"
178.115.38.149 - - [27/Apr/2023:15:51:12 +0200] "GET /entry.php?id=10828 HTTP/1.1" 200 9142 "http://hausegger.activities.at/entry.php?id=10270&__app__=10006038" "Mozilla/5.0 (Windows NT 10.0; Win64; x64; rv:109.0) Gecko/20100101 Firefox/112.0"
178.115.38.149 - - [27/Apr/2023:15:51:13 +0200] "GET /gui/javascript/form_form.js?1682603473 HTTP/1.1" 200 16206 "http://hausegger.activities.at/entry.php?id=10828" "Mozilla/5.0 (Windows NT 10.0; Win64; x64; rv:109.0) Gecko/20100101 Firefox/112.0"
178.115.38.149 - - [27/Apr/2023:15:51:13 +0200] "GET /entry.php?id=10889&document_id=& HTTP/1.1" 200 1509 "http://hausegger.activities.at/entry.php?id=10828" "Mozilla/5.0 (Windows NT 10.0; Win64; x64; rv:109.0) Gecko/20100101 Firefox/112.0"
178.115.38.149 - - [27/Apr/2023:15:51:16 +0200] "GET /entry.php?id=11237&type=10665 HTTP/1.1" 200 276 "http://hausegger.activities.at/entry.php?id=10828" "Mozilla/5.0 (Windows NT 10.0; Win64; x64; rv:109.0) Gecko/20100101 Firefox/112.0"
178.115.38.149 - - [27/Apr/2023:15:51:16 +0200] "GET /entry.php?id=10676&&title=Belegsuche HTTP/1.1" 200 1391 "http://hausegger.activities.at/entry.php?id=11237&type=10665" "Mozilla/5.0 (Windows NT 10.0; Win64; x64; rv:109.0) Gecko/20100101 Firefox/112.0"
178.115.38.149 - - [27/Apr/2023:15:51:16 +0200] "GET /gui/javascript/form_form.js?1682603476 HTTP/1.1" 200 16206 "http://hausegger.activities.at/entry.php?id=10676&&title=Belegsuche" "Mozilla/5.0 (Windows NT 10.0; Win64; x64; rv:109.0) Gecko/20100101 Firefox/112.0"
178.115.38.149 - - [27/Apr/2023:15:51:16 +0200] "GET /entry.php?id=11240&mode=document&form=10665& HTTP/1.1" 200 2672 "http://hausegger.activities.at/entry.php?id=11237&type=10665" "Mozilla/5.0 (Windows NT 10.0; Win64; x64; rv:109.0) Gecko/20100101 Firefox/112.0"
178.115.38.149 - - [27/Apr/2023:15:51:17 +0200] "GET /gui/javascript/form_bu_document_workflow.js?1682603477 HTTP/1.1" 200 4900 "http://hausegger.activities.at/entry.php?id=11240&mode=document&form=10665&" "Mozilla/5.0 (Windows NT 10.0; Win64; x64; rv:109.0) Gecko/20100101 Firefox/112.0"
178.115.38.149 - - [27/Apr/2023:15:51:17 +0200] "GET /gui/javascript/form_form.js?1682603477 HTTP/1.1" 200 16206 "http://hausegger.activities.at/entry.php?id=11240&mode=document&form=10665&" "Mozilla/5.0 (Windows NT 10.0; Win64; x64; rv:109.0) Gecko/20100101 Firefox/112.0"
178.115.38.149 - - [27/Apr/2023:15:51:16 +0200] "GET /entry.php?id=11238&mode=document&form=10665& HTTP/1.1" 200 3304 "http://hausegger.activities.at/entry.php?id=11237&type=10665" "Mozilla/5.0 (Windows NT 10.0; Win64; x64; rv:109.0) Gecko/20100101 Firefox/112.0"
178.115.38.149 - - [27/Apr/2023:15:51:17 +0200] "GET /gui/images/icons/kalender.gif HTTP/1.1" 200 564 "http://hausegger.activities.at/entry.php?id=11238&mode=document&form=10665&" "Mozilla/5.0 (Windows NT 10.0; Win64; x64; rv:109.0) Gecko/20100101 Firefox/112.0"
178.115.38.149 - - [27/Apr/2023:15:51:16 +0200] "GET /entry.php?id=11239&mode=document&form=10665& HTTP/1.1" 200 2018 "http://hausegger.activities.at/entry.php?id=11237&type=10665" "Mozilla/5.0 (Windows NT 10.0; Win64; x64; rv:109.0) Gecko/20100101 Firefox/112.0"
178.115.38.149 - - [27/Apr/2023:15:51:17 +0200] "GET /entry.php?id=10776&form=11066&name=list& HTTP/1.1" 200 1513 "http://hausegger.activities.at/entry.php?id=11240&mode=document&form=10665&" "Mozilla/5.0 (Windows NT 10.0; Win64; x64; rv:109.0) Gecko/20100101 Firefox/112.0"
178.115.38.149 - - [27/Apr/2023:15:51:17 +0200] "GET /entry.php?id=10778&form=11066&name=list& HTTP/1.1" 200 2586 "http://hausegger.activities.at/entry.php?id=11240&mode=document&form=10665&" "Mozilla/5.0 (Windows NT 10.0; Win64; x64; rv:109.0) Gecko/20100101 Firefox/112.0"
178.115.38.149 - - [27/Apr/2023:15:51:18 +0200] "POST /entry.php?id=11240 HTTP/1.1" 200 2672 "http://hausegger.activities.at/entry.php?id=11240&mode=document&form=10665&" "Mozilla/5.0 (Windows NT 10.0; Win64; x64; rv:109.0) Gecko/20100101 Firefox/112.0"
178.115.38.149 - - [27/Apr/2023:15:51:18 +0200] "GET /gui/javascript/form_bu_document_workflow.js?1682603478 HTTP/1.1" 200 4900 "http://hausegger.activities.at/entry.php?id=11240" "Mozilla/5.0 (Windows NT 10.0; Win64; x64; rv:109.0) Gecko/20100101 Firefox/112.0"
178.115.38.149 - - [27/Apr/2023:15:51:18 +0200] "GET /gui/javascript/form_form.js?1682603478 HTTP/1.1" 200 16206 "http://hausegger.activities.at/entry.php?id=11240" "Mozilla/5.0 (Windows NT 10.0; Win64; x64; rv:109.0) Gecko/20100101 Firefox/112.0"
178.115.38.149 - - [27/Apr/2023:15:51:18 +0200] "GET /entry.php?id=10776&form=11066&name=list& HTTP/1.1" 200 1513 "http://hausegger.activities.at/entry.php?id=11240" "Mozilla/5.0 (Windows NT 10.0; Win64; x64; rv:109.0) Gecko/20100101 Firefox/112.0"
178.115.38.149 - - [27/Apr/2023:15:51:18 +0200] "GET /entry.php?id=10778&form=11066&name=list& HTTP/1.1" 200 2905 "http://hausegger.activities.at/entry.php?id=11240" "Mozilla/5.0 (Windows NT 10.0; Win64; x64; rv:109.0) Gecko/20100101 Firefox/112.0"
178.115.38.149 - - [27/Apr/2023:15:51:22 +0200] "GET /framework/icons/rowselect.gif HTTP/1.1" 200 67 "http://hausegger.activities.at/entry.php?id=10778&form=11066&name=list&" "Mozilla/5.0 (Windows NT 10.0; Win64; x64; rv:109.0) Gecko/20100101 Firefox/112.0"
178.115.38.149 - - [27/Apr/2023:15:51:23 +0200] "POST /entry.php?id=10828 HTTP/1.1" 200 8733 "http://hausegger.activities.at/entry.php?id=10828" "Mozilla/5.0 (Windows NT 10.0; Win64; x64; rv:109.0) Gecko/20100101 Firefox/112.0"
178.115.38.149 - - [27/Apr/2023:15:51:24 +0200] "GET /gui/javascript/form_form.js?1682603484 HTTP/1.1" 200 16206 "http://hausegger.activities.at/entry.php?id=10828" "Mozilla/5.0 (Windows NT 10.0; Win64; x64; rv:109.0) Gecko/20100101 Firefox/112.0"
178.115.38.149 - - [27/Apr/2023:15:51:24 +0200] "GET /entry.php?id=10889&document_id=10322111& HTTP/1.1" 200 1509 "http://hausegger.activities.at/entry.php?id=10828" "Mozilla/5.0 (Windows NT 10.0; Win64; x64; rv:109.0) Gecko/20100101 Firefox/112.0"
178.115.38.149 - - [27/Apr/2023:15:51:37 +0200] "GET /entry.php?id=10271&&ser=603436 HTTP/1.1" 200 987 "http://hausegger.activities.at/entry.php?id=10271&&ser=603375" "Mozilla/5.0 (Windows NT 10.0; Win64; x64) AppleWebKit/537.36 (KHTML, like Gecko) Chrome/112.0.0.0 Safari/537.36"
178.115.38.149 - - [27/Apr/2023:15:51:37 +0200] "GET /gui/javascript/form_form.js?1682603497 HTTP/1.1" 200 16206 "http://hausegger.activities.at/entry.php?id=10271&&ser=603436" "Mozilla/5.0 (Windows NT 10.0; Win64; x64) AppleWebKit/537.36 (KHTML, like Gecko) Chrome/112.0.0.0 Safari/537.36"
178.115.38.149 - - [27/Apr/2023:15:51:41 +0200] "POST /entry.php?id=10828 HTTP/1.1" 200 4780 "http://hausegger.activities.at/entry.php?id=10828" "Mozilla/5.0 (Windows NT 10.0; Win64; x64; rv:109.0) Gecko/20100101 Firefox/112.0"
178.115.38.149 - - [27/Apr/2023:15:51:42 +0200] "GET /gui/javascript/form_form.js?1682603501 HTTP/1.1" 200 16206 "http://hausegger.activities.at/entry.php?id=10828" "Mozilla/5.0 (Windows NT 10.0; Win64; x64; rv:109.0) Gecko/20100101 Firefox/112.0"
178.115.38.149 - - [27/Apr/2023:15:51:42 +0200] "GET /entry.php?id=10830&&object=10322111&account=&mode=documentdebitor HTTP/1.1" 200 5600 "http://hausegger.activities.at/entry.php?id=10828" "Mozilla/5.0 (Windows NT 10.0; Win64; x64; rv:109.0) Gecko/20100101 Firefox/112.0"
178.115.38.149 - - [27/Apr/2023:15:51:42 +0200] "GET /gui/javascript/form_form.js?1682603502 HTTP/1.1" 200 16206 "http://hausegger.activities.at/entry.php?id=10830&&object=10322111&account=&mode=documentdebitor" "Mozilla/5.0 (Windows NT 10.0; Win64; x64; rv:109.0) Gecko/20100101 Firefox/112.0"
178.115.38.149 - - [27/Apr/2023:15:51:42 +0200] "GET /entry.php?id=10889&document_id=10322111& HTTP/1.1" 200 1509 "http://hausegger.activities.at/entry.php?id=10828" "Mozilla/5.0 (Windows NT 10.0; Win64; x64; rv:109.0) Gecko/20100101 Firefox/112.0"
178.115.38.149 - - [27/Apr/2023:15:51:48 +0200] "POST /entry.php?id=10889 HTTP/1.1" 200 1663 "http://hausegger.activities.at/entry.php?id=10889&document_id=10322111&" "Mozilla/5.0 (Windows NT 10.0; Win64; x64; rv:109.0) Gecko/20100101 Firefox/112.0"
178.115.38.149 - - [27/Apr/2023:15:51:48 +0200] "GET /gui/javascript/form_form.js?1682603508 HTTP/1.1" 200 16206 "http://hausegger.activities.at/entry.php?id=10889" "Mozilla/5.0 (Windows NT 10.0; Win64; x64; rv:109.0) Gecko/20100101 Firefox/112.0"
178.115.38.149 - - [27/Apr/2023:15:51:51 +0200] "POST /entry.php?id=10889 HTTP/1.1" 200 1820 "http://hausegger.activities.at/entry.php?id=10889" "Mozilla/5.0 (Windows NT 10.0; Win64; x64; rv:109.0) Gecko/20100101 Firefox/112.0"
178.115.38.149 - - [27/Apr/2023:15:51:52 +0200] "GET /gui/javascript/form_form.js?1682603512 HTTP/1.1" 200 16206 "http://hausegger.activities.at/entry.php?id=10889" "Mozilla/5.0 (Windows NT 10.0; Win64; x64; rv:109.0) Gecko/20100101 Firefox/112.0"
178.115.38.149 - - [27/Apr/2023:15:51:56 +0200] "GET /entry.php?id=10877&mode=loadSearchArticle&obj=article_4&tag=debit&refobject=10322111&value=7&ser=1682603516481 HTTP/1.1" 200 3957 "http://hausegger.activities.at/entry.php?id=10830&&object=10322111&account=&mode=documentdebitor" "Mozilla/5.0 (Windows NT 10.0; Win64; x64; rv:109.0) Gecko/20100101 Firefox/112.0"
178.115.38.149 - - [27/Apr/2023:15:51:57 +0200] "GET /entry.php?id=10877&mode=loadSearchArticle&obj=article_4&tag=debit&refobject=10322111&value=76&ser=1682603517089 HTTP/1.1" 200 1989 "http://hausegger.activities.at/entry.php?id=10830&&object=10322111&account=&mode=documentdebitor" "Mozilla/5.0 (Windows NT 10.0; Win64; x64; rv:109.0) Gecko/20100101 Firefox/112.0"
178.115.38.149 - - [27/Apr/2023:15:51:57 +0200] "GET /entry.php?id=10877&mode=loadSearchArticle&obj=article_4&tag=debit&refobject=10322111&value=760&ser=1682603517281 HTTP/1.1" 200 779 "http://hausegger.activities.at/entry.php?id=10830&&object=10322111&account=&mode=documentdebitor" "Mozilla/5.0 (Windows NT 10.0; Win64; x64; rv:109.0) Gecko/20100101 Firefox/112.0"
178.115.38.149 - - [27/Apr/2023:15:51:57 +0200] "GET /entry.php?id=10877&mode=loadSearchArticle&obj=article_4&tag=debit&refobject=10322111&value=760-&ser=1682603517537 HTTP/1.1" 200 338 "http://hausegger.activities.at/entry.php?id=10830&&object=10322111&account=&mode=documentdebitor" "Mozilla/5.0 (Windows NT 10.0; Win64; x64; rv:109.0) Gecko/20100101 Firefox/112.0"
178.115.38.149 - - [27/Apr/2023:15:51:58 +0200] "GET /entry.php?id=10877&mode=loadSearchArticle&obj=article_4&tag=debit&refobject=10322111&value=760-5&ser=1682603518065 HTTP/1.1" 200 285 "http://hausegger.activities.at/entry.php?id=10830&&object=10322111&account=&mode=documentdebitor" "Mozilla/5.0 (Windows NT 10.0; Win64; x64; rv:109.0) Gecko/20100101 Firefox/112.0"
178.115.38.149 - - [27/Apr/2023:15:51:58 +0200] "GET /entry.php?id=10877&mode=loadSearchArticle&obj=article_4&tag=debit&refobject=10322111&value=760-52&ser=1682603518281 HTTP/1.1" 200 285 "http://hausegger.activities.at/entry.php?id=10830&&object=10322111&account=&mode=documentdebitor" "Mozilla/5.0 (Windows NT 10.0; Win64; x64; rv:109.0) Gecko/20100101 Firefox/112.0"
178.115.38.149 - - [27/Apr/2023:15:52:01 +0200] "POST /entry.php?id=10889 HTTP/1.1" 200 1968 "http://hausegger.activities.at/entry.php?id=10889" "Mozilla/5.0 (Windows NT 10.0; Win64; x64; rv:109.0) Gecko/20100101 Firefox/112.0"
178.115.38.149 - - [27/Apr/2023:15:52:01 +0200] "GET /gui/javascript/form_form.js?1682603521 HTTP/1.1" 200 16206 "http://hausegger.activities.at/entry.php?id=10889" "Mozilla/5.0 (Windows NT 10.0; Win64; x64; rv:109.0) Gecko/20100101 Firefox/112.0"
178.115.38.149 - - [27/Apr/2023:15:52:01 +0200] "POST /entry.php?id=10889 HTTP/1.1" 200 1723 "http://hausegger.activities.at/entry.php?id=10889" "Mozilla/5.0 (Windows NT 10.0; Win64; x64; rv:109.0) Gecko/20100101 Firefox/112.0"
178.115.38.149 - - [27/Apr/2023:15:52:02 +0200] "GET /gui/javascript/form_form.js?1682603522 HTTP/1.1" 200 16206 "http://hausegger.activities.at/entry.php?id=10889" "Mozilla/5.0 (Windows NT 10.0; Win64; x64; rv:109.0) Gecko/20100101 Firefox/112.0"
46.206.243.80 - - [27/Apr/2023:15:52:04 +0200] "GET /entry.php?id=10271&&ser=603463 HTTP/1.1" 200 987 "http://hausegger.activities.at/entry.php?id=10271&&ser=603402" "Mozilla/5.0 (Windows NT 10.0; Win64; x64) AppleWebKit/537.36 (KHTML, like Gecko) Chrome/109.0.0.0 Safari/537.36"
46.206.243.80 - - [27/Apr/2023:15:52:04 +0200] "GET /gui/javascript/form_form.js?1682603524 HTTP/1.1" 200 16206 "http://hausegger.activities.at/entry.php?id=10271&&ser=603463" "Mozilla/5.0 (Windows NT 10.0; Win64; x64) AppleWebKit/537.36 (KHTML, like Gecko) Chrome/109.0.0.0 Safari/537.36"
178.115.38.149 - - [27/Apr/2023:15:52:10 +0200] "POST /entry.php?id=10889 HTTP/1.1" 200 1854 "http://hausegger.activities.at/entry.php?id=10889" "Mozilla/5.0 (Windows NT 10.0; Win64; x64; rv:109.0) Gecko/20100101 Firefox/112.0"
178.115.38.149 - - [27/Apr/2023:15:52:11 +0200] "GET /gui/javascript/form_form.js?1682603531 HTTP/1.1" 200 16206 "http://hausegger.activities.at/entry.php?id=10889" "Mozilla/5.0 (Windows NT 10.0; Win64; x64; rv:109.0) Gecko/20100101 Firefox/112.0"
178.115.38.149 - - [27/Apr/2023:15:52:12 +0200] "POST /entry.php?id=10889 HTTP/1.1" 200 1747 "http://hausegger.activities.at/entry.php?id=10889" "Mozilla/5.0 (Windows NT 10.0; Win64; x64; rv:109.0) Gecko/20100101 Firefox/112.0"
