213.142.96.129 - - [23/May/2023:09:45:52 +0200] "GET /framework/icons/treeview/ftv2node.gif HTTP/1.1" 200 147 "http://212.69.160.11/entry.php?id=10680&" "Mozilla/5.0 (Windows NT 10.0; Win64; x64) AppleWebKit/537.36 (KHTML, like Gecko) Chrome/109.0.0.0 Safari/537.36"
213.142.96.129 - - [23/May/2023:09:45:52 +0200] "GET /framework/icons/treeview/ftv2pnode.gif HTTP/1.1" 200 133 "http://212.69.160.11/entry.php?id=10680&" "Mozilla/5.0 (Windows NT 10.0; Win64; x64) AppleWebKit/537.36 (KHTML, like Gecko) Chrome/109.0.0.0 Safari/537.36"
213.142.96.129 - - [23/May/2023:09:45:52 +0200] "GET /framework/icons/treeview/ftv2folderclosed.gif HTTP/1.1" 200 161 "http://212.69.160.11/entry.php?id=10680&" "Mozilla/5.0 (Windows NT 10.0; Win64; x64) AppleWebKit/537.36 (KHTML, like Gecko) Chrome/109.0.0.0 Safari/537.36"
213.142.96.129 - - [23/May/2023:09:45:51 +0200] "GET /entry.php?id=10678& HTTP/1.1" 200 6803 "http://212.69.160.11/entry.php?id=10677" "Mozilla/5.0 (Windows NT 10.0; Win64; x64) AppleWebKit/537.36 (KHTML, like Gecko) Chrome/109.0.0.0 Safari/537.36"
213.142.96.129 - - [23/May/2023:09:45:52 +0200] "GET /framework/icons/treeview/ftv2vertline.gif HTTP/1.1" 200 140 "http://212.69.160.11/entry.php?id=10680&" "Mozilla/5.0 (Windows NT 10.0; Win64; x64) AppleWebKit/537.36 (KHTML, like Gecko) Chrome/109.0.0.0 Safari/537.36"
213.142.96.129 - - [23/May/2023:09:45:52 +0200] "GET /framework/icons/treeview/ftv2plastnode.gif HTTP/1.1" 200 130 "http://212.69.160.11/entry.php?id=10680&" "Mozilla/5.0 (Windows NT 10.0; Win64; x64) AppleWebKit/537.36 (KHTML, like Gecko) Chrome/109.0.0.0 Safari/537.36"
213.142.96.129 - - [23/May/2023:09:45:52 +0200] "GET /framework/icons/treeview/ftv2blank.gif HTTP/1.1" 200 135 "http://212.69.160.11/entry.php?id=10680&" "Mozilla/5.0 (Windows NT 10.0; Win64; x64) AppleWebKit/537.36 (KHTML, like Gecko) Chrome/109.0.0.0 Safari/537.36"
213.142.96.129 - - [23/May/2023:09:45:52 +0200] "GET /entry.php?id=10776&form=10523&name=list& HTTP/1.1" 200 1631 "http://212.69.160.11/entry.php?id=10679&" "Mozilla/5.0 (Windows NT 10.0; Win64; x64) AppleWebKit/537.36 (KHTML, like Gecko) Chrome/109.0.0.0 Safari/537.36"
213.142.96.129 - - [23/May/2023:09:45:52 +0200] "GET /entry.php?id=10778&form=10523&name=list& HTTP/1.1" 200 2494 "http://212.69.160.11/entry.php?id=10679&" "Mozilla/5.0 (Windows NT 10.0; Win64; x64) AppleWebKit/537.36 (KHTML, like Gecko) Chrome/109.0.0.0 Safari/537.36"
213.142.96.129 - - [23/May/2023:09:45:52 +0200] "GET /gui/javascript/form_form.js?1684827952 HTTP/1.1" 200 16206 "http://212.69.160.11/entry.php?id=10678&" "Mozilla/5.0 (Windows NT 10.0; Win64; x64) AppleWebKit/537.36 (KHTML, like Gecko) Chrome/109.0.0.0 Safari/537.36"
213.142.96.129 - - [23/May/2023:09:45:57 +0200] "GET /entry.php?id=10271&&ser=827896 HTTP/1.1" 200 987 "http://212.69.160.11/entry.php?id=10271&" "Mozilla/5.0 (Windows NT 10.0; Win64; x64) AppleWebKit/537.36 (KHTML, like Gecko) Chrome/109.0.0.0 Safari/537.36"
213.142.96.129 - - [23/May/2023:09:45:57 +0200] "GET /gui/javascript/form_form.js?1684827957 HTTP/1.1" 200 16206 "http://212.69.160.11/entry.php?id=10271&&ser=827896" "Mozilla/5.0 (Windows NT 10.0; Win64; x64) AppleWebKit/537.36 (KHTML, like Gecko) Chrome/109.0.0.0 Safari/537.36"
194.165.16.10 - - [23/May/2023:09:46:24 +0200] "\x03" 400 383 "-" "-"
213.142.96.129 - - [23/May/2023:09:46:45 +0200] "GET / HTTP/1.1" 200 274 "-" "Mozilla/5.0 (Windows NT 10.0; Win64; x64) AppleWebKit/537.36 (KHTML, like Gecko) Chrome/109.0.0.0 Safari/537.36"
213.142.96.129 - - [23/May/2023:09:46:46 +0200] "GET /layout.php HTTP/1.1" 200 815 "http://hausegger.activities.at/" "Mozilla/5.0 (Windows NT 10.0; Win64; x64) AppleWebKit/537.36 (KHTML, like Gecko) Chrome/109.0.0.0 Safari/537.36"
213.142.96.129 - - [23/May/2023:09:46:46 +0200] "GET /activities.ico HTTP/1.1" 200 1406 "http://hausegger.activities.at/" "Mozilla/5.0 (Windows NT 10.0; Win64; x64) AppleWebKit/537.36 (KHTML, like Gecko) Chrome/109.0.0.0 Safari/537.36"
213.142.96.129 - - [23/May/2023:09:46:46 +0200] "GET /gui/javascript/form_form.js HTTP/1.1" 200 16206 "http://hausegger.activities.at/layout.php" "Mozilla/5.0 (Windows NT 10.0; Win64; x64) AppleWebKit/537.36 (KHTML, like Gecko) Chrome/109.0.0.0 Safari/537.36"
213.142.96.129 - - [23/May/2023:09:46:46 +0200] "GET /entry.php?id=10273 HTTP/1.1" 200 1902 "http://hausegger.activities.at/layout.php" "Mozilla/5.0 (Windows NT 10.0; Win64; x64) AppleWebKit/537.36 (KHTML, like Gecko) Chrome/109.0.0.0 Safari/537.36"
213.142.96.129 - - [23/May/2023:09:46:47 +0200] "GET /gui/javascript/jquery/css/gui-themes/ui.spinner.css HTTP/1.1" 200 350 "http://hausegger.activities.at/entry.php?id=10273" "Mozilla/5.0 (Windows NT 10.0; Win64; x64) AppleWebKit/537.36 (KHTML, like Gecko) Chrome/109.0.0.0 Safari/537.36"
213.142.96.129 - - [23/May/2023:09:46:47 +0200] "GET /gui/javascript/jquery/css/gui-themes/custom.min.css HTTP/1.1" 200 5618 "http://hausegger.activities.at/entry.php?id=10273" "Mozilla/5.0 (Windows NT 10.0; Win64; x64) AppleWebKit/537.36 (KHTML, like Gecko) Chrome/109.0.0.0 Safari/537.36"
213.142.96.129 - - [23/May/2023:09:46:47 +0200] "GET /gui/javascript/jquery/css/gui-themes/jquery.tooltip.css HTTP/1.1" 200 246 "http://hausegger.activities.at/entry.php?id=10273" "Mozilla/5.0 (Windows NT 10.0; Win64; x64) AppleWebKit/537.36 (KHTML, like Gecko) Chrome/109.0.0.0 Safari/537.36"
213.142.96.129 - - [23/May/2023:09:46:46 +0200] "GET /entry.php?id=10270 HTTP/1.1" 200 908 "http://hausegger.activities.at/layout.php" "Mozilla/5.0 (Windows NT 10.0; Win64; x64) AppleWebKit/537.36 (KHTML, like Gecko) Chrome/109.0.0.0 Safari/537.36"
213.142.96.129 - - [23/May/2023:09:46:46 +0200] "GET /entry.php?id=11412 HTTP/1.1" 200 1758 "http://hausegger.activities.at/layout.php" "Mozilla/5.0 (Windows NT 10.0; Win64; x64) AppleWebKit/537.36 (KHTML, like Gecko) Chrome/109.0.0.0 Safari/537.36"
213.142.96.129 - - [23/May/2023:09:46:46 +0200] "GET /entry.php?id=10272 HTTP/1.1" 200 1159 "http://hausegger.activities.at/layout.php" "Mozilla/5.0 (Windows NT 10.0; Win64; x64) AppleWebKit/537.36 (KHTML, like Gecko) Chrome/109.0.0.0 Safari/537.36"
213.142.96.129 - - [23/May/2023:09:46:47 +0200] "GET /gui/styles/tmplDefault.css HTTP/1.1" 200 2135 "http://hausegger.activities.at/entry.php?id=11412" "Mozilla/5.0 (Windows NT 10.0; Win64; x64) AppleWebKit/537.36 (KHTML, like Gecko) Chrome/109.0.0.0 Safari/537.36"
213.142.96.129 - - [23/May/2023:09:46:47 +0200] "GET /framework/webfx/style/toolbar/cb2.css HTTP/1.1" 200 793 "http://hausegger.activities.at/entry.php?id=10273" "Mozilla/5.0 (Windows NT 10.0; Win64; x64) AppleWebKit/537.36 (KHTML, like Gecko) Chrome/109.0.0.0 Safari/537.36"
213.142.96.129 - - [23/May/2023:09:46:47 +0200] "GET /gui/javascript/jquery/jquery-tooltip/jquery.tooltip.min.js HTTP/1.1" 200 1982 "http://hausegger.activities.at/entry.php?id=10273" "Mozilla/5.0 (Windows NT 10.0; Win64; x64) AppleWebKit/537.36 (KHTML, like Gecko) Chrome/109.0.0.0 Safari/537.36"
213.142.96.129 - - [23/May/2023:09:46:47 +0200] "GET /gui/javascript/form_form.js?1684828006 HTTP/1.1" 200 16206 "http://hausegger.activities.at/entry.php?id=10273" "Mozilla/5.0 (Windows NT 10.0; Win64; x64) AppleWebKit/537.36 (KHTML, like Gecko) Chrome/109.0.0.0 Safari/537.36"
213.142.96.129 - - [23/May/2023:09:46:47 +0200] "GET /gui/javascript/jquery/js/jquery-1.8.2.js HTTP/1.1" 200 35391 "http://hausegger.activities.at/entry.php?id=10273" "Mozilla/5.0 (Windows NT 10.0; Win64; x64) AppleWebKit/537.36 (KHTML, like Gecko) Chrome/109.0.0.0 Safari/537.36"
213.142.96.129 - - [23/May/2023:09:46:47 +0200] "GET /framework/webfx/javascript/toolbar/ieemu.js HTTP/1.1" 200 2366 "http://hausegger.activities.at/entry.php?id=10273" "Mozilla/5.0 (Windows NT 10.0; Win64; x64) AppleWebKit/537.36 (KHTML, like Gecko) Chrome/109.0.0.0 Safari/537.36"
213.142.96.129 - - [23/May/2023:09:46:47 +0200] "GET /framework/webfx/javascript/toolbar/cb2.js HTTP/1.1" 200 1686 "http://hausegger.activities.at/entry.php?id=10273" "Mozilla/5.0 (Windows NT 10.0; Win64; x64) AppleWebKit/537.36 (KHTML, like Gecko) Chrome/109.0.0.0 Safari/537.36"
213.142.96.129 - - [23/May/2023:09:46:47 +0200] "GET /gui/javascript/jquery/js/jquery-ui-1.9.0.custom.min.js HTTP/1.1" 200 51286 "http://hausegger.activities.at/entry.php?id=10273" "Mozilla/5.0 (Windows NT 10.0; Win64; x64) AppleWebKit/537.36 (KHTML, like Gecko) Chrome/109.0.0.0 Safari/537.36"
213.142.96.129 - - [23/May/2023:09:46:47 +0200] "GET /framework/webfx/javascript/statusbar/statusBar.js HTTP/1.1" 200 649 "http://hausegger.activities.at/entry.php?id=10272" "Mozilla/5.0 (Windows NT 10.0; Win64; x64) AppleWebKit/537.36 (KHTML, like Gecko) Chrome/109.0.0.0 Safari/537.36"
213.142.96.129 - - [23/May/2023:09:46:47 +0200] "GET /gui/javascript/form_form.js?1684828007 HTTP/1.1" 200 16206 "http://hausegger.activities.at/entry.php?id=10270" "Mozilla/5.0 (Windows NT 10.0; Win64; x64) AppleWebKit/537.36 (KHTML, like Gecko) Chrome/109.0.0.0 Safari/537.36"
213.142.96.129 - - [23/May/2023:09:46:47 +0200] "GET /gui/images/icons/Logo_activites_RGB.gif HTTP/1.1" 200 1336 "http://hausegger.activities.at/entry.php?id=10273" "Mozilla/5.0 (Windows NT 10.0; Win64; x64) AppleWebKit/537.36 (KHTML, like Gecko) Chrome/109.0.0.0 Safari/537.36"
213.142.96.129 - - [23/May/2023:09:46:47 +0200] "GET /gui/images/icons/cancel.gif HTTP/1.1" 200 125 "http://hausegger.activities.at/entry.php?id=11412" "Mozilla/5.0 (Windows NT 10.0; Win64; x64) AppleWebKit/537.36 (KHTML, like Gecko) Chrome/109.0.0.0 Safari/537.36"
213.142.96.129 - - [23/May/2023:09:46:47 +0200] "GET /gui/images/emptybar.gif HTTP/1.1" 200 89 "http://hausegger.activities.at/entry.php?id=10272" "Mozilla/5.0 (Windows NT 10.0; Win64; x64) AppleWebKit/537.36 (KHTML, like Gecko) Chrome/109.0.0.0 Safari/537.36"
213.142.96.129 - - [23/May/2023:09:46:47 +0200] "GET /entry.php?id=10287 HTTP/1.1" 200 2385 "http://hausegger.activities.at/entry.php?id=11412" "Mozilla/5.0 (Windows NT 10.0; Win64; x64) AppleWebKit/537.36 (KHTML, like Gecko) Chrome/109.0.0.0 Safari/537.36"
213.142.96.129 - - [23/May/2023:09:46:47 +0200] "GET /entry.php?id=10271& HTTP/1.1" 200 933 "http://hausegger.activities.at/entry.php?id=10272" "Mozilla/5.0 (Windows NT 10.0; Win64; x64) AppleWebKit/537.36 (KHTML, like Gecko) Chrome/109.0.0.0 Safari/537.36"
213.142.96.129 - - [23/May/2023:09:46:47 +0200] "GET /entry.php?id=10270& HTTP/1.1" 200 908 "http://hausegger.activities.at/entry.php?id=10287" "Mozilla/5.0 (Windows NT 10.0; Win64; x64) AppleWebKit/537.36 (KHTML, like Gecko) Chrome/109.0.0.0 Safari/537.36"
213.142.96.129 - - [23/May/2023:09:46:47 +0200] "GET /entry.php?id=10273& HTTP/1.1" 200 1901 "http://hausegger.activities.at/entry.php?id=10287" "Mozilla/5.0 (Windows NT 10.0; Win64; x64) AppleWebKit/537.36 (KHTML, like Gecko) Chrome/109.0.0.0 Safari/537.36"
213.142.96.129 - - [23/May/2023:09:46:58 +0200] "GET /entry.php?id=10271&&ser=827957 HTTP/1.1" 200 986 "http://212.69.160.11/entry.php?id=10271&&ser=827896" "Mozilla/5.0 (Windows NT 10.0; Win64; x64) AppleWebKit/537.36 (KHTML, like Gecko) Chrome/109.0.0.0 Safari/537.36"
213.142.96.129 - - [23/May/2023:09:46:58 +0200] "GET /gui/javascript/form_form.js?1684828018 HTTP/1.1" 200 16206 "http://212.69.160.11/entry.php?id=10271&&ser=827957" "Mozilla/5.0 (Windows NT 10.0; Win64; x64) AppleWebKit/537.36 (KHTML, like Gecko) Chrome/109.0.0.0 Safari/537.36"
213.142.96.129 - - [23/May/2023:09:47:59 +0200] "GET /entry.php?id=10271&&ser=828018 HTTP/1.1" 200 987 "http://212.69.160.11/entry.php?id=10271&&ser=827957" "Mozilla/5.0 (Windows NT 10.0; Win64; x64) AppleWebKit/537.36 (KHTML, like Gecko) Chrome/109.0.0.0 Safari/537.36"
213.142.96.129 - - [23/May/2023:09:47:59 +0200] "GET /gui/javascript/form_form.js?1684828079 HTTP/1.1" 200 16206 "http://212.69.160.11/entry.php?id=10271&&ser=828018" "Mozilla/5.0 (Windows NT 10.0; Win64; x64) AppleWebKit/537.36 (KHTML, like Gecko) Chrome/109.0.0.0 Safari/537.36"
213.142.96.129 - - [23/May/2023:09:49:00 +0200] "GET /entry.php?id=10271&&ser=828079 HTTP/1.1" 200 986 "http://212.69.160.11/entry.php?id=10271&&ser=828018" "Mozilla/5.0 (Windows NT 10.0; Win64; x64) AppleWebKit/537.36 (KHTML, like Gecko) Chrome/109.0.0.0 Safari/537.36"
213.142.96.129 - - [23/May/2023:09:49:00 +0200] "GET /gui/javascript/form_form.js?1684828140 HTTP/1.1" 200 16206 "http://212.69.160.11/entry.php?id=10271&&ser=828079" "Mozilla/5.0 (Windows NT 10.0; Win64; x64) AppleWebKit/537.36 (KHTML, like Gecko) Chrome/109.0.0.0 Safari/537.36"
213.142.96.129 - - [23/May/2023:09:50:01 +0200] "GET /entry.php?id=10271&&ser=828140 HTTP/1.1" 200 986 "http://212.69.160.11/entry.php?id=10271&&ser=828079" "Mozilla/5.0 (Windows NT 10.0; Win64; x64) AppleWebKit/537.36 (KHTML, like Gecko) Chrome/109.0.0.0 Safari/537.36"
213.142.96.129 - - [23/May/2023:09:50:01 +0200] "GET /gui/javascript/form_form.js?1684828201 HTTP/1.1" 200 16206 "http://212.69.160.11/entry.php?id=10271&&ser=828140" "Mozilla/5.0 (Windows NT 10.0; Win64; x64) AppleWebKit/537.36 (KHTML, like Gecko) Chrome/109.0.0.0 Safari/537.36"
213.142.96.129 - - [23/May/2023:09:51:02 +0200] "GET /entry.php?id=10271&&ser=828201 HTTP/1.1" 200 986 "http://212.69.160.11/entry.php?id=10271&&ser=828140" "Mozilla/5.0 (Windows NT 10.0; Win64; x64) AppleWebKit/537.36 (KHTML, like Gecko) Chrome/109.0.0.0 Safari/537.36"
213.142.96.129 - - [23/May/2023:09:51:02 +0200] "GET /gui/javascript/form_form.js?1684828262 HTTP/1.1" 200 16206 "http://212.69.160.11/entry.php?id=10271&&ser=828201" "Mozilla/5.0 (Windows NT 10.0; Win64; x64) AppleWebKit/537.36 (KHTML, like Gecko) Chrome/109.0.0.0 Safari/537.36"
213.142.96.129 - - [23/May/2023:09:52:03 +0200] "GET /entry.php?id=10271&&ser=828262 HTTP/1.1" 200 987 "http://212.69.160.11/entry.php?id=10271&&ser=828201" "Mozilla/5.0 (Windows NT 10.0; Win64; x64) AppleWebKit/537.36 (KHTML, like Gecko) Chrome/109.0.0.0 Safari/537.36"
213.142.96.129 - - [23/May/2023:09:52:03 +0200] "GET /gui/javascript/form_form.js?1684828323 HTTP/1.1" 200 16206 "http://212.69.160.11/entry.php?id=10271&&ser=828262" "Mozilla/5.0 (Windows NT 10.0; Win64; x64) AppleWebKit/537.36 (KHTML, like Gecko) Chrome/109.0.0.0 Safari/537.36"
213.142.96.129 - - [23/May/2023:09:53:04 +0200] "GET /entry.php?id=10271&&ser=828323 HTTP/1.1" 200 987 "http://212.69.160.11/entry.php?id=10271&&ser=828262" "Mozilla/5.0 (Windows NT 10.0; Win64; x64) AppleWebKit/537.36 (KHTML, like Gecko) Chrome/109.0.0.0 Safari/537.36"
213.142.96.129 - - [23/May/2023:09:53:04 +0200] "GET /gui/javascript/form_form.js?1684828384 HTTP/1.1" 200 16206 "http://212.69.160.11/entry.php?id=10271&&ser=828323" "Mozilla/5.0 (Windows NT 10.0; Win64; x64) AppleWebKit/537.36 (KHTML, like Gecko) Chrome/109.0.0.0 Safari/537.36"
213.142.96.129 - - [23/May/2023:09:54:05 +0200] "GET /entry.php?id=10271&&ser=828384 HTTP/1.1" 200 987 "http://212.69.160.11/entry.php?id=10271&&ser=828323" "Mozilla/5.0 (Windows NT 10.0; Win64; x64) AppleWebKit/537.36 (KHTML, like Gecko) Chrome/109.0.0.0 Safari/537.36"
213.142.96.129 - - [23/May/2023:09:54:05 +0200] "GET /gui/javascript/form_form.js?1684828445 HTTP/1.1" 200 16206 "http://212.69.160.11/entry.php?id=10271&&ser=828384" "Mozilla/5.0 (Windows NT 10.0; Win64; x64) AppleWebKit/537.36 (KHTML, like Gecko) Chrome/109.0.0.0 Safari/537.36"
213.142.96.129 - - [23/May/2023:09:55:06 +0200] "GET /entry.php?id=10271&&ser=828445 HTTP/1.1" 200 987 "http://212.69.160.11/entry.php?id=10271&&ser=828384" "Mozilla/5.0 (Windows NT 10.0; Win64; x64) AppleWebKit/537.36 (KHTML, like Gecko) Chrome/109.0.0.0 Safari/537.36"
213.142.96.129 - - [23/May/2023:09:55:06 +0200] "GET /gui/javascript/form_form.js?1684828506 HTTP/1.1" 200 16206 "http://212.69.160.11/entry.php?id=10271&&ser=828445" "Mozilla/5.0 (Windows NT 10.0; Win64; x64) AppleWebKit/537.36 (KHTML, like Gecko) Chrome/109.0.0.0 Safari/537.36"
213.142.96.129 - - [23/May/2023:09:56:07 +0200] "GET /entry.php?id=10271&&ser=828506 HTTP/1.1" 200 987 "http://212.69.160.11/entry.php?id=10271&&ser=828445" "Mozilla/5.0 (Windows NT 10.0; Win64; x64) AppleWebKit/537.36 (KHTML, like Gecko) Chrome/109.0.0.0 Safari/537.36"
213.142.96.129 - - [23/May/2023:09:56:07 +0200] "GET /gui/javascript/form_form.js?1684828567 HTTP/1.1" 200 16206 "http://212.69.160.11/entry.php?id=10271&&ser=828506" "Mozilla/5.0 (Windows NT 10.0; Win64; x64) AppleWebKit/537.36 (KHTML, like Gecko) Chrome/109.0.0.0 Safari/537.36"
213.142.96.129 - - [23/May/2023:09:57:08 +0200] "GET /entry.php?id=10271&&ser=828567 HTTP/1.1" 200 987 "http://212.69.160.11/entry.php?id=10271&&ser=828506" "Mozilla/5.0 (Windows NT 10.0; Win64; x64) AppleWebKit/537.36 (KHTML, like Gecko) Chrome/109.0.0.0 Safari/537.36"
213.142.96.129 - - [23/May/2023:09:57:08 +0200] "GET /gui/javascript/form_form.js?1684828628 HTTP/1.1" 200 16206 "http://212.69.160.11/entry.php?id=10271&&ser=828567" "Mozilla/5.0 (Windows NT 10.0; Win64; x64) AppleWebKit/537.36 (KHTML, like Gecko) Chrome/109.0.0.0 Safari/537.36"
213.142.96.129 - - [23/May/2023:09:58:09 +0200] "GET /entry.php?id=10271&&ser=828628 HTTP/1.1" 200 987 "http://212.69.160.11/entry.php?id=10271&&ser=828567" "Mozilla/5.0 (Windows NT 10.0; Win64; x64) AppleWebKit/537.36 (KHTML, like Gecko) Chrome/109.0.0.0 Safari/537.36"
213.142.96.129 - - [23/May/2023:09:58:09 +0200] "GET /gui/javascript/form_form.js?1684828689 HTTP/1.1" 200 16206 "http://212.69.160.11/entry.php?id=10271&&ser=828628" "Mozilla/5.0 (Windows NT 10.0; Win64; x64) AppleWebKit/537.36 (KHTML, like Gecko) Chrome/109.0.0.0 Safari/537.36"
213.142.96.129 - - [23/May/2023:09:59:09 +0200] "GET /entry.php?id=10271&&ser=828689 HTTP/1.1" 200 987 "http://212.69.160.11/entry.php?id=10271&&ser=828628" "Mozilla/5.0 (Windows NT 10.0; Win64; x64) AppleWebKit/537.36 (KHTML, like Gecko) Chrome/109.0.0.0 Safari/537.36"
213.142.96.129 - - [23/May/2023:09:59:09 +0200] "GET /gui/javascript/form_form.js?1684828749 HTTP/1.1" 200 16206 "http://212.69.160.11/entry.php?id=10271&&ser=828689" "Mozilla/5.0 (Windows NT 10.0; Win64; x64) AppleWebKit/537.36 (KHTML, like Gecko) Chrome/109.0.0.0 Safari/537.36"
213.142.96.129 - - [23/May/2023:10:00:11 +0200] "GET /entry.php?id=10271&&ser=828749 HTTP/1.1" 200 985 "http://212.69.160.11/entry.php?id=10271&&ser=828689" "Mozilla/5.0 (Windows NT 10.0; Win64; x64) AppleWebKit/537.36 (KHTML, like Gecko) Chrome/109.0.0.0 Safari/537.36"
213.142.96.129 - - [23/May/2023:10:00:11 +0200] "GET /gui/javascript/form_form.js?1684828811 HTTP/1.1" 200 16206 "http://212.69.160.11/entry.php?id=10271&&ser=828749" "Mozilla/5.0 (Windows NT 10.0; Win64; x64) AppleWebKit/537.36 (KHTML, like Gecko) Chrome/109.0.0.0 Safari/537.36"
213.142.96.129 - - [23/May/2023:10:01:12 +0200] "GET /entry.php?id=10271&&ser=828811 HTTP/1.1" 200 986 "http://212.69.160.11/entry.php?id=10271&&ser=828749" "Mozilla/5.0 (Windows NT 10.0; Win64; x64) AppleWebKit/537.36 (KHTML, like Gecko) Chrome/109.0.0.0 Safari/537.36"
213.142.96.129 - - [23/May/2023:10:01:12 +0200] "GET /gui/javascript/form_form.js?1684828872 HTTP/1.1" 200 16206 "http://212.69.160.11/entry.php?id=10271&&ser=828811" "Mozilla/5.0 (Windows NT 10.0; Win64; x64) AppleWebKit/537.36 (KHTML, like Gecko) Chrome/109.0.0.0 Safari/537.36"
213.142.96.129 - - [23/May/2023:10:02:13 +0200] "GET /entry.php?id=10271&&ser=828872 HTTP/1.1" 200 987 "http://212.69.160.11/entry.php?id=10271&&ser=828811" "Mozilla/5.0 (Windows NT 10.0; Win64; x64) AppleWebKit/537.36 (KHTML, like Gecko) Chrome/109.0.0.0 Safari/537.36"
213.142.96.129 - - [23/May/2023:10:02:13 +0200] "GET /gui/javascript/form_form.js?1684828933 HTTP/1.1" 200 16206 "http://212.69.160.11/entry.php?id=10271&&ser=828872" "Mozilla/5.0 (Windows NT 10.0; Win64; x64) AppleWebKit/537.36 (KHTML, like Gecko) Chrome/109.0.0.0 Safari/537.36"
213.142.96.129 - - [23/May/2023:10:03:14 +0200] "GET /entry.php?id=10271&&ser=828933 HTTP/1.1" 200 987 "http://212.69.160.11/entry.php?id=10271&&ser=828872" "Mozilla/5.0 (Windows NT 10.0; Win64; x64) AppleWebKit/537.36 (KHTML, like Gecko) Chrome/109.0.0.0 Safari/537.36"
213.142.96.129 - - [23/May/2023:10:03:14 +0200] "GET /gui/javascript/form_form.js?1684828994 HTTP/1.1" 200 16206 "http://212.69.160.11/entry.php?id=10271&&ser=828933" "Mozilla/5.0 (Windows NT 10.0; Win64; x64) AppleWebKit/537.36 (KHTML, like Gecko) Chrome/109.0.0.0 Safari/537.36"
213.142.96.129 - - [23/May/2023:10:04:15 +0200] "GET /entry.php?id=10271&&ser=828994 HTTP/1.1" 200 987 "http://212.69.160.11/entry.php?id=10271&&ser=828933" "Mozilla/5.0 (Windows NT 10.0; Win64; x64) AppleWebKit/537.36 (KHTML, like Gecko) Chrome/109.0.0.0 Safari/537.36"
213.142.96.129 - - [23/May/2023:10:04:15 +0200] "GET /gui/javascript/form_form.js?1684829055 HTTP/1.1" 200 16206 "http://212.69.160.11/entry.php?id=10271&&ser=828994" "Mozilla/5.0 (Windows NT 10.0; Win64; x64) AppleWebKit/537.36 (KHTML, like Gecko) Chrome/109.0.0.0 Safari/537.36"
213.142.96.129 - - [23/May/2023:10:05:16 +0200] "GET /entry.php?id=10271&&ser=829055 HTTP/1.1" 200 986 "http://212.69.160.11/entry.php?id=10271&&ser=828994" "Mozilla/5.0 (Windows NT 10.0; Win64; x64) AppleWebKit/537.36 (KHTML, like Gecko) Chrome/109.0.0.0 Safari/537.36"
213.142.96.129 - - [23/May/2023:10:05:16 +0200] "GET /gui/javascript/form_form.js?1684829116 HTTP/1.1" 200 16206 "http://212.69.160.11/entry.php?id=10271&&ser=829055" "Mozilla/5.0 (Windows NT 10.0; Win64; x64) AppleWebKit/537.36 (KHTML, like Gecko) Chrome/109.0.0.0 Safari/537.36"
178.165.199.140 - - [23/May/2023:10:06:10 +0200] "GET /layout.php HTTP/1.1" 200 815 "-" "Mozilla/5.0 (Windows NT 10.0; Win64; x64; rv:109.0) Gecko/20100101 Firefox/113.0"
178.165.199.140 - - [23/May/2023:10:06:10 +0200] "GET /entry.php?id=10270 HTTP/1.1" 200 908 "http://hausegger.activities.at/layout.php" "Mozilla/5.0 (Windows NT 10.0; Win64; x64; rv:109.0) Gecko/20100101 Firefox/113.0"
178.165.199.140 - - [23/May/2023:10:06:10 +0200] "GET /entry.php?id=10273 HTTP/1.1" 200 1902 "http://hausegger.activities.at/layout.php" "Mozilla/5.0 (Windows NT 10.0; Win64; x64; rv:109.0) Gecko/20100101 Firefox/113.0"
178.165.199.140 - - [23/May/2023:10:06:10 +0200] "GET /entry.php?id=10272 HTTP/1.1" 200 1159 "http://hausegger.activities.at/layout.php" "Mozilla/5.0 (Windows NT 10.0; Win64; x64; rv:109.0) Gecko/20100101 Firefox/113.0"
178.165.199.140 - - [23/May/2023:10:06:10 +0200] "GET /entry.php?id=11412 HTTP/1.1" 200 1759 "http://hausegger.activities.at/layout.php" "Mozilla/5.0 (Windows NT 10.0; Win64; x64; rv:109.0) Gecko/20100101 Firefox/113.0"
178.165.199.140 - - [23/May/2023:10:06:11 +0200] "GET /gui/javascript/form_form.js?1684829170 HTTP/1.1" 200 16206 "http://hausegger.activities.at/entry.php?id=10270" "Mozilla/5.0 (Windows NT 10.0; Win64; x64; rv:109.0) Gecko/20100101 Firefox/113.0"
178.165.199.140 - - [23/May/2023:10:06:11 +0200] "GET /gui/styles/tmplDefault.css HTTP/1.1" 200 2135 "http://hausegger.activities.at/entry.php?id=10272" "Mozilla/5.0 (Windows NT 10.0; Win64; x64; rv:109.0) Gecko/20100101 Firefox/113.0"
178.165.199.140 - - [23/May/2023:10:06:11 +0200] "GET /gui/javascript/form_form.js?1684829170 HTTP/1.1" 200 16206 "http://hausegger.activities.at/entry.php?id=10273" "Mozilla/5.0 (Windows NT 10.0; Win64; x64; rv:109.0) Gecko/20100101 Firefox/113.0"
178.165.199.140 - - [23/May/2023:10:06:11 +0200] "GET /gui/javascript/form_form.js?1684829170 HTTP/1.1" 200 16206 "http://hausegger.activities.at/entry.php?id=10272" "Mozilla/5.0 (Windows NT 10.0; Win64; x64; rv:109.0) Gecko/20100101 Firefox/113.0"
178.165.199.140 - - [23/May/2023:10:06:11 +0200] "GET /gui/javascript/form_form.js?1684829171 HTTP/1.1" 200 16206 "http://hausegger.activities.at/entry.php?id=11412" "Mozilla/5.0 (Windows NT 10.0; Win64; x64; rv:109.0) Gecko/20100101 Firefox/113.0"
178.165.199.140 - - [23/May/2023:10:06:11 +0200] "GET /entry.php?id=10271& HTTP/1.1" 200 933 "http://hausegger.activities.at/entry.php?id=10272" "Mozilla/5.0 (Windows NT 10.0; Win64; x64; rv:109.0) Gecko/20100101 Firefox/113.0"
178.165.199.140 - - [23/May/2023:10:06:11 +0200] "GET /entry.php?id=10287 HTTP/1.1" 200 2409 "http://hausegger.activities.at/entry.php?id=11412" "Mozilla/5.0 (Windows NT 10.0; Win64; x64; rv:109.0) Gecko/20100101 Firefox/113.0"
178.165.199.140 - - [23/May/2023:10:06:11 +0200] "GET /entry.php?id=10270& HTTP/1.1" 200 908 "http://hausegger.activities.at/entry.php?id=10287" "Mozilla/5.0 (Windows NT 10.0; Win64; x64; rv:109.0) Gecko/20100101 Firefox/113.0"
178.165.199.140 - - [23/May/2023:10:06:11 +0200] "GET /entry.php?id=10273& HTTP/1.1" 200 1901 "http://hausegger.activities.at/entry.php?id=10287" "Mozilla/5.0 (Windows NT 10.0; Win64; x64; rv:109.0) Gecko/20100101 Firefox/113.0"
213.142.96.129 - - [23/May/2023:10:06:17 +0200] "GET /entry.php?id=10271&&ser=829116 HTTP/1.1" 200 987 "http://212.69.160.11/entry.php?id=10271&&ser=829055" "Mozilla/5.0 (Windows NT 10.0; Win64; x64) AppleWebKit/537.36 (KHTML, like Gecko) Chrome/109.0.0.0 Safari/537.36"
213.142.96.129 - - [23/May/2023:10:06:17 +0200] "GET /gui/javascript/form_form.js?1684829177 HTTP/1.1" 200 16206 "http://212.69.160.11/entry.php?id=10271&&ser=829116" "Mozilla/5.0 (Windows NT 10.0; Win64; x64) AppleWebKit/537.36 (KHTML, like Gecko) Chrome/109.0.0.0 Safari/537.36"
178.165.199.140 - - [23/May/2023:10:06:39 +0200] "GET /layout.php HTTP/1.1" 200 815 "-" "Mozilla/5.0 (Windows NT 10.0; Win64; x64; rv:109.0) Gecko/20100101 Firefox/113.0"
178.165.199.140 - - [23/May/2023:10:06:39 +0200] "GET /entry.php?id=10273 HTTP/1.1" 200 1902 "http://hausegger.activities.at/layout.php" "Mozilla/5.0 (Windows NT 10.0; Win64; x64; rv:109.0) Gecko/20100101 Firefox/113.0"
178.165.199.140 - - [23/May/2023:10:06:39 +0200] "GET /entry.php?id=10270 HTTP/1.1" 200 908 "http://hausegger.activities.at/layout.php" "Mozilla/5.0 (Windows NT 10.0; Win64; x64; rv:109.0) Gecko/20100101 Firefox/113.0"
178.165.199.140 - - [23/May/2023:10:06:39 +0200] "GET /activities.ico HTTP/1.1" 200 1406 "http://hausegger.activities.at/layout.php" "Mozilla/5.0 (Windows NT 10.0; Win64; x64; rv:109.0) Gecko/20100101 Firefox/113.0"
178.165.199.140 - - [23/May/2023:10:06:39 +0200] "GET /entry.php?id=11412 HTTP/1.1" 200 1759 "http://hausegger.activities.at/layout.php" "Mozilla/5.0 (Windows NT 10.0; Win64; x64; rv:109.0) Gecko/20100101 Firefox/113.0"
178.165.199.140 - - [23/May/2023:10:06:39 +0200] "GET /entry.php?id=10272 HTTP/1.1" 200 1159 "http://hausegger.activities.at/layout.php" "Mozilla/5.0 (Windows NT 10.0; Win64; x64; rv:109.0) Gecko/20100101 Firefox/113.0"
178.165.199.140 - - [23/May/2023:10:06:39 +0200] "GET /gui/styles/tmplDefault.css HTTP/1.1" 200 2135 "http://hausegger.activities.at/entry.php?id=10272" "Mozilla/5.0 (Windows NT 10.0; Win64; x64; rv:109.0) Gecko/20100101 Firefox/113.0"
178.165.199.140 - - [23/May/2023:10:06:39 +0200] "GET /gui/javascript/form_form.js?1684829199 HTTP/1.1" 200 16206 "http://hausegger.activities.at/entry.php?id=10273" "Mozilla/5.0 (Windows NT 10.0; Win64; x64; rv:109.0) Gecko/20100101 Firefox/113.0"
178.165.199.140 - - [23/May/2023:10:06:39 +0200] "GET /gui/javascript/form_form.js?1684829199 HTTP/1.1" 200 16206 "http://hausegger.activities.at/entry.php?id=10270" "Mozilla/5.0 (Windows NT 10.0; Win64; x64; rv:109.0) Gecko/20100101 Firefox/113.0"
178.165.199.140 - - [23/May/2023:10:06:39 +0200] "GET /gui/javascript/form_form.js?1684829199 HTTP/1.1" 200 16206 "http://hausegger.activities.at/entry.php?id=10272" "Mozilla/5.0 (Windows NT 10.0; Win64; x64; rv:109.0) Gecko/20100101 Firefox/113.0"
178.165.199.140 - - [23/May/2023:10:06:39 +0200] "GET /gui/javascript/form_form.js?1684829199 HTTP/1.1" 200 16206 "http://hausegger.activities.at/entry.php?id=11412" "Mozilla/5.0 (Windows NT 10.0; Win64; x64; rv:109.0) Gecko/20100101 Firefox/113.0"
178.165.199.140 - - [23/May/2023:10:06:40 +0200] "GET /entry.php?id=10271& HTTP/1.1" 200 934 "http://hausegger.activities.at/entry.php?id=10272" "Mozilla/5.0 (Windows NT 10.0; Win64; x64; rv:109.0) Gecko/20100101 Firefox/113.0"
178.165.199.140 - - [23/May/2023:10:06:40 +0200] "GET /entry.php?id=10287 HTTP/1.1" 200 2409 "http://hausegger.activities.at/entry.php?id=11412" "Mozilla/5.0 (Windows NT 10.0; Win64; x64; rv:109.0) Gecko/20100101 Firefox/113.0"
178.165.199.140 - - [23/May/2023:10:06:40 +0200] "GET /gui/javascript/form_form.js?1684829200 HTTP/1.1" 200 16206 "http://hausegger.activities.at/entry.php?id=10271&" "Mozilla/5.0 (Windows NT 10.0; Win64; x64; rv:109.0) Gecko/20100101 Firefox/113.0"
178.165.199.140 - - [23/May/2023:10:06:40 +0200] "GET /entry.php?id=10270& HTTP/1.1" 200 908 "http://hausegger.activities.at/entry.php?id=10287" "Mozilla/5.0 (Windows NT 10.0; Win64; x64; rv:109.0) Gecko/20100101 Firefox/113.0"
178.165.199.140 - - [23/May/2023:10:06:40 +0200] "GET /entry.php?id=10273& HTTP/1.1" 200 1901 "http://hausegger.activities.at/entry.php?id=10287" "Mozilla/5.0 (Windows NT 10.0; Win64; x64; rv:109.0) Gecko/20100101 Firefox/113.0"
213.142.96.129 - - [23/May/2023:10:07:18 +0200] "GET /entry.php?id=10271&&ser=829177 HTTP/1.1" 200 987 "http://212.69.160.11/entry.php?id=10271&&ser=829116" "Mozilla/5.0 (Windows NT 10.0; Win64; x64) AppleWebKit/537.36 (KHTML, like Gecko) Chrome/109.0.0.0 Safari/537.36"
213.142.96.129 - - [23/May/2023:10:07:18 +0200] "GET /gui/javascript/form_form.js?1684829238 HTTP/1.1" 200 16206 "http://212.69.160.11/entry.php?id=10271&&ser=829177" "Mozilla/5.0 (Windows NT 10.0; Win64; x64) AppleWebKit/537.36 (KHTML, like Gecko) Chrome/109.0.0.0 Safari/537.36"
178.165.199.140 - - [23/May/2023:10:06:15 +0200] "POST /entry.php?id=10287& HTTP/1.1" 200 1967 "http://hausegger.activities.at/entry.php?id=10287" "Mozilla/5.0 (Windows NT 10.0; Win64; x64; rv:109.0) Gecko/20100101 Firefox/113.0"
178.165.199.140 - - [23/May/2023:10:06:44 +0200] "POST /entry.php?id=10287& HTTP/1.1" 200 1967 "http://hausegger.activities.at/entry.php?id=10287" "Mozilla/5.0 (Windows NT 10.0; Win64; x64; rv:109.0) Gecko/20100101 Firefox/113.0"
178.165.199.140 - - [23/May/2023:10:07:48 +0200] "GET /gui/javascript/form_form.js?1684829268 HTTP/1.1" 200 16206 "http://hausegger.activities.at/entry.php?id=10287&" "Mozilla/5.0 (Windows NT 10.0; Win64; x64; rv:109.0) Gecko/20100101 Firefox/113.0"
178.165.199.140 - - [23/May/2023:10:07:48 +0200] "GET /entry.php?id=10273& HTTP/1.1" 200 2011 "http://hausegger.activities.at/entry.php?id=10287&" "Mozilla/5.0 (Windows NT 10.0; Win64; x64; rv:109.0) Gecko/20100101 Firefox/113.0"
178.165.199.140 - - [23/May/2023:10:07:48 +0200] "GET /framework/webfx/style/toolbar/images/cbback.gif HTTP/1.1" 404 318 "http://hausegger.activities.at/framework/webfx/style/toolbar/cb2.css" "Mozilla/5.0 (Windows NT 10.0; Win64; x64; rv:109.0) Gecko/20100101 Firefox/113.0"
178.165.199.140 - - [23/May/2023:10:07:48 +0200] "GET /entry.php?id=10270&__app__=10006038 HTTP/1.1" 200 2230 "http://hausegger.activities.at/entry.php?id=10273&" "Mozilla/5.0 (Windows NT 10.0; Win64; x64; rv:109.0) Gecko/20100101 Firefox/113.0"
178.165.199.140 - - [23/May/2023:10:07:48 +0200] "GET /entry.php?id=10271& HTTP/1.1" 200 987 "http://hausegger.activities.at/entry.php?id=10272" "Mozilla/5.0 (Windows NT 10.0; Win64; x64; rv:109.0) Gecko/20100101 Firefox/113.0"
178.165.199.140 - - [23/May/2023:10:07:48 +0200] "GET /undefined HTTP/1.1" 404 289 "http://hausegger.activities.at/entry.php?id=10270&__app__=10006038" "Mozilla/5.0 (Windows NT 10.0; Win64; x64; rv:109.0) Gecko/20100101 Firefox/113.0"
213.142.96.129 - - [23/May/2023:10:08:19 +0200] "GET /entry.php?id=10271&&ser=829238 HTTP/1.1" 200 987 "http://212.69.160.11/entry.php?id=10271&&ser=829177" "Mozilla/5.0 (Windows NT 10.0; Win64; x64) AppleWebKit/537.36 (KHTML, like Gecko) Chrome/109.0.0.0 Safari/537.36"
213.142.96.129 - - [23/May/2023:10:08:19 +0200] "GET /gui/javascript/form_form.js?1684829299 HTTP/1.1" 200 16206 "http://212.69.160.11/entry.php?id=10271&&ser=829238" "Mozilla/5.0 (Windows NT 10.0; Win64; x64) AppleWebKit/537.36 (KHTML, like Gecko) Chrome/109.0.0.0 Safari/537.36"
178.165.199.140 - - [23/May/2023:10:08:48 +0200] "GET /entry.php?id=10271&&ser=829268 HTTP/1.1" 200 987 "http://hausegger.activities.at/entry.php?id=10271&" "Mozilla/5.0 (Windows NT 10.0; Win64; x64; rv:109.0) Gecko/20100101 Firefox/113.0"
178.165.199.140 - - [23/May/2023:10:08:48 +0200] "GET /gui/javascript/form_form.js?1684829328 HTTP/1.1" 200 16206 "http://hausegger.activities.at/entry.php?id=10271&&ser=829268" "Mozilla/5.0 (Windows NT 10.0; Win64; x64; rv:109.0) Gecko/20100101 Firefox/113.0"
213.142.96.129 - - [23/May/2023:10:09:20 +0200] "GET /entry.php?id=10271&&ser=829299 HTTP/1.1" 200 987 "http://212.69.160.11/entry.php?id=10271&&ser=829238" "Mozilla/5.0 (Windows NT 10.0; Win64; x64) AppleWebKit/537.36 (KHTML, like Gecko) Chrome/109.0.0.0 Safari/537.36"
213.142.96.129 - - [23/May/2023:10:09:20 +0200] "GET /gui/javascript/form_form.js?1684829360 HTTP/1.1" 200 16206 "http://212.69.160.11/entry.php?id=10271&&ser=829299" "Mozilla/5.0 (Windows NT 10.0; Win64; x64) AppleWebKit/537.36 (KHTML, like Gecko) Chrome/109.0.0.0 Safari/537.36"
178.165.199.140 - - [23/May/2023:10:09:48 +0200] "GET /entry.php?id=10271&&ser=829328 HTTP/1.1" 200 987 "http://hausegger.activities.at/entry.php?id=10271&&ser=829268" "Mozilla/5.0 (Windows NT 10.0; Win64; x64; rv:109.0) Gecko/20100101 Firefox/113.0"
178.165.199.140 - - [23/May/2023:10:09:49 +0200] "GET /gui/javascript/form_form.js?1684829389 HTTP/1.1" 200 16206 "http://hausegger.activities.at/entry.php?id=10271&&ser=829328" "Mozilla/5.0 (Windows NT 10.0; Win64; x64; rv:109.0) Gecko/20100101 Firefox/113.0"
213.142.96.129 - - [23/May/2023:10:10:21 +0200] "GET /entry.php?id=10271&&ser=829360 HTTP/1.1" 200 986 "http://212.69.160.11/entry.php?id=10271&&ser=829299" "Mozilla/5.0 (Windows NT 10.0; Win64; x64) AppleWebKit/537.36 (KHTML, like Gecko) Chrome/109.0.0.0 Safari/537.36"
213.142.96.129 - - [23/May/2023:10:10:21 +0200] "GET /gui/javascript/form_form.js?1684829421 HTTP/1.1" 200 16206 "http://212.69.160.11/entry.php?id=10271&&ser=829360" "Mozilla/5.0 (Windows NT 10.0; Win64; x64) AppleWebKit/537.36 (KHTML, like Gecko) Chrome/109.0.0.0 Safari/537.36"
178.165.199.140 - - [23/May/2023:10:10:49 +0200] "GET /entry.php?id=10271&&ser=829389 HTTP/1.1" 200 987 "http://hausegger.activities.at/entry.php?id=10271&&ser=829328" "Mozilla/5.0 (Windows NT 10.0; Win64; x64; rv:109.0) Gecko/20100101 Firefox/113.0"
178.165.199.140 - - [23/May/2023:10:10:49 +0200] "GET /gui/javascript/form_form.js?1684829449 HTTP/1.1" 200 16206 "http://hausegger.activities.at/entry.php?id=10271&&ser=829389" "Mozilla/5.0 (Windows NT 10.0; Win64; x64; rv:109.0) Gecko/20100101 Firefox/113.0"
213.142.96.129 - - [23/May/2023:10:11:22 +0200] "GET /entry.php?id=10271&&ser=829421 HTTP/1.1" 200 986 "http://212.69.160.11/entry.php?id=10271&&ser=829360" "Mozilla/5.0 (Windows NT 10.0; Win64; x64) AppleWebKit/537.36 (KHTML, like Gecko) Chrome/109.0.0.0 Safari/537.36"
213.142.96.129 - - [23/May/2023:10:11:22 +0200] "GET /gui/javascript/form_form.js?1684829482 HTTP/1.1" 200 16206 "http://212.69.160.11/entry.php?id=10271&&ser=829421" "Mozilla/5.0 (Windows NT 10.0; Win64; x64) AppleWebKit/537.36 (KHTML, like Gecko) Chrome/109.0.0.0 Safari/537.36"
178.165.199.140 - - [23/May/2023:10:11:49 +0200] "GET /entry.php?id=10271&&ser=829449 HTTP/1.1" 200 987 "http://hausegger.activities.at/entry.php?id=10271&&ser=829389" "Mozilla/5.0 (Windows NT 10.0; Win64; x64; rv:109.0) Gecko/20100101 Firefox/113.0"
178.165.199.140 - - [23/May/2023:10:11:49 +0200] "GET /gui/javascript/form_form.js?1684829509 HTTP/1.1" 200 16206 "http://hausegger.activities.at/entry.php?id=10271&&ser=829449" "Mozilla/5.0 (Windows NT 10.0; Win64; x64; rv:109.0) Gecko/20100101 Firefox/113.0"
213.142.96.129 - - [23/May/2023:10:12:23 +0200] "GET /entry.php?id=10271&&ser=829482 HTTP/1.1" 200 987 "http://212.69.160.11/entry.php?id=10271&&ser=829421" "Mozilla/5.0 (Windows NT 10.0; Win64; x64) AppleWebKit/537.36 (KHTML, like Gecko) Chrome/109.0.0.0 Safari/537.36"
213.142.96.129 - - [23/May/2023:10:12:23 +0200] "GET /gui/javascript/form_form.js?1684829543 HTTP/1.1" 200 16206 "http://212.69.160.11/entry.php?id=10271&&ser=829482" "Mozilla/5.0 (Windows NT 10.0; Win64; x64) AppleWebKit/537.36 (KHTML, like Gecko) Chrome/109.0.0.0 Safari/537.36"
178.165.199.140 - - [23/May/2023:10:12:49 +0200] "GET /entry.php?id=10271&&ser=829509 HTTP/1.1" 200 987 "http://hausegger.activities.at/entry.php?id=10271&&ser=829449" "Mozilla/5.0 (Windows NT 10.0; Win64; x64; rv:109.0) Gecko/20100101 Firefox/113.0"
178.165.199.140 - - [23/May/2023:10:12:49 +0200] "GET /gui/javascript/form_form.js?1684829569 HTTP/1.1" 200 16206 "http://hausegger.activities.at/entry.php?id=10271&&ser=829509" "Mozilla/5.0 (Windows NT 10.0; Win64; x64; rv:109.0) Gecko/20100101 Firefox/113.0"
213.142.96.129 - - [23/May/2023:10:13:24 +0200] "GET /entry.php?id=10271&&ser=829543 HTTP/1.1" 200 987 "http://212.69.160.11/entry.php?id=10271&&ser=829482" "Mozilla/5.0 (Windows NT 10.0; Win64; x64) AppleWebKit/537.36 (KHTML, like Gecko) Chrome/109.0.0.0 Safari/537.36"
213.142.96.129 - - [23/May/2023:10:13:24 +0200] "GET /gui/javascript/form_form.js?1684829604 HTTP/1.1" 200 16206 "http://212.69.160.11/entry.php?id=10271&&ser=829543" "Mozilla/5.0 (Windows NT 10.0; Win64; x64) AppleWebKit/537.36 (KHTML, like Gecko) Chrome/109.0.0.0 Safari/537.36"
178.165.199.140 - - [23/May/2023:10:13:50 +0200] "GET /entry.php?id=10271&&ser=829569 HTTP/1.1" 200 987 "http://hausegger.activities.at/entry.php?id=10271&&ser=829509" "Mozilla/5.0 (Windows NT 10.0; Win64; x64; rv:109.0) Gecko/20100101 Firefox/113.0"
178.165.199.140 - - [23/May/2023:10:13:50 +0200] "GET /gui/javascript/form_form.js?1684829630 HTTP/1.1" 200 16206 "http://hausegger.activities.at/entry.php?id=10271&&ser=829569" "Mozilla/5.0 (Windows NT 10.0; Win64; x64; rv:109.0) Gecko/20100101 Firefox/113.0"
213.142.96.129 - - [23/May/2023:10:14:25 +0200] "GET /entry.php?id=10271&&ser=829604 HTTP/1.1" 200 987 "http://212.69.160.11/entry.php?id=10271&&ser=829543" "Mozilla/5.0 (Windows NT 10.0; Win64; x64) AppleWebKit/537.36 (KHTML, like Gecko) Chrome/109.0.0.0 Safari/537.36"
213.142.96.129 - - [23/May/2023:10:14:25 +0200] "GET /gui/javascript/form_form.js?1684829665 HTTP/1.1" 200 16206 "http://212.69.160.11/entry.php?id=10271&&ser=829604" "Mozilla/5.0 (Windows NT 10.0; Win64; x64) AppleWebKit/537.36 (KHTML, like Gecko) Chrome/109.0.0.0 Safari/537.36"
178.165.199.140 - - [23/May/2023:10:14:50 +0200] "GET /entry.php?id=10271&&ser=829630 HTTP/1.1" 200 987 "http://hausegger.activities.at/entry.php?id=10271&&ser=829569" "Mozilla/5.0 (Windows NT 10.0; Win64; x64; rv:109.0) Gecko/20100101 Firefox/113.0"
178.165.199.140 - - [23/May/2023:10:14:50 +0200] "GET /gui/javascript/form_form.js?1684829690 HTTP/1.1" 200 16206 "http://hausegger.activities.at/entry.php?id=10271&&ser=829630" "Mozilla/5.0 (Windows NT 10.0; Win64; x64; rv:109.0) Gecko/20100101 Firefox/113.0"
213.142.96.129 - - [23/May/2023:10:15:26 +0200] "GET /entry.php?id=10271&&ser=829665 HTTP/1.1" 200 987 "http://212.69.160.11/entry.php?id=10271&&ser=829604" "Mozilla/5.0 (Windows NT 10.0; Win64; x64) AppleWebKit/537.36 (KHTML, like Gecko) Chrome/109.0.0.0 Safari/537.36"
213.142.96.129 - - [23/May/2023:10:15:26 +0200] "GET /gui/javascript/form_form.js?1684829726 HTTP/1.1" 200 16206 "http://212.69.160.11/entry.php?id=10271&&ser=829665" "Mozilla/5.0 (Windows NT 10.0; Win64; x64) AppleWebKit/537.36 (KHTML, like Gecko) Chrome/109.0.0.0 Safari/537.36"
178.165.199.140 - - [23/May/2023:10:15:50 +0200] "GET /entry.php?id=10271&&ser=829690 HTTP/1.1" 200 987 "http://hausegger.activities.at/entry.php?id=10271&&ser=829630" "Mozilla/5.0 (Windows NT 10.0; Win64; x64; rv:109.0) Gecko/20100101 Firefox/113.0"
178.165.199.140 - - [23/May/2023:10:15:50 +0200] "GET /gui/javascript/form_form.js?1684829750 HTTP/1.1" 200 16206 "http://hausegger.activities.at/entry.php?id=10271&&ser=829690" "Mozilla/5.0 (Windows NT 10.0; Win64; x64; rv:109.0) Gecko/20100101 Firefox/113.0"
213.142.96.129 - - [23/May/2023:10:16:27 +0200] "GET /entry.php?id=10271&&ser=829726 HTTP/1.1" 200 987 "http://212.69.160.11/entry.php?id=10271&&ser=829665" "Mozilla/5.0 (Windows NT 10.0; Win64; x64) AppleWebKit/537.36 (KHTML, like Gecko) Chrome/109.0.0.0 Safari/537.36"
213.142.96.129 - - [23/May/2023:10:16:27 +0200] "GET /gui/javascript/form_form.js?1684829787 HTTP/1.1" 200 16206 "http://212.69.160.11/entry.php?id=10271&&ser=829726" "Mozilla/5.0 (Windows NT 10.0; Win64; x64) AppleWebKit/537.36 (KHTML, like Gecko) Chrome/109.0.0.0 Safari/537.36"
178.165.199.140 - - [23/May/2023:10:16:50 +0200] "GET /entry.php?id=10271&&ser=829750 HTTP/1.1" 200 986 "http://hausegger.activities.at/entry.php?id=10271&&ser=829690" "Mozilla/5.0 (Windows NT 10.0; Win64; x64; rv:109.0) Gecko/20100101 Firefox/113.0"
178.165.199.140 - - [23/May/2023:10:16:51 +0200] "GET /gui/javascript/form_form.js?1684829810 HTTP/1.1" 200 16206 "http://hausegger.activities.at/entry.php?id=10271&&ser=829750" "Mozilla/5.0 (Windows NT 10.0; Win64; x64; rv:109.0) Gecko/20100101 Firefox/113.0"
213.142.96.129 - - [23/May/2023:10:17:28 +0200] "GET /entry.php?id=10271&&ser=829787 HTTP/1.1" 200 986 "http://212.69.160.11/entry.php?id=10271&&ser=829726" "Mozilla/5.0 (Windows NT 10.0; Win64; x64) AppleWebKit/537.36 (KHTML, like Gecko) Chrome/109.0.0.0 Safari/537.36"
213.142.96.129 - - [23/May/2023:10:17:28 +0200] "GET /gui/javascript/form_form.js?1684829848 HTTP/1.1" 200 16206 "http://212.69.160.11/entry.php?id=10271&&ser=829787" "Mozilla/5.0 (Windows NT 10.0; Win64; x64) AppleWebKit/537.36 (KHTML, like Gecko) Chrome/109.0.0.0 Safari/537.36"
178.165.199.140 - - [23/May/2023:10:17:51 +0200] "GET /entry.php?id=10271&&ser=829810 HTTP/1.1" 200 986 "http://hausegger.activities.at/entry.php?id=10271&&ser=829750" "Mozilla/5.0 (Windows NT 10.0; Win64; x64; rv:109.0) Gecko/20100101 Firefox/113.0"
178.165.199.140 - - [23/May/2023:10:17:51 +0200] "GET /gui/javascript/form_form.js?1684829871 HTTP/1.1" 200 16206 "http://hausegger.activities.at/entry.php?id=10271&&ser=829810" "Mozilla/5.0 (Windows NT 10.0; Win64; x64; rv:109.0) Gecko/20100101 Firefox/113.0"
159.223.173.153 - - [23/May/2023:10:17:57 +0200] "HEAD / HTTP/1.1" 200 - "https://www.bing.com" "Mozilla/5.0 (X11; Linux x86_64) AppleWebKit/537.36 (KHTML, like Gecko) Chrome/33.0.1750.517 Safari/537.36"
159.223.173.153 - - [23/May/2023:10:17:57 +0200] "GET /wp-login.php HTTP/1.1" 404 293 "http://zafi.castlegem.co.uk" "Mozilla/5.0 (X11; Linux x86_64) AppleWebKit/537.36 (KHTML, like Gecko) Chrome/33.0.1750.517 Safari/537.36"
159.223.173.153 - - [23/May/2023:10:18:00 +0200] "GET /wordpress/wp-login.php HTTP/1.1" 404 299 "http://zafi.castlegem.co.uk" "Mozilla/5.0 (X11; Linux x86_64) AppleWebKit/537.36 (KHTML, like Gecko) Chrome/33.0.1750.517 Safari/537.36"
159.223.173.153 - - [23/May/2023:10:18:00 +0200] "GET /blog/wp-login.php HTTP/1.1" 404 296 "http://zafi.castlegem.co.uk" "Mozilla/5.0 (X11; Linux x86_64) AppleWebKit/537.36 (KHTML, like Gecko) Chrome/33.0.1750.517 Safari/537.36"
159.223.173.153 - - [23/May/2023:10:18:00 +0200] "GET /wp/wp-login.php HTTP/1.1" 404 294 "http://zafi.castlegem.co.uk" "Mozilla/5.0 (X11; Linux x86_64) AppleWebKit/537.36 (KHTML, like Gecko) Chrome/33.0.1750.517 Safari/537.36"
213.142.96.129 - - [23/May/2023:10:18:29 +0200] "GET /entry.php?id=10271&&ser=829848 HTTP/1.1" 200 987 "http://212.69.160.11/entry.php?id=10271&&ser=829787" "Mozilla/5.0 (Windows NT 10.0; Win64; x64) AppleWebKit/537.36 (KHTML, like Gecko) Chrome/109.0.0.0 Safari/537.36"
213.142.96.129 - - [23/May/2023:10:18:29 +0200] "GET /gui/javascript/form_form.js?1684829909 HTTP/1.1" 200 16206 "http://212.69.160.11/entry.php?id=10271&&ser=829848" "Mozilla/5.0 (Windows NT 10.0; Win64; x64) AppleWebKit/537.36 (KHTML, like Gecko) Chrome/109.0.0.0 Safari/537.36"
178.165.199.140 - - [23/May/2023:10:18:51 +0200] "GET /entry.php?id=10271&&ser=829871 HTTP/1.1" 200 986 "http://hausegger.activities.at/entry.php?id=10271&&ser=829810" "Mozilla/5.0 (Windows NT 10.0; Win64; x64; rv:109.0) Gecko/20100101 Firefox/113.0"
178.165.199.140 - - [23/May/2023:10:18:51 +0200] "GET /gui/javascript/form_form.js?1684829931 HTTP/1.1" 200 16206 "http://hausegger.activities.at/entry.php?id=10271&&ser=829871" "Mozilla/5.0 (Windows NT 10.0; Win64; x64; rv:109.0) Gecko/20100101 Firefox/113.0"
213.142.96.129 - - [23/May/2023:10:19:30 +0200] "GET /entry.php?id=10271&&ser=829909 HTTP/1.1" 200 987 "http://212.69.160.11/entry.php?id=10271&&ser=829848" "Mozilla/5.0 (Windows NT 10.0; Win64; x64) AppleWebKit/537.36 (KHTML, like Gecko) Chrome/109.0.0.0 Safari/537.36"
213.142.96.129 - - [23/May/2023:10:19:30 +0200] "GET /gui/javascript/form_form.js?1684829970 HTTP/1.1" 200 16206 "http://212.69.160.11/entry.php?id=10271&&ser=829909" "Mozilla/5.0 (Windows NT 10.0; Win64; x64) AppleWebKit/537.36 (KHTML, like Gecko) Chrome/109.0.0.0 Safari/537.36"
178.165.199.140 - - [23/May/2023:10:19:51 +0200] "GET /entry.php?id=10271&&ser=829931 HTTP/1.1" 200 986 "http://hausegger.activities.at/entry.php?id=10271&&ser=829871" "Mozilla/5.0 (Windows NT 10.0; Win64; x64; rv:109.0) Gecko/20100101 Firefox/113.0"
178.165.199.140 - - [23/May/2023:10:19:51 +0200] "GET /gui/javascript/form_form.js?1684829991 HTTP/1.1" 200 16206 "http://hausegger.activities.at/entry.php?id=10271&&ser=829931" "Mozilla/5.0 (Windows NT 10.0; Win64; x64; rv:109.0) Gecko/20100101 Firefox/113.0"
213.142.96.129 - - [23/May/2023:10:20:31 +0200] "GET /entry.php?id=10271&&ser=829970 HTTP/1.1" 200 986 "http://212.69.160.11/entry.php?id=10271&&ser=829909" "Mozilla/5.0 (Windows NT 10.0; Win64; x64) AppleWebKit/537.36 (KHTML, like Gecko) Chrome/109.0.0.0 Safari/537.36"
213.142.96.129 - - [23/May/2023:10:20:31 +0200] "GET /gui/javascript/form_form.js?1684830031 HTTP/1.1" 200 16206 "http://212.69.160.11/entry.php?id=10271&&ser=829970" "Mozilla/5.0 (Windows NT 10.0; Win64; x64) AppleWebKit/537.36 (KHTML, like Gecko) Chrome/109.0.0.0 Safari/537.36"
178.165.199.140 - - [23/May/2023:10:20:52 +0200] "GET /entry.php?id=10271&&ser=829991 HTTP/1.1" 200 986 "http://hausegger.activities.at/entry.php?id=10271&&ser=829931" "Mozilla/5.0 (Windows NT 10.0; Win64; x64; rv:109.0) Gecko/20100101 Firefox/113.0"
178.165.199.140 - - [23/May/2023:10:20:52 +0200] "GET /gui/javascript/form_form.js?1684830052 HTTP/1.1" 200 16206 "http://hausegger.activities.at/entry.php?id=10271&&ser=829991" "Mozilla/5.0 (Windows NT 10.0; Win64; x64; rv:109.0) Gecko/20100101 Firefox/113.0"
213.142.96.129 - - [23/May/2023:10:21:32 +0200] "GET /entry.php?id=10271&&ser=830031 HTTP/1.1" 200 987 "http://212.69.160.11/entry.php?id=10271&&ser=829970" "Mozilla/5.0 (Windows NT 10.0; Win64; x64) AppleWebKit/537.36 (KHTML, like Gecko) Chrome/109.0.0.0 Safari/537.36"
213.142.96.129 - - [23/May/2023:10:21:32 +0200] "GET /gui/javascript/form_form.js?1684830092 HTTP/1.1" 200 16206 "http://212.69.160.11/entry.php?id=10271&&ser=830031" "Mozilla/5.0 (Windows NT 10.0; Win64; x64) AppleWebKit/537.36 (KHTML, like Gecko) Chrome/109.0.0.0 Safari/537.36"
178.165.199.140 - - [23/May/2023:10:21:52 +0200] "GET /entry.php?id=10271&&ser=830052 HTTP/1.1" 200 986 "http://hausegger.activities.at/entry.php?id=10271&&ser=829991" "Mozilla/5.0 (Windows NT 10.0; Win64; x64; rv:109.0) Gecko/20100101 Firefox/113.0"
178.165.199.140 - - [23/May/2023:10:21:52 +0200] "GET /gui/javascript/form_form.js?1684830112 HTTP/1.1" 200 16206 "http://hausegger.activities.at/entry.php?id=10271&&ser=830052" "Mozilla/5.0 (Windows NT 10.0; Win64; x64; rv:109.0) Gecko/20100101 Firefox/113.0"
213.142.96.129 - - [23/May/2023:10:22:33 +0200] "GET /entry.php?id=10271&&ser=830092 HTTP/1.1" 200 987 "http://212.69.160.11/entry.php?id=10271&&ser=830031" "Mozilla/5.0 (Windows NT 10.0; Win64; x64) AppleWebKit/537.36 (KHTML, like Gecko) Chrome/109.0.0.0 Safari/537.36"
213.142.96.129 - - [23/May/2023:10:22:33 +0200] "GET /gui/javascript/form_form.js?1684830153 HTTP/1.1" 200 16206 "http://212.69.160.11/entry.php?id=10271&&ser=830092" "Mozilla/5.0 (Windows NT 10.0; Win64; x64) AppleWebKit/537.36 (KHTML, like Gecko) Chrome/109.0.0.0 Safari/537.36"
178.165.199.140 - - [23/May/2023:10:22:52 +0200] "GET /entry.php?id=10271&&ser=830112 HTTP/1.1" 200 987 "http://hausegger.activities.at/entry.php?id=10271&&ser=830052" "Mozilla/5.0 (Windows NT 10.0; Win64; x64; rv:109.0) Gecko/20100101 Firefox/113.0"
178.165.199.140 - - [23/May/2023:10:22:52 +0200] "GET /gui/javascript/form_form.js?1684830172 HTTP/1.1" 200 16206 "http://hausegger.activities.at/entry.php?id=10271&&ser=830112" "Mozilla/5.0 (Windows NT 10.0; Win64; x64; rv:109.0) Gecko/20100101 Firefox/113.0"
213.142.96.129 - - [23/May/2023:10:23:34 +0200] "GET /entry.php?id=10271&&ser=830153 HTTP/1.1" 200 986 "http://212.69.160.11/entry.php?id=10271&&ser=830092" "Mozilla/5.0 (Windows NT 10.0; Win64; x64) AppleWebKit/537.36 (KHTML, like Gecko) Chrome/109.0.0.0 Safari/537.36"
213.142.96.129 - - [23/May/2023:10:23:34 +0200] "GET /gui/javascript/form_form.js?1684830214 HTTP/1.1" 200 16206 "http://212.69.160.11/entry.php?id=10271&&ser=830153" "Mozilla/5.0 (Windows NT 10.0; Win64; x64) AppleWebKit/537.36 (KHTML, like Gecko) Chrome/109.0.0.0 Safari/537.36"
178.165.199.140 - - [23/May/2023:10:23:52 +0200] "GET /entry.php?id=10271&&ser=830172 HTTP/1.1" 200 986 "http://hausegger.activities.at/entry.php?id=10271&&ser=830112" "Mozilla/5.0 (Windows NT 10.0; Win64; x64; rv:109.0) Gecko/20100101 Firefox/113.0"
178.165.199.140 - - [23/May/2023:10:23:53 +0200] "GET /gui/javascript/form_form.js?1684830232 HTTP/1.1" 200 16206 "http://hausegger.activities.at/entry.php?id=10271&&ser=830172" "Mozilla/5.0 (Windows NT 10.0; Win64; x64; rv:109.0) Gecko/20100101 Firefox/113.0"
213.142.96.129 - - [23/May/2023:10:24:35 +0200] "GET /entry.php?id=10271&&ser=830214 HTTP/1.1" 200 986 "http://212.69.160.11/entry.php?id=10271&&ser=830153" "Mozilla/5.0 (Windows NT 10.0; Win64; x64) AppleWebKit/537.36 (KHTML, like Gecko) Chrome/109.0.0.0 Safari/537.36"
213.142.96.129 - - [23/May/2023:10:24:35 +0200] "GET /gui/javascript/form_form.js?1684830275 HTTP/1.1" 200 16206 "http://212.69.160.11/entry.php?id=10271&&ser=830214" "Mozilla/5.0 (Windows NT 10.0; Win64; x64) AppleWebKit/537.36 (KHTML, like Gecko) Chrome/109.0.0.0 Safari/537.36"
