178.165.199.140 - - [23/May/2023:10:24:53 +0200] "GET /entry.php?id=10271&&ser=830232 HTTP/1.1" 200 987 "http://hausegger.activities.at/entry.php?id=10271&&ser=830172" "Mozilla/5.0 (Windows NT 10.0; Win64; x64; rv:109.0) Gecko/20100101 Firefox/113.0"
178.165.199.140 - - [23/May/2023:10:24:53 +0200] "GET /gui/javascript/form_form.js?1684830293 HTTP/1.1" 200 16206 "http://hausegger.activities.at/entry.php?id=10271&&ser=830232" "Mozilla/5.0 (Windows NT 10.0; Win64; x64; rv:109.0) Gecko/20100101 Firefox/113.0"
213.142.96.129 - - [23/May/2023:10:25:36 +0200] "GET /entry.php?id=10271&&ser=830275 HTTP/1.1" 200 987 "http://212.69.160.11/entry.php?id=10271&&ser=830214" "Mozilla/5.0 (Windows NT 10.0; Win64; x64) AppleWebKit/537.36 (KHTML, like Gecko) Chrome/109.0.0.0 Safari/537.36"
213.142.96.129 - - [23/May/2023:10:25:36 +0200] "GET /gui/javascript/form_form.js?1684830336 HTTP/1.1" 200 16206 "http://212.69.160.11/entry.php?id=10271&&ser=830275" "Mozilla/5.0 (Windows NT 10.0; Win64; x64) AppleWebKit/537.36 (KHTML, like Gecko) Chrome/109.0.0.0 Safari/537.36"
178.165.199.140 - - [23/May/2023:10:25:53 +0200] "GET /entry.php?id=10271&&ser=830293 HTTP/1.1" 200 987 "http://hausegger.activities.at/entry.php?id=10271&&ser=830232" "Mozilla/5.0 (Windows NT 10.0; Win64; x64; rv:109.0) Gecko/20100101 Firefox/113.0"
178.165.199.140 - - [23/May/2023:10:25:53 +0200] "GET /gui/javascript/form_form.js?1684830353 HTTP/1.1" 200 16206 "http://hausegger.activities.at/entry.php?id=10271&&ser=830293" "Mozilla/5.0 (Windows NT 10.0; Win64; x64; rv:109.0) Gecko/20100101 Firefox/113.0"
213.142.96.129 - - [23/May/2023:10:26:37 +0200] "GET /entry.php?id=10271&&ser=830336 HTTP/1.1" 200 987 "http://212.69.160.11/entry.php?id=10271&&ser=830275" "Mozilla/5.0 (Windows NT 10.0; Win64; x64) AppleWebKit/537.36 (KHTML, like Gecko) Chrome/109.0.0.0 Safari/537.36"
213.142.96.129 - - [23/May/2023:10:26:37 +0200] "GET /gui/javascript/form_form.js?1684830397 HTTP/1.1" 200 16206 "http://212.69.160.11/entry.php?id=10271&&ser=830336" "Mozilla/5.0 (Windows NT 10.0; Win64; x64) AppleWebKit/537.36 (KHTML, like Gecko) Chrome/109.0.0.0 Safari/537.36"
178.165.199.140 - - [23/May/2023:10:26:53 +0200] "GET /entry.php?id=10271&&ser=830353 HTTP/1.1" 200 987 "http://hausegger.activities.at/entry.php?id=10271&&ser=830293" "Mozilla/5.0 (Windows NT 10.0; Win64; x64; rv:109.0) Gecko/20100101 Firefox/113.0"
178.165.199.140 - - [23/May/2023:10:26:53 +0200] "GET /gui/javascript/form_form.js?1684830413 HTTP/1.1" 200 16206 "http://hausegger.activities.at/entry.php?id=10271&&ser=830353" "Mozilla/5.0 (Windows NT 10.0; Win64; x64; rv:109.0) Gecko/20100101 Firefox/113.0"
213.142.96.129 - - [23/May/2023:10:27:38 +0200] "GET /entry.php?id=10271&&ser=830397 HTTP/1.1" 200 987 "http://212.69.160.11/entry.php?id=10271&&ser=830336" "Mozilla/5.0 (Windows NT 10.0; Win64; x64) AppleWebKit/537.36 (KHTML, like Gecko) Chrome/109.0.0.0 Safari/537.36"
213.142.96.129 - - [23/May/2023:10:27:38 +0200] "GET /gui/javascript/form_form.js?1684830458 HTTP/1.1" 200 16206 "http://212.69.160.11/entry.php?id=10271&&ser=830397" "Mozilla/5.0 (Windows NT 10.0; Win64; x64) AppleWebKit/537.36 (KHTML, like Gecko) Chrome/109.0.0.0 Safari/537.36"
178.165.199.140 - - [23/May/2023:10:27:54 +0200] "GET /entry.php?id=10271&&ser=830413 HTTP/1.1" 200 987 "http://hausegger.activities.at/entry.php?id=10271&&ser=830353" "Mozilla/5.0 (Windows NT 10.0; Win64; x64; rv:109.0) Gecko/20100101 Firefox/113.0"
178.165.199.140 - - [23/May/2023:10:27:54 +0200] "GET /gui/javascript/form_form.js?1684830474 HTTP/1.1" 200 16206 "http://hausegger.activities.at/entry.php?id=10271&&ser=830413" "Mozilla/5.0 (Windows NT 10.0; Win64; x64; rv:109.0) Gecko/20100101 Firefox/113.0"
213.142.96.129 - - [23/May/2023:10:28:39 +0200] "GET /entry.php?id=10271&&ser=830458 HTTP/1.1" 200 987 "http://212.69.160.11/entry.php?id=10271&&ser=830397" "Mozilla/5.0 (Windows NT 10.0; Win64; x64) AppleWebKit/537.36 (KHTML, like Gecko) Chrome/109.0.0.0 Safari/537.36"
213.142.96.129 - - [23/May/2023:10:28:39 +0200] "GET /gui/javascript/form_form.js?1684830519 HTTP/1.1" 200 16206 "http://212.69.160.11/entry.php?id=10271&&ser=830458" "Mozilla/5.0 (Windows NT 10.0; Win64; x64) AppleWebKit/537.36 (KHTML, like Gecko) Chrome/109.0.0.0 Safari/537.36"
178.165.199.140 - - [23/May/2023:10:28:54 +0200] "GET /entry.php?id=10271&&ser=830474 HTTP/1.1" 200 987 "http://hausegger.activities.at/entry.php?id=10271&&ser=830413" "Mozilla/5.0 (Windows NT 10.0; Win64; x64; rv:109.0) Gecko/20100101 Firefox/113.0"
178.165.199.140 - - [23/May/2023:10:28:54 +0200] "GET /gui/javascript/form_form.js?1684830534 HTTP/1.1" 200 16206 "http://hausegger.activities.at/entry.php?id=10271&&ser=830474" "Mozilla/5.0 (Windows NT 10.0; Win64; x64; rv:109.0) Gecko/20100101 Firefox/113.0"
213.142.96.129 - - [23/May/2023:10:29:40 +0200] "GET /entry.php?id=10271&&ser=830519 HTTP/1.1" 200 986 "http://212.69.160.11/entry.php?id=10271&&ser=830458" "Mozilla/5.0 (Windows NT 10.0; Win64; x64) AppleWebKit/537.36 (KHTML, like Gecko) Chrome/109.0.0.0 Safari/537.36"
213.142.96.129 - - [23/May/2023:10:29:40 +0200] "GET /gui/javascript/form_form.js?1684830580 HTTP/1.1" 200 16206 "http://212.69.160.11/entry.php?id=10271&&ser=830519" "Mozilla/5.0 (Windows NT 10.0; Win64; x64) AppleWebKit/537.36 (KHTML, like Gecko) Chrome/109.0.0.0 Safari/537.36"
178.165.199.140 - - [23/May/2023:10:29:54 +0200] "GET /entry.php?id=10271&&ser=830534 HTTP/1.1" 200 987 "http://hausegger.activities.at/entry.php?id=10271&&ser=830474" "Mozilla/5.0 (Windows NT 10.0; Win64; x64; rv:109.0) Gecko/20100101 Firefox/113.0"
178.165.199.140 - - [23/May/2023:10:29:54 +0200] "GET /gui/javascript/form_form.js?1684830594 HTTP/1.1" 200 16206 "http://hausegger.activities.at/entry.php?id=10271&&ser=830534" "Mozilla/5.0 (Windows NT 10.0; Win64; x64; rv:109.0) Gecko/20100101 Firefox/113.0"
213.142.96.129 - - [23/May/2023:10:30:41 +0200] "GET /entry.php?id=10271&&ser=830580 HTTP/1.1" 200 986 "http://212.69.160.11/entry.php?id=10271&&ser=830519" "Mozilla/5.0 (Windows NT 10.0; Win64; x64) AppleWebKit/537.36 (KHTML, like Gecko) Chrome/109.0.0.0 Safari/537.36"
213.142.96.129 - - [23/May/2023:10:30:41 +0200] "GET /gui/javascript/form_form.js?1684830641 HTTP/1.1" 200 16206 "http://212.69.160.11/entry.php?id=10271&&ser=830580" "Mozilla/5.0 (Windows NT 10.0; Win64; x64) AppleWebKit/537.36 (KHTML, like Gecko) Chrome/109.0.0.0 Safari/537.36"
178.165.199.140 - - [23/May/2023:10:30:47 +0200] "GET /entry.php?id=10828 HTTP/1.1" 200 9139 "http://hausegger.activities.at/entry.php?id=10270&__app__=10006038" "Mozilla/5.0 (Windows NT 10.0; Win64; x64; rv:109.0) Gecko/20100101 Firefox/113.0"
178.165.199.140 - - [23/May/2023:10:30:47 +0200] "GET /gui/javascript/form_form.js?1684830647 HTTP/1.1" 200 16206 "http://hausegger.activities.at/entry.php?id=10828" "Mozilla/5.0 (Windows NT 10.0; Win64; x64; rv:109.0) Gecko/20100101 Firefox/113.0"
178.165.199.140 - - [23/May/2023:10:30:47 +0200] "GET /entry.php?id=10889&document_id=& HTTP/1.1" 200 1507 "http://hausegger.activities.at/entry.php?id=10828" "Mozilla/5.0 (Windows NT 10.0; Win64; x64; rv:109.0) Gecko/20100101 Firefox/113.0"
178.165.199.140 - - [23/May/2023:10:30:54 +0200] "GET /entry.php?id=10271&&ser=830594 HTTP/1.1" 200 987 "http://hausegger.activities.at/entry.php?id=10271&&ser=830534" "Mozilla/5.0 (Windows NT 10.0; Win64; x64; rv:109.0) Gecko/20100101 Firefox/113.0"
178.165.199.140 - - [23/May/2023:10:30:55 +0200] "GET /gui/javascript/form_form.js?1684830655 HTTP/1.1" 200 16206 "http://hausegger.activities.at/entry.php?id=10271&&ser=830594" "Mozilla/5.0 (Windows NT 10.0; Win64; x64; rv:109.0) Gecko/20100101 Firefox/113.0"
213.142.96.129 - - [23/May/2023:10:31:42 +0200] "GET /entry.php?id=10271&&ser=830641 HTTP/1.1" 200 987 "http://212.69.160.11/entry.php?id=10271&&ser=830580" "Mozilla/5.0 (Windows NT 10.0; Win64; x64) AppleWebKit/537.36 (KHTML, like Gecko) Chrome/109.0.0.0 Safari/537.36"
213.142.96.129 - - [23/May/2023:10:31:42 +0200] "GET /gui/javascript/form_form.js?1684830702 HTTP/1.1" 200 16206 "http://212.69.160.11/entry.php?id=10271&&ser=830641" "Mozilla/5.0 (Windows NT 10.0; Win64; x64) AppleWebKit/537.36 (KHTML, like Gecko) Chrome/109.0.0.0 Safari/537.36"
178.165.199.140 - - [23/May/2023:10:31:55 +0200] "GET /entry.php?id=10271&&ser=830654 HTTP/1.1" 200 987 "http://hausegger.activities.at/entry.php?id=10271&&ser=830594" "Mozilla/5.0 (Windows NT 10.0; Win64; x64; rv:109.0) Gecko/20100101 Firefox/113.0"
178.165.199.140 - - [23/May/2023:10:31:55 +0200] "GET /gui/javascript/form_form.js?1684830715 HTTP/1.1" 200 16206 "http://hausegger.activities.at/entry.php?id=10271&&ser=830654" "Mozilla/5.0 (Windows NT 10.0; Win64; x64; rv:109.0) Gecko/20100101 Firefox/113.0"
178.165.199.140 - - [23/May/2023:10:32:32 +0200] "POST /entry.php?id=10828 HTTP/1.1" 200 9329 "http://hausegger.activities.at/entry.php?id=10828" "Mozilla/5.0 (Windows NT 10.0; Win64; x64; rv:109.0) Gecko/20100101 Firefox/113.0"
178.165.199.140 - - [23/May/2023:10:32:33 +0200] "GET /gui/javascript/form_form.js?1684830752 HTTP/1.1" 200 16206 "http://hausegger.activities.at/entry.php?id=10828" "Mozilla/5.0 (Windows NT 10.0; Win64; x64; rv:109.0) Gecko/20100101 Firefox/113.0"
178.165.199.140 - - [23/May/2023:10:32:33 +0200] "GET /entry.php?id=10889&document_id=& HTTP/1.1" 200 1508 "http://hausegger.activities.at/entry.php?id=10828" "Mozilla/5.0 (Windows NT 10.0; Win64; x64; rv:109.0) Gecko/20100101 Firefox/113.0"
178.165.199.140 - - [23/May/2023:10:32:33 +0200] "GET /gui/javascript/form_form.js?1684830753 HTTP/1.1" 200 16206 "http://hausegger.activities.at/entry.php?id=10889&document_id=&" "Mozilla/5.0 (Windows NT 10.0; Win64; x64; rv:109.0) Gecko/20100101 Firefox/113.0"
178.165.199.140 - - [23/May/2023:10:32:40 +0200] "GET /entry.php?id=10877&mode=loadSearchCustomer&obj=number&tag=debitor&value=Z&ser=1684826885917 HTTP/1.1" 200 203 "http://hausegger.activities.at/entry.php?id=10828" "Mozilla/5.0 (Windows NT 10.0; Win64; x64; rv:109.0) Gecko/20100101 Firefox/113.0"
178.165.199.140 - - [23/May/2023:10:32:40 +0200] "GET /entry.php?id=10877&mode=loadSearchCustomer&obj=number&tag=debitor&value=Zg&ser=1684826886093 HTTP/1.1" 200 177 "http://hausegger.activities.at/entry.php?id=10828" "Mozilla/5.0 (Windows NT 10.0; Win64; x64; rv:109.0) Gecko/20100101 Firefox/113.0"
178.165.199.140 - - [23/May/2023:10:32:40 +0200] "GET /entry.php?id=10877&mode=loadSearchCustomer&obj=number&tag=debitor&value=Zgo&ser=1684826886221 HTTP/1.1" 200 177 "http://hausegger.activities.at/entry.php?id=10828" "Mozilla/5.0 (Windows NT 10.0; Win64; x64; rv:109.0) Gecko/20100101 Firefox/113.0"
178.165.199.140 - - [23/May/2023:10:32:40 +0200] "GET /entry.php?id=10877&mode=loadSearchCustomer&obj=number&tag=debitor&value=Zgon&ser=1684826886388 HTTP/1.1" 200 177 "http://hausegger.activities.at/entry.php?id=10828" "Mozilla/5.0 (Windows NT 10.0; Win64; x64; rv:109.0) Gecko/20100101 Firefox/113.0"
178.165.199.140 - - [23/May/2023:10:32:41 +0200] "POST /entry.php?id=10889 HTTP/1.1" 200 1514 "http://hausegger.activities.at/entry.php?id=10889&document_id=&" "Mozilla/5.0 (Windows NT 10.0; Win64; x64; rv:109.0) Gecko/20100101 Firefox/113.0"
178.165.199.140 - - [23/May/2023:10:32:42 +0200] "GET /gui/javascript/form_form.js?1684830761 HTTP/1.1" 200 16206 "http://hausegger.activities.at/entry.php?id=10889" "Mozilla/5.0 (Windows NT 10.0; Win64; x64; rv:109.0) Gecko/20100101 Firefox/113.0"
213.142.96.129 - - [23/May/2023:10:32:43 +0200] "GET /entry.php?id=10271&&ser=830702 HTTP/1.1" 200 987 "http://212.69.160.11/entry.php?id=10271&&ser=830641" "Mozilla/5.0 (Windows NT 10.0; Win64; x64) AppleWebKit/537.36 (KHTML, like Gecko) Chrome/109.0.0.0 Safari/537.36"
213.142.96.129 - - [23/May/2023:10:32:43 +0200] "GET /gui/javascript/form_form.js?1684830763 HTTP/1.1" 200 16206 "http://212.69.160.11/entry.php?id=10271&&ser=830702" "Mozilla/5.0 (Windows NT 10.0; Win64; x64) AppleWebKit/537.36 (KHTML, like Gecko) Chrome/109.0.0.0 Safari/537.36"
178.165.199.140 - - [23/May/2023:10:32:44 +0200] "GET /entry.php?id=10877&mode=loadSearchCustomer&obj=number&tag=debitor&value=Zgonc&ser=1684826890525 HTTP/1.1" 200 177 "http://hausegger.activities.at/entry.php?id=10828" "Mozilla/5.0 (Windows NT 10.0; Win64; x64; rv:109.0) Gecko/20100101 Firefox/113.0"
178.165.199.140 - - [23/May/2023:10:32:45 +0200] "POST /entry.php?id=10889 HTTP/1.1" 200 1767 "http://hausegger.activities.at/entry.php?id=10889" "Mozilla/5.0 (Windows NT 10.0; Win64; x64; rv:109.0) Gecko/20100101 Firefox/113.0"
178.165.199.140 - - [23/May/2023:10:32:45 +0200] "GET /gui/javascript/form_form.js?1684830765 HTTP/1.1" 200 16206 "http://hausegger.activities.at/entry.php?id=10889" "Mozilla/5.0 (Windows NT 10.0; Win64; x64; rv:109.0) Gecko/20100101 Firefox/113.0"
178.165.199.140 - - [23/May/2023:10:32:55 +0200] "GET /entry.php?id=10271&&ser=830715 HTTP/1.1" 200 987 "http://hausegger.activities.at/entry.php?id=10271&&ser=830654" "Mozilla/5.0 (Windows NT 10.0; Win64; x64; rv:109.0) Gecko/20100101 Firefox/113.0"
178.165.199.140 - - [23/May/2023:10:32:55 +0200] "GET /gui/javascript/form_form.js?1684830775 HTTP/1.1" 200 16206 "http://hausegger.activities.at/entry.php?id=10271&&ser=830715" "Mozilla/5.0 (Windows NT 10.0; Win64; x64; rv:109.0) Gecko/20100101 Firefox/113.0"
178.165.199.140 - - [23/May/2023:10:33:16 +0200] "POST /entry.php?id=10828 HTTP/1.1" 200 8749 "http://hausegger.activities.at/entry.php?id=10828" "Mozilla/5.0 (Windows NT 10.0; Win64; x64; rv:109.0) Gecko/20100101 Firefox/113.0"
178.165.199.140 - - [23/May/2023:10:33:16 +0200] "GET /gui/javascript/form_form.js?1684830796 HTTP/1.1" 200 16206 "http://hausegger.activities.at/entry.php?id=10828" "Mozilla/5.0 (Windows NT 10.0; Win64; x64; rv:109.0) Gecko/20100101 Firefox/113.0"
178.165.199.140 - - [23/May/2023:10:33:16 +0200] "GET /entry.php?id=10889&document_id=10323308& HTTP/1.1" 200 1507 "http://hausegger.activities.at/entry.php?id=10828" "Mozilla/5.0 (Windows NT 10.0; Win64; x64; rv:109.0) Gecko/20100101 Firefox/113.0"
178.165.199.140 - - [23/May/2023:10:33:17 +0200] "GET /gui/javascript/form_form.js?1684830797 HTTP/1.1" 200 16206 "http://hausegger.activities.at/entry.php?id=10889&document_id=10323308&" "Mozilla/5.0 (Windows NT 10.0; Win64; x64; rv:109.0) Gecko/20100101 Firefox/113.0"
178.165.199.140 - - [23/May/2023:10:33:18 +0200] "POST /entry.php?id=10828 HTTP/1.1" 200 4991 "http://hausegger.activities.at/entry.php?id=10828" "Mozilla/5.0 (Windows NT 10.0; Win64; x64; rv:109.0) Gecko/20100101 Firefox/113.0"
178.165.199.140 - - [23/May/2023:10:33:19 +0200] "GET /gui/javascript/form_form.js?1684830799 HTTP/1.1" 200 16206 "http://hausegger.activities.at/entry.php?id=10828" "Mozilla/5.0 (Windows NT 10.0; Win64; x64; rv:109.0) Gecko/20100101 Firefox/113.0"
178.165.199.140 - - [23/May/2023:10:33:19 +0200] "GET /entry.php?id=10889&document_id=10323308& HTTP/1.1" 200 1508 "http://hausegger.activities.at/entry.php?id=10828" "Mozilla/5.0 (Windows NT 10.0; Win64; x64; rv:109.0) Gecko/20100101 Firefox/113.0"
178.165.199.140 - - [23/May/2023:10:33:43 +0200] "POST /entry.php?id=10828 HTTP/1.1" 200 5013 "http://hausegger.activities.at/entry.php?id=10828" "Mozilla/5.0 (Windows NT 10.0; Win64; x64; rv:109.0) Gecko/20100101 Firefox/113.0"
178.165.199.140 - - [23/May/2023:10:33:43 +0200] "GET /gui/javascript/form_form.js?1684830823 HTTP/1.1" 200 16206 "http://hausegger.activities.at/entry.php?id=10828" "Mozilla/5.0 (Windows NT 10.0; Win64; x64; rv:109.0) Gecko/20100101 Firefox/113.0"
178.165.199.140 - - [23/May/2023:10:33:43 +0200] "GET /entry.php?id=10889&document_id=10323308& HTTP/1.1" 200 1507 "http://hausegger.activities.at/entry.php?id=10828" "Mozilla/5.0 (Windows NT 10.0; Win64; x64; rv:109.0) Gecko/20100101 Firefox/113.0"
213.142.96.129 - - [23/May/2023:10:33:44 +0200] "GET /entry.php?id=10271&&ser=830763 HTTP/1.1" 200 987 "http://212.69.160.11/entry.php?id=10271&&ser=830702" "Mozilla/5.0 (Windows NT 10.0; Win64; x64) AppleWebKit/537.36 (KHTML, like Gecko) Chrome/109.0.0.0 Safari/537.36"
213.142.96.129 - - [23/May/2023:10:33:44 +0200] "GET /gui/javascript/form_form.js?1684830824 HTTP/1.1" 200 16206 "http://212.69.160.11/entry.php?id=10271&&ser=830763" "Mozilla/5.0 (Windows NT 10.0; Win64; x64) AppleWebKit/537.36 (KHTML, like Gecko) Chrome/109.0.0.0 Safari/537.36"
178.165.199.140 - - [23/May/2023:10:33:45 +0200] "POST /entry.php?id=10828 HTTP/1.1" 200 4789 "http://hausegger.activities.at/entry.php?id=10828" "Mozilla/5.0 (Windows NT 10.0; Win64; x64; rv:109.0) Gecko/20100101 Firefox/113.0"
178.165.199.140 - - [23/May/2023:10:33:45 +0200] "GET /gui/javascript/form_form.js?1684830825 HTTP/1.1" 200 16206 "http://hausegger.activities.at/entry.php?id=10828" "Mozilla/5.0 (Windows NT 10.0; Win64; x64; rv:109.0) Gecko/20100101 Firefox/113.0"
178.165.199.140 - - [23/May/2023:10:33:45 +0200] "GET /entry.php?id=10830&&object=10323308&account=&mode=documentdebitor HTTP/1.1" 200 3133 "http://hausegger.activities.at/entry.php?id=10828" "Mozilla/5.0 (Windows NT 10.0; Win64; x64; rv:109.0) Gecko/20100101 Firefox/113.0"
178.165.199.140 - - [23/May/2023:10:33:45 +0200] "GET /entry.php?id=10889&document_id=10323308& HTTP/1.1" 200 1508 "http://hausegger.activities.at/entry.php?id=10828" "Mozilla/5.0 (Windows NT 10.0; Win64; x64; rv:109.0) Gecko/20100101 Firefox/113.0"
178.165.199.140 - - [23/May/2023:10:33:46 +0200] "GET /gui/javascript/form_form.js?1684830826 HTTP/1.1" 200 16206 "http://hausegger.activities.at/entry.php?id=10889&document_id=10323308&" "Mozilla/5.0 (Windows NT 10.0; Win64; x64; rv:109.0) Gecko/20100101 Firefox/113.0"
178.165.199.140 - - [23/May/2023:10:33:51 +0200] "POST /entry.php?id=10889 HTTP/1.1" 200 1580 "http://hausegger.activities.at/entry.php?id=10889&document_id=10323308&" "Mozilla/5.0 (Windows NT 10.0; Win64; x64; rv:109.0) Gecko/20100101 Firefox/113.0"
178.165.199.140 - - [23/May/2023:10:33:52 +0200] "GET /gui/javascript/form_form.js?1684830832 HTTP/1.1" 200 16206 "http://hausegger.activities.at/entry.php?id=10889" "Mozilla/5.0 (Windows NT 10.0; Win64; x64; rv:109.0) Gecko/20100101 Firefox/113.0"
178.165.199.140 - - [23/May/2023:10:33:55 +0200] "GET /entry.php?id=10271&&ser=830775 HTTP/1.1" 200 987 "http://hausegger.activities.at/entry.php?id=10271&&ser=830715" "Mozilla/5.0 (Windows NT 10.0; Win64; x64; rv:109.0) Gecko/20100101 Firefox/113.0"
178.165.199.140 - - [23/May/2023:10:33:55 +0200] "GET /gui/javascript/form_form.js?1684830835 HTTP/1.1" 200 16206 "http://hausegger.activities.at/entry.php?id=10271&&ser=830775" "Mozilla/5.0 (Windows NT 10.0; Win64; x64; rv:109.0) Gecko/20100101 Firefox/113.0"
178.165.199.140 - - [23/May/2023:10:33:56 +0200] "GET /entry.php?id=10877&mode=loadSearchArticle&obj=article_1&tag=debit&refobject=10323308&value=8&ser=1684826962484 HTTP/1.1" 200 2676 "http://hausegger.activities.at/entry.php?id=10830&&object=10323308&account=&mode=documentdebitor" "Mozilla/5.0 (Windows NT 10.0; Win64; x64; rv:109.0) Gecko/20100101 Firefox/113.0"
178.165.199.140 - - [23/May/2023:10:33:56 +0200] "GET /entry.php?id=10877&mode=loadSearchArticle&obj=article_1&tag=debit&refobject=10323308&value=86&ser=1684826962709 HTTP/1.1" 200 546 "http://hausegger.activities.at/entry.php?id=10830&&object=10323308&account=&mode=documentdebitor" "Mozilla/5.0 (Windows NT 10.0; Win64; x64; rv:109.0) Gecko/20100101 Firefox/113.0"
178.165.199.140 - - [23/May/2023:10:33:57 +0200] "GET /entry.php?id=10877&mode=loadSearchArticle&obj=article_1&tag=debit&refobject=10323308&value=864&ser=1684826962860 HTTP/1.1" 200 338 "http://hausegger.activities.at/entry.php?id=10830&&object=10323308&account=&mode=documentdebitor" "Mozilla/5.0 (Windows NT 10.0; Win64; x64; rv:109.0) Gecko/20100101 Firefox/113.0"
178.165.199.140 - - [23/May/2023:10:33:57 +0200] "GET /entry.php?id=10877&mode=loadSearchArticle&obj=article_1&tag=debit&refobject=10323308&value=864-&ser=1684826963084 HTTP/1.1" 200 338 "http://hausegger.activities.at/entry.php?id=10830&&object=10323308&account=&mode=documentdebitor" "Mozilla/5.0 (Windows NT 10.0; Win64; x64; rv:109.0) Gecko/20100101 Firefox/113.0"
178.165.199.140 - - [23/May/2023:10:33:57 +0200] "GET /entry.php?id=10877&mode=loadSearchArticle&obj=article_1&tag=debit&refobject=10323308&value=864-3&ser=1684826963629 HTTP/1.1" 200 338 "http://hausegger.activities.at/entry.php?id=10830&&object=10323308&account=&mode=documentdebitor" "Mozilla/5.0 (Windows NT 10.0; Win64; x64; rv:109.0) Gecko/20100101 Firefox/113.0"
178.165.199.140 - - [23/May/2023:10:33:57 +0200] "GET /entry.php?id=10877&mode=loadSearchArticle&obj=article_1&tag=debit&refobject=10323308&value=864-31&ser=1684826963708 HTTP/1.1" 200 271 "http://hausegger.activities.at/entry.php?id=10830&&object=10323308&account=&mode=documentdebitor" "Mozilla/5.0 (Windows NT 10.0; Win64; x64; rv:109.0) Gecko/20100101 Firefox/113.0"
178.165.199.140 - - [23/May/2023:10:34:00 +0200] "POST /entry.php?id=10889 HTTP/1.1" 200 1917 "http://hausegger.activities.at/entry.php?id=10889" "Mozilla/5.0 (Windows NT 10.0; Win64; x64; rv:109.0) Gecko/20100101 Firefox/113.0"
178.165.199.140 - - [23/May/2023:10:34:00 +0200] "GET /gui/javascript/form_form.js?1684830840 HTTP/1.1" 200 16206 "http://hausegger.activities.at/entry.php?id=10889" "Mozilla/5.0 (Windows NT 10.0; Win64; x64; rv:109.0) Gecko/20100101 Firefox/113.0"
178.165.199.140 - - [23/May/2023:10:34:00 +0200] "POST /entry.php?id=10889 HTTP/1.1" 200 1678 "http://hausegger.activities.at/entry.php?id=10889" "Mozilla/5.0 (Windows NT 10.0; Win64; x64; rv:109.0) Gecko/20100101 Firefox/113.0"
178.165.199.140 - - [23/May/2023:10:34:01 +0200] "GET /gui/javascript/form_form.js?1684830841 HTTP/1.1" 200 16206 "http://hausegger.activities.at/entry.php?id=10889" "Mozilla/5.0 (Windows NT 10.0; Win64; x64; rv:109.0) Gecko/20100101 Firefox/113.0"
178.165.199.140 - - [23/May/2023:10:34:16 +0200] "POST /entry.php?id=10889 HTTP/1.1" 200 1840 "http://hausegger.activities.at/entry.php?id=10889" "Mozilla/5.0 (Windows NT 10.0; Win64; x64; rv:109.0) Gecko/20100101 Firefox/113.0"
178.165.199.140 - - [23/May/2023:10:34:16 +0200] "GET /gui/javascript/form_form.js?1684830856 HTTP/1.1" 200 16206 "http://hausegger.activities.at/entry.php?id=10889" "Mozilla/5.0 (Windows NT 10.0; Win64; x64; rv:109.0) Gecko/20100101 Firefox/113.0"
178.165.199.140 - - [23/May/2023:10:34:21 +0200] "GET /entry.php?id=11270&document=10323308 HTTP/1.1" 200 1973 "http://hausegger.activities.at/entry.php?id=10828" "Mozilla/5.0 (Windows NT 10.0; Win64; x64; rv:109.0) Gecko/20100101 Firefox/113.0"
178.165.199.140 - - [23/May/2023:10:34:21 +0200] "GET /gui/javascript/form_bu_document.js?1684830861 HTTP/1.1" 200 2675 "http://hausegger.activities.at/entry.php?id=11270&document=10323308" "Mozilla/5.0 (Windows NT 10.0; Win64; x64; rv:109.0) Gecko/20100101 Firefox/113.0"
178.165.199.140 - - [23/May/2023:10:34:21 +0200] "GET /gui/javascript/form_form.js?1684830861 HTTP/1.1" 200 16206 "http://hausegger.activities.at/entry.php?id=11270&document=10323308" "Mozilla/5.0 (Windows NT 10.0; Win64; x64; rv:109.0) Gecko/20100101 Firefox/113.0"
178.165.199.140 - - [23/May/2023:10:34:21 +0200] "GET /entry.php?id=11241&images=false&document=10323308 HTTP/1.1" 200 2253 "http://hausegger.activities.at/entry.php?id=11270&document=10323308" "Mozilla/5.0 (Windows NT 10.0; Win64; x64; rv:109.0) Gecko/20100101 Firefox/113.0"
178.165.199.140 - - [23/May/2023:10:34:21 +0200] "GET /entry.php?id=10877&mode=observePrint HTTP/1.1" 200 58 "http://hausegger.activities.at/entry.php?id=11270&document=10323308" "Mozilla/5.0 (Windows NT 10.0; Win64; x64; rv:109.0) Gecko/20100101 Firefox/113.0"
213.142.96.129 - - [23/May/2023:10:34:44 +0200] "GET /entry.php?id=10271&&ser=830824 HTTP/1.1" 200 986 "http://212.69.160.11/entry.php?id=10271&&ser=830763" "Mozilla/5.0 (Windows NT 10.0; Win64; x64) AppleWebKit/537.36 (KHTML, like Gecko) Chrome/109.0.0.0 Safari/537.36"
213.142.96.129 - - [23/May/2023:10:34:44 +0200] "GET /gui/javascript/form_form.js?1684830884 HTTP/1.1" 200 16206 "http://212.69.160.11/entry.php?id=10271&&ser=830824" "Mozilla/5.0 (Windows NT 10.0; Win64; x64) AppleWebKit/537.36 (KHTML, like Gecko) Chrome/109.0.0.0 Safari/537.36"
213.142.96.129 - - [23/May/2023:10:34:47 +0200] "POST /entry.php?id=10679 HTTP/1.1" 200 2148 "http://212.69.160.11/entry.php?id=10679&" "Mozilla/5.0 (Windows NT 10.0; Win64; x64) AppleWebKit/537.36 (KHTML, like Gecko) Chrome/109.0.0.0 Safari/537.36"
213.142.96.129 - - [23/May/2023:10:34:47 +0200] "GET /gui/javascript/form_form.js?1684830887 HTTP/1.1" 200 16206 "http://212.69.160.11/entry.php?id=10679" "Mozilla/5.0 (Windows NT 10.0; Win64; x64) AppleWebKit/537.36 (KHTML, like Gecko) Chrome/109.0.0.0 Safari/537.36"
213.142.96.129 - - [23/May/2023:10:34:47 +0200] "GET /entry.php?id=10776&form=10523&name=list& HTTP/1.1" 200 1686 "http://212.69.160.11/entry.php?id=10679" "Mozilla/5.0 (Windows NT 10.0; Win64; x64) AppleWebKit/537.36 (KHTML, like Gecko) Chrome/109.0.0.0 Safari/537.36"
213.142.96.129 - - [23/May/2023:10:34:47 +0200] "GET /entry.php?id=10778&form=10523&name=list& HTTP/1.1" 200 20163 "http://212.69.160.11/entry.php?id=10679" "Mozilla/5.0 (Windows NT 10.0; Win64; x64) AppleWebKit/537.36 (KHTML, like Gecko) Chrome/109.0.0.0 Safari/537.36"
178.165.199.140 - - [23/May/2023:10:34:55 +0200] "GET /entry.php?id=10271&&ser=830835 HTTP/1.1" 200 987 "http://hausegger.activities.at/entry.php?id=10271&&ser=830775" "Mozilla/5.0 (Windows NT 10.0; Win64; x64; rv:109.0) Gecko/20100101 Firefox/113.0"
178.165.199.140 - - [23/May/2023:10:34:56 +0200] "GET /gui/javascript/form_form.js?1684830896 HTTP/1.1" 200 16206 "http://hausegger.activities.at/entry.php?id=10271&&ser=830835" "Mozilla/5.0 (Windows NT 10.0; Win64; x64; rv:109.0) Gecko/20100101 Firefox/113.0"
213.142.96.129 - - [23/May/2023:10:35:01 +0200] "POST /entry.php?id=10678 HTTP/1.1" 200 7224 "http://212.69.160.11/entry.php?id=10678&" "Mozilla/5.0 (Windows NT 10.0; Win64; x64) AppleWebKit/537.36 (KHTML, like Gecko) Chrome/109.0.0.0 Safari/537.36"
213.142.96.129 - - [23/May/2023:10:35:02 +0200] "GET /gui/javascript/form_form.js?1684830901 HTTP/1.1" 200 16206 "http://212.69.160.11/entry.php?id=10678" "Mozilla/5.0 (Windows NT 10.0; Win64; x64) AppleWebKit/537.36 (KHTML, like Gecko) Chrome/109.0.0.0 Safari/537.36"
213.142.96.129 - - [23/May/2023:10:35:29 +0200] "GET /entry.php?id=10938 HTTP/1.1" 200 246 "http://212.69.160.11/entry.php?id=10270&__app__=10006038" "Mozilla/5.0 (Windows NT 10.0; Win64; x64) AppleWebKit/537.36 (KHTML, like Gecko) Chrome/109.0.0.0 Safari/537.36"
213.142.96.129 - - [23/May/2023:10:35:29 +0200] "GET /entry.php?id=10940& HTTP/1.1" 200 6600 "http://212.69.160.11/entry.php?id=10938" "Mozilla/5.0 (Windows NT 10.0; Win64; x64) AppleWebKit/537.36 (KHTML, like Gecko) Chrome/109.0.0.0 Safari/537.36"
213.142.96.129 - - [23/May/2023:10:35:29 +0200] "GET /entry.php?id=10676&&title=Personen HTTP/1.1" 200 1388 "http://212.69.160.11/entry.php?id=10938" "Mozilla/5.0 (Windows NT 10.0; Win64; x64) AppleWebKit/537.36 (KHTML, like Gecko) Chrome/109.0.0.0 Safari/537.36"
213.142.96.129 - - [23/May/2023:10:35:29 +0200] "GET /entry.php?id=10958& HTTP/1.1" 200 3060 "http://212.69.160.11/entry.php?id=10938" "Mozilla/5.0 (Windows NT 10.0; Win64; x64) AppleWebKit/537.36 (KHTML, like Gecko) Chrome/109.0.0.0 Safari/537.36"
213.142.96.129 - - [23/May/2023:10:35:29 +0200] "GET /entry.php?id=10939& HTTP/1.1" 200 2282 "http://212.69.160.11/entry.php?id=10938" "Mozilla/5.0 (Windows NT 10.0; Win64; x64) AppleWebKit/537.36 (KHTML, like Gecko) Chrome/109.0.0.0 Safari/537.36"
213.142.96.129 - - [23/May/2023:10:35:30 +0200] "GET /gui/javascript/form_bu_person.js HTTP/1.1" 200 3948 "http://212.69.160.11/entry.php?id=10940&" "Mozilla/5.0 (Windows NT 10.0; Win64; x64) AppleWebKit/537.36 (KHTML, like Gecko) Chrome/109.0.0.0 Safari/537.36"
213.142.96.129 - - [23/May/2023:10:35:30 +0200] "GET /gui/javascript/form_form.js?1684830929 HTTP/1.1" 200 16206 "http://212.69.160.11/entry.php?id=10940&" "Mozilla/5.0 (Windows NT 10.0; Win64; x64) AppleWebKit/537.36 (KHTML, like Gecko) Chrome/109.0.0.0 Safari/537.36"
213.142.96.129 - - [23/May/2023:10:35:30 +0200] "GET /activities/framework/KoolControls/KoolAjax/koolajax.php?8436e354c842500aba3cbaf0584c0c24 HTTP/1.1" 200 4079 "http://212.69.160.11/entry.php?id=10958&" "Mozilla/5.0 (Windows NT 10.0; Win64; x64) AppleWebKit/537.36 (KHTML, like Gecko) Chrome/109.0.0.0 Safari/537.36"
213.142.96.129 - - [23/May/2023:10:35:30 +0200] "GET /gui/javascript/form_form.js?1684830930 HTTP/1.1" 200 16206 "http://212.69.160.11/entry.php?id=10939&" "Mozilla/5.0 (Windows NT 10.0; Win64; x64) AppleWebKit/537.36 (KHTML, like Gecko) Chrome/109.0.0.0 Safari/537.36"
213.142.96.129 - - [23/May/2023:10:35:30 +0200] "GET /activities/framework/KoolControls/KoolTreeView/kooltreeview.php?c7cd9180e88ffef8e70f13526bb4f5f7 HTTP/1.1" 200 5055 "http://212.69.160.11/entry.php?id=10958&" "Mozilla/5.0 (Windows NT 10.0; Win64; x64) AppleWebKit/537.36 (KHTML, like Gecko) Chrome/109.0.0.0 Safari/537.36"
213.142.96.129 - - [23/May/2023:10:35:30 +0200] "GET /entry.php?id=11148 HTTP/1.1" 200 1477 "http://212.69.160.11/entry.php?id=10940&" "Mozilla/5.0 (Windows NT 10.0; Win64; x64) AppleWebKit/537.36 (KHTML, like Gecko) Chrome/109.0.0.0 Safari/537.36"
213.142.96.129 - - [23/May/2023:10:35:30 +0200] "GET /gui/javascript/form_binary.js HTTP/1.1" 200 3410 "http://212.69.160.11/entry.php?id=11148" "Mozilla/5.0 (Windows NT 10.0; Win64; x64) AppleWebKit/537.36 (KHTML, like Gecko) Chrome/109.0.0.0 Safari/537.36"
213.142.96.129 - - [23/May/2023:10:35:30 +0200] "GET /entry.php?id=10776&form=10776&name=list& HTTP/1.1" 200 2054 "http://212.69.160.11/entry.php?id=10939&" "Mozilla/5.0 (Windows NT 10.0; Win64; x64) AppleWebKit/537.36 (KHTML, like Gecko) Chrome/109.0.0.0 Safari/537.36"
213.142.96.129 - - [23/May/2023:10:35:30 +0200] "GET /entry.php?id=10778&form=10776&name=list& HTTP/1.1" 200 2498 "http://212.69.160.11/entry.php?id=10939&" "Mozilla/5.0 (Windows NT 10.0; Win64; x64) AppleWebKit/537.36 (KHTML, like Gecko) Chrome/109.0.0.0 Safari/537.36"
213.142.96.129 - - [23/May/2023:10:35:32 +0200] "GET /entry.php?id=10685 HTTP/1.1" 200 244 "http://212.69.160.11/entry.php?id=10270&__app__=10006038" "Mozilla/5.0 (Windows NT 10.0; Win64; x64) AppleWebKit/537.36 (KHTML, like Gecko) Chrome/109.0.0.0 Safari/537.36"
213.142.96.129 - - [23/May/2023:10:35:32 +0200] "GET /entry.php?id=10687& HTTP/1.1" 200 3069 "http://212.69.160.11/entry.php?id=10685" "Mozilla/5.0 (Windows NT 10.0; Win64; x64) AppleWebKit/537.36 (KHTML, like Gecko) Chrome/109.0.0.0 Safari/537.36"
213.142.96.129 - - [23/May/2023:10:35:32 +0200] "GET /entry.php?id=10676&&title=Personen HTTP/1.1" 200 1388 "http://212.69.160.11/entry.php?id=10685" "Mozilla/5.0 (Windows NT 10.0; Win64; x64) AppleWebKit/537.36 (KHTML, like Gecko) Chrome/109.0.0.0 Safari/537.36"
213.142.96.129 - - [23/May/2023:10:35:33 +0200] "GET /activities/framework/KoolControls/KoolAjax/koolajax.php?8436e354c842500aba3cbaf0584c0c24 HTTP/1.1" 200 4079 "http://212.69.160.11/entry.php?id=10687&" "Mozilla/5.0 (Windows NT 10.0; Win64; x64) AppleWebKit/537.36 (KHTML, like Gecko) Chrome/109.0.0.0 Safari/537.36"
213.142.96.129 - - [23/May/2023:10:35:33 +0200] "GET /gui/javascript/form_form.js?1684830932 HTTP/1.1" 200 16206 "http://212.69.160.11/entry.php?id=10687&" "Mozilla/5.0 (Windows NT 10.0; Win64; x64) AppleWebKit/537.36 (KHTML, like Gecko) Chrome/109.0.0.0 Safari/537.36"
213.142.96.129 - - [23/May/2023:10:35:32 +0200] "GET /entry.php?id=10688& HTTP/1.1" 200 6619 "http://212.69.160.11/entry.php?id=10685" "Mozilla/5.0 (Windows NT 10.0; Win64; x64) AppleWebKit/537.36 (KHTML, like Gecko) Chrome/109.0.0.0 Safari/537.36"
213.142.96.129 - - [23/May/2023:10:35:33 +0200] "GET /activities/framework/KoolControls/KoolTreeView/kooltreeview.php?c7cd9180e88ffef8e70f13526bb4f5f7 HTTP/1.1" 200 5055 "http://212.69.160.11/entry.php?id=10687&" "Mozilla/5.0 (Windows NT 10.0; Win64; x64) AppleWebKit/537.36 (KHTML, like Gecko) Chrome/109.0.0.0 Safari/537.36"
213.142.96.129 - - [23/May/2023:10:35:33 +0200] "GET /gui/javascript/form_form.js?1684830933 HTTP/1.1" 200 16206 "http://212.69.160.11/entry.php?id=10688&" "Mozilla/5.0 (Windows NT 10.0; Win64; x64) AppleWebKit/537.36 (KHTML, like Gecko) Chrome/109.0.0.0 Safari/537.36"
213.142.96.129 - - [23/May/2023:10:35:32 +0200] "GET /entry.php?id=10686& HTTP/1.1" 200 2285 "http://212.69.160.11/entry.php?id=10685" "Mozilla/5.0 (Windows NT 10.0; Win64; x64) AppleWebKit/537.36 (KHTML, like Gecko) Chrome/109.0.0.0 Safari/537.36"
213.142.96.129 - - [23/May/2023:10:35:33 +0200] "GET /entry.php?id=11148 HTTP/1.1" 200 1477 "http://212.69.160.11/entry.php?id=10688&" "Mozilla/5.0 (Windows NT 10.0; Win64; x64) AppleWebKit/537.36 (KHTML, like Gecko) Chrome/109.0.0.0 Safari/537.36"
213.142.96.129 - - [23/May/2023:10:35:33 +0200] "GET /entry.php?id=10776&form=10530&name=list& HTTP/1.1" 200 2058 "http://212.69.160.11/entry.php?id=10686&" "Mozilla/5.0 (Windows NT 10.0; Win64; x64) AppleWebKit/537.36 (KHTML, like Gecko) Chrome/109.0.0.0 Safari/537.36"
213.142.96.129 - - [23/May/2023:10:35:33 +0200] "GET /entry.php?id=10778&form=10530&name=list& HTTP/1.1" 200 2499 "http://212.69.160.11/entry.php?id=10686&" "Mozilla/5.0 (Windows NT 10.0; Win64; x64) AppleWebKit/537.36 (KHTML, like Gecko) Chrome/109.0.0.0 Safari/537.36"
213.142.96.129 - - [23/May/2023:10:35:35 +0200] "POST /entry.php?id=10686 HTTP/1.1" 200 2288 "http://212.69.160.11/entry.php?id=10686&" "Mozilla/5.0 (Windows NT 10.0; Win64; x64) AppleWebKit/537.36 (KHTML, like Gecko) Chrome/109.0.0.0 Safari/537.36"
213.142.96.129 - - [23/May/2023:10:35:35 +0200] "GET /gui/javascript/form_form.js?1684830935 HTTP/1.1" 200 16206 "http://212.69.160.11/entry.php?id=10686" "Mozilla/5.0 (Windows NT 10.0; Win64; x64) AppleWebKit/537.36 (KHTML, like Gecko) Chrome/109.0.0.0 Safari/537.36"
213.142.96.129 - - [23/May/2023:10:35:35 +0200] "GET /entry.php?id=10776&form=10530&name=list& HTTP/1.1" 200 2058 "http://212.69.160.11/entry.php?id=10686" "Mozilla/5.0 (Windows NT 10.0; Win64; x64) AppleWebKit/537.36 (KHTML, like Gecko) Chrome/109.0.0.0 Safari/537.36"
213.142.96.129 - - [23/May/2023:10:35:35 +0200] "GET /entry.php?id=10778&form=10530&name=list& HTTP/1.1" 200 2618 "http://212.69.160.11/entry.php?id=10686" "Mozilla/5.0 (Windows NT 10.0; Win64; x64) AppleWebKit/537.36 (KHTML, like Gecko) Chrome/109.0.0.0 Safari/537.36"
213.142.96.129 - - [23/May/2023:10:35:39 +0200] "POST /entry.php?id=10686 HTTP/1.1" 200 2299 "http://212.69.160.11/entry.php?id=10686" "Mozilla/5.0 (Windows NT 10.0; Win64; x64) AppleWebKit/537.36 (KHTML, like Gecko) Chrome/109.0.0.0 Safari/537.36"
213.142.96.129 - - [23/May/2023:10:35:39 +0200] "GET /gui/javascript/form_form.js?1684830939 HTTP/1.1" 200 16206 "http://212.69.160.11/entry.php?id=10686" "Mozilla/5.0 (Windows NT 10.0; Win64; x64) AppleWebKit/537.36 (KHTML, like Gecko) Chrome/109.0.0.0 Safari/537.36"
213.142.96.129 - - [23/May/2023:10:35:39 +0200] "GET /entry.php?id=10776&form=10530&name=list& HTTP/1.1" 200 2058 "http://212.69.160.11/entry.php?id=10686" "Mozilla/5.0 (Windows NT 10.0; Win64; x64) AppleWebKit/537.36 (KHTML, like Gecko) Chrome/109.0.0.0 Safari/537.36"
213.142.96.129 - - [23/May/2023:10:35:39 +0200] "GET /entry.php?id=10778&form=10530&name=list& HTTP/1.1" 200 2618 "http://212.69.160.11/entry.php?id=10686" "Mozilla/5.0 (Windows NT 10.0; Win64; x64) AppleWebKit/537.36 (KHTML, like Gecko) Chrome/109.0.0.0 Safari/537.36"
213.142.96.129 - - [23/May/2023:10:35:44 +0200] "GET /entry.php?id=10271&&ser=830884 HTTP/1.1" 200 987 "http://212.69.160.11/entry.php?id=10271&&ser=830824" "Mozilla/5.0 (Windows NT 10.0; Win64; x64) AppleWebKit/537.36 (KHTML, like Gecko) Chrome/109.0.0.0 Safari/537.36"
213.142.96.129 - - [23/May/2023:10:35:45 +0200] "GET /gui/javascript/form_form.js?1684830945 HTTP/1.1" 200 16206 "http://212.69.160.11/entry.php?id=10271&&ser=830884" "Mozilla/5.0 (Windows NT 10.0; Win64; x64) AppleWebKit/537.36 (KHTML, like Gecko) Chrome/109.0.0.0 Safari/537.36"
213.142.96.129 - - [23/May/2023:10:35:52 +0200] "GET /entry.php?id=10644 HTTP/1.1" 200 2756 "http://212.69.160.11/entry.php?id=10270&__app__=10006038" "Mozilla/5.0 (Windows NT 10.0; Win64; x64) AppleWebKit/537.36 (KHTML, like Gecko) Chrome/109.0.0.0 Safari/537.36"
213.142.96.129 - - [23/May/2023:10:35:52 +0200] "GET /gui/javascript/form_bu_document_flow.js HTTP/1.1" 200 390 "http://212.69.160.11/entry.php?id=10644" "Mozilla/5.0 (Windows NT 10.0; Win64; x64) AppleWebKit/537.36 (KHTML, like Gecko) Chrome/109.0.0.0 Safari/537.36"
213.142.96.129 - - [23/May/2023:10:35:52 +0200] "GET /gui/javascript/form_form.js?1684830952 HTTP/1.1" 200 16206 "http://212.69.160.11/entry.php?id=10644" "Mozilla/5.0 (Windows NT 10.0; Win64; x64) AppleWebKit/537.36 (KHTML, like Gecko) Chrome/109.0.0.0 Safari/537.36"
213.142.96.129 - - [23/May/2023:10:35:53 +0200] "GET /entry.php?id=10776&form=10488&name=list& HTTP/1.1" 200 1292 "http://212.69.160.11/entry.php?id=10644" "Mozilla/5.0 (Windows NT 10.0; Win64; x64) AppleWebKit/537.36 (KHTML, like Gecko) Chrome/109.0.0.0 Safari/537.36"
213.142.96.129 - - [23/May/2023:10:35:53 +0200] "GET /entry.php?id=10778&form=10488&name=list& HTTP/1.1" 200 4951 "http://212.69.160.11/entry.php?id=10644" "Mozilla/5.0 (Windows NT 10.0; Win64; x64) AppleWebKit/537.36 (KHTML, like Gecko) Chrome/109.0.0.0 Safari/537.36"
213.142.96.129 - - [23/May/2023:10:35:53 +0200] "GET /gui/images/icons/extra.gif HTTP/1.1" 200 841 "http://212.69.160.11/entry.php?id=10778&form=10488&name=list&" "Mozilla/5.0 (Windows NT 10.0; Win64; x64) AppleWebKit/537.36 (KHTML, like Gecko) Chrome/109.0.0.0 Safari/537.36"
178.165.199.140 - - [23/May/2023:10:35:56 +0200] "GET /entry.php?id=10271&&ser=830896 HTTP/1.1" 200 987 "http://hausegger.activities.at/entry.php?id=10271&&ser=830835" "Mozilla/5.0 (Windows NT 10.0; Win64; x64; rv:109.0) Gecko/20100101 Firefox/113.0"
178.165.199.140 - - [23/May/2023:10:35:56 +0200] "GET /gui/javascript/form_form.js?1684830956 HTTP/1.1" 200 16206 "http://hausegger.activities.at/entry.php?id=10271&&ser=830896" "Mozilla/5.0 (Windows NT 10.0; Win64; x64; rv:109.0) Gecko/20100101 Firefox/113.0"
213.142.96.129 - - [23/May/2023:10:36:08 +0200] "POST /entry.php?id=10644 HTTP/1.1" 200 3590 "http://212.69.160.11/entry.php?id=10644" "Mozilla/5.0 (Windows NT 10.0; Win64; x64) AppleWebKit/537.36 (KHTML, like Gecko) Chrome/109.0.0.0 Safari/537.36"
213.142.96.129 - - [23/May/2023:10:36:09 +0200] "GET /framework/webfx/javascript/listshifter/listShifter_new1.js HTTP/1.1" 200 4856 "http://212.69.160.11/entry.php?id=10644" "Mozilla/5.0 (Windows NT 10.0; Win64; x64) AppleWebKit/537.36 (KHTML, like Gecko) Chrome/109.0.0.0 Safari/537.36"
213.142.96.129 - - [23/May/2023:10:36:09 +0200] "GET /gui/javascript/form_form.js?1684830969 HTTP/1.1" 200 16206 "http://212.69.160.11/entry.php?id=10644" "Mozilla/5.0 (Windows NT 10.0; Win64; x64) AppleWebKit/537.36 (KHTML, like Gecko) Chrome/109.0.0.0 Safari/537.36"
213.142.96.129 - - [23/May/2023:10:36:09 +0200] "GET /gui/images/icons/shift_one.gif HTTP/1.1" 200 74 "http://212.69.160.11/entry.php?id=10644" "Mozilla/5.0 (Windows NT 10.0; Win64; x64) AppleWebKit/537.36 (KHTML, like Gecko) Chrome/109.0.0.0 Safari/537.36"
213.142.96.129 - - [23/May/2023:10:36:09 +0200] "GET /gui/images/icons/reshift_one.gif HTTP/1.1" 200 74 "http://212.69.160.11/entry.php?id=10644" "Mozilla/5.0 (Windows NT 10.0; Win64; x64) AppleWebKit/537.36 (KHTML, like Gecko) Chrome/109.0.0.0 Safari/537.36"
213.142.96.129 - - [23/May/2023:10:36:09 +0200] "GET /gui/images/icons/up.gif HTTP/1.1" 200 62 "http://212.69.160.11/entry.php?id=10644" "Mozilla/5.0 (Windows NT 10.0; Win64; x64) AppleWebKit/537.36 (KHTML, like Gecko) Chrome/109.0.0.0 Safari/537.36"
213.142.96.129 - - [23/May/2023:10:36:09 +0200] "GET /gui/images/icons/down.gif HTTP/1.1" 200 61 "http://212.69.160.11/entry.php?id=10644" "Mozilla/5.0 (Windows NT 10.0; Win64; x64) AppleWebKit/537.36 (KHTML, like Gecko) Chrome/109.0.0.0 Safari/537.36"
213.142.96.129 - - [23/May/2023:10:36:09 +0200] "GET /framework/js/listShifter_new1.js HTTP/1.1" 200 4843 "http://212.69.160.11/entry.php?id=10644" "Mozilla/5.0 (Windows NT 10.0; Win64; x64) AppleWebKit/537.36 (KHTML, like Gecko) Chrome/109.0.0.0 Safari/537.36"
213.142.96.129 - - [23/May/2023:10:36:15 +0200] "POST /entry.php?id=10644 HTTP/1.1" 200 3853 "http://212.69.160.11/entry.php?id=10644" "Mozilla/5.0 (Windows NT 10.0; Win64; x64) AppleWebKit/537.36 (KHTML, like Gecko) Chrome/109.0.0.0 Safari/537.36"
213.142.96.129 - - [23/May/2023:10:36:16 +0200] "GET /gui/javascript/form_form.js?1684830975 HTTP/1.1" 200 16206 "http://212.69.160.11/entry.php?id=10644" "Mozilla/5.0 (Windows NT 10.0; Win64; x64) AppleWebKit/537.36 (KHTML, like Gecko) Chrome/109.0.0.0 Safari/537.36"
213.142.96.129 - - [23/May/2023:10:36:24 +0200] "POST /entry.php?id=10644 HTTP/1.1" 200 3507 "http://212.69.160.11/entry.php?id=10644" "Mozilla/5.0 (Windows NT 10.0; Win64; x64) AppleWebKit/537.36 (KHTML, like Gecko) Chrome/109.0.0.0 Safari/537.36"
213.142.96.129 - - [23/May/2023:10:36:24 +0200] "GET /gui/javascript/form_form.js?1684830984 HTTP/1.1" 200 16206 "http://212.69.160.11/entry.php?id=10644" "Mozilla/5.0 (Windows NT 10.0; Win64; x64) AppleWebKit/537.36 (KHTML, like Gecko) Chrome/109.0.0.0 Safari/537.36"
213.142.96.129 - - [23/May/2023:10:36:35 +0200] "GET /entry.php?id=10642 HTTP/1.1" 200 2040 "http://212.69.160.11/entry.php?id=10270&__app__=10006038" "Mozilla/5.0 (Windows NT 10.0; Win64; x64) AppleWebKit/537.36 (KHTML, like Gecko) Chrome/109.0.0.0 Safari/537.36"
213.142.96.129 - - [23/May/2023:10:36:36 +0200] "GET /gui/javascript/form_bu_constant_setting.js HTTP/1.1" 200 132 "http://212.69.160.11/entry.php?id=10642" "Mozilla/5.0 (Windows NT 10.0; Win64; x64) AppleWebKit/537.36 (KHTML, like Gecko) Chrome/109.0.0.0 Safari/537.36"
213.142.96.129 - - [23/May/2023:10:36:36 +0200] "GET /gui/javascript/form_form.js?1684830995 HTTP/1.1" 200 16206 "http://212.69.160.11/entry.php?id=10642" "Mozilla/5.0 (Windows NT 10.0; Win64; x64) AppleWebKit/537.36 (KHTML, like Gecko) Chrome/109.0.0.0 Safari/537.36"
213.142.96.129 - - [23/May/2023:10:36:36 +0200] "GET /entry.php?id=10647&hiddetitle=1 HTTP/1.1" 200 2535 "http://212.69.160.11/entry.php?id=10642" "Mozilla/5.0 (Windows NT 10.0; Win64; x64) AppleWebKit/537.36 (KHTML, like Gecko) Chrome/109.0.0.0 Safari/537.36"
213.142.96.129 - - [23/May/2023:10:36:36 +0200] "GET /gui/javascript/form_form.js?1684830996 HTTP/1.1" 200 16206 "http://212.69.160.11/entry.php?id=10647&hiddetitle=1" "Mozilla/5.0 (Windows NT 10.0; Win64; x64) AppleWebKit/537.36 (KHTML, like Gecko) Chrome/109.0.0.0 Safari/537.36"
213.142.96.129 - - [23/May/2023:10:36:36 +0200] "GET /entry.php?id=10776&form=10491&name=list& HTTP/1.1" 200 1451 "http://212.69.160.11/entry.php?id=10647&hiddetitle=1" "Mozilla/5.0 (Windows NT 10.0; Win64; x64) AppleWebKit/537.36 (KHTML, like Gecko) Chrome/109.0.0.0 Safari/537.36"
213.142.96.129 - - [23/May/2023:10:36:36 +0200] "GET /entry.php?id=10778&form=10491&name=list& HTTP/1.1" 200 2751 "http://212.69.160.11/entry.php?id=10647&hiddetitle=1" "Mozilla/5.0 (Windows NT 10.0; Win64; x64) AppleWebKit/537.36 (KHTML, like Gecko) Chrome/109.0.0.0 Safari/537.36"
213.142.96.129 - - [23/May/2023:10:36:39 +0200] "GET /entry.php?id=11467 HTTP/1.1" 200 2629 "http://212.69.160.11/entry.php?id=10270&__app__=10006038" "Mozilla/5.0 (Windows NT 10.0; Win64; x64) AppleWebKit/537.36 (KHTML, like Gecko) Chrome/109.0.0.0 Safari/537.36"
213.142.96.129 - - [23/May/2023:10:36:40 +0200] "GET /gui/javascript/form_form.js?1684830999 HTTP/1.1" 200 16206 "http://212.69.160.11/entry.php?id=11467" "Mozilla/5.0 (Windows NT 10.0; Win64; x64) AppleWebKit/537.36 (KHTML, like Gecko) Chrome/109.0.0.0 Safari/537.36"
213.142.96.129 - - [23/May/2023:10:36:40 +0200] "GET /entry.php?id=10776&form=11291&name=list& HTTP/1.1" 200 1815 "http://212.69.160.11/entry.php?id=11467" "Mozilla/5.0 (Windows NT 10.0; Win64; x64) AppleWebKit/537.36 (KHTML, like Gecko) Chrome/109.0.0.0 Safari/537.36"
213.142.96.129 - - [23/May/2023:10:36:40 +0200] "GET /entry.php?id=10778&form=11291&name=list& HTTP/1.1" 200 7339 "http://212.69.160.11/entry.php?id=11467" "Mozilla/5.0 (Windows NT 10.0; Win64; x64) AppleWebKit/537.36 (KHTML, like Gecko) Chrome/109.0.0.0 Safari/537.36"
213.142.96.129 - - [23/May/2023:10:36:40 +0200] "GET /entry.php?id=10777&form=11291&name=list& HTTP/1.1" 200 1340 "http://212.69.160.11/entry.php?id=11467" "Mozilla/5.0 (Windows NT 10.0; Win64; x64) AppleWebKit/537.36 (KHTML, like Gecko) Chrome/109.0.0.0 Safari/537.36"
213.142.96.129 - - [23/May/2023:10:36:42 +0200] "GET /entry.php?id=10642 HTTP/1.1" 200 2038 "http://212.69.160.11/entry.php?id=10270&__app__=10006038" "Mozilla/5.0 (Windows NT 10.0; Win64; x64) AppleWebKit/537.36 (KHTML, like Gecko) Chrome/109.0.0.0 Safari/537.36"
213.142.96.129 - - [23/May/2023:10:36:42 +0200] "GET /gui/javascript/form_form.js?1684831002 HTTP/1.1" 200 16206 "http://212.69.160.11/entry.php?id=10642" "Mozilla/5.0 (Windows NT 10.0; Win64; x64) AppleWebKit/537.36 (KHTML, like Gecko) Chrome/109.0.0.0 Safari/537.36"
213.142.96.129 - - [23/May/2023:10:36:42 +0200] "GET /entry.php?id=10647&hiddetitle=1 HTTP/1.1" 200 2534 "http://212.69.160.11/entry.php?id=10642" "Mozilla/5.0 (Windows NT 10.0; Win64; x64) AppleWebKit/537.36 (KHTML, like Gecko) Chrome/109.0.0.0 Safari/537.36"
213.142.96.129 - - [23/May/2023:10:36:43 +0200] "GET /gui/javascript/form_form.js?1684831003 HTTP/1.1" 200 16206 "http://212.69.160.11/entry.php?id=10647&hiddetitle=1" "Mozilla/5.0 (Windows NT 10.0; Win64; x64) AppleWebKit/537.36 (KHTML, like Gecko) Chrome/109.0.0.0 Safari/537.36"
213.142.96.129 - - [23/May/2023:10:36:43 +0200] "GET /entry.php?id=10776&form=10491&name=list& HTTP/1.1" 200 1451 "http://212.69.160.11/entry.php?id=10647&hiddetitle=1" "Mozilla/5.0 (Windows NT 10.0; Win64; x64) AppleWebKit/537.36 (KHTML, like Gecko) Chrome/109.0.0.0 Safari/537.36"
213.142.96.129 - - [23/May/2023:10:36:43 +0200] "GET /entry.php?id=10778&form=10491&name=list& HTTP/1.1" 200 2751 "http://212.69.160.11/entry.php?id=10647&hiddetitle=1" "Mozilla/5.0 (Windows NT 10.0; Win64; x64) AppleWebKit/537.36 (KHTML, like Gecko) Chrome/109.0.0.0 Safari/537.36"
213.142.96.129 - - [23/May/2023:10:36:45 +0200] "GET /entry.php?id=10271&&ser=830945 HTTP/1.1" 200 986 "http://212.69.160.11/entry.php?id=10271&&ser=830884" "Mozilla/5.0 (Windows NT 10.0; Win64; x64) AppleWebKit/537.36 (KHTML, like Gecko) Chrome/109.0.0.0 Safari/537.36"
213.142.96.129 - - [23/May/2023:10:36:45 +0200] "GET /gui/javascript/form_form.js?1684831005 HTTP/1.1" 200 16206 "http://212.69.160.11/entry.php?id=10271&&ser=830945" "Mozilla/5.0 (Windows NT 10.0; Win64; x64) AppleWebKit/537.36 (KHTML, like Gecko) Chrome/109.0.0.0 Safari/537.36"
213.142.96.129 - - [23/May/2023:10:36:49 +0200] "POST /entry.php?id=10642 HTTP/1.1" 200 2046 "http://212.69.160.11/entry.php?id=10642" "Mozilla/5.0 (Windows NT 10.0; Win64; x64) AppleWebKit/537.36 (KHTML, like Gecko) Chrome/109.0.0.0 Safari/537.36"
213.142.96.129 - - [23/May/2023:10:36:50 +0200] "GET /gui/javascript/form_form.js?1684831009 HTTP/1.1" 200 16206 "http://212.69.160.11/entry.php?id=10642" "Mozilla/5.0 (Windows NT 10.0; Win64; x64) AppleWebKit/537.36 (KHTML, like Gecko) Chrome/109.0.0.0 Safari/537.36"
213.142.96.129 - - [23/May/2023:10:36:50 +0200] "GET /entry.php?id=10648&hiddetitle=1 HTTP/1.1" 200 2766 "http://212.69.160.11/entry.php?id=10642" "Mozilla/5.0 (Windows NT 10.0; Win64; x64) AppleWebKit/537.36 (KHTML, like Gecko) Chrome/109.0.0.0 Safari/537.36"
213.142.96.129 - - [23/May/2023:10:36:50 +0200] "GET /gui/javascript/form_form.js?1684831010 HTTP/1.1" 200 16206 "http://212.69.160.11/entry.php?id=10648&hiddetitle=1" "Mozilla/5.0 (Windows NT 10.0; Win64; x64) AppleWebKit/537.36 (KHTML, like Gecko) Chrome/109.0.0.0 Safari/537.36"
213.142.96.129 - - [23/May/2023:10:36:50 +0200] "GET /entry.php?id=10777&form=10492&name=clist& HTTP/1.1" 200 1340 "http://212.69.160.11/entry.php?id=10648&hiddetitle=1" "Mozilla/5.0 (Windows NT 10.0; Win64; x64) AppleWebKit/537.36 (KHTML, like Gecko) Chrome/109.0.0.0 Safari/537.36"
213.142.96.129 - - [23/May/2023:10:36:50 +0200] "GET /entry.php?id=10776&form=10492&name=clist& HTTP/1.1" 200 2204 "http://212.69.160.11/entry.php?id=10648&hiddetitle=1" "Mozilla/5.0 (Windows NT 10.0; Win64; x64) AppleWebKit/537.36 (KHTML, like Gecko) Chrome/109.0.0.0 Safari/537.36"
213.142.96.129 - - [23/May/2023:10:36:50 +0200] "GET /entry.php?id=10778&form=10492&name=clist& HTTP/1.1" 200 12069 "http://212.69.160.11/entry.php?id=10648&hiddetitle=1" "Mozilla/5.0 (Windows NT 10.0; Win64; x64) AppleWebKit/537.36 (KHTML, like Gecko) Chrome/109.0.0.0 Safari/537.36"
101.68.211.2 - - [23/May/2023:10:36:51 +0200] "GET / HTTP/1.1" 200 423 "-" "Mozilla/5.0 (Macintosh; Intel Mac OS X 10.11; rv:47.0) Gecko/20100101 Firefox/47.0"
213.142.96.129 - - [23/May/2023:10:36:52 +0200] "POST /entry.php?id=10642 HTTP/1.1" 200 2042 "http://212.69.160.11/entry.php?id=10642" "Mozilla/5.0 (Windows NT 10.0; Win64; x64) AppleWebKit/537.36 (KHTML, like Gecko) Chrome/109.0.0.0 Safari/537.36"
213.142.96.129 - - [23/May/2023:10:36:52 +0200] "GET /gui/javascript/form_form.js?1684831012 HTTP/1.1" 200 16206 "http://212.69.160.11/entry.php?id=10642" "Mozilla/5.0 (Windows NT 10.0; Win64; x64) AppleWebKit/537.36 (KHTML, like Gecko) Chrome/109.0.0.0 Safari/537.36"
213.142.96.129 - - [23/May/2023:10:36:52 +0200] "GET /entry.php?id=10649&hiddetitle=1 HTTP/1.1" 200 2262 "http://212.69.160.11/entry.php?id=10642" "Mozilla/5.0 (Windows NT 10.0; Win64; x64) AppleWebKit/537.36 (KHTML, like Gecko) Chrome/109.0.0.0 Safari/537.36"
213.142.96.129 - - [23/May/2023:10:36:53 +0200] "GET /entry.php?id=10778&form=10493&name=list& HTTP/1.1" 200 4178 "http://212.69.160.11/entry.php?id=10649&hiddetitle=1" "Mozilla/5.0 (Windows NT 10.0; Win64; x64) AppleWebKit/537.36 (KHTML, like Gecko) Chrome/109.0.0.0 Safari/537.36"
213.142.96.129 - - [23/May/2023:10:36:53 +0200] "GET /entry.php?id=10776&form=10493&name=list& HTTP/1.1" 200 1443 "http://212.69.160.11/entry.php?id=10649&hiddetitle=1" "Mozilla/5.0 (Windows NT 10.0; Win64; x64) AppleWebKit/537.36 (KHTML, like Gecko) Chrome/109.0.0.0 Safari/537.36"
