83.97.73.89 - - [27/Jun/2023:02:16:07 +0200] "GET /vendor/phpunit/phpunit/src/Util/PHP/eval-stdin.php HTTP/1.1" 404 306 "-" "Mozilla/5.0 (Windows NT 10.0; Win64; x64) AppleWebKit/537.36 (KHTML, like Gecko) Chrome/78.0.3904.108 Safari/537.36"
216.244.66.248 - - [27/Jun/2023:02:22:54 +0200] "GET /robots.txt HTTP/1.1" 404 359 "-" "Mozilla/5.0 (compatible; DotBot/1.2; +https://opensiteexplorer.org/dotbot; help@moz.com)"
216.244.66.248 - - [27/Jun/2023:02:26:36 +0200] "GET /?page_id=10 HTTP/1.1" 200 423 "-" "Mozilla/5.0 (compatible; DotBot/1.2; +https://opensiteexplorer.org/dotbot; help@moz.com)"
216.244.66.248 - - [27/Jun/2023:02:27:30 +0200] "GET /?plugin=all-in-one-event-calendar&controller=ai1ec_exporter_controller&action=export_events&ai1ec_post_ids=501 HTTP/1.1" 200 423 "-" "Mozilla/5.0 (compatible; DotBot/1.2; +https://opensiteexplorer.org/dotbot; help@moz.com)"
216.244.66.248 - - [27/Jun/2023:02:27:34 +0200] "GET /?plugin=all-in-one-event-calendar&controller=ai1ec_exporter_controller&action=export_events&ai1ec_post_ids=523 HTTP/1.1" 200 423 "-" "Mozilla/5.0 (compatible; DotBot/1.2; +https://opensiteexplorer.org/dotbot; help@moz.com)"
179.43.177.244 - - [27/Jun/2023:02:35:49 +0200] "POST /boaform/admin/formLogin HTTP/1.1" 404 293 "http://212.69.160.11:80/admin/login.asp" "Mozilla/5.0 (X11; Ubuntu; Linux x86_64; rv:71.0) Gecko/20100101 Firefox/71.0"
83.97.73.89 - - [27/Jun/2023:02:48:03 +0200] "GET /solr/admin/info/system?wt=json HTTP/1.1" 404 292 "-" "Mozilla/5.0 (Windows NT 10.0; Win64; x64) AppleWebKit/537.36 (KHTML, like Gecko) Chrome/78.0.3904.108 Safari/537.36"
82.165.34.147 - - [27/Jun/2023:02:58:25 +0200] "CONNECT 45.89.127.18:4444 HTTP/1.1" 200 423 "-" "-"
141.98.11.207 - - [27/Jun/2023:03:09:29 +0200] "GET / HTTP/1.1" 200 274 "-" "Mozilla/5.0 (Windows NT 10.0; Win64; x64) AppleWebKit/537.36 (KHTML, like Gecko) Chrome/90.0.4430.85 Safari/537.36 Edg/90.0.818.46"
76.68.1.154 - - [27/Jun/2023:03:24:07 +0200] "GET / HTTP/1.1" 200 423 "-" "Mozilla/5.0 (Macintosh; Intel Mac OS X 10_11_6) AppleWebKit/601.7.7 (KHTML, like Gecko) Version/9.1.2 Safari/601.7.7"
66.198.193.249 - - [27/Jun/2023:03:26:42 +0200] "GET / HTTP/1.1" 200 423 "-" "Mozilla/5.0 (Windows NT 6.1; WOW64) AppleWebKit/537.36 (KHTML, like Gecko) Chrome/51.0.2704.103 Safari/537.36"
103.187.191.154 - - [27/Jun/2023:03:37:12 +0200] "GET / HTTP/1.0" 200 423 "-" "-"
103.187.191.154 - - [27/Jun/2023:03:37:12 +0200] "GET /nmaplowercheck1687825871 HTTP/1.1" 404 369 "-" "Mozilla/5.0 (compatible; Nmap Scripting Engine; https://nmap.org/book/nse.html)"
103.187.191.154 - - [27/Jun/2023:03:37:12 +0200] "POST /sdk HTTP/1.1" 404 348 "-" "Mozilla/5.0 (compatible; Nmap Scripting Engine; https://nmap.org/book/nse.html)"
103.187.191.154 - - [27/Jun/2023:03:37:13 +0200] "GET /HNAP1 HTTP/1.1" 404 350 "-" "Mozilla/5.0 (compatible; Nmap Scripting Engine; https://nmap.org/book/nse.html)"
103.187.191.154 - - [27/Jun/2023:03:37:14 +0200] "GET / HTTP/1.0" 200 423 "-" "-"
103.187.191.196 - - [27/Jun/2023:03:37:14 +0200] "\x16\x03\x01\x02" 400 383 "-" "-"
103.187.191.154 - - [27/Jun/2023:03:37:16 +0200] "\x16\x03\x01\x02" 400 383 "-" "-"
103.187.191.247 - - [27/Jun/2023:03:37:17 +0200] "GET / HTTP/1.0" 200 423 "-" "-"
103.187.191.154 - - [27/Jun/2023:03:37:17 +0200] "GET / HTTP/1.1" 200 423 "-" "-"
103.187.191.188 - - [27/Jun/2023:03:37:18 +0200] "\x16\x03\x01\x01 \x01" 400 383 "-" "-"
83.97.73.89 - - [27/Jun/2023:03:40:20 +0200] "GET /index.php?s=/Index/\\think\\app/invokefunction&function=call_user_func_array&vars[0]=md5&vars[1][]=HelloThinkPHP21 HTTP/1.1" 200 274 "-" "Mozilla/5.0 (Windows NT 10.0; Win64; x64) AppleWebKit/537.36 (KHTML, like Gecko) Chrome/78.0.3904.108 Safari/537.36"
85.105.7.206 - - [27/Jun/2023:03:47:10 +0200] "GET / HTTP/1.0" 200 423 "-" "-"
70.23.249.239 - - [27/Jun/2023:03:50:08 +0200] "GET / HTTP/1.1" 200 423 "-" "-"
83.97.73.89 - - [27/Jun/2023:03:58:09 +0200] "GET /?a=fetch&content=die(@md5(HelloThinkCMF)) HTTP/1.1" 200 274 "-" "Mozilla/5.0 (Windows NT 10.0; Win64; x64) AppleWebKit/537.36 (KHTML, like Gecko) Chrome/78.0.3904.108 Safari/537.36"
157.245.160.116 - - [27/Jun/2023:03:58:16 +0200] "GET / HTTP/1.0" 200 423 "-" "-"
217.93.243.103 - - [27/Jun/2023:04:00:38 +0200] "GET / HTTP/1.0" 200 423 "-" "-"
216.244.66.248 - - [27/Jun/2023:04:09:30 +0200] "GET /robots.txt HTTP/1.1" 404 359 "-" "Mozilla/5.0 (compatible; DotBot/1.2; +https://opensiteexplorer.org/dotbot; help@moz.com)"
216.244.66.248 - - [27/Jun/2023:04:14:26 +0200] "GET /?plugin=all-in-one-event-calendar&controller=ai1ec_exporter_controller&action=export_events&ai1ec_post_ids=470&no_html=true HTTP/1.1" 200 423 "-" "Mozilla/5.0 (compatible; DotBot/1.2; +https://opensiteexplorer.org/dotbot; help@moz.com)"
85.105.20.153 - - [27/Jun/2023:04:30:56 +0200] "GET / HTTP/1.0" 200 423 "-" "-"
83.97.73.89 - - [27/Jun/2023:04:33:39 +0200] "GET /?XDEBUG_SESSION_START=phpstorm HTTP/1.1" 200 274 "-" "Mozilla/5.0 (Windows NT 10.0; Win64; x64) AppleWebKit/537.36 (KHTML, like Gecko) Chrome/78.0.3904.108 Safari/537.36"
91.224.92.16 - - [27/Jun/2023:04:39:26 +0200] "GET / HTTP/1.1" 200 423 "-" "-"
179.43.177.244 - - [27/Jun/2023:05:00:40 +0200] "GET / HTTP/1.1" 200 423 "-" "Hello World"
198.235.24.156 - - [27/Jun/2023:05:15:48 +0200] "GET / HTTP/1.0" 200 423 "-" "Expanse, a Palo Alto Networks company, searches across the global IPv4 space multiple times per day to identify customers' presences on the Internet. If you would like to be excluded from our scans, please send IP addresses/domains to: scaninfo@paloaltonetworks.com"
34.78.249.41 - - [27/Jun/2023:05:38:11 +0200] "GET / HTTP/1.1" 200 274 "-" "python-requests/2.31.0"
83.97.73.89 - - [27/Jun/2023:05:50:13 +0200] "GET /console/ HTTP/1.1" 404 282 "-" "Mozilla/5.0 (Windows NT 10.0; Win64; x64) AppleWebKit/537.36 (KHTML, like Gecko) Chrome/78.0.3904.108 Safari/537.36"
172.105.128.12 - - [27/Jun/2023:05:52:19 +0200] "GET / HTTP/1.1" 200 274 "-" "Mozilla/5.0 (Macintosh; Intel Mac OS X 13_1) AppleWebKit/537.36 (KHTML, like Gecko) Chrome/108.0.0.0 Safari/537.36"
216.244.66.248 - - [27/Jun/2023:05:59:26 +0200] "GET /robots.txt HTTP/1.1" 404 359 "-" "Mozilla/5.0 (compatible; DotBot/1.2; +https://opensiteexplorer.org/dotbot; help@moz.com)"
216.244.66.248 - - [27/Jun/2023:06:03:55 +0200] "GET /?plugin=all-in-one-event-calendar&controller=ai1ec_exporter_controller&action=export_events&ai1ec_post_ids=463&no_html=true HTTP/1.1" 200 423 "-" "Mozilla/5.0 (compatible; DotBot/1.2; +https://opensiteexplorer.org/dotbot; help@moz.com)"
216.244.66.248 - - [27/Jun/2023:06:04:00 +0200] "GET /?plugin=all-in-one-event-calendar&controller=ai1ec_exporter_controller&action=export_events&ai1ec_post_ids=504 HTTP/1.1" 200 423 "-" "Mozilla/5.0 (compatible; DotBot/1.2; +https://opensiteexplorer.org/dotbot; help@moz.com)"
45.33.80.243 - - [27/Jun/2023:06:11:22 +0200] "\x16\x03\x01" 400 383 "-" "-"
83.97.73.89 - - [27/Jun/2023:06:19:09 +0200] "GET /_ignition/execute-solution HTTP/1.1" 404 295 "-" "Mozilla/5.0 (Windows NT 10.0; Win64; x64) AppleWebKit/537.36 (KHTML, like Gecko) Chrome/78.0.3904.108 Safari/537.36"
104.152.52.204 - - [27/Jun/2023:06:22:41 +0200] "GET / HTTP/1.0" 200 423 "-" "masscan/1.3 (https://github.com/robertdavidgraham/masscan)"
188.213.34.70 - - [27/Jun/2023:06:34:44 +0200] "GET /~ridersde/joomla/index.php?option=com_xijc&view=captcha HTTP/1.0" 404 309 "https://www.google.com/" "Mozilla/5.0 (Macintosh; Intel Mac OS X 10.11; rv:77.0) Gecko/20100101 Firefox/77.0"
216.244.66.248 - - [27/Jun/2023:06:53:48 +0200] "GET /robots.txt HTTP/1.1" 404 359 "-" "Mozilla/5.0 (compatible; DotBot/1.2; +https://opensiteexplorer.org/dotbot; help@moz.com)"
216.244.66.248 - - [27/Jun/2023:06:58:34 +0200] "GET /?plugin=all-in-one-event-calendar&controller=ai1ec_exporter_controller&action=export_events&ai1ec_post_ids=470 HTTP/1.1" 200 423 "-" "Mozilla/5.0 (compatible; DotBot/1.2; +https://opensiteexplorer.org/dotbot; help@moz.com)"
198.235.24.204 - - [27/Jun/2023:07:10:57 +0200] "\x16\x03\x01" 400 383 "-" "-"
83.97.73.89 - - [27/Jun/2023:07:13:33 +0200] "GET / HTTP/1.1" 200 274 "-" "Mozilla/5.0 (Windows NT 10.0; Win64; x64) AppleWebKit/537.36 (KHTML, like Gecko) Chrome/78.0.3904.108 Safari/537.36"
91.224.92.16 - - [27/Jun/2023:07:33:29 +0200] "GET / HTTP/1.1" 200 423 "-" "-"
83.97.73.89 - - [27/Jun/2023:07:42:41 +0200] "POST /cgi-bin/.%2e/.%2e/.%2e/.%2e/bin/sh HTTP/1.1" 400 290 "-" "Mozilla/5.0 (Windows NT 10.0; Win64; x64) AppleWebKit/537.36 (KHTML, like Gecko) Chrome/78.0.3904.108 Safari/537.36"
198.235.24.181 - - [27/Jun/2023:07:46:42 +0200] "GET / HTTP/1.1" 200 423 "-" "Expanse, a Palo Alto Networks company, searches across the global IPv4 space multiple times per day to identify customers' presences on the Internet. If you would like to be excluded from our scans, please send IP addresses/domains to: scaninfo@paloaltonetworks.com"
128.14.209.162 - - [27/Jun/2023:07:49:22 +0200] "GET / HTTP/1.1" 200 274 "-" "Mozilla/5.0 (Windows NT 10.0; Win64; x64) AppleWebKit/537.36 (KHTML, like Gecko) Chrome/60.0.3112.113 Safari/537.36"
216.244.66.248 - - [27/Jun/2023:07:50:13 +0200] "GET /robots.txt HTTP/1.1" 404 359 "-" "Mozilla/5.0 (compatible; DotBot/1.2; +https://opensiteexplorer.org/dotbot; help@moz.com)"
178.128.152.119 - - [27/Jun/2023:07:52:21 +0200] "GET / HTTP/1.0" 200 423 "-" "Mozilla/5.0 (X11; Linux x86_64; rv:98.0) Gecko/20100101 Firefox/98.0"
216.244.66.248 - - [27/Jun/2023:07:56:21 +0200] "GET /?plugin=all-in-one-event-calendar&controller=ai1ec_exporter_controller&action=export_events&ai1ec_cat_ids=4 HTTP/1.1" 200 423 "-" "Mozilla/5.0 (compatible; DotBot/1.2; +https://opensiteexplorer.org/dotbot; help@moz.com)"
193.32.162.190 - - [27/Jun/2023:08:02:22 +0200] "GET /../../mnt/mtd/Config/Account1 HTTP/1.1" 400 290 "-" "Mozilla/5.0 zgrab/0.x"
185.180.140.4 - - [27/Jun/2023:08:02:37 +0200] "GET / HTTP/1.1" 200 274 "-" "Mozilla/5.0 (Windows NT 10.0; Win64; x64) AppleWebKit/537.36 (KHTML, like Gecko) Chrome/60.0.3112.113 Safari/537.36"
83.97.73.89 - - [27/Jun/2023:08:23:41 +0200] "GET / HTTP/1.1" 200 274 "-" "Mozilla/5.0 (Windows NT 10.0; Win64; x64) AppleWebKit/537.36 (KHTML, like Gecko) Chrome/78.0.3904.108 Safari/537.36"
142.93.41.13 - - [27/Jun/2023:08:30:53 +0200] "\x16\x03\x01\x01\xfc\x01" 400 383 "-" "-"
216.244.66.248 - - [27/Jun/2023:08:44:08 +0200] "GET /robots.txt HTTP/1.1" 404 359 "-" "Mozilla/5.0 (compatible; DotBot/1.2; +https://opensiteexplorer.org/dotbot; help@moz.com)"
216.244.66.248 - - [27/Jun/2023:08:48:41 +0200] "GET /?plugin=all-in-one-event-calendar&controller=ai1ec_exporter_controller&action=export_events&ai1ec_post_ids=462 HTTP/1.1" 200 423 "-" "Mozilla/5.0 (compatible; DotBot/1.2; +https://opensiteexplorer.org/dotbot; help@moz.com)"
216.244.66.248 - - [27/Jun/2023:08:48:46 +0200] "GET /?plugin=all-in-one-event-calendar&controller=ai1ec_exporter_controller&action=export_events&ai1ec_post_ids=467&xml=true HTTP/1.1" 200 423 "-" "Mozilla/5.0 (compatible; DotBot/1.2; +https://opensiteexplorer.org/dotbot; help@moz.com)"
141.98.11.207 - - [27/Jun/2023:08:55:42 +0200] "GET / HTTP/1.1" 200 274 "-" "Mozilla/5.0 (Windows NT 10.0; Win64; x64) AppleWebKit/537.36 (KHTML, like Gecko) Chrome/90.0.4430.85 Safari/537.36 Edg/90.0.818.46"
83.97.73.89 - - [27/Jun/2023:09:06:31 +0200] "GET /actuator/gateway/routes HTTP/1.1" 404 293 "-" "Mozilla/5.0 (Windows NT 10.0; Win64; x64) AppleWebKit/537.36 (KHTML, like Gecko) Chrome/78.0.3904.108 Safari/537.36"
83.97.73.89 - - [27/Jun/2023:09:17:47 +0200] "GET /geoserver HTTP/1.1" 404 280 "-" "Mozilla/5.0 (Windows NT 10.0; Win64; x64) AppleWebKit/537.36 (KHTML, like Gecko) Chrome/78.0.3904.108 Safari/537.36"
178.115.38.184 - - [27/Jun/2023:09:18:33 +0200] "GET /layout.php HTTP/1.1" 200 815 "-" "Mozilla/5.0 (Windows NT 10.0; Win64; x64; rv:109.0) Gecko/20100101 Firefox/114.0"
178.115.38.184 - - [27/Jun/2023:09:18:33 +0200] "GET /entry.php?id=10273 HTTP/1.1" 200 1901 "http://hausegger.activities.at/layout.php" "Mozilla/5.0 (Windows NT 10.0; Win64; x64; rv:109.0) Gecko/20100101 Firefox/114.0"
178.115.38.184 - - [27/Jun/2023:09:18:33 +0200] "GET /entry.php?id=11412 HTTP/1.1" 200 1757 "http://hausegger.activities.at/layout.php" "Mozilla/5.0 (Windows NT 10.0; Win64; x64; rv:109.0) Gecko/20100101 Firefox/114.0"
178.115.38.184 - - [27/Jun/2023:09:18:33 +0200] "GET /entry.php?id=10270 HTTP/1.1" 200 907 "http://hausegger.activities.at/layout.php" "Mozilla/5.0 (Windows NT 10.0; Win64; x64; rv:109.0) Gecko/20100101 Firefox/114.0"
178.115.38.184 - - [27/Jun/2023:09:18:33 +0200] "GET /entry.php?id=10272 HTTP/1.1" 200 1158 "http://hausegger.activities.at/layout.php" "Mozilla/5.0 (Windows NT 10.0; Win64; x64; rv:109.0) Gecko/20100101 Firefox/114.0"
178.115.38.184 - - [27/Jun/2023:09:18:33 +0200] "GET /gui/javascript/form_form.js?1687850313 HTTP/1.1" 200 16206 "http://hausegger.activities.at/entry.php?id=10273" "Mozilla/5.0 (Windows NT 10.0; Win64; x64; rv:109.0) Gecko/20100101 Firefox/114.0"
178.115.38.184 - - [27/Jun/2023:09:18:34 +0200] "GET /gui/styles/tmplDefault.css HTTP/1.1" 200 2135 "http://hausegger.activities.at/entry.php?id=11412" "Mozilla/5.0 (Windows NT 10.0; Win64; x64; rv:109.0) Gecko/20100101 Firefox/114.0"
178.115.38.184 - - [27/Jun/2023:09:18:34 +0200] "GET /gui/images/icons/cancel.gif HTTP/1.1" 200 125 "http://hausegger.activities.at/entry.php?id=11412" "Mozilla/5.0 (Windows NT 10.0; Win64; x64; rv:109.0) Gecko/20100101 Firefox/114.0"
178.115.38.184 - - [27/Jun/2023:09:18:34 +0200] "GET /entry.php?id=10271& HTTP/1.1" 200 933 "http://hausegger.activities.at/entry.php?id=10272" "Mozilla/5.0 (Windows NT 10.0; Win64; x64; rv:109.0) Gecko/20100101 Firefox/114.0"
178.115.38.184 - - [27/Jun/2023:09:18:34 +0200] "GET /entry.php?id=10287 HTTP/1.1" 200 2408 "http://hausegger.activities.at/entry.php?id=11412" "Mozilla/5.0 (Windows NT 10.0; Win64; x64; rv:109.0) Gecko/20100101 Firefox/114.0"
178.115.38.184 - - [27/Jun/2023:09:18:34 +0200] "GET /gui/javascript/form_form.js?1687850314 HTTP/1.1" 200 16206 "http://hausegger.activities.at/entry.php?id=10271&" "Mozilla/5.0 (Windows NT 10.0; Win64; x64; rv:109.0) Gecko/20100101 Firefox/114.0"
178.115.38.184 - - [27/Jun/2023:09:18:34 +0200] "GET /gui/javascript/form_form.js?1687850314 HTTP/1.1" 200 16206 "http://hausegger.activities.at/entry.php?id=10287" "Mozilla/5.0 (Windows NT 10.0; Win64; x64; rv:109.0) Gecko/20100101 Firefox/114.0"
178.115.38.184 - - [27/Jun/2023:09:18:35 +0200] "GET /gui/images/emptybar.gif HTTP/1.1" 200 89 "http://hausegger.activities.at/entry.php?id=10272" "Mozilla/5.0 (Windows NT 10.0; Win64; x64; rv:109.0) Gecko/20100101 Firefox/114.0"
178.115.38.184 - - [27/Jun/2023:09:18:35 +0200] "GET /entry.php?id=10270& HTTP/1.1" 200 908 "http://hausegger.activities.at/entry.php?id=10287" "Mozilla/5.0 (Windows NT 10.0; Win64; x64; rv:109.0) Gecko/20100101 Firefox/114.0"
178.115.38.184 - - [27/Jun/2023:09:18:35 +0200] "GET /entry.php?id=10273& HTTP/1.1" 200 1901 "http://hausegger.activities.at/entry.php?id=10287" "Mozilla/5.0 (Windows NT 10.0; Win64; x64; rv:109.0) Gecko/20100101 Firefox/114.0"
178.115.38.184 - - [27/Jun/2023:09:18:35 +0200] "GET /gui/javascript/form_form.js?1687850315 HTTP/1.1" 200 16206 "http://hausegger.activities.at/entry.php?id=10270&" "Mozilla/5.0 (Windows NT 10.0; Win64; x64; rv:109.0) Gecko/20100101 Firefox/114.0"
178.115.38.184 - - [27/Jun/2023:09:18:45 +0200] "POST /entry.php?id=10287& HTTP/1.1" 200 1966 "http://hausegger.activities.at/entry.php?id=10287" "Mozilla/5.0 (Windows NT 10.0; Win64; x64; rv:109.0) Gecko/20100101 Firefox/114.0"
178.115.38.184 - - [27/Jun/2023:09:19:49 +0200] "GET /gui/javascript/form_form.js?1687850389 HTTP/1.1" 200 16206 "http://hausegger.activities.at/entry.php?id=10287&" "Mozilla/5.0 (Windows NT 10.0; Win64; x64; rv:109.0) Gecko/20100101 Firefox/114.0"
178.115.38.184 - - [27/Jun/2023:09:19:49 +0200] "GET /entry.php?id=10271& HTTP/1.1" 200 986 "http://hausegger.activities.at/entry.php?id=10272" "Mozilla/5.0 (Windows NT 10.0; Win64; x64; rv:109.0) Gecko/20100101 Firefox/114.0"
178.115.38.184 - - [27/Jun/2023:09:19:49 +0200] "GET /entry.php?id=10273& HTTP/1.1" 200 2010 "http://hausegger.activities.at/entry.php?id=10287&" "Mozilla/5.0 (Windows NT 10.0; Win64; x64; rv:109.0) Gecko/20100101 Firefox/114.0"
178.115.38.184 - - [27/Jun/2023:09:19:49 +0200] "GET /entry.php?id=10270&__app__=10006038 HTTP/1.1" 200 2229 "http://hausegger.activities.at/entry.php?id=10273&" "Mozilla/5.0 (Windows NT 10.0; Win64; x64; rv:109.0) Gecko/20100101 Firefox/114.0"
178.115.38.184 - - [27/Jun/2023:09:19:49 +0200] "GET /undefined HTTP/1.1" 404 289 "http://hausegger.activities.at/entry.php?id=10270&__app__=10006038" "Mozilla/5.0 (Windows NT 10.0; Win64; x64; rv:109.0) Gecko/20100101 Firefox/114.0"
178.115.38.184 - - [27/Jun/2023:09:19:50 +0200] "GET /framework/webfx/style/toolbar/images/cbback.gif HTTP/1.1" 404 318 "http://hausegger.activities.at/framework/webfx/style/toolbar/cb2.css" "Mozilla/5.0 (Windows NT 10.0; Win64; x64; rv:109.0) Gecko/20100101 Firefox/114.0"
178.115.38.184 - - [27/Jun/2023:09:20:49 +0200] "GET /entry.php?id=10271&&ser=850389 HTTP/1.1" 200 986 "http://hausegger.activities.at/entry.php?id=10271&" "Mozilla/5.0 (Windows NT 10.0; Win64; x64; rv:109.0) Gecko/20100101 Firefox/114.0"
178.115.38.184 - - [27/Jun/2023:09:20:49 +0200] "GET /gui/javascript/form_form.js?1687850449 HTTP/1.1" 200 16206 "http://hausegger.activities.at/entry.php?id=10271&&ser=850389" "Mozilla/5.0 (Windows NT 10.0; Win64; x64; rv:109.0) Gecko/20100101 Firefox/114.0"
178.115.38.184 - - [27/Jun/2023:09:21:49 +0200] "GET /entry.php?id=10271&&ser=850449 HTTP/1.1" 200 986 "http://hausegger.activities.at/entry.php?id=10271&&ser=850389" "Mozilla/5.0 (Windows NT 10.0; Win64; x64; rv:109.0) Gecko/20100101 Firefox/114.0"
178.115.38.184 - - [27/Jun/2023:09:21:50 +0200] "GET /gui/javascript/form_form.js?1687850510 HTTP/1.1" 200 16206 "http://hausegger.activities.at/entry.php?id=10271&&ser=850449" "Mozilla/5.0 (Windows NT 10.0; Win64; x64; rv:109.0) Gecko/20100101 Firefox/114.0"
178.115.38.184 - - [27/Jun/2023:09:22:50 +0200] "GET /entry.php?id=10271&&ser=850510 HTTP/1.1" 200 986 "http://hausegger.activities.at/entry.php?id=10271&&ser=850449" "Mozilla/5.0 (Windows NT 10.0; Win64; x64; rv:109.0) Gecko/20100101 Firefox/114.0"
178.115.38.184 - - [27/Jun/2023:09:22:50 +0200] "GET /gui/javascript/form_form.js?1687850570 HTTP/1.1" 200 16206 "http://hausegger.activities.at/entry.php?id=10271&&ser=850510" "Mozilla/5.0 (Windows NT 10.0; Win64; x64; rv:109.0) Gecko/20100101 Firefox/114.0"
178.115.38.184 - - [27/Jun/2023:09:23:50 +0200] "GET /entry.php?id=10271&&ser=850570 HTTP/1.1" 200 986 "http://hausegger.activities.at/entry.php?id=10271&&ser=850510" "Mozilla/5.0 (Windows NT 10.0; Win64; x64; rv:109.0) Gecko/20100101 Firefox/114.0"
178.115.38.184 - - [27/Jun/2023:09:23:50 +0200] "GET /gui/javascript/form_form.js?1687850630 HTTP/1.1" 200 16206 "http://hausegger.activities.at/entry.php?id=10271&&ser=850570" "Mozilla/5.0 (Windows NT 10.0; Win64; x64; rv:109.0) Gecko/20100101 Firefox/114.0"
178.115.38.184 - - [27/Jun/2023:09:24:50 +0200] "GET /entry.php?id=10271&&ser=850630 HTTP/1.1" 200 985 "http://hausegger.activities.at/entry.php?id=10271&&ser=850570" "Mozilla/5.0 (Windows NT 10.0; Win64; x64; rv:109.0) Gecko/20100101 Firefox/114.0"
178.115.38.184 - - [27/Jun/2023:09:24:50 +0200] "GET /gui/javascript/form_form.js?1687850690 HTTP/1.1" 200 16206 "http://hausegger.activities.at/entry.php?id=10271&&ser=850630" "Mozilla/5.0 (Windows NT 10.0; Win64; x64; rv:109.0) Gecko/20100101 Firefox/114.0"
178.115.38.184 - - [27/Jun/2023:09:25:51 +0200] "GET /entry.php?id=10271&&ser=850690 HTTP/1.1" 200 985 "http://hausegger.activities.at/entry.php?id=10271&&ser=850630" "Mozilla/5.0 (Windows NT 10.0; Win64; x64; rv:109.0) Gecko/20100101 Firefox/114.0"
178.115.38.184 - - [27/Jun/2023:09:25:51 +0200] "GET /gui/javascript/form_form.js?1687850751 HTTP/1.1" 200 16206 "http://hausegger.activities.at/entry.php?id=10271&&ser=850690" "Mozilla/5.0 (Windows NT 10.0; Win64; x64; rv:109.0) Gecko/20100101 Firefox/114.0"
178.115.38.184 - - [27/Jun/2023:09:26:51 +0200] "GET /entry.php?id=10271&&ser=850751 HTTP/1.1" 200 985 "http://hausegger.activities.at/entry.php?id=10271&&ser=850690" "Mozilla/5.0 (Windows NT 10.0; Win64; x64; rv:109.0) Gecko/20100101 Firefox/114.0"
178.115.38.184 - - [27/Jun/2023:09:26:51 +0200] "GET /gui/javascript/form_form.js?1687850811 HTTP/1.1" 200 16206 "http://hausegger.activities.at/entry.php?id=10271&&ser=850751" "Mozilla/5.0 (Windows NT 10.0; Win64; x64; rv:109.0) Gecko/20100101 Firefox/114.0"
178.115.38.184 - - [27/Jun/2023:09:27:51 +0200] "GET /entry.php?id=10271&&ser=850811 HTTP/1.1" 200 985 "http://hausegger.activities.at/entry.php?id=10271&&ser=850751" "Mozilla/5.0 (Windows NT 10.0; Win64; x64; rv:109.0) Gecko/20100101 Firefox/114.0"
178.115.38.184 - - [27/Jun/2023:09:27:51 +0200] "GET /gui/javascript/form_form.js?1687850871 HTTP/1.1" 200 16206 "http://hausegger.activities.at/entry.php?id=10271&&ser=850811" "Mozilla/5.0 (Windows NT 10.0; Win64; x64; rv:109.0) Gecko/20100101 Firefox/114.0"
178.115.38.184 - - [27/Jun/2023:09:28:51 +0200] "GET /entry.php?id=10271&&ser=850871 HTTP/1.1" 200 985 "http://hausegger.activities.at/entry.php?id=10271&&ser=850811" "Mozilla/5.0 (Windows NT 10.0; Win64; x64; rv:109.0) Gecko/20100101 Firefox/114.0"
178.115.38.184 - - [27/Jun/2023:09:28:52 +0200] "GET /gui/javascript/form_form.js?1687850931 HTTP/1.1" 200 16206 "http://hausegger.activities.at/entry.php?id=10271&&ser=850871" "Mozilla/5.0 (Windows NT 10.0; Win64; x64; rv:109.0) Gecko/20100101 Firefox/114.0"
178.115.38.184 - - [27/Jun/2023:09:29:52 +0200] "GET /entry.php?id=10271&&ser=850931 HTTP/1.1" 200 986 "http://hausegger.activities.at/entry.php?id=10271&&ser=850871" "Mozilla/5.0 (Windows NT 10.0; Win64; x64; rv:109.0) Gecko/20100101 Firefox/114.0"
178.115.38.184 - - [27/Jun/2023:09:29:52 +0200] "GET /gui/javascript/form_form.js?1687850992 HTTP/1.1" 200 16206 "http://hausegger.activities.at/entry.php?id=10271&&ser=850931" "Mozilla/5.0 (Windows NT 10.0; Win64; x64; rv:109.0) Gecko/20100101 Firefox/114.0"
193.32.162.190 - - [27/Jun/2023:09:30:27 +0200] "GET /../../mnt/mtd/Config/Account2 HTTP/1.1" 400 290 "-" "Mozilla/5.0 zgrab/0.x"
178.115.38.184 - - [27/Jun/2023:09:30:52 +0200] "GET /entry.php?id=10271&&ser=850992 HTTP/1.1" 200 986 "http://hausegger.activities.at/entry.php?id=10271&&ser=850931" "Mozilla/5.0 (Windows NT 10.0; Win64; x64; rv:109.0) Gecko/20100101 Firefox/114.0"
178.115.38.184 - - [27/Jun/2023:09:30:52 +0200] "GET /gui/javascript/form_form.js?1687851052 HTTP/1.1" 200 16206 "http://hausegger.activities.at/entry.php?id=10271&&ser=850992" "Mozilla/5.0 (Windows NT 10.0; Win64; x64; rv:109.0) Gecko/20100101 Firefox/114.0"
178.115.38.184 - - [27/Jun/2023:09:31:52 +0200] "GET /entry.php?id=10271&&ser=851052 HTTP/1.1" 200 986 "http://hausegger.activities.at/entry.php?id=10271&&ser=850992" "Mozilla/5.0 (Windows NT 10.0; Win64; x64; rv:109.0) Gecko/20100101 Firefox/114.0"
178.115.38.184 - - [27/Jun/2023:09:31:52 +0200] "GET /gui/javascript/form_form.js?1687851112 HTTP/1.1" 200 16206 "http://hausegger.activities.at/entry.php?id=10271&&ser=851052" "Mozilla/5.0 (Windows NT 10.0; Win64; x64; rv:109.0) Gecko/20100101 Firefox/114.0"
178.115.38.184 - - [27/Jun/2023:09:32:53 +0200] "GET /entry.php?id=10271&&ser=851112 HTTP/1.1" 200 986 "http://hausegger.activities.at/entry.php?id=10271&&ser=851052" "Mozilla/5.0 (Windows NT 10.0; Win64; x64; rv:109.0) Gecko/20100101 Firefox/114.0"
178.115.38.184 - - [27/Jun/2023:09:32:53 +0200] "GET /gui/javascript/form_form.js?1687851173 HTTP/1.1" 200 16206 "http://hausegger.activities.at/entry.php?id=10271&&ser=851112" "Mozilla/5.0 (Windows NT 10.0; Win64; x64; rv:109.0) Gecko/20100101 Firefox/114.0"
178.115.38.184 - - [27/Jun/2023:09:33:53 +0200] "GET /entry.php?id=10271&&ser=851173 HTTP/1.1" 200 986 "http://hausegger.activities.at/entry.php?id=10271&&ser=851112" "Mozilla/5.0 (Windows NT 10.0; Win64; x64; rv:109.0) Gecko/20100101 Firefox/114.0"
178.115.38.184 - - [27/Jun/2023:09:33:53 +0200] "GET /gui/javascript/form_form.js?1687851233 HTTP/1.1" 200 16206 "http://hausegger.activities.at/entry.php?id=10271&&ser=851173" "Mozilla/5.0 (Windows NT 10.0; Win64; x64; rv:109.0) Gecko/20100101 Firefox/114.0"
178.115.38.184 - - [27/Jun/2023:09:34:53 +0200] "GET /entry.php?id=10271&&ser=851233 HTTP/1.1" 200 986 "http://hausegger.activities.at/entry.php?id=10271&&ser=851173" "Mozilla/5.0 (Windows NT 10.0; Win64; x64; rv:109.0) Gecko/20100101 Firefox/114.0"
178.115.38.184 - - [27/Jun/2023:09:34:53 +0200] "GET /gui/javascript/form_form.js?1687851293 HTTP/1.1" 200 16206 "http://hausegger.activities.at/entry.php?id=10271&&ser=851233" "Mozilla/5.0 (Windows NT 10.0; Win64; x64; rv:109.0) Gecko/20100101 Firefox/114.0"
178.115.38.184 - - [27/Jun/2023:09:35:53 +0200] "GET /entry.php?id=10271&&ser=851293 HTTP/1.1" 200 987 "http://hausegger.activities.at/entry.php?id=10271&&ser=851233" "Mozilla/5.0 (Windows NT 10.0; Win64; x64; rv:109.0) Gecko/20100101 Firefox/114.0"
178.115.38.184 - - [27/Jun/2023:09:35:53 +0200] "GET /gui/javascript/form_form.js?1687851353 HTTP/1.1" 200 16206 "http://hausegger.activities.at/entry.php?id=10271&&ser=851293" "Mozilla/5.0 (Windows NT 10.0; Win64; x64; rv:109.0) Gecko/20100101 Firefox/114.0"
178.115.38.184 - - [27/Jun/2023:09:36:54 +0200] "GET /entry.php?id=10271&&ser=851353 HTTP/1.1" 200 986 "http://hausegger.activities.at/entry.php?id=10271&&ser=851293" "Mozilla/5.0 (Windows NT 10.0; Win64; x64; rv:109.0) Gecko/20100101 Firefox/114.0"
178.115.38.184 - - [27/Jun/2023:09:36:54 +0200] "GET /gui/javascript/form_form.js?1687851414 HTTP/1.1" 200 16206 "http://hausegger.activities.at/entry.php?id=10271&&ser=851353" "Mozilla/5.0 (Windows NT 10.0; Win64; x64; rv:109.0) Gecko/20100101 Firefox/114.0"
178.115.38.184 - - [27/Jun/2023:09:37:54 +0200] "GET /entry.php?id=10271&&ser=851414 HTTP/1.1" 200 986 "http://hausegger.activities.at/entry.php?id=10271&&ser=851353" "Mozilla/5.0 (Windows NT 10.0; Win64; x64; rv:109.0) Gecko/20100101 Firefox/114.0"
178.115.38.184 - - [27/Jun/2023:09:37:54 +0200] "GET /gui/javascript/form_form.js?1687851474 HTTP/1.1" 200 16206 "http://hausegger.activities.at/entry.php?id=10271&&ser=851414" "Mozilla/5.0 (Windows NT 10.0; Win64; x64; rv:109.0) Gecko/20100101 Firefox/114.0"
178.115.38.184 - - [27/Jun/2023:09:38:54 +0200] "GET /entry.php?id=10271&&ser=851474 HTTP/1.1" 200 986 "http://hausegger.activities.at/entry.php?id=10271&&ser=851414" "Mozilla/5.0 (Windows NT 10.0; Win64; x64; rv:109.0) Gecko/20100101 Firefox/114.0"
178.115.38.184 - - [27/Jun/2023:09:38:54 +0200] "GET /gui/javascript/form_form.js?1687851534 HTTP/1.1" 200 16206 "http://hausegger.activities.at/entry.php?id=10271&&ser=851474" "Mozilla/5.0 (Windows NT 10.0; Win64; x64; rv:109.0) Gecko/20100101 Firefox/114.0"
178.115.38.184 - - [27/Jun/2023:09:39:54 +0200] "GET /entry.php?id=10271&&ser=851534 HTTP/1.1" 200 988 "http://hausegger.activities.at/entry.php?id=10271&&ser=851474" "Mozilla/5.0 (Windows NT 10.0; Win64; x64; rv:109.0) Gecko/20100101 Firefox/114.0"
178.115.38.184 - - [27/Jun/2023:09:39:55 +0200] "GET /gui/javascript/form_form.js?1687851595 HTTP/1.1" 200 16206 "http://hausegger.activities.at/entry.php?id=10271&&ser=851534" "Mozilla/5.0 (Windows NT 10.0; Win64; x64; rv:109.0) Gecko/20100101 Firefox/114.0"
216.244.66.248 - - [27/Jun/2023:09:40:34 +0200] "GET /robots.txt HTTP/1.1" 404 359 "-" "Mozilla/5.0 (compatible; DotBot/1.2; +https://opensiteexplorer.org/dotbot; help@moz.com)"
178.115.38.184 - - [27/Jun/2023:09:40:55 +0200] "GET /entry.php?id=10271&&ser=851594 HTTP/1.1" 200 987 "http://hausegger.activities.at/entry.php?id=10271&&ser=851534" "Mozilla/5.0 (Windows NT 10.0; Win64; x64; rv:109.0) Gecko/20100101 Firefox/114.0"
178.115.38.184 - - [27/Jun/2023:09:40:55 +0200] "GET /gui/javascript/form_form.js?1687851655 HTTP/1.1" 200 16206 "http://hausegger.activities.at/entry.php?id=10271&&ser=851594" "Mozilla/5.0 (Windows NT 10.0; Win64; x64; rv:109.0) Gecko/20100101 Firefox/114.0"
178.115.38.184 - - [27/Jun/2023:09:41:55 +0200] "GET /entry.php?id=10271&&ser=851655 HTTP/1.1" 200 986 "http://hausegger.activities.at/entry.php?id=10271&&ser=851594" "Mozilla/5.0 (Windows NT 10.0; Win64; x64; rv:109.0) Gecko/20100101 Firefox/114.0"
178.115.38.184 - - [27/Jun/2023:09:41:55 +0200] "GET /gui/javascript/form_form.js?1687851715 HTTP/1.1" 200 16206 "http://hausegger.activities.at/entry.php?id=10271&&ser=851655" "Mozilla/5.0 (Windows NT 10.0; Win64; x64; rv:109.0) Gecko/20100101 Firefox/114.0"
178.115.38.184 - - [27/Jun/2023:09:42:55 +0200] "GET /entry.php?id=10271&&ser=851715 HTTP/1.1" 200 986 "http://hausegger.activities.at/entry.php?id=10271&&ser=851655" "Mozilla/5.0 (Windows NT 10.0; Win64; x64; rv:109.0) Gecko/20100101 Firefox/114.0"
178.115.38.184 - - [27/Jun/2023:09:42:55 +0200] "GET /gui/javascript/form_form.js?1687851775 HTTP/1.1" 200 16206 "http://hausegger.activities.at/entry.php?id=10271&&ser=851715" "Mozilla/5.0 (Windows NT 10.0; Win64; x64; rv:109.0) Gecko/20100101 Firefox/114.0"
178.115.38.184 - - [27/Jun/2023:09:43:56 +0200] "GET /entry.php?id=10271&&ser=851775 HTTP/1.1" 200 986 "http://hausegger.activities.at/entry.php?id=10271&&ser=851715" "Mozilla/5.0 (Windows NT 10.0; Win64; x64; rv:109.0) Gecko/20100101 Firefox/114.0"
178.115.38.184 - - [27/Jun/2023:09:43:56 +0200] "GET /gui/javascript/form_form.js?1687851836 HTTP/1.1" 200 16206 "http://hausegger.activities.at/entry.php?id=10271&&ser=851775" "Mozilla/5.0 (Windows NT 10.0; Win64; x64; rv:109.0) Gecko/20100101 Firefox/114.0"
216.244.66.248 - - [27/Jun/2023:09:44:28 +0200] "GET /?page_id=318 HTTP/1.1" 200 423 "-" "Mozilla/5.0 (compatible; DotBot/1.2; +https://opensiteexplorer.org/dotbot; help@moz.com)"
178.115.38.184 - - [27/Jun/2023:09:44:56 +0200] "GET /entry.php?id=10271&&ser=851836 HTTP/1.1" 200 986 "http://hausegger.activities.at/entry.php?id=10271&&ser=851775" "Mozilla/5.0 (Windows NT 10.0; Win64; x64; rv:109.0) Gecko/20100101 Firefox/114.0"
178.115.38.184 - - [27/Jun/2023:09:44:56 +0200] "GET /gui/javascript/form_form.js?1687851896 HTTP/1.1" 200 16206 "http://hausegger.activities.at/entry.php?id=10271&&ser=851836" "Mozilla/5.0 (Windows NT 10.0; Win64; x64; rv:109.0) Gecko/20100101 Firefox/114.0"
216.244.66.248 - - [27/Jun/2023:09:45:03 +0200] "GET /?plugin=all-in-one-event-calendar&controller=ai1ec_exporter_controller&action=export_events&ai1ec_post_ids=521 HTTP/1.1" 200 423 "-" "Mozilla/5.0 (compatible; DotBot/1.2; +https://opensiteexplorer.org/dotbot; help@moz.com)"
178.115.38.184 - - [27/Jun/2023:09:45:56 +0200] "GET /entry.php?id=10271&&ser=851896 HTTP/1.1" 200 986 "http://hausegger.activities.at/entry.php?id=10271&&ser=851836" "Mozilla/5.0 (Windows NT 10.0; Win64; x64; rv:109.0) Gecko/20100101 Firefox/114.0"
178.115.38.184 - - [27/Jun/2023:09:45:56 +0200] "GET /gui/javascript/form_form.js?1687851956 HTTP/1.1" 200 16206 "http://hausegger.activities.at/entry.php?id=10271&&ser=851896" "Mozilla/5.0 (Windows NT 10.0; Win64; x64; rv:109.0) Gecko/20100101 Firefox/114.0"
178.115.38.184 - - [27/Jun/2023:09:46:56 +0200] "GET /entry.php?id=10271&&ser=851956 HTTP/1.1" 200 986 "http://hausegger.activities.at/entry.php?id=10271&&ser=851896" "Mozilla/5.0 (Windows NT 10.0; Win64; x64; rv:109.0) Gecko/20100101 Firefox/114.0"
178.115.38.184 - - [27/Jun/2023:09:46:56 +0200] "GET /gui/javascript/form_form.js?1687852016 HTTP/1.1" 200 16206 "http://hausegger.activities.at/entry.php?id=10271&&ser=851956" "Mozilla/5.0 (Windows NT 10.0; Win64; x64; rv:109.0) Gecko/20100101 Firefox/114.0"
178.115.38.184 - - [27/Jun/2023:09:47:57 +0200] "GET /entry.php?id=10271&&ser=852016 HTTP/1.1" 200 986 "http://hausegger.activities.at/entry.php?id=10271&&ser=851956" "Mozilla/5.0 (Windows NT 10.0; Win64; x64; rv:109.0) Gecko/20100101 Firefox/114.0"
178.115.38.184 - - [27/Jun/2023:09:47:57 +0200] "GET /gui/javascript/form_form.js?1687852077 HTTP/1.1" 200 16206 "http://hausegger.activities.at/entry.php?id=10271&&ser=852016" "Mozilla/5.0 (Windows NT 10.0; Win64; x64; rv:109.0) Gecko/20100101 Firefox/114.0"
178.115.38.184 - - [27/Jun/2023:09:48:57 +0200] "GET /entry.php?id=10271&&ser=852077 HTTP/1.1" 200 985 "http://hausegger.activities.at/entry.php?id=10271&&ser=852016" "Mozilla/5.0 (Windows NT 10.0; Win64; x64; rv:109.0) Gecko/20100101 Firefox/114.0"
178.115.38.184 - - [27/Jun/2023:09:48:57 +0200] "GET /gui/javascript/form_form.js?1687852137 HTTP/1.1" 200 16206 "http://hausegger.activities.at/entry.php?id=10271&&ser=852077" "Mozilla/5.0 (Windows NT 10.0; Win64; x64; rv:109.0) Gecko/20100101 Firefox/114.0"
178.115.38.184 - - [27/Jun/2023:09:49:57 +0200] "GET /entry.php?id=10271&&ser=852137 HTTP/1.1" 200 986 "http://hausegger.activities.at/entry.php?id=10271&&ser=852077" "Mozilla/5.0 (Windows NT 10.0; Win64; x64; rv:109.0) Gecko/20100101 Firefox/114.0"
178.115.38.184 - - [27/Jun/2023:09:49:57 +0200] "GET /gui/javascript/form_form.js?1687852197 HTTP/1.1" 200 16206 "http://hausegger.activities.at/entry.php?id=10271&&ser=852137" "Mozilla/5.0 (Windows NT 10.0; Win64; x64; rv:109.0) Gecko/20100101 Firefox/114.0"
178.115.38.184 - - [27/Jun/2023:09:50:57 +0200] "GET /entry.php?id=10271&&ser=852197 HTTP/1.1" 200 986 "http://hausegger.activities.at/entry.php?id=10271&&ser=852137" "Mozilla/5.0 (Windows NT 10.0; Win64; x64; rv:109.0) Gecko/20100101 Firefox/114.0"
178.115.38.184 - - [27/Jun/2023:09:50:58 +0200] "GET /gui/javascript/form_form.js?1687852257 HTTP/1.1" 200 16206 "http://hausegger.activities.at/entry.php?id=10271&&ser=852197" "Mozilla/5.0 (Windows NT 10.0; Win64; x64; rv:109.0) Gecko/20100101 Firefox/114.0"
178.115.38.184 - - [27/Jun/2023:09:51:58 +0200] "GET /entry.php?id=10271&&ser=852257 HTTP/1.1" 200 986 "http://hausegger.activities.at/entry.php?id=10271&&ser=852197" "Mozilla/5.0 (Windows NT 10.0; Win64; x64; rv:109.0) Gecko/20100101 Firefox/114.0"
178.115.38.184 - - [27/Jun/2023:09:51:58 +0200] "GET /gui/javascript/form_form.js?1687852318 HTTP/1.1" 200 16206 "http://hausegger.activities.at/entry.php?id=10271&&ser=852257" "Mozilla/5.0 (Windows NT 10.0; Win64; x64; rv:109.0) Gecko/20100101 Firefox/114.0"
178.115.38.184 - - [27/Jun/2023:09:52:58 +0200] "GET /entry.php?id=10271&&ser=852318 HTTP/1.1" 200 986 "http://hausegger.activities.at/entry.php?id=10271&&ser=852257" "Mozilla/5.0 (Windows NT 10.0; Win64; x64; rv:109.0) Gecko/20100101 Firefox/114.0"
178.115.38.184 - - [27/Jun/2023:09:52:58 +0200] "GET /gui/javascript/form_form.js?1687852378 HTTP/1.1" 200 16206 "http://hausegger.activities.at/entry.php?id=10271&&ser=852318" "Mozilla/5.0 (Windows NT 10.0; Win64; x64; rv:109.0) Gecko/20100101 Firefox/114.0"
178.115.38.184 - - [27/Jun/2023:09:53:58 +0200] "GET /entry.php?id=10271&&ser=852378 HTTP/1.1" 200 986 "http://hausegger.activities.at/entry.php?id=10271&&ser=852318" "Mozilla/5.0 (Windows NT 10.0; Win64; x64; rv:109.0) Gecko/20100101 Firefox/114.0"
178.115.38.184 - - [27/Jun/2023:09:53:58 +0200] "GET /gui/javascript/form_form.js?1687852438 HTTP/1.1" 200 16206 "http://hausegger.activities.at/entry.php?id=10271&&ser=852378" "Mozilla/5.0 (Windows NT 10.0; Win64; x64; rv:109.0) Gecko/20100101 Firefox/114.0"
178.115.38.184 - - [27/Jun/2023:09:54:08 +0200] "GET /entry.php?id=10828 HTTP/1.1" 200 9139 "http://hausegger.activities.at/entry.php?id=10270&__app__=10006038" "Mozilla/5.0 (Windows NT 10.0; Win64; x64; rv:109.0) Gecko/20100101 Firefox/114.0"
178.115.38.184 - - [27/Jun/2023:09:54:09 +0200] "GET /gui/javascript/form_form.js?1687852449 HTTP/1.1" 200 16206 "http://hausegger.activities.at/entry.php?id=10828" "Mozilla/5.0 (Windows NT 10.0; Win64; x64; rv:109.0) Gecko/20100101 Firefox/114.0"
178.115.38.184 - - [27/Jun/2023:09:54:09 +0200] "GET /entry.php?id=10889&document_id=& HTTP/1.1" 200 1507 "http://hausegger.activities.at/entry.php?id=10828" "Mozilla/5.0 (Windows NT 10.0; Win64; x64; rv:109.0) Gecko/20100101 Firefox/114.0"
178.115.38.184 - - [27/Jun/2023:09:54:11 +0200] "GET /entry.php?id=11237&type=10665 HTTP/1.1" 200 276 "http://hausegger.activities.at/entry.php?id=10828" "Mozilla/5.0 (Windows NT 10.0; Win64; x64; rv:109.0) Gecko/20100101 Firefox/114.0"
178.115.38.184 - - [27/Jun/2023:09:54:11 +0200] "GET /entry.php?id=11239&mode=document&form=10665& HTTP/1.1" 200 2014 "http://hausegger.activities.at/entry.php?id=11237&type=10665" "Mozilla/5.0 (Windows NT 10.0; Win64; x64; rv:109.0) Gecko/20100101 Firefox/114.0"
178.115.38.184 - - [27/Jun/2023:09:54:12 +0200] "GET /gui/javascript/form_bu_document_workflow.js?1687852451 HTTP/1.1" 200 4900 "http://hausegger.activities.at/entry.php?id=11239&mode=document&form=10665&" "Mozilla/5.0 (Windows NT 10.0; Win64; x64; rv:109.0) Gecko/20100101 Firefox/114.0"
178.115.38.184 - - [27/Jun/2023:09:54:12 +0200] "GET /gui/javascript/form_form.js?1687852451 HTTP/1.1" 200 16206 "http://hausegger.activities.at/entry.php?id=11239&mode=document&form=10665&" "Mozilla/5.0 (Windows NT 10.0; Win64; x64; rv:109.0) Gecko/20100101 Firefox/114.0"
178.115.38.184 - - [27/Jun/2023:09:54:11 +0200] "GET /entry.php?id=11238&mode=document&form=10665& HTTP/1.1" 200 3301 "http://hausegger.activities.at/entry.php?id=11237&type=10665" "Mozilla/5.0 (Windows NT 10.0; Win64; x64; rv:109.0) Gecko/20100101 Firefox/114.0"
178.115.38.184 - - [27/Jun/2023:09:54:11 +0200] "GET /entry.php?id=10676&&title=Belegsuche HTTP/1.1" 200 1389 "http://hausegger.activities.at/entry.php?id=11237&type=10665" "Mozilla/5.0 (Windows NT 10.0; Win64; x64; rv:109.0) Gecko/20100101 Firefox/114.0"
178.115.38.184 - - [27/Jun/2023:09:54:12 +0200] "GET /gui/javascript/form_bu_document_workflow.js?1687852452 HTTP/1.1" 200 4900 "http://hausegger.activities.at/entry.php?id=11238&mode=document&form=10665&" "Mozilla/5.0 (Windows NT 10.0; Win64; x64; rv:109.0) Gecko/20100101 Firefox/114.0"
178.115.38.184 - - [27/Jun/2023:09:54:12 +0200] "GET /gui/javascript/form_form.js?1687852452 HTTP/1.1" 200 16206 "http://hausegger.activities.at/entry.php?id=11238&mode=document&form=10665&" "Mozilla/5.0 (Windows NT 10.0; Win64; x64; rv:109.0) Gecko/20100101 Firefox/114.0"
178.115.38.184 - - [27/Jun/2023:09:54:12 +0200] "GET /gui/javascript/form_form.js?1687852452 HTTP/1.1" 200 16206 "http://hausegger.activities.at/entry.php?id=10676&&title=Belegsuche" "Mozilla/5.0 (Windows NT 10.0; Win64; x64; rv:109.0) Gecko/20100101 Firefox/114.0"
178.115.38.184 - - [27/Jun/2023:09:54:11 +0200] "GET /entry.php?id=11240&mode=document&form=10665& HTTP/1.1" 200 2662 "http://hausegger.activities.at/entry.php?id=11237&type=10665" "Mozilla/5.0 (Windows NT 10.0; Win64; x64; rv:109.0) Gecko/20100101 Firefox/114.0"
178.115.38.184 - - [27/Jun/2023:09:54:12 +0200] "GET /entry.php?id=10776&form=11066&name=list& HTTP/1.1" 200 1513 "http://hausegger.activities.at/entry.php?id=11240&mode=document&form=10665&" "Mozilla/5.0 (Windows NT 10.0; Win64; x64; rv:109.0) Gecko/20100101 Firefox/114.0"
178.115.38.184 - - [27/Jun/2023:09:54:12 +0200] "GET /entry.php?id=10778&form=11066&name=list& HTTP/1.1" 200 2586 "http://hausegger.activities.at/entry.php?id=11240&mode=document&form=10665&" "Mozilla/5.0 (Windows NT 10.0; Win64; x64; rv:109.0) Gecko/20100101 Firefox/114.0"
178.115.38.184 - - [27/Jun/2023:09:54:12 +0200] "POST /entry.php?id=11240 HTTP/1.1" 200 2673 "http://hausegger.activities.at/entry.php?id=11240&mode=document&form=10665&" "Mozilla/5.0 (Windows NT 10.0; Win64; x64; rv:109.0) Gecko/20100101 Firefox/114.0"
178.115.38.184 - - [27/Jun/2023:09:54:13 +0200] "GET /gui/javascript/form_form.js?1687852453 HTTP/1.1" 200 16206 "http://hausegger.activities.at/entry.php?id=11240" "Mozilla/5.0 (Windows NT 10.0; Win64; x64; rv:109.0) Gecko/20100101 Firefox/114.0"
178.115.38.184 - - [27/Jun/2023:09:54:13 +0200] "GET /entry.php?id=10778&form=11066&name=list& HTTP/1.1" 200 3140 "http://hausegger.activities.at/entry.php?id=11240" "Mozilla/5.0 (Windows NT 10.0; Win64; x64; rv:109.0) Gecko/20100101 Firefox/114.0"
178.115.38.184 - - [27/Jun/2023:09:54:13 +0200] "GET /entry.php?id=10776&form=11066&name=list& HTTP/1.1" 200 1513 "http://hausegger.activities.at/entry.php?id=11240" "Mozilla/5.0 (Windows NT 10.0; Win64; x64; rv:109.0) Gecko/20100101 Firefox/114.0"
178.115.38.184 - - [27/Jun/2023:09:54:26 +0200] "POST /entry.php?id=10828 HTTP/1.1" 200 8727 "http://hausegger.activities.at/entry.php?id=10828" "Mozilla/5.0 (Windows NT 10.0; Win64; x64; rv:109.0) Gecko/20100101 Firefox/114.0"
178.115.38.184 - - [27/Jun/2023:09:54:26 +0200] "GET /gui/javascript/form_form.js?1687852466 HTTP/1.1" 200 16206 "http://hausegger.activities.at/entry.php?id=10828" "Mozilla/5.0 (Windows NT 10.0; Win64; x64; rv:109.0) Gecko/20100101 Firefox/114.0"
178.115.38.184 - - [27/Jun/2023:09:54:27 +0200] "GET /entry.php?id=10889&document_id=10324971& HTTP/1.1" 200 1507 "http://hausegger.activities.at/entry.php?id=10828" "Mozilla/5.0 (Windows NT 10.0; Win64; x64; rv:109.0) Gecko/20100101 Firefox/114.0"
178.115.38.184 - - [27/Jun/2023:09:54:27 +0200] "GET /gui/javascript/form_form.js?1687852467 HTTP/1.1" 200 16206 "http://hausegger.activities.at/entry.php?id=10889&document_id=10324971&" "Mozilla/5.0 (Windows NT 10.0; Win64; x64; rv:109.0) Gecko/20100101 Firefox/114.0"
178.115.38.184 - - [27/Jun/2023:09:54:30 +0200] "POST /entry.php?id=10828 HTTP/1.1" 200 8796 "http://hausegger.activities.at/entry.php?id=10828" "Mozilla/5.0 (Windows NT 10.0; Win64; x64; rv:109.0) Gecko/20100101 Firefox/114.0"
178.115.38.184 - - [27/Jun/2023:09:54:31 +0200] "GET /gui/javascript/form_form.js?1687852471 HTTP/1.1" 200 16206 "http://hausegger.activities.at/entry.php?id=10828" "Mozilla/5.0 (Windows NT 10.0; Win64; x64; rv:109.0) Gecko/20100101 Firefox/114.0"
178.115.38.184 - - [27/Jun/2023:09:54:31 +0200] "GET /entry.php?id=10889&document_id=10324971& HTTP/1.1" 200 1507 "http://hausegger.activities.at/entry.php?id=10828" "Mozilla/5.0 (Windows NT 10.0; Win64; x64; rv:109.0) Gecko/20100101 Firefox/114.0"
178.115.38.184 - - [27/Jun/2023:09:54:33 +0200] "GET /entry.php?id=11237&type=10665 HTTP/1.1" 200 276 "http://hausegger.activities.at/entry.php?id=10828" "Mozilla/5.0 (Windows NT 10.0; Win64; x64; rv:109.0) Gecko/20100101 Firefox/114.0"
178.115.38.184 - - [27/Jun/2023:09:54:33 +0200] "GET /entry.php?id=11240&mode=document&form=10665& HTTP/1.1" 200 2670 "http://hausegger.activities.at/entry.php?id=11237&type=10665" "Mozilla/5.0 (Windows NT 10.0; Win64; x64; rv:109.0) Gecko/20100101 Firefox/114.0"
178.115.38.184 - - [27/Jun/2023:09:54:33 +0200] "GET /entry.php?id=10676&&title=Belegsuche HTTP/1.1" 200 1389 "http://hausegger.activities.at/entry.php?id=11237&type=10665" "Mozilla/5.0 (Windows NT 10.0; Win64; x64; rv:109.0) Gecko/20100101 Firefox/114.0"
178.115.38.184 - - [27/Jun/2023:09:54:33 +0200] "GET /gui/javascript/form_bu_document_workflow.js?1687852473 HTTP/1.1" 200 4900 "http://hausegger.activities.at/entry.php?id=11240&mode=document&form=10665&" "Mozilla/5.0 (Windows NT 10.0; Win64; x64; rv:109.0) Gecko/20100101 Firefox/114.0"
178.115.38.184 - - [27/Jun/2023:09:54:33 +0200] "GET /gui/javascript/form_form.js?1687852473 HTTP/1.1" 200 16206 "http://hausegger.activities.at/entry.php?id=11240&mode=document&form=10665&" "Mozilla/5.0 (Windows NT 10.0; Win64; x64; rv:109.0) Gecko/20100101 Firefox/114.0"
178.115.38.184 - - [27/Jun/2023:09:54:33 +0200] "GET /gui/javascript/form_form.js?1687852473 HTTP/1.1" 200 16206 "http://hausegger.activities.at/entry.php?id=10676&&title=Belegsuche" "Mozilla/5.0 (Windows NT 10.0; Win64; x64; rv:109.0) Gecko/20100101 Firefox/114.0"
178.115.38.184 - - [27/Jun/2023:09:54:33 +0200] "GET /entry.php?id=11239&mode=document&form=10665& HTTP/1.1" 200 2016 "http://hausegger.activities.at/entry.php?id=11237&type=10665" "Mozilla/5.0 (Windows NT 10.0; Win64; x64; rv:109.0) Gecko/20100101 Firefox/114.0"
178.115.38.184 - - [27/Jun/2023:09:54:33 +0200] "GET /entry.php?id=11238&mode=document&form=10665& HTTP/1.1" 200 3302 "http://hausegger.activities.at/entry.php?id=11237&type=10665" "Mozilla/5.0 (Windows NT 10.0; Win64; x64; rv:109.0) Gecko/20100101 Firefox/114.0"
178.115.38.184 - - [27/Jun/2023:09:54:34 +0200] "GET /gui/javascript/form_bu_document_workflow.js?1687852474 HTTP/1.1" 200 4900 "http://hausegger.activities.at/entry.php?id=11238&mode=document&form=10665&" "Mozilla/5.0 (Windows NT 10.0; Win64; x64; rv:109.0) Gecko/20100101 Firefox/114.0"
178.115.38.184 - - [27/Jun/2023:09:54:34 +0200] "GET /entry.php?id=10778&form=11066&name=list& HTTP/1.1" 200 2586 "http://hausegger.activities.at/entry.php?id=11240&mode=document&form=10665&" "Mozilla/5.0 (Windows NT 10.0; Win64; x64; rv:109.0) Gecko/20100101 Firefox/114.0"
178.115.38.184 - - [27/Jun/2023:09:54:34 +0200] "GET /entry.php?id=10776&form=11066&name=list& HTTP/1.1" 200 1513 "http://hausegger.activities.at/entry.php?id=11240&mode=document&form=10665&" "Mozilla/5.0 (Windows NT 10.0; Win64; x64; rv:109.0) Gecko/20100101 Firefox/114.0"
178.115.38.184 - - [27/Jun/2023:09:54:34 +0200] "GET /gui/javascript/form_form.js?1687852474 HTTP/1.1" 200 16206 "http://hausegger.activities.at/entry.php?id=11238&mode=document&form=10665&" "Mozilla/5.0 (Windows NT 10.0; Win64; x64; rv:109.0) Gecko/20100101 Firefox/114.0"
178.115.38.184 - - [27/Jun/2023:09:54:36 +0200] "POST /entry.php?id=11240 HTTP/1.1" 200 2670 "http://hausegger.activities.at/entry.php?id=11240&mode=document&form=10665&" "Mozilla/5.0 (Windows NT 10.0; Win64; x64; rv:109.0) Gecko/20100101 Firefox/114.0"
178.115.38.184 - - [27/Jun/2023:09:54:36 +0200] "GET /gui/javascript/form_bu_document_workflow.js?1687852476 HTTP/1.1" 200 4900 "http://hausegger.activities.at/entry.php?id=11240" "Mozilla/5.0 (Windows NT 10.0; Win64; x64; rv:109.0) Gecko/20100101 Firefox/114.0"
178.115.38.184 - - [27/Jun/2023:09:54:36 +0200] "GET /gui/javascript/form_form.js?1687852476 HTTP/1.1" 200 16206 "http://hausegger.activities.at/entry.php?id=11240" "Mozilla/5.0 (Windows NT 10.0; Win64; x64; rv:109.0) Gecko/20100101 Firefox/114.0"
178.115.38.184 - - [27/Jun/2023:09:54:36 +0200] "GET /entry.php?id=10776&form=11066&name=list& HTTP/1.1" 200 1513 "http://hausegger.activities.at/entry.php?id=11240" "Mozilla/5.0 (Windows NT 10.0; Win64; x64; rv:109.0) Gecko/20100101 Firefox/114.0"
178.115.38.184 - - [27/Jun/2023:09:54:36 +0200] "GET /entry.php?id=10778&form=11066&name=list& HTTP/1.1" 200 3044 "http://hausegger.activities.at/entry.php?id=11240" "Mozilla/5.0 (Windows NT 10.0; Win64; x64; rv:109.0) Gecko/20100101 Firefox/114.0"
178.115.38.184 - - [27/Jun/2023:09:54:40 +0200] "POST /entry.php?id=10828 HTTP/1.1" 200 8706 "http://hausegger.activities.at/entry.php?id=10828" "Mozilla/5.0 (Windows NT 10.0; Win64; x64; rv:109.0) Gecko/20100101 Firefox/114.0"
178.115.38.184 - - [27/Jun/2023:09:54:40 +0200] "GET /gui/javascript/form_form.js?1687852480 HTTP/1.1" 200 16206 "http://hausegger.activities.at/entry.php?id=10828" "Mozilla/5.0 (Windows NT 10.0; Win64; x64; rv:109.0) Gecko/20100101 Firefox/114.0"
178.115.38.184 - - [27/Jun/2023:09:54:40 +0200] "GET /entry.php?id=10889&document_id=10324994& HTTP/1.1" 200 1506 "http://hausegger.activities.at/entry.php?id=10828" "Mozilla/5.0 (Windows NT 10.0; Win64; x64; rv:109.0) Gecko/20100101 Firefox/114.0"
178.115.38.184 - - [27/Jun/2023:09:54:43 +0200] "POST /entry.php?id=10828 HTTP/1.1" 200 8768 "http://hausegger.activities.at/entry.php?id=10828" "Mozilla/5.0 (Windows NT 10.0; Win64; x64; rv:109.0) Gecko/20100101 Firefox/114.0"
178.115.38.184 - - [27/Jun/2023:09:54:44 +0200] "GET /gui/javascript/form_form.js?1687852483 HTTP/1.1" 200 16206 "http://hausegger.activities.at/entry.php?id=10828" "Mozilla/5.0 (Windows NT 10.0; Win64; x64; rv:109.0) Gecko/20100101 Firefox/114.0"
178.115.38.184 - - [27/Jun/2023:09:54:44 +0200] "GET /entry.php?id=10889&document_id=10324994& HTTP/1.1" 200 1507 "http://hausegger.activities.at/entry.php?id=10828" "Mozilla/5.0 (Windows NT 10.0; Win64; x64; rv:109.0) Gecko/20100101 Firefox/114.0"
178.115.38.184 - - [27/Jun/2023:09:54:44 +0200] "GET /gui/javascript/form_form.js?1687852484 HTTP/1.1" 200 16206 "http://hausegger.activities.at/entry.php?id=10889&document_id=10324994&" "Mozilla/5.0 (Windows NT 10.0; Win64; x64; rv:109.0) Gecko/20100101 Firefox/114.0"
178.115.38.184 - - [27/Jun/2023:09:54:59 +0200] "GET /entry.php?id=10271&&ser=852438 HTTP/1.1" 200 986 "http://hausegger.activities.at/entry.php?id=10271&&ser=852378" "Mozilla/5.0 (Windows NT 10.0; Win64; x64; rv:109.0) Gecko/20100101 Firefox/114.0"
178.115.38.184 - - [27/Jun/2023:09:54:59 +0200] "GET /gui/javascript/form_form.js?1687852499 HTTP/1.1" 200 16206 "http://hausegger.activities.at/entry.php?id=10271&&ser=852438" "Mozilla/5.0 (Windows NT 10.0; Win64; x64; rv:109.0) Gecko/20100101 Firefox/114.0"
178.115.38.184 - - [27/Jun/2023:09:55:54 +0200] "GET /entry.php?id=11237&type=10665 HTTP/1.1" 200 276 "http://hausegger.activities.at/entry.php?id=10828" "Mozilla/5.0 (Windows NT 10.0; Win64; x64; rv:109.0) Gecko/20100101 Firefox/114.0"
178.115.38.184 - - [27/Jun/2023:09:55:54 +0200] "GET /entry.php?id=10676&&title=Belegsuche HTTP/1.1" 200 1390 "http://hausegger.activities.at/entry.php?id=11237&type=10665" "Mozilla/5.0 (Windows NT 10.0; Win64; x64; rv:109.0) Gecko/20100101 Firefox/114.0"
178.115.38.184 - - [27/Jun/2023:09:55:55 +0200] "GET /gui/javascript/form_form.js?1687852555 HTTP/1.1" 200 16206 "http://hausegger.activities.at/entry.php?id=10676&&title=Belegsuche" "Mozilla/5.0 (Windows NT 10.0; Win64; x64; rv:109.0) Gecko/20100101 Firefox/114.0"
178.115.38.184 - - [27/Jun/2023:09:55:54 +0200] "GET /entry.php?id=11238&mode=document&form=10665& HTTP/1.1" 200 3301 "http://hausegger.activities.at/entry.php?id=11237&type=10665" "Mozilla/5.0 (Windows NT 10.0; Win64; x64; rv:109.0) Gecko/20100101 Firefox/114.0"
178.115.38.184 - - [27/Jun/2023:09:55:55 +0200] "GET /gui/javascript/form_bu_document_workflow.js?1687852555 HTTP/1.1" 200 4900 "http://hausegger.activities.at/entry.php?id=11238&mode=document&form=10665&" "Mozilla/5.0 (Windows NT 10.0; Win64; x64; rv:109.0) Gecko/20100101 Firefox/114.0"
178.115.38.184 - - [27/Jun/2023:09:55:54 +0200] "GET /entry.php?id=11240&mode=document&form=10665& HTTP/1.1" 200 2670 "http://hausegger.activities.at/entry.php?id=11237&type=10665" "Mozilla/5.0 (Windows NT 10.0; Win64; x64; rv:109.0) Gecko/20100101 Firefox/114.0"
