156.59.198.136 - - [18/Sep/2023:16:09:14 +0200] "GET /renault.activities.at/htdocs/binaries/10089015.pdf HTTP/1.0" 404 311 "http://212.69.160.11:443/renault.activities.at/htdocs/binaries/" "Mozilla/5.0 (Linux; Android 5.0) AppleWebKit/537.36 (KHTML, like Gecko) Mobile Safari/537.36 (compatible; Bytespider; spider-feedback@bytedance.com)"
156.59.198.135 - - [18/Sep/2023:16:09:37 +0200] "GET /renault.activities.at/htdocs/binaries/10017496.pdf HTTP/1.0" 404 311 "http://212.69.160.11:443/renault.activities.at/htdocs/binaries/" "Mozilla/5.0 (Linux; Android 5.0) AppleWebKit/537.36 (KHTML, like Gecko) Mobile Safari/537.36 (compatible; Bytespider; spider-feedback@bytedance.com)"
77.119.162.161 - - [18/Sep/2023:16:09:48 +0200] "GET /entry.php?id=10271&&ser=46128 HTTP/1.1" 200 986 "http://hausegger.activities.at/entry.php?id=10271&&ser=46068" "Mozilla/5.0 (Windows NT 10.0; Win64; x64; rv:109.0) Gecko/20100101 Firefox/117.0"
77.119.162.161 - - [18/Sep/2023:16:09:48 +0200] "GET /gui/javascript/form_form.js?1695046188 HTTP/1.1" 200 16206 "http://hausegger.activities.at/entry.php?id=10271&&ser=46128" "Mozilla/5.0 (Windows NT 10.0; Win64; x64; rv:109.0) Gecko/20100101 Firefox/117.0"
77.119.162.161 - - [18/Sep/2023:16:09:49 +0200] "GET /entry.php?id=10831 HTTP/1.1" 200 8822 "http://hausegger.activities.at/entry.php?id=10270&__app__=10006038" "Mozilla/5.0 (Windows NT 10.0; Win64; x64; rv:109.0) Gecko/20100101 Firefox/117.0"
77.119.162.161 - - [18/Sep/2023:16:09:49 +0200] "GET /gui/javascript/form_form.js?1695046189 HTTP/1.1" 200 16206 "http://hausegger.activities.at/entry.php?id=10831" "Mozilla/5.0 (Windows NT 10.0; Win64; x64; rv:109.0) Gecko/20100101 Firefox/117.0"
77.119.162.161 - - [18/Sep/2023:16:09:49 +0200] "GET /entry.php?id=10889&document_id=& HTTP/1.1" 200 1509 "http://hausegger.activities.at/entry.php?id=10831" "Mozilla/5.0 (Windows NT 10.0; Win64; x64; rv:109.0) Gecko/20100101 Firefox/117.0"
77.119.162.161 - - [18/Sep/2023:16:09:51 +0200] "GET /entry.php?id=11237&type=10668 HTTP/1.1" 200 276 "http://hausegger.activities.at/entry.php?id=10831" "Mozilla/5.0 (Windows NT 10.0; Win64; x64; rv:109.0) Gecko/20100101 Firefox/117.0"
77.119.162.161 - - [18/Sep/2023:16:09:51 +0200] "GET /entry.php?id=11239&mode=document&form=10668& HTTP/1.1" 200 2023 "http://hausegger.activities.at/entry.php?id=11237&type=10668" "Mozilla/5.0 (Windows NT 10.0; Win64; x64; rv:109.0) Gecko/20100101 Firefox/117.0"
77.119.162.161 - - [18/Sep/2023:16:09:51 +0200] "GET /entry.php?id=10676&&title=Belegsuche HTTP/1.1" 200 1392 "http://hausegger.activities.at/entry.php?id=11237&type=10668" "Mozilla/5.0 (Windows NT 10.0; Win64; x64; rv:109.0) Gecko/20100101 Firefox/117.0"
77.119.162.161 - - [18/Sep/2023:16:09:51 +0200] "GET /gui/javascript/form_bu_document_workflow.js?1695046191 HTTP/1.1" 200 4900 "http://hausegger.activities.at/entry.php?id=11239&mode=document&form=10668&" "Mozilla/5.0 (Windows NT 10.0; Win64; x64; rv:109.0) Gecko/20100101 Firefox/117.0"
77.119.162.161 - - [18/Sep/2023:16:09:51 +0200] "GET /gui/javascript/form_form.js?1695046191 HTTP/1.1" 200 16206 "http://hausegger.activities.at/entry.php?id=11239&mode=document&form=10668&" "Mozilla/5.0 (Windows NT 10.0; Win64; x64; rv:109.0) Gecko/20100101 Firefox/117.0"
77.119.162.161 - - [18/Sep/2023:16:09:51 +0200] "GET /gui/javascript/form_form.js?1695046191 HTTP/1.1" 200 16206 "http://hausegger.activities.at/entry.php?id=10676&&title=Belegsuche" "Mozilla/5.0 (Windows NT 10.0; Win64; x64; rv:109.0) Gecko/20100101 Firefox/117.0"
77.119.162.161 - - [18/Sep/2023:16:09:51 +0200] "GET /entry.php?id=11240&mode=document&form=10668& HTTP/1.1" 200 2673 "http://hausegger.activities.at/entry.php?id=11237&type=10668" "Mozilla/5.0 (Windows NT 10.0; Win64; x64; rv:109.0) Gecko/20100101 Firefox/117.0"
77.119.162.161 - - [18/Sep/2023:16:09:51 +0200] "GET /entry.php?id=11238&mode=document&form=10668& HTTP/1.1" 200 3242 "http://hausegger.activities.at/entry.php?id=11237&type=10668" "Mozilla/5.0 (Windows NT 10.0; Win64; x64; rv:109.0) Gecko/20100101 Firefox/117.0"
77.119.162.161 - - [18/Sep/2023:16:09:51 +0200] "GET /entry.php?id=10776&form=11066&name=list& HTTP/1.1" 200 1515 "http://hausegger.activities.at/entry.php?id=11240&mode=document&form=10668&" "Mozilla/5.0 (Windows NT 10.0; Win64; x64; rv:109.0) Gecko/20100101 Firefox/117.0"
77.119.162.161 - - [18/Sep/2023:16:09:51 +0200] "GET /entry.php?id=10778&form=11066&name=list& HTTP/1.1" 200 2588 "http://hausegger.activities.at/entry.php?id=11240&mode=document&form=10668&" "Mozilla/5.0 (Windows NT 10.0; Win64; x64; rv:109.0) Gecko/20100101 Firefox/117.0"
77.119.162.161 - - [18/Sep/2023:16:09:52 +0200] "GET /gui/javascript/form_form.js?1695046192 HTTP/1.1" 200 16206 "http://hausegger.activities.at/entry.php?id=11238&mode=document&form=10668&" "Mozilla/5.0 (Windows NT 10.0; Win64; x64; rv:109.0) Gecko/20100101 Firefox/117.0"
77.119.162.161 - - [18/Sep/2023:16:09:52 +0200] "POST /entry.php?id=11240 HTTP/1.1" 200 2674 "http://hausegger.activities.at/entry.php?id=11240&mode=document&form=10668&" "Mozilla/5.0 (Windows NT 10.0; Win64; x64; rv:109.0) Gecko/20100101 Firefox/117.0"
77.119.162.161 - - [18/Sep/2023:16:09:53 +0200] "GET /gui/javascript/form_bu_document_workflow.js?1695046193 HTTP/1.1" 200 4900 "http://hausegger.activities.at/entry.php?id=11240" "Mozilla/5.0 (Windows NT 10.0; Win64; x64; rv:109.0) Gecko/20100101 Firefox/117.0"
77.119.162.161 - - [18/Sep/2023:16:09:53 +0200] "GET /gui/javascript/form_form.js?1695046193 HTTP/1.1" 200 16206 "http://hausegger.activities.at/entry.php?id=11240" "Mozilla/5.0 (Windows NT 10.0; Win64; x64; rv:109.0) Gecko/20100101 Firefox/117.0"
77.119.162.161 - - [18/Sep/2023:16:09:53 +0200] "GET /entry.php?id=10776&form=11066&name=list& HTTP/1.1" 200 1515 "http://hausegger.activities.at/entry.php?id=11240" "Mozilla/5.0 (Windows NT 10.0; Win64; x64; rv:109.0) Gecko/20100101 Firefox/117.0"
77.119.162.161 - - [18/Sep/2023:16:09:53 +0200] "GET /entry.php?id=10778&form=11066&name=list& HTTP/1.1" 200 2870 "http://hausegger.activities.at/entry.php?id=11240" "Mozilla/5.0 (Windows NT 10.0; Win64; x64; rv:109.0) Gecko/20100101 Firefox/117.0"
77.119.162.161 - - [18/Sep/2023:16:09:56 +0200] "POST /entry.php?id=10831 HTTP/1.1" 200 8328 "http://hausegger.activities.at/entry.php?id=10831" "Mozilla/5.0 (Windows NT 10.0; Win64; x64; rv:109.0) Gecko/20100101 Firefox/117.0"
77.119.162.161 - - [18/Sep/2023:16:09:56 +0200] "GET /gui/javascript/form_form.js?1695046196 HTTP/1.1" 200 16206 "http://hausegger.activities.at/entry.php?id=10831" "Mozilla/5.0 (Windows NT 10.0; Win64; x64; rv:109.0) Gecko/20100101 Firefox/117.0"
77.119.162.161 - - [18/Sep/2023:16:09:56 +0200] "GET /entry.php?id=10889&document_id=10328433& HTTP/1.1" 200 1510 "http://hausegger.activities.at/entry.php?id=10831" "Mozilla/5.0 (Windows NT 10.0; Win64; x64; rv:109.0) Gecko/20100101 Firefox/117.0"
77.119.162.161 - - [18/Sep/2023:16:09:58 +0200] "POST /entry.php?id=10831 HTTP/1.1" 200 8380 "http://hausegger.activities.at/entry.php?id=10831" "Mozilla/5.0 (Windows NT 10.0; Win64; x64; rv:109.0) Gecko/20100101 Firefox/117.0"
77.119.162.161 - - [18/Sep/2023:16:09:58 +0200] "GET /gui/javascript/form_form.js?1695046198 HTTP/1.1" 200 16206 "http://hausegger.activities.at/entry.php?id=10831" "Mozilla/5.0 (Windows NT 10.0; Win64; x64; rv:109.0) Gecko/20100101 Firefox/117.0"
77.119.162.161 - - [18/Sep/2023:16:09:58 +0200] "GET /entry.php?id=10889&document_id=10328433& HTTP/1.1" 200 1510 "http://hausegger.activities.at/entry.php?id=10831" "Mozilla/5.0 (Windows NT 10.0; Win64; x64; rv:109.0) Gecko/20100101 Firefox/117.0"
77.119.162.161 - - [18/Sep/2023:16:09:59 +0200] "GET /gui/javascript/form_form.js?1695046199 HTTP/1.1" 200 16206 "http://hausegger.activities.at/entry.php?id=10889&document_id=10328433&" "Mozilla/5.0 (Windows NT 10.0; Win64; x64; rv:109.0) Gecko/20100101 Firefox/117.0"
156.59.198.135 - - [18/Sep/2023:16:10:02 +0200] "GET /renault.activities.at/htdocs/binaries/10167920.pdf HTTP/1.0" 404 311 "http://212.69.160.11:443/renault.activities.at/htdocs/binaries/" "Mozilla/5.0 (Linux; Android 5.0) AppleWebKit/537.36 (KHTML, like Gecko) Mobile Safari/537.36 (compatible; Bytespider; spider-feedback@bytedance.com)"
77.119.162.161 - - [18/Sep/2023:16:10:04 +0200] "GET /entry.php?id=11237&type=10668 HTTP/1.1" 200 276 "http://hausegger.activities.at/entry.php?id=10831" "Mozilla/5.0 (Windows NT 10.0; Win64; x64; rv:109.0) Gecko/20100101 Firefox/117.0"
77.119.162.161 - - [18/Sep/2023:16:10:04 +0200] "GET /entry.php?id=11239&mode=document&form=10668& HTTP/1.1" 200 2023 "http://hausegger.activities.at/entry.php?id=11237&type=10668" "Mozilla/5.0 (Windows NT 10.0; Win64; x64; rv:109.0) Gecko/20100101 Firefox/117.0"
77.119.162.161 - - [18/Sep/2023:16:10:04 +0200] "GET /entry.php?id=10676&&title=Belegsuche HTTP/1.1" 200 1392 "http://hausegger.activities.at/entry.php?id=11237&type=10668" "Mozilla/5.0 (Windows NT 10.0; Win64; x64; rv:109.0) Gecko/20100101 Firefox/117.0"
77.119.162.161 - - [18/Sep/2023:16:10:04 +0200] "GET /gui/javascript/form_bu_document_workflow.js?1695046204 HTTP/1.1" 200 4900 "http://hausegger.activities.at/entry.php?id=11239&mode=document&form=10668&" "Mozilla/5.0 (Windows NT 10.0; Win64; x64; rv:109.0) Gecko/20100101 Firefox/117.0"
77.119.162.161 - - [18/Sep/2023:16:10:04 +0200] "GET /gui/javascript/form_form.js?1695046204 HTTP/1.1" 200 16206 "http://hausegger.activities.at/entry.php?id=11239&mode=document&form=10668&" "Mozilla/5.0 (Windows NT 10.0; Win64; x64; rv:109.0) Gecko/20100101 Firefox/117.0"
77.119.162.161 - - [18/Sep/2023:16:10:04 +0200] "GET /gui/javascript/form_form.js?1695046204 HTTP/1.1" 200 16206 "http://hausegger.activities.at/entry.php?id=10676&&title=Belegsuche" "Mozilla/5.0 (Windows NT 10.0; Win64; x64; rv:109.0) Gecko/20100101 Firefox/117.0"
77.119.162.161 - - [18/Sep/2023:16:10:04 +0200] "GET /entry.php?id=11240&mode=document&form=10668& HTTP/1.1" 200 2674 "http://hausegger.activities.at/entry.php?id=11237&type=10668" "Mozilla/5.0 (Windows NT 10.0; Win64; x64; rv:109.0) Gecko/20100101 Firefox/117.0"
77.119.162.161 - - [18/Sep/2023:16:10:04 +0200] "GET /entry.php?id=11238&mode=document&form=10668& HTTP/1.1" 200 3241 "http://hausegger.activities.at/entry.php?id=11237&type=10668" "Mozilla/5.0 (Windows NT 10.0; Win64; x64; rv:109.0) Gecko/20100101 Firefox/117.0"
77.119.162.161 - - [18/Sep/2023:16:10:04 +0200] "GET /entry.php?id=10776&form=11066&name=list& HTTP/1.1" 200 1515 "http://hausegger.activities.at/entry.php?id=11240&mode=document&form=10668&" "Mozilla/5.0 (Windows NT 10.0; Win64; x64; rv:109.0) Gecko/20100101 Firefox/117.0"
77.119.162.161 - - [18/Sep/2023:16:10:04 +0200] "GET /entry.php?id=10778&form=11066&name=list& HTTP/1.1" 200 2588 "http://hausegger.activities.at/entry.php?id=11240&mode=document&form=10668&" "Mozilla/5.0 (Windows NT 10.0; Win64; x64; rv:109.0) Gecko/20100101 Firefox/117.0"
77.119.162.161 - - [18/Sep/2023:16:10:07 +0200] "POST /entry.php?id=11240 HTTP/1.1" 200 2674 "http://hausegger.activities.at/entry.php?id=11240&mode=document&form=10668&" "Mozilla/5.0 (Windows NT 10.0; Win64; x64; rv:109.0) Gecko/20100101 Firefox/117.0"
77.119.162.161 - - [18/Sep/2023:16:10:07 +0200] "GET /gui/javascript/form_bu_document_workflow.js?1695046207 HTTP/1.1" 200 4900 "http://hausegger.activities.at/entry.php?id=11240" "Mozilla/5.0 (Windows NT 10.0; Win64; x64; rv:109.0) Gecko/20100101 Firefox/117.0"
77.119.162.161 - - [18/Sep/2023:16:10:07 +0200] "GET /gui/javascript/form_form.js?1695046207 HTTP/1.1" 200 16206 "http://hausegger.activities.at/entry.php?id=11240" "Mozilla/5.0 (Windows NT 10.0; Win64; x64; rv:109.0) Gecko/20100101 Firefox/117.0"
77.119.162.161 - - [18/Sep/2023:16:10:07 +0200] "GET /entry.php?id=10778&form=11066&name=list& HTTP/1.1" 200 2790 "http://hausegger.activities.at/entry.php?id=11240" "Mozilla/5.0 (Windows NT 10.0; Win64; x64; rv:109.0) Gecko/20100101 Firefox/117.0"
77.119.162.161 - - [18/Sep/2023:16:10:07 +0200] "GET /entry.php?id=10776&form=11066&name=list& HTTP/1.1" 200 1515 "http://hausegger.activities.at/entry.php?id=11240" "Mozilla/5.0 (Windows NT 10.0; Win64; x64; rv:109.0) Gecko/20100101 Firefox/117.0"
77.119.162.161 - - [18/Sep/2023:16:10:09 +0200] "POST /entry.php?id=10831 HTTP/1.1" 200 8331 "http://hausegger.activities.at/entry.php?id=10831" "Mozilla/5.0 (Windows NT 10.0; Win64; x64; rv:109.0) Gecko/20100101 Firefox/117.0"
77.119.162.161 - - [18/Sep/2023:16:10:09 +0200] "GET /entry.php?id=10271&&ser=46149 HTTP/1.1" 200 987 "http://hausegger.activities.at/entry.php?id=10271&&ser=46088" "Mozilla/5.0 (Windows NT 10.0; Win64; x64) AppleWebKit/537.36 (KHTML, like Gecko) Chrome/116.0.0.0 Safari/537.36"
77.119.162.161 - - [18/Sep/2023:16:10:10 +0200] "GET /gui/javascript/form_form.js?1695046210 HTTP/1.1" 200 16206 "http://hausegger.activities.at/entry.php?id=10831" "Mozilla/5.0 (Windows NT 10.0; Win64; x64; rv:109.0) Gecko/20100101 Firefox/117.0"
77.119.162.161 - - [18/Sep/2023:16:10:10 +0200] "GET /gui/javascript/form_form.js?1695046210 HTTP/1.1" 200 16206 "http://hausegger.activities.at/entry.php?id=10271&&ser=46149" "Mozilla/5.0 (Windows NT 10.0; Win64; x64) AppleWebKit/537.36 (KHTML, like Gecko) Chrome/116.0.0.0 Safari/537.36"
77.119.162.161 - - [18/Sep/2023:16:10:10 +0200] "GET /entry.php?id=10889&document_id=10328430& HTTP/1.1" 200 1510 "http://hausegger.activities.at/entry.php?id=10831" "Mozilla/5.0 (Windows NT 10.0; Win64; x64; rv:109.0) Gecko/20100101 Firefox/117.0"
77.119.162.161 - - [18/Sep/2023:16:10:11 +0200] "POST /entry.php?id=10831 HTTP/1.1" 200 4672 "http://hausegger.activities.at/entry.php?id=10831" "Mozilla/5.0 (Windows NT 10.0; Win64; x64; rv:109.0) Gecko/20100101 Firefox/117.0"
77.119.162.161 - - [18/Sep/2023:16:10:11 +0200] "GET /gui/javascript/form_form.js?1695046211 HTTP/1.1" 200 16206 "http://hausegger.activities.at/entry.php?id=10831" "Mozilla/5.0 (Windows NT 10.0; Win64; x64; rv:109.0) Gecko/20100101 Firefox/117.0"
77.119.162.161 - - [18/Sep/2023:16:10:11 +0200] "GET /entry.php?id=10830&&object=10328430&account=&mode=documentkreditor HTTP/1.1" 200 3992 "http://hausegger.activities.at/entry.php?id=10831" "Mozilla/5.0 (Windows NT 10.0; Win64; x64; rv:109.0) Gecko/20100101 Firefox/117.0"
77.119.162.161 - - [18/Sep/2023:16:10:11 +0200] "GET /entry.php?id=10889&document_id=10328430& HTTP/1.1" 200 1509 "http://hausegger.activities.at/entry.php?id=10831" "Mozilla/5.0 (Windows NT 10.0; Win64; x64; rv:109.0) Gecko/20100101 Firefox/117.0"
77.119.162.161 - - [18/Sep/2023:16:10:12 +0200] "POST /entry.php?id=10889 HTTP/1.1" 200 1660 "http://hausegger.activities.at/entry.php?id=10889&document_id=10328430&" "Mozilla/5.0 (Windows NT 10.0; Win64; x64; rv:109.0) Gecko/20100101 Firefox/117.0"
77.119.162.161 - - [18/Sep/2023:16:10:13 +0200] "GET /gui/javascript/form_form.js?1695046212 HTTP/1.1" 200 16206 "http://hausegger.activities.at/entry.php?id=10889" "Mozilla/5.0 (Windows NT 10.0; Win64; x64; rv:109.0) Gecko/20100101 Firefox/117.0"
77.119.162.161 - - [18/Sep/2023:16:10:15 +0200] "POST /entry.php?id=10889 HTTP/1.1" 200 1815 "http://hausegger.activities.at/entry.php?id=10889" "Mozilla/5.0 (Windows NT 10.0; Win64; x64; rv:109.0) Gecko/20100101 Firefox/117.0"
77.119.162.161 - - [18/Sep/2023:16:10:16 +0200] "GET /gui/javascript/form_form.js?1695046215 HTTP/1.1" 200 16206 "http://hausegger.activities.at/entry.php?id=10889" "Mozilla/5.0 (Windows NT 10.0; Win64; x64; rv:109.0) Gecko/20100101 Firefox/117.0"
77.119.162.161 - - [18/Sep/2023:16:10:17 +0200] "GET /entry.php?id=11270&document=10328430 HTTP/1.1" 200 1975 "http://hausegger.activities.at/entry.php?id=10831" "Mozilla/5.0 (Windows NT 10.0; Win64; x64; rv:109.0) Gecko/20100101 Firefox/117.0"
77.119.162.161 - - [18/Sep/2023:16:10:17 +0200] "GET /gui/javascript/form_form.js?1695046217 HTTP/1.1" 200 16206 "http://hausegger.activities.at/entry.php?id=11270&document=10328430" "Mozilla/5.0 (Windows NT 10.0; Win64; x64; rv:109.0) Gecko/20100101 Firefox/117.0"
77.119.162.161 - - [18/Sep/2023:16:10:17 +0200] "GET /gui/javascript/form_bu_document.js?1695046217 HTTP/1.1" 200 2675 "http://hausegger.activities.at/entry.php?id=11270&document=10328430" "Mozilla/5.0 (Windows NT 10.0; Win64; x64; rv:109.0) Gecko/20100101 Firefox/117.0"
77.119.162.161 - - [18/Sep/2023:16:10:17 +0200] "GET /entry.php?id=11241&images=false&document=10328430 HTTP/1.1" 200 2248 "http://hausegger.activities.at/entry.php?id=11270&document=10328430" "Mozilla/5.0 (Windows NT 10.0; Win64; x64; rv:109.0) Gecko/20100101 Firefox/117.0"
77.119.162.161 - - [18/Sep/2023:16:10:17 +0200] "GET /entry.php?id=10877&mode=observePrint HTTP/1.1" 200 58 "http://hausegger.activities.at/entry.php?id=11270&document=10328430" "Mozilla/5.0 (Windows NT 10.0; Win64; x64; rv:109.0) Gecko/20100101 Firefox/117.0"
156.59.198.135 - - [18/Sep/2023:16:10:26 +0200] "GET /renault.activities.at/htdocs/binaries/10130826.pdf HTTP/1.0" 404 311 "http://212.69.160.11:443/renault.activities.at/htdocs/binaries/" "Mozilla/5.0 (Linux; Android 5.0) AppleWebKit/537.36 (KHTML, like Gecko) Mobile Safari/537.36 (compatible; Bytespider; spider-feedback@bytedance.com)"
77.119.162.161 - - [18/Sep/2023:16:10:50 +0200] "GET /entry.php?id=10271&&ser=46188 HTTP/1.1" 200 986 "http://hausegger.activities.at/entry.php?id=10271&&ser=46128" "Mozilla/5.0 (Windows NT 10.0; Win64; x64; rv:109.0) Gecko/20100101 Firefox/117.0"
77.119.162.161 - - [18/Sep/2023:16:10:50 +0200] "GET /gui/javascript/form_form.js?1695046250 HTTP/1.1" 200 16206 "http://hausegger.activities.at/entry.php?id=10271&&ser=46188" "Mozilla/5.0 (Windows NT 10.0; Win64; x64; rv:109.0) Gecko/20100101 Firefox/117.0"
156.59.198.136 - - [18/Sep/2023:16:10:50 +0200] "GET /renault.activities.at/htdocs/binaries/10117642.pdf HTTP/1.0" 404 311 "http://212.69.160.11:443/renault.activities.at/htdocs/binaries/" "Mozilla/5.0 (Linux; Android 5.0) AppleWebKit/537.36 (KHTML, like Gecko) Mobile Safari/537.36 (compatible; Bytespider; spider-feedback@bytedance.com)"
77.119.162.161 - - [18/Sep/2023:16:11:10 +0200] "GET /entry.php?id=10271&&ser=46210 HTTP/1.1" 200 987 "http://hausegger.activities.at/entry.php?id=10271&&ser=46149" "Mozilla/5.0 (Windows NT 10.0; Win64; x64) AppleWebKit/537.36 (KHTML, like Gecko) Chrome/116.0.0.0 Safari/537.36"
77.119.162.161 - - [18/Sep/2023:16:11:11 +0200] "GET /gui/javascript/form_form.js?1695046271 HTTP/1.1" 200 16206 "http://hausegger.activities.at/entry.php?id=10271&&ser=46210" "Mozilla/5.0 (Windows NT 10.0; Win64; x64) AppleWebKit/537.36 (KHTML, like Gecko) Chrome/116.0.0.0 Safari/537.36"
156.59.198.135 - - [18/Sep/2023:16:11:15 +0200] "GET /renault.activities.at/htdocs/binaries/10462869.pdf HTTP/1.0" 404 311 "http://212.69.160.11:443/renault.activities.at/htdocs/binaries/" "Mozilla/5.0 (Linux; Android 5.0) AppleWebKit/537.36 (KHTML, like Gecko) Mobile Safari/537.36 (compatible; Bytespider; spider-feedback@bytedance.com)"
156.59.198.136 - - [18/Sep/2023:16:11:39 +0200] "GET /renault.activities.at/htdocs/binaries/10243625.pdf HTTP/1.0" 404 311 "http://212.69.160.11:443/renault.activities.at/htdocs/binaries/" "Mozilla/5.0 (Linux; Android 5.0) AppleWebKit/537.36 (KHTML, like Gecko) Mobile Safari/537.36 (compatible; Bytespider; spider-feedback@bytedance.com)"
77.119.162.161 - - [18/Sep/2023:16:11:50 +0200] "POST /entry.php?id=10831 HTTP/1.1" 200 4660 "http://hausegger.activities.at/entry.php?id=10831" "Mozilla/5.0 (Windows NT 10.0; Win64; x64; rv:109.0) Gecko/20100101 Firefox/117.0"
77.119.162.161 - - [18/Sep/2023:16:11:50 +0200] "GET /entry.php?id=10271&&ser=46250 HTTP/1.1" 200 987 "http://hausegger.activities.at/entry.php?id=10271&&ser=46188" "Mozilla/5.0 (Windows NT 10.0; Win64; x64; rv:109.0) Gecko/20100101 Firefox/117.0"
77.119.162.161 - - [18/Sep/2023:16:11:50 +0200] "GET /gui/javascript/form_form.js?1695046310 HTTP/1.1" 200 16206 "http://hausegger.activities.at/entry.php?id=10831" "Mozilla/5.0 (Windows NT 10.0; Win64; x64; rv:109.0) Gecko/20100101 Firefox/117.0"
77.119.162.161 - - [18/Sep/2023:16:11:50 +0200] "GET /gui/javascript/form_form.js?1695046310 HTTP/1.1" 200 16206 "http://hausegger.activities.at/entry.php?id=10271&&ser=46250" "Mozilla/5.0 (Windows NT 10.0; Win64; x64; rv:109.0) Gecko/20100101 Firefox/117.0"
77.119.162.161 - - [18/Sep/2023:16:11:50 +0200] "GET /entry.php?id=10830&&object=10328430&account=&mode=documentkreditor HTTP/1.1" 200 3995 "http://hausegger.activities.at/entry.php?id=10831" "Mozilla/5.0 (Windows NT 10.0; Win64; x64; rv:109.0) Gecko/20100101 Firefox/117.0"
77.119.162.161 - - [18/Sep/2023:16:11:51 +0200] "GET /gui/javascript/form_form.js?1695046311 HTTP/1.1" 200 16206 "http://hausegger.activities.at/entry.php?id=10830&&object=10328430&account=&mode=documentkreditor" "Mozilla/5.0 (Windows NT 10.0; Win64; x64; rv:109.0) Gecko/20100101 Firefox/117.0"
77.119.162.161 - - [18/Sep/2023:16:11:50 +0200] "GET /entry.php?id=10889&document_id=10328430& HTTP/1.1" 200 1509 "http://hausegger.activities.at/entry.php?id=10831" "Mozilla/5.0 (Windows NT 10.0; Win64; x64; rv:109.0) Gecko/20100101 Firefox/117.0"
156.59.198.136 - - [18/Sep/2023:16:12:03 +0200] "GET /renault.activities.at/htdocs/binaries/10004287.pdf HTTP/1.0" 404 311 "http://212.69.160.11:443/renault.activities.at/htdocs/binaries/" "Mozilla/5.0 (Linux; Android 5.0) AppleWebKit/537.36 (KHTML, like Gecko) Mobile Safari/537.36 (compatible; Bytespider; spider-feedback@bytedance.com)"
77.119.162.161 - - [18/Sep/2023:16:12:05 +0200] "GET /entry.php?id=10828 HTTP/1.1" 200 9144 "http://hausegger.activities.at/entry.php?id=10270&__app__=10006038" "Mozilla/5.0 (Windows NT 10.0; Win64; x64; rv:109.0) Gecko/20100101 Firefox/117.0"
77.119.162.161 - - [18/Sep/2023:16:12:06 +0200] "GET /gui/javascript/form_form.js?1695046326 HTTP/1.1" 200 16206 "http://hausegger.activities.at/entry.php?id=10828" "Mozilla/5.0 (Windows NT 10.0; Win64; x64; rv:109.0) Gecko/20100101 Firefox/117.0"
77.119.162.161 - - [18/Sep/2023:16:12:06 +0200] "GET /entry.php?id=10889&document_id=& HTTP/1.1" 200 1510 "http://hausegger.activities.at/entry.php?id=10828" "Mozilla/5.0 (Windows NT 10.0; Win64; x64; rv:109.0) Gecko/20100101 Firefox/117.0"
77.119.162.161 - - [18/Sep/2023:16:12:07 +0200] "POST /entry.php?id=10828 HTTP/1.1" 200 9333 "http://hausegger.activities.at/entry.php?id=10828" "Mozilla/5.0 (Windows NT 10.0; Win64; x64; rv:109.0) Gecko/20100101 Firefox/117.0"
77.119.162.161 - - [18/Sep/2023:16:12:08 +0200] "GET /gui/javascript/form_form.js?1695046328 HTTP/1.1" 200 16206 "http://hausegger.activities.at/entry.php?id=10828" "Mozilla/5.0 (Windows NT 10.0; Win64; x64; rv:109.0) Gecko/20100101 Firefox/117.0"
77.119.162.161 - - [18/Sep/2023:16:12:08 +0200] "GET /entry.php?id=10889&document_id=& HTTP/1.1" 200 1510 "http://hausegger.activities.at/entry.php?id=10828" "Mozilla/5.0 (Windows NT 10.0; Win64; x64; rv:109.0) Gecko/20100101 Firefox/117.0"
77.119.162.161 - - [18/Sep/2023:16:12:11 +0200] "GET /entry.php?id=10877&mode=loadSearchCustomer&obj=number&tag=debitor&value=z&ser=1695042162747 HTTP/1.1" 200 203 "http://hausegger.activities.at/entry.php?id=10828" "Mozilla/5.0 (Windows NT 10.0; Win64; x64; rv:109.0) Gecko/20100101 Firefox/117.0"
77.119.162.161 - - [18/Sep/2023:16:12:11 +0200] "GET /entry.php?id=10877&mode=loadSearchCustomer&obj=number&tag=debitor&value=zg&ser=1695042163020 HTTP/1.1" 200 177 "http://hausegger.activities.at/entry.php?id=10828" "Mozilla/5.0 (Windows NT 10.0; Win64; x64; rv:109.0) Gecko/20100101 Firefox/117.0"
77.119.162.161 - - [18/Sep/2023:16:12:11 +0200] "GET /entry.php?id=10271&&ser=46271 HTTP/1.1" 200 987 "http://hausegger.activities.at/entry.php?id=10271&&ser=46210" "Mozilla/5.0 (Windows NT 10.0; Win64; x64) AppleWebKit/537.36 (KHTML, like Gecko) Chrome/116.0.0.0 Safari/537.36"
77.119.162.161 - - [18/Sep/2023:16:12:12 +0200] "POST /entry.php?id=10889 HTTP/1.1" 200 1769 "http://hausegger.activities.at/entry.php?id=10889&document_id=&" "Mozilla/5.0 (Windows NT 10.0; Win64; x64; rv:109.0) Gecko/20100101 Firefox/117.0"
77.119.162.161 - - [18/Sep/2023:16:12:12 +0200] "GET /gui/javascript/form_form.js?1695046332 HTTP/1.1" 200 16206 "http://hausegger.activities.at/entry.php?id=10271&&ser=46271" "Mozilla/5.0 (Windows NT 10.0; Win64; x64) AppleWebKit/537.36 (KHTML, like Gecko) Chrome/116.0.0.0 Safari/537.36"
77.119.162.161 - - [18/Sep/2023:16:12:12 +0200] "GET /gui/javascript/form_form.js?1695046332 HTTP/1.1" 200 16206 "http://hausegger.activities.at/entry.php?id=10889" "Mozilla/5.0 (Windows NT 10.0; Win64; x64; rv:109.0) Gecko/20100101 Firefox/117.0"
77.119.162.161 - - [18/Sep/2023:16:12:23 +0200] "POST /entry.php?id=10828 HTTP/1.1" 200 8764 "http://hausegger.activities.at/entry.php?id=10828" "Mozilla/5.0 (Windows NT 10.0; Win64; x64; rv:109.0) Gecko/20100101 Firefox/117.0"
77.119.162.161 - - [18/Sep/2023:16:12:24 +0200] "GET /gui/javascript/form_form.js?1695046344 HTTP/1.1" 200 16206 "http://hausegger.activities.at/entry.php?id=10828" "Mozilla/5.0 (Windows NT 10.0; Win64; x64; rv:109.0) Gecko/20100101 Firefox/117.0"
77.119.162.161 - - [18/Sep/2023:16:12:24 +0200] "GET /entry.php?id=10889&document_id=10328447& HTTP/1.1" 200 1510 "http://hausegger.activities.at/entry.php?id=10828" "Mozilla/5.0 (Windows NT 10.0; Win64; x64; rv:109.0) Gecko/20100101 Firefox/117.0"
77.119.162.161 - - [18/Sep/2023:16:12:26 +0200] "POST /entry.php?id=10828 HTTP/1.1" 200 4991 "http://hausegger.activities.at/entry.php?id=10828" "Mozilla/5.0 (Windows NT 10.0; Win64; x64; rv:109.0) Gecko/20100101 Firefox/117.0"
77.119.162.161 - - [18/Sep/2023:16:12:26 +0200] "GET /gui/javascript/form_form.js?1695046346 HTTP/1.1" 200 16206 "http://hausegger.activities.at/entry.php?id=10828" "Mozilla/5.0 (Windows NT 10.0; Win64; x64; rv:109.0) Gecko/20100101 Firefox/117.0"
77.119.162.161 - - [18/Sep/2023:16:12:26 +0200] "GET /entry.php?id=10889&document_id=10328447& HTTP/1.1" 200 1511 "http://hausegger.activities.at/entry.php?id=10828" "Mozilla/5.0 (Windows NT 10.0; Win64; x64; rv:109.0) Gecko/20100101 Firefox/117.0"
156.59.198.135 - - [18/Sep/2023:16:12:27 +0200] "GET /renault.activities.at/htdocs/binaries/10319304.pdf HTTP/1.0" 404 311 "http://212.69.160.11:443/renault.activities.at/htdocs/binaries/" "Mozilla/5.0 (Linux; Android 5.0) AppleWebKit/537.36 (KHTML, like Gecko) Mobile Safari/537.36 (compatible; Bytespider; spider-feedback@bytedance.com)"
77.119.162.161 - - [18/Sep/2023:16:12:31 +0200] "POST /entry.php?id=10828 HTTP/1.1" 200 5012 "http://hausegger.activities.at/entry.php?id=10828" "Mozilla/5.0 (Windows NT 10.0; Win64; x64; rv:109.0) Gecko/20100101 Firefox/117.0"
77.119.162.161 - - [18/Sep/2023:16:12:32 +0200] "GET /gui/javascript/form_form.js?1695046352 HTTP/1.1" 200 16206 "http://hausegger.activities.at/entry.php?id=10828" "Mozilla/5.0 (Windows NT 10.0; Win64; x64; rv:109.0) Gecko/20100101 Firefox/117.0"
77.119.162.161 - - [18/Sep/2023:16:12:32 +0200] "GET /entry.php?id=10889&document_id=10328447& HTTP/1.1" 200 1510 "http://hausegger.activities.at/entry.php?id=10828" "Mozilla/5.0 (Windows NT 10.0; Win64; x64; rv:109.0) Gecko/20100101 Firefox/117.0"
77.119.162.161 - - [18/Sep/2023:16:12:33 +0200] "POST /entry.php?id=10828 HTTP/1.1" 200 4791 "http://hausegger.activities.at/entry.php?id=10828" "Mozilla/5.0 (Windows NT 10.0; Win64; x64; rv:109.0) Gecko/20100101 Firefox/117.0"
77.119.162.161 - - [18/Sep/2023:16:12:33 +0200] "GET /gui/javascript/form_form.js?1695046353 HTTP/1.1" 200 16206 "http://hausegger.activities.at/entry.php?id=10828" "Mozilla/5.0 (Windows NT 10.0; Win64; x64; rv:109.0) Gecko/20100101 Firefox/117.0"
77.119.162.161 - - [18/Sep/2023:16:12:33 +0200] "GET /entry.php?id=10830&&object=10328447&account=&mode=documentdebitor HTTP/1.1" 200 3132 "http://hausegger.activities.at/entry.php?id=10828" "Mozilla/5.0 (Windows NT 10.0; Win64; x64; rv:109.0) Gecko/20100101 Firefox/117.0"
77.119.162.161 - - [18/Sep/2023:16:12:33 +0200] "GET /entry.php?id=10889&document_id=10328447& HTTP/1.1" 200 1510 "http://hausegger.activities.at/entry.php?id=10828" "Mozilla/5.0 (Windows NT 10.0; Win64; x64; rv:109.0) Gecko/20100101 Firefox/117.0"
77.119.162.161 - - [18/Sep/2023:16:12:34 +0200] "POST /entry.php?id=10889 HTTP/1.1" 200 1581 "http://hausegger.activities.at/entry.php?id=10889&document_id=10328447&" "Mozilla/5.0 (Windows NT 10.0; Win64; x64; rv:109.0) Gecko/20100101 Firefox/117.0"
77.119.162.161 - - [18/Sep/2023:16:12:34 +0200] "GET /gui/javascript/form_form.js?1695046354 HTTP/1.1" 200 16206 "http://hausegger.activities.at/entry.php?id=10889" "Mozilla/5.0 (Windows NT 10.0; Win64; x64; rv:109.0) Gecko/20100101 Firefox/117.0"
77.119.162.161 - - [18/Sep/2023:16:12:36 +0200] "GET /entry.php?id=10877&mode=loadSearchArticle&obj=article_1&tag=debit&refobject=10328447&value=6&ser=1695042188212 HTTP/1.1" 200 2788 "http://hausegger.activities.at/entry.php?id=10830&&object=10328447&account=&mode=documentdebitor" "Mozilla/5.0 (Windows NT 10.0; Win64; x64; rv:109.0) Gecko/20100101 Firefox/117.0"
77.119.162.161 - - [18/Sep/2023:16:12:36 +0200] "GET /entry.php?id=10877&mode=loadSearchArticle&obj=article_1&tag=debit&refobject=10328447&value=64&ser=1695042188424 HTTP/1.1" 200 423 "http://hausegger.activities.at/entry.php?id=10830&&object=10328447&account=&mode=documentdebitor" "Mozilla/5.0 (Windows NT 10.0; Win64; x64; rv:109.0) Gecko/20100101 Firefox/117.0"
77.119.162.161 - - [18/Sep/2023:16:12:37 +0200] "GET /entry.php?id=10877&mode=loadSearchArticle&obj=article_1&tag=debit&refobject=10328447&value=641&ser=1695042188772 HTTP/1.1" 200 295 "http://hausegger.activities.at/entry.php?id=10830&&object=10328447&account=&mode=documentdebitor" "Mozilla/5.0 (Windows NT 10.0; Win64; x64; rv:109.0) Gecko/20100101 Firefox/117.0"
77.119.162.161 - - [18/Sep/2023:16:12:37 +0200] "GET /entry.php?id=10877&mode=loadSearchArticle&obj=article_1&tag=debit&refobject=10328447&value=641-&ser=1695042189051 HTTP/1.1" 200 267 "http://hausegger.activities.at/entry.php?id=10830&&object=10328447&account=&mode=documentdebitor" "Mozilla/5.0 (Windows NT 10.0; Win64; x64; rv:109.0) Gecko/20100101 Firefox/117.0"
77.119.162.161 - - [18/Sep/2023:16:12:37 +0200] "GET /entry.php?id=10877&mode=loadSearchArticle&obj=article_1&tag=debit&refobject=10328447&value=641-3&ser=1695042189339 HTTP/1.1" 200 267 "http://hausegger.activities.at/entry.php?id=10830&&object=10328447&account=&mode=documentdebitor" "Mozilla/5.0 (Windows NT 10.0; Win64; x64; rv:109.0) Gecko/20100101 Firefox/117.0"
77.119.162.161 - - [18/Sep/2023:16:12:37 +0200] "GET /entry.php?id=10877&mode=loadSearchArticle&obj=article_1&tag=debit&refobject=10328447&value=641-32&ser=1695042189507 HTTP/1.1" 200 267 "http://hausegger.activities.at/entry.php?id=10830&&object=10328447&account=&mode=documentdebitor" "Mozilla/5.0 (Windows NT 10.0; Win64; x64; rv:109.0) Gecko/20100101 Firefox/117.0"
77.119.162.161 - - [18/Sep/2023:16:12:39 +0200] "POST /entry.php?id=10889 HTTP/1.1" 200 1917 "http://hausegger.activities.at/entry.php?id=10889" "Mozilla/5.0 (Windows NT 10.0; Win64; x64; rv:109.0) Gecko/20100101 Firefox/117.0"
77.119.162.161 - - [18/Sep/2023:16:12:39 +0200] "GET /gui/javascript/form_form.js?1695046359 HTTP/1.1" 200 16206 "http://hausegger.activities.at/entry.php?id=10889" "Mozilla/5.0 (Windows NT 10.0; Win64; x64; rv:109.0) Gecko/20100101 Firefox/117.0"
77.119.162.161 - - [18/Sep/2023:16:12:39 +0200] "POST /entry.php?id=10889 HTTP/1.1" 200 1682 "http://hausegger.activities.at/entry.php?id=10889" "Mozilla/5.0 (Windows NT 10.0; Win64; x64; rv:109.0) Gecko/20100101 Firefox/117.0"
77.119.162.161 - - [18/Sep/2023:16:12:40 +0200] "GET /gui/javascript/form_form.js?1695046360 HTTP/1.1" 200 16206 "http://hausegger.activities.at/entry.php?id=10889" "Mozilla/5.0 (Windows NT 10.0; Win64; x64; rv:109.0) Gecko/20100101 Firefox/117.0"
77.119.162.161 - - [18/Sep/2023:16:12:48 +0200] "POST /entry.php?id=10889 HTTP/1.1" 200 1837 "http://hausegger.activities.at/entry.php?id=10889" "Mozilla/5.0 (Windows NT 10.0; Win64; x64; rv:109.0) Gecko/20100101 Firefox/117.0"
77.119.162.161 - - [18/Sep/2023:16:12:49 +0200] "GET /gui/javascript/form_form.js?1695046369 HTTP/1.1" 200 16206 "http://hausegger.activities.at/entry.php?id=10889" "Mozilla/5.0 (Windows NT 10.0; Win64; x64; rv:109.0) Gecko/20100101 Firefox/117.0"
77.119.162.161 - - [18/Sep/2023:16:12:50 +0200] "POST /entry.php?id=10889 HTTP/1.1" 200 1649 "http://hausegger.activities.at/entry.php?id=10889" "Mozilla/5.0 (Windows NT 10.0; Win64; x64; rv:109.0) Gecko/20100101 Firefox/117.0"
77.119.162.161 - - [18/Sep/2023:16:12:50 +0200] "GET /gui/javascript/form_form.js?1695046370 HTTP/1.1" 200 16206 "http://hausegger.activities.at/entry.php?id=10889" "Mozilla/5.0 (Windows NT 10.0; Win64; x64; rv:109.0) Gecko/20100101 Firefox/117.0"
77.119.162.161 - - [18/Sep/2023:16:12:51 +0200] "GET /entry.php?id=10271&&ser=46310 HTTP/1.1" 200 987 "http://hausegger.activities.at/entry.php?id=10271&&ser=46250" "Mozilla/5.0 (Windows NT 10.0; Win64; x64; rv:109.0) Gecko/20100101 Firefox/117.0"
77.119.162.161 - - [18/Sep/2023:16:12:51 +0200] "GET /gui/javascript/form_form.js?1695046371 HTTP/1.1" 200 16206 "http://hausegger.activities.at/entry.php?id=10271&&ser=46310" "Mozilla/5.0 (Windows NT 10.0; Win64; x64; rv:109.0) Gecko/20100101 Firefox/117.0"
77.119.162.161 - - [18/Sep/2023:16:12:51 +0200] "GET /entry.php?id=10877&mode=loadSearchArticle&obj=article_2&tag=debit&refobject=10328447&value=9&ser=1695042203347 HTTP/1.1" 200 9020 "http://hausegger.activities.at/entry.php?id=10830&&object=10328447&account=&mode=documentdebitor" "Mozilla/5.0 (Windows NT 10.0; Win64; x64; rv:109.0) Gecko/20100101 Firefox/117.0"
77.119.162.161 - - [18/Sep/2023:16:12:51 +0200] "GET /entry.php?id=10877&mode=loadSearchArticle&obj=article_2&tag=debit&refobject=10328447&value=91&ser=1695042203603 HTTP/1.1" 200 536 "http://hausegger.activities.at/entry.php?id=10830&&object=10328447&account=&mode=documentdebitor" "Mozilla/5.0 (Windows NT 10.0; Win64; x64; rv:109.0) Gecko/20100101 Firefox/117.0"
77.119.162.161 - - [18/Sep/2023:16:12:52 +0200] "GET /entry.php?id=10877&mode=loadSearchArticle&obj=article_2&tag=debit&refobject=10328447&value=914&ser=1695042203788 HTTP/1.1" 200 348 "http://hausegger.activities.at/entry.php?id=10830&&object=10328447&account=&mode=documentdebitor" "Mozilla/5.0 (Windows NT 10.0; Win64; x64; rv:109.0) Gecko/20100101 Firefox/117.0"
156.59.198.136 - - [18/Sep/2023:16:12:52 +0200] "GET /renault.activities.at/htdocs/binaries/10047536.pdf HTTP/1.0" 404 312 "http://212.69.160.11:443/renault.activities.at/htdocs/binaries/" "Mozilla/5.0 (Linux; Android 5.0) AppleWebKit/537.36 (KHTML, like Gecko) Mobile Safari/537.36 (compatible; Bytespider; spider-feedback@bytedance.com)"
77.119.162.161 - - [18/Sep/2023:16:12:52 +0200] "GET /entry.php?id=10877&mode=loadSearchArticle&obj=article_2&tag=debit&refobject=10328447&value=914-&ser=1695042204092 HTTP/1.1" 200 348 "http://hausegger.activities.at/entry.php?id=10830&&object=10328447&account=&mode=documentdebitor" "Mozilla/5.0 (Windows NT 10.0; Win64; x64; rv:109.0) Gecko/20100101 Firefox/117.0"
77.119.162.161 - - [18/Sep/2023:16:12:52 +0200] "GET /entry.php?id=10877&mode=loadSearchArticle&obj=article_2&tag=debit&refobject=10328447&value=914-3&ser=1695042204451 HTTP/1.1" 200 311 "http://hausegger.activities.at/entry.php?id=10830&&object=10328447&account=&mode=documentdebitor" "Mozilla/5.0 (Windows NT 10.0; Win64; x64; rv:109.0) Gecko/20100101 Firefox/117.0"
77.119.162.161 - - [18/Sep/2023:16:12:53 +0200] "GET /entry.php?id=10877&mode=loadSearchArticle&obj=article_2&tag=debit&refobject=10328447&value=914-32&ser=1695042204659 HTTP/1.1" 200 280 "http://hausegger.activities.at/entry.php?id=10830&&object=10328447&account=&mode=documentdebitor" "Mozilla/5.0 (Windows NT 10.0; Win64; x64; rv:109.0) Gecko/20100101 Firefox/117.0"
77.119.162.161 - - [18/Sep/2023:16:12:54 +0200] "POST /entry.php?id=10889 HTTP/1.1" 200 1976 "http://hausegger.activities.at/entry.php?id=10889" "Mozilla/5.0 (Windows NT 10.0; Win64; x64; rv:109.0) Gecko/20100101 Firefox/117.0"
77.119.162.161 - - [18/Sep/2023:16:12:54 +0200] "GET /gui/javascript/form_form.js?1695046374 HTTP/1.1" 200 16206 "http://hausegger.activities.at/entry.php?id=10889" "Mozilla/5.0 (Windows NT 10.0; Win64; x64; rv:109.0) Gecko/20100101 Firefox/117.0"
77.119.162.161 - - [18/Sep/2023:16:12:54 +0200] "POST /entry.php?id=10889 HTTP/1.1" 200 1729 "http://hausegger.activities.at/entry.php?id=10889" "Mozilla/5.0 (Windows NT 10.0; Win64; x64; rv:109.0) Gecko/20100101 Firefox/117.0"
77.119.162.161 - - [18/Sep/2023:16:12:55 +0200] "GET /gui/javascript/form_form.js?1695046375 HTTP/1.1" 200 16206 "http://hausegger.activities.at/entry.php?id=10889" "Mozilla/5.0 (Windows NT 10.0; Win64; x64; rv:109.0) Gecko/20100101 Firefox/117.0"
77.119.162.161 - - [18/Sep/2023:16:13:12 +0200] "GET /entry.php?id=10271&&ser=46332 HTTP/1.1" 200 988 "http://hausegger.activities.at/entry.php?id=10271&&ser=46271" "Mozilla/5.0 (Windows NT 10.0; Win64; x64) AppleWebKit/537.36 (KHTML, like Gecko) Chrome/116.0.0.0 Safari/537.36"
77.119.162.161 - - [18/Sep/2023:16:13:13 +0200] "GET /gui/javascript/form_form.js?1695046393 HTTP/1.1" 200 16206 "http://hausegger.activities.at/entry.php?id=10271&&ser=46332" "Mozilla/5.0 (Windows NT 10.0; Win64; x64) AppleWebKit/537.36 (KHTML, like Gecko) Chrome/116.0.0.0 Safari/537.36"
77.119.162.161 - - [18/Sep/2023:16:13:12 +0200] "POST /entry.php?id=10889 HTTP/1.1" 200 1851 "http://hausegger.activities.at/entry.php?id=10889" "Mozilla/5.0 (Windows NT 10.0; Win64; x64; rv:109.0) Gecko/20100101 Firefox/117.0"
77.119.162.161 - - [18/Sep/2023:16:13:13 +0200] "GET /gui/javascript/form_form.js?1695046393 HTTP/1.1" 200 16206 "http://hausegger.activities.at/entry.php?id=10889" "Mozilla/5.0 (Windows NT 10.0; Win64; x64; rv:109.0) Gecko/20100101 Firefox/117.0"
156.59.198.136 - - [18/Sep/2023:16:13:16 +0200] "GET /renault.activities.at/htdocs/binaries/10117645.pdf HTTP/1.0" 404 311 "http://212.69.160.11:443/renault.activities.at/htdocs/binaries/" "Mozilla/5.0 (Linux; Android 5.0) AppleWebKit/537.36 (KHTML, like Gecko) Mobile Safari/537.36 (compatible; Bytespider; spider-feedback@bytedance.com)"
156.59.198.136 - - [18/Sep/2023:16:13:41 +0200] "GET /renault.activities.at/htdocs/binaries/10267576.pdf HTTP/1.0" 404 312 "http://212.69.160.11:443/renault.activities.at/htdocs/binaries/" "Mozilla/5.0 (Linux; Android 5.0) AppleWebKit/537.36 (KHTML, like Gecko) Mobile Safari/537.36 (compatible; Bytespider; spider-feedback@bytedance.com)"
77.119.162.161 - - [18/Sep/2023:16:13:51 +0200] "GET /entry.php?id=10271&&ser=46371 HTTP/1.1" 200 987 "http://hausegger.activities.at/entry.php?id=10271&&ser=46310" "Mozilla/5.0 (Windows NT 10.0; Win64; x64; rv:109.0) Gecko/20100101 Firefox/117.0"
77.119.162.161 - - [18/Sep/2023:16:13:51 +0200] "GET /gui/javascript/form_form.js?1695046431 HTTP/1.1" 200 16206 "http://hausegger.activities.at/entry.php?id=10271&&ser=46371" "Mozilla/5.0 (Windows NT 10.0; Win64; x64; rv:109.0) Gecko/20100101 Firefox/117.0"
156.59.198.135 - - [18/Sep/2023:16:14:06 +0200] "GET /renault.activities.at/htdocs/binaries/10277440.pdf HTTP/1.0" 404 311 "http://212.69.160.11:443/renault.activities.at/htdocs/binaries/" "Mozilla/5.0 (Linux; Android 5.0) AppleWebKit/537.36 (KHTML, like Gecko) Mobile Safari/537.36 (compatible; Bytespider; spider-feedback@bytedance.com)"
77.119.162.161 - - [18/Sep/2023:16:14:14 +0200] "GET /entry.php?id=10271&&ser=46393 HTTP/1.1" 200 987 "http://hausegger.activities.at/entry.php?id=10271&&ser=46332" "Mozilla/5.0 (Windows NT 10.0; Win64; x64) AppleWebKit/537.36 (KHTML, like Gecko) Chrome/116.0.0.0 Safari/537.36"
77.119.162.161 - - [18/Sep/2023:16:14:14 +0200] "GET /gui/javascript/form_form.js?1695046454 HTTP/1.1" 200 16206 "http://hausegger.activities.at/entry.php?id=10271&&ser=46393" "Mozilla/5.0 (Windows NT 10.0; Win64; x64) AppleWebKit/537.36 (KHTML, like Gecko) Chrome/116.0.0.0 Safari/537.36"
156.59.198.135 - - [18/Sep/2023:16:14:29 +0200] "GET /docs/ecommlogistics/belege/STORNORE17-00010.PDF HTTP/1.0" 404 311 "http://212.69.160.11:443/docs/ecommlogistics/belege/" "Mozilla/5.0 (Linux; Android 5.0) AppleWebKit/537.36 (KHTML, like Gecko) Mobile Safari/537.36 (compatible; Bytespider; spider-feedback@bytedance.com)"
77.119.162.161 - - [18/Sep/2023:16:14:51 +0200] "GET /entry.php?id=10271&&ser=46431 HTTP/1.1" 200 987 "http://hausegger.activities.at/entry.php?id=10271&&ser=46371" "Mozilla/5.0 (Windows NT 10.0; Win64; x64; rv:109.0) Gecko/20100101 Firefox/117.0"
77.119.162.161 - - [18/Sep/2023:16:14:52 +0200] "GET /gui/javascript/form_form.js?1695046491 HTTP/1.1" 200 16206 "http://hausegger.activities.at/entry.php?id=10271&&ser=46431" "Mozilla/5.0 (Windows NT 10.0; Win64; x64; rv:109.0) Gecko/20100101 Firefox/117.0"
156.59.198.135 - - [18/Sep/2023:16:14:53 +0200] "GET /renault.activities.at/htdocs/binaries/10269838.pdf HTTP/1.0" 404 312 "http://212.69.160.11:443/renault.activities.at/htdocs/binaries/" "Mozilla/5.0 (Linux; Android 5.0) AppleWebKit/537.36 (KHTML, like Gecko) Mobile Safari/537.36 (compatible; Bytespider; spider-feedback@bytedance.com)"
77.119.162.161 - - [18/Sep/2023:16:15:15 +0200] "GET /entry.php?id=10271&&ser=46454 HTTP/1.1" 200 988 "http://hausegger.activities.at/entry.php?id=10271&&ser=46393" "Mozilla/5.0 (Windows NT 10.0; Win64; x64) AppleWebKit/537.36 (KHTML, like Gecko) Chrome/116.0.0.0 Safari/537.36"
77.119.162.161 - - [18/Sep/2023:16:15:15 +0200] "GET /gui/javascript/form_form.js?1695046515 HTTP/1.1" 200 16206 "http://hausegger.activities.at/entry.php?id=10271&&ser=46454" "Mozilla/5.0 (Windows NT 10.0; Win64; x64) AppleWebKit/537.36 (KHTML, like Gecko) Chrome/116.0.0.0 Safari/537.36"
156.59.198.136 - - [18/Sep/2023:16:15:18 +0200] "GET /docs/ecommlogistics/belege/RE2017.PDF HTTP/1.0" 404 304 "http://212.69.160.11:443/docs/ecommlogistics/belege/" "Mozilla/5.0 (Linux; Android 5.0) AppleWebKit/537.36 (KHTML, like Gecko) Mobile Safari/537.36 (compatible; Bytespider; spider-feedback@bytedance.com)"
156.59.198.135 - - [18/Sep/2023:16:15:42 +0200] "GET /renault.activities.at/htdocs/binaries/10489094.pdf HTTP/1.0" 404 311 "http://212.69.160.11:443/renault.activities.at/htdocs/binaries/" "Mozilla/5.0 (Linux; Android 5.0) AppleWebKit/537.36 (KHTML, like Gecko) Mobile Safari/537.36 (compatible; Bytespider; spider-feedback@bytedance.com)"
77.119.162.161 - - [18/Sep/2023:16:15:52 +0200] "GET /entry.php?id=10271&&ser=46491 HTTP/1.1" 200 988 "http://hausegger.activities.at/entry.php?id=10271&&ser=46431" "Mozilla/5.0 (Windows NT 10.0; Win64; x64; rv:109.0) Gecko/20100101 Firefox/117.0"
77.119.162.161 - - [18/Sep/2023:16:15:52 +0200] "GET /gui/javascript/form_form.js?1695046552 HTTP/1.1" 200 16206 "http://hausegger.activities.at/entry.php?id=10271&&ser=46491" "Mozilla/5.0 (Windows NT 10.0; Win64; x64; rv:109.0) Gecko/20100101 Firefox/117.0"
156.59.198.136 - - [18/Sep/2023:16:16:07 +0200] "GET /renault.activities.at/htdocs/binaries/10311644.doc HTTP/1.0" 404 311 "http://212.69.160.11:443/renault.activities.at/htdocs/binaries/" "Mozilla/5.0 (Linux; Android 5.0) AppleWebKit/537.36 (KHTML, like Gecko) Mobile Safari/537.36 (compatible; Bytespider; spider-feedback@bytedance.com)"
77.119.162.161 - - [18/Sep/2023:16:16:15 +0200] "GET /entry.php?id=10271&&ser=46515 HTTP/1.1" 200 987 "http://hausegger.activities.at/entry.php?id=10271&&ser=46454" "Mozilla/5.0 (Windows NT 10.0; Win64; x64) AppleWebKit/537.36 (KHTML, like Gecko) Chrome/116.0.0.0 Safari/537.36"
77.119.162.161 - - [18/Sep/2023:16:16:16 +0200] "GET /gui/javascript/form_form.js?1695046576 HTTP/1.1" 200 16206 "http://hausegger.activities.at/entry.php?id=10271&&ser=46515" "Mozilla/5.0 (Windows NT 10.0; Win64; x64) AppleWebKit/537.36 (KHTML, like Gecko) Chrome/116.0.0.0 Safari/537.36"
156.59.198.135 - - [18/Sep/2023:16:16:31 +0200] "GET /renault.activities.at/htdocs/binaries/10171423.pdf HTTP/1.0" 404 311 "http://212.69.160.11:443/renault.activities.at/htdocs/binaries/" "Mozilla/5.0 (Linux; Android 5.0) AppleWebKit/537.36 (KHTML, like Gecko) Mobile Safari/537.36 (compatible; Bytespider; spider-feedback@bytedance.com)"
77.119.162.161 - - [18/Sep/2023:16:16:53 +0200] "GET /entry.php?id=10271&&ser=46552 HTTP/1.1" 200 987 "http://hausegger.activities.at/entry.php?id=10271&&ser=46491" "Mozilla/5.0 (Windows NT 10.0; Win64; x64; rv:109.0) Gecko/20100101 Firefox/117.0"
77.119.162.161 - - [18/Sep/2023:16:16:53 +0200] "GET /gui/javascript/form_form.js?1695046613 HTTP/1.1" 200 16206 "http://hausegger.activities.at/entry.php?id=10271&&ser=46552" "Mozilla/5.0 (Windows NT 10.0; Win64; x64; rv:109.0) Gecko/20100101 Firefox/117.0"
156.59.198.135 - - [18/Sep/2023:16:16:56 +0200] "GET /renault.activities.at/htdocs/binaries/10377529.pdf HTTP/1.0" 404 313 "http://212.69.160.11:443/renault.activities.at/htdocs/binaries/" "Mozilla/5.0 (Linux; Android 5.0) AppleWebKit/537.36 (KHTML, like Gecko) Mobile Safari/537.36 (compatible; Bytespider; spider-feedback@bytedance.com)"
77.119.162.161 - - [18/Sep/2023:16:17:17 +0200] "GET /entry.php?id=10271&&ser=46576 HTTP/1.1" 200 987 "http://hausegger.activities.at/entry.php?id=10271&&ser=46515" "Mozilla/5.0 (Windows NT 10.0; Win64; x64) AppleWebKit/537.36 (KHTML, like Gecko) Chrome/116.0.0.0 Safari/537.36"
77.119.162.161 - - [18/Sep/2023:16:17:17 +0200] "GET /gui/javascript/form_form.js?1695046637 HTTP/1.1" 200 16206 "http://hausegger.activities.at/entry.php?id=10271&&ser=46576" "Mozilla/5.0 (Windows NT 10.0; Win64; x64) AppleWebKit/537.36 (KHTML, like Gecko) Chrome/116.0.0.0 Safari/537.36"
156.59.198.136 - - [18/Sep/2023:16:17:20 +0200] "GET /renault.activities.at/htdocs/binaries/10130624.pdf HTTP/1.0" 404 311 "http://212.69.160.11:443/renault.activities.at/htdocs/binaries/" "Mozilla/5.0 (Linux; Android 5.0) AppleWebKit/537.36 (KHTML, like Gecko) Mobile Safari/537.36 (compatible; Bytespider; spider-feedback@bytedance.com)"
156.59.198.136 - - [18/Sep/2023:16:17:44 +0200] "GET /renault.activities.at/htdocs/binaries/10661427.pdf HTTP/1.0" 404 311 "http://212.69.160.11:443/renault.activities.at/htdocs/binaries/" "Mozilla/5.0 (Linux; Android 5.0) AppleWebKit/537.36 (KHTML, like Gecko) Mobile Safari/537.36 (compatible; Bytespider; spider-feedback@bytedance.com)"
77.119.162.161 - - [18/Sep/2023:16:17:53 +0200] "GET /entry.php?id=10271&&ser=46613 HTTP/1.1" 200 987 "http://hausegger.activities.at/entry.php?id=10271&&ser=46552" "Mozilla/5.0 (Windows NT 10.0; Win64; x64; rv:109.0) Gecko/20100101 Firefox/117.0"
77.119.162.161 - - [18/Sep/2023:16:17:53 +0200] "GET /gui/javascript/form_form.js?1695046673 HTTP/1.1" 200 16206 "http://hausegger.activities.at/entry.php?id=10271&&ser=46613" "Mozilla/5.0 (Windows NT 10.0; Win64; x64; rv:109.0) Gecko/20100101 Firefox/117.0"
156.59.198.136 - - [18/Sep/2023:16:18:09 +0200] "GET /renault.activities.at/htdocs/binaries/10052852.pdf HTTP/1.0" 404 311 "http://212.69.160.11:443/renault.activities.at/htdocs/binaries/" "Mozilla/5.0 (Linux; Android 5.0) AppleWebKit/537.36 (KHTML, like Gecko) Mobile Safari/537.36 (compatible; Bytespider; spider-feedback@bytedance.com)"
77.119.162.161 - - [18/Sep/2023:16:18:17 +0200] "GET /entry.php?id=10271&&ser=46637 HTTP/1.1" 200 986 "http://hausegger.activities.at/entry.php?id=10271&&ser=46576" "Mozilla/5.0 (Windows NT 10.0; Win64; x64) AppleWebKit/537.36 (KHTML, like Gecko) Chrome/116.0.0.0 Safari/537.36"
77.119.162.161 - - [18/Sep/2023:16:18:18 +0200] "GET /gui/javascript/form_form.js?1695046698 HTTP/1.1" 200 16206 "http://hausegger.activities.at/entry.php?id=10271&&ser=46637" "Mozilla/5.0 (Windows NT 10.0; Win64; x64) AppleWebKit/537.36 (KHTML, like Gecko) Chrome/116.0.0.0 Safari/537.36"
156.59.198.135 - - [18/Sep/2023:16:18:32 +0200] "GET /docs/ecommlogistics/belege/GS17-00002.PDF HTTP/1.0" 404 306 "http://212.69.160.11:443/docs/ecommlogistics/belege/" "Mozilla/5.0 (Linux; Android 5.0) AppleWebKit/537.36 (KHTML, like Gecko) Mobile Safari/537.36 (compatible; Bytespider; spider-feedback@bytedance.com)"
77.119.162.161 - - [18/Sep/2023:16:18:53 +0200] "GET /entry.php?id=10271&&ser=46673 HTTP/1.1" 200 988 "http://hausegger.activities.at/entry.php?id=10271&&ser=46613" "Mozilla/5.0 (Windows NT 10.0; Win64; x64; rv:109.0) Gecko/20100101 Firefox/117.0"
77.119.162.161 - - [18/Sep/2023:16:18:53 +0200] "GET /gui/javascript/form_form.js?1695046733 HTTP/1.1" 200 16206 "http://hausegger.activities.at/entry.php?id=10271&&ser=46673" "Mozilla/5.0 (Windows NT 10.0; Win64; x64; rv:109.0) Gecko/20100101 Firefox/117.0"
156.59.198.135 - - [18/Sep/2023:16:18:57 +0200] "GET /renault.activities.at/htdocs/binaries/10188912.pdf HTTP/1.0" 404 311 "http://212.69.160.11:443/renault.activities.at/htdocs/binaries/" "Mozilla/5.0 (Linux; Android 5.0) AppleWebKit/537.36 (KHTML, like Gecko) Mobile Safari/537.36 (compatible; Bytespider; spider-feedback@bytedance.com)"
77.119.162.161 - - [18/Sep/2023:16:19:18 +0200] "GET /entry.php?id=10271&&ser=46698 HTTP/1.1" 200 987 "http://hausegger.activities.at/entry.php?id=10271&&ser=46637" "Mozilla/5.0 (Windows NT 10.0; Win64; x64) AppleWebKit/537.36 (KHTML, like Gecko) Chrome/116.0.0.0 Safari/537.36"
77.119.162.161 - - [18/Sep/2023:16:19:19 +0200] "GET /gui/javascript/form_form.js?1695046759 HTTP/1.1" 200 16206 "http://hausegger.activities.at/entry.php?id=10271&&ser=46698" "Mozilla/5.0 (Windows NT 10.0; Win64; x64) AppleWebKit/537.36 (KHTML, like Gecko) Chrome/116.0.0.0 Safari/537.36"
156.59.198.135 - - [18/Sep/2023:16:19:21 +0200] "GET /renault.activities.at/htdocs/binaries/10279221.pdf HTTP/1.0" 404 311 "http://212.69.160.11:443/renault.activities.at/htdocs/binaries/" "Mozilla/5.0 (Linux; Android 5.0) AppleWebKit/537.36 (KHTML, like Gecko) Mobile Safari/537.36 (compatible; Bytespider; spider-feedback@bytedance.com)"
156.59.198.135 - - [18/Sep/2023:16:19:45 +0200] "GET /renault.activities.at/htdocs/binaries/10688680.pdf HTTP/1.0" 404 311 "http://212.69.160.11:443/renault.activities.at/htdocs/binaries/" "Mozilla/5.0 (Linux; Android 5.0) AppleWebKit/537.36 (KHTML, like Gecko) Mobile Safari/537.36 (compatible; Bytespider; spider-feedback@bytedance.com)"
77.119.162.161 - - [18/Sep/2023:16:19:54 +0200] "GET /entry.php?id=10271&&ser=46733 HTTP/1.1" 200 987 "http://hausegger.activities.at/entry.php?id=10271&&ser=46673" "Mozilla/5.0 (Windows NT 10.0; Win64; x64; rv:109.0) Gecko/20100101 Firefox/117.0"
