77.119.162.161 - - [18/Sep/2023:15:51:51 +0200] "GET /entry.php?id=10271&&ser=45051 HTTP/1.1" 200 987 "http://hausegger.activities.at/entry.php?id=10271&&ser=44990" "Mozilla/5.0 (Windows NT 10.0; Win64; x64) AppleWebKit/537.36 (KHTML, like Gecko) Chrome/116.0.0.0 Safari/537.36"
77.119.162.161 - - [18/Sep/2023:15:51:52 +0200] "GET /gui/javascript/form_form.js?1695045112 HTTP/1.1" 200 16206 "http://hausegger.activities.at/entry.php?id=10271&&ser=45051" "Mozilla/5.0 (Windows NT 10.0; Win64; x64) AppleWebKit/537.36 (KHTML, like Gecko) Chrome/116.0.0.0 Safari/537.36"
77.119.162.161 - - [18/Sep/2023:15:52:21 +0200] "GET /entry.php?id=11237&type=10665 HTTP/1.1" 200 276 "http://hausegger.activities.at/entry.php?id=10828" "Mozilla/5.0 (Windows NT 10.0; Win64; x64; rv:109.0) Gecko/20100101 Firefox/117.0"
77.119.162.161 - - [18/Sep/2023:15:52:21 +0200] "GET /entry.php?id=10676&&title=Belegsuche HTTP/1.1" 200 1391 "http://hausegger.activities.at/entry.php?id=11237&type=10665" "Mozilla/5.0 (Windows NT 10.0; Win64; x64; rv:109.0) Gecko/20100101 Firefox/117.0"
77.119.162.161 - - [18/Sep/2023:15:52:21 +0200] "GET /gui/javascript/form_form.js?1695045141 HTTP/1.1" 200 16206 "http://hausegger.activities.at/entry.php?id=10676&&title=Belegsuche" "Mozilla/5.0 (Windows NT 10.0; Win64; x64; rv:109.0) Gecko/20100101 Firefox/117.0"
77.119.162.161 - - [18/Sep/2023:15:52:21 +0200] "GET /entry.php?id=11239&mode=document&form=10665& HTTP/1.1" 200 2017 "http://hausegger.activities.at/entry.php?id=11237&type=10665" "Mozilla/5.0 (Windows NT 10.0; Win64; x64; rv:109.0) Gecko/20100101 Firefox/117.0"
77.119.162.161 - - [18/Sep/2023:15:52:21 +0200] "GET /gui/javascript/form_bu_document_workflow.js?1695045141 HTTP/1.1" 200 4900 "http://hausegger.activities.at/entry.php?id=11239&mode=document&form=10665&" "Mozilla/5.0 (Windows NT 10.0; Win64; x64; rv:109.0) Gecko/20100101 Firefox/117.0"
77.119.162.161 - - [18/Sep/2023:15:52:21 +0200] "GET /entry.php?id=11238&mode=document&form=10665& HTTP/1.1" 200 3304 "http://hausegger.activities.at/entry.php?id=11237&type=10665" "Mozilla/5.0 (Windows NT 10.0; Win64; x64; rv:109.0) Gecko/20100101 Firefox/117.0"
77.119.162.161 - - [18/Sep/2023:15:52:21 +0200] "GET /entry.php?id=11240&mode=document&form=10665& HTTP/1.1" 200 2672 "http://hausegger.activities.at/entry.php?id=11237&type=10665" "Mozilla/5.0 (Windows NT 10.0; Win64; x64; rv:109.0) Gecko/20100101 Firefox/117.0"
77.119.162.161 - - [18/Sep/2023:15:52:21 +0200] "GET /entry.php?id=10776&form=11066&name=list& HTTP/1.1" 200 1513 "http://hausegger.activities.at/entry.php?id=11240&mode=document&form=10665&" "Mozilla/5.0 (Windows NT 10.0; Win64; x64; rv:109.0) Gecko/20100101 Firefox/117.0"
77.119.162.161 - - [18/Sep/2023:15:52:21 +0200] "GET /entry.php?id=10778&form=11066&name=list& HTTP/1.1" 200 2586 "http://hausegger.activities.at/entry.php?id=11240&mode=document&form=10665&" "Mozilla/5.0 (Windows NT 10.0; Win64; x64; rv:109.0) Gecko/20100101 Firefox/117.0"
77.119.162.161 - - [18/Sep/2023:15:52:22 +0200] "POST /entry.php?id=11240 HTTP/1.1" 200 2673 "http://hausegger.activities.at/entry.php?id=11240&mode=document&form=10665&" "Mozilla/5.0 (Windows NT 10.0; Win64; x64; rv:109.0) Gecko/20100101 Firefox/117.0"
77.119.162.161 - - [18/Sep/2023:15:52:22 +0200] "GET /gui/javascript/form_bu_document_workflow.js?1695045142 HTTP/1.1" 200 4900 "http://hausegger.activities.at/entry.php?id=11240" "Mozilla/5.0 (Windows NT 10.0; Win64; x64; rv:109.0) Gecko/20100101 Firefox/117.0"
77.119.162.161 - - [18/Sep/2023:15:52:22 +0200] "GET /gui/javascript/form_form.js?1695045142 HTTP/1.1" 200 16206 "http://hausegger.activities.at/entry.php?id=11240" "Mozilla/5.0 (Windows NT 10.0; Win64; x64; rv:109.0) Gecko/20100101 Firefox/117.0"
77.119.162.161 - - [18/Sep/2023:15:52:22 +0200] "GET /entry.php?id=10778&form=11066&name=list& HTTP/1.1" 200 2772 "http://hausegger.activities.at/entry.php?id=11240" "Mozilla/5.0 (Windows NT 10.0; Win64; x64; rv:109.0) Gecko/20100101 Firefox/117.0"
77.119.162.161 - - [18/Sep/2023:15:52:22 +0200] "GET /entry.php?id=10776&form=11066&name=list& HTTP/1.1" 200 1513 "http://hausegger.activities.at/entry.php?id=11240" "Mozilla/5.0 (Windows NT 10.0; Win64; x64; rv:109.0) Gecko/20100101 Firefox/117.0"
77.119.162.161 - - [18/Sep/2023:15:52:36 +0200] "GET /entry.php?id=10271&&ser=45095 HTTP/1.1" 200 988 "http://hausegger.activities.at/entry.php?id=10271&&ser=45035" "Mozilla/5.0 (Windows NT 10.0; Win64; x64; rv:109.0) Gecko/20100101 Firefox/117.0"
77.119.162.161 - - [18/Sep/2023:15:52:36 +0200] "GET /gui/javascript/form_form.js?1695045156 HTTP/1.1" 200 16206 "http://hausegger.activities.at/entry.php?id=10271&&ser=45095" "Mozilla/5.0 (Windows NT 10.0; Win64; x64; rv:109.0) Gecko/20100101 Firefox/117.0"
77.119.162.161 - - [18/Sep/2023:15:52:52 +0200] "GET /entry.php?id=10271&&ser=45112 HTTP/1.1" 200 987 "http://hausegger.activities.at/entry.php?id=10271&&ser=45051" "Mozilla/5.0 (Windows NT 10.0; Win64; x64) AppleWebKit/537.36 (KHTML, like Gecko) Chrome/116.0.0.0 Safari/537.36"
77.119.162.161 - - [18/Sep/2023:15:52:53 +0200] "GET /gui/javascript/form_form.js?1695045173 HTTP/1.1" 200 16206 "http://hausegger.activities.at/entry.php?id=10271&&ser=45112" "Mozilla/5.0 (Windows NT 10.0; Win64; x64) AppleWebKit/537.36 (KHTML, like Gecko) Chrome/116.0.0.0 Safari/537.36"
77.119.162.161 - - [18/Sep/2023:15:53:36 +0200] "GET /entry.php?id=10271&&ser=45156 HTTP/1.1" 200 987 "http://hausegger.activities.at/entry.php?id=10271&&ser=45095" "Mozilla/5.0 (Windows NT 10.0; Win64; x64; rv:109.0) Gecko/20100101 Firefox/117.0"
77.119.162.161 - - [18/Sep/2023:15:53:36 +0200] "GET /gui/javascript/form_form.js?1695045216 HTTP/1.1" 200 16206 "http://hausegger.activities.at/entry.php?id=10271&&ser=45156" "Mozilla/5.0 (Windows NT 10.0; Win64; x64; rv:109.0) Gecko/20100101 Firefox/117.0"
77.119.162.161 - - [18/Sep/2023:15:53:53 +0200] "GET /entry.php?id=10271&&ser=45173 HTTP/1.1" 200 987 "http://hausegger.activities.at/entry.php?id=10271&&ser=45112" "Mozilla/5.0 (Windows NT 10.0; Win64; x64) AppleWebKit/537.36 (KHTML, like Gecko) Chrome/116.0.0.0 Safari/537.36"
77.119.162.161 - - [18/Sep/2023:15:53:54 +0200] "GET /gui/javascript/form_form.js?1695045234 HTTP/1.1" 200 16206 "http://hausegger.activities.at/entry.php?id=10271&&ser=45173" "Mozilla/5.0 (Windows NT 10.0; Win64; x64) AppleWebKit/537.36 (KHTML, like Gecko) Chrome/116.0.0.0 Safari/537.36"
156.59.198.136 - - [18/Sep/2023:15:54:13 +0200] "GET /renault.activities.at/htdocs/binaries/10231946.doc HTTP/1.0" 404 311 "http://212.69.160.11:443/renault.activities.at/htdocs/binaries/" "Mozilla/5.0 (Linux; Android 5.0) AppleWebKit/537.36 (KHTML, like Gecko) Mobile Safari/537.36 (compatible; Bytespider; spider-feedback@bytedance.com)"
77.119.162.161 - - [18/Sep/2023:15:54:40 +0200] "GET /entry.php?id=10271&&ser=45216 HTTP/1.1" 200 987 "http://hausegger.activities.at/entry.php?id=10271&&ser=45156" "Mozilla/5.0 (Windows NT 10.0; Win64; x64; rv:109.0) Gecko/20100101 Firefox/117.0"
77.119.162.161 - - [18/Sep/2023:15:54:40 +0200] "GET /gui/javascript/form_form.js?1695045280 HTTP/1.1" 200 16206 "http://hausegger.activities.at/entry.php?id=10271&&ser=45216" "Mozilla/5.0 (Windows NT 10.0; Win64; x64; rv:109.0) Gecko/20100101 Firefox/117.0"
77.119.162.161 - - [18/Sep/2023:15:54:54 +0200] "GET /entry.php?id=10271&&ser=45234 HTTP/1.1" 200 988 "http://hausegger.activities.at/entry.php?id=10271&&ser=45173" "Mozilla/5.0 (Windows NT 10.0; Win64; x64) AppleWebKit/537.36 (KHTML, like Gecko) Chrome/116.0.0.0 Safari/537.36"
77.119.162.161 - - [18/Sep/2023:15:54:55 +0200] "GET /gui/javascript/form_form.js?1695045295 HTTP/1.1" 200 16206 "http://hausegger.activities.at/entry.php?id=10271&&ser=45234" "Mozilla/5.0 (Windows NT 10.0; Win64; x64) AppleWebKit/537.36 (KHTML, like Gecko) Chrome/116.0.0.0 Safari/537.36"
156.59.198.135 - - [18/Sep/2023:15:55:02 +0200] "GET /renault.activities.at/htdocs/binaries/10044339.pdf HTTP/1.0" 404 311 "http://212.69.160.11:443/renault.activities.at/htdocs/binaries/" "Mozilla/5.0 (Linux; Android 5.0) AppleWebKit/537.36 (KHTML, like Gecko) Mobile Safari/537.36 (compatible; Bytespider; spider-feedback@bytedance.com)"
156.59.198.135 - - [18/Sep/2023:15:55:26 +0200] "GET /renault.activities.at/htdocs/binaries/10004867.pdf HTTP/1.0" 404 311 "http://212.69.160.11:443/renault.activities.at/htdocs/binaries/" "Mozilla/5.0 (Linux; Android 5.0) AppleWebKit/537.36 (KHTML, like Gecko) Mobile Safari/537.36 (compatible; Bytespider; spider-feedback@bytedance.com)"
77.119.162.161 - - [18/Sep/2023:15:55:42 +0200] "GET /entry.php?id=10271&&ser=45280 HTTP/1.1" 200 987 "http://hausegger.activities.at/entry.php?id=10271&&ser=45216" "Mozilla/5.0 (Windows NT 10.0; Win64; x64; rv:109.0) Gecko/20100101 Firefox/117.0"
77.119.162.161 - - [18/Sep/2023:15:55:42 +0200] "GET /gui/javascript/form_form.js?1695045342 HTTP/1.1" 200 16206 "http://hausegger.activities.at/entry.php?id=10271&&ser=45280" "Mozilla/5.0 (Windows NT 10.0; Win64; x64; rv:109.0) Gecko/20100101 Firefox/117.0"
156.59.198.135 - - [18/Sep/2023:15:55:51 +0200] "GET /renault.activities.at/htdocs/binaries/10231944.pdf HTTP/1.0" 404 311 "http://212.69.160.11:443/renault.activities.at/htdocs/binaries/" "Mozilla/5.0 (Linux; Android 5.0) AppleWebKit/537.36 (KHTML, like Gecko) Mobile Safari/537.36 (compatible; Bytespider; spider-feedback@bytedance.com)"
77.119.162.161 - - [18/Sep/2023:15:55:55 +0200] "GET /entry.php?id=10271&&ser=45295 HTTP/1.1" 200 988 "http://hausegger.activities.at/entry.php?id=10271&&ser=45234" "Mozilla/5.0 (Windows NT 10.0; Win64; x64) AppleWebKit/537.36 (KHTML, like Gecko) Chrome/116.0.0.0 Safari/537.36"
77.119.162.161 - - [18/Sep/2023:15:55:56 +0200] "GET /gui/javascript/form_form.js?1695045356 HTTP/1.1" 200 16206 "http://hausegger.activities.at/entry.php?id=10271&&ser=45295" "Mozilla/5.0 (Windows NT 10.0; Win64; x64) AppleWebKit/537.36 (KHTML, like Gecko) Chrome/116.0.0.0 Safari/537.36"
156.59.198.135 - - [18/Sep/2023:15:56:15 +0200] "GET /renault.activities.at/htdocs/binaries/10656106.doc HTTP/1.0" 404 310 "http://212.69.160.11:443/renault.activities.at/htdocs/binaries/" "Mozilla/5.0 (Linux; Android 5.0) AppleWebKit/537.36 (KHTML, like Gecko) Mobile Safari/537.36 (compatible; Bytespider; spider-feedback@bytedance.com)"
156.59.198.136 - - [18/Sep/2023:15:56:39 +0200] "GET /renault.activities.at/htdocs/binaries/10008643.pdf HTTP/1.0" 404 311 "http://212.69.160.11:443/renault.activities.at/htdocs/binaries/" "Mozilla/5.0 (Linux; Android 5.0) AppleWebKit/537.36 (KHTML, like Gecko) Mobile Safari/537.36 (compatible; Bytespider; spider-feedback@bytedance.com)"
77.119.162.161 - - [18/Sep/2023:15:56:42 +0200] "GET /entry.php?id=10271&&ser=45342 HTTP/1.1" 200 987 "http://hausegger.activities.at/entry.php?id=10271&&ser=45280" "Mozilla/5.0 (Windows NT 10.0; Win64; x64; rv:109.0) Gecko/20100101 Firefox/117.0"
77.119.162.161 - - [18/Sep/2023:15:56:42 +0200] "GET /gui/javascript/form_form.js?1695045402 HTTP/1.1" 200 16206 "http://hausegger.activities.at/entry.php?id=10271&&ser=45342" "Mozilla/5.0 (Windows NT 10.0; Win64; x64; rv:109.0) Gecko/20100101 Firefox/117.0"
77.119.162.161 - - [18/Sep/2023:15:56:56 +0200] "GET /entry.php?id=10271&&ser=45356 HTTP/1.1" 200 987 "http://hausegger.activities.at/entry.php?id=10271&&ser=45295" "Mozilla/5.0 (Windows NT 10.0; Win64; x64) AppleWebKit/537.36 (KHTML, like Gecko) Chrome/116.0.0.0 Safari/537.36"
77.119.162.161 - - [18/Sep/2023:15:56:57 +0200] "GET /gui/javascript/form_form.js?1695045417 HTTP/1.1" 200 16206 "http://hausegger.activities.at/entry.php?id=10271&&ser=45356" "Mozilla/5.0 (Windows NT 10.0; Win64; x64) AppleWebKit/537.36 (KHTML, like Gecko) Chrome/116.0.0.0 Safari/537.36"
156.59.198.136 - - [18/Sep/2023:15:57:04 +0200] "GET /renault.activities.at/htdocs/binaries/10661192.pdf HTTP/1.0" 404 311 "http://212.69.160.11:443/renault.activities.at/htdocs/binaries/" "Mozilla/5.0 (Linux; Android 5.0) AppleWebKit/537.36 (KHTML, like Gecko) Mobile Safari/537.36 (compatible; Bytespider; spider-feedback@bytedance.com)"
156.59.198.135 - - [18/Sep/2023:15:57:28 +0200] "GET /renault.activities.at/htdocs/binaries/10451228.pdf HTTP/1.0" 404 311 "http://212.69.160.11:443/renault.activities.at/htdocs/binaries/" "Mozilla/5.0 (Linux; Android 5.0) AppleWebKit/537.36 (KHTML, like Gecko) Mobile Safari/537.36 (compatible; Bytespider; spider-feedback@bytedance.com)"
77.119.162.161 - - [18/Sep/2023:15:57:42 +0200] "GET /entry.php?id=10271&&ser=45402 HTTP/1.1" 200 987 "http://hausegger.activities.at/entry.php?id=10271&&ser=45342" "Mozilla/5.0 (Windows NT 10.0; Win64; x64; rv:109.0) Gecko/20100101 Firefox/117.0"
77.119.162.161 - - [18/Sep/2023:15:57:42 +0200] "GET /gui/javascript/form_form.js?1695045462 HTTP/1.1" 200 16206 "http://hausegger.activities.at/entry.php?id=10271&&ser=45402" "Mozilla/5.0 (Windows NT 10.0; Win64; x64; rv:109.0) Gecko/20100101 Firefox/117.0"
156.59.198.136 - - [18/Sep/2023:15:57:52 +0200] "GET /renault.activities.at/htdocs/binaries/10004943.pdf HTTP/1.0" 404 311 "http://212.69.160.11:443/renault.activities.at/htdocs/binaries/" "Mozilla/5.0 (Linux; Android 5.0) AppleWebKit/537.36 (KHTML, like Gecko) Mobile Safari/537.36 (compatible; Bytespider; spider-feedback@bytedance.com)"
77.119.162.161 - - [18/Sep/2023:15:57:57 +0200] "GET /entry.php?id=10271&&ser=45417 HTTP/1.1" 200 987 "http://hausegger.activities.at/entry.php?id=10271&&ser=45356" "Mozilla/5.0 (Windows NT 10.0; Win64; x64) AppleWebKit/537.36 (KHTML, like Gecko) Chrome/116.0.0.0 Safari/537.36"
77.119.162.161 - - [18/Sep/2023:15:57:58 +0200] "GET /gui/javascript/form_form.js?1695045478 HTTP/1.1" 200 16206 "http://hausegger.activities.at/entry.php?id=10271&&ser=45417" "Mozilla/5.0 (Windows NT 10.0; Win64; x64) AppleWebKit/537.36 (KHTML, like Gecko) Chrome/116.0.0.0 Safari/537.36"
156.59.198.135 - - [18/Sep/2023:15:58:16 +0200] "GET /renault.activities.at/htdocs/binaries/10009030.pdf HTTP/1.0" 404 311 "http://212.69.160.11:443/renault.activities.at/htdocs/binaries/" "Mozilla/5.0 (Linux; Android 5.0) AppleWebKit/537.36 (KHTML, like Gecko) Mobile Safari/537.36 (compatible; Bytespider; spider-feedback@bytedance.com)"
156.59.198.136 - - [18/Sep/2023:15:58:41 +0200] "GET /renault.activities.at/htdocs/binaries/10085151.pdf HTTP/1.0" 404 310 "http://212.69.160.11:443/renault.activities.at/htdocs/binaries/" "Mozilla/5.0 (Linux; Android 5.0) AppleWebKit/537.36 (KHTML, like Gecko) Mobile Safari/537.36 (compatible; Bytespider; spider-feedback@bytedance.com)"
77.119.162.161 - - [18/Sep/2023:15:58:43 +0200] "GET /entry.php?id=10271&&ser=45462 HTTP/1.1" 200 988 "http://hausegger.activities.at/entry.php?id=10271&&ser=45402" "Mozilla/5.0 (Windows NT 10.0; Win64; x64; rv:109.0) Gecko/20100101 Firefox/117.0"
77.119.162.161 - - [18/Sep/2023:15:58:43 +0200] "GET /gui/javascript/form_form.js?1695045523 HTTP/1.1" 200 16206 "http://hausegger.activities.at/entry.php?id=10271&&ser=45462" "Mozilla/5.0 (Windows NT 10.0; Win64; x64; rv:109.0) Gecko/20100101 Firefox/117.0"
77.119.162.161 - - [18/Sep/2023:15:58:58 +0200] "GET /entry.php?id=10271&&ser=45478 HTTP/1.1" 200 988 "http://hausegger.activities.at/entry.php?id=10271&&ser=45417" "Mozilla/5.0 (Windows NT 10.0; Win64; x64) AppleWebKit/537.36 (KHTML, like Gecko) Chrome/116.0.0.0 Safari/537.36"
77.119.162.161 - - [18/Sep/2023:15:58:59 +0200] "GET /gui/javascript/form_form.js?1695045539 HTTP/1.1" 200 16206 "http://hausegger.activities.at/entry.php?id=10271&&ser=45478" "Mozilla/5.0 (Windows NT 10.0; Win64; x64) AppleWebKit/537.36 (KHTML, like Gecko) Chrome/116.0.0.0 Safari/537.36"
156.59.198.136 - - [18/Sep/2023:15:59:05 +0200] "GET /renault.activities.at/htdocs/binaries/10047528.pdf HTTP/1.0" 404 311 "http://212.69.160.11:443/renault.activities.at/htdocs/binaries/" "Mozilla/5.0 (Linux; Android 5.0) AppleWebKit/537.36 (KHTML, like Gecko) Mobile Safari/537.36 (compatible; Bytespider; spider-feedback@bytedance.com)"
156.59.198.135 - - [18/Sep/2023:15:59:29 +0200] "GET /renault.activities.at/htdocs/binaries/10135517.pdf HTTP/1.0" 404 312 "http://212.69.160.11:443/renault.activities.at/htdocs/binaries/" "Mozilla/5.0 (Linux; Android 5.0) AppleWebKit/537.36 (KHTML, like Gecko) Mobile Safari/537.36 (compatible; Bytespider; spider-feedback@bytedance.com)"
77.119.162.161 - - [18/Sep/2023:15:59:43 +0200] "GET /entry.php?id=10271&&ser=45523 HTTP/1.1" 200 988 "http://hausegger.activities.at/entry.php?id=10271&&ser=45462" "Mozilla/5.0 (Windows NT 10.0; Win64; x64; rv:109.0) Gecko/20100101 Firefox/117.0"
77.119.162.161 - - [18/Sep/2023:15:59:43 +0200] "GET /gui/javascript/form_form.js?1695045583 HTTP/1.1" 200 16206 "http://hausegger.activities.at/entry.php?id=10271&&ser=45523" "Mozilla/5.0 (Windows NT 10.0; Win64; x64; rv:109.0) Gecko/20100101 Firefox/117.0"
156.59.198.136 - - [18/Sep/2023:15:59:53 +0200] "GET /renault.activities.at/htdocs/binaries/10442911.pdf HTTP/1.0" 404 311 "http://212.69.160.11:443/renault.activities.at/htdocs/binaries/" "Mozilla/5.0 (Linux; Android 5.0) AppleWebKit/537.36 (KHTML, like Gecko) Mobile Safari/537.36 (compatible; Bytespider; spider-feedback@bytedance.com)"
77.119.162.161 - - [18/Sep/2023:15:59:59 +0200] "GET /entry.php?id=10271&&ser=45539 HTTP/1.1" 200 987 "http://hausegger.activities.at/entry.php?id=10271&&ser=45478" "Mozilla/5.0 (Windows NT 10.0; Win64; x64) AppleWebKit/537.36 (KHTML, like Gecko) Chrome/116.0.0.0 Safari/537.36"
77.119.162.161 - - [18/Sep/2023:16:00:00 +0200] "GET /gui/javascript/form_form.js?1695045600 HTTP/1.1" 200 16206 "http://hausegger.activities.at/entry.php?id=10271&&ser=45539" "Mozilla/5.0 (Windows NT 10.0; Win64; x64) AppleWebKit/537.36 (KHTML, like Gecko) Chrome/116.0.0.0 Safari/537.36"
156.59.198.135 - - [18/Sep/2023:16:00:17 +0200] "GET /renault.activities.at/htdocs/binaries/10225299.pdf HTTP/1.0" 404 311 "http://212.69.160.11:443/renault.activities.at/htdocs/binaries/" "Mozilla/5.0 (Linux; Android 5.0) AppleWebKit/537.36 (KHTML, like Gecko) Mobile Safari/537.36 (compatible; Bytespider; spider-feedback@bytedance.com)"
156.59.198.135 - - [18/Sep/2023:16:00:42 +0200] "GET /renault.activities.at/htdocs/binaries/10069848.pdf HTTP/1.0" 404 311 "http://212.69.160.11:443/renault.activities.at/htdocs/binaries/" "Mozilla/5.0 (Linux; Android 5.0) AppleWebKit/537.36 (KHTML, like Gecko) Mobile Safari/537.36 (compatible; Bytespider; spider-feedback@bytedance.com)"
77.119.162.161 - - [18/Sep/2023:16:00:45 +0200] "GET /entry.php?id=10271&&ser=45583 HTTP/1.1" 200 988 "http://hausegger.activities.at/entry.php?id=10271&&ser=45523" "Mozilla/5.0 (Windows NT 10.0; Win64; x64; rv:109.0) Gecko/20100101 Firefox/117.0"
77.119.162.161 - - [18/Sep/2023:16:00:45 +0200] "GET /gui/javascript/form_form.js?1695045645 HTTP/1.1" 200 16206 "http://hausegger.activities.at/entry.php?id=10271&&ser=45583" "Mozilla/5.0 (Windows NT 10.0; Win64; x64; rv:109.0) Gecko/20100101 Firefox/117.0"
77.119.162.161 - - [18/Sep/2023:16:01:00 +0200] "GET /entry.php?id=10271&&ser=45600 HTTP/1.1" 200 987 "http://hausegger.activities.at/entry.php?id=10271&&ser=45539" "Mozilla/5.0 (Windows NT 10.0; Win64; x64) AppleWebKit/537.36 (KHTML, like Gecko) Chrome/116.0.0.0 Safari/537.36"
77.119.162.161 - - [18/Sep/2023:16:01:01 +0200] "GET /gui/javascript/form_form.js?1695045661 HTTP/1.1" 200 16206 "http://hausegger.activities.at/entry.php?id=10271&&ser=45600" "Mozilla/5.0 (Windows NT 10.0; Win64; x64) AppleWebKit/537.36 (KHTML, like Gecko) Chrome/116.0.0.0 Safari/537.36"
156.59.198.135 - - [18/Sep/2023:16:01:06 +0200] "GET /renault.activities.at/htdocs/binaries/10122841.pdf HTTP/1.0" 404 311 "http://212.69.160.11:443/renault.activities.at/htdocs/binaries/" "Mozilla/5.0 (Linux; Android 5.0) AppleWebKit/537.36 (KHTML, like Gecko) Mobile Safari/537.36 (compatible; Bytespider; spider-feedback@bytedance.com)"
156.59.198.136 - - [18/Sep/2023:16:01:31 +0200] "GET /renault.activities.at/htdocs/binaries/10126848.doc HTTP/1.0" 404 311 "http://212.69.160.11:443/renault.activities.at/htdocs/binaries/" "Mozilla/5.0 (Linux; Android 5.0) AppleWebKit/537.36 (KHTML, like Gecko) Mobile Safari/537.36 (compatible; Bytespider; spider-feedback@bytedance.com)"
77.119.162.161 - - [18/Sep/2023:16:01:45 +0200] "GET /entry.php?id=10271&&ser=45645 HTTP/1.1" 200 988 "http://hausegger.activities.at/entry.php?id=10271&&ser=45583" "Mozilla/5.0 (Windows NT 10.0; Win64; x64; rv:109.0) Gecko/20100101 Firefox/117.0"
77.119.162.161 - - [18/Sep/2023:16:01:45 +0200] "GET /gui/javascript/form_form.js?1695045705 HTTP/1.1" 200 16206 "http://hausegger.activities.at/entry.php?id=10271&&ser=45645" "Mozilla/5.0 (Windows NT 10.0; Win64; x64; rv:109.0) Gecko/20100101 Firefox/117.0"
156.59.198.135 - - [18/Sep/2023:16:01:55 +0200] "GET /renault.activities.at/htdocs/binaries/10015817.pdf HTTP/1.0" 404 311 "http://212.69.160.11:443/renault.activities.at/htdocs/binaries/" "Mozilla/5.0 (Linux; Android 5.0) AppleWebKit/537.36 (KHTML, like Gecko) Mobile Safari/537.36 (compatible; Bytespider; spider-feedback@bytedance.com)"
77.119.162.161 - - [18/Sep/2023:16:02:01 +0200] "GET /entry.php?id=10271&&ser=45661 HTTP/1.1" 200 987 "http://hausegger.activities.at/entry.php?id=10271&&ser=45600" "Mozilla/5.0 (Windows NT 10.0; Win64; x64) AppleWebKit/537.36 (KHTML, like Gecko) Chrome/116.0.0.0 Safari/537.36"
77.119.162.161 - - [18/Sep/2023:16:02:02 +0200] "GET /gui/javascript/form_form.js?1695045722 HTTP/1.1" 200 16206 "http://hausegger.activities.at/entry.php?id=10271&&ser=45661" "Mozilla/5.0 (Windows NT 10.0; Win64; x64) AppleWebKit/537.36 (KHTML, like Gecko) Chrome/116.0.0.0 Safari/537.36"
156.59.198.136 - - [18/Sep/2023:16:02:19 +0200] "GET /renault.activities.at/htdocs/binaries/10006727.doc HTTP/1.0" 404 311 "http://212.69.160.11:443/renault.activities.at/htdocs/binaries/" "Mozilla/5.0 (Linux; Android 5.0) AppleWebKit/537.36 (KHTML, like Gecko) Mobile Safari/537.36 (compatible; Bytespider; spider-feedback@bytedance.com)"
156.59.198.136 - - [18/Sep/2023:16:02:43 +0200] "GET /renault.activities.at/htdocs/binaries/10331571.pdf HTTP/1.0" 404 312 "http://212.69.160.11:443/renault.activities.at/htdocs/binaries/" "Mozilla/5.0 (Linux; Android 5.0) AppleWebKit/537.36 (KHTML, like Gecko) Mobile Safari/537.36 (compatible; Bytespider; spider-feedback@bytedance.com)"
77.119.162.161 - - [18/Sep/2023:16:02:45 +0200] "GET /entry.php?id=10271&&ser=45705 HTTP/1.1" 200 988 "http://hausegger.activities.at/entry.php?id=10271&&ser=45645" "Mozilla/5.0 (Windows NT 10.0; Win64; x64; rv:109.0) Gecko/20100101 Firefox/117.0"
77.119.162.161 - - [18/Sep/2023:16:02:45 +0200] "GET /gui/javascript/form_form.js?1695045765 HTTP/1.1" 200 16206 "http://hausegger.activities.at/entry.php?id=10271&&ser=45705" "Mozilla/5.0 (Windows NT 10.0; Win64; x64; rv:109.0) Gecko/20100101 Firefox/117.0"
77.119.162.161 - - [18/Sep/2023:16:03:02 +0200] "GET /entry.php?id=10271&&ser=45722 HTTP/1.1" 200 987 "http://hausegger.activities.at/entry.php?id=10271&&ser=45661" "Mozilla/5.0 (Windows NT 10.0; Win64; x64) AppleWebKit/537.36 (KHTML, like Gecko) Chrome/116.0.0.0 Safari/537.36"
77.119.162.161 - - [18/Sep/2023:16:03:03 +0200] "GET /gui/javascript/form_form.js?1695045783 HTTP/1.1" 200 16206 "http://hausegger.activities.at/entry.php?id=10271&&ser=45722" "Mozilla/5.0 (Windows NT 10.0; Win64; x64) AppleWebKit/537.36 (KHTML, like Gecko) Chrome/116.0.0.0 Safari/537.36"
156.59.198.135 - - [18/Sep/2023:16:03:08 +0200] "GET /renault.activities.at/htdocs/binaries/10449712.doc HTTP/1.0" 404 312 "http://212.69.160.11:443/renault.activities.at/htdocs/binaries/" "Mozilla/5.0 (Linux; Android 5.0) AppleWebKit/537.36 (KHTML, like Gecko) Mobile Safari/537.36 (compatible; Bytespider; spider-feedback@bytedance.com)"
156.59.198.135 - - [18/Sep/2023:16:03:32 +0200] "GET /renault.activities.at/htdocs/binaries/10225298.pdf HTTP/1.0" 404 311 "http://212.69.160.11:443/renault.activities.at/htdocs/binaries/" "Mozilla/5.0 (Linux; Android 5.0) AppleWebKit/537.36 (KHTML, like Gecko) Mobile Safari/537.36 (compatible; Bytespider; spider-feedback@bytedance.com)"
77.119.162.161 - - [18/Sep/2023:16:03:46 +0200] "GET /entry.php?id=10271&&ser=45765 HTTP/1.1" 200 987 "http://hausegger.activities.at/entry.php?id=10271&&ser=45705" "Mozilla/5.0 (Windows NT 10.0; Win64; x64; rv:109.0) Gecko/20100101 Firefox/117.0"
77.119.162.161 - - [18/Sep/2023:16:03:46 +0200] "GET /gui/javascript/form_form.js?1695045826 HTTP/1.1" 200 16206 "http://hausegger.activities.at/entry.php?id=10271&&ser=45765" "Mozilla/5.0 (Windows NT 10.0; Win64; x64; rv:109.0) Gecko/20100101 Firefox/117.0"
156.59.198.136 - - [18/Sep/2023:16:03:56 +0200] "GET /renault.activities.at/htdocs/binaries/10623060.pdf HTTP/1.0" 404 311 "http://212.69.160.11:443/renault.activities.at/htdocs/binaries/" "Mozilla/5.0 (Linux; Android 5.0) AppleWebKit/537.36 (KHTML, like Gecko) Mobile Safari/537.36 (compatible; Bytespider; spider-feedback@bytedance.com)"
77.119.162.161 - - [18/Sep/2023:16:04:03 +0200] "GET /entry.php?id=10271&&ser=45783 HTTP/1.1" 200 987 "http://hausegger.activities.at/entry.php?id=10271&&ser=45722" "Mozilla/5.0 (Windows NT 10.0; Win64; x64) AppleWebKit/537.36 (KHTML, like Gecko) Chrome/116.0.0.0 Safari/537.36"
77.119.162.161 - - [18/Sep/2023:16:04:04 +0200] "GET /gui/javascript/form_form.js?1695045844 HTTP/1.1" 200 16206 "http://hausegger.activities.at/entry.php?id=10271&&ser=45783" "Mozilla/5.0 (Windows NT 10.0; Win64; x64) AppleWebKit/537.36 (KHTML, like Gecko) Chrome/116.0.0.0 Safari/537.36"
156.59.198.135 - - [18/Sep/2023:16:04:21 +0200] "GET /renault.activities.at/htdocs/binaries/10023570.pdf HTTP/1.0" 404 312 "http://212.69.160.11:443/renault.activities.at/htdocs/binaries/" "Mozilla/5.0 (Linux; Android 5.0) AppleWebKit/537.36 (KHTML, like Gecko) Mobile Safari/537.36 (compatible; Bytespider; spider-feedback@bytedance.com)"
156.59.198.136 - - [18/Sep/2023:16:04:45 +0200] "GET /renault.activities.at/htdocs/binaries/10444274.pdf HTTP/1.0" 404 311 "http://212.69.160.11:443/renault.activities.at/htdocs/binaries/" "Mozilla/5.0 (Linux; Android 5.0) AppleWebKit/537.36 (KHTML, like Gecko) Mobile Safari/537.36 (compatible; Bytespider; spider-feedback@bytedance.com)"
77.119.162.161 - - [18/Sep/2023:16:04:46 +0200] "GET /entry.php?id=10271&&ser=45826 HTTP/1.1" 200 987 "http://hausegger.activities.at/entry.php?id=10271&&ser=45765" "Mozilla/5.0 (Windows NT 10.0; Win64; x64; rv:109.0) Gecko/20100101 Firefox/117.0"
77.119.162.161 - - [18/Sep/2023:16:04:46 +0200] "GET /gui/javascript/form_form.js?1695045886 HTTP/1.1" 200 16206 "http://hausegger.activities.at/entry.php?id=10271&&ser=45826" "Mozilla/5.0 (Windows NT 10.0; Win64; x64; rv:109.0) Gecko/20100101 Firefox/117.0"
77.119.162.161 - - [18/Sep/2023:16:05:04 +0200] "GET /entry.php?id=10271&&ser=45844 HTTP/1.1" 200 988 "http://hausegger.activities.at/entry.php?id=10271&&ser=45783" "Mozilla/5.0 (Windows NT 10.0; Win64; x64) AppleWebKit/537.36 (KHTML, like Gecko) Chrome/116.0.0.0 Safari/537.36"
77.119.162.161 - - [18/Sep/2023:16:05:05 +0200] "GET /gui/javascript/form_form.js?1695045905 HTTP/1.1" 200 16206 "http://hausegger.activities.at/entry.php?id=10271&&ser=45844" "Mozilla/5.0 (Windows NT 10.0; Win64; x64) AppleWebKit/537.36 (KHTML, like Gecko) Chrome/116.0.0.0 Safari/537.36"
156.59.198.135 - - [18/Sep/2023:16:05:10 +0200] "GET /renault.activities.at/htdocs/binaries/10073812.pdf HTTP/1.0" 404 312 "http://212.69.160.11:443/renault.activities.at/htdocs/binaries/" "Mozilla/5.0 (Linux; Android 5.0) AppleWebKit/537.36 (KHTML, like Gecko) Mobile Safari/537.36 (compatible; Bytespider; spider-feedback@bytedance.com)"
156.59.198.135 - - [18/Sep/2023:16:05:34 +0200] "GET /renault.activities.at/htdocs/binaries/10008563.pdf HTTP/1.0" 404 311 "http://212.69.160.11:443/renault.activities.at/htdocs/binaries/" "Mozilla/5.0 (Linux; Android 5.0) AppleWebKit/537.36 (KHTML, like Gecko) Mobile Safari/537.36 (compatible; Bytespider; spider-feedback@bytedance.com)"
77.119.162.161 - - [18/Sep/2023:16:05:46 +0200] "GET /entry.php?id=10271&&ser=45886 HTTP/1.1" 200 987 "http://hausegger.activities.at/entry.php?id=10271&&ser=45826" "Mozilla/5.0 (Windows NT 10.0; Win64; x64; rv:109.0) Gecko/20100101 Firefox/117.0"
77.119.162.161 - - [18/Sep/2023:16:05:46 +0200] "GET /gui/javascript/form_form.js?1695045946 HTTP/1.1" 200 16206 "http://hausegger.activities.at/entry.php?id=10271&&ser=45886" "Mozilla/5.0 (Windows NT 10.0; Win64; x64; rv:109.0) Gecko/20100101 Firefox/117.0"
156.59.198.136 - - [18/Sep/2023:16:05:58 +0200] "GET /renault.activities.at/htdocs/binaries/10485654.pdf HTTP/1.0" 404 311 "http://212.69.160.11:443/renault.activities.at/htdocs/binaries/" "Mozilla/5.0 (Linux; Android 5.0) AppleWebKit/537.36 (KHTML, like Gecko) Mobile Safari/537.36 (compatible; Bytespider; spider-feedback@bytedance.com)"
77.119.162.161 - - [18/Sep/2023:16:06:02 +0200] "GET /entry.php?id=10712 HTTP/1.1" 200 402 "http://hausegger.activities.at/entry.php?id=10270&__app__=10006038" "Mozilla/5.0 (Windows NT 10.0; Win64; x64; rv:109.0) Gecko/20100101 Firefox/117.0"
77.119.162.161 - - [18/Sep/2023:16:06:03 +0200] "GET /entry.php?id=10676&&title=Artikelverwaltung HTTP/1.1" 200 1396 "http://hausegger.activities.at/entry.php?id=10712" "Mozilla/5.0 (Windows NT 10.0; Win64; x64; rv:109.0) Gecko/20100101 Firefox/117.0"
77.119.162.161 - - [18/Sep/2023:16:06:03 +0200] "GET /gui/javascript/form_form.js?1695045963 HTTP/1.1" 200 16206 "http://hausegger.activities.at/entry.php?id=10676&&title=Artikelverwaltung" "Mozilla/5.0 (Windows NT 10.0; Win64; x64; rv:109.0) Gecko/20100101 Firefox/117.0"
77.119.162.161 - - [18/Sep/2023:16:06:03 +0200] "GET /entry.php?id=10715& HTTP/1.1" 200 2535 "http://hausegger.activities.at/entry.php?id=10712" "Mozilla/5.0 (Windows NT 10.0; Win64; x64; rv:109.0) Gecko/20100101 Firefox/117.0"
77.119.162.161 - - [18/Sep/2023:16:06:03 +0200] "GET /entry.php?id=10716& HTTP/1.1" 200 4869 "http://hausegger.activities.at/entry.php?id=10712" "Mozilla/5.0 (Windows NT 10.0; Win64; x64; rv:109.0) Gecko/20100101 Firefox/117.0"
77.119.162.161 - - [18/Sep/2023:16:06:03 +0200] "GET /entry.php?id=10776&form=10560&name=list& HTTP/1.1" 200 2179 "http://hausegger.activities.at/entry.php?id=10715&" "Mozilla/5.0 (Windows NT 10.0; Win64; x64; rv:109.0) Gecko/20100101 Firefox/117.0"
77.119.162.161 - - [18/Sep/2023:16:06:03 +0200] "GET /entry.php?id=10778&form=10560&name=list& HTTP/1.1" 200 2691 "http://hausegger.activities.at/entry.php?id=10715&" "Mozilla/5.0 (Windows NT 10.0; Win64; x64; rv:109.0) Gecko/20100101 Firefox/117.0"
77.119.162.161 - - [18/Sep/2023:16:06:03 +0200] "GET /gui/images/icons/export.gif HTTP/1.1" 200 968 "http://hausegger.activities.at/entry.php?id=10776&form=10560&name=list&" "Mozilla/5.0 (Windows NT 10.0; Win64; x64; rv:109.0) Gecko/20100101 Firefox/117.0"
77.119.162.161 - - [18/Sep/2023:16:06:03 +0200] "GET /entry.php?id=10714&checksegmentation=false& HTTP/1.1" 200 4125 "http://hausegger.activities.at/entry.php?id=10712" "Mozilla/5.0 (Windows NT 10.0; Win64; x64; rv:109.0) Gecko/20100101 Firefox/117.0"
77.119.162.161 - - [18/Sep/2023:16:06:03 +0200] "GET /activities/framework/KoolControls/KoolTreeView/icons/Folder.gif HTTP/1.1" 200 267 "http://hausegger.activities.at/entry.php?id=10714&checksegmentation=false&" "Mozilla/5.0 (Windows NT 10.0; Win64; x64; rv:109.0) Gecko/20100101 Firefox/117.0"
77.119.162.161 - - [18/Sep/2023:16:06:03 +0200] "GET /activities/framework/KoolControls/KoolTreeView/icons/square_blueS.gif HTTP/1.1" 200 540 "http://hausegger.activities.at/entry.php?id=10714&checksegmentation=false&" "Mozilla/5.0 (Windows NT 10.0; Win64; x64; rv:109.0) Gecko/20100101 Firefox/117.0"
77.119.162.161 - - [18/Sep/2023:16:06:03 +0200] "GET /activities/framework/KoolControls/KoolAjax/koolajax.php?8436e354c842500aba3cbaf0584c0c24 HTTP/1.1" 200 4079 "http://hausegger.activities.at/entry.php?id=10714&checksegmentation=false&" "Mozilla/5.0 (Windows NT 10.0; Win64; x64; rv:109.0) Gecko/20100101 Firefox/117.0"
77.119.162.161 - - [18/Sep/2023:16:06:03 +0200] "GET /activities/framework/KoolControls/KoolTreeView/icons/square_yellowS.gif HTTP/1.1" 200 541 "http://hausegger.activities.at/entry.php?id=10714&checksegmentation=false&" "Mozilla/5.0 (Windows NT 10.0; Win64; x64; rv:109.0) Gecko/20100101 Firefox/117.0"
77.119.162.161 - - [18/Sep/2023:16:06:03 +0200] "GET /activities/framework/KoolControls/KoolTreeView/styles/default/default.css HTTP/1.1" 200 1099 "http://hausegger.activities.at/entry.php?id=10714&checksegmentation=false&" "Mozilla/5.0 (Windows NT 10.0; Win64; x64; rv:109.0) Gecko/20100101 Firefox/117.0"
77.119.162.161 - - [18/Sep/2023:16:06:03 +0200] "GET /activities/framework/KoolControls/KoolTreeView/kooltreeview.php?c7cd9180e88ffef8e70f13526bb4f5f7 HTTP/1.1" 200 5055 "http://hausegger.activities.at/entry.php?id=10714&checksegmentation=false&" "Mozilla/5.0 (Windows NT 10.0; Win64; x64; rv:109.0) Gecko/20100101 Firefox/117.0"
77.119.162.161 - - [18/Sep/2023:16:06:05 +0200] "GET /entry.php?id=10271&&ser=45905 HTTP/1.1" 200 987 "http://hausegger.activities.at/entry.php?id=10271&&ser=45844" "Mozilla/5.0 (Windows NT 10.0; Win64; x64) AppleWebKit/537.36 (KHTML, like Gecko) Chrome/116.0.0.0 Safari/537.36"
77.119.162.161 - - [18/Sep/2023:16:06:06 +0200] "GET /gui/javascript/form_form.js?1695045966 HTTP/1.1" 200 16206 "http://hausegger.activities.at/entry.php?id=10271&&ser=45905" "Mozilla/5.0 (Windows NT 10.0; Win64; x64) AppleWebKit/537.36 (KHTML, like Gecko) Chrome/116.0.0.0 Safari/537.36"
156.59.198.135 - - [18/Sep/2023:16:06:23 +0200] "GET /renault.activities.at/htdocs/binaries/10009029.pdf HTTP/1.0" 404 311 "http://212.69.160.11:443/renault.activities.at/htdocs/binaries/" "Mozilla/5.0 (Linux; Android 5.0) AppleWebKit/537.36 (KHTML, like Gecko) Mobile Safari/537.36 (compatible; Bytespider; spider-feedback@bytedance.com)"
77.119.162.161 - - [18/Sep/2023:16:06:33 +0200] "POST /entry.php?id=10715 HTTP/1.1" 200 2611 "http://hausegger.activities.at/entry.php?id=10715&" "Mozilla/5.0 (Windows NT 10.0; Win64; x64; rv:109.0) Gecko/20100101 Firefox/117.0"
77.119.162.161 - - [18/Sep/2023:16:06:34 +0200] "GET /gui/javascript/form_form.js?1695045994 HTTP/1.1" 200 16206 "http://hausegger.activities.at/entry.php?id=10715" "Mozilla/5.0 (Windows NT 10.0; Win64; x64; rv:109.0) Gecko/20100101 Firefox/117.0"
77.119.162.161 - - [18/Sep/2023:16:06:34 +0200] "GET /entry.php?id=10776&form=10560&name=list& HTTP/1.1" 200 2311 "http://hausegger.activities.at/entry.php?id=10715" "Mozilla/5.0 (Windows NT 10.0; Win64; x64; rv:109.0) Gecko/20100101 Firefox/117.0"
77.119.162.161 - - [18/Sep/2023:16:06:34 +0200] "GET /entry.php?id=10778&form=10560&name=list& HTTP/1.1" 200 3019 "http://hausegger.activities.at/entry.php?id=10715" "Mozilla/5.0 (Windows NT 10.0; Win64; x64; rv:109.0) Gecko/20100101 Firefox/117.0"
77.119.162.161 - - [18/Sep/2023:16:06:34 +0200] "GET /gui/images/no_image_de.jpg HTTP/1.1" 200 73407 "http://hausegger.activities.at/entry.php?id=10778&form=10560&name=list&" "Mozilla/5.0 (Windows NT 10.0; Win64; x64; rv:109.0) Gecko/20100101 Firefox/117.0"
77.119.162.161 - - [18/Sep/2023:16:06:35 +0200] "POST /entry.php?id=10716 HTTP/1.1" 200 7723 "http://hausegger.activities.at/entry.php?id=10716&" "Mozilla/5.0 (Windows NT 10.0; Win64; x64; rv:109.0) Gecko/20100101 Firefox/117.0"
77.119.162.161 - - [18/Sep/2023:16:06:35 +0200] "GET /activities/framework/KoolControls/KoolAjax/koolajax.php?8436e354c842500aba3cbaf0584c0c24 HTTP/1.1" 200 4079 "http://hausegger.activities.at/entry.php?id=10716" "Mozilla/5.0 (Windows NT 10.0; Win64; x64; rv:109.0) Gecko/20100101 Firefox/117.0"
77.119.162.161 - - [18/Sep/2023:16:06:35 +0200] "GET /gui/javascript/form_form.js?1695045995 HTTP/1.1" 200 16206 "http://hausegger.activities.at/entry.php?id=10716" "Mozilla/5.0 (Windows NT 10.0; Win64; x64; rv:109.0) Gecko/20100101 Firefox/117.0"
77.119.162.161 - - [18/Sep/2023:16:06:35 +0200] "GET /activities/framework/KoolControls/KoolComboBox/styles/default/default.css HTTP/1.1" 200 846 "http://hausegger.activities.at/entry.php?id=10716" "Mozilla/5.0 (Windows NT 10.0; Win64; x64; rv:109.0) Gecko/20100101 Firefox/117.0"
77.119.162.161 - - [18/Sep/2023:16:06:35 +0200] "GET /activities/framework/KoolControls/KoolComboBox/koolcombobox.php?32981a13284db7a021131df49e6cd203 HTTP/1.1" 200 4607 "http://hausegger.activities.at/entry.php?id=10716" "Mozilla/5.0 (Windows NT 10.0; Win64; x64; rv:109.0) Gecko/20100101 Firefox/117.0"
77.119.162.161 - - [18/Sep/2023:16:06:35 +0200] "GET /activities/framework/KoolControls/KoolTreeView/kooltreeview.php?c7cd9180e88ffef8e70f13526bb4f5f7 HTTP/1.1" 200 5055 "http://hausegger.activities.at/entry.php?id=10716" "Mozilla/5.0 (Windows NT 10.0; Win64; x64; rv:109.0) Gecko/20100101 Firefox/117.0"
77.119.162.161 - - [18/Sep/2023:16:06:47 +0200] "GET /entry.php?id=10271&&ser=45946 HTTP/1.1" 200 987 "http://hausegger.activities.at/entry.php?id=10271&&ser=45886" "Mozilla/5.0 (Windows NT 10.0; Win64; x64; rv:109.0) Gecko/20100101 Firefox/117.0"
77.119.162.161 - - [18/Sep/2023:16:06:47 +0200] "GET /gui/javascript/form_form.js?1695046007 HTTP/1.1" 200 16206 "http://hausegger.activities.at/entry.php?id=10271&&ser=45946" "Mozilla/5.0 (Windows NT 10.0; Win64; x64; rv:109.0) Gecko/20100101 Firefox/117.0"
156.59.198.136 - - [18/Sep/2023:16:06:47 +0200] "GET /renault.activities.at/htdocs/binaries/10069856.pdf HTTP/1.0" 404 311 "http://212.69.160.11:443/renault.activities.at/htdocs/binaries/" "Mozilla/5.0 (Linux; Android 5.0) AppleWebKit/537.36 (KHTML, like Gecko) Mobile Safari/537.36 (compatible; Bytespider; spider-feedback@bytedance.com)"
77.119.162.161 - - [18/Sep/2023:16:07:07 +0200] "GET /entry.php?id=10271&&ser=45966 HTTP/1.1" 200 986 "http://hausegger.activities.at/entry.php?id=10271&&ser=45905" "Mozilla/5.0 (Windows NT 10.0; Win64; x64) AppleWebKit/537.36 (KHTML, like Gecko) Chrome/116.0.0.0 Safari/537.36"
77.119.162.161 - - [18/Sep/2023:16:07:07 +0200] "GET /gui/javascript/form_form.js?1695046027 HTTP/1.1" 200 16206 "http://hausegger.activities.at/entry.php?id=10271&&ser=45966" "Mozilla/5.0 (Windows NT 10.0; Win64; x64) AppleWebKit/537.36 (KHTML, like Gecko) Chrome/116.0.0.0 Safari/537.36"
77.119.162.161 - - [18/Sep/2023:16:07:10 +0200] "POST /entry.php?id=10715 HTTP/1.1" 200 2611 "http://hausegger.activities.at/entry.php?id=10715" "Mozilla/5.0 (Windows NT 10.0; Win64; x64; rv:109.0) Gecko/20100101 Firefox/117.0"
77.119.162.161 - - [18/Sep/2023:16:07:10 +0200] "GET /gui/javascript/form_form.js?1695046030 HTTP/1.1" 200 16206 "http://hausegger.activities.at/entry.php?id=10715" "Mozilla/5.0 (Windows NT 10.0; Win64; x64; rv:109.0) Gecko/20100101 Firefox/117.0"
77.119.162.161 - - [18/Sep/2023:16:07:10 +0200] "GET /entry.php?id=10776&form=10560&name=list& HTTP/1.1" 200 2311 "http://hausegger.activities.at/entry.php?id=10715" "Mozilla/5.0 (Windows NT 10.0; Win64; x64; rv:109.0) Gecko/20100101 Firefox/117.0"
77.119.162.161 - - [18/Sep/2023:16:07:10 +0200] "GET /entry.php?id=10778&form=10560&name=list& HTTP/1.1" 200 3031 "http://hausegger.activities.at/entry.php?id=10715" "Mozilla/5.0 (Windows NT 10.0; Win64; x64; rv:109.0) Gecko/20100101 Firefox/117.0"
156.59.198.136 - - [18/Sep/2023:16:07:11 +0200] "GET /docs/ecommlogistics/belege/GS16-000001.PDF HTTP/1.0" 404 306 "http://212.69.160.11:443/docs/ecommlogistics/belege/" "Mozilla/5.0 (Linux; Android 5.0) AppleWebKit/537.36 (KHTML, like Gecko) Mobile Safari/537.36 (compatible; Bytespider; spider-feedback@bytedance.com)"
77.119.162.161 - - [18/Sep/2023:16:07:11 +0200] "POST /entry.php?id=10716 HTTP/1.1" 200 7743 "http://hausegger.activities.at/entry.php?id=10716" "Mozilla/5.0 (Windows NT 10.0; Win64; x64; rv:109.0) Gecko/20100101 Firefox/117.0"
77.119.162.161 - - [18/Sep/2023:16:07:11 +0200] "GET /activities/framework/KoolControls/KoolAjax/koolajax.php?8436e354c842500aba3cbaf0584c0c24 HTTP/1.1" 200 4079 "http://hausegger.activities.at/entry.php?id=10716" "Mozilla/5.0 (Windows NT 10.0; Win64; x64; rv:109.0) Gecko/20100101 Firefox/117.0"
77.119.162.161 - - [18/Sep/2023:16:07:11 +0200] "GET /gui/javascript/form_form.js?1695046031 HTTP/1.1" 200 16206 "http://hausegger.activities.at/entry.php?id=10716" "Mozilla/5.0 (Windows NT 10.0; Win64; x64; rv:109.0) Gecko/20100101 Firefox/117.0"
77.119.162.161 - - [18/Sep/2023:16:07:11 +0200] "GET /activities/framework/KoolControls/KoolComboBox/koolcombobox.php?32981a13284db7a021131df49e6cd203 HTTP/1.1" 200 4607 "http://hausegger.activities.at/entry.php?id=10716" "Mozilla/5.0 (Windows NT 10.0; Win64; x64; rv:109.0) Gecko/20100101 Firefox/117.0"
77.119.162.161 - - [18/Sep/2023:16:07:11 +0200] "GET /activities/framework/KoolControls/KoolTreeView/kooltreeview.php?c7cd9180e88ffef8e70f13526bb4f5f7 HTTP/1.1" 200 5055 "http://hausegger.activities.at/entry.php?id=10716" "Mozilla/5.0 (Windows NT 10.0; Win64; x64; rv:109.0) Gecko/20100101 Firefox/117.0"
156.59.198.136 - - [18/Sep/2023:16:07:35 +0200] "GET /renault.activities.at/htdocs/binaries/10204335.pdf HTTP/1.0" 404 311 "http://212.69.160.11:443/renault.activities.at/htdocs/binaries/" "Mozilla/5.0 (Linux; Android 5.0) AppleWebKit/537.36 (KHTML, like Gecko) Mobile Safari/537.36 (compatible; Bytespider; spider-feedback@bytedance.com)"
77.119.162.161 - - [18/Sep/2023:16:07:48 +0200] "GET /entry.php?id=10271&&ser=46007 HTTP/1.1" 200 987 "http://hausegger.activities.at/entry.php?id=10271&&ser=45946" "Mozilla/5.0 (Windows NT 10.0; Win64; x64; rv:109.0) Gecko/20100101 Firefox/117.0"
77.119.162.161 - - [18/Sep/2023:16:07:48 +0200] "GET /gui/javascript/form_form.js?1695046068 HTTP/1.1" 200 16206 "http://hausegger.activities.at/entry.php?id=10271&&ser=46007" "Mozilla/5.0 (Windows NT 10.0; Win64; x64; rv:109.0) Gecko/20100101 Firefox/117.0"
156.59.198.136 - - [18/Sep/2023:16:08:00 +0200] "GET /renault.activities.at/htdocs/binaries/10223415.pdf HTTP/1.0" 404 311 "http://212.69.160.11:443/renault.activities.at/htdocs/binaries/" "Mozilla/5.0 (Linux; Android 5.0) AppleWebKit/537.36 (KHTML, like Gecko) Mobile Safari/537.36 (compatible; Bytespider; spider-feedback@bytedance.com)"
77.119.162.161 - - [18/Sep/2023:16:08:07 +0200] "GET /entry.php?id=10271&&ser=46027 HTTP/1.1" 200 987 "http://hausegger.activities.at/entry.php?id=10271&&ser=45966" "Mozilla/5.0 (Windows NT 10.0; Win64; x64) AppleWebKit/537.36 (KHTML, like Gecko) Chrome/116.0.0.0 Safari/537.36"
77.119.162.161 - - [18/Sep/2023:16:08:08 +0200] "GET /gui/javascript/form_form.js?1695046088 HTTP/1.1" 200 16206 "http://hausegger.activities.at/entry.php?id=10271&&ser=46027" "Mozilla/5.0 (Windows NT 10.0; Win64; x64) AppleWebKit/537.36 (KHTML, like Gecko) Chrome/116.0.0.0 Safari/537.36"
156.59.198.135 - - [18/Sep/2023:16:08:24 +0200] "GET /renault.activities.at/htdocs/binaries/10228523.pdf HTTP/1.0" 404 311 "http://212.69.160.11:443/renault.activities.at/htdocs/binaries/" "Mozilla/5.0 (Linux; Android 5.0) AppleWebKit/537.36 (KHTML, like Gecko) Mobile Safari/537.36 (compatible; Bytespider; spider-feedback@bytedance.com)"
77.119.162.161 - - [18/Sep/2023:16:08:47 +0200] "GET /entry.php?id=10828 HTTP/1.1" 200 9142 "http://hausegger.activities.at/entry.php?id=10270&__app__=10006038" "Mozilla/5.0 (Windows NT 10.0; Win64; x64; rv:109.0) Gecko/20100101 Firefox/117.0"
77.119.162.161 - - [18/Sep/2023:16:08:48 +0200] "GET /gui/javascript/form_form.js?1695046127 HTTP/1.1" 200 16206 "http://hausegger.activities.at/entry.php?id=10828" "Mozilla/5.0 (Windows NT 10.0; Win64; x64; rv:109.0) Gecko/20100101 Firefox/117.0"
77.119.162.161 - - [18/Sep/2023:16:08:48 +0200] "GET /entry.php?id=10889&document_id=& HTTP/1.1" 200 1510 "http://hausegger.activities.at/entry.php?id=10828" "Mozilla/5.0 (Windows NT 10.0; Win64; x64; rv:109.0) Gecko/20100101 Firefox/117.0"
77.119.162.161 - - [18/Sep/2023:16:08:48 +0200] "GET /gui/javascript/form_form.js?1695046128 HTTP/1.1" 200 16206 "http://hausegger.activities.at/entry.php?id=10889&document_id=&" "Mozilla/5.0 (Windows NT 10.0; Win64; x64; rv:109.0) Gecko/20100101 Firefox/117.0"
77.119.162.161 - - [18/Sep/2023:16:08:48 +0200] "GET /entry.php?id=10271&&ser=46068 HTTP/1.1" 200 987 "http://hausegger.activities.at/entry.php?id=10271&&ser=46007" "Mozilla/5.0 (Windows NT 10.0; Win64; x64; rv:109.0) Gecko/20100101 Firefox/117.0"
156.59.198.136 - - [18/Sep/2023:16:08:48 +0200] "GET /renault.activities.at/htdocs/binaries/10665041.pdf HTTP/1.0" 404 311 "http://212.69.160.11:443/renault.activities.at/htdocs/binaries/" "Mozilla/5.0 (Linux; Android 5.0) AppleWebKit/537.36 (KHTML, like Gecko) Mobile Safari/537.36 (compatible; Bytespider; spider-feedback@bytedance.com)"
77.119.162.161 - - [18/Sep/2023:16:08:50 +0200] "GET /entry.php?id=11237&type=10665 HTTP/1.1" 200 276 "http://hausegger.activities.at/entry.php?id=10828" "Mozilla/5.0 (Windows NT 10.0; Win64; x64; rv:109.0) Gecko/20100101 Firefox/117.0"
77.119.162.161 - - [18/Sep/2023:16:08:51 +0200] "GET /entry.php?id=10676&&title=Belegsuche HTTP/1.1" 200 1391 "http://hausegger.activities.at/entry.php?id=11237&type=10665" "Mozilla/5.0 (Windows NT 10.0; Win64; x64; rv:109.0) Gecko/20100101 Firefox/117.0"
77.119.162.161 - - [18/Sep/2023:16:08:51 +0200] "GET /gui/javascript/form_form.js?1695046131 HTTP/1.1" 200 16206 "http://hausegger.activities.at/entry.php?id=10676&&title=Belegsuche" "Mozilla/5.0 (Windows NT 10.0; Win64; x64; rv:109.0) Gecko/20100101 Firefox/117.0"
77.119.162.161 - - [18/Sep/2023:16:08:51 +0200] "GET /entry.php?id=11240&mode=document&form=10665& HTTP/1.1" 200 2671 "http://hausegger.activities.at/entry.php?id=11237&type=10665" "Mozilla/5.0 (Windows NT 10.0; Win64; x64; rv:109.0) Gecko/20100101 Firefox/117.0"
77.119.162.161 - - [18/Sep/2023:16:08:51 +0200] "GET /gui/javascript/form_bu_document_workflow.js?1695046131 HTTP/1.1" 200 4900 "http://hausegger.activities.at/entry.php?id=11240&mode=document&form=10665&" "Mozilla/5.0 (Windows NT 10.0; Win64; x64; rv:109.0) Gecko/20100101 Firefox/117.0"
77.119.162.161 - - [18/Sep/2023:16:08:51 +0200] "GET /entry.php?id=11238&mode=document&form=10665& HTTP/1.1" 200 3304 "http://hausegger.activities.at/entry.php?id=11237&type=10665" "Mozilla/5.0 (Windows NT 10.0; Win64; x64; rv:109.0) Gecko/20100101 Firefox/117.0"
77.119.162.161 - - [18/Sep/2023:16:08:51 +0200] "GET /entry.php?id=11239&mode=document&form=10665& HTTP/1.1" 200 2017 "http://hausegger.activities.at/entry.php?id=11237&type=10665" "Mozilla/5.0 (Windows NT 10.0; Win64; x64; rv:109.0) Gecko/20100101 Firefox/117.0"
77.119.162.161 - - [18/Sep/2023:16:08:51 +0200] "GET /entry.php?id=10776&form=11066&name=list& HTTP/1.1" 200 1513 "http://hausegger.activities.at/entry.php?id=11240&mode=document&form=10665&" "Mozilla/5.0 (Windows NT 10.0; Win64; x64; rv:109.0) Gecko/20100101 Firefox/117.0"
77.119.162.161 - - [18/Sep/2023:16:08:51 +0200] "GET /entry.php?id=10778&form=11066&name=list& HTTP/1.1" 200 2586 "http://hausegger.activities.at/entry.php?id=11240&mode=document&form=10665&" "Mozilla/5.0 (Windows NT 10.0; Win64; x64; rv:109.0) Gecko/20100101 Firefox/117.0"
77.119.162.161 - - [18/Sep/2023:16:08:52 +0200] "POST /entry.php?id=11240 HTTP/1.1" 200 2673 "http://hausegger.activities.at/entry.php?id=11240&mode=document&form=10665&" "Mozilla/5.0 (Windows NT 10.0; Win64; x64; rv:109.0) Gecko/20100101 Firefox/117.0"
77.119.162.161 - - [18/Sep/2023:16:08:52 +0200] "GET /gui/javascript/form_bu_document_workflow.js?1695046132 HTTP/1.1" 200 4900 "http://hausegger.activities.at/entry.php?id=11240" "Mozilla/5.0 (Windows NT 10.0; Win64; x64; rv:109.0) Gecko/20100101 Firefox/117.0"
77.119.162.161 - - [18/Sep/2023:16:08:52 +0200] "GET /gui/javascript/form_form.js?1695046132 HTTP/1.1" 200 16206 "http://hausegger.activities.at/entry.php?id=11240" "Mozilla/5.0 (Windows NT 10.0; Win64; x64; rv:109.0) Gecko/20100101 Firefox/117.0"
77.119.162.161 - - [18/Sep/2023:16:08:52 +0200] "GET /entry.php?id=10776&form=11066&name=list& HTTP/1.1" 200 1513 "http://hausegger.activities.at/entry.php?id=11240" "Mozilla/5.0 (Windows NT 10.0; Win64; x64; rv:109.0) Gecko/20100101 Firefox/117.0"
77.119.162.161 - - [18/Sep/2023:16:08:52 +0200] "GET /entry.php?id=10778&form=11066&name=list& HTTP/1.1" 200 2772 "http://hausegger.activities.at/entry.php?id=11240" "Mozilla/5.0 (Windows NT 10.0; Win64; x64; rv:109.0) Gecko/20100101 Firefox/117.0"
77.119.162.161 - - [18/Sep/2023:16:08:57 +0200] "POST /entry.php?id=10828 HTTP/1.1" 200 8714 "http://hausegger.activities.at/entry.php?id=10828" "Mozilla/5.0 (Windows NT 10.0; Win64; x64; rv:109.0) Gecko/20100101 Firefox/117.0"
77.119.162.161 - - [18/Sep/2023:16:08:57 +0200] "GET /gui/javascript/form_form.js?1695046137 HTTP/1.1" 200 16206 "http://hausegger.activities.at/entry.php?id=10828" "Mozilla/5.0 (Windows NT 10.0; Win64; x64; rv:109.0) Gecko/20100101 Firefox/117.0"
77.119.162.161 - - [18/Sep/2023:16:08:57 +0200] "GET /entry.php?id=10889&document_id=10328422& HTTP/1.1" 200 1509 "http://hausegger.activities.at/entry.php?id=10828" "Mozilla/5.0 (Windows NT 10.0; Win64; x64; rv:109.0) Gecko/20100101 Firefox/117.0"
77.119.162.161 - - [18/Sep/2023:16:09:04 +0200] "POST /entry.php?id=10828 HTTP/1.1" 200 8775 "http://hausegger.activities.at/entry.php?id=10828" "Mozilla/5.0 (Windows NT 10.0; Win64; x64; rv:109.0) Gecko/20100101 Firefox/117.0"
77.119.162.161 - - [18/Sep/2023:16:09:05 +0200] "GET /gui/javascript/form_form.js?1695046145 HTTP/1.1" 200 16206 "http://hausegger.activities.at/entry.php?id=10828" "Mozilla/5.0 (Windows NT 10.0; Win64; x64; rv:109.0) Gecko/20100101 Firefox/117.0"
77.119.162.161 - - [18/Sep/2023:16:09:05 +0200] "GET /entry.php?id=10889&document_id=10328422& HTTP/1.1" 200 1510 "http://hausegger.activities.at/entry.php?id=10828" "Mozilla/5.0 (Windows NT 10.0; Win64; x64; rv:109.0) Gecko/20100101 Firefox/117.0"
77.119.162.161 - - [18/Sep/2023:16:09:08 +0200] "GET /entry.php?id=10271&&ser=46088 HTTP/1.1" 200 987 "http://hausegger.activities.at/entry.php?id=10271&&ser=46027" "Mozilla/5.0 (Windows NT 10.0; Win64; x64) AppleWebKit/537.36 (KHTML, like Gecko) Chrome/116.0.0.0 Safari/537.36"
77.119.162.161 - - [18/Sep/2023:16:09:09 +0200] "GET /gui/javascript/form_form.js?1695046149 HTTP/1.1" 200 16206 "http://hausegger.activities.at/entry.php?id=10271&&ser=46088" "Mozilla/5.0 (Windows NT 10.0; Win64; x64) AppleWebKit/537.36 (KHTML, like Gecko) Chrome/116.0.0.0 Safari/537.36"
