77.119.162.161 - - [18/Sep/2023:11:53:08 +0200] "GET /entry.php?id=10271&&ser=30728 HTTP/1.1" 200 987 "http://hausegger.activities.at/entry.php?id=10271&&ser=30667" "Mozilla/5.0 (Windows NT 10.0; Win64; x64; rv:109.0) Gecko/20100101 Firefox/117.0"
77.119.162.161 - - [18/Sep/2023:11:53:08 +0200] "GET /gui/javascript/form_form.js?1695030788 HTTP/1.1" 200 16206 "http://hausegger.activities.at/entry.php?id=10271&&ser=30728" "Mozilla/5.0 (Windows NT 10.0; Win64; x64; rv:109.0) Gecko/20100101 Firefox/117.0"
77.119.162.161 - - [18/Sep/2023:11:53:59 +0200] "GET /entry.php?id=10271&&ser=30778 HTTP/1.1" 200 987 "http://hausegger.activities.at/entry.php?id=10271&&ser=30717" "Mozilla/5.0 (Windows NT 10.0; Win64; x64) AppleWebKit/537.36 (KHTML, like Gecko) Chrome/116.0.0.0 Safari/537.36"
77.119.162.161 - - [18/Sep/2023:11:53:59 +0200] "GET /gui/javascript/form_form.js?1695030839 HTTP/1.1" 200 16206 "http://hausegger.activities.at/entry.php?id=10271&&ser=30778" "Mozilla/5.0 (Windows NT 10.0; Win64; x64) AppleWebKit/537.36 (KHTML, like Gecko) Chrome/116.0.0.0 Safari/537.36"
77.119.162.161 - - [18/Sep/2023:11:54:08 +0200] "GET /entry.php?id=10271&&ser=30788 HTTP/1.1" 200 987 "http://hausegger.activities.at/entry.php?id=10271&&ser=30728" "Mozilla/5.0 (Windows NT 10.0; Win64; x64; rv:109.0) Gecko/20100101 Firefox/117.0"
77.119.162.161 - - [18/Sep/2023:11:54:08 +0200] "GET /gui/javascript/form_form.js?1695030848 HTTP/1.1" 200 16206 "http://hausegger.activities.at/entry.php?id=10271&&ser=30788" "Mozilla/5.0 (Windows NT 10.0; Win64; x64; rv:109.0) Gecko/20100101 Firefox/117.0"
77.119.162.161 - - [18/Sep/2023:11:54:38 +0200] "POST /entry.php?id=10828 HTTP/1.1" 200 9330 "http://hausegger.activities.at/entry.php?id=10828" "Mozilla/5.0 (Windows NT 10.0; Win64; x64; rv:109.0) Gecko/20100101 Firefox/117.0"
77.119.162.161 - - [18/Sep/2023:11:54:38 +0200] "GET /gui/javascript/form_form.js?1695030878 HTTP/1.1" 200 16206 "http://hausegger.activities.at/entry.php?id=10828" "Mozilla/5.0 (Windows NT 10.0; Win64; x64; rv:109.0) Gecko/20100101 Firefox/117.0"
77.119.162.161 - - [18/Sep/2023:11:54:38 +0200] "GET /entry.php?id=10889&document_id=& HTTP/1.1" 200 1508 "http://hausegger.activities.at/entry.php?id=10828" "Mozilla/5.0 (Windows NT 10.0; Win64; x64; rv:109.0) Gecko/20100101 Firefox/117.0"
77.119.162.161 - - [18/Sep/2023:11:54:42 +0200] "GET /entry.php?id=10877&mode=loadSearchCustomer&obj=number&tag=debitor&value=wa&ser=1695026714160 HTTP/1.1" 200 221 "http://hausegger.activities.at/entry.php?id=10828" "Mozilla/5.0 (Windows NT 10.0; Win64; x64; rv:109.0) Gecko/20100101 Firefox/117.0"
77.119.162.161 - - [18/Sep/2023:11:54:42 +0200] "GET /entry.php?id=10877&mode=loadSearchCustomer&obj=number&tag=debitor&value=wa&ser=1695026714296 HTTP/1.1" 200 221 "http://hausegger.activities.at/entry.php?id=10828" "Mozilla/5.0 (Windows NT 10.0; Win64; x64; rv:109.0) Gecko/20100101 Firefox/117.0"
77.119.162.161 - - [18/Sep/2023:11:54:43 +0200] "POST /entry.php?id=10889 HTTP/1.1" 200 1774 "http://hausegger.activities.at/entry.php?id=10889&document_id=&" "Mozilla/5.0 (Windows NT 10.0; Win64; x64; rv:109.0) Gecko/20100101 Firefox/117.0"
77.119.162.161 - - [18/Sep/2023:11:54:43 +0200] "GET /gui/javascript/form_form.js?1695030883 HTTP/1.1" 200 16206 "http://hausegger.activities.at/entry.php?id=10889" "Mozilla/5.0 (Windows NT 10.0; Win64; x64; rv:109.0) Gecko/20100101 Firefox/117.0"
77.119.162.161 - - [18/Sep/2023:11:55:00 +0200] "GET /entry.php?id=10271&&ser=30839 HTTP/1.1" 200 987 "http://hausegger.activities.at/entry.php?id=10271&&ser=30778" "Mozilla/5.0 (Windows NT 10.0; Win64; x64) AppleWebKit/537.36 (KHTML, like Gecko) Chrome/116.0.0.0 Safari/537.36"
77.119.162.161 - - [18/Sep/2023:11:55:00 +0200] "GET /gui/javascript/form_form.js?1695030900 HTTP/1.1" 200 16206 "http://hausegger.activities.at/entry.php?id=10271&&ser=30839" "Mozilla/5.0 (Windows NT 10.0; Win64; x64) AppleWebKit/537.36 (KHTML, like Gecko) Chrome/116.0.0.0 Safari/537.36"
77.119.162.161 - - [18/Sep/2023:11:55:09 +0200] "GET /entry.php?id=10271&&ser=30848 HTTP/1.1" 200 987 "http://hausegger.activities.at/entry.php?id=10271&&ser=30788" "Mozilla/5.0 (Windows NT 10.0; Win64; x64; rv:109.0) Gecko/20100101 Firefox/117.0"
77.119.162.161 - - [18/Sep/2023:11:55:09 +0200] "GET /gui/javascript/form_form.js?1695030909 HTTP/1.1" 200 16206 "http://hausegger.activities.at/entry.php?id=10271&&ser=30848" "Mozilla/5.0 (Windows NT 10.0; Win64; x64; rv:109.0) Gecko/20100101 Firefox/117.0"
77.119.162.161 - - [18/Sep/2023:11:55:21 +0200] "POST /entry.php?id=10828 HTTP/1.1" 200 8782 "http://hausegger.activities.at/entry.php?id=10828" "Mozilla/5.0 (Windows NT 10.0; Win64; x64; rv:109.0) Gecko/20100101 Firefox/117.0"
77.119.162.161 - - [18/Sep/2023:11:55:22 +0200] "GET /gui/javascript/form_form.js?1695030922 HTTP/1.1" 200 16206 "http://hausegger.activities.at/entry.php?id=10828" "Mozilla/5.0 (Windows NT 10.0; Win64; x64; rv:109.0) Gecko/20100101 Firefox/117.0"
77.119.162.161 - - [18/Sep/2023:11:55:22 +0200] "GET /entry.php?id=10889&document_id=10328265& HTTP/1.1" 200 1509 "http://hausegger.activities.at/entry.php?id=10828" "Mozilla/5.0 (Windows NT 10.0; Win64; x64; rv:109.0) Gecko/20100101 Firefox/117.0"
77.119.162.161 - - [18/Sep/2023:11:55:23 +0200] "POST /entry.php?id=10828 HTTP/1.1" 200 4984 "http://hausegger.activities.at/entry.php?id=10828" "Mozilla/5.0 (Windows NT 10.0; Win64; x64; rv:109.0) Gecko/20100101 Firefox/117.0"
77.119.162.161 - - [18/Sep/2023:11:55:24 +0200] "GET /gui/javascript/form_form.js?1695030924 HTTP/1.1" 200 16206 "http://hausegger.activities.at/entry.php?id=10828" "Mozilla/5.0 (Windows NT 10.0; Win64; x64; rv:109.0) Gecko/20100101 Firefox/117.0"
77.119.162.161 - - [18/Sep/2023:11:55:24 +0200] "GET /entry.php?id=10889&document_id=10328265& HTTP/1.1" 200 1509 "http://hausegger.activities.at/entry.php?id=10828" "Mozilla/5.0 (Windows NT 10.0; Win64; x64; rv:109.0) Gecko/20100101 Firefox/117.0"
77.119.162.161 - - [18/Sep/2023:11:56:01 +0200] "GET /entry.php?id=10271&&ser=30900 HTTP/1.1" 200 986 "http://hausegger.activities.at/entry.php?id=10271&&ser=30839" "Mozilla/5.0 (Windows NT 10.0; Win64; x64) AppleWebKit/537.36 (KHTML, like Gecko) Chrome/116.0.0.0 Safari/537.36"
77.119.162.161 - - [18/Sep/2023:11:56:01 +0200] "GET /gui/javascript/form_form.js?1695030961 HTTP/1.1" 200 16206 "http://hausegger.activities.at/entry.php?id=10271&&ser=30900" "Mozilla/5.0 (Windows NT 10.0; Win64; x64) AppleWebKit/537.36 (KHTML, like Gecko) Chrome/116.0.0.0 Safari/537.36"
77.119.162.161 - - [18/Sep/2023:11:56:09 +0200] "GET /entry.php?id=10271&&ser=30909 HTTP/1.1" 200 987 "http://hausegger.activities.at/entry.php?id=10271&&ser=30848" "Mozilla/5.0 (Windows NT 10.0; Win64; x64; rv:109.0) Gecko/20100101 Firefox/117.0"
77.119.162.161 - - [18/Sep/2023:11:56:09 +0200] "GET /gui/javascript/form_form.js?1695030969 HTTP/1.1" 200 16206 "http://hausegger.activities.at/entry.php?id=10271&&ser=30909" "Mozilla/5.0 (Windows NT 10.0; Win64; x64; rv:109.0) Gecko/20100101 Firefox/117.0"
77.119.162.161 - - [18/Sep/2023:11:56:09 +0200] "POST /entry.php?id=10828 HTTP/1.1" 200 4994 "http://hausegger.activities.at/entry.php?id=10828" "Mozilla/5.0 (Windows NT 10.0; Win64; x64; rv:109.0) Gecko/20100101 Firefox/117.0"
77.119.162.161 - - [18/Sep/2023:11:56:10 +0200] "GET /gui/javascript/form_form.js?1695030970 HTTP/1.1" 200 16206 "http://hausegger.activities.at/entry.php?id=10828" "Mozilla/5.0 (Windows NT 10.0; Win64; x64; rv:109.0) Gecko/20100101 Firefox/117.0"
77.119.162.161 - - [18/Sep/2023:11:56:10 +0200] "GET /entry.php?id=10889&document_id=10328265& HTTP/1.1" 200 1509 "http://hausegger.activities.at/entry.php?id=10828" "Mozilla/5.0 (Windows NT 10.0; Win64; x64; rv:109.0) Gecko/20100101 Firefox/117.0"
77.119.162.161 - - [18/Sep/2023:11:56:11 +0200] "POST /entry.php?id=10828 HTTP/1.1" 200 4785 "http://hausegger.activities.at/entry.php?id=10828" "Mozilla/5.0 (Windows NT 10.0; Win64; x64; rv:109.0) Gecko/20100101 Firefox/117.0"
77.119.162.161 - - [18/Sep/2023:11:56:11 +0200] "GET /gui/javascript/form_form.js?1695030971 HTTP/1.1" 200 16206 "http://hausegger.activities.at/entry.php?id=10828" "Mozilla/5.0 (Windows NT 10.0; Win64; x64; rv:109.0) Gecko/20100101 Firefox/117.0"
77.119.162.161 - - [18/Sep/2023:11:56:11 +0200] "GET /entry.php?id=10830&&object=10328265&account=&mode=documentdebitor HTTP/1.1" 200 3131 "http://hausegger.activities.at/entry.php?id=10828" "Mozilla/5.0 (Windows NT 10.0; Win64; x64; rv:109.0) Gecko/20100101 Firefox/117.0"
77.119.162.161 - - [18/Sep/2023:11:56:11 +0200] "GET /entry.php?id=10889&document_id=10328265& HTTP/1.1" 200 1509 "http://hausegger.activities.at/entry.php?id=10828" "Mozilla/5.0 (Windows NT 10.0; Win64; x64; rv:109.0) Gecko/20100101 Firefox/117.0"
77.119.162.161 - - [18/Sep/2023:11:56:12 +0200] "POST /entry.php?id=10889 HTTP/1.1" 200 1581 "http://hausegger.activities.at/entry.php?id=10889&document_id=10328265&" "Mozilla/5.0 (Windows NT 10.0; Win64; x64; rv:109.0) Gecko/20100101 Firefox/117.0"
77.119.162.161 - - [18/Sep/2023:11:56:12 +0200] "GET /gui/javascript/form_form.js?1695030972 HTTP/1.1" 200 16206 "http://hausegger.activities.at/entry.php?id=10889" "Mozilla/5.0 (Windows NT 10.0; Win64; x64; rv:109.0) Gecko/20100101 Firefox/117.0"
77.119.162.161 - - [18/Sep/2023:11:56:13 +0200] "GET /entry.php?id=10877&mode=loadSearchArticle&obj=article_1&tag=debit&refobject=10328265&value=1&ser=1695026805983 HTTP/1.1" 200 33134 "http://hausegger.activities.at/entry.php?id=10830&&object=10328265&account=&mode=documentdebitor" "Mozilla/5.0 (Windows NT 10.0; Win64; x64; rv:109.0) Gecko/20100101 Firefox/117.0"
77.119.162.161 - - [18/Sep/2023:11:56:14 +0200] "GET /entry.php?id=10877&mode=loadSearchArticle&obj=article_1&tag=debit&refobject=10328265&value=13&ser=1695026806240 HTTP/1.1" 200 7206 "http://hausegger.activities.at/entry.php?id=10830&&object=10328265&account=&mode=documentdebitor" "Mozilla/5.0 (Windows NT 10.0; Win64; x64; rv:109.0) Gecko/20100101 Firefox/117.0"
77.119.162.161 - - [18/Sep/2023:11:56:14 +0200] "GET /entry.php?id=10877&mode=loadSearchArticle&obj=article_1&tag=debit&refobject=10328265&value=135&ser=1695026806472 HTTP/1.1" 200 1479 "http://hausegger.activities.at/entry.php?id=10830&&object=10328265&account=&mode=documentdebitor" "Mozilla/5.0 (Windows NT 10.0; Win64; x64; rv:109.0) Gecko/20100101 Firefox/117.0"
77.119.162.161 - - [18/Sep/2023:11:56:14 +0200] "GET /entry.php?id=10877&mode=loadSearchArticle&obj=article_1&tag=debit&refobject=10328265&value=1352&ser=1695026806736 HTTP/1.1" 200 579 "http://hausegger.activities.at/entry.php?id=10830&&object=10328265&account=&mode=documentdebitor" "Mozilla/5.0 (Windows NT 10.0; Win64; x64; rv:109.0) Gecko/20100101 Firefox/117.0"
77.119.162.161 - - [18/Sep/2023:11:56:14 +0200] "GET /entry.php?id=10877&mode=loadSearchArticle&obj=article_1&tag=debit&refobject=10328265&value=13528&ser=1695026806968 HTTP/1.1" 200 382 "http://hausegger.activities.at/entry.php?id=10830&&object=10328265&account=&mode=documentdebitor" "Mozilla/5.0 (Windows NT 10.0; Win64; x64; rv:109.0) Gecko/20100101 Firefox/117.0"
77.119.162.161 - - [18/Sep/2023:11:56:15 +0200] "GET /entry.php?id=10877&mode=loadSearchArticle&obj=article_1&tag=debit&refobject=10328265&value=135286&ser=1695026807215 HTTP/1.1" 200 356 "http://hausegger.activities.at/entry.php?id=10830&&object=10328265&account=&mode=documentdebitor" "Mozilla/5.0 (Windows NT 10.0; Win64; x64; rv:109.0) Gecko/20100101 Firefox/117.0"
77.119.162.161 - - [18/Sep/2023:11:56:15 +0200] "GET /entry.php?id=10877&mode=loadSearchArticle&obj=article_1&tag=debit&refobject=10328265&value=1352862&ser=1695026807448 HTTP/1.1" 200 331 "http://hausegger.activities.at/entry.php?id=10830&&object=10328265&account=&mode=documentdebitor" "Mozilla/5.0 (Windows NT 10.0; Win64; x64; rv:109.0) Gecko/20100101 Firefox/117.0"
77.119.162.161 - - [18/Sep/2023:11:56:15 +0200] "GET /entry.php?id=10877&mode=loadSearchArticle&obj=article_1&tag=debit&refobject=10328265&value=13528624&ser=1695026807696 HTTP/1.1" 200 270 "http://hausegger.activities.at/entry.php?id=10830&&object=10328265&account=&mode=documentdebitor" "Mozilla/5.0 (Windows NT 10.0; Win64; x64; rv:109.0) Gecko/20100101 Firefox/117.0"
77.119.162.161 - - [18/Sep/2023:11:56:17 +0200] "POST /entry.php?id=10889 HTTP/1.1" 200 1545 "http://hausegger.activities.at/entry.php?id=10889" "Mozilla/5.0 (Windows NT 10.0; Win64; x64; rv:109.0) Gecko/20100101 Firefox/117.0"
77.119.162.161 - - [18/Sep/2023:11:56:17 +0200] "GET /gui/javascript/form_form.js?1695030977 HTTP/1.1" 200 16206 "http://hausegger.activities.at/entry.php?id=10889" "Mozilla/5.0 (Windows NT 10.0; Win64; x64; rv:109.0) Gecko/20100101 Firefox/117.0"
77.119.162.161 - - [18/Sep/2023:11:56:19 +0200] "GET /entry.php?id=10877&mode=loadSearchArticle&obj=article_1&tag=debit&refobject=10328265&value=N&ser=1695026811496 HTTP/1.1" 200 847 "http://hausegger.activities.at/entry.php?id=10830&&object=10328265&account=&mode=documentdebitor" "Mozilla/5.0 (Windows NT 10.0; Win64; x64; rv:109.0) Gecko/20100101 Firefox/117.0"
77.119.162.161 - - [18/Sep/2023:11:56:19 +0200] "GET /entry.php?id=10877&mode=loadSearchArticle&obj=article_1&tag=debit&refobject=10328265&value=NE&ser=1695026811727 HTTP/1.1" 200 285 "http://hausegger.activities.at/entry.php?id=10830&&object=10328265&account=&mode=documentdebitor" "Mozilla/5.0 (Windows NT 10.0; Win64; x64; rv:109.0) Gecko/20100101 Firefox/117.0"
77.119.162.161 - - [18/Sep/2023:11:56:19 +0200] "GET /entry.php?id=10877&mode=loadSearchArticle&obj=article_1&tag=debit&refobject=10328265&value=NE&ser=1695026811840 HTTP/1.1" 200 285 "http://hausegger.activities.at/entry.php?id=10830&&object=10328265&account=&mode=documentdebitor" "Mozilla/5.0 (Windows NT 10.0; Win64; x64; rv:109.0) Gecko/20100101 Firefox/117.0"
77.119.162.161 - - [18/Sep/2023:11:56:20 +0200] "GET /entry.php?id=10877&mode=loadSearchArticle&obj=article_1&tag=debit&refobject=10328265&value=N&ser=1695026812128 HTTP/1.1" 200 847 "http://hausegger.activities.at/entry.php?id=10830&&object=10328265&account=&mode=documentdebitor" "Mozilla/5.0 (Windows NT 10.0; Win64; x64; rv:109.0) Gecko/20100101 Firefox/117.0"
77.119.162.161 - - [18/Sep/2023:11:56:21 +0200] "GET /entry.php?id=10877&mode=loadSearchArticle&obj=article_1&tag=debit&refobject=10328265&value=1&ser=1695026813615 HTTP/1.1" 200 33134 "http://hausegger.activities.at/entry.php?id=10830&&object=10328265&account=&mode=documentdebitor" "Mozilla/5.0 (Windows NT 10.0; Win64; x64; rv:109.0) Gecko/20100101 Firefox/117.0"
77.119.162.161 - - [18/Sep/2023:11:56:21 +0200] "GET /entry.php?id=10877&mode=loadSearchArticle&obj=article_1&tag=debit&refobject=10328265&value=13&ser=1695026813856 HTTP/1.1" 200 7206 "http://hausegger.activities.at/entry.php?id=10830&&object=10328265&account=&mode=documentdebitor" "Mozilla/5.0 (Windows NT 10.0; Win64; x64; rv:109.0) Gecko/20100101 Firefox/117.0"
77.119.162.161 - - [18/Sep/2023:11:56:22 +0200] "GET /entry.php?id=10877&mode=loadSearchArticle&obj=article_1&tag=debit&refobject=10328265&value=135&ser=1695026814152 HTTP/1.1" 200 1479 "http://hausegger.activities.at/entry.php?id=10830&&object=10328265&account=&mode=documentdebitor" "Mozilla/5.0 (Windows NT 10.0; Win64; x64; rv:109.0) Gecko/20100101 Firefox/117.0"
77.119.162.161 - - [18/Sep/2023:11:56:22 +0200] "GET /entry.php?id=10877&mode=loadSearchArticle&obj=article_1&tag=debit&refobject=10328265&value=1352&ser=1695026814385 HTTP/1.1" 200 579 "http://hausegger.activities.at/entry.php?id=10830&&object=10328265&account=&mode=documentdebitor" "Mozilla/5.0 (Windows NT 10.0; Win64; x64; rv:109.0) Gecko/20100101 Firefox/117.0"
77.119.162.161 - - [18/Sep/2023:11:56:22 +0200] "GET /entry.php?id=10877&mode=loadSearchArticle&obj=article_1&tag=debit&refobject=10328265&value=13528&ser=1695026814656 HTTP/1.1" 200 382 "http://hausegger.activities.at/entry.php?id=10830&&object=10328265&account=&mode=documentdebitor" "Mozilla/5.0 (Windows NT 10.0; Win64; x64; rv:109.0) Gecko/20100101 Firefox/117.0"
77.119.162.161 - - [18/Sep/2023:11:56:22 +0200] "GET /entry.php?id=10877&mode=loadSearchArticle&obj=article_1&tag=debit&refobject=10328265&value=135286&ser=1695026814888 HTTP/1.1" 200 356 "http://hausegger.activities.at/entry.php?id=10830&&object=10328265&account=&mode=documentdebitor" "Mozilla/5.0 (Windows NT 10.0; Win64; x64; rv:109.0) Gecko/20100101 Firefox/117.0"
77.119.162.161 - - [18/Sep/2023:11:56:23 +0200] "GET /entry.php?id=10877&mode=loadSearchArticle&obj=article_1&tag=debit&refobject=10328265&value=1352862&ser=1695026815104 HTTP/1.1" 200 331 "http://hausegger.activities.at/entry.php?id=10830&&object=10328265&account=&mode=documentdebitor" "Mozilla/5.0 (Windows NT 10.0; Win64; x64; rv:109.0) Gecko/20100101 Firefox/117.0"
77.119.162.161 - - [18/Sep/2023:11:56:23 +0200] "GET /entry.php?id=10877&mode=loadSearchArticle&obj=article_1&tag=debit&refobject=10328265&value=13528624&ser=1695026815304 HTTP/1.1" 200 270 "http://hausegger.activities.at/entry.php?id=10830&&object=10328265&account=&mode=documentdebitor" "Mozilla/5.0 (Windows NT 10.0; Win64; x64; rv:109.0) Gecko/20100101 Firefox/117.0"
77.119.162.161 - - [18/Sep/2023:11:56:25 +0200] "POST /entry.php?id=10889 HTTP/1.1" 200 1906 "http://hausegger.activities.at/entry.php?id=10889" "Mozilla/5.0 (Windows NT 10.0; Win64; x64; rv:109.0) Gecko/20100101 Firefox/117.0"
77.119.162.161 - - [18/Sep/2023:11:56:25 +0200] "GET /gui/javascript/form_form.js?1695030985 HTTP/1.1" 200 16206 "http://hausegger.activities.at/entry.php?id=10889" "Mozilla/5.0 (Windows NT 10.0; Win64; x64; rv:109.0) Gecko/20100101 Firefox/117.0"
77.119.162.161 - - [18/Sep/2023:11:56:25 +0200] "POST /entry.php?id=10889 HTTP/1.1" 200 1681 "http://hausegger.activities.at/entry.php?id=10889" "Mozilla/5.0 (Windows NT 10.0; Win64; x64; rv:109.0) Gecko/20100101 Firefox/117.0"
77.119.162.161 - - [18/Sep/2023:11:56:27 +0200] "POST /entry.php?id=10889 HTTP/1.1" 200 1830 "http://hausegger.activities.at/entry.php?id=10889" "Mozilla/5.0 (Windows NT 10.0; Win64; x64; rv:109.0) Gecko/20100101 Firefox/117.0"
77.119.162.161 - - [18/Sep/2023:11:56:27 +0200] "GET /gui/javascript/form_form.js?1695030987 HTTP/1.1" 200 16206 "http://hausegger.activities.at/entry.php?id=10889" "Mozilla/5.0 (Windows NT 10.0; Win64; x64; rv:109.0) Gecko/20100101 Firefox/117.0"
77.119.162.161 - - [18/Sep/2023:11:56:29 +0200] "GET /entry.php?id=11270&document=10328265 HTTP/1.1" 200 1974 "http://hausegger.activities.at/entry.php?id=10828" "Mozilla/5.0 (Windows NT 10.0; Win64; x64; rv:109.0) Gecko/20100101 Firefox/117.0"
77.119.162.161 - - [18/Sep/2023:11:56:29 +0200] "GET /gui/javascript/form_bu_document.js?1695030989 HTTP/1.1" 200 2675 "http://hausegger.activities.at/entry.php?id=11270&document=10328265" "Mozilla/5.0 (Windows NT 10.0; Win64; x64; rv:109.0) Gecko/20100101 Firefox/117.0"
77.119.162.161 - - [18/Sep/2023:11:56:29 +0200] "GET /gui/javascript/form_form.js?1695030989 HTTP/1.1" 200 16206 "http://hausegger.activities.at/entry.php?id=11270&document=10328265" "Mozilla/5.0 (Windows NT 10.0; Win64; x64; rv:109.0) Gecko/20100101 Firefox/117.0"
77.119.162.161 - - [18/Sep/2023:11:56:29 +0200] "GET /entry.php?id=11241&images=false&document=10328265 HTTP/1.1" 200 2249 "http://hausegger.activities.at/entry.php?id=11270&document=10328265" "Mozilla/5.0 (Windows NT 10.0; Win64; x64; rv:109.0) Gecko/20100101 Firefox/117.0"
77.119.162.161 - - [18/Sep/2023:11:56:29 +0200] "GET /entry.php?id=10877&mode=observePrint HTTP/1.1" 200 58 "http://hausegger.activities.at/entry.php?id=11270&document=10328265" "Mozilla/5.0 (Windows NT 10.0; Win64; x64; rv:109.0) Gecko/20100101 Firefox/117.0"
77.119.162.161 - - [18/Sep/2023:11:57:02 +0200] "GET /entry.php?id=10271&&ser=30961 HTTP/1.1" 200 986 "http://hausegger.activities.at/entry.php?id=10271&&ser=30900" "Mozilla/5.0 (Windows NT 10.0; Win64; x64) AppleWebKit/537.36 (KHTML, like Gecko) Chrome/116.0.0.0 Safari/537.36"
77.119.162.161 - - [18/Sep/2023:11:57:02 +0200] "GET /gui/javascript/form_form.js?1695031022 HTTP/1.1" 200 16206 "http://hausegger.activities.at/entry.php?id=10271&&ser=30961" "Mozilla/5.0 (Windows NT 10.0; Win64; x64) AppleWebKit/537.36 (KHTML, like Gecko) Chrome/116.0.0.0 Safari/537.36"
77.119.162.161 - - [18/Sep/2023:11:57:09 +0200] "GET /entry.php?id=10271&&ser=30969 HTTP/1.1" 200 986 "http://hausegger.activities.at/entry.php?id=10271&&ser=30909" "Mozilla/5.0 (Windows NT 10.0; Win64; x64; rv:109.0) Gecko/20100101 Firefox/117.0"
77.119.162.161 - - [18/Sep/2023:11:57:09 +0200] "GET /gui/javascript/form_form.js?1695031029 HTTP/1.1" 200 16206 "http://hausegger.activities.at/entry.php?id=10271&&ser=30969" "Mozilla/5.0 (Windows NT 10.0; Win64; x64; rv:109.0) Gecko/20100101 Firefox/117.0"
77.119.162.161 - - [18/Sep/2023:11:57:13 +0200] "POST /entry.php?id=10828 HTTP/1.1" 200 4777 "http://hausegger.activities.at/entry.php?id=10828" "Mozilla/5.0 (Windows NT 10.0; Win64; x64; rv:109.0) Gecko/20100101 Firefox/117.0"
77.119.162.161 - - [18/Sep/2023:11:57:13 +0200] "GET /gui/javascript/form_form.js?1695031033 HTTP/1.1" 200 16206 "http://hausegger.activities.at/entry.php?id=10828" "Mozilla/5.0 (Windows NT 10.0; Win64; x64; rv:109.0) Gecko/20100101 Firefox/117.0"
77.119.162.161 - - [18/Sep/2023:11:57:13 +0200] "GET /entry.php?id=10830&&object=10328265&account=&mode=documentdebitor HTTP/1.1" 200 3974 "http://hausegger.activities.at/entry.php?id=10828" "Mozilla/5.0 (Windows NT 10.0; Win64; x64; rv:109.0) Gecko/20100101 Firefox/117.0"
77.119.162.161 - - [18/Sep/2023:11:57:13 +0200] "GET /entry.php?id=10889&document_id=10328265& HTTP/1.1" 200 1509 "http://hausegger.activities.at/entry.php?id=10828" "Mozilla/5.0 (Windows NT 10.0; Win64; x64; rv:109.0) Gecko/20100101 Firefox/117.0"
77.119.162.161 - - [18/Sep/2023:11:57:14 +0200] "GET /gui/javascript/form_form.js?1695031034 HTTP/1.1" 200 16206 "http://hausegger.activities.at/entry.php?id=10889&document_id=10328265&" "Mozilla/5.0 (Windows NT 10.0; Win64; x64; rv:109.0) Gecko/20100101 Firefox/117.0"
77.119.162.161 - - [18/Sep/2023:11:58:03 +0200] "GET /entry.php?id=10271&&ser=31022 HTTP/1.1" 200 987 "http://hausegger.activities.at/entry.php?id=10271&&ser=30961" "Mozilla/5.0 (Windows NT 10.0; Win64; x64) AppleWebKit/537.36 (KHTML, like Gecko) Chrome/116.0.0.0 Safari/537.36"
77.119.162.161 - - [18/Sep/2023:11:58:03 +0200] "GET /gui/javascript/form_form.js?1695031083 HTTP/1.1" 200 16206 "http://hausegger.activities.at/entry.php?id=10271&&ser=31022" "Mozilla/5.0 (Windows NT 10.0; Win64; x64) AppleWebKit/537.36 (KHTML, like Gecko) Chrome/116.0.0.0 Safari/537.36"
77.119.162.161 - - [18/Sep/2023:11:58:10 +0200] "GET /entry.php?id=10271&&ser=31029 HTTP/1.1" 200 987 "http://hausegger.activities.at/entry.php?id=10271&&ser=30969" "Mozilla/5.0 (Windows NT 10.0; Win64; x64; rv:109.0) Gecko/20100101 Firefox/117.0"
77.119.162.161 - - [18/Sep/2023:11:58:10 +0200] "GET /gui/javascript/form_form.js?1695031090 HTTP/1.1" 200 16206 "http://hausegger.activities.at/entry.php?id=10271&&ser=31029" "Mozilla/5.0 (Windows NT 10.0; Win64; x64; rv:109.0) Gecko/20100101 Firefox/117.0"
77.119.162.161 - - [18/Sep/2023:11:59:04 +0200] "GET /entry.php?id=10271&&ser=31083 HTTP/1.1" 200 987 "http://hausegger.activities.at/entry.php?id=10271&&ser=31022" "Mozilla/5.0 (Windows NT 10.0; Win64; x64) AppleWebKit/537.36 (KHTML, like Gecko) Chrome/116.0.0.0 Safari/537.36"
77.119.162.161 - - [18/Sep/2023:11:59:04 +0200] "GET /gui/javascript/form_form.js?1695031144 HTTP/1.1" 200 16206 "http://hausegger.activities.at/entry.php?id=10271&&ser=31083" "Mozilla/5.0 (Windows NT 10.0; Win64; x64) AppleWebKit/537.36 (KHTML, like Gecko) Chrome/116.0.0.0 Safari/537.36"
77.119.162.161 - - [18/Sep/2023:11:59:10 +0200] "GET /entry.php?id=10271&&ser=31090 HTTP/1.1" 200 987 "http://hausegger.activities.at/entry.php?id=10271&&ser=31029" "Mozilla/5.0 (Windows NT 10.0; Win64; x64; rv:109.0) Gecko/20100101 Firefox/117.0"
77.119.162.161 - - [18/Sep/2023:11:59:10 +0200] "GET /gui/javascript/form_form.js?1695031150 HTTP/1.1" 200 16206 "http://hausegger.activities.at/entry.php?id=10271&&ser=31090" "Mozilla/5.0 (Windows NT 10.0; Win64; x64; rv:109.0) Gecko/20100101 Firefox/117.0"
35.203.211.91 - - [18/Sep/2023:11:59:12 +0200] "GET / HTTP/1.1" 200 423 "-" "Expanse, a Palo Alto Networks company, searches across the global IPv4 space multiple times per day to identify customers' presences on the Internet. If you would like to be excluded from our scans, please send IP addresses/domains to: scaninfo@paloaltonetworks.com"
77.119.162.161 - - [18/Sep/2023:12:00:05 +0200] "GET /entry.php?id=10271&&ser=31144 HTTP/1.1" 200 987 "http://hausegger.activities.at/entry.php?id=10271&&ser=31083" "Mozilla/5.0 (Windows NT 10.0; Win64; x64) AppleWebKit/537.36 (KHTML, like Gecko) Chrome/116.0.0.0 Safari/537.36"
77.119.162.161 - - [18/Sep/2023:12:00:05 +0200] "GET /gui/javascript/form_form.js?1695031205 HTTP/1.1" 200 16206 "http://hausegger.activities.at/entry.php?id=10271&&ser=31144" "Mozilla/5.0 (Windows NT 10.0; Win64; x64) AppleWebKit/537.36 (KHTML, like Gecko) Chrome/116.0.0.0 Safari/537.36"
77.119.162.161 - - [18/Sep/2023:12:00:10 +0200] "GET /entry.php?id=10271&&ser=31150 HTTP/1.1" 200 987 "http://hausegger.activities.at/entry.php?id=10271&&ser=31090" "Mozilla/5.0 (Windows NT 10.0; Win64; x64; rv:109.0) Gecko/20100101 Firefox/117.0"
77.119.162.161 - - [18/Sep/2023:12:00:10 +0200] "GET /gui/javascript/form_form.js?1695031210 HTTP/1.1" 200 16206 "http://hausegger.activities.at/entry.php?id=10271&&ser=31150" "Mozilla/5.0 (Windows NT 10.0; Win64; x64; rv:109.0) Gecko/20100101 Firefox/117.0"
77.119.162.161 - - [18/Sep/2023:12:01:06 +0200] "GET /entry.php?id=10271&&ser=31205 HTTP/1.1" 200 987 "http://hausegger.activities.at/entry.php?id=10271&&ser=31144" "Mozilla/5.0 (Windows NT 10.0; Win64; x64) AppleWebKit/537.36 (KHTML, like Gecko) Chrome/116.0.0.0 Safari/537.36"
77.119.162.161 - - [18/Sep/2023:12:01:06 +0200] "GET /gui/javascript/form_form.js?1695031266 HTTP/1.1" 200 16206 "http://hausegger.activities.at/entry.php?id=10271&&ser=31205" "Mozilla/5.0 (Windows NT 10.0; Win64; x64) AppleWebKit/537.36 (KHTML, like Gecko) Chrome/116.0.0.0 Safari/537.36"
77.119.162.161 - - [18/Sep/2023:12:01:10 +0200] "GET /entry.php?id=10271&&ser=31210 HTTP/1.1" 200 987 "http://hausegger.activities.at/entry.php?id=10271&&ser=31150" "Mozilla/5.0 (Windows NT 10.0; Win64; x64; rv:109.0) Gecko/20100101 Firefox/117.0"
77.119.162.161 - - [18/Sep/2023:12:01:11 +0200] "GET /gui/javascript/form_form.js?1695031271 HTTP/1.1" 200 16206 "http://hausegger.activities.at/entry.php?id=10271&&ser=31210" "Mozilla/5.0 (Windows NT 10.0; Win64; x64; rv:109.0) Gecko/20100101 Firefox/117.0"
200.123.248.53 - - [18/Sep/2023:12:01:40 +0200] "GET / HTTP/1.0" 200 423 "-" "-"
77.119.162.161 - - [18/Sep/2023:12:02:07 +0200] "GET /entry.php?id=10271&&ser=31266 HTTP/1.1" 200 987 "http://hausegger.activities.at/entry.php?id=10271&&ser=31205" "Mozilla/5.0 (Windows NT 10.0; Win64; x64) AppleWebKit/537.36 (KHTML, like Gecko) Chrome/116.0.0.0 Safari/537.36"
77.119.162.161 - - [18/Sep/2023:12:02:07 +0200] "GET /gui/javascript/form_form.js?1695031327 HTTP/1.1" 200 16206 "http://hausegger.activities.at/entry.php?id=10271&&ser=31266" "Mozilla/5.0 (Windows NT 10.0; Win64; x64) AppleWebKit/537.36 (KHTML, like Gecko) Chrome/116.0.0.0 Safari/537.36"
77.119.162.161 - - [18/Sep/2023:12:02:11 +0200] "GET /entry.php?id=10271&&ser=31271 HTTP/1.1" 200 987 "http://hausegger.activities.at/entry.php?id=10271&&ser=31210" "Mozilla/5.0 (Windows NT 10.0; Win64; x64; rv:109.0) Gecko/20100101 Firefox/117.0"
77.119.162.161 - - [18/Sep/2023:12:02:11 +0200] "GET /gui/javascript/form_form.js?1695031331 HTTP/1.1" 200 16206 "http://hausegger.activities.at/entry.php?id=10271&&ser=31271" "Mozilla/5.0 (Windows NT 10.0; Win64; x64; rv:109.0) Gecko/20100101 Firefox/117.0"
77.119.162.161 - - [18/Sep/2023:12:03:08 +0200] "GET /entry.php?id=10271&&ser=31327 HTTP/1.1" 200 988 "http://hausegger.activities.at/entry.php?id=10271&&ser=31266" "Mozilla/5.0 (Windows NT 10.0; Win64; x64) AppleWebKit/537.36 (KHTML, like Gecko) Chrome/116.0.0.0 Safari/537.36"
77.119.162.161 - - [18/Sep/2023:12:03:08 +0200] "GET /gui/javascript/form_form.js?1695031388 HTTP/1.1" 200 16206 "http://hausegger.activities.at/entry.php?id=10271&&ser=31327" "Mozilla/5.0 (Windows NT 10.0; Win64; x64) AppleWebKit/537.36 (KHTML, like Gecko) Chrome/116.0.0.0 Safari/537.36"
77.119.162.161 - - [18/Sep/2023:12:03:11 +0200] "GET /entry.php?id=10271&&ser=31331 HTTP/1.1" 200 987 "http://hausegger.activities.at/entry.php?id=10271&&ser=31271" "Mozilla/5.0 (Windows NT 10.0; Win64; x64; rv:109.0) Gecko/20100101 Firefox/117.0"
77.119.162.161 - - [18/Sep/2023:12:03:11 +0200] "GET /gui/javascript/form_form.js?1695031391 HTTP/1.1" 200 16206 "http://hausegger.activities.at/entry.php?id=10271&&ser=31331" "Mozilla/5.0 (Windows NT 10.0; Win64; x64; rv:109.0) Gecko/20100101 Firefox/117.0"
77.119.162.161 - - [18/Sep/2023:12:04:09 +0200] "GET /entry.php?id=10271&&ser=31388 HTTP/1.1" 200 987 "http://hausegger.activities.at/entry.php?id=10271&&ser=31327" "Mozilla/5.0 (Windows NT 10.0; Win64; x64) AppleWebKit/537.36 (KHTML, like Gecko) Chrome/116.0.0.0 Safari/537.36"
77.119.162.161 - - [18/Sep/2023:12:04:09 +0200] "GET /gui/javascript/form_form.js?1695031449 HTTP/1.1" 200 16206 "http://hausegger.activities.at/entry.php?id=10271&&ser=31388" "Mozilla/5.0 (Windows NT 10.0; Win64; x64) AppleWebKit/537.36 (KHTML, like Gecko) Chrome/116.0.0.0 Safari/537.36"
77.119.162.161 - - [18/Sep/2023:12:04:11 +0200] "GET /entry.php?id=10271&&ser=31391 HTTP/1.1" 200 987 "http://hausegger.activities.at/entry.php?id=10271&&ser=31331" "Mozilla/5.0 (Windows NT 10.0; Win64; x64; rv:109.0) Gecko/20100101 Firefox/117.0"
77.119.162.161 - - [18/Sep/2023:12:04:12 +0200] "GET /gui/javascript/form_form.js?1695031452 HTTP/1.1" 200 16206 "http://hausegger.activities.at/entry.php?id=10271&&ser=31391" "Mozilla/5.0 (Windows NT 10.0; Win64; x64; rv:109.0) Gecko/20100101 Firefox/117.0"
77.119.162.161 - - [18/Sep/2023:12:05:10 +0200] "GET /entry.php?id=10271&&ser=31449 HTTP/1.1" 200 987 "http://hausegger.activities.at/entry.php?id=10271&&ser=31388" "Mozilla/5.0 (Windows NT 10.0; Win64; x64) AppleWebKit/537.36 (KHTML, like Gecko) Chrome/116.0.0.0 Safari/537.36"
77.119.162.161 - - [18/Sep/2023:12:05:10 +0200] "GET /gui/javascript/form_form.js?1695031510 HTTP/1.1" 200 16206 "http://hausegger.activities.at/entry.php?id=10271&&ser=31449" "Mozilla/5.0 (Windows NT 10.0; Win64; x64) AppleWebKit/537.36 (KHTML, like Gecko) Chrome/116.0.0.0 Safari/537.36"
77.119.162.161 - - [18/Sep/2023:12:05:12 +0200] "GET /entry.php?id=10271&&ser=31452 HTTP/1.1" 200 987 "http://hausegger.activities.at/entry.php?id=10271&&ser=31391" "Mozilla/5.0 (Windows NT 10.0; Win64; x64; rv:109.0) Gecko/20100101 Firefox/117.0"
77.119.162.161 - - [18/Sep/2023:12:05:12 +0200] "GET /gui/javascript/form_form.js?1695031512 HTTP/1.1" 200 16206 "http://hausegger.activities.at/entry.php?id=10271&&ser=31452" "Mozilla/5.0 (Windows NT 10.0; Win64; x64; rv:109.0) Gecko/20100101 Firefox/117.0"
77.119.162.161 - - [18/Sep/2023:12:06:11 +0200] "GET /entry.php?id=10271&&ser=31510 HTTP/1.1" 200 987 "http://hausegger.activities.at/entry.php?id=10271&&ser=31449" "Mozilla/5.0 (Windows NT 10.0; Win64; x64) AppleWebKit/537.36 (KHTML, like Gecko) Chrome/116.0.0.0 Safari/537.36"
77.119.162.161 - - [18/Sep/2023:12:06:12 +0200] "GET /gui/javascript/form_form.js?1695031571 HTTP/1.1" 200 16206 "http://hausegger.activities.at/entry.php?id=10271&&ser=31510" "Mozilla/5.0 (Windows NT 10.0; Win64; x64) AppleWebKit/537.36 (KHTML, like Gecko) Chrome/116.0.0.0 Safari/537.36"
77.119.162.161 - - [18/Sep/2023:12:06:12 +0200] "GET /entry.php?id=10271&&ser=31512 HTTP/1.1" 200 987 "http://hausegger.activities.at/entry.php?id=10271&&ser=31452" "Mozilla/5.0 (Windows NT 10.0; Win64; x64; rv:109.0) Gecko/20100101 Firefox/117.0"
77.119.162.161 - - [18/Sep/2023:12:06:12 +0200] "GET /gui/javascript/form_form.js?1695031572 HTTP/1.1" 200 16206 "http://hausegger.activities.at/entry.php?id=10271&&ser=31512" "Mozilla/5.0 (Windows NT 10.0; Win64; x64; rv:109.0) Gecko/20100101 Firefox/117.0"
77.119.162.161 - - [18/Sep/2023:12:07:12 +0200] "GET /entry.php?id=10271&&ser=31571 HTTP/1.1" 200 987 "http://hausegger.activities.at/entry.php?id=10271&&ser=31510" "Mozilla/5.0 (Windows NT 10.0; Win64; x64) AppleWebKit/537.36 (KHTML, like Gecko) Chrome/116.0.0.0 Safari/537.36"
77.119.162.161 - - [18/Sep/2023:12:07:12 +0200] "GET /gui/javascript/form_form.js?1695031632 HTTP/1.1" 200 16206 "http://hausegger.activities.at/entry.php?id=10271&&ser=31571" "Mozilla/5.0 (Windows NT 10.0; Win64; x64) AppleWebKit/537.36 (KHTML, like Gecko) Chrome/116.0.0.0 Safari/537.36"
77.119.162.161 - - [18/Sep/2023:12:07:12 +0200] "GET /entry.php?id=10271&&ser=31572 HTTP/1.1" 200 987 "http://hausegger.activities.at/entry.php?id=10271&&ser=31512" "Mozilla/5.0 (Windows NT 10.0; Win64; x64; rv:109.0) Gecko/20100101 Firefox/117.0"
77.119.162.161 - - [18/Sep/2023:12:07:12 +0200] "GET /gui/javascript/form_form.js?1695031632 HTTP/1.1" 200 16206 "http://hausegger.activities.at/entry.php?id=10271&&ser=31572" "Mozilla/5.0 (Windows NT 10.0; Win64; x64; rv:109.0) Gecko/20100101 Firefox/117.0"
77.119.162.161 - - [18/Sep/2023:12:08:13 +0200] "GET /entry.php?id=10271&&ser=31632 HTTP/1.1" 200 987 "http://hausegger.activities.at/entry.php?id=10271&&ser=31571" "Mozilla/5.0 (Windows NT 10.0; Win64; x64) AppleWebKit/537.36 (KHTML, like Gecko) Chrome/116.0.0.0 Safari/537.36"
77.119.162.161 - - [18/Sep/2023:12:08:13 +0200] "GET /gui/javascript/form_form.js?1695031693 HTTP/1.1" 200 16206 "http://hausegger.activities.at/entry.php?id=10271&&ser=31632" "Mozilla/5.0 (Windows NT 10.0; Win64; x64) AppleWebKit/537.36 (KHTML, like Gecko) Chrome/116.0.0.0 Safari/537.36"
77.119.162.161 - - [18/Sep/2023:12:08:13 +0200] "GET /entry.php?id=10271&&ser=31632 HTTP/1.1" 200 987 "http://hausegger.activities.at/entry.php?id=10271&&ser=31572" "Mozilla/5.0 (Windows NT 10.0; Win64; x64; rv:109.0) Gecko/20100101 Firefox/117.0"
77.119.162.161 - - [18/Sep/2023:12:08:13 +0200] "GET /gui/javascript/form_form.js?1695031693 HTTP/1.1" 200 16206 "http://hausegger.activities.at/entry.php?id=10271&&ser=31632" "Mozilla/5.0 (Windows NT 10.0; Win64; x64; rv:109.0) Gecko/20100101 Firefox/117.0"
77.119.162.161 - - [18/Sep/2023:12:09:14 +0200] "GET /entry.php?id=10271&&ser=31693 HTTP/1.1" 200 987 "http://hausegger.activities.at/entry.php?id=10271&&ser=31632" "Mozilla/5.0 (Windows NT 10.0; Win64; x64; rv:109.0) Gecko/20100101 Firefox/117.0"
77.119.162.161 - - [18/Sep/2023:12:09:14 +0200] "GET /gui/javascript/form_form.js?1695031754 HTTP/1.1" 200 16206 "http://hausegger.activities.at/entry.php?id=10271&&ser=31693" "Mozilla/5.0 (Windows NT 10.0; Win64; x64; rv:109.0) Gecko/20100101 Firefox/117.0"
77.119.162.161 - - [18/Sep/2023:12:09:14 +0200] "GET /entry.php?id=10271&&ser=31693 HTTP/1.1" 200 987 "http://hausegger.activities.at/entry.php?id=10271&&ser=31632" "Mozilla/5.0 (Windows NT 10.0; Win64; x64) AppleWebKit/537.36 (KHTML, like Gecko) Chrome/116.0.0.0 Safari/537.36"
77.119.162.161 - - [18/Sep/2023:12:09:14 +0200] "GET /gui/javascript/form_form.js?1695031754 HTTP/1.1" 200 16206 "http://hausegger.activities.at/entry.php?id=10271&&ser=31693" "Mozilla/5.0 (Windows NT 10.0; Win64; x64) AppleWebKit/537.36 (KHTML, like Gecko) Chrome/116.0.0.0 Safari/537.36"
198.235.24.57 - - [18/Sep/2023:12:09:30 +0200] "GET / HTTP/1.1" 200 423 "-" "-"
77.119.162.161 - - [18/Sep/2023:12:10:14 +0200] "GET /entry.php?id=10271&&ser=31754 HTTP/1.1" 200 987 "http://hausegger.activities.at/entry.php?id=10271&&ser=31693" "Mozilla/5.0 (Windows NT 10.0; Win64; x64; rv:109.0) Gecko/20100101 Firefox/117.0"
77.119.162.161 - - [18/Sep/2023:12:10:14 +0200] "GET /gui/javascript/form_form.js?1695031814 HTTP/1.1" 200 16206 "http://hausegger.activities.at/entry.php?id=10271&&ser=31754" "Mozilla/5.0 (Windows NT 10.0; Win64; x64; rv:109.0) Gecko/20100101 Firefox/117.0"
77.119.162.161 - - [18/Sep/2023:12:10:15 +0200] "GET /entry.php?id=10271&&ser=31754 HTTP/1.1" 200 987 "http://hausegger.activities.at/entry.php?id=10271&&ser=31693" "Mozilla/5.0 (Windows NT 10.0; Win64; x64) AppleWebKit/537.36 (KHTML, like Gecko) Chrome/116.0.0.0 Safari/537.36"
77.119.162.161 - - [18/Sep/2023:12:10:15 +0200] "GET /gui/javascript/form_form.js?1695031815 HTTP/1.1" 200 16206 "http://hausegger.activities.at/entry.php?id=10271&&ser=31754" "Mozilla/5.0 (Windows NT 10.0; Win64; x64) AppleWebKit/537.36 (KHTML, like Gecko) Chrome/116.0.0.0 Safari/537.36"
156.59.198.136 - - [18/Sep/2023:12:10:18 +0200] "GET /docs/contadino/2017/RE17-000024.pdf HTTP/1.0" 404 302 "http://212.69.160.11:443/docs/contadino/2017/" "Mozilla/5.0 (Linux; Android 5.0) AppleWebKit/537.36 (KHTML, like Gecko) Mobile Safari/537.36 (compatible; Bytespider; spider-feedback@bytedance.com)"
156.59.198.136 - - [18/Sep/2023:12:10:42 +0200] "GET /docs/contadino/2017/RE17-000020.pdf HTTP/1.0" 404 302 "http://212.69.160.11:443/docs/contadino/2017/" "Mozilla/5.0 (Linux; Android 5.0) AppleWebKit/537.36 (KHTML, like Gecko) Mobile Safari/537.36 (compatible; Bytespider; spider-feedback@bytedance.com)"
156.59.198.135 - - [18/Sep/2023:12:11:07 +0200] "GET /docs/contadino/2017/RE17-000030.pdf HTTP/1.0" 404 302 "http://212.69.160.11:443/docs/contadino/2017/" "Mozilla/5.0 (Linux; Android 5.0) AppleWebKit/537.36 (KHTML, like Gecko) Mobile Safari/537.36 (compatible; Bytespider; spider-feedback@bytedance.com)"
77.119.162.161 - - [18/Sep/2023:12:11:14 +0200] "GET /entry.php?id=10271&&ser=31814 HTTP/1.1" 200 987 "http://hausegger.activities.at/entry.php?id=10271&&ser=31754" "Mozilla/5.0 (Windows NT 10.0; Win64; x64; rv:109.0) Gecko/20100101 Firefox/117.0"
77.119.162.161 - - [18/Sep/2023:12:11:15 +0200] "GET /gui/javascript/form_form.js?1695031874 HTTP/1.1" 200 16206 "http://hausegger.activities.at/entry.php?id=10271&&ser=31814" "Mozilla/5.0 (Windows NT 10.0; Win64; x64; rv:109.0) Gecko/20100101 Firefox/117.0"
77.119.162.161 - - [18/Sep/2023:12:11:16 +0200] "GET /entry.php?id=10271&&ser=31815 HTTP/1.1" 200 987 "http://hausegger.activities.at/entry.php?id=10271&&ser=31754" "Mozilla/5.0 (Windows NT 10.0; Win64; x64) AppleWebKit/537.36 (KHTML, like Gecko) Chrome/116.0.0.0 Safari/537.36"
77.119.162.161 - - [18/Sep/2023:12:11:16 +0200] "GET /gui/javascript/form_form.js?1695031876 HTTP/1.1" 200 16206 "http://hausegger.activities.at/entry.php?id=10271&&ser=31815" "Mozilla/5.0 (Windows NT 10.0; Win64; x64) AppleWebKit/537.36 (KHTML, like Gecko) Chrome/116.0.0.0 Safari/537.36"
156.59.198.135 - - [18/Sep/2023:12:11:31 +0200] "GET /docs/contadino/2017/RE17-000029.pdf HTTP/1.0" 404 302 "http://212.69.160.11:443/docs/contadino/2017/" "Mozilla/5.0 (Linux; Android 5.0) AppleWebKit/537.36 (KHTML, like Gecko) Mobile Safari/537.36 (compatible; Bytespider; spider-feedback@bytedance.com)"
156.59.198.135 - - [18/Sep/2023:12:11:56 +0200] "GET /docs/contadino/2017/GS17-000006.pdf HTTP/1.0" 404 302 "http://212.69.160.11:443/docs/contadino/2017/" "Mozilla/5.0 (Linux; Android 5.0) AppleWebKit/537.36 (KHTML, like Gecko) Mobile Safari/537.36 (compatible; Bytespider; spider-feedback@bytedance.com)"
77.119.162.161 - - [18/Sep/2023:12:12:15 +0200] "GET /entry.php?id=10271&&ser=31874 HTTP/1.1" 200 988 "http://hausegger.activities.at/entry.php?id=10271&&ser=31814" "Mozilla/5.0 (Windows NT 10.0; Win64; x64; rv:109.0) Gecko/20100101 Firefox/117.0"
77.119.162.161 - - [18/Sep/2023:12:12:15 +0200] "GET /gui/javascript/form_form.js?1695031935 HTTP/1.1" 200 16206 "http://hausegger.activities.at/entry.php?id=10271&&ser=31874" "Mozilla/5.0 (Windows NT 10.0; Win64; x64; rv:109.0) Gecko/20100101 Firefox/117.0"
77.119.162.161 - - [18/Sep/2023:12:12:17 +0200] "GET /entry.php?id=10271&&ser=31876 HTTP/1.1" 200 988 "http://hausegger.activities.at/entry.php?id=10271&&ser=31815" "Mozilla/5.0 (Windows NT 10.0; Win64; x64) AppleWebKit/537.36 (KHTML, like Gecko) Chrome/116.0.0.0 Safari/537.36"
77.119.162.161 - - [18/Sep/2023:12:12:17 +0200] "GET /gui/javascript/form_form.js?1695031937 HTTP/1.1" 200 16206 "http://hausegger.activities.at/entry.php?id=10271&&ser=31876" "Mozilla/5.0 (Windows NT 10.0; Win64; x64) AppleWebKit/537.36 (KHTML, like Gecko) Chrome/116.0.0.0 Safari/537.36"
156.59.198.136 - - [18/Sep/2023:12:12:19 +0200] "GET /docs/contadino/2017/RE17-000025.pdf HTTP/1.0" 404 302 "http://212.69.160.11:443/docs/contadino/2017/" "Mozilla/5.0 (Linux; Android 5.0) AppleWebKit/537.36 (KHTML, like Gecko) Mobile Safari/537.36 (compatible; Bytespider; spider-feedback@bytedance.com)"
156.59.198.135 - - [18/Sep/2023:12:12:44 +0200] "GET /docs/contadino/2017/RE17-000011.pdf HTTP/1.0" 404 301 "http://212.69.160.11:443/docs/contadino/2017/" "Mozilla/5.0 (Linux; Android 5.0) AppleWebKit/537.36 (KHTML, like Gecko) Mobile Safari/537.36 (compatible; Bytespider; spider-feedback@bytedance.com)"
156.59.198.136 - - [18/Sep/2023:12:13:09 +0200] "GET /docs/contadino/2017/RE17-000032.pdf HTTP/1.0" 404 302 "http://212.69.160.11:443/docs/contadino/2017/" "Mozilla/5.0 (Linux; Android 5.0) AppleWebKit/537.36 (KHTML, like Gecko) Mobile Safari/537.36 (compatible; Bytespider; spider-feedback@bytedance.com)"
77.119.162.161 - - [18/Sep/2023:12:13:15 +0200] "GET /entry.php?id=10271&&ser=31935 HTTP/1.1" 200 987 "http://hausegger.activities.at/entry.php?id=10271&&ser=31874" "Mozilla/5.0 (Windows NT 10.0; Win64; x64; rv:109.0) Gecko/20100101 Firefox/117.0"
77.119.162.161 - - [18/Sep/2023:12:13:15 +0200] "GET /gui/javascript/form_form.js?1695031995 HTTP/1.1" 200 16206 "http://hausegger.activities.at/entry.php?id=10271&&ser=31935" "Mozilla/5.0 (Windows NT 10.0; Win64; x64; rv:109.0) Gecko/20100101 Firefox/117.0"
77.119.162.161 - - [18/Sep/2023:12:13:18 +0200] "GET /entry.php?id=10271&&ser=31937 HTTP/1.1" 200 987 "http://hausegger.activities.at/entry.php?id=10271&&ser=31876" "Mozilla/5.0 (Windows NT 10.0; Win64; x64) AppleWebKit/537.36 (KHTML, like Gecko) Chrome/116.0.0.0 Safari/537.36"
77.119.162.161 - - [18/Sep/2023:12:13:18 +0200] "GET /gui/javascript/form_form.js?1695031998 HTTP/1.1" 200 16206 "http://hausegger.activities.at/entry.php?id=10271&&ser=31937" "Mozilla/5.0 (Windows NT 10.0; Win64; x64) AppleWebKit/537.36 (KHTML, like Gecko) Chrome/116.0.0.0 Safari/537.36"
156.59.198.136 - - [18/Sep/2023:12:13:33 +0200] "GET /docs/contadino/2017/GS17-000004.pdf HTTP/1.0" 404 301 "http://212.69.160.11:443/docs/contadino/2017/" "Mozilla/5.0 (Linux; Android 5.0) AppleWebKit/537.36 (KHTML, like Gecko) Mobile Safari/537.36 (compatible; Bytespider; spider-feedback@bytedance.com)"
156.59.198.135 - - [18/Sep/2023:12:13:57 +0200] "GET /docs/contadino/2017/RE17-000035.pdf HTTP/1.0" 404 303 "http://212.69.160.11:443/docs/contadino/2017/" "Mozilla/5.0 (Linux; Android 5.0) AppleWebKit/537.36 (KHTML, like Gecko) Mobile Safari/537.36 (compatible; Bytespider; spider-feedback@bytedance.com)"
77.119.162.161 - - [18/Sep/2023:12:14:15 +0200] "GET /entry.php?id=10271&&ser=31995 HTTP/1.1" 200 988 "http://hausegger.activities.at/entry.php?id=10271&&ser=31935" "Mozilla/5.0 (Windows NT 10.0; Win64; x64; rv:109.0) Gecko/20100101 Firefox/117.0"
77.119.162.161 - - [18/Sep/2023:12:14:15 +0200] "GET /gui/javascript/form_form.js?1695032055 HTTP/1.1" 200 16206 "http://hausegger.activities.at/entry.php?id=10271&&ser=31995" "Mozilla/5.0 (Windows NT 10.0; Win64; x64; rv:109.0) Gecko/20100101 Firefox/117.0"
77.119.162.161 - - [18/Sep/2023:12:14:19 +0200] "GET /entry.php?id=10271&&ser=31998 HTTP/1.1" 200 987 "http://hausegger.activities.at/entry.php?id=10271&&ser=31937" "Mozilla/5.0 (Windows NT 10.0; Win64; x64) AppleWebKit/537.36 (KHTML, like Gecko) Chrome/116.0.0.0 Safari/537.36"
77.119.162.161 - - [18/Sep/2023:12:14:19 +0200] "GET /gui/javascript/form_form.js?1695032059 HTTP/1.1" 200 16206 "http://hausegger.activities.at/entry.php?id=10271&&ser=31998" "Mozilla/5.0 (Windows NT 10.0; Win64; x64) AppleWebKit/537.36 (KHTML, like Gecko) Chrome/116.0.0.0 Safari/537.36"
156.59.198.136 - - [18/Sep/2023:12:14:21 +0200] "GET /docs/contadino/2017/GS17-000005.pdf HTTP/1.0" 404 302 "http://212.69.160.11:443/docs/contadino/2017/" "Mozilla/5.0 (Linux; Android 5.0) AppleWebKit/537.36 (KHTML, like Gecko) Mobile Safari/537.36 (compatible; Bytespider; spider-feedback@bytedance.com)"
156.59.198.136 - - [18/Sep/2023:12:14:47 +0200] "GET /docs/contadino/2017/RE17-000014.pdf HTTP/1.0" 404 302 "http://212.69.160.11:443/docs/contadino/2017/" "Mozilla/5.0 (Linux; Android 5.0) AppleWebKit/537.36 (KHTML, like Gecko) Mobile Safari/537.36 (compatible; Bytespider; spider-feedback@bytedance.com)"
156.59.198.136 - - [18/Sep/2023:12:15:10 +0200] "GET /docs/contadino/2017/RE17-000019.pdf HTTP/1.0" 404 302 "http://212.69.160.11:443/docs/contadino/2017/" "Mozilla/5.0 (Linux; Android 5.0) AppleWebKit/537.36 (KHTML, like Gecko) Mobile Safari/537.36 (compatible; Bytespider; spider-feedback@bytedance.com)"
77.119.162.161 - - [18/Sep/2023:12:15:19 +0200] "GET /entry.php?id=10271&&ser=32055 HTTP/1.1" 200 987 "http://hausegger.activities.at/entry.php?id=10271&&ser=31995" "Mozilla/5.0 (Windows NT 10.0; Win64; x64; rv:109.0) Gecko/20100101 Firefox/117.0"
77.119.162.161 - - [18/Sep/2023:12:15:19 +0200] "GET /gui/javascript/form_form.js?1695032119 HTTP/1.1" 200 16206 "http://hausegger.activities.at/entry.php?id=10271&&ser=32055" "Mozilla/5.0 (Windows NT 10.0; Win64; x64; rv:109.0) Gecko/20100101 Firefox/117.0"
77.119.162.161 - - [18/Sep/2023:12:15:20 +0200] "GET /entry.php?id=10271&&ser=32059 HTTP/1.1" 200 987 "http://hausegger.activities.at/entry.php?id=10271&&ser=31998" "Mozilla/5.0 (Windows NT 10.0; Win64; x64) AppleWebKit/537.36 (KHTML, like Gecko) Chrome/116.0.0.0 Safari/537.36"
77.119.162.161 - - [18/Sep/2023:12:15:20 +0200] "GET /gui/javascript/form_form.js?1695032120 HTTP/1.1" 200 16206 "http://hausegger.activities.at/entry.php?id=10271&&ser=32059" "Mozilla/5.0 (Windows NT 10.0; Win64; x64) AppleWebKit/537.36 (KHTML, like Gecko) Chrome/116.0.0.0 Safari/537.36"
156.59.198.136 - - [18/Sep/2023:12:15:35 +0200] "GET /docs/contadino/2017/RE17-000027.pdf HTTP/1.0" 404 302 "http://212.69.160.11:443/docs/contadino/2017/" "Mozilla/5.0 (Linux; Android 5.0) AppleWebKit/537.36 (KHTML, like Gecko) Mobile Safari/537.36 (compatible; Bytespider; spider-feedback@bytedance.com)"
156.59.198.135 - - [18/Sep/2023:12:15:59 +0200] "GET /docs/contadino/2017/RE17-000016.pdf HTTP/1.0" 404 302 "http://212.69.160.11:443/docs/contadino/2017/" "Mozilla/5.0 (Linux; Android 5.0) AppleWebKit/537.36 (KHTML, like Gecko) Mobile Safari/537.36 (compatible; Bytespider; spider-feedback@bytedance.com)"
77.119.162.161 - - [18/Sep/2023:12:16:19 +0200] "GET /entry.php?id=10271&&ser=32119 HTTP/1.1" 200 987 "http://hausegger.activities.at/entry.php?id=10271&&ser=32055" "Mozilla/5.0 (Windows NT 10.0; Win64; x64; rv:109.0) Gecko/20100101 Firefox/117.0"
77.119.162.161 - - [18/Sep/2023:12:16:20 +0200] "GET /gui/javascript/form_form.js?1695032180 HTTP/1.1" 200 16206 "http://hausegger.activities.at/entry.php?id=10271&&ser=32119" "Mozilla/5.0 (Windows NT 10.0; Win64; x64; rv:109.0) Gecko/20100101 Firefox/117.0"
77.119.162.161 - - [18/Sep/2023:12:16:21 +0200] "GET /entry.php?id=10271&&ser=32120 HTTP/1.1" 200 986 "http://hausegger.activities.at/entry.php?id=10271&&ser=32059" "Mozilla/5.0 (Windows NT 10.0; Win64; x64) AppleWebKit/537.36 (KHTML, like Gecko) Chrome/116.0.0.0 Safari/537.36"
77.119.162.161 - - [18/Sep/2023:12:16:21 +0200] "GET /gui/javascript/form_form.js?1695032181 HTTP/1.1" 200 16206 "http://hausegger.activities.at/entry.php?id=10271&&ser=32120" "Mozilla/5.0 (Windows NT 10.0; Win64; x64) AppleWebKit/537.36 (KHTML, like Gecko) Chrome/116.0.0.0 Safari/537.36"
156.59.198.135 - - [18/Sep/2023:12:16:23 +0200] "GET /docs/contadino/2017/RE17-000022.pdf HTTP/1.0" 404 302 "http://212.69.160.11:443/docs/contadino/2017/" "Mozilla/5.0 (Linux; Android 5.0) AppleWebKit/537.36 (KHTML, like Gecko) Mobile Safari/537.36 (compatible; Bytespider; spider-feedback@bytedance.com)"
156.59.198.136 - - [18/Sep/2023:12:16:48 +0200] "GET /docs/contadino/2017/RE17-000034.pdf HTTP/1.0" 404 302 "http://212.69.160.11:443/docs/contadino/2017/" "Mozilla/5.0 (Linux; Android 5.0) AppleWebKit/537.36 (KHTML, like Gecko) Mobile Safari/537.36 (compatible; Bytespider; spider-feedback@bytedance.com)"
156.59.198.135 - - [18/Sep/2023:12:17:12 +0200] "GET /docs/contadino/2017/RE17-000015.pdf HTTP/1.0" 404 302 "http://212.69.160.11:443/docs/contadino/2017/" "Mozilla/5.0 (Linux; Android 5.0) AppleWebKit/537.36 (KHTML, like Gecko) Mobile Safari/537.36 (compatible; Bytespider; spider-feedback@bytedance.com)"
77.119.162.161 - - [18/Sep/2023:12:17:20 +0200] "GET /entry.php?id=10271&&ser=32180 HTTP/1.1" 200 987 "http://hausegger.activities.at/entry.php?id=10271&&ser=32119" "Mozilla/5.0 (Windows NT 10.0; Win64; x64; rv:109.0) Gecko/20100101 Firefox/117.0"
77.119.162.161 - - [18/Sep/2023:12:17:20 +0200] "GET /gui/javascript/form_form.js?1695032240 HTTP/1.1" 200 16206 "http://hausegger.activities.at/entry.php?id=10271&&ser=32180" "Mozilla/5.0 (Windows NT 10.0; Win64; x64; rv:109.0) Gecko/20100101 Firefox/117.0"
77.119.162.161 - - [18/Sep/2023:12:17:22 +0200] "GET /entry.php?id=10271&&ser=32181 HTTP/1.1" 200 987 "http://hausegger.activities.at/entry.php?id=10271&&ser=32120" "Mozilla/5.0 (Windows NT 10.0; Win64; x64) AppleWebKit/537.36 (KHTML, like Gecko) Chrome/116.0.0.0 Safari/537.36"
77.119.162.161 - - [18/Sep/2023:12:17:22 +0200] "GET /gui/javascript/form_form.js?1695032242 HTTP/1.1" 200 16206 "http://hausegger.activities.at/entry.php?id=10271&&ser=32181" "Mozilla/5.0 (Windows NT 10.0; Win64; x64) AppleWebKit/537.36 (KHTML, like Gecko) Chrome/116.0.0.0 Safari/537.36"
156.59.198.136 - - [18/Sep/2023:12:17:36 +0200] "GET /docs/contadino/2017/RE17-000033.pdf HTTP/1.0" 404 302 "http://212.69.160.11:443/docs/contadino/2017/" "Mozilla/5.0 (Linux; Android 5.0) AppleWebKit/537.36 (KHTML, like Gecko) Mobile Safari/537.36 (compatible; Bytespider; spider-feedback@bytedance.com)"
