178.115.59.222 - - [20/Sep/2023:13:15:20 +0200] "GET /entry.php?id=10889&document_id=10328476& HTTP/1.1" 200 1507 "http://hausegger.activities.at/entry.php?id=10828" "Mozilla/5.0 (Windows NT 10.0; Win64; x64; rv:109.0) Gecko/20100101 Firefox/117.0"
178.115.59.222 - - [20/Sep/2023:13:15:21 +0200] "POST /entry.php?id=10828 HTTP/1.1" 200 4990 "http://hausegger.activities.at/entry.php?id=10828" "Mozilla/5.0 (Windows NT 10.0; Win64; x64; rv:109.0) Gecko/20100101 Firefox/117.0"
178.115.59.222 - - [20/Sep/2023:13:15:21 +0200] "GET /gui/javascript/form_form.js?1695208521 HTTP/1.1" 200 16206 "http://hausegger.activities.at/entry.php?id=10828" "Mozilla/5.0 (Windows NT 10.0; Win64; x64; rv:109.0) Gecko/20100101 Firefox/117.0"
178.115.59.222 - - [20/Sep/2023:13:15:21 +0200] "GET /entry.php?id=10889&document_id=10328476& HTTP/1.1" 200 1508 "http://hausegger.activities.at/entry.php?id=10828" "Mozilla/5.0 (Windows NT 10.0; Win64; x64; rv:109.0) Gecko/20100101 Firefox/117.0"
178.115.59.222 - - [20/Sep/2023:13:15:28 +0200] "POST /entry.php?id=10828 HTTP/1.1" 200 5011 "http://hausegger.activities.at/entry.php?id=10828" "Mozilla/5.0 (Windows NT 10.0; Win64; x64; rv:109.0) Gecko/20100101 Firefox/117.0"
178.115.59.222 - - [20/Sep/2023:13:15:28 +0200] "GET /gui/javascript/form_form.js?1695208528 HTTP/1.1" 200 16206 "http://hausegger.activities.at/entry.php?id=10828" "Mozilla/5.0 (Windows NT 10.0; Win64; x64; rv:109.0) Gecko/20100101 Firefox/117.0"
178.115.59.222 - - [20/Sep/2023:13:15:28 +0200] "GET /entry.php?id=10889&document_id=10328476& HTTP/1.1" 200 1509 "http://hausegger.activities.at/entry.php?id=10828" "Mozilla/5.0 (Windows NT 10.0; Win64; x64; rv:109.0) Gecko/20100101 Firefox/117.0"
178.115.59.222 - - [20/Sep/2023:13:15:29 +0200] "POST /entry.php?id=10828 HTTP/1.1" 200 4789 "http://hausegger.activities.at/entry.php?id=10828" "Mozilla/5.0 (Windows NT 10.0; Win64; x64; rv:109.0) Gecko/20100101 Firefox/117.0"
178.115.59.222 - - [20/Sep/2023:13:15:29 +0200] "GET /gui/javascript/form_form.js?1695208529 HTTP/1.1" 200 16206 "http://hausegger.activities.at/entry.php?id=10828" "Mozilla/5.0 (Windows NT 10.0; Win64; x64; rv:109.0) Gecko/20100101 Firefox/117.0"
178.115.59.222 - - [20/Sep/2023:13:15:29 +0200] "GET /entry.php?id=10830&&object=10328476&account=&mode=documentdebitor HTTP/1.1" 200 3134 "http://hausegger.activities.at/entry.php?id=10828" "Mozilla/5.0 (Windows NT 10.0; Win64; x64; rv:109.0) Gecko/20100101 Firefox/117.0"
178.115.59.222 - - [20/Sep/2023:13:15:29 +0200] "GET /entry.php?id=10889&document_id=10328476& HTTP/1.1" 200 1509 "http://hausegger.activities.at/entry.php?id=10828" "Mozilla/5.0 (Windows NT 10.0; Win64; x64; rv:109.0) Gecko/20100101 Firefox/117.0"
178.115.59.222 - - [20/Sep/2023:13:15:30 +0200] "GET /gui/javascript/form_form.js?1695208530 HTTP/1.1" 200 16206 "http://hausegger.activities.at/entry.php?id=10830&&object=10328476&account=&mode=documentdebitor" "Mozilla/5.0 (Windows NT 10.0; Win64; x64; rv:109.0) Gecko/20100101 Firefox/117.0"
178.115.59.222 - - [20/Sep/2023:13:15:31 +0200] "POST /entry.php?id=10889 HTTP/1.1" 200 1580 "http://hausegger.activities.at/entry.php?id=10889&document_id=10328476&" "Mozilla/5.0 (Windows NT 10.0; Win64; x64; rv:109.0) Gecko/20100101 Firefox/117.0"
178.115.59.222 - - [20/Sep/2023:13:15:31 +0200] "GET /gui/javascript/form_form.js?1695208531 HTTP/1.1" 200 16206 "http://hausegger.activities.at/entry.php?id=10889" "Mozilla/5.0 (Windows NT 10.0; Win64; x64; rv:109.0) Gecko/20100101 Firefox/117.0"
178.115.59.222 - - [20/Sep/2023:13:15:32 +0200] "GET /entry.php?id=10877&mode=loadSearchArticle&obj=article_1&tag=debit&refobject=10328476&value=1&ser=1695204359366 HTTP/1.1" 200 33134 "http://hausegger.activities.at/entry.php?id=10830&&object=10328476&account=&mode=documentdebitor" "Mozilla/5.0 (Windows NT 10.0; Win64; x64; rv:109.0) Gecko/20100101 Firefox/117.0"
178.115.59.222 - - [20/Sep/2023:13:15:32 +0200] "GET /entry.php?id=10877&mode=loadSearchArticle&obj=article_1&tag=debit&refobject=10328476&value=10&ser=1695204359605 HTTP/1.1" 200 2582 "http://hausegger.activities.at/entry.php?id=10830&&object=10328476&account=&mode=documentdebitor" "Mozilla/5.0 (Windows NT 10.0; Win64; x64; rv:109.0) Gecko/20100101 Firefox/117.0"
178.115.59.222 - - [20/Sep/2023:13:15:32 +0200] "GET /entry.php?id=10877&mode=loadSearchArticle&obj=article_1&tag=debit&refobject=10328476&value=106&ser=1695204359802 HTTP/1.1" 200 340 "http://hausegger.activities.at/entry.php?id=10830&&object=10328476&account=&mode=documentdebitor" "Mozilla/5.0 (Windows NT 10.0; Win64; x64; rv:109.0) Gecko/20100101 Firefox/117.0"
178.115.59.222 - - [20/Sep/2023:13:15:33 +0200] "GET /entry.php?id=10877&mode=loadSearchArticle&obj=article_1&tag=debit&refobject=10328476&value=106-&ser=1695204360133 HTTP/1.1" 200 273 "http://hausegger.activities.at/entry.php?id=10830&&object=10328476&account=&mode=documentdebitor" "Mozilla/5.0 (Windows NT 10.0; Win64; x64; rv:109.0) Gecko/20100101 Firefox/117.0"
178.115.59.222 - - [20/Sep/2023:13:15:33 +0200] "GET /entry.php?id=10877&mode=loadSearchArticle&obj=article_1&tag=debit&refobject=10328476&value=106-3&ser=1695204360414 HTTP/1.1" 200 273 "http://hausegger.activities.at/entry.php?id=10830&&object=10328476&account=&mode=documentdebitor" "Mozilla/5.0 (Windows NT 10.0; Win64; x64; rv:109.0) Gecko/20100101 Firefox/117.0"
178.115.59.222 - - [20/Sep/2023:13:15:33 +0200] "GET /entry.php?id=10877&mode=loadSearchArticle&obj=article_1&tag=debit&refobject=10328476&value=106-35&ser=1695204360614 HTTP/1.1" 200 273 "http://hausegger.activities.at/entry.php?id=10830&&object=10328476&account=&mode=documentdebitor" "Mozilla/5.0 (Windows NT 10.0; Win64; x64; rv:109.0) Gecko/20100101 Firefox/117.0"
178.115.59.222 - - [20/Sep/2023:13:15:34 +0200] "GET /entry.php?id=10271&&ser=208473 HTTP/1.1" 200 987 "http://hausegger.activities.at/entry.php?id=10271&&ser=208412" "Mozilla/5.0 (Windows NT 10.0; Win64; x64) AppleWebKit/537.36 (KHTML, like Gecko) Chrome/116.0.0.0 Safari/537.36"
178.115.59.222 - - [20/Sep/2023:13:15:35 +0200] "GET /gui/javascript/form_form.js?1695208534 HTTP/1.1" 200 16206 "http://hausegger.activities.at/entry.php?id=10271&&ser=208473" "Mozilla/5.0 (Windows NT 10.0; Win64; x64) AppleWebKit/537.36 (KHTML, like Gecko) Chrome/116.0.0.0 Safari/537.36"
178.115.59.222 - - [20/Sep/2023:13:15:34 +0200] "POST /entry.php?id=10889 HTTP/1.1" 200 1914 "http://hausegger.activities.at/entry.php?id=10889" "Mozilla/5.0 (Windows NT 10.0; Win64; x64; rv:109.0) Gecko/20100101 Firefox/117.0"
178.115.59.222 - - [20/Sep/2023:13:15:35 +0200] "GET /gui/javascript/form_form.js?1695208535 HTTP/1.1" 200 16206 "http://hausegger.activities.at/entry.php?id=10889" "Mozilla/5.0 (Windows NT 10.0; Win64; x64; rv:109.0) Gecko/20100101 Firefox/117.0"
178.115.59.222 - - [20/Sep/2023:13:15:35 +0200] "POST /entry.php?id=10889 HTTP/1.1" 200 1682 "http://hausegger.activities.at/entry.php?id=10889" "Mozilla/5.0 (Windows NT 10.0; Win64; x64; rv:109.0) Gecko/20100101 Firefox/117.0"
178.115.59.222 - - [20/Sep/2023:13:15:46 +0200] "POST /entry.php?id=10889 HTTP/1.1" 200 1838 "http://hausegger.activities.at/entry.php?id=10889" "Mozilla/5.0 (Windows NT 10.0; Win64; x64; rv:109.0) Gecko/20100101 Firefox/117.0"
178.115.59.222 - - [20/Sep/2023:13:15:46 +0200] "GET /gui/javascript/form_form.js?1695208546 HTTP/1.1" 200 16206 "http://hausegger.activities.at/entry.php?id=10889" "Mozilla/5.0 (Windows NT 10.0; Win64; x64; rv:109.0) Gecko/20100101 Firefox/117.0"
178.115.59.222 - - [20/Sep/2023:13:15:50 +0200] "GET /entry.php?id=10271&&ser=208489 HTTP/1.1" 200 987 "http://hausegger.activities.at/entry.php?id=10271&&ser=208428" "Mozilla/5.0 (Windows NT 10.0; Win64; x64; rv:109.0) Gecko/20100101 Firefox/117.0"
178.115.59.222 - - [20/Sep/2023:13:15:50 +0200] "GET /gui/javascript/form_form.js?1695208550 HTTP/1.1" 200 16206 "http://hausegger.activities.at/entry.php?id=10271&&ser=208489" "Mozilla/5.0 (Windows NT 10.0; Win64; x64; rv:109.0) Gecko/20100101 Firefox/117.0"
156.59.198.136 - - [20/Sep/2023:13:15:58 +0200] "GET /default/cgi-bin/lang/awstats-gl.txt HTTP/1.0" 404 303 "http://212.69.160.11:443/default/cgi-bin/lang/?C=D%3BO=A" "Mozilla/5.0 (Linux; Android 5.0) AppleWebKit/537.36 (KHTML, like Gecko) Mobile Safari/537.36 (compatible; Bytespider; spider-feedback@bytedance.com)"
178.115.59.222 - - [20/Sep/2023:13:16:11 +0200] "POST /entry.php?id=10889 HTTP/1.1" 200 1838 "http://hausegger.activities.at/entry.php?id=10889" "Mozilla/5.0 (Windows NT 10.0; Win64; x64; rv:109.0) Gecko/20100101 Firefox/117.0"
178.115.59.222 - - [20/Sep/2023:13:16:12 +0200] "GET /gui/javascript/form_form.js?1695208572 HTTP/1.1" 200 16206 "http://hausegger.activities.at/entry.php?id=10889" "Mozilla/5.0 (Windows NT 10.0; Win64; x64; rv:109.0) Gecko/20100101 Firefox/117.0"
178.115.59.222 - - [20/Sep/2023:13:16:13 +0200] "GET /entry.php?id=11270&document=10328476 HTTP/1.1" 200 1978 "http://hausegger.activities.at/entry.php?id=10828" "Mozilla/5.0 (Windows NT 10.0; Win64; x64; rv:109.0) Gecko/20100101 Firefox/117.0"
178.115.59.222 - - [20/Sep/2023:13:16:14 +0200] "GET /gui/javascript/form_bu_document.js?1695208573 HTTP/1.1" 200 2675 "http://hausegger.activities.at/entry.php?id=11270&document=10328476" "Mozilla/5.0 (Windows NT 10.0; Win64; x64; rv:109.0) Gecko/20100101 Firefox/117.0"
178.115.59.222 - - [20/Sep/2023:13:16:14 +0200] "GET /gui/javascript/form_form.js?1695208574 HTTP/1.1" 200 16206 "http://hausegger.activities.at/entry.php?id=11270&document=10328476" "Mozilla/5.0 (Windows NT 10.0; Win64; x64; rv:109.0) Gecko/20100101 Firefox/117.0"
178.115.59.222 - - [20/Sep/2023:13:16:14 +0200] "GET /entry.php?id=10877&mode=observePrint HTTP/1.1" 200 55 "http://hausegger.activities.at/entry.php?id=11270&document=10328476" "Mozilla/5.0 (Windows NT 10.0; Win64; x64; rv:109.0) Gecko/20100101 Firefox/117.0"
178.115.59.222 - - [20/Sep/2023:13:16:14 +0200] "GET /entry.php?id=11241&images=false&document=10328476 HTTP/1.1" 200 2241 "http://hausegger.activities.at/entry.php?id=11270&document=10328476" "Mozilla/5.0 (Windows NT 10.0; Win64; x64; rv:109.0) Gecko/20100101 Firefox/117.0"
156.59.198.136 - - [20/Sep/2023:13:16:22 +0200] "GET /default/cgi-bin/lang/awstats-lv.txt HTTP/1.0" 404 303 "http://212.69.160.11:443/default/cgi-bin/lang/?C=D%3BO=A" "Mozilla/5.0 (Linux; Android 5.0) AppleWebKit/537.36 (KHTML, like Gecko) Mobile Safari/537.36 (compatible; Bytespider; spider-feedback@bytedance.com)"
178.115.59.222 - - [20/Sep/2023:13:16:35 +0200] "GET /entry.php?id=10271&&ser=208534 HTTP/1.1" 200 987 "http://hausegger.activities.at/entry.php?id=10271&&ser=208473" "Mozilla/5.0 (Windows NT 10.0; Win64; x64) AppleWebKit/537.36 (KHTML, like Gecko) Chrome/116.0.0.0 Safari/537.36"
178.115.59.222 - - [20/Sep/2023:13:16:35 +0200] "GET /gui/javascript/form_form.js?1695208595 HTTP/1.1" 200 16206 "http://hausegger.activities.at/entry.php?id=10271&&ser=208534" "Mozilla/5.0 (Windows NT 10.0; Win64; x64) AppleWebKit/537.36 (KHTML, like Gecko) Chrome/116.0.0.0 Safari/537.36"
156.59.198.136 - - [20/Sep/2023:13:16:46 +0200] "GET /default/cgi-bin/lang/awstats-en.txt HTTP/1.0" 404 302 "http://212.69.160.11:443/default/cgi-bin/lang/?C=D%3BO=A" "Mozilla/5.0 (Linux; Android 5.0) AppleWebKit/537.36 (KHTML, like Gecko) Mobile Safari/537.36 (compatible; Bytespider; spider-feedback@bytedance.com)"
178.115.59.222 - - [20/Sep/2023:13:16:51 +0200] "GET /entry.php?id=10271&&ser=208550 HTTP/1.1" 200 986 "http://hausegger.activities.at/entry.php?id=10271&&ser=208489" "Mozilla/5.0 (Windows NT 10.0; Win64; x64; rv:109.0) Gecko/20100101 Firefox/117.0"
178.115.59.222 - - [20/Sep/2023:13:16:51 +0200] "GET /gui/javascript/form_form.js?1695208611 HTTP/1.1" 200 16206 "http://hausegger.activities.at/entry.php?id=10271&&ser=208550" "Mozilla/5.0 (Windows NT 10.0; Win64; x64; rv:109.0) Gecko/20100101 Firefox/117.0"
156.59.198.136 - - [20/Sep/2023:13:17:10 +0200] "GET /default/cgi-bin/lang/awstats-de.txt HTTP/1.0" 404 302 "http://212.69.160.11:443/default/cgi-bin/lang/?C=D%3BO=A" "Mozilla/5.0 (Linux; Android 5.0) AppleWebKit/537.36 (KHTML, like Gecko) Mobile Safari/537.36 (compatible; Bytespider; spider-feedback@bytedance.com)"
156.59.198.135 - - [20/Sep/2023:13:17:35 +0200] "GET /default/cgi-bin/lang/awstats-bg.txt HTTP/1.0" 404 303 "http://212.69.160.11:443/default/cgi-bin/lang/?C=D%3BO=A" "Mozilla/5.0 (Linux; Android 5.0) AppleWebKit/537.36 (KHTML, like Gecko) Mobile Safari/537.36 (compatible; Bytespider; spider-feedback@bytedance.com)"
178.115.59.222 - - [20/Sep/2023:13:17:36 +0200] "GET /entry.php?id=10271&&ser=208595 HTTP/1.1" 200 987 "http://hausegger.activities.at/entry.php?id=10271&&ser=208534" "Mozilla/5.0 (Windows NT 10.0; Win64; x64) AppleWebKit/537.36 (KHTML, like Gecko) Chrome/116.0.0.0 Safari/537.36"
178.115.59.222 - - [20/Sep/2023:13:17:36 +0200] "GET /gui/javascript/form_form.js?1695208656 HTTP/1.1" 200 16206 "http://hausegger.activities.at/entry.php?id=10271&&ser=208595" "Mozilla/5.0 (Windows NT 10.0; Win64; x64) AppleWebKit/537.36 (KHTML, like Gecko) Chrome/116.0.0.0 Safari/537.36"
178.115.59.222 - - [20/Sep/2023:13:17:51 +0200] "GET /entry.php?id=10271&&ser=208611 HTTP/1.1" 200 987 "http://hausegger.activities.at/entry.php?id=10271&&ser=208550" "Mozilla/5.0 (Windows NT 10.0; Win64; x64; rv:109.0) Gecko/20100101 Firefox/117.0"
178.115.59.222 - - [20/Sep/2023:13:17:51 +0200] "GET /gui/javascript/form_form.js?1695208671 HTTP/1.1" 200 16206 "http://hausegger.activities.at/entry.php?id=10271&&ser=208611" "Mozilla/5.0 (Windows NT 10.0; Win64; x64; rv:109.0) Gecko/20100101 Firefox/117.0"
156.59.198.136 - - [20/Sep/2023:13:17:59 +0200] "GET /default/cgi-bin/lang/awstats-fr.txt HTTP/1.0" 404 303 "http://212.69.160.11:443/default/cgi-bin/lang/?C=D%3BO=A" "Mozilla/5.0 (Linux; Android 5.0) AppleWebKit/537.36 (KHTML, like Gecko) Mobile Safari/537.36 (compatible; Bytespider; spider-feedback@bytedance.com)"
156.59.198.135 - - [20/Sep/2023:13:18:25 +0200] "GET /default/cgi-bin/lang/awstats-cz.txt HTTP/1.0" 404 303 "http://212.69.160.11:443/default/cgi-bin/lang/?C=D%3BO=A" "Mozilla/5.0 (Linux; Android 5.0) AppleWebKit/537.36 (KHTML, like Gecko) Mobile Safari/537.36 (compatible; Bytespider; spider-feedback@bytedance.com)"
178.115.59.222 - - [20/Sep/2023:13:18:37 +0200] "GET /entry.php?id=10271&&ser=208656 HTTP/1.1" 200 987 "http://hausegger.activities.at/entry.php?id=10271&&ser=208595" "Mozilla/5.0 (Windows NT 10.0; Win64; x64) AppleWebKit/537.36 (KHTML, like Gecko) Chrome/116.0.0.0 Safari/537.36"
178.115.59.222 - - [20/Sep/2023:13:18:37 +0200] "GET /gui/javascript/form_form.js?1695208717 HTTP/1.1" 200 16206 "http://hausegger.activities.at/entry.php?id=10271&&ser=208656" "Mozilla/5.0 (Windows NT 10.0; Win64; x64) AppleWebKit/537.36 (KHTML, like Gecko) Chrome/116.0.0.0 Safari/537.36"
156.59.198.136 - - [20/Sep/2023:13:18:48 +0200] "GET /default/cgi-bin/lang/awstats-hu.txt HTTP/1.0" 404 302 "http://212.69.160.11:443/default/cgi-bin/lang/?C=D%3BO=A" "Mozilla/5.0 (Linux; Android 5.0) AppleWebKit/537.36 (KHTML, like Gecko) Mobile Safari/537.36 (compatible; Bytespider; spider-feedback@bytedance.com)"
178.115.59.222 - - [20/Sep/2023:13:18:52 +0200] "GET /entry.php?id=10271&&ser=208671 HTTP/1.1" 200 987 "http://hausegger.activities.at/entry.php?id=10271&&ser=208611" "Mozilla/5.0 (Windows NT 10.0; Win64; x64; rv:109.0) Gecko/20100101 Firefox/117.0"
178.115.59.222 - - [20/Sep/2023:13:18:52 +0200] "GET /gui/javascript/form_form.js?1695208732 HTTP/1.1" 200 16206 "http://hausegger.activities.at/entry.php?id=10271&&ser=208671" "Mozilla/5.0 (Windows NT 10.0; Win64; x64; rv:109.0) Gecko/20100101 Firefox/117.0"
156.59.198.136 - - [20/Sep/2023:13:19:12 +0200] "GET /default/cgi-bin/lang/awstats-sr.txt HTTP/1.0" 404 302 "http://212.69.160.11:443/default/cgi-bin/lang/?C=D%3BO=A" "Mozilla/5.0 (Linux; Android 5.0) AppleWebKit/537.36 (KHTML, like Gecko) Mobile Safari/537.36 (compatible; Bytespider; spider-feedback@bytedance.com)"
156.59.198.136 - - [20/Sep/2023:13:19:36 +0200] "GET /default/cgi-bin/lang/awstats-sk.txt HTTP/1.0" 404 303 "http://212.69.160.11:443/default/cgi-bin/lang/?C=D%3BO=A" "Mozilla/5.0 (Linux; Android 5.0) AppleWebKit/537.36 (KHTML, like Gecko) Mobile Safari/537.36 (compatible; Bytespider; spider-feedback@bytedance.com)"
178.115.59.222 - - [20/Sep/2023:13:19:38 +0200] "GET /entry.php?id=10271&&ser=208717 HTTP/1.1" 200 986 "http://hausegger.activities.at/entry.php?id=10271&&ser=208656" "Mozilla/5.0 (Windows NT 10.0; Win64; x64) AppleWebKit/537.36 (KHTML, like Gecko) Chrome/116.0.0.0 Safari/537.36"
178.115.59.222 - - [20/Sep/2023:13:19:38 +0200] "GET /gui/javascript/form_form.js?1695208778 HTTP/1.1" 200 16206 "http://hausegger.activities.at/entry.php?id=10271&&ser=208717" "Mozilla/5.0 (Windows NT 10.0; Win64; x64) AppleWebKit/537.36 (KHTML, like Gecko) Chrome/116.0.0.0 Safari/537.36"
178.115.59.222 - - [20/Sep/2023:13:19:52 +0200] "GET /entry.php?id=10271&&ser=208732 HTTP/1.1" 200 987 "http://hausegger.activities.at/entry.php?id=10271&&ser=208671" "Mozilla/5.0 (Windows NT 10.0; Win64; x64; rv:109.0) Gecko/20100101 Firefox/117.0"
178.115.59.222 - - [20/Sep/2023:13:19:52 +0200] "GET /gui/javascript/form_form.js?1695208792 HTTP/1.1" 200 16206 "http://hausegger.activities.at/entry.php?id=10271&&ser=208732" "Mozilla/5.0 (Windows NT 10.0; Win64; x64; rv:109.0) Gecko/20100101 Firefox/117.0"
156.59.198.136 - - [20/Sep/2023:13:20:01 +0200] "GET /default/cgi-bin/lang/awstats-ru.txt HTTP/1.0" 404 303 "http://212.69.160.11:443/default/cgi-bin/lang/?C=D%3BO=A" "Mozilla/5.0 (Linux; Android 5.0) AppleWebKit/537.36 (KHTML, like Gecko) Mobile Safari/537.36 (compatible; Bytespider; spider-feedback@bytedance.com)"
156.59.198.136 - - [20/Sep/2023:13:20:25 +0200] "GET /default/cgi-bin/lang/awstats-th.txt HTTP/1.0" 404 302 "http://212.69.160.11:443/default/cgi-bin/lang/?C=D%3BO=A" "Mozilla/5.0 (Linux; Android 5.0) AppleWebKit/537.36 (KHTML, like Gecko) Mobile Safari/537.36 (compatible; Bytespider; spider-feedback@bytedance.com)"
178.115.59.222 - - [20/Sep/2023:13:20:39 +0200] "GET /entry.php?id=10271&&ser=208778 HTTP/1.1" 200 987 "http://hausegger.activities.at/entry.php?id=10271&&ser=208717" "Mozilla/5.0 (Windows NT 10.0; Win64; x64) AppleWebKit/537.36 (KHTML, like Gecko) Chrome/116.0.0.0 Safari/537.36"
178.115.59.222 - - [20/Sep/2023:13:20:39 +0200] "GET /gui/javascript/form_form.js?1695208839 HTTP/1.1" 200 16206 "http://hausegger.activities.at/entry.php?id=10271&&ser=208778" "Mozilla/5.0 (Windows NT 10.0; Win64; x64) AppleWebKit/537.36 (KHTML, like Gecko) Chrome/116.0.0.0 Safari/537.36"
156.59.198.135 - - [20/Sep/2023:13:20:49 +0200] "GET /default/cgi-bin/lang/awstats-se.txt HTTP/1.0" 404 302 "http://212.69.160.11:443/default/cgi-bin/lang/?C=D%3BO=A" "Mozilla/5.0 (Linux; Android 5.0) AppleWebKit/537.36 (KHTML, like Gecko) Mobile Safari/537.36 (compatible; Bytespider; spider-feedback@bytedance.com)"
178.115.59.222 - - [20/Sep/2023:13:20:52 +0200] "GET /entry.php?id=10271&&ser=208792 HTTP/1.1" 200 987 "http://hausegger.activities.at/entry.php?id=10271&&ser=208732" "Mozilla/5.0 (Windows NT 10.0; Win64; x64; rv:109.0) Gecko/20100101 Firefox/117.0"
178.115.59.222 - - [20/Sep/2023:13:20:53 +0200] "GET /gui/javascript/form_form.js?1695208852 HTTP/1.1" 200 16206 "http://hausegger.activities.at/entry.php?id=10271&&ser=208792" "Mozilla/5.0 (Windows NT 10.0; Win64; x64; rv:109.0) Gecko/20100101 Firefox/117.0"
156.59.198.136 - - [20/Sep/2023:13:21:14 +0200] "GET /default/cgi-bin/lang/awstats-eu.txt HTTP/1.0" 404 302 "http://212.69.160.11:443/default/cgi-bin/lang/?C=D%3BO=A" "Mozilla/5.0 (Linux; Android 5.0) AppleWebKit/537.36 (KHTML, like Gecko) Mobile Safari/537.36 (compatible; Bytespider; spider-feedback@bytedance.com)"
156.59.198.136 - - [20/Sep/2023:13:21:38 +0200] "GET /default/cgi-bin/lang/awstats-al.txt HTTP/1.0" 404 302 "http://212.69.160.11:443/default/cgi-bin/lang/?C=D%3BO=A" "Mozilla/5.0 (Linux; Android 5.0) AppleWebKit/537.36 (KHTML, like Gecko) Mobile Safari/537.36 (compatible; Bytespider; spider-feedback@bytedance.com)"
178.115.59.222 - - [20/Sep/2023:13:21:40 +0200] "GET /entry.php?id=10271&&ser=208839 HTTP/1.1" 200 987 "http://hausegger.activities.at/entry.php?id=10271&&ser=208778" "Mozilla/5.0 (Windows NT 10.0; Win64; x64) AppleWebKit/537.36 (KHTML, like Gecko) Chrome/116.0.0.0 Safari/537.36"
178.115.59.222 - - [20/Sep/2023:13:21:40 +0200] "GET /gui/javascript/form_form.js?1695208900 HTTP/1.1" 200 16206 "http://hausegger.activities.at/entry.php?id=10271&&ser=208839" "Mozilla/5.0 (Windows NT 10.0; Win64; x64) AppleWebKit/537.36 (KHTML, like Gecko) Chrome/116.0.0.0 Safari/537.36"
178.115.59.222 - - [20/Sep/2023:13:21:53 +0200] "GET /entry.php?id=10271&&ser=208852 HTTP/1.1" 200 987 "http://hausegger.activities.at/entry.php?id=10271&&ser=208792" "Mozilla/5.0 (Windows NT 10.0; Win64; x64; rv:109.0) Gecko/20100101 Firefox/117.0"
178.115.59.222 - - [20/Sep/2023:13:21:53 +0200] "GET /gui/javascript/form_form.js?1695208913 HTTP/1.1" 200 16206 "http://hausegger.activities.at/entry.php?id=10271&&ser=208852" "Mozilla/5.0 (Windows NT 10.0; Win64; x64; rv:109.0) Gecko/20100101 Firefox/117.0"
156.59.198.135 - - [20/Sep/2023:13:22:03 +0200] "GET /default/cgi-bin/lang/awstats-nl.txt HTTP/1.0" 404 302 "http://212.69.160.11:443/default/cgi-bin/lang/?C=D%3BO=A" "Mozilla/5.0 (Linux; Android 5.0) AppleWebKit/537.36 (KHTML, like Gecko) Mobile Safari/537.36 (compatible; Bytespider; spider-feedback@bytedance.com)"
156.59.198.135 - - [20/Sep/2023:13:22:27 +0200] "GET /default/cgi-bin/lang/awstats-fi.txt HTTP/1.0" 404 303 "http://212.69.160.11:443/default/cgi-bin/lang/?C=D%3BO=A" "Mozilla/5.0 (Linux; Android 5.0) AppleWebKit/537.36 (KHTML, like Gecko) Mobile Safari/537.36 (compatible; Bytespider; spider-feedback@bytedance.com)"
178.115.59.222 - - [20/Sep/2023:13:22:41 +0200] "GET /entry.php?id=10271&&ser=208900 HTTP/1.1" 200 987 "http://hausegger.activities.at/entry.php?id=10271&&ser=208839" "Mozilla/5.0 (Windows NT 10.0; Win64; x64) AppleWebKit/537.36 (KHTML, like Gecko) Chrome/116.0.0.0 Safari/537.36"
178.115.59.222 - - [20/Sep/2023:13:22:41 +0200] "GET /gui/javascript/form_form.js?1695208961 HTTP/1.1" 200 16206 "http://hausegger.activities.at/entry.php?id=10271&&ser=208900" "Mozilla/5.0 (Windows NT 10.0; Win64; x64) AppleWebKit/537.36 (KHTML, like Gecko) Chrome/116.0.0.0 Safari/537.36"
156.59.198.135 - - [20/Sep/2023:13:22:52 +0200] "GET /default/cgi-bin/lang/awstats-dk.txt HTTP/1.0" 404 303 "http://212.69.160.11:443/default/cgi-bin/lang/?C=D%3BO=A" "Mozilla/5.0 (Linux; Android 5.0) AppleWebKit/537.36 (KHTML, like Gecko) Mobile Safari/537.36 (compatible; Bytespider; spider-feedback@bytedance.com)"
178.115.59.222 - - [20/Sep/2023:13:22:53 +0200] "GET /entry.php?id=10271&&ser=208913 HTTP/1.1" 200 987 "http://hausegger.activities.at/entry.php?id=10271&&ser=208852" "Mozilla/5.0 (Windows NT 10.0; Win64; x64; rv:109.0) Gecko/20100101 Firefox/117.0"
178.115.59.222 - - [20/Sep/2023:13:22:53 +0200] "GET /gui/javascript/form_form.js?1695208973 HTTP/1.1" 200 16206 "http://hausegger.activities.at/entry.php?id=10271&&ser=208913" "Mozilla/5.0 (Windows NT 10.0; Win64; x64; rv:109.0) Gecko/20100101 Firefox/117.0"
156.59.198.136 - - [20/Sep/2023:13:23:16 +0200] "GET /default/cgi-bin/lang/awstats-lt.txt HTTP/1.0" 404 302 "http://212.69.160.11:443/default/cgi-bin/lang/?C=D%3BO=A" "Mozilla/5.0 (Linux; Android 5.0) AppleWebKit/537.36 (KHTML, like Gecko) Mobile Safari/537.36 (compatible; Bytespider; spider-feedback@bytedance.com)"
156.59.198.135 - - [20/Sep/2023:13:23:40 +0200] "GET /default/cgi-bin/lang/awstats-br.txt HTTP/1.0" 404 303 "http://212.69.160.11:443/default/cgi-bin/lang/?C=D%3BO=A" "Mozilla/5.0 (Linux; Android 5.0) AppleWebKit/537.36 (KHTML, like Gecko) Mobile Safari/537.36 (compatible; Bytespider; spider-feedback@bytedance.com)"
178.115.59.222 - - [20/Sep/2023:13:23:42 +0200] "GET /entry.php?id=10271&&ser=208961 HTTP/1.1" 200 987 "http://hausegger.activities.at/entry.php?id=10271&&ser=208900" "Mozilla/5.0 (Windows NT 10.0; Win64; x64) AppleWebKit/537.36 (KHTML, like Gecko) Chrome/116.0.0.0 Safari/537.36"
178.115.59.222 - - [20/Sep/2023:13:23:42 +0200] "GET /gui/javascript/form_form.js?1695209022 HTTP/1.1" 200 16206 "http://hausegger.activities.at/entry.php?id=10271&&ser=208961" "Mozilla/5.0 (Windows NT 10.0; Win64; x64) AppleWebKit/537.36 (KHTML, like Gecko) Chrome/116.0.0.0 Safari/537.36"
178.115.59.222 - - [20/Sep/2023:13:23:53 +0200] "GET /entry.php?id=10271&&ser=208973 HTTP/1.1" 200 989 "http://hausegger.activities.at/entry.php?id=10271&&ser=208913" "Mozilla/5.0 (Windows NT 10.0; Win64; x64; rv:109.0) Gecko/20100101 Firefox/117.0"
178.115.59.222 - - [20/Sep/2023:13:23:54 +0200] "GET /gui/javascript/form_form.js?1695209034 HTTP/1.1" 200 16206 "http://hausegger.activities.at/entry.php?id=10271&&ser=208973" "Mozilla/5.0 (Windows NT 10.0; Win64; x64; rv:109.0) Gecko/20100101 Firefox/117.0"
156.59.198.136 - - [20/Sep/2023:13:24:04 +0200] "GET /renault.activities.at/htdocs/newsletter_log/nl_608161.txt HTTP/1.0" 404 316 "http://212.69.160.11:443/renault.activities.at/htdocs/newsletter_log/nl_608161.txt" "Mozilla/5.0 (Linux; Android 5.0) AppleWebKit/537.36 (KHTML, like Gecko) Mobile Safari/537.36 (compatible; Bytespider; spider-feedback@bytedance.com)"
178.115.59.222 - - [20/Sep/2023:13:24:10 +0200] "GET /entry.php?id=11237&type=10665 HTTP/1.1" 200 276 "http://hausegger.activities.at/entry.php?id=10828" "Mozilla/5.0 (Windows NT 10.0; Win64; x64; rv:109.0) Gecko/20100101 Firefox/117.0"
178.115.59.222 - - [20/Sep/2023:13:24:11 +0200] "GET /entry.php?id=10676&&title=Belegsuche HTTP/1.1" 200 1389 "http://hausegger.activities.at/entry.php?id=11237&type=10665" "Mozilla/5.0 (Windows NT 10.0; Win64; x64; rv:109.0) Gecko/20100101 Firefox/117.0"
178.115.59.222 - - [20/Sep/2023:13:24:11 +0200] "GET /gui/javascript/form_form.js?1695209051 HTTP/1.1" 200 16206 "http://hausegger.activities.at/entry.php?id=10676&&title=Belegsuche" "Mozilla/5.0 (Windows NT 10.0; Win64; x64; rv:109.0) Gecko/20100101 Firefox/117.0"
178.115.59.222 - - [20/Sep/2023:13:24:11 +0200] "GET /entry.php?id=11239&mode=document&form=10665& HTTP/1.1" 200 2017 "http://hausegger.activities.at/entry.php?id=11237&type=10665" "Mozilla/5.0 (Windows NT 10.0; Win64; x64; rv:109.0) Gecko/20100101 Firefox/117.0"
178.115.59.222 - - [20/Sep/2023:13:24:11 +0200] "GET /framework/webfx/javascript/treeview/ua.js HTTP/1.1" 304 - "http://hausegger.activities.at/entry.php?id=11239&mode=document&form=10665&" "Mozilla/5.0 (Windows NT 10.0; Win64; x64; rv:109.0) Gecko/20100101 Firefox/117.0"
178.115.59.222 - - [20/Sep/2023:13:24:11 +0200] "GET /gui/javascript/form_bu_document_workflow.js?1695209051 HTTP/1.1" 200 4900 "http://hausegger.activities.at/entry.php?id=11239&mode=document&form=10665&" "Mozilla/5.0 (Windows NT 10.0; Win64; x64; rv:109.0) Gecko/20100101 Firefox/117.0"
178.115.59.222 - - [20/Sep/2023:13:24:11 +0200] "GET /framework/webfx/javascript/treeview/ftiens4.js HTTP/1.1" 304 - "http://hausegger.activities.at/entry.php?id=11239&mode=document&form=10665&" "Mozilla/5.0 (Windows NT 10.0; Win64; x64; rv:109.0) Gecko/20100101 Firefox/117.0"
178.115.59.222 - - [20/Sep/2023:13:24:11 +0200] "GET /framework/icons/treeview/ftv2node.gif HTTP/1.1" 304 - "http://hausegger.activities.at/entry.php?id=11239&mode=document&form=10665&" "Mozilla/5.0 (Windows NT 10.0; Win64; x64; rv:109.0) Gecko/20100101 Firefox/117.0"
178.115.59.222 - - [20/Sep/2023:13:24:11 +0200] "GET /framework/icons/treeview/ftv2lastnode.gif HTTP/1.1" 304 - "http://hausegger.activities.at/entry.php?id=11239&mode=document&form=10665&" "Mozilla/5.0 (Windows NT 10.0; Win64; x64; rv:109.0) Gecko/20100101 Firefox/117.0"
178.115.59.222 - - [20/Sep/2023:13:24:11 +0200] "GET /entry.php?id=11240&mode=document&form=10665& HTTP/1.1" 200 2665 "http://hausegger.activities.at/entry.php?id=11237&type=10665" "Mozilla/5.0 (Windows NT 10.0; Win64; x64; rv:109.0) Gecko/20100101 Firefox/117.0"
178.115.59.222 - - [20/Sep/2023:13:24:11 +0200] "GET /framework/icons/treeview/ftv2vertline.gif HTTP/1.1" 304 - "http://hausegger.activities.at/entry.php?id=11239&mode=document&form=10665&" "Mozilla/5.0 (Windows NT 10.0; Win64; x64; rv:109.0) Gecko/20100101 Firefox/117.0"
178.115.59.222 - - [20/Sep/2023:13:24:11 +0200] "GET /framework/icons/treeview/filter.gif HTTP/1.1" 304 - "http://hausegger.activities.at/entry.php?id=11239&mode=document&form=10665&" "Mozilla/5.0 (Windows NT 10.0; Win64; x64; rv:109.0) Gecko/20100101 Firefox/117.0"
178.115.59.222 - - [20/Sep/2023:13:24:11 +0200] "GET /framework/icons/treeview/ftv2folderopen.gif HTTP/1.1" 304 - "http://hausegger.activities.at/entry.php?id=11239&mode=document&form=10665&" "Mozilla/5.0 (Windows NT 10.0; Win64; x64; rv:109.0) Gecko/20100101 Firefox/117.0"
178.115.59.222 - - [20/Sep/2023:13:24:11 +0200] "GET /entry.php?id=11238&mode=document&form=10665& HTTP/1.1" 200 3303 "http://hausegger.activities.at/entry.php?id=11237&type=10665" "Mozilla/5.0 (Windows NT 10.0; Win64; x64; rv:109.0) Gecko/20100101 Firefox/117.0"
178.115.59.222 - - [20/Sep/2023:13:24:11 +0200] "GET /gui/javascript/form_bu_job_processing.js HTTP/1.1" 304 - "http://hausegger.activities.at/entry.php?id=11238&mode=document&form=10665&" "Mozilla/5.0 (Windows NT 10.0; Win64; x64; rv:109.0) Gecko/20100101 Firefox/117.0"
178.115.59.222 - - [20/Sep/2023:13:24:11 +0200] "GET /entry.php?id=10776&form=11066&name=list& HTTP/1.1" 200 1513 "http://hausegger.activities.at/entry.php?id=11240&mode=document&form=10665&" "Mozilla/5.0 (Windows NT 10.0; Win64; x64; rv:109.0) Gecko/20100101 Firefox/117.0"
178.115.59.222 - - [20/Sep/2023:13:24:11 +0200] "GET /entry.php?id=10778&form=11066&name=list& HTTP/1.1" 200 2586 "http://hausegger.activities.at/entry.php?id=11240&mode=document&form=10665&" "Mozilla/5.0 (Windows NT 10.0; Win64; x64; rv:109.0) Gecko/20100101 Firefox/117.0"
178.115.59.222 - - [20/Sep/2023:13:24:11 +0200] "GET /framework/webfx/javascript/popupcalendar/popcalendar.js HTTP/1.1" 304 - "http://hausegger.activities.at/entry.php?id=11238&mode=document&form=10665&" "Mozilla/5.0 (Windows NT 10.0; Win64; x64; rv:109.0) Gecko/20100101 Firefox/117.0"
178.115.59.222 - - [20/Sep/2023:13:24:11 +0200] "GET /framework/icons/popupcalendar/drop1.gif HTTP/1.1" 304 - "http://hausegger.activities.at/entry.php?id=11238&mode=document&form=10665&" "Mozilla/5.0 (Windows NT 10.0; Win64; x64; rv:109.0) Gecko/20100101 Firefox/117.0"
178.115.59.222 - - [20/Sep/2023:13:24:11 +0200] "GET /framework/icons/popupcalendar/left1.gif HTTP/1.1" 304 - "http://hausegger.activities.at/entry.php?id=11238&mode=document&form=10665&" "Mozilla/5.0 (Windows NT 10.0; Win64; x64; rv:109.0) Gecko/20100101 Firefox/117.0"
178.115.59.222 - - [20/Sep/2023:13:24:11 +0200] "GET /framework/icons/popupcalendar/right1.gif HTTP/1.1" 304 - "http://hausegger.activities.at/entry.php?id=11238&mode=document&form=10665&" "Mozilla/5.0 (Windows NT 10.0; Win64; x64; rv:109.0) Gecko/20100101 Firefox/117.0"
178.115.59.222 - - [20/Sep/2023:13:24:11 +0200] "GET /framework/icons/popupcalendar/close.gif HTTP/1.1" 304 - "http://hausegger.activities.at/entry.php?id=11238&mode=document&form=10665&" "Mozilla/5.0 (Windows NT 10.0; Win64; x64; rv:109.0) Gecko/20100101 Firefox/117.0"
178.115.59.222 - - [20/Sep/2023:13:24:11 +0200] "GET /framework/icons/popupcalendar/drop2.gif HTTP/1.1" 304 - "http://hausegger.activities.at/entry.php?id=11238&mode=document&form=10665&" "Mozilla/5.0 (Windows NT 10.0; Win64; x64; rv:109.0) Gecko/20100101 Firefox/117.0"
178.115.59.222 - - [20/Sep/2023:13:24:11 +0200] "GET /framework/icons/popupcalendar/right2.gif HTTP/1.1" 304 - "http://hausegger.activities.at/entry.php?id=11238&mode=document&form=10665&" "Mozilla/5.0 (Windows NT 10.0; Win64; x64; rv:109.0) Gecko/20100101 Firefox/117.0"
178.115.59.222 - - [20/Sep/2023:13:24:11 +0200] "GET /framework/icons/popupcalendar/left2.gif HTTP/1.1" 304 - "http://hausegger.activities.at/entry.php?id=11238&mode=document&form=10665&" "Mozilla/5.0 (Windows NT 10.0; Win64; x64; rv:109.0) Gecko/20100101 Firefox/117.0"
178.115.59.222 - - [20/Sep/2023:13:24:12 +0200] "POST /entry.php?id=11240 HTTP/1.1" 200 2672 "http://hausegger.activities.at/entry.php?id=11240&mode=document&form=10665&" "Mozilla/5.0 (Windows NT 10.0; Win64; x64; rv:109.0) Gecko/20100101 Firefox/117.0"
178.115.59.222 - - [20/Sep/2023:13:24:12 +0200] "GET /gui/javascript/form_bu_document_workflow.js?1695209052 HTTP/1.1" 200 4900 "http://hausegger.activities.at/entry.php?id=11240" "Mozilla/5.0 (Windows NT 10.0; Win64; x64; rv:109.0) Gecko/20100101 Firefox/117.0"
178.115.59.222 - - [20/Sep/2023:13:24:12 +0200] "GET /gui/javascript/form_form.js?1695209052 HTTP/1.1" 200 16206 "http://hausegger.activities.at/entry.php?id=11240" "Mozilla/5.0 (Windows NT 10.0; Win64; x64; rv:109.0) Gecko/20100101 Firefox/117.0"
178.115.59.222 - - [20/Sep/2023:13:24:12 +0200] "GET /entry.php?id=10778&form=11066&name=list& HTTP/1.1" 200 3101 "http://hausegger.activities.at/entry.php?id=11240" "Mozilla/5.0 (Windows NT 10.0; Win64; x64; rv:109.0) Gecko/20100101 Firefox/117.0"
178.115.59.222 - - [20/Sep/2023:13:24:12 +0200] "GET /entry.php?id=10776&form=11066&name=list& HTTP/1.1" 200 1513 "http://hausegger.activities.at/entry.php?id=11240" "Mozilla/5.0 (Windows NT 10.0; Win64; x64; rv:109.0) Gecko/20100101 Firefox/117.0"
156.59.198.136 - - [20/Sep/2023:13:24:29 +0200] "GET /default/cgi-bin/lang/awstats-mk.txt HTTP/1.0" 404 303 "http://212.69.160.11:443/default/cgi-bin/lang/?C=D%3BO=A" "Mozilla/5.0 (Linux; Android 5.0) AppleWebKit/537.36 (KHTML, like Gecko) Mobile Safari/537.36 (compatible; Bytespider; spider-feedback@bytedance.com)"
178.115.59.222 - - [20/Sep/2023:13:24:43 +0200] "GET /entry.php?id=10271&&ser=209022 HTTP/1.1" 200 987 "http://hausegger.activities.at/entry.php?id=10271&&ser=208961" "Mozilla/5.0 (Windows NT 10.0; Win64; x64) AppleWebKit/537.36 (KHTML, like Gecko) Chrome/116.0.0.0 Safari/537.36"
178.115.59.222 - - [20/Sep/2023:13:24:43 +0200] "GET /gui/javascript/form_form.js?1695209083 HTTP/1.1" 200 16206 "http://hausegger.activities.at/entry.php?id=10271&&ser=209022" "Mozilla/5.0 (Windows NT 10.0; Win64; x64) AppleWebKit/537.36 (KHTML, like Gecko) Chrome/116.0.0.0 Safari/537.36"
156.59.198.135 - - [20/Sep/2023:13:24:53 +0200] "GET /default/cgi-bin/lang/awstats-ro.txt HTTP/1.0" 404 302 "http://212.69.160.11:443/default/cgi-bin/lang/?C=D%3BO=A" "Mozilla/5.0 (Linux; Android 5.0) AppleWebKit/537.36 (KHTML, like Gecko) Mobile Safari/537.36 (compatible; Bytespider; spider-feedback@bytedance.com)"
178.115.59.222 - - [20/Sep/2023:13:24:54 +0200] "GET /entry.php?id=10271&&ser=209033 HTTP/1.1" 200 987 "http://hausegger.activities.at/entry.php?id=10271&&ser=208973" "Mozilla/5.0 (Windows NT 10.0; Win64; x64; rv:109.0) Gecko/20100101 Firefox/117.0"
178.115.59.222 - - [20/Sep/2023:13:24:54 +0200] "GET /gui/javascript/form_form.js?1695209094 HTTP/1.1" 200 16206 "http://hausegger.activities.at/entry.php?id=10271&&ser=209033" "Mozilla/5.0 (Windows NT 10.0; Win64; x64; rv:109.0) Gecko/20100101 Firefox/117.0"
156.59.198.135 - - [20/Sep/2023:13:25:17 +0200] "GET /default/cgi-bin/lang/awstats-ca.txt HTTP/1.0" 404 303 "http://212.69.160.11:443/default/cgi-bin/lang/?C=D%3BO=A" "Mozilla/5.0 (Linux; Android 5.0) AppleWebKit/537.36 (KHTML, like Gecko) Mobile Safari/537.36 (compatible; Bytespider; spider-feedback@bytedance.com)"
156.59.198.135 - - [20/Sep/2023:13:25:42 +0200] "GET /default/cgi-bin/lang/awstats-id.txt HTTP/1.0" 404 302 "http://212.69.160.11:443/default/cgi-bin/lang/?C=D%3BO=A" "Mozilla/5.0 (Linux; Android 5.0) AppleWebKit/537.36 (KHTML, like Gecko) Mobile Safari/537.36 (compatible; Bytespider; spider-feedback@bytedance.com)"
178.115.59.222 - - [20/Sep/2023:13:25:44 +0200] "GET /entry.php?id=10271&&ser=209083 HTTP/1.1" 200 987 "http://hausegger.activities.at/entry.php?id=10271&&ser=209022" "Mozilla/5.0 (Windows NT 10.0; Win64; x64) AppleWebKit/537.36 (KHTML, like Gecko) Chrome/116.0.0.0 Safari/537.36"
178.115.59.222 - - [20/Sep/2023:13:25:44 +0200] "GET /gui/javascript/form_form.js?1695209144 HTTP/1.1" 200 16206 "http://hausegger.activities.at/entry.php?id=10271&&ser=209083" "Mozilla/5.0 (Windows NT 10.0; Win64; x64) AppleWebKit/537.36 (KHTML, like Gecko) Chrome/116.0.0.0 Safari/537.36"
178.115.59.222 - - [20/Sep/2023:13:25:54 +0200] "GET /entry.php?id=10271&&ser=209094 HTTP/1.1" 200 987 "http://hausegger.activities.at/entry.php?id=10271&&ser=209033" "Mozilla/5.0 (Windows NT 10.0; Win64; x64; rv:109.0) Gecko/20100101 Firefox/117.0"
178.115.59.222 - - [20/Sep/2023:13:25:54 +0200] "GET /gui/javascript/form_form.js?1695209154 HTTP/1.1" 200 16206 "http://hausegger.activities.at/entry.php?id=10271&&ser=209094" "Mozilla/5.0 (Windows NT 10.0; Win64; x64; rv:109.0) Gecko/20100101 Firefox/117.0"
178.115.59.222 - - [20/Sep/2023:13:26:23 +0200] "POST /entry.php?id=10828 HTTP/1.1" 200 8728 "http://hausegger.activities.at/entry.php?id=10828" "Mozilla/5.0 (Windows NT 10.0; Win64; x64; rv:109.0) Gecko/20100101 Firefox/117.0"
178.115.59.222 - - [20/Sep/2023:13:26:23 +0200] "GET /gui/javascript/form_form.js?1695209183 HTTP/1.1" 200 16206 "http://hausegger.activities.at/entry.php?id=10828" "Mozilla/5.0 (Windows NT 10.0; Win64; x64; rv:109.0) Gecko/20100101 Firefox/117.0"
178.115.59.222 - - [20/Sep/2023:13:26:23 +0200] "GET /gui/images/icons/disabled_delete.gif HTTP/1.1" 304 - "http://hausegger.activities.at/entry.php?id=10828" "Mozilla/5.0 (Windows NT 10.0; Win64; x64; rv:109.0) Gecko/20100101 Firefox/117.0"
178.115.59.222 - - [20/Sep/2023:13:26:23 +0200] "GET /gui/images/icons/extra.gif HTTP/1.1" 304 - "http://hausegger.activities.at/entry.php?id=10828" "Mozilla/5.0 (Windows NT 10.0; Win64; x64; rv:109.0) Gecko/20100101 Firefox/117.0"
178.115.59.222 - - [20/Sep/2023:13:26:23 +0200] "GET /entry.php?id=10889&document_id=10328447& HTTP/1.1" 200 1509 "http://hausegger.activities.at/entry.php?id=10828" "Mozilla/5.0 (Windows NT 10.0; Win64; x64; rv:109.0) Gecko/20100101 Firefox/117.0"
178.115.59.222 - - [20/Sep/2023:13:26:25 +0200] "POST /entry.php?id=10828 HTTP/1.1" 200 8802 "http://hausegger.activities.at/entry.php?id=10828" "Mozilla/5.0 (Windows NT 10.0; Win64; x64; rv:109.0) Gecko/20100101 Firefox/117.0"
178.115.59.222 - - [20/Sep/2023:13:26:26 +0200] "GET /gui/javascript/form_form.js?1695209186 HTTP/1.1" 200 16206 "http://hausegger.activities.at/entry.php?id=10828" "Mozilla/5.0 (Windows NT 10.0; Win64; x64; rv:109.0) Gecko/20100101 Firefox/117.0"
178.115.59.222 - - [20/Sep/2023:13:26:26 +0200] "GET /entry.php?id=10889&document_id=10328447& HTTP/1.1" 200 1509 "http://hausegger.activities.at/entry.php?id=10828" "Mozilla/5.0 (Windows NT 10.0; Win64; x64; rv:109.0) Gecko/20100101 Firefox/117.0"
178.115.59.222 - - [20/Sep/2023:13:26:45 +0200] "GET /entry.php?id=10271&&ser=209144 HTTP/1.1" 200 987 "http://hausegger.activities.at/entry.php?id=10271&&ser=209083" "Mozilla/5.0 (Windows NT 10.0; Win64; x64) AppleWebKit/537.36 (KHTML, like Gecko) Chrome/116.0.0.0 Safari/537.36"
178.115.59.222 - - [20/Sep/2023:13:26:46 +0200] "GET /gui/javascript/form_form.js?1695209205 HTTP/1.1" 200 16206 "http://hausegger.activities.at/entry.php?id=10271&&ser=209144" "Mozilla/5.0 (Windows NT 10.0; Win64; x64) AppleWebKit/537.36 (KHTML, like Gecko) Chrome/116.0.0.0 Safari/537.36"
178.115.59.222 - - [20/Sep/2023:13:26:54 +0200] "GET /entry.php?id=10271&&ser=209154 HTTP/1.1" 200 987 "http://hausegger.activities.at/entry.php?id=10271&&ser=209094" "Mozilla/5.0 (Windows NT 10.0; Win64; x64; rv:109.0) Gecko/20100101 Firefox/117.0"
178.115.59.222 - - [20/Sep/2023:13:26:54 +0200] "GET /gui/javascript/form_form.js?1695209214 HTTP/1.1" 200 16206 "http://hausegger.activities.at/entry.php?id=10271&&ser=209154" "Mozilla/5.0 (Windows NT 10.0; Win64; x64; rv:109.0) Gecko/20100101 Firefox/117.0"
178.115.59.222 - - [20/Sep/2023:13:27:46 +0200] "GET /entry.php?id=10271&&ser=209205 HTTP/1.1" 200 987 "http://hausegger.activities.at/entry.php?id=10271&&ser=209144" "Mozilla/5.0 (Windows NT 10.0; Win64; x64) AppleWebKit/537.36 (KHTML, like Gecko) Chrome/116.0.0.0 Safari/537.36"
178.115.59.222 - - [20/Sep/2023:13:27:46 +0200] "GET /gui/javascript/form_form.js?1695209266 HTTP/1.1" 200 16206 "http://hausegger.activities.at/entry.php?id=10271&&ser=209205" "Mozilla/5.0 (Windows NT 10.0; Win64; x64) AppleWebKit/537.36 (KHTML, like Gecko) Chrome/116.0.0.0 Safari/537.36"
178.115.59.222 - - [20/Sep/2023:13:27:55 +0200] "GET /entry.php?id=10271&&ser=209214 HTTP/1.1" 200 987 "http://hausegger.activities.at/entry.php?id=10271&&ser=209154" "Mozilla/5.0 (Windows NT 10.0; Win64; x64; rv:109.0) Gecko/20100101 Firefox/117.0"
178.115.59.222 - - [20/Sep/2023:13:27:55 +0200] "GET /gui/javascript/form_form.js?1695209275 HTTP/1.1" 200 16206 "http://hausegger.activities.at/entry.php?id=10271&&ser=209214" "Mozilla/5.0 (Windows NT 10.0; Win64; x64; rv:109.0) Gecko/20100101 Firefox/117.0"
156.59.198.136 - - [20/Sep/2023:13:28:08 +0200] "GET /default/cgi-bin/lang/tooltips_f/awstats-tt-en.txt HTTP/1.0" 404 311 "http://212.69.160.11:443/default/cgi-bin/lang/tooltips_f/" "Mozilla/5.0 (Linux; Android 5.0) AppleWebKit/537.36 (KHTML, like Gecko) Mobile Safari/537.36 (compatible; Bytespider; spider-feedback@bytedance.com)"
156.59.198.135 - - [20/Sep/2023:13:28:31 +0200] "GET /default/cgi-bin/lang/tooltips_f/awstats-tt-br.txt HTTP/1.0" 404 311 "http://212.69.160.11:443/default/cgi-bin/lang/tooltips_f/" "Mozilla/5.0 (Linux; Android 5.0) AppleWebKit/537.36 (KHTML, like Gecko) Mobile Safari/537.36 (compatible; Bytespider; spider-feedback@bytedance.com)"
178.115.59.222 - - [20/Sep/2023:13:28:47 +0200] "GET /entry.php?id=10271&&ser=209266 HTTP/1.1" 200 987 "http://hausegger.activities.at/entry.php?id=10271&&ser=209205" "Mozilla/5.0 (Windows NT 10.0; Win64; x64) AppleWebKit/537.36 (KHTML, like Gecko) Chrome/116.0.0.0 Safari/537.36"
178.115.59.222 - - [20/Sep/2023:13:28:47 +0200] "GET /gui/javascript/form_form.js?1695209327 HTTP/1.1" 200 16206 "http://hausegger.activities.at/entry.php?id=10271&&ser=209266" "Mozilla/5.0 (Windows NT 10.0; Win64; x64) AppleWebKit/537.36 (KHTML, like Gecko) Chrome/116.0.0.0 Safari/537.36"
178.115.59.222 - - [20/Sep/2023:13:28:55 +0200] "GET /entry.php?id=10271&&ser=209275 HTTP/1.1" 200 987 "http://hausegger.activities.at/entry.php?id=10271&&ser=209214" "Mozilla/5.0 (Windows NT 10.0; Win64; x64; rv:109.0) Gecko/20100101 Firefox/117.0"
178.115.59.222 - - [20/Sep/2023:13:28:55 +0200] "GET /gui/javascript/form_form.js?1695209335 HTTP/1.1" 200 16206 "http://hausegger.activities.at/entry.php?id=10271&&ser=209275" "Mozilla/5.0 (Windows NT 10.0; Win64; x64; rv:109.0) Gecko/20100101 Firefox/117.0"
156.59.198.135 - - [20/Sep/2023:13:28:56 +0200] "GET /default/cgi-bin/lang/tooltips_f/awstats-tt-it.txt HTTP/1.0" 404 311 "http://212.69.160.11:443/default/cgi-bin/lang/tooltips_f/" "Mozilla/5.0 (Linux; Android 5.0) AppleWebKit/537.36 (KHTML, like Gecko) Mobile Safari/537.36 (compatible; Bytespider; spider-feedback@bytedance.com)"
156.59.198.136 - - [20/Sep/2023:13:29:20 +0200] "GET /default/cgi-bin/lang/tooltips_f/awstats-tt-cz.txt HTTP/1.0" 404 312 "http://212.69.160.11:443/default/cgi-bin/lang/tooltips_f/" "Mozilla/5.0 (Linux; Android 5.0) AppleWebKit/537.36 (KHTML, like Gecko) Mobile Safari/537.36 (compatible; Bytespider; spider-feedback@bytedance.com)"
156.59.198.136 - - [20/Sep/2023:13:29:44 +0200] "GET /default/cgi-bin/lang/tooltips_f/awstats-tt-is.txt HTTP/1.0" 404 311 "http://212.69.160.11:443/default/cgi-bin/lang/tooltips_f/" "Mozilla/5.0 (Linux; Android 5.0) AppleWebKit/537.36 (KHTML, like Gecko) Mobile Safari/537.36 (compatible; Bytespider; spider-feedback@bytedance.com)"
178.115.59.222 - - [20/Sep/2023:13:29:48 +0200] "GET /entry.php?id=10271&&ser=209327 HTTP/1.1" 200 987 "http://hausegger.activities.at/entry.php?id=10271&&ser=209266" "Mozilla/5.0 (Windows NT 10.0; Win64; x64) AppleWebKit/537.36 (KHTML, like Gecko) Chrome/116.0.0.0 Safari/537.36"
178.115.59.222 - - [20/Sep/2023:13:29:48 +0200] "GET /gui/javascript/form_form.js?1695209388 HTTP/1.1" 200 16206 "http://hausegger.activities.at/entry.php?id=10271&&ser=209327" "Mozilla/5.0 (Windows NT 10.0; Win64; x64) AppleWebKit/537.36 (KHTML, like Gecko) Chrome/116.0.0.0 Safari/537.36"
178.115.59.222 - - [20/Sep/2023:13:29:55 +0200] "GET /entry.php?id=10271&&ser=209335 HTTP/1.1" 200 987 "http://hausegger.activities.at/entry.php?id=10271&&ser=209275" "Mozilla/5.0 (Windows NT 10.0; Win64; x64; rv:109.0) Gecko/20100101 Firefox/117.0"
178.115.59.222 - - [20/Sep/2023:13:29:55 +0200] "GET /gui/javascript/form_form.js?1695209395 HTTP/1.1" 200 16206 "http://hausegger.activities.at/entry.php?id=10271&&ser=209335" "Mozilla/5.0 (Windows NT 10.0; Win64; x64; rv:109.0) Gecko/20100101 Firefox/117.0"
178.115.59.222 - - [20/Sep/2023:13:30:49 +0200] "GET /entry.php?id=10271&&ser=209388 HTTP/1.1" 200 987 "http://hausegger.activities.at/entry.php?id=10271&&ser=209327" "Mozilla/5.0 (Windows NT 10.0; Win64; x64) AppleWebKit/537.36 (KHTML, like Gecko) Chrome/116.0.0.0 Safari/537.36"
178.115.59.222 - - [20/Sep/2023:13:30:49 +0200] "GET /gui/javascript/form_form.js?1695209449 HTTP/1.1" 200 16206 "http://hausegger.activities.at/entry.php?id=10271&&ser=209388" "Mozilla/5.0 (Windows NT 10.0; Win64; x64) AppleWebKit/537.36 (KHTML, like Gecko) Chrome/116.0.0.0 Safari/537.36"
178.115.59.222 - - [20/Sep/2023:13:30:55 +0200] "GET /entry.php?id=10271&&ser=209395 HTTP/1.1" 200 987 "http://hausegger.activities.at/entry.php?id=10271&&ser=209335" "Mozilla/5.0 (Windows NT 10.0; Win64; x64; rv:109.0) Gecko/20100101 Firefox/117.0"
178.115.59.222 - - [20/Sep/2023:13:30:56 +0200] "GET /gui/javascript/form_form.js?1695209456 HTTP/1.1" 200 16206 "http://hausegger.activities.at/entry.php?id=10271&&ser=209395" "Mozilla/5.0 (Windows NT 10.0; Win64; x64; rv:109.0) Gecko/20100101 Firefox/117.0"
178.115.59.222 - - [20/Sep/2023:13:31:50 +0200] "GET /entry.php?id=10271&&ser=209449 HTTP/1.1" 200 987 "http://hausegger.activities.at/entry.php?id=10271&&ser=209388" "Mozilla/5.0 (Windows NT 10.0; Win64; x64) AppleWebKit/537.36 (KHTML, like Gecko) Chrome/116.0.0.0 Safari/537.36"
178.115.59.222 - - [20/Sep/2023:13:31:50 +0200] "GET /gui/javascript/form_form.js?1695209510 HTTP/1.1" 200 16206 "http://hausegger.activities.at/entry.php?id=10271&&ser=209449" "Mozilla/5.0 (Windows NT 10.0; Win64; x64) AppleWebKit/537.36 (KHTML, like Gecko) Chrome/116.0.0.0 Safari/537.36"
178.115.59.222 - - [20/Sep/2023:13:32:00 +0200] "GET /entry.php?id=10271&&ser=209456 HTTP/1.1" 200 986 "http://hausegger.activities.at/entry.php?id=10271&&ser=209395" "Mozilla/5.0 (Windows NT 10.0; Win64; x64; rv:109.0) Gecko/20100101 Firefox/117.0"
178.115.59.222 - - [20/Sep/2023:13:32:00 +0200] "GET /gui/javascript/form_form.js?1695209520 HTTP/1.1" 200 16206 "http://hausegger.activities.at/entry.php?id=10271&&ser=209456" "Mozilla/5.0 (Windows NT 10.0; Win64; x64; rv:109.0) Gecko/20100101 Firefox/117.0"
178.115.59.222 - - [20/Sep/2023:13:32:51 +0200] "GET /entry.php?id=10271&&ser=209510 HTTP/1.1" 200 987 "http://hausegger.activities.at/entry.php?id=10271&&ser=209449" "Mozilla/5.0 (Windows NT 10.0; Win64; x64) AppleWebKit/537.36 (KHTML, like Gecko) Chrome/116.0.0.0 Safari/537.36"
178.115.59.222 - - [20/Sep/2023:13:32:52 +0200] "GET /gui/javascript/form_form.js?1695209571 HTTP/1.1" 200 16206 "http://hausegger.activities.at/entry.php?id=10271&&ser=209510" "Mozilla/5.0 (Windows NT 10.0; Win64; x64) AppleWebKit/537.36 (KHTML, like Gecko) Chrome/116.0.0.0 Safari/537.36"
178.115.59.222 - - [20/Sep/2023:13:33:04 +0200] "GET /entry.php?id=10271&&ser=209520 HTTP/1.1" 200 987 "http://hausegger.activities.at/entry.php?id=10271&&ser=209456" "Mozilla/5.0 (Windows NT 10.0; Win64; x64; rv:109.0) Gecko/20100101 Firefox/117.0"
178.115.59.222 - - [20/Sep/2023:13:33:04 +0200] "GET /gui/javascript/form_form.js?1695209584 HTTP/1.1" 200 16206 "http://hausegger.activities.at/entry.php?id=10271&&ser=209520" "Mozilla/5.0 (Windows NT 10.0; Win64; x64; rv:109.0) Gecko/20100101 Firefox/117.0"
178.115.59.222 - - [20/Sep/2023:13:33:52 +0200] "GET /entry.php?id=10271&&ser=209571 HTTP/1.1" 200 987 "http://hausegger.activities.at/entry.php?id=10271&&ser=209510" "Mozilla/5.0 (Windows NT 10.0; Win64; x64) AppleWebKit/537.36 (KHTML, like Gecko) Chrome/116.0.0.0 Safari/537.36"
178.115.59.222 - - [20/Sep/2023:13:33:52 +0200] "GET /gui/javascript/form_form.js?1695209632 HTTP/1.1" 200 16206 "http://hausegger.activities.at/entry.php?id=10271&&ser=209571" "Mozilla/5.0 (Windows NT 10.0; Win64; x64) AppleWebKit/537.36 (KHTML, like Gecko) Chrome/116.0.0.0 Safari/537.36"
178.115.59.222 - - [20/Sep/2023:13:34:08 +0200] "GET /entry.php?id=10271&&ser=209584 HTTP/1.1" 200 989 "http://hausegger.activities.at/entry.php?id=10271&&ser=209520" "Mozilla/5.0 (Windows NT 10.0; Win64; x64; rv:109.0) Gecko/20100101 Firefox/117.0"
178.115.59.222 - - [20/Sep/2023:13:34:09 +0200] "GET /gui/javascript/form_form.js?1695209649 HTTP/1.1" 200 16206 "http://hausegger.activities.at/entry.php?id=10271&&ser=209584" "Mozilla/5.0 (Windows NT 10.0; Win64; x64; rv:109.0) Gecko/20100101 Firefox/117.0"
178.115.59.222 - - [20/Sep/2023:13:34:53 +0200] "GET /entry.php?id=10271&&ser=209632 HTTP/1.1" 200 987 "http://hausegger.activities.at/entry.php?id=10271&&ser=209571" "Mozilla/5.0 (Windows NT 10.0; Win64; x64) AppleWebKit/537.36 (KHTML, like Gecko) Chrome/116.0.0.0 Safari/537.36"
178.115.59.222 - - [20/Sep/2023:13:34:53 +0200] "GET /gui/javascript/form_form.js?1695209693 HTTP/1.1" 200 16206 "http://hausegger.activities.at/entry.php?id=10271&&ser=209632" "Mozilla/5.0 (Windows NT 10.0; Win64; x64) AppleWebKit/537.36 (KHTML, like Gecko) Chrome/116.0.0.0 Safari/537.36"
178.115.59.222 - - [20/Sep/2023:13:35:13 +0200] "GET /entry.php?id=10271&&ser=209648 HTTP/1.1" 200 987 "http://hausegger.activities.at/entry.php?id=10271&&ser=209584" "Mozilla/5.0 (Windows NT 10.0; Win64; x64; rv:109.0) Gecko/20100101 Firefox/117.0"
178.115.59.222 - - [20/Sep/2023:13:35:13 +0200] "GET /gui/javascript/form_form.js?1695209713 HTTP/1.1" 200 16206 "http://hausegger.activities.at/entry.php?id=10271&&ser=209648" "Mozilla/5.0 (Windows NT 10.0; Win64; x64; rv:109.0) Gecko/20100101 Firefox/117.0"
