77.119.216.46 - - [21/Sep/2023:15:22:05 +0200] "GET /entry.php?id=10877&mode=loadSearchArticle&obj=article_1&tag=debit&refobject=10328559&value=570&ser=1695298349310 HTTP/1.1" 200 276 "http://hausegger.activities.at/entry.php?id=10830&&object=10328559&account=&mode=documentdebitor" "Mozilla/5.0 (Windows NT 10.0; Win64; x64; rv:109.0) Gecko/20100101 Firefox/117.0"
77.119.216.46 - - [21/Sep/2023:15:22:05 +0200] "GET /entry.php?id=10877&mode=loadSearchArticle&obj=article_1&tag=debit&refobject=10328559&value=570-&ser=1695298349526 HTTP/1.1" 200 276 "http://hausegger.activities.at/entry.php?id=10830&&object=10328559&account=&mode=documentdebitor" "Mozilla/5.0 (Windows NT 10.0; Win64; x64; rv:109.0) Gecko/20100101 Firefox/117.0"
77.119.216.46 - - [21/Sep/2023:15:22:05 +0200] "GET /entry.php?id=10877&mode=loadSearchArticle&obj=article_1&tag=debit&refobject=10328559&value=570-7&ser=1695298349734 HTTP/1.1" 200 276 "http://hausegger.activities.at/entry.php?id=10830&&object=10328559&account=&mode=documentdebitor" "Mozilla/5.0 (Windows NT 10.0; Win64; x64; rv:109.0) Gecko/20100101 Firefox/117.0"
77.119.216.46 - - [21/Sep/2023:15:22:06 +0200] "GET /entry.php?id=10877&mode=loadSearchArticle&obj=article_1&tag=debit&refobject=10328559&value=570-79&ser=1695298350158 HTTP/1.1" 200 276 "http://hausegger.activities.at/entry.php?id=10830&&object=10328559&account=&mode=documentdebitor" "Mozilla/5.0 (Windows NT 10.0; Win64; x64; rv:109.0) Gecko/20100101 Firefox/117.0"
77.119.216.46 - - [21/Sep/2023:15:22:07 +0200] "POST /entry.php?id=10889 HTTP/1.1" 200 1945 "http://hausegger.activities.at/entry.php?id=10889" "Mozilla/5.0 (Windows NT 10.0; Win64; x64; rv:109.0) Gecko/20100101 Firefox/117.0"
77.119.216.46 - - [21/Sep/2023:15:22:07 +0200] "GET /gui/javascript/form_form.js?1695302527 HTTP/1.1" 200 16206 "http://hausegger.activities.at/entry.php?id=10889" "Mozilla/5.0 (Windows NT 10.0; Win64; x64; rv:109.0) Gecko/20100101 Firefox/117.0"
77.119.216.46 - - [21/Sep/2023:15:22:07 +0200] "POST /entry.php?id=10889 HTTP/1.1" 200 1683 "http://hausegger.activities.at/entry.php?id=10889" "Mozilla/5.0 (Windows NT 10.0; Win64; x64; rv:109.0) Gecko/20100101 Firefox/117.0"
77.119.216.46 - - [21/Sep/2023:15:22:08 +0200] "GET /gui/javascript/form_form.js?1695302528 HTTP/1.1" 200 16206 "http://hausegger.activities.at/entry.php?id=10889" "Mozilla/5.0 (Windows NT 10.0; Win64; x64; rv:109.0) Gecko/20100101 Firefox/117.0"
77.119.216.46 - - [21/Sep/2023:15:22:14 +0200] "GET /entry.php?id=10271&&ser=302473 HTTP/1.1" 200 987 "http://hausegger.activities.at/entry.php?id=10271&&ser=302412" "Mozilla/5.0 (Windows NT 10.0; Win64; x64) AppleWebKit/537.36 (KHTML, like Gecko) Chrome/116.0.0.0 Safari/537.36"
77.119.216.46 - - [21/Sep/2023:15:22:14 +0200] "GET /gui/javascript/form_form.js?1695302534 HTTP/1.1" 200 16206 "http://hausegger.activities.at/entry.php?id=10271&&ser=302473" "Mozilla/5.0 (Windows NT 10.0; Win64; x64) AppleWebKit/537.36 (KHTML, like Gecko) Chrome/116.0.0.0 Safari/537.36"
77.119.216.46 - - [21/Sep/2023:15:22:16 +0200] "POST /entry.php?id=10889 HTTP/1.1" 200 1861 "http://hausegger.activities.at/entry.php?id=10889" "Mozilla/5.0 (Windows NT 10.0; Win64; x64; rv:109.0) Gecko/20100101 Firefox/117.0"
77.119.216.46 - - [21/Sep/2023:15:22:16 +0200] "GET /gui/javascript/form_form.js?1695302536 HTTP/1.1" 200 16206 "http://hausegger.activities.at/entry.php?id=10889" "Mozilla/5.0 (Windows NT 10.0; Win64; x64; rv:109.0) Gecko/20100101 Firefox/117.0"
156.59.198.136 - - [21/Sep/2023:15:22:27 +0200] "GET /renault.activities.at/htdocs/export/pdf/emuc_document/11274350.pdf HTTP/1.0" 404 322 "http://212.69.160.11:443/renault.activities.at/htdocs/export/pdf/emuc_document/" "Mozilla/5.0 (Linux; Android 5.0) AppleWebKit/537.36 (KHTML, like Gecko) Mobile Safari/537.36 (compatible; Bytespider; spider-feedback@bytedance.com)"
77.119.216.46 - - [21/Sep/2023:15:22:47 +0200] "GET /entry.php?id=10271&&ser=302507 HTTP/1.1" 200 987 "http://hausegger.activities.at/entry.php?id=10271&&ser=302447" "Mozilla/5.0 (Windows NT 10.0; Win64; x64; rv:109.0) Gecko/20100101 Firefox/117.0"
77.119.216.46 - - [21/Sep/2023:15:22:47 +0200] "GET /gui/javascript/form_form.js?1695302567 HTTP/1.1" 200 16206 "http://hausegger.activities.at/entry.php?id=10271&&ser=302507" "Mozilla/5.0 (Windows NT 10.0; Win64; x64; rv:109.0) Gecko/20100101 Firefox/117.0"
156.59.198.135 - - [21/Sep/2023:15:22:50 +0200] "GET /renault.activities.at/htdocs/export/pdf/emuc_document/12148822.pdf HTTP/1.0" 404 321 "http://212.69.160.11:443/renault.activities.at/htdocs/export/pdf/emuc_document/" "Mozilla/5.0 (Linux; Android 5.0) AppleWebKit/537.36 (KHTML, like Gecko) Mobile Safari/537.36 (compatible; Bytespider; spider-feedback@bytedance.com)"
156.59.198.136 - - [21/Sep/2023:15:23:15 +0200] "GET /renault.activities.at/htdocs/export/pdf/emuc_document/11995318.pdf HTTP/1.0" 404 322 "http://212.69.160.11:443/renault.activities.at/htdocs/export/pdf/emuc_document/" "Mozilla/5.0 (Linux; Android 5.0) AppleWebKit/537.36 (KHTML, like Gecko) Mobile Safari/537.36 (compatible; Bytespider; spider-feedback@bytedance.com)"
77.119.216.46 - - [21/Sep/2023:15:23:15 +0200] "GET /entry.php?id=10271&&ser=302534 HTTP/1.1" 200 987 "http://hausegger.activities.at/entry.php?id=10271&&ser=302473" "Mozilla/5.0 (Windows NT 10.0; Win64; x64) AppleWebKit/537.36 (KHTML, like Gecko) Chrome/116.0.0.0 Safari/537.36"
77.119.216.46 - - [21/Sep/2023:15:23:16 +0200] "GET /gui/javascript/form_form.js?1695302595 HTTP/1.1" 200 16206 "http://hausegger.activities.at/entry.php?id=10271&&ser=302534" "Mozilla/5.0 (Windows NT 10.0; Win64; x64) AppleWebKit/537.36 (KHTML, like Gecko) Chrome/116.0.0.0 Safari/537.36"
156.59.198.136 - - [21/Sep/2023:15:23:39 +0200] "GET /renault.activities.at/htdocs/export/pdf/emuc_document/11037575.pdf HTTP/1.0" 404 322 "http://212.69.160.11:443/renault.activities.at/htdocs/export/pdf/emuc_document/" "Mozilla/5.0 (Linux; Android 5.0) AppleWebKit/537.36 (KHTML, like Gecko) Mobile Safari/537.36 (compatible; Bytespider; spider-feedback@bytedance.com)"
77.119.216.46 - - [21/Sep/2023:15:23:48 +0200] "GET /entry.php?id=10271&&ser=302567 HTTP/1.1" 200 988 "http://hausegger.activities.at/entry.php?id=10271&&ser=302507" "Mozilla/5.0 (Windows NT 10.0; Win64; x64; rv:109.0) Gecko/20100101 Firefox/117.0"
77.119.216.46 - - [21/Sep/2023:15:23:48 +0200] "GET /gui/javascript/form_form.js?1695302628 HTTP/1.1" 200 16206 "http://hausegger.activities.at/entry.php?id=10271&&ser=302567" "Mozilla/5.0 (Windows NT 10.0; Win64; x64; rv:109.0) Gecko/20100101 Firefox/117.0"
156.59.198.136 - - [21/Sep/2023:15:24:04 +0200] "GET /renault.activities.at/htdocs/export/pdf/emuc_document/10355018.pdf HTTP/1.0" 404 322 "http://212.69.160.11:443/renault.activities.at/htdocs/export/pdf/emuc_document/" "Mozilla/5.0 (Linux; Android 5.0) AppleWebKit/537.36 (KHTML, like Gecko) Mobile Safari/537.36 (compatible; Bytespider; spider-feedback@bytedance.com)"
77.119.216.46 - - [21/Sep/2023:15:24:17 +0200] "GET /entry.php?id=10271&&ser=302595 HTTP/1.1" 200 987 "http://hausegger.activities.at/entry.php?id=10271&&ser=302534" "Mozilla/5.0 (Windows NT 10.0; Win64; x64) AppleWebKit/537.36 (KHTML, like Gecko) Chrome/116.0.0.0 Safari/537.36"
77.119.216.46 - - [21/Sep/2023:15:24:17 +0200] "GET /gui/javascript/form_form.js?1695302657 HTTP/1.1" 200 16206 "http://hausegger.activities.at/entry.php?id=10271&&ser=302595" "Mozilla/5.0 (Windows NT 10.0; Win64; x64) AppleWebKit/537.36 (KHTML, like Gecko) Chrome/116.0.0.0 Safari/537.36"
156.59.198.135 - - [21/Sep/2023:15:24:28 +0200] "GET /renault.activities.at/htdocs/export/pdf/emuc_document/10754087.pdf HTTP/1.0" 404 322 "http://212.69.160.11:443/renault.activities.at/htdocs/export/pdf/emuc_document/" "Mozilla/5.0 (Linux; Android 5.0) AppleWebKit/537.36 (KHTML, like Gecko) Mobile Safari/537.36 (compatible; Bytespider; spider-feedback@bytedance.com)"
77.119.216.46 - - [21/Sep/2023:15:24:48 +0200] "GET /entry.php?id=10271&&ser=302628 HTTP/1.1" 200 987 "http://hausegger.activities.at/entry.php?id=10271&&ser=302567" "Mozilla/5.0 (Windows NT 10.0; Win64; x64; rv:109.0) Gecko/20100101 Firefox/117.0"
77.119.216.46 - - [21/Sep/2023:15:24:48 +0200] "GET /gui/javascript/form_form.js?1695302688 HTTP/1.1" 200 16206 "http://hausegger.activities.at/entry.php?id=10271&&ser=302628" "Mozilla/5.0 (Windows NT 10.0; Win64; x64; rv:109.0) Gecko/20100101 Firefox/117.0"
156.59.198.135 - - [21/Sep/2023:15:24:53 +0200] "GET /renault.activities.at/htdocs/export/pdf/emuc_document/10843296.pdf HTTP/1.0" 404 322 "http://212.69.160.11:443/renault.activities.at/htdocs/export/pdf/emuc_document/" "Mozilla/5.0 (Linux; Android 5.0) AppleWebKit/537.36 (KHTML, like Gecko) Mobile Safari/537.36 (compatible; Bytespider; spider-feedback@bytedance.com)"
156.59.198.136 - - [21/Sep/2023:15:25:17 +0200] "GET /renault.activities.at/htdocs/export/pdf/emuc_document/11013210.pdf HTTP/1.0" 404 321 "http://212.69.160.11:443/renault.activities.at/htdocs/export/pdf/emuc_document/" "Mozilla/5.0 (Linux; Android 5.0) AppleWebKit/537.36 (KHTML, like Gecko) Mobile Safari/537.36 (compatible; Bytespider; spider-feedback@bytedance.com)"
77.119.216.46 - - [21/Sep/2023:15:25:18 +0200] "GET /entry.php?id=10271&&ser=302657 HTTP/1.1" 200 986 "http://hausegger.activities.at/entry.php?id=10271&&ser=302595" "Mozilla/5.0 (Windows NT 10.0; Win64; x64) AppleWebKit/537.36 (KHTML, like Gecko) Chrome/116.0.0.0 Safari/537.36"
77.119.216.46 - - [21/Sep/2023:15:25:18 +0200] "GET /gui/javascript/form_form.js?1695302718 HTTP/1.1" 200 16206 "http://hausegger.activities.at/entry.php?id=10271&&ser=302657" "Mozilla/5.0 (Windows NT 10.0; Win64; x64) AppleWebKit/537.36 (KHTML, like Gecko) Chrome/116.0.0.0 Safari/537.36"
156.59.198.135 - - [21/Sep/2023:15:25:41 +0200] "GET /renault.activities.at/htdocs/export/pdf/emuc_document/12333267.pdf HTTP/1.0" 404 323 "http://212.69.160.11:443/renault.activities.at/htdocs/export/pdf/emuc_document/" "Mozilla/5.0 (Linux; Android 5.0) AppleWebKit/537.36 (KHTML, like Gecko) Mobile Safari/537.36 (compatible; Bytespider; spider-feedback@bytedance.com)"
77.119.216.46 - - [21/Sep/2023:15:25:48 +0200] "GET /entry.php?id=10271&&ser=302688 HTTP/1.1" 200 986 "http://hausegger.activities.at/entry.php?id=10271&&ser=302628" "Mozilla/5.0 (Windows NT 10.0; Win64; x64; rv:109.0) Gecko/20100101 Firefox/117.0"
77.119.216.46 - - [21/Sep/2023:15:25:48 +0200] "GET /gui/javascript/form_form.js?1695302748 HTTP/1.1" 200 16206 "http://hausegger.activities.at/entry.php?id=10271&&ser=302688" "Mozilla/5.0 (Windows NT 10.0; Win64; x64; rv:109.0) Gecko/20100101 Firefox/117.0"
156.59.198.136 - - [21/Sep/2023:15:26:06 +0200] "GET /renault.activities.at/htdocs/export/pdf/emuc_document/11379479.pdf HTTP/1.0" 404 322 "http://212.69.160.11:443/renault.activities.at/htdocs/export/pdf/emuc_document/" "Mozilla/5.0 (Linux; Android 5.0) AppleWebKit/537.36 (KHTML, like Gecko) Mobile Safari/537.36 (compatible; Bytespider; spider-feedback@bytedance.com)"
77.119.216.46 - - [21/Sep/2023:15:26:19 +0200] "GET /entry.php?id=10271&&ser=302718 HTTP/1.1" 200 987 "http://hausegger.activities.at/entry.php?id=10271&&ser=302657" "Mozilla/5.0 (Windows NT 10.0; Win64; x64) AppleWebKit/537.36 (KHTML, like Gecko) Chrome/116.0.0.0 Safari/537.36"
77.119.216.46 - - [21/Sep/2023:15:26:19 +0200] "GET /gui/javascript/form_form.js?1695302779 HTTP/1.1" 200 16206 "http://hausegger.activities.at/entry.php?id=10271&&ser=302718" "Mozilla/5.0 (Windows NT 10.0; Win64; x64) AppleWebKit/537.36 (KHTML, like Gecko) Chrome/116.0.0.0 Safari/537.36"
156.59.198.136 - - [21/Sep/2023:15:26:31 +0200] "GET /renault.activities.at/htdocs/export/pdf/emuc_document/12239564.pdf HTTP/1.0" 404 322 "http://212.69.160.11:443/renault.activities.at/htdocs/export/pdf/emuc_document/" "Mozilla/5.0 (Linux; Android 5.0) AppleWebKit/537.36 (KHTML, like Gecko) Mobile Safari/537.36 (compatible; Bytespider; spider-feedback@bytedance.com)"
77.119.216.46 - - [21/Sep/2023:15:26:48 +0200] "GET /entry.php?id=10271&&ser=302748 HTTP/1.1" 200 987 "http://hausegger.activities.at/entry.php?id=10271&&ser=302688" "Mozilla/5.0 (Windows NT 10.0; Win64; x64; rv:109.0) Gecko/20100101 Firefox/117.0"
77.119.216.46 - - [21/Sep/2023:15:26:49 +0200] "GET /gui/javascript/form_form.js?1695302809 HTTP/1.1" 200 16206 "http://hausegger.activities.at/entry.php?id=10271&&ser=302748" "Mozilla/5.0 (Windows NT 10.0; Win64; x64; rv:109.0) Gecko/20100101 Firefox/117.0"
156.59.198.135 - - [21/Sep/2023:15:26:55 +0200] "GET /renault.activities.at/htdocs/export/pdf/emuc_document/12468560.pdf HTTP/1.0" 404 322 "http://212.69.160.11:443/renault.activities.at/htdocs/export/pdf/emuc_document/" "Mozilla/5.0 (Linux; Android 5.0) AppleWebKit/537.36 (KHTML, like Gecko) Mobile Safari/537.36 (compatible; Bytespider; spider-feedback@bytedance.com)"
104.219.237.43 - - [21/Sep/2023:15:26:59 +0200] "GET /.env HTTP/1.1" 404 280 "-" "Mozilla/5.0 (X11; Linux x86_64) AppleWebKit/537.36 (KHTML, like Gecko) Chrome/81.0.4044.129 Safari/537.36"
104.219.237.43 - - [21/Sep/2023:15:26:59 +0200] "POST / HTTP/1.1" 200 274 "-" "Mozilla/5.0 (X11; Linux x86_64) AppleWebKit/537.36 (KHTML, like Gecko) Chrome/81.0.4044.129 Safari/537.36"
156.59.198.136 - - [21/Sep/2023:15:27:20 +0200] "GET /renault.activities.at/htdocs/export/pdf/emuc_document/10349474.pdf HTTP/1.0" 404 322 "http://212.69.160.11:443/renault.activities.at/htdocs/export/pdf/emuc_document/" "Mozilla/5.0 (Linux; Android 5.0) AppleWebKit/537.36 (KHTML, like Gecko) Mobile Safari/537.36 (compatible; Bytespider; spider-feedback@bytedance.com)"
77.119.216.46 - - [21/Sep/2023:15:27:20 +0200] "GET /entry.php?id=10271&&ser=302779 HTTP/1.1" 200 987 "http://hausegger.activities.at/entry.php?id=10271&&ser=302718" "Mozilla/5.0 (Windows NT 10.0; Win64; x64) AppleWebKit/537.36 (KHTML, like Gecko) Chrome/116.0.0.0 Safari/537.36"
77.119.216.46 - - [21/Sep/2023:15:27:20 +0200] "GET /gui/javascript/form_form.js?1695302840 HTTP/1.1" 200 16206 "http://hausegger.activities.at/entry.php?id=10271&&ser=302779" "Mozilla/5.0 (Windows NT 10.0; Win64; x64) AppleWebKit/537.36 (KHTML, like Gecko) Chrome/116.0.0.0 Safari/537.36"
156.59.198.135 - - [21/Sep/2023:15:27:44 +0200] "GET /renault.activities.at/htdocs/export/pdf/emuc_document/12323291.pdf HTTP/1.0" 404 321 "http://212.69.160.11:443/renault.activities.at/htdocs/export/pdf/emuc_document/" "Mozilla/5.0 (Linux; Android 5.0) AppleWebKit/537.36 (KHTML, like Gecko) Mobile Safari/537.36 (compatible; Bytespider; spider-feedback@bytedance.com)"
77.119.216.46 - - [21/Sep/2023:15:27:49 +0200] "GET /entry.php?id=10271&&ser=302809 HTTP/1.1" 200 987 "http://hausegger.activities.at/entry.php?id=10271&&ser=302748" "Mozilla/5.0 (Windows NT 10.0; Win64; x64; rv:109.0) Gecko/20100101 Firefox/117.0"
77.119.216.46 - - [21/Sep/2023:15:27:49 +0200] "GET /gui/javascript/form_form.js?1695302869 HTTP/1.1" 200 16206 "http://hausegger.activities.at/entry.php?id=10271&&ser=302809" "Mozilla/5.0 (Windows NT 10.0; Win64; x64; rv:109.0) Gecko/20100101 Firefox/117.0"
156.59.198.135 - - [21/Sep/2023:15:28:09 +0200] "GET /renault.activities.at/htdocs/export/pdf/emuc_document/12129661.pdf HTTP/1.0" 404 321 "http://212.69.160.11:443/renault.activities.at/htdocs/export/pdf/emuc_document/" "Mozilla/5.0 (Linux; Android 5.0) AppleWebKit/537.36 (KHTML, like Gecko) Mobile Safari/537.36 (compatible; Bytespider; spider-feedback@bytedance.com)"
77.119.216.46 - - [21/Sep/2023:15:28:21 +0200] "GET /entry.php?id=10271&&ser=302840 HTTP/1.1" 200 987 "http://hausegger.activities.at/entry.php?id=10271&&ser=302779" "Mozilla/5.0 (Windows NT 10.0; Win64; x64) AppleWebKit/537.36 (KHTML, like Gecko) Chrome/116.0.0.0 Safari/537.36"
77.119.216.46 - - [21/Sep/2023:15:28:21 +0200] "GET /gui/javascript/form_form.js?1695302901 HTTP/1.1" 200 16206 "http://hausegger.activities.at/entry.php?id=10271&&ser=302840" "Mozilla/5.0 (Windows NT 10.0; Win64; x64) AppleWebKit/537.36 (KHTML, like Gecko) Chrome/116.0.0.0 Safari/537.36"
156.59.198.136 - - [21/Sep/2023:15:28:35 +0200] "GET /renault.activities.at/htdocs/export/pdf/emuc_document/11730130.pdf HTTP/1.0" 404 322 "http://212.69.160.11:443/renault.activities.at/htdocs/export/pdf/emuc_document/" "Mozilla/5.0 (Linux; Android 5.0) AppleWebKit/537.36 (KHTML, like Gecko) Mobile Safari/537.36 (compatible; Bytespider; spider-feedback@bytedance.com)"
77.119.216.46 - - [21/Sep/2023:15:28:49 +0200] "GET /entry.php?id=10271&&ser=302869 HTTP/1.1" 200 987 "http://hausegger.activities.at/entry.php?id=10271&&ser=302809" "Mozilla/5.0 (Windows NT 10.0; Win64; x64; rv:109.0) Gecko/20100101 Firefox/117.0"
77.119.216.46 - - [21/Sep/2023:15:28:49 +0200] "GET /gui/javascript/form_form.js?1695302929 HTTP/1.1" 200 16206 "http://hausegger.activities.at/entry.php?id=10271&&ser=302869" "Mozilla/5.0 (Windows NT 10.0; Win64; x64; rv:109.0) Gecko/20100101 Firefox/117.0"
156.59.198.136 - - [21/Sep/2023:15:28:59 +0200] "GET /renault.activities.at/htdocs/export/pdf/emuc_document/11753934.pdf HTTP/1.0" 404 322 "http://212.69.160.11:443/renault.activities.at/htdocs/export/pdf/emuc_document/" "Mozilla/5.0 (Linux; Android 5.0) AppleWebKit/537.36 (KHTML, like Gecko) Mobile Safari/537.36 (compatible; Bytespider; spider-feedback@bytedance.com)"
77.119.216.46 - - [21/Sep/2023:15:29:22 +0200] "GET /entry.php?id=10271&&ser=302901 HTTP/1.1" 200 987 "http://hausegger.activities.at/entry.php?id=10271&&ser=302840" "Mozilla/5.0 (Windows NT 10.0; Win64; x64) AppleWebKit/537.36 (KHTML, like Gecko) Chrome/116.0.0.0 Safari/537.36"
77.119.216.46 - - [21/Sep/2023:15:29:22 +0200] "GET /gui/javascript/form_form.js?1695302962 HTTP/1.1" 200 16206 "http://hausegger.activities.at/entry.php?id=10271&&ser=302901" "Mozilla/5.0 (Windows NT 10.0; Win64; x64) AppleWebKit/537.36 (KHTML, like Gecko) Chrome/116.0.0.0 Safari/537.36"
156.59.198.136 - - [21/Sep/2023:15:29:24 +0200] "GET /renault.activities.at/htdocs/export/pdf/emuc_document/11818774.pdf HTTP/1.0" 404 322 "http://212.69.160.11:443/renault.activities.at/htdocs/export/pdf/emuc_document/" "Mozilla/5.0 (Linux; Android 5.0) AppleWebKit/537.36 (KHTML, like Gecko) Mobile Safari/537.36 (compatible; Bytespider; spider-feedback@bytedance.com)"
156.59.198.135 - - [21/Sep/2023:15:29:49 +0200] "GET /renault.activities.at/htdocs/export/pdf/emuc_document/10658389.pdf HTTP/1.0" 404 322 "http://212.69.160.11:443/renault.activities.at/htdocs/export/pdf/emuc_document/" "Mozilla/5.0 (Linux; Android 5.0) AppleWebKit/537.36 (KHTML, like Gecko) Mobile Safari/537.36 (compatible; Bytespider; spider-feedback@bytedance.com)"
77.119.216.46 - - [21/Sep/2023:15:29:49 +0200] "GET /entry.php?id=10271&&ser=302929 HTTP/1.1" 200 987 "http://hausegger.activities.at/entry.php?id=10271&&ser=302869" "Mozilla/5.0 (Windows NT 10.0; Win64; x64; rv:109.0) Gecko/20100101 Firefox/117.0"
77.119.216.46 - - [21/Sep/2023:15:29:49 +0200] "GET /gui/javascript/form_form.js?1695302989 HTTP/1.1" 200 16206 "http://hausegger.activities.at/entry.php?id=10271&&ser=302929" "Mozilla/5.0 (Windows NT 10.0; Win64; x64; rv:109.0) Gecko/20100101 Firefox/117.0"
156.59.198.136 - - [21/Sep/2023:15:30:13 +0200] "GET /renault.activities.at/htdocs/export/pdf/emuc_document/11250601.pdf HTTP/1.0" 404 321 "http://212.69.160.11:443/renault.activities.at/htdocs/export/pdf/emuc_document/" "Mozilla/5.0 (Linux; Android 5.0) AppleWebKit/537.36 (KHTML, like Gecko) Mobile Safari/537.36 (compatible; Bytespider; spider-feedback@bytedance.com)"
77.119.216.46 - - [21/Sep/2023:15:30:23 +0200] "GET /entry.php?id=10271&&ser=302962 HTTP/1.1" 200 987 "http://hausegger.activities.at/entry.php?id=10271&&ser=302901" "Mozilla/5.0 (Windows NT 10.0; Win64; x64) AppleWebKit/537.36 (KHTML, like Gecko) Chrome/116.0.0.0 Safari/537.36"
77.119.216.46 - - [21/Sep/2023:15:30:23 +0200] "GET /gui/javascript/form_form.js?1695303023 HTTP/1.1" 200 16206 "http://hausegger.activities.at/entry.php?id=10271&&ser=302962" "Mozilla/5.0 (Windows NT 10.0; Win64; x64) AppleWebKit/537.36 (KHTML, like Gecko) Chrome/116.0.0.0 Safari/537.36"
156.59.198.135 - - [21/Sep/2023:15:30:38 +0200] "GET /renault.activities.at/htdocs/export/pdf/emuc_document/11424497.pdf HTTP/1.0" 404 322 "http://212.69.160.11:443/renault.activities.at/htdocs/export/pdf/emuc_document/" "Mozilla/5.0 (Linux; Android 5.0) AppleWebKit/537.36 (KHTML, like Gecko) Mobile Safari/537.36 (compatible; Bytespider; spider-feedback@bytedance.com)"
77.119.216.46 - - [21/Sep/2023:15:30:50 +0200] "GET /entry.php?id=10271&&ser=302989 HTTP/1.1" 200 987 "http://hausegger.activities.at/entry.php?id=10271&&ser=302929" "Mozilla/5.0 (Windows NT 10.0; Win64; x64; rv:109.0) Gecko/20100101 Firefox/117.0"
77.119.216.46 - - [21/Sep/2023:15:30:50 +0200] "GET /gui/javascript/form_form.js?1695303050 HTTP/1.1" 200 16206 "http://hausegger.activities.at/entry.php?id=10271&&ser=302989" "Mozilla/5.0 (Windows NT 10.0; Win64; x64; rv:109.0) Gecko/20100101 Firefox/117.0"
156.59.198.135 - - [21/Sep/2023:15:31:02 +0200] "GET /renault.activities.at/htdocs/export/pdf/emuc_document/11537727.pdf HTTP/1.0" 404 322 "http://212.69.160.11:443/renault.activities.at/htdocs/export/pdf/emuc_document/" "Mozilla/5.0 (Linux; Android 5.0) AppleWebKit/537.36 (KHTML, like Gecko) Mobile Safari/537.36 (compatible; Bytespider; spider-feedback@bytedance.com)"
77.119.216.46 - - [21/Sep/2023:15:31:24 +0200] "GET /entry.php?id=10271&&ser=303023 HTTP/1.1" 200 987 "http://hausegger.activities.at/entry.php?id=10271&&ser=302962" "Mozilla/5.0 (Windows NT 10.0; Win64; x64) AppleWebKit/537.36 (KHTML, like Gecko) Chrome/116.0.0.0 Safari/537.36"
77.119.216.46 - - [21/Sep/2023:15:31:24 +0200] "GET /gui/javascript/form_form.js?1695303084 HTTP/1.1" 200 16206 "http://hausegger.activities.at/entry.php?id=10271&&ser=303023" "Mozilla/5.0 (Windows NT 10.0; Win64; x64) AppleWebKit/537.36 (KHTML, like Gecko) Chrome/116.0.0.0 Safari/537.36"
156.59.198.135 - - [21/Sep/2023:15:31:26 +0200] "GET /renault.activities.at/htdocs/export/pdf/emuc_document/11320369.pdf HTTP/1.0" 404 322 "http://212.69.160.11:443/renault.activities.at/htdocs/export/pdf/emuc_document/" "Mozilla/5.0 (Linux; Android 5.0) AppleWebKit/537.36 (KHTML, like Gecko) Mobile Safari/537.36 (compatible; Bytespider; spider-feedback@bytedance.com)"
77.119.216.46 - - [21/Sep/2023:15:31:50 +0200] "GET /entry.php?id=10271&&ser=303050 HTTP/1.1" 200 988 "http://hausegger.activities.at/entry.php?id=10271&&ser=302989" "Mozilla/5.0 (Windows NT 10.0; Win64; x64; rv:109.0) Gecko/20100101 Firefox/117.0"
77.119.216.46 - - [21/Sep/2023:15:31:50 +0200] "GET /gui/javascript/form_form.js?1695303110 HTTP/1.1" 200 16206 "http://hausegger.activities.at/entry.php?id=10271&&ser=303050" "Mozilla/5.0 (Windows NT 10.0; Win64; x64; rv:109.0) Gecko/20100101 Firefox/117.0"
156.59.198.135 - - [21/Sep/2023:15:31:51 +0200] "GET /renault.activities.at/htdocs/export/pdf/emuc_document/11126983.pdf HTTP/1.0" 404 322 "http://212.69.160.11:443/renault.activities.at/htdocs/export/pdf/emuc_document/" "Mozilla/5.0 (Linux; Android 5.0) AppleWebKit/537.36 (KHTML, like Gecko) Mobile Safari/537.36 (compatible; Bytespider; spider-feedback@bytedance.com)"
156.59.198.135 - - [21/Sep/2023:15:32:15 +0200] "GET /renault.activities.at/htdocs/export/pdf/emuc_document/11730138.pdf HTTP/1.0" 404 322 "http://212.69.160.11:443/renault.activities.at/htdocs/export/pdf/emuc_document/" "Mozilla/5.0 (Linux; Android 5.0) AppleWebKit/537.36 (KHTML, like Gecko) Mobile Safari/537.36 (compatible; Bytespider; spider-feedback@bytedance.com)"
77.119.216.46 - - [21/Sep/2023:15:32:25 +0200] "GET /entry.php?id=10271&&ser=303084 HTTP/1.1" 200 988 "http://hausegger.activities.at/entry.php?id=10271&&ser=303023" "Mozilla/5.0 (Windows NT 10.0; Win64; x64) AppleWebKit/537.36 (KHTML, like Gecko) Chrome/116.0.0.0 Safari/537.36"
77.119.216.46 - - [21/Sep/2023:15:32:25 +0200] "GET /gui/javascript/form_form.js?1695303145 HTTP/1.1" 200 16206 "http://hausegger.activities.at/entry.php?id=10271&&ser=303084" "Mozilla/5.0 (Windows NT 10.0; Win64; x64) AppleWebKit/537.36 (KHTML, like Gecko) Chrome/116.0.0.0 Safari/537.36"
156.59.198.135 - - [21/Sep/2023:15:32:40 +0200] "GET /renault.activities.at/htdocs/export/pdf/emuc_document/11250632.pdf HTTP/1.0" 404 322 "http://212.69.160.11:443/renault.activities.at/htdocs/export/pdf/emuc_document/" "Mozilla/5.0 (Linux; Android 5.0) AppleWebKit/537.36 (KHTML, like Gecko) Mobile Safari/537.36 (compatible; Bytespider; spider-feedback@bytedance.com)"
77.119.216.46 - - [21/Sep/2023:15:32:50 +0200] "GET /entry.php?id=10271&&ser=303110 HTTP/1.1" 200 987 "http://hausegger.activities.at/entry.php?id=10271&&ser=303050" "Mozilla/5.0 (Windows NT 10.0; Win64; x64; rv:109.0) Gecko/20100101 Firefox/117.0"
77.119.216.46 - - [21/Sep/2023:15:32:51 +0200] "GET /gui/javascript/form_form.js?1695303171 HTTP/1.1" 200 16206 "http://hausegger.activities.at/entry.php?id=10271&&ser=303110" "Mozilla/5.0 (Windows NT 10.0; Win64; x64; rv:109.0) Gecko/20100101 Firefox/117.0"
156.59.198.135 - - [21/Sep/2023:15:33:05 +0200] "GET /renault.activities.at/htdocs/export/pdf/emuc_document/10659766.pdf HTTP/1.0" 404 322 "http://212.69.160.11:443/renault.activities.at/htdocs/export/pdf/emuc_document/" "Mozilla/5.0 (Linux; Android 5.0) AppleWebKit/537.36 (KHTML, like Gecko) Mobile Safari/537.36 (compatible; Bytespider; spider-feedback@bytedance.com)"
77.119.216.46 - - [21/Sep/2023:15:33:26 +0200] "GET /entry.php?id=10271&&ser=303145 HTTP/1.1" 200 987 "http://hausegger.activities.at/entry.php?id=10271&&ser=303084" "Mozilla/5.0 (Windows NT 10.0; Win64; x64) AppleWebKit/537.36 (KHTML, like Gecko) Chrome/116.0.0.0 Safari/537.36"
77.119.216.46 - - [21/Sep/2023:15:33:27 +0200] "GET /gui/javascript/form_form.js?1695303206 HTTP/1.1" 200 16206 "http://hausegger.activities.at/entry.php?id=10271&&ser=303145" "Mozilla/5.0 (Windows NT 10.0; Win64; x64) AppleWebKit/537.36 (KHTML, like Gecko) Chrome/116.0.0.0 Safari/537.36"
156.59.198.135 - - [21/Sep/2023:15:33:29 +0200] "GET /renault.activities.at/htdocs/export/pdf/emuc_document/11898933.pdf HTTP/1.0" 404 322 "http://212.69.160.11:443/renault.activities.at/htdocs/export/pdf/emuc_document/" "Mozilla/5.0 (Linux; Android 5.0) AppleWebKit/537.36 (KHTML, like Gecko) Mobile Safari/537.36 (compatible; Bytespider; spider-feedback@bytedance.com)"
77.119.216.46 - - [21/Sep/2023:15:33:51 +0200] "GET /entry.php?id=10271&&ser=303171 HTTP/1.1" 200 987 "http://hausegger.activities.at/entry.php?id=10271&&ser=303110" "Mozilla/5.0 (Windows NT 10.0; Win64; x64; rv:109.0) Gecko/20100101 Firefox/117.0"
77.119.216.46 - - [21/Sep/2023:15:33:51 +0200] "GET /gui/javascript/form_form.js?1695303231 HTTP/1.1" 200 16206 "http://hausegger.activities.at/entry.php?id=10271&&ser=303171" "Mozilla/5.0 (Windows NT 10.0; Win64; x64; rv:109.0) Gecko/20100101 Firefox/117.0"
156.59.198.135 - - [21/Sep/2023:15:33:55 +0200] "GET /renault.activities.at/htdocs/export/pdf/emuc_document/11298156.pdf HTTP/1.0" 404 321 "http://212.69.160.11:443/renault.activities.at/htdocs/export/pdf/emuc_document/" "Mozilla/5.0 (Linux; Android 5.0) AppleWebKit/537.36 (KHTML, like Gecko) Mobile Safari/537.36 (compatible; Bytespider; spider-feedback@bytedance.com)"
156.59.198.136 - - [21/Sep/2023:15:34:18 +0200] "GET /renault.activities.at/htdocs/export/pdf/emuc_document/11667188.pdf HTTP/1.0" 404 322 "http://212.69.160.11:443/renault.activities.at/htdocs/export/pdf/emuc_document/" "Mozilla/5.0 (Linux; Android 5.0) AppleWebKit/537.36 (KHTML, like Gecko) Mobile Safari/537.36 (compatible; Bytespider; spider-feedback@bytedance.com)"
77.119.216.46 - - [21/Sep/2023:15:34:27 +0200] "GET /entry.php?id=10271&&ser=303206 HTTP/1.1" 200 987 "http://hausegger.activities.at/entry.php?id=10271&&ser=303145" "Mozilla/5.0 (Windows NT 10.0; Win64; x64) AppleWebKit/537.36 (KHTML, like Gecko) Chrome/116.0.0.0 Safari/537.36"
77.119.216.46 - - [21/Sep/2023:15:34:27 +0200] "GET /gui/javascript/form_form.js?1695303267 HTTP/1.1" 200 16206 "http://hausegger.activities.at/entry.php?id=10271&&ser=303206" "Mozilla/5.0 (Windows NT 10.0; Win64; x64) AppleWebKit/537.36 (KHTML, like Gecko) Chrome/116.0.0.0 Safari/537.36"
156.59.198.136 - - [21/Sep/2023:15:34:43 +0200] "GET /renault.activities.at/htdocs/export/pdf/emuc_document/12017946.pdf HTTP/1.0" 404 322 "http://212.69.160.11:443/renault.activities.at/htdocs/export/pdf/emuc_document/" "Mozilla/5.0 (Linux; Android 5.0) AppleWebKit/537.36 (KHTML, like Gecko) Mobile Safari/537.36 (compatible; Bytespider; spider-feedback@bytedance.com)"
209.159.153.74 - - [21/Sep/2023:15:34:48 +0200] "GET / HTTP/1.1" 200 423 "-" "-"
77.119.216.46 - - [21/Sep/2023:15:34:51 +0200] "GET /entry.php?id=10271&&ser=303231 HTTP/1.1" 200 987 "http://hausegger.activities.at/entry.php?id=10271&&ser=303171" "Mozilla/5.0 (Windows NT 10.0; Win64; x64; rv:109.0) Gecko/20100101 Firefox/117.0"
77.119.216.46 - - [21/Sep/2023:15:34:51 +0200] "GET /gui/javascript/form_form.js?1695303291 HTTP/1.1" 200 16206 "http://hausegger.activities.at/entry.php?id=10271&&ser=303231" "Mozilla/5.0 (Windows NT 10.0; Win64; x64; rv:109.0) Gecko/20100101 Firefox/117.0"
156.59.198.135 - - [21/Sep/2023:15:35:08 +0200] "GET /renault.activities.at/htdocs/export/pdf/emuc_document/11306522.pdf HTTP/1.0" 404 322 "http://212.69.160.11:443/renault.activities.at/htdocs/export/pdf/emuc_document/" "Mozilla/5.0 (Linux; Android 5.0) AppleWebKit/537.36 (KHTML, like Gecko) Mobile Safari/537.36 (compatible; Bytespider; spider-feedback@bytedance.com)"
77.119.216.46 - - [21/Sep/2023:15:35:28 +0200] "GET /entry.php?id=10271&&ser=303267 HTTP/1.1" 200 988 "http://hausegger.activities.at/entry.php?id=10271&&ser=303206" "Mozilla/5.0 (Windows NT 10.0; Win64; x64) AppleWebKit/537.36 (KHTML, like Gecko) Chrome/116.0.0.0 Safari/537.36"
77.119.216.46 - - [21/Sep/2023:15:35:28 +0200] "GET /gui/javascript/form_form.js?1695303328 HTTP/1.1" 200 16206 "http://hausegger.activities.at/entry.php?id=10271&&ser=303267" "Mozilla/5.0 (Windows NT 10.0; Win64; x64) AppleWebKit/537.36 (KHTML, like Gecko) Chrome/116.0.0.0 Safari/537.36"
156.59.198.135 - - [21/Sep/2023:15:35:31 +0200] "GET /renault.activities.at/htdocs/export/pdf/emuc_document/12468532.pdf HTTP/1.0" 404 322 "http://212.69.160.11:443/renault.activities.at/htdocs/export/pdf/emuc_document/" "Mozilla/5.0 (Linux; Android 5.0) AppleWebKit/537.36 (KHTML, like Gecko) Mobile Safari/537.36 (compatible; Bytespider; spider-feedback@bytedance.com)"
77.119.216.46 - - [21/Sep/2023:15:35:56 +0200] "GET /entry.php?id=10271&&ser=303291 HTTP/1.1" 200 988 "http://hausegger.activities.at/entry.php?id=10271&&ser=303231" "Mozilla/5.0 (Windows NT 10.0; Win64; x64; rv:109.0) Gecko/20100101 Firefox/117.0"
77.119.216.46 - - [21/Sep/2023:15:35:56 +0200] "GET /gui/javascript/form_form.js?1695303356 HTTP/1.1" 200 16206 "http://hausegger.activities.at/entry.php?id=10271&&ser=303291" "Mozilla/5.0 (Windows NT 10.0; Win64; x64; rv:109.0) Gecko/20100101 Firefox/117.0"
156.59.198.135 - - [21/Sep/2023:15:35:56 +0200] "GET /renault.activities.at/htdocs/export/pdf/emuc_document/10776182.pdf HTTP/1.0" 404 322 "http://212.69.160.11:443/renault.activities.at/htdocs/export/pdf/emuc_document/" "Mozilla/5.0 (Linux; Android 5.0) AppleWebKit/537.36 (KHTML, like Gecko) Mobile Safari/537.36 (compatible; Bytespider; spider-feedback@bytedance.com)"
156.59.198.136 - - [21/Sep/2023:15:36:20 +0200] "GET /renault.activities.at/htdocs/export/pdf/emuc_document/12333261.pdf HTTP/1.0" 404 322 "http://212.69.160.11:443/renault.activities.at/htdocs/export/pdf/emuc_document/" "Mozilla/5.0 (Linux; Android 5.0) AppleWebKit/537.36 (KHTML, like Gecko) Mobile Safari/537.36 (compatible; Bytespider; spider-feedback@bytedance.com)"
77.119.216.46 - - [21/Sep/2023:15:36:29 +0200] "GET /entry.php?id=10271&&ser=303328 HTTP/1.1" 200 988 "http://hausegger.activities.at/entry.php?id=10271&&ser=303267" "Mozilla/5.0 (Windows NT 10.0; Win64; x64) AppleWebKit/537.36 (KHTML, like Gecko) Chrome/116.0.0.0 Safari/537.36"
77.119.216.46 - - [21/Sep/2023:15:36:29 +0200] "GET /gui/javascript/form_form.js?1695303389 HTTP/1.1" 200 16206 "http://hausegger.activities.at/entry.php?id=10271&&ser=303328" "Mozilla/5.0 (Windows NT 10.0; Win64; x64) AppleWebKit/537.36 (KHTML, like Gecko) Chrome/116.0.0.0 Safari/537.36"
156.59.198.135 - - [21/Sep/2023:15:36:44 +0200] "GET /renault.activities.at/htdocs/export/pdf/emuc_document/12493053.pdf HTTP/1.0" 404 322 "http://212.69.160.11:443/renault.activities.at/htdocs/export/pdf/emuc_document/" "Mozilla/5.0 (Linux; Android 5.0) AppleWebKit/537.36 (KHTML, like Gecko) Mobile Safari/537.36 (compatible; Bytespider; spider-feedback@bytedance.com)"
77.119.216.46 - - [21/Sep/2023:15:36:58 +0200] "GET /entry.php?id=10271&&ser=303356 HTTP/1.1" 200 988 "http://hausegger.activities.at/entry.php?id=10271&&ser=303291" "Mozilla/5.0 (Windows NT 10.0; Win64; x64; rv:109.0) Gecko/20100101 Firefox/117.0"
77.119.216.46 - - [21/Sep/2023:15:36:58 +0200] "GET /gui/javascript/form_form.js?1695303418 HTTP/1.1" 200 16206 "http://hausegger.activities.at/entry.php?id=10271&&ser=303356" "Mozilla/5.0 (Windows NT 10.0; Win64; x64; rv:109.0) Gecko/20100101 Firefox/117.0"
156.59.198.136 - - [21/Sep/2023:15:37:09 +0200] "GET /renault.activities.at/htdocs/export/pdf/emuc_document/11772832.pdf HTTP/1.0" 404 322 "http://212.69.160.11:443/renault.activities.at/htdocs/export/pdf/emuc_document/" "Mozilla/5.0 (Linux; Android 5.0) AppleWebKit/537.36 (KHTML, like Gecko) Mobile Safari/537.36 (compatible; Bytespider; spider-feedback@bytedance.com)"
77.119.216.46 - - [21/Sep/2023:15:37:30 +0200] "GET /entry.php?id=10271&&ser=303389 HTTP/1.1" 200 988 "http://hausegger.activities.at/entry.php?id=10271&&ser=303328" "Mozilla/5.0 (Windows NT 10.0; Win64; x64) AppleWebKit/537.36 (KHTML, like Gecko) Chrome/116.0.0.0 Safari/537.36"
77.119.216.46 - - [21/Sep/2023:15:37:30 +0200] "GET /gui/javascript/form_form.js?1695303450 HTTP/1.1" 200 16206 "http://hausegger.activities.at/entry.php?id=10271&&ser=303389" "Mozilla/5.0 (Windows NT 10.0; Win64; x64) AppleWebKit/537.36 (KHTML, like Gecko) Chrome/116.0.0.0 Safari/537.36"
156.59.198.135 - - [21/Sep/2023:15:37:33 +0200] "GET /default/cgi-bin/lang/tooltips_w/awstats-tt-ua.txt HTTP/1.0" 404 311 "http://212.69.160.11:443/default/cgi-bin/lang/tooltips_w/?C=M%3BO=A" "Mozilla/5.0 (Linux; Android 5.0) AppleWebKit/537.36 (KHTML, like Gecko) Mobile Safari/537.36 (compatible; Bytespider; spider-feedback@bytedance.com)"
156.59.198.136 - - [21/Sep/2023:15:37:58 +0200] "GET /renault.activities.at/htdocs/export/pdf/emuc_document/10936510.pdf HTTP/1.0" 404 322 "http://212.69.160.11:443/renault.activities.at/htdocs/export/pdf/emuc_document/" "Mozilla/5.0 (Linux; Android 5.0) AppleWebKit/537.36 (KHTML, like Gecko) Mobile Safari/537.36 (compatible; Bytespider; spider-feedback@bytedance.com)"
77.119.216.46 - - [21/Sep/2023:15:37:58 +0200] "GET /entry.php?id=10271&&ser=303418 HTTP/1.1" 200 988 "http://hausegger.activities.at/entry.php?id=10271&&ser=303356" "Mozilla/5.0 (Windows NT 10.0; Win64; x64; rv:109.0) Gecko/20100101 Firefox/117.0"
77.119.216.46 - - [21/Sep/2023:15:37:58 +0200] "GET /gui/javascript/form_form.js?1695303478 HTTP/1.1" 200 16206 "http://hausegger.activities.at/entry.php?id=10271&&ser=303418" "Mozilla/5.0 (Windows NT 10.0; Win64; x64; rv:109.0) Gecko/20100101 Firefox/117.0"
156.59.198.135 - - [21/Sep/2023:15:38:22 +0200] "GET /renault.activities.at/htdocs/export/pdf/emuc_document/10922768.pdf HTTP/1.0" 404 322 "http://212.69.160.11:443/renault.activities.at/htdocs/export/pdf/emuc_document/" "Mozilla/5.0 (Linux; Android 5.0) AppleWebKit/537.36 (KHTML, like Gecko) Mobile Safari/537.36 (compatible; Bytespider; spider-feedback@bytedance.com)"
77.119.216.46 - - [21/Sep/2023:15:38:31 +0200] "GET /entry.php?id=10271&&ser=303450 HTTP/1.1" 200 987 "http://hausegger.activities.at/entry.php?id=10271&&ser=303389" "Mozilla/5.0 (Windows NT 10.0; Win64; x64) AppleWebKit/537.36 (KHTML, like Gecko) Chrome/116.0.0.0 Safari/537.36"
77.119.216.46 - - [21/Sep/2023:15:38:31 +0200] "GET /gui/javascript/form_form.js?1695303511 HTTP/1.1" 200 16206 "http://hausegger.activities.at/entry.php?id=10271&&ser=303450" "Mozilla/5.0 (Windows NT 10.0; Win64; x64) AppleWebKit/537.36 (KHTML, like Gecko) Chrome/116.0.0.0 Safari/537.36"
156.59.198.135 - - [21/Sep/2023:15:38:46 +0200] "GET /renault.activities.at/htdocs/export/pdf/emuc_document/11646732.pdf HTTP/1.0" 404 322 "http://212.69.160.11:443/renault.activities.at/htdocs/export/pdf/emuc_document/" "Mozilla/5.0 (Linux; Android 5.0) AppleWebKit/537.36 (KHTML, like Gecko) Mobile Safari/537.36 (compatible; Bytespider; spider-feedback@bytedance.com)"
77.119.216.46 - - [21/Sep/2023:15:38:58 +0200] "GET /entry.php?id=10271&&ser=303478 HTTP/1.1" 200 989 "http://hausegger.activities.at/entry.php?id=10271&&ser=303418" "Mozilla/5.0 (Windows NT 10.0; Win64; x64; rv:109.0) Gecko/20100101 Firefox/117.0"
77.119.216.46 - - [21/Sep/2023:15:38:59 +0200] "GET /gui/javascript/form_form.js?1695303539 HTTP/1.1" 200 16206 "http://hausegger.activities.at/entry.php?id=10271&&ser=303478" "Mozilla/5.0 (Windows NT 10.0; Win64; x64; rv:109.0) Gecko/20100101 Firefox/117.0"
156.59.198.135 - - [21/Sep/2023:15:39:11 +0200] "GET /renault.activities.at/htdocs/export/pdf/emuc_document/10748515.pdf HTTP/1.0" 404 322 "http://212.69.160.11:443/renault.activities.at/htdocs/export/pdf/emuc_document/" "Mozilla/5.0 (Linux; Android 5.0) AppleWebKit/537.36 (KHTML, like Gecko) Mobile Safari/537.36 (compatible; Bytespider; spider-feedback@bytedance.com)"
77.119.216.46 - - [21/Sep/2023:15:39:32 +0200] "GET /entry.php?id=10271&&ser=303511 HTTP/1.1" 200 987 "http://hausegger.activities.at/entry.php?id=10271&&ser=303450" "Mozilla/5.0 (Windows NT 10.0; Win64; x64) AppleWebKit/537.36 (KHTML, like Gecko) Chrome/116.0.0.0 Safari/537.36"
77.119.216.46 - - [21/Sep/2023:15:39:32 +0200] "GET /gui/javascript/form_form.js?1695303572 HTTP/1.1" 200 16206 "http://hausegger.activities.at/entry.php?id=10271&&ser=303511" "Mozilla/5.0 (Windows NT 10.0; Win64; x64) AppleWebKit/537.36 (KHTML, like Gecko) Chrome/116.0.0.0 Safari/537.36"
156.59.198.136 - - [21/Sep/2023:15:39:35 +0200] "GET /renault.activities.at/htdocs/export/pdf/emuc_document/11582022.pdf HTTP/1.0" 404 321 "http://212.69.160.11:443/renault.activities.at/htdocs/export/pdf/emuc_document/" "Mozilla/5.0 (Linux; Android 5.0) AppleWebKit/537.36 (KHTML, like Gecko) Mobile Safari/537.36 (compatible; Bytespider; spider-feedback@bytedance.com)"
77.83.90.109 - - [21/Sep/2023:15:39:39 +0200] "GET / HTTP/1.1" 200 423 "-" "Mozilla/5.0 (Macintosh; Intel Mac OS X 10_11_6) AppleWebKit/601.7.7 (KHTML, like Gecko) Version/9.1.2 Safari/601.7.7"
77.119.216.46 - - [21/Sep/2023:15:39:59 +0200] "GET /entry.php?id=10271&&ser=303538 HTTP/1.1" 200 988 "http://hausegger.activities.at/entry.php?id=10271&&ser=303478" "Mozilla/5.0 (Windows NT 10.0; Win64; x64; rv:109.0) Gecko/20100101 Firefox/117.0"
77.119.216.46 - - [21/Sep/2023:15:39:59 +0200] "GET /gui/javascript/form_form.js?1695303599 HTTP/1.1" 200 16206 "http://hausegger.activities.at/entry.php?id=10271&&ser=303538" "Mozilla/5.0 (Windows NT 10.0; Win64; x64; rv:109.0) Gecko/20100101 Firefox/117.0"
156.59.198.136 - - [21/Sep/2023:15:39:59 +0200] "GET /renault.activities.at/htdocs/export/pdf/emuc_document/12210129.pdf HTTP/1.0" 404 321 "http://212.69.160.11:443/renault.activities.at/htdocs/export/pdf/emuc_document/" "Mozilla/5.0 (Linux; Android 5.0) AppleWebKit/537.36 (KHTML, like Gecko) Mobile Safari/537.36 (compatible; Bytespider; spider-feedback@bytedance.com)"
156.59.198.135 - - [21/Sep/2023:15:40:24 +0200] "GET /renault.activities.at/htdocs/export/pdf/emuc_document/10712420.pdf HTTP/1.0" 404 322 "http://212.69.160.11:443/renault.activities.at/htdocs/export/pdf/emuc_document/" "Mozilla/5.0 (Linux; Android 5.0) AppleWebKit/537.36 (KHTML, like Gecko) Mobile Safari/537.36 (compatible; Bytespider; spider-feedback@bytedance.com)"
77.119.216.46 - - [21/Sep/2023:15:40:33 +0200] "GET /entry.php?id=10271&&ser=303572 HTTP/1.1" 200 987 "http://hausegger.activities.at/entry.php?id=10271&&ser=303511" "Mozilla/5.0 (Windows NT 10.0; Win64; x64) AppleWebKit/537.36 (KHTML, like Gecko) Chrome/116.0.0.0 Safari/537.36"
77.119.216.46 - - [21/Sep/2023:15:40:33 +0200] "GET /gui/javascript/form_form.js?1695303633 HTTP/1.1" 200 16206 "http://hausegger.activities.at/entry.php?id=10271&&ser=303572" "Mozilla/5.0 (Windows NT 10.0; Win64; x64) AppleWebKit/537.36 (KHTML, like Gecko) Chrome/116.0.0.0 Safari/537.36"
156.59.198.136 - - [21/Sep/2023:15:40:48 +0200] "GET /renault.activities.at/htdocs/export/pdf/emuc_document/11228181.pdf HTTP/1.0" 404 321 "http://212.69.160.11:443/renault.activities.at/htdocs/export/pdf/emuc_document/" "Mozilla/5.0 (Linux; Android 5.0) AppleWebKit/537.36 (KHTML, like Gecko) Mobile Safari/537.36 (compatible; Bytespider; spider-feedback@bytedance.com)"
77.119.216.46 - - [21/Sep/2023:15:40:59 +0200] "GET /entry.php?id=10271&&ser=303599 HTTP/1.1" 200 987 "http://hausegger.activities.at/entry.php?id=10271&&ser=303538" "Mozilla/5.0 (Windows NT 10.0; Win64; x64; rv:109.0) Gecko/20100101 Firefox/117.0"
77.119.216.46 - - [21/Sep/2023:15:40:59 +0200] "GET /gui/javascript/form_form.js?1695303659 HTTP/1.1" 200 16206 "http://hausegger.activities.at/entry.php?id=10271&&ser=303599" "Mozilla/5.0 (Windows NT 10.0; Win64; x64; rv:109.0) Gecko/20100101 Firefox/117.0"
156.59.198.136 - - [21/Sep/2023:15:41:12 +0200] "GET /renault.activities.at/htdocs/export/pdf/emuc_document/11354032.pdf HTTP/1.0" 404 322 "http://212.69.160.11:443/renault.activities.at/htdocs/export/pdf/emuc_document/" "Mozilla/5.0 (Linux; Android 5.0) AppleWebKit/537.36 (KHTML, like Gecko) Mobile Safari/537.36 (compatible; Bytespider; spider-feedback@bytedance.com)"
77.119.216.46 - - [21/Sep/2023:15:41:34 +0200] "GET /entry.php?id=10271&&ser=303633 HTTP/1.1" 200 986 "http://hausegger.activities.at/entry.php?id=10271&&ser=303572" "Mozilla/5.0 (Windows NT 10.0; Win64; x64) AppleWebKit/537.36 (KHTML, like Gecko) Chrome/116.0.0.0 Safari/537.36"
77.119.216.46 - - [21/Sep/2023:15:41:34 +0200] "GET /gui/javascript/form_form.js?1695303694 HTTP/1.1" 200 16206 "http://hausegger.activities.at/entry.php?id=10271&&ser=303633" "Mozilla/5.0 (Windows NT 10.0; Win64; x64) AppleWebKit/537.36 (KHTML, like Gecko) Chrome/116.0.0.0 Safari/537.36"
156.59.198.136 - - [21/Sep/2023:15:41:37 +0200] "GET /renault.activities.at/htdocs/export/pdf/emuc_document/10608527.pdf HTTP/1.0" 404 322 "http://212.69.160.11:443/renault.activities.at/htdocs/export/pdf/emuc_document/" "Mozilla/5.0 (Linux; Android 5.0) AppleWebKit/537.36 (KHTML, like Gecko) Mobile Safari/537.36 (compatible; Bytespider; spider-feedback@bytedance.com)"
77.119.216.46 - - [21/Sep/2023:15:41:59 +0200] "GET /entry.php?id=10271&&ser=303659 HTTP/1.1" 200 988 "http://hausegger.activities.at/entry.php?id=10271&&ser=303599" "Mozilla/5.0 (Windows NT 10.0; Win64; x64; rv:109.0) Gecko/20100101 Firefox/117.0"
77.119.216.46 - - [21/Sep/2023:15:41:59 +0200] "GET /gui/javascript/form_form.js?1695303719 HTTP/1.1" 200 16206 "http://hausegger.activities.at/entry.php?id=10271&&ser=303659" "Mozilla/5.0 (Windows NT 10.0; Win64; x64; rv:109.0) Gecko/20100101 Firefox/117.0"
156.59.198.136 - - [21/Sep/2023:15:42:01 +0200] "GET /renault.activities.at/htdocs/export/pdf/emuc_document/10608866.pdf HTTP/1.0" 404 322 "http://212.69.160.11:443/renault.activities.at/htdocs/export/pdf/emuc_document/" "Mozilla/5.0 (Linux; Android 5.0) AppleWebKit/537.36 (KHTML, like Gecko) Mobile Safari/537.36 (compatible; Bytespider; spider-feedback@bytedance.com)"
156.59.198.135 - - [21/Sep/2023:15:42:25 +0200] "GET /renault.activities.at/htdocs/export/pdf/emuc_document/12414591.pdf HTTP/1.0" 404 321 "http://212.69.160.11:443/renault.activities.at/htdocs/export/pdf/emuc_document/" "Mozilla/5.0 (Linux; Android 5.0) AppleWebKit/537.36 (KHTML, like Gecko) Mobile Safari/537.36 (compatible; Bytespider; spider-feedback@bytedance.com)"
77.119.216.46 - - [21/Sep/2023:15:42:35 +0200] "GET /entry.php?id=10271&&ser=303694 HTTP/1.1" 200 987 "http://hausegger.activities.at/entry.php?id=10271&&ser=303633" "Mozilla/5.0 (Windows NT 10.0; Win64; x64) AppleWebKit/537.36 (KHTML, like Gecko) Chrome/116.0.0.0 Safari/537.36"
77.119.216.46 - - [21/Sep/2023:15:42:35 +0200] "GET /gui/javascript/form_form.js?1695303755 HTTP/1.1" 200 16206 "http://hausegger.activities.at/entry.php?id=10271&&ser=303694" "Mozilla/5.0 (Windows NT 10.0; Win64; x64) AppleWebKit/537.36 (KHTML, like Gecko) Chrome/116.0.0.0 Safari/537.36"
156.59.198.136 - - [21/Sep/2023:15:42:49 +0200] "GET /renault.activities.at/htdocs/export/pdf/emuc_document/11353932.pdf HTTP/1.0" 404 322 "http://212.69.160.11:443/renault.activities.at/htdocs/export/pdf/emuc_document/" "Mozilla/5.0 (Linux; Android 5.0) AppleWebKit/537.36 (KHTML, like Gecko) Mobile Safari/537.36 (compatible; Bytespider; spider-feedback@bytedance.com)"
77.119.216.46 - - [21/Sep/2023:15:43:00 +0200] "GET /entry.php?id=10271&&ser=303719 HTTP/1.1" 200 988 "http://hausegger.activities.at/entry.php?id=10271&&ser=303659" "Mozilla/5.0 (Windows NT 10.0; Win64; x64; rv:109.0) Gecko/20100101 Firefox/117.0"
77.119.216.46 - - [21/Sep/2023:15:43:00 +0200] "GET /gui/javascript/form_form.js?1695303780 HTTP/1.1" 200 16206 "http://hausegger.activities.at/entry.php?id=10271&&ser=303719" "Mozilla/5.0 (Windows NT 10.0; Win64; x64; rv:109.0) Gecko/20100101 Firefox/117.0"
156.59.198.135 - - [21/Sep/2023:15:43:14 +0200] "GET /renault.activities.at/htdocs/export/pdf/emuc_document/12387971.pdf HTTP/1.0" 404 323 "http://212.69.160.11:443/renault.activities.at/htdocs/export/pdf/emuc_document/" "Mozilla/5.0 (Linux; Android 5.0) AppleWebKit/537.36 (KHTML, like Gecko) Mobile Safari/537.36 (compatible; Bytespider; spider-feedback@bytedance.com)"
77.119.216.46 - - [21/Sep/2023:15:43:36 +0200] "GET /entry.php?id=10271&&ser=303755 HTTP/1.1" 200 988 "http://hausegger.activities.at/entry.php?id=10271&&ser=303694" "Mozilla/5.0 (Windows NT 10.0; Win64; x64) AppleWebKit/537.36 (KHTML, like Gecko) Chrome/116.0.0.0 Safari/537.36"
77.119.216.46 - - [21/Sep/2023:15:43:37 +0200] "GET /gui/javascript/form_form.js?1695303816 HTTP/1.1" 200 16206 "http://hausegger.activities.at/entry.php?id=10271&&ser=303755" "Mozilla/5.0 (Windows NT 10.0; Win64; x64) AppleWebKit/537.36 (KHTML, like Gecko) Chrome/116.0.0.0 Safari/537.36"
156.59.198.135 - - [21/Sep/2023:15:43:38 +0200] "GET /renault.activities.at/htdocs/export/pdf/emuc_document/11245464.pdf HTTP/1.0" 404 321 "http://212.69.160.11:443/renault.activities.at/htdocs/export/pdf/emuc_document/" "Mozilla/5.0 (Linux; Android 5.0) AppleWebKit/537.36 (KHTML, like Gecko) Mobile Safari/537.36 (compatible; Bytespider; spider-feedback@bytedance.com)"
77.119.216.46 - - [21/Sep/2023:15:44:00 +0200] "GET /entry.php?id=10271&&ser=303780 HTTP/1.1" 200 988 "http://hausegger.activities.at/entry.php?id=10271&&ser=303719" "Mozilla/5.0 (Windows NT 10.0; Win64; x64; rv:109.0) Gecko/20100101 Firefox/117.0"
77.119.216.46 - - [21/Sep/2023:15:44:00 +0200] "GET /gui/javascript/form_form.js?1695303840 HTTP/1.1" 200 16206 "http://hausegger.activities.at/entry.php?id=10271&&ser=303780" "Mozilla/5.0 (Windows NT 10.0; Win64; x64; rv:109.0) Gecko/20100101 Firefox/117.0"
156.59.198.136 - - [21/Sep/2023:15:44:03 +0200] "GET /renault.activities.at/htdocs/export/pdf/emuc_document/10354754.pdf HTTP/1.0" 404 323 "http://212.69.160.11:443/renault.activities.at/htdocs/export/pdf/emuc_document/" "Mozilla/5.0 (Linux; Android 5.0) AppleWebKit/537.36 (KHTML, like Gecko) Mobile Safari/537.36 (compatible; Bytespider; spider-feedback@bytedance.com)"
156.59.198.135 - - [21/Sep/2023:15:44:27 +0200] "GET /renault.activities.at/htdocs/export/pdf/emuc_document/12103396.pdf HTTP/1.0" 404 322 "http://212.69.160.11:443/renault.activities.at/htdocs/export/pdf/emuc_document/" "Mozilla/5.0 (Linux; Android 5.0) AppleWebKit/537.36 (KHTML, like Gecko) Mobile Safari/537.36 (compatible; Bytespider; spider-feedback@bytedance.com)"
77.119.216.46 - - [21/Sep/2023:15:44:37 +0200] "GET /entry.php?id=10271&&ser=303816 HTTP/1.1" 200 987 "http://hausegger.activities.at/entry.php?id=10271&&ser=303755" "Mozilla/5.0 (Windows NT 10.0; Win64; x64) AppleWebKit/537.36 (KHTML, like Gecko) Chrome/116.0.0.0 Safari/537.36"
77.119.216.46 - - [21/Sep/2023:15:44:37 +0200] "GET /gui/javascript/form_form.js?1695303877 HTTP/1.1" 200 16206 "http://hausegger.activities.at/entry.php?id=10271&&ser=303816" "Mozilla/5.0 (Windows NT 10.0; Win64; x64) AppleWebKit/537.36 (KHTML, like Gecko) Chrome/116.0.0.0 Safari/537.36"
156.59.198.136 - - [21/Sep/2023:15:44:51 +0200] "GET /renault.activities.at/htdocs/export/pdf/emuc_document/12490539.pdf HTTP/1.0" 404 322 "http://212.69.160.11:443/renault.activities.at/htdocs/export/pdf/emuc_document/" "Mozilla/5.0 (Linux; Android 5.0) AppleWebKit/537.36 (KHTML, like Gecko) Mobile Safari/537.36 (compatible; Bytespider; spider-feedback@bytedance.com)"
77.119.216.46 - - [21/Sep/2023:15:45:00 +0200] "GET /entry.php?id=10271&&ser=303840 HTTP/1.1" 200 987 "http://hausegger.activities.at/entry.php?id=10271&&ser=303780" "Mozilla/5.0 (Windows NT 10.0; Win64; x64; rv:109.0) Gecko/20100101 Firefox/117.0"
77.119.216.46 - - [21/Sep/2023:15:45:00 +0200] "GET /gui/javascript/form_form.js?1695303900 HTTP/1.1" 200 16206 "http://hausegger.activities.at/entry.php?id=10271&&ser=303840" "Mozilla/5.0 (Windows NT 10.0; Win64; x64; rv:109.0) Gecko/20100101 Firefox/117.0"
156.59.198.135 - - [21/Sep/2023:15:45:16 +0200] "GET /renault.activities.at/htdocs/export/pdf/emuc_document/11860875.pdf HTTP/1.0" 404 322 "http://212.69.160.11:443/renault.activities.at/htdocs/export/pdf/emuc_document/" "Mozilla/5.0 (Linux; Android 5.0) AppleWebKit/537.36 (KHTML, like Gecko) Mobile Safari/537.36 (compatible; Bytespider; spider-feedback@bytedance.com)"
35.189.51.229 - - [21/Sep/2023:15:45:25 +0200] "GET /Temporary_Listen_Addresses/ HTTP/1.0" 404 372 "-" "-"
77.119.216.46 - - [21/Sep/2023:15:45:38 +0200] "GET /entry.php?id=10271&&ser=303877 HTTP/1.1" 200 988 "http://hausegger.activities.at/entry.php?id=10271&&ser=303816" "Mozilla/5.0 (Windows NT 10.0; Win64; x64) AppleWebKit/537.36 (KHTML, like Gecko) Chrome/116.0.0.0 Safari/537.36"
