156.59.198.135 - - [21/Sep/2023:11:49:06 +0200] "GET /renault.activities.at/htdocs/export/pdf/emuc_document/12226793.pdf HTTP/1.0" 404 323 "http://212.69.160.11:443/renault.activities.at/htdocs/export/pdf/emuc_document/" "Mozilla/5.0 (Linux; Android 5.0) AppleWebKit/537.36 (KHTML, like Gecko) Mobile Safari/537.36 (compatible; Bytespider; spider-feedback@bytedance.com)"
77.119.216.46 - - [21/Sep/2023:11:49:17 +0200] "GET /entry.php?id=10828 HTTP/1.1" 200 9141 "http://hausegger.activities.at/entry.php?id=10270&__app__=10006038" "Mozilla/5.0 (Windows NT 10.0; Win64; x64; rv:109.0) Gecko/20100101 Firefox/117.0"
77.119.216.46 - - [21/Sep/2023:11:49:18 +0200] "GET /gui/javascript/form_form.js?1695289758 HTTP/1.1" 200 16206 "http://hausegger.activities.at/entry.php?id=10828" "Mozilla/5.0 (Windows NT 10.0; Win64; x64; rv:109.0) Gecko/20100101 Firefox/117.0"
77.119.216.46 - - [21/Sep/2023:11:49:18 +0200] "GET /entry.php?id=10889&document_id=& HTTP/1.1" 200 1509 "http://hausegger.activities.at/entry.php?id=10828" "Mozilla/5.0 (Windows NT 10.0; Win64; x64; rv:109.0) Gecko/20100101 Firefox/117.0"
77.119.216.46 - - [21/Sep/2023:11:49:20 +0200] "POST /entry.php?id=10828 HTTP/1.1" 200 9330 "http://hausegger.activities.at/entry.php?id=10828" "Mozilla/5.0 (Windows NT 10.0; Win64; x64; rv:109.0) Gecko/20100101 Firefox/117.0"
77.119.216.46 - - [21/Sep/2023:11:49:20 +0200] "GET /gui/javascript/form_form.js?1695289760 HTTP/1.1" 200 16206 "http://hausegger.activities.at/entry.php?id=10828" "Mozilla/5.0 (Windows NT 10.0; Win64; x64; rv:109.0) Gecko/20100101 Firefox/117.0"
77.119.216.46 - - [21/Sep/2023:11:49:20 +0200] "GET /entry.php?id=10889&document_id=& HTTP/1.1" 200 1509 "http://hausegger.activities.at/entry.php?id=10828" "Mozilla/5.0 (Windows NT 10.0; Win64; x64; rv:109.0) Gecko/20100101 Firefox/117.0"
77.119.216.46 - - [21/Sep/2023:11:49:23 +0200] "GET /entry.php?id=10877&mode=loadSearchCustomer&obj=number&tag=debitor&value=wa&ser=1695285587890 HTTP/1.1" 200 221 "http://hausegger.activities.at/entry.php?id=10828" "Mozilla/5.0 (Windows NT 10.0; Win64; x64; rv:109.0) Gecko/20100101 Firefox/117.0"
77.119.216.46 - - [21/Sep/2023:11:49:23 +0200] "GET /entry.php?id=10877&mode=loadSearchCustomer&obj=number&tag=debitor&value=wa&ser=1695285588009 HTTP/1.1" 200 221 "http://hausegger.activities.at/entry.php?id=10828" "Mozilla/5.0 (Windows NT 10.0; Win64; x64; rv:109.0) Gecko/20100101 Firefox/117.0"
77.119.216.46 - - [21/Sep/2023:11:49:24 +0200] "POST /entry.php?id=10889 HTTP/1.1" 200 1772 "http://hausegger.activities.at/entry.php?id=10889&document_id=&" "Mozilla/5.0 (Windows NT 10.0; Win64; x64; rv:109.0) Gecko/20100101 Firefox/117.0"
77.119.216.46 - - [21/Sep/2023:11:49:24 +0200] "GET /gui/javascript/form_form.js?1695289764 HTTP/1.1" 200 16206 "http://hausegger.activities.at/entry.php?id=10889" "Mozilla/5.0 (Windows NT 10.0; Win64; x64; rv:109.0) Gecko/20100101 Firefox/117.0"
77.119.216.46 - - [21/Sep/2023:11:49:30 +0200] "GET /entry.php?id=10271&&ser=289709 HTTP/1.1" 200 987 "http://hausegger.activities.at/entry.php?id=10271&&ser=289649" "Mozilla/5.0 (Windows NT 10.0; Win64; x64; rv:109.0) Gecko/20100101 Firefox/117.0"
77.119.216.46 - - [21/Sep/2023:11:49:30 +0200] "GET /gui/javascript/form_form.js?1695289770 HTTP/1.1" 200 16206 "http://hausegger.activities.at/entry.php?id=10271&&ser=289709" "Mozilla/5.0 (Windows NT 10.0; Win64; x64; rv:109.0) Gecko/20100101 Firefox/117.0"
156.59.198.135 - - [21/Sep/2023:11:49:31 +0200] "GET /renault.activities.at/htdocs/export/pdf/emuc_document/11274287.pdf HTTP/1.0" 404 322 "http://212.69.160.11:443/renault.activities.at/htdocs/export/pdf/emuc_document/" "Mozilla/5.0 (Linux; Android 5.0) AppleWebKit/537.36 (KHTML, like Gecko) Mobile Safari/537.36 (compatible; Bytespider; spider-feedback@bytedance.com)"
77.119.216.46 - - [21/Sep/2023:11:49:44 +0200] "GET /entry.php?id=10271&&ser=289723 HTTP/1.1" 200 987 "http://hausegger.activities.at/entry.php?id=10271&&ser=289662" "Mozilla/5.0 (Windows NT 10.0; Win64; x64) AppleWebKit/537.36 (KHTML, like Gecko) Chrome/116.0.0.0 Safari/537.36"
77.119.216.46 - - [21/Sep/2023:11:49:44 +0200] "GET /gui/javascript/form_form.js?1695289784 HTTP/1.1" 200 16206 "http://hausegger.activities.at/entry.php?id=10271&&ser=289723" "Mozilla/5.0 (Windows NT 10.0; Win64; x64) AppleWebKit/537.36 (KHTML, like Gecko) Chrome/116.0.0.0 Safari/537.36"
156.59.198.135 - - [21/Sep/2023:11:49:54 +0200] "GET /renault.activities.at/htdocs/export/pdf/emuc_document/12490494.pdf HTTP/1.0" 404 321 "http://212.69.160.11:443/renault.activities.at/htdocs/export/pdf/emuc_document/" "Mozilla/5.0 (Linux; Android 5.0) AppleWebKit/537.36 (KHTML, like Gecko) Mobile Safari/537.36 (compatible; Bytespider; spider-feedback@bytedance.com)"
156.59.198.135 - - [21/Sep/2023:11:50:19 +0200] "GET /renault.activities.at/htdocs/export/pdf/emuc_document/11534410.pdf HTTP/1.0" 404 322 "http://212.69.160.11:443/renault.activities.at/htdocs/export/pdf/emuc_document/" "Mozilla/5.0 (Linux; Android 5.0) AppleWebKit/537.36 (KHTML, like Gecko) Mobile Safari/537.36 (compatible; Bytespider; spider-feedback@bytedance.com)"
77.119.216.46 - - [21/Sep/2023:11:50:22 +0200] "POST /entry.php?id=10828 HTTP/1.1" 200 8770 "http://hausegger.activities.at/entry.php?id=10828" "Mozilla/5.0 (Windows NT 10.0; Win64; x64; rv:109.0) Gecko/20100101 Firefox/117.0"
77.119.216.46 - - [21/Sep/2023:11:50:23 +0200] "GET /gui/javascript/form_form.js?1695289823 HTTP/1.1" 200 16206 "http://hausegger.activities.at/entry.php?id=10828" "Mozilla/5.0 (Windows NT 10.0; Win64; x64; rv:109.0) Gecko/20100101 Firefox/117.0"
77.119.216.46 - - [21/Sep/2023:11:50:23 +0200] "GET /entry.php?id=10889&document_id=10328551& HTTP/1.1" 200 1509 "http://hausegger.activities.at/entry.php?id=10828" "Mozilla/5.0 (Windows NT 10.0; Win64; x64; rv:109.0) Gecko/20100101 Firefox/117.0"
77.119.216.46 - - [21/Sep/2023:11:50:25 +0200] "POST /entry.php?id=10828 HTTP/1.1" 200 4984 "http://hausegger.activities.at/entry.php?id=10828" "Mozilla/5.0 (Windows NT 10.0; Win64; x64; rv:109.0) Gecko/20100101 Firefox/117.0"
77.119.216.46 - - [21/Sep/2023:11:50:25 +0200] "GET /gui/javascript/form_form.js?1695289825 HTTP/1.1" 200 16206 "http://hausegger.activities.at/entry.php?id=10828" "Mozilla/5.0 (Windows NT 10.0; Win64; x64; rv:109.0) Gecko/20100101 Firefox/117.0"
77.119.216.46 - - [21/Sep/2023:11:50:25 +0200] "GET /entry.php?id=10889&document_id=10328551& HTTP/1.1" 200 1509 "http://hausegger.activities.at/entry.php?id=10828" "Mozilla/5.0 (Windows NT 10.0; Win64; x64; rv:109.0) Gecko/20100101 Firefox/117.0"
77.119.216.46 - - [21/Sep/2023:11:50:26 +0200] "GET /gui/javascript/form_form.js?1695289826 HTTP/1.1" 200 16206 "http://hausegger.activities.at/entry.php?id=10889&document_id=10328551&" "Mozilla/5.0 (Windows NT 10.0; Win64; x64; rv:109.0) Gecko/20100101 Firefox/117.0"
77.119.216.46 - - [21/Sep/2023:11:50:30 +0200] "GET /entry.php?id=10271&&ser=289770 HTTP/1.1" 200 987 "http://hausegger.activities.at/entry.php?id=10271&&ser=289709" "Mozilla/5.0 (Windows NT 10.0; Win64; x64; rv:109.0) Gecko/20100101 Firefox/117.0"
77.119.216.46 - - [21/Sep/2023:11:50:31 +0200] "GET /gui/javascript/form_form.js?1695289831 HTTP/1.1" 200 16206 "http://hausegger.activities.at/entry.php?id=10271&&ser=289770" "Mozilla/5.0 (Windows NT 10.0; Win64; x64; rv:109.0) Gecko/20100101 Firefox/117.0"
77.119.216.46 - - [21/Sep/2023:11:50:41 +0200] "POST /entry.php?id=10828 HTTP/1.1" 200 5002 "http://hausegger.activities.at/entry.php?id=10828" "Mozilla/5.0 (Windows NT 10.0; Win64; x64; rv:109.0) Gecko/20100101 Firefox/117.0"
77.119.216.46 - - [21/Sep/2023:11:50:41 +0200] "GET /gui/javascript/form_form.js?1695289841 HTTP/1.1" 200 16206 "http://hausegger.activities.at/entry.php?id=10828" "Mozilla/5.0 (Windows NT 10.0; Win64; x64; rv:109.0) Gecko/20100101 Firefox/117.0"
77.119.216.46 - - [21/Sep/2023:11:50:41 +0200] "GET /entry.php?id=10889&document_id=10328551& HTTP/1.1" 200 1508 "http://hausegger.activities.at/entry.php?id=10828" "Mozilla/5.0 (Windows NT 10.0; Win64; x64; rv:109.0) Gecko/20100101 Firefox/117.0"
77.119.216.46 - - [21/Sep/2023:11:50:42 +0200] "POST /entry.php?id=10828 HTTP/1.1" 200 4786 "http://hausegger.activities.at/entry.php?id=10828" "Mozilla/5.0 (Windows NT 10.0; Win64; x64; rv:109.0) Gecko/20100101 Firefox/117.0"
77.119.216.46 - - [21/Sep/2023:11:50:42 +0200] "GET /gui/javascript/form_form.js?1695289842 HTTP/1.1" 200 16206 "http://hausegger.activities.at/entry.php?id=10828" "Mozilla/5.0 (Windows NT 10.0; Win64; x64; rv:109.0) Gecko/20100101 Firefox/117.0"
77.119.216.46 - - [21/Sep/2023:11:50:42 +0200] "GET /entry.php?id=10830&&object=10328551&account=&mode=documentdebitor HTTP/1.1" 200 3132 "http://hausegger.activities.at/entry.php?id=10828" "Mozilla/5.0 (Windows NT 10.0; Win64; x64; rv:109.0) Gecko/20100101 Firefox/117.0"
77.119.216.46 - - [21/Sep/2023:11:50:42 +0200] "GET /entry.php?id=10889&document_id=10328551& HTTP/1.1" 200 1509 "http://hausegger.activities.at/entry.php?id=10828" "Mozilla/5.0 (Windows NT 10.0; Win64; x64; rv:109.0) Gecko/20100101 Firefox/117.0"
77.119.216.46 - - [21/Sep/2023:11:50:43 +0200] "POST /entry.php?id=10889 HTTP/1.1" 200 1581 "http://hausegger.activities.at/entry.php?id=10889&document_id=10328551&" "Mozilla/5.0 (Windows NT 10.0; Win64; x64; rv:109.0) Gecko/20100101 Firefox/117.0"
77.119.216.46 - - [21/Sep/2023:11:50:43 +0200] "GET /gui/javascript/form_form.js?1695289843 HTTP/1.1" 200 16206 "http://hausegger.activities.at/entry.php?id=10889" "Mozilla/5.0 (Windows NT 10.0; Win64; x64; rv:109.0) Gecko/20100101 Firefox/117.0"
156.59.198.136 - - [21/Sep/2023:11:50:44 +0200] "GET /renault.activities.at/htdocs/export/pdf/emuc_document/10963688.pdf HTTP/1.0" 404 322 "http://212.69.160.11:443/renault.activities.at/htdocs/export/pdf/emuc_document/" "Mozilla/5.0 (Linux; Android 5.0) AppleWebKit/537.36 (KHTML, like Gecko) Mobile Safari/537.36 (compatible; Bytespider; spider-feedback@bytedance.com)"
77.119.216.46 - - [21/Sep/2023:11:50:45 +0200] "GET /entry.php?id=10877&mode=loadSearchArticle&obj=article_1&tag=debit&refobject=10328551&value=1&ser=1695285669545 HTTP/1.1" 200 33254 "http://hausegger.activities.at/entry.php?id=10830&&object=10328551&account=&mode=documentdebitor" "Mozilla/5.0 (Windows NT 10.0; Win64; x64; rv:109.0) Gecko/20100101 Firefox/117.0"
77.119.216.46 - - [21/Sep/2023:11:50:45 +0200] "GET /entry.php?id=10877&mode=loadSearchArticle&obj=article_1&tag=debit&refobject=10328551&value=11&ser=1695285669706 HTTP/1.1" 200 2752 "http://hausegger.activities.at/entry.php?id=10830&&object=10328551&account=&mode=documentdebitor" "Mozilla/5.0 (Windows NT 10.0; Win64; x64; rv:109.0) Gecko/20100101 Firefox/117.0"
77.119.216.46 - - [21/Sep/2023:11:50:45 +0200] "GET /entry.php?id=10271&&ser=289784 HTTP/1.1" 200 987 "http://hausegger.activities.at/entry.php?id=10271&&ser=289723" "Mozilla/5.0 (Windows NT 10.0; Win64; x64) AppleWebKit/537.36 (KHTML, like Gecko) Chrome/116.0.0.0 Safari/537.36"
77.119.216.46 - - [21/Sep/2023:11:50:45 +0200] "GET /gui/javascript/form_form.js?1695289845 HTTP/1.1" 200 16206 "http://hausegger.activities.at/entry.php?id=10271&&ser=289784" "Mozilla/5.0 (Windows NT 10.0; Win64; x64) AppleWebKit/537.36 (KHTML, like Gecko) Chrome/116.0.0.0 Safari/537.36"
77.119.216.46 - - [21/Sep/2023:11:50:45 +0200] "GET /entry.php?id=10877&mode=loadSearchArticle&obj=article_1&tag=debit&refobject=10328551&value=119&ser=1695285670065 HTTP/1.1" 200 552 "http://hausegger.activities.at/entry.php?id=10830&&object=10328551&account=&mode=documentdebitor" "Mozilla/5.0 (Windows NT 10.0; Win64; x64; rv:109.0) Gecko/20100101 Firefox/117.0"
77.119.216.46 - - [21/Sep/2023:11:50:45 +0200] "GET /entry.php?id=10877&mode=loadSearchArticle&obj=article_1&tag=debit&refobject=10328551&value=1199&ser=1695285670241 HTTP/1.1" 200 257 "http://hausegger.activities.at/entry.php?id=10830&&object=10328551&account=&mode=documentdebitor" "Mozilla/5.0 (Windows NT 10.0; Win64; x64; rv:109.0) Gecko/20100101 Firefox/117.0"
77.119.216.46 - - [21/Sep/2023:11:50:46 +0200] "GET /entry.php?id=10877&mode=loadSearchArticle&obj=article_1&tag=debit&refobject=10328551&value=11998&ser=1695285670649 HTTP/1.1" 200 257 "http://hausegger.activities.at/entry.php?id=10830&&object=10328551&account=&mode=documentdebitor" "Mozilla/5.0 (Windows NT 10.0; Win64; x64; rv:109.0) Gecko/20100101 Firefox/117.0"
77.119.216.46 - - [21/Sep/2023:11:50:46 +0200] "GET /entry.php?id=10877&mode=loadSearchArticle&obj=article_1&tag=debit&refobject=10328551&value=119985&ser=1695285670921 HTTP/1.1" 200 257 "http://hausegger.activities.at/entry.php?id=10830&&object=10328551&account=&mode=documentdebitor" "Mozilla/5.0 (Windows NT 10.0; Win64; x64; rv:109.0) Gecko/20100101 Firefox/117.0"
77.119.216.46 - - [21/Sep/2023:11:50:46 +0200] "GET /entry.php?id=10877&mode=loadSearchArticle&obj=article_1&tag=debit&refobject=10328551&value=1199854&ser=1695285671145 HTTP/1.1" 200 257 "http://hausegger.activities.at/entry.php?id=10830&&object=10328551&account=&mode=documentdebitor" "Mozilla/5.0 (Windows NT 10.0; Win64; x64; rv:109.0) Gecko/20100101 Firefox/117.0"
77.119.216.46 - - [21/Sep/2023:11:50:46 +0200] "GET /entry.php?id=10877&mode=loadSearchArticle&obj=article_1&tag=debit&refobject=10328551&value=11998541&ser=1695285671330 HTTP/1.1" 200 257 "http://hausegger.activities.at/entry.php?id=10830&&object=10328551&account=&mode=documentdebitor" "Mozilla/5.0 (Windows NT 10.0; Win64; x64; rv:109.0) Gecko/20100101 Firefox/117.0"
77.119.216.46 - - [21/Sep/2023:11:50:48 +0200] "POST /entry.php?id=10889 HTTP/1.1" 200 1898 "http://hausegger.activities.at/entry.php?id=10889" "Mozilla/5.0 (Windows NT 10.0; Win64; x64; rv:109.0) Gecko/20100101 Firefox/117.0"
77.119.216.46 - - [21/Sep/2023:11:50:48 +0200] "GET /gui/javascript/form_form.js?1695289848 HTTP/1.1" 200 16206 "http://hausegger.activities.at/entry.php?id=10889" "Mozilla/5.0 (Windows NT 10.0; Win64; x64; rv:109.0) Gecko/20100101 Firefox/117.0"
77.119.216.46 - - [21/Sep/2023:11:50:48 +0200] "POST /entry.php?id=10889 HTTP/1.1" 200 1676 "http://hausegger.activities.at/entry.php?id=10889" "Mozilla/5.0 (Windows NT 10.0; Win64; x64; rv:109.0) Gecko/20100101 Firefox/117.0"
77.119.216.46 - - [21/Sep/2023:11:50:49 +0200] "GET /gui/javascript/form_form.js?1695289849 HTTP/1.1" 200 16206 "http://hausegger.activities.at/entry.php?id=10889" "Mozilla/5.0 (Windows NT 10.0; Win64; x64; rv:109.0) Gecko/20100101 Firefox/117.0"
77.119.216.46 - - [21/Sep/2023:11:50:50 +0200] "POST /entry.php?id=10889 HTTP/1.1" 200 1821 "http://hausegger.activities.at/entry.php?id=10889" "Mozilla/5.0 (Windows NT 10.0; Win64; x64; rv:109.0) Gecko/20100101 Firefox/117.0"
77.119.216.46 - - [21/Sep/2023:11:50:51 +0200] "GET /gui/javascript/form_form.js?1695289850 HTTP/1.1" 200 16206 "http://hausegger.activities.at/entry.php?id=10889" "Mozilla/5.0 (Windows NT 10.0; Win64; x64; rv:109.0) Gecko/20100101 Firefox/117.0"
77.119.216.46 - - [21/Sep/2023:11:50:52 +0200] "GET /entry.php?id=11270&document=10328551 HTTP/1.1" 200 1974 "http://hausegger.activities.at/entry.php?id=10828" "Mozilla/5.0 (Windows NT 10.0; Win64; x64; rv:109.0) Gecko/20100101 Firefox/117.0"
77.119.216.46 - - [21/Sep/2023:11:50:52 +0200] "GET /gui/javascript/form_bu_document.js?1695289852 HTTP/1.1" 200 2675 "http://hausegger.activities.at/entry.php?id=11270&document=10328551" "Mozilla/5.0 (Windows NT 10.0; Win64; x64; rv:109.0) Gecko/20100101 Firefox/117.0"
77.119.216.46 - - [21/Sep/2023:11:50:52 +0200] "GET /gui/javascript/form_form.js?1695289852 HTTP/1.1" 200 16206 "http://hausegger.activities.at/entry.php?id=11270&document=10328551" "Mozilla/5.0 (Windows NT 10.0; Win64; x64; rv:109.0) Gecko/20100101 Firefox/117.0"
77.119.216.46 - - [21/Sep/2023:11:50:52 +0200] "GET /entry.php?id=10877&mode=observePrint HTTP/1.1" 200 55 "http://hausegger.activities.at/entry.php?id=11270&document=10328551" "Mozilla/5.0 (Windows NT 10.0; Win64; x64; rv:109.0) Gecko/20100101 Firefox/117.0"
77.119.216.46 - - [21/Sep/2023:11:50:52 +0200] "GET /entry.php?id=11241&images=false&document=10328551 HTTP/1.1" 200 2245 "http://hausegger.activities.at/entry.php?id=11270&document=10328551" "Mozilla/5.0 (Windows NT 10.0; Win64; x64; rv:109.0) Gecko/20100101 Firefox/117.0"
156.59.198.136 - - [21/Sep/2023:11:51:07 +0200] "GET /renault.activities.at/htdocs/export/pdf/emuc_document/11818808.pdf HTTP/1.0" 404 321 "http://212.69.160.11:443/renault.activities.at/htdocs/export/pdf/emuc_document/" "Mozilla/5.0 (Linux; Android 5.0) AppleWebKit/537.36 (KHTML, like Gecko) Mobile Safari/537.36 (compatible; Bytespider; spider-feedback@bytedance.com)"
77.119.216.46 - - [21/Sep/2023:11:51:31 +0200] "GET /entry.php?id=10271&&ser=289831 HTTP/1.1" 200 987 "http://hausegger.activities.at/entry.php?id=10271&&ser=289770" "Mozilla/5.0 (Windows NT 10.0; Win64; x64; rv:109.0) Gecko/20100101 Firefox/117.0"
156.59.198.136 - - [21/Sep/2023:11:51:32 +0200] "GET /renault.activities.at/htdocs/export/pdf/emuc_document/11035108.pdf HTTP/1.0" 404 322 "http://212.69.160.11:443/renault.activities.at/htdocs/export/pdf/emuc_document/" "Mozilla/5.0 (Linux; Android 5.0) AppleWebKit/537.36 (KHTML, like Gecko) Mobile Safari/537.36 (compatible; Bytespider; spider-feedback@bytedance.com)"
77.119.216.46 - - [21/Sep/2023:11:51:32 +0200] "GET /gui/javascript/form_form.js?1695289891 HTTP/1.1" 200 16206 "http://hausegger.activities.at/entry.php?id=10271&&ser=289831" "Mozilla/5.0 (Windows NT 10.0; Win64; x64; rv:109.0) Gecko/20100101 Firefox/117.0"
77.119.216.46 - - [21/Sep/2023:11:51:46 +0200] "GET /entry.php?id=10271&&ser=289845 HTTP/1.1" 200 987 "http://hausegger.activities.at/entry.php?id=10271&&ser=289784" "Mozilla/5.0 (Windows NT 10.0; Win64; x64) AppleWebKit/537.36 (KHTML, like Gecko) Chrome/116.0.0.0 Safari/537.36"
77.119.216.46 - - [21/Sep/2023:11:51:46 +0200] "GET /gui/javascript/form_form.js?1695289906 HTTP/1.1" 200 16206 "http://hausegger.activities.at/entry.php?id=10271&&ser=289845" "Mozilla/5.0 (Windows NT 10.0; Win64; x64) AppleWebKit/537.36 (KHTML, like Gecko) Chrome/116.0.0.0 Safari/537.36"
156.59.198.136 - - [21/Sep/2023:11:51:56 +0200] "GET /renault.activities.at/htdocs/export/pdf/emuc_document/11006527.pdf HTTP/1.0" 404 322 "http://212.69.160.11:443/renault.activities.at/htdocs/export/pdf/emuc_document/" "Mozilla/5.0 (Linux; Android 5.0) AppleWebKit/537.36 (KHTML, like Gecko) Mobile Safari/537.36 (compatible; Bytespider; spider-feedback@bytedance.com)"
156.59.198.135 - - [21/Sep/2023:11:52:20 +0200] "GET /renault.activities.at/htdocs/export/pdf/emuc_document/11334885.pdf HTTP/1.0" 404 322 "http://212.69.160.11:443/renault.activities.at/htdocs/export/pdf/emuc_document/" "Mozilla/5.0 (Linux; Android 5.0) AppleWebKit/537.36 (KHTML, like Gecko) Mobile Safari/537.36 (compatible; Bytespider; spider-feedback@bytedance.com)"
77.119.216.46 - - [21/Sep/2023:11:52:32 +0200] "GET /entry.php?id=10271&&ser=289891 HTTP/1.1" 200 986 "http://hausegger.activities.at/entry.php?id=10271&&ser=289831" "Mozilla/5.0 (Windows NT 10.0; Win64; x64; rv:109.0) Gecko/20100101 Firefox/117.0"
77.119.216.46 - - [21/Sep/2023:11:52:32 +0200] "GET /gui/javascript/form_form.js?1695289952 HTTP/1.1" 200 16206 "http://hausegger.activities.at/entry.php?id=10271&&ser=289891" "Mozilla/5.0 (Windows NT 10.0; Win64; x64; rv:109.0) Gecko/20100101 Firefox/117.0"
156.59.198.136 - - [21/Sep/2023:11:52:45 +0200] "GET /renault.activities.at/htdocs/export/pdf/emuc_document/12126692.pdf HTTP/1.0" 404 321 "http://212.69.160.11:443/renault.activities.at/htdocs/export/pdf/emuc_document/" "Mozilla/5.0 (Linux; Android 5.0) AppleWebKit/537.36 (KHTML, like Gecko) Mobile Safari/537.36 (compatible; Bytespider; spider-feedback@bytedance.com)"
77.119.216.46 - - [21/Sep/2023:11:52:47 +0200] "GET /entry.php?id=10271&&ser=289906 HTTP/1.1" 200 987 "http://hausegger.activities.at/entry.php?id=10271&&ser=289845" "Mozilla/5.0 (Windows NT 10.0; Win64; x64) AppleWebKit/537.36 (KHTML, like Gecko) Chrome/116.0.0.0 Safari/537.36"
77.119.216.46 - - [21/Sep/2023:11:52:47 +0200] "GET /gui/javascript/form_form.js?1695289967 HTTP/1.1" 200 16206 "http://hausegger.activities.at/entry.php?id=10271&&ser=289906" "Mozilla/5.0 (Windows NT 10.0; Win64; x64) AppleWebKit/537.36 (KHTML, like Gecko) Chrome/116.0.0.0 Safari/537.36"
156.59.198.136 - - [21/Sep/2023:11:53:09 +0200] "GET /renault.activities.at/htdocs/export/pdf/emuc_document/12060305.pdf HTTP/1.0" 404 322 "http://212.69.160.11:443/renault.activities.at/htdocs/export/pdf/emuc_document/" "Mozilla/5.0 (Linux; Android 5.0) AppleWebKit/537.36 (KHTML, like Gecko) Mobile Safari/537.36 (compatible; Bytespider; spider-feedback@bytedance.com)"
77.119.216.46 - - [21/Sep/2023:11:53:32 +0200] "GET /entry.php?id=10271&&ser=289952 HTTP/1.1" 200 987 "http://hausegger.activities.at/entry.php?id=10271&&ser=289891" "Mozilla/5.0 (Windows NT 10.0; Win64; x64; rv:109.0) Gecko/20100101 Firefox/117.0"
77.119.216.46 - - [21/Sep/2023:11:53:32 +0200] "GET /gui/javascript/form_form.js?1695290012 HTTP/1.1" 200 16206 "http://hausegger.activities.at/entry.php?id=10271&&ser=289952" "Mozilla/5.0 (Windows NT 10.0; Win64; x64; rv:109.0) Gecko/20100101 Firefox/117.0"
156.59.198.136 - - [21/Sep/2023:11:53:33 +0200] "GET /renault.activities.at/htdocs/export/pdf/emuc_document/10922519.pdf HTTP/1.0" 404 321 "http://212.69.160.11:443/renault.activities.at/htdocs/export/pdf/emuc_document/" "Mozilla/5.0 (Linux; Android 5.0) AppleWebKit/537.36 (KHTML, like Gecko) Mobile Safari/537.36 (compatible; Bytespider; spider-feedback@bytedance.com)"
77.119.216.46 - - [21/Sep/2023:11:53:48 +0200] "GET /entry.php?id=10271&&ser=289967 HTTP/1.1" 200 987 "http://hausegger.activities.at/entry.php?id=10271&&ser=289906" "Mozilla/5.0 (Windows NT 10.0; Win64; x64) AppleWebKit/537.36 (KHTML, like Gecko) Chrome/116.0.0.0 Safari/537.36"
77.119.216.46 - - [21/Sep/2023:11:53:48 +0200] "GET /gui/javascript/form_form.js?1695290028 HTTP/1.1" 200 16206 "http://hausegger.activities.at/entry.php?id=10271&&ser=289967" "Mozilla/5.0 (Windows NT 10.0; Win64; x64) AppleWebKit/537.36 (KHTML, like Gecko) Chrome/116.0.0.0 Safari/537.36"
156.59.198.136 - - [21/Sep/2023:11:53:58 +0200] "GET /renault.activities.at/htdocs/export/pdf/emuc_document/10961403.pdf HTTP/1.0" 404 322 "http://212.69.160.11:443/renault.activities.at/htdocs/export/pdf/emuc_document/" "Mozilla/5.0 (Linux; Android 5.0) AppleWebKit/537.36 (KHTML, like Gecko) Mobile Safari/537.36 (compatible; Bytespider; spider-feedback@bytedance.com)"
156.59.198.136 - - [21/Sep/2023:11:54:22 +0200] "GET /renault.activities.at/htdocs/export/pdf/emuc_document/11907537.pdf HTTP/1.0" 404 323 "http://212.69.160.11:443/renault.activities.at/htdocs/export/pdf/emuc_document/" "Mozilla/5.0 (Linux; Android 5.0) AppleWebKit/537.36 (KHTML, like Gecko) Mobile Safari/537.36 (compatible; Bytespider; spider-feedback@bytedance.com)"
209.159.153.74 - - [21/Sep/2023:11:54:30 +0200] "GET / HTTP/1.1" 200 423 "-" "-"
77.119.216.46 - - [21/Sep/2023:11:54:32 +0200] "GET /entry.php?id=10271&&ser=290012 HTTP/1.1" 200 987 "http://hausegger.activities.at/entry.php?id=10271&&ser=289952" "Mozilla/5.0 (Windows NT 10.0; Win64; x64; rv:109.0) Gecko/20100101 Firefox/117.0"
77.119.216.46 - - [21/Sep/2023:11:54:32 +0200] "GET /gui/javascript/form_form.js?1695290072 HTTP/1.1" 200 16206 "http://hausegger.activities.at/entry.php?id=10271&&ser=290012" "Mozilla/5.0 (Windows NT 10.0; Win64; x64; rv:109.0) Gecko/20100101 Firefox/117.0"
156.59.198.135 - - [21/Sep/2023:11:54:46 +0200] "GET /renault.activities.at/htdocs/export/pdf/emuc_document/12148912.pdf HTTP/1.0" 404 321 "http://212.69.160.11:443/renault.activities.at/htdocs/export/pdf/emuc_document/" "Mozilla/5.0 (Linux; Android 5.0) AppleWebKit/537.36 (KHTML, like Gecko) Mobile Safari/537.36 (compatible; Bytespider; spider-feedback@bytedance.com)"
77.119.216.46 - - [21/Sep/2023:11:54:49 +0200] "GET /entry.php?id=10271&&ser=290028 HTTP/1.1" 200 987 "http://hausegger.activities.at/entry.php?id=10271&&ser=289967" "Mozilla/5.0 (Windows NT 10.0; Win64; x64) AppleWebKit/537.36 (KHTML, like Gecko) Chrome/116.0.0.0 Safari/537.36"
77.119.216.46 - - [21/Sep/2023:11:54:49 +0200] "GET /gui/javascript/form_form.js?1695290089 HTTP/1.1" 200 16206 "http://hausegger.activities.at/entry.php?id=10271&&ser=290028" "Mozilla/5.0 (Windows NT 10.0; Win64; x64) AppleWebKit/537.36 (KHTML, like Gecko) Chrome/116.0.0.0 Safari/537.36"
156.59.198.135 - - [21/Sep/2023:11:55:10 +0200] "GET /renault.activities.at/htdocs/export/pdf/emuc_document/12040194.pdf HTTP/1.0" 404 321 "http://212.69.160.11:443/renault.activities.at/htdocs/export/pdf/emuc_document/" "Mozilla/5.0 (Linux; Android 5.0) AppleWebKit/537.36 (KHTML, like Gecko) Mobile Safari/537.36 (compatible; Bytespider; spider-feedback@bytedance.com)"
77.119.216.46 - - [21/Sep/2023:11:55:33 +0200] "GET /entry.php?id=10271&&ser=290072 HTTP/1.1" 200 987 "http://hausegger.activities.at/entry.php?id=10271&&ser=290012" "Mozilla/5.0 (Windows NT 10.0; Win64; x64; rv:109.0) Gecko/20100101 Firefox/117.0"
77.119.216.46 - - [21/Sep/2023:11:55:33 +0200] "GET /gui/javascript/form_form.js?1695290133 HTTP/1.1" 200 16206 "http://hausegger.activities.at/entry.php?id=10271&&ser=290072" "Mozilla/5.0 (Windows NT 10.0; Win64; x64; rv:109.0) Gecko/20100101 Firefox/117.0"
156.59.198.136 - - [21/Sep/2023:11:55:35 +0200] "GET /renault.activities.at/htdocs/export/pdf/emuc_document/11772825.pdf HTTP/1.0" 404 322 "http://212.69.160.11:443/renault.activities.at/htdocs/export/pdf/emuc_document/" "Mozilla/5.0 (Linux; Android 5.0) AppleWebKit/537.36 (KHTML, like Gecko) Mobile Safari/537.36 (compatible; Bytespider; spider-feedback@bytedance.com)"
77.119.216.46 - - [21/Sep/2023:11:55:50 +0200] "GET /entry.php?id=10271&&ser=290089 HTTP/1.1" 200 987 "http://hausegger.activities.at/entry.php?id=10271&&ser=290028" "Mozilla/5.0 (Windows NT 10.0; Win64; x64) AppleWebKit/537.36 (KHTML, like Gecko) Chrome/116.0.0.0 Safari/537.36"
77.119.216.46 - - [21/Sep/2023:11:55:50 +0200] "GET /gui/javascript/form_form.js?1695290150 HTTP/1.1" 200 16206 "http://hausegger.activities.at/entry.php?id=10271&&ser=290089" "Mozilla/5.0 (Windows NT 10.0; Win64; x64) AppleWebKit/537.36 (KHTML, like Gecko) Chrome/116.0.0.0 Safari/537.36"
156.59.198.136 - - [21/Sep/2023:11:55:59 +0200] "GET /renault.activities.at/htdocs/export/pdf/emuc_document/12243382.pdf HTTP/1.0" 404 322 "http://212.69.160.11:443/renault.activities.at/htdocs/export/pdf/emuc_document/" "Mozilla/5.0 (Linux; Android 5.0) AppleWebKit/537.36 (KHTML, like Gecko) Mobile Safari/537.36 (compatible; Bytespider; spider-feedback@bytedance.com)"
156.59.198.135 - - [21/Sep/2023:11:56:24 +0200] "GET /renault.activities.at/htdocs/export/pdf/emuc_document/10748547.pdf HTTP/1.0" 404 322 "http://212.69.160.11:443/renault.activities.at/htdocs/export/pdf/emuc_document/" "Mozilla/5.0 (Linux; Android 5.0) AppleWebKit/537.36 (KHTML, like Gecko) Mobile Safari/537.36 (compatible; Bytespider; spider-feedback@bytedance.com)"
77.119.216.46 - - [21/Sep/2023:11:56:33 +0200] "GET /entry.php?id=10271&&ser=290133 HTTP/1.1" 200 987 "http://hausegger.activities.at/entry.php?id=10271&&ser=290072" "Mozilla/5.0 (Windows NT 10.0; Win64; x64; rv:109.0) Gecko/20100101 Firefox/117.0"
77.119.216.46 - - [21/Sep/2023:11:56:33 +0200] "GET /gui/javascript/form_form.js?1695290193 HTTP/1.1" 200 16206 "http://hausegger.activities.at/entry.php?id=10271&&ser=290133" "Mozilla/5.0 (Windows NT 10.0; Win64; x64; rv:109.0) Gecko/20100101 Firefox/117.0"
156.59.198.135 - - [21/Sep/2023:11:56:49 +0200] "GET /renault.activities.at/htdocs/export/pdf/emuc_document/11851280.pdf HTTP/1.0" 404 321 "http://212.69.160.11:443/renault.activities.at/htdocs/export/pdf/emuc_document/" "Mozilla/5.0 (Linux; Android 5.0) AppleWebKit/537.36 (KHTML, like Gecko) Mobile Safari/537.36 (compatible; Bytespider; spider-feedback@bytedance.com)"
77.119.216.46 - - [21/Sep/2023:11:56:51 +0200] "GET /entry.php?id=10271&&ser=290150 HTTP/1.1" 200 986 "http://hausegger.activities.at/entry.php?id=10271&&ser=290089" "Mozilla/5.0 (Windows NT 10.0; Win64; x64) AppleWebKit/537.36 (KHTML, like Gecko) Chrome/116.0.0.0 Safari/537.36"
77.119.216.46 - - [21/Sep/2023:11:56:51 +0200] "GET /gui/javascript/form_form.js?1695290211 HTTP/1.1" 200 16206 "http://hausegger.activities.at/entry.php?id=10271&&ser=290150" "Mozilla/5.0 (Windows NT 10.0; Win64; x64) AppleWebKit/537.36 (KHTML, like Gecko) Chrome/116.0.0.0 Safari/537.36"
156.59.198.135 - - [21/Sep/2023:11:57:13 +0200] "GET /renault.activities.at/htdocs/export/pdf/emuc_document/11850924.pdf HTTP/1.0" 404 321 "http://212.69.160.11:443/renault.activities.at/htdocs/export/pdf/emuc_document/" "Mozilla/5.0 (Linux; Android 5.0) AppleWebKit/537.36 (KHTML, like Gecko) Mobile Safari/537.36 (compatible; Bytespider; spider-feedback@bytedance.com)"
81.161.229.70 - - [21/Sep/2023:11:57:16 +0200] "GET /.env HTTP/1.1" 404 280 "-" "Mozilla/5.0 (Linux; U; Android 4.4.2; en-US; HM NOTE 1W Build/KOT49H) AppleWebKit/534.30 (KHTML, like Gecko) Version/4.0 UCBrowser/11.0.5.850 U3/0.8.0 Mobile Safari/534.30"
81.161.229.70 - - [21/Sep/2023:11:57:16 +0200] "POST / HTTP/1.1" 200 274 "-" "Mozilla/5.0 (Linux; U; Android 4.4.2; en-US; HM NOTE 1W Build/KOT49H) AppleWebKit/534.30 (KHTML, like Gecko) Version/4.0 UCBrowser/11.0.5.850 U3/0.8.0 Mobile Safari/534.30"
156.59.198.135 - - [21/Sep/2023:11:57:37 +0200] "GET /renault.activities.at/htdocs/export/pdf/emuc_document/11659853.pdf HTTP/1.0" 404 322 "http://212.69.160.11:443/renault.activities.at/htdocs/export/pdf/emuc_document/" "Mozilla/5.0 (Linux; Android 5.0) AppleWebKit/537.36 (KHTML, like Gecko) Mobile Safari/537.36 (compatible; Bytespider; spider-feedback@bytedance.com)"
77.119.216.46 - - [21/Sep/2023:11:57:37 +0200] "GET /entry.php?id=10271&&ser=290193 HTTP/1.1" 200 987 "http://hausegger.activities.at/entry.php?id=10271&&ser=290133" "Mozilla/5.0 (Windows NT 10.0; Win64; x64; rv:109.0) Gecko/20100101 Firefox/117.0"
77.119.216.46 - - [21/Sep/2023:11:57:37 +0200] "GET /gui/javascript/form_form.js?1695290257 HTTP/1.1" 200 16206 "http://hausegger.activities.at/entry.php?id=10271&&ser=290193" "Mozilla/5.0 (Windows NT 10.0; Win64; x64; rv:109.0) Gecko/20100101 Firefox/117.0"
77.119.216.46 - - [21/Sep/2023:11:57:52 +0200] "GET /entry.php?id=10271&&ser=290211 HTTP/1.1" 200 986 "http://hausegger.activities.at/entry.php?id=10271&&ser=290150" "Mozilla/5.0 (Windows NT 10.0; Win64; x64) AppleWebKit/537.36 (KHTML, like Gecko) Chrome/116.0.0.0 Safari/537.36"
77.119.216.46 - - [21/Sep/2023:11:57:52 +0200] "GET /gui/javascript/form_form.js?1695290272 HTTP/1.1" 200 16206 "http://hausegger.activities.at/entry.php?id=10271&&ser=290211" "Mozilla/5.0 (Windows NT 10.0; Win64; x64) AppleWebKit/537.36 (KHTML, like Gecko) Chrome/116.0.0.0 Safari/537.36"
156.59.198.136 - - [21/Sep/2023:11:58:01 +0200] "GET /renault.activities.at/htdocs/export/pdf/emuc_document/10672884.pdf HTTP/1.0" 404 322 "http://212.69.160.11:443/renault.activities.at/htdocs/export/pdf/emuc_document/" "Mozilla/5.0 (Linux; Android 5.0) AppleWebKit/537.36 (KHTML, like Gecko) Mobile Safari/537.36 (compatible; Bytespider; spider-feedback@bytedance.com)"
156.59.198.136 - - [21/Sep/2023:11:58:26 +0200] "GET /renault.activities.at/htdocs/export/pdf/emuc_document/10776056.pdf HTTP/1.0" 404 322 "http://212.69.160.11:443/renault.activities.at/htdocs/export/pdf/emuc_document/" "Mozilla/5.0 (Linux; Android 5.0) AppleWebKit/537.36 (KHTML, like Gecko) Mobile Safari/537.36 (compatible; Bytespider; spider-feedback@bytedance.com)"
77.119.216.46 - - [21/Sep/2023:11:58:42 +0200] "GET /entry.php?id=10271&&ser=290257 HTTP/1.1" 200 987 "http://hausegger.activities.at/entry.php?id=10271&&ser=290193" "Mozilla/5.0 (Windows NT 10.0; Win64; x64; rv:109.0) Gecko/20100101 Firefox/117.0"
77.119.216.46 - - [21/Sep/2023:11:58:42 +0200] "GET /gui/javascript/form_form.js?1695290322 HTTP/1.1" 200 16206 "http://hausegger.activities.at/entry.php?id=10271&&ser=290257" "Mozilla/5.0 (Windows NT 10.0; Win64; x64; rv:109.0) Gecko/20100101 Firefox/117.0"
156.59.198.135 - - [21/Sep/2023:11:58:50 +0200] "GET /renault.activities.at/htdocs/export/pdf/emuc_document/12433416.pdf HTTP/1.0" 404 322 "http://212.69.160.11:443/renault.activities.at/htdocs/export/pdf/emuc_document/" "Mozilla/5.0 (Linux; Android 5.0) AppleWebKit/537.36 (KHTML, like Gecko) Mobile Safari/537.36 (compatible; Bytespider; spider-feedback@bytedance.com)"
77.119.216.46 - - [21/Sep/2023:11:58:53 +0200] "GET /entry.php?id=10271&&ser=290272 HTTP/1.1" 200 987 "http://hausegger.activities.at/entry.php?id=10271&&ser=290211" "Mozilla/5.0 (Windows NT 10.0; Win64; x64) AppleWebKit/537.36 (KHTML, like Gecko) Chrome/116.0.0.0 Safari/537.36"
77.119.216.46 - - [21/Sep/2023:11:58:53 +0200] "GET /gui/javascript/form_form.js?1695290333 HTTP/1.1" 200 16206 "http://hausegger.activities.at/entry.php?id=10271&&ser=290272" "Mozilla/5.0 (Windows NT 10.0; Win64; x64) AppleWebKit/537.36 (KHTML, like Gecko) Chrome/116.0.0.0 Safari/537.36"
156.59.198.136 - - [21/Sep/2023:11:59:14 +0200] "GET /renault.activities.at/htdocs/export/pdf/emuc_document/11578709.pdf HTTP/1.0" 404 322 "http://212.69.160.11:443/renault.activities.at/htdocs/export/pdf/emuc_document/" "Mozilla/5.0 (Linux; Android 5.0) AppleWebKit/537.36 (KHTML, like Gecko) Mobile Safari/537.36 (compatible; Bytespider; spider-feedback@bytedance.com)"
156.59.198.135 - - [21/Sep/2023:11:59:38 +0200] "GET /renault.activities.at/htdocs/export/pdf/emuc_document/12149028.pdf HTTP/1.0" 404 321 "http://212.69.160.11:443/renault.activities.at/htdocs/export/pdf/emuc_document/" "Mozilla/5.0 (Linux; Android 5.0) AppleWebKit/537.36 (KHTML, like Gecko) Mobile Safari/537.36 (compatible; Bytespider; spider-feedback@bytedance.com)"
77.119.216.46 - - [21/Sep/2023:11:59:48 +0200] "GET /entry.php?id=10271&&ser=290322 HTTP/1.1" 200 987 "http://hausegger.activities.at/entry.php?id=10271&&ser=290257" "Mozilla/5.0 (Windows NT 10.0; Win64; x64; rv:109.0) Gecko/20100101 Firefox/117.0"
77.119.216.46 - - [21/Sep/2023:11:59:48 +0200] "GET /gui/javascript/form_form.js?1695290388 HTTP/1.1" 200 16206 "http://hausegger.activities.at/entry.php?id=10271&&ser=290322" "Mozilla/5.0 (Windows NT 10.0; Win64; x64; rv:109.0) Gecko/20100101 Firefox/117.0"
77.119.216.46 - - [21/Sep/2023:11:59:54 +0200] "GET /entry.php?id=10271&&ser=290333 HTTP/1.1" 200 987 "http://hausegger.activities.at/entry.php?id=10271&&ser=290272" "Mozilla/5.0 (Windows NT 10.0; Win64; x64) AppleWebKit/537.36 (KHTML, like Gecko) Chrome/116.0.0.0 Safari/537.36"
77.119.216.46 - - [21/Sep/2023:11:59:54 +0200] "GET /gui/javascript/form_form.js?1695290394 HTTP/1.1" 200 16206 "http://hausegger.activities.at/entry.php?id=10271&&ser=290333" "Mozilla/5.0 (Windows NT 10.0; Win64; x64) AppleWebKit/537.36 (KHTML, like Gecko) Chrome/116.0.0.0 Safari/537.36"
156.59.198.136 - - [21/Sep/2023:12:00:02 +0200] "GET /renault.activities.at/htdocs/export/pdf/emuc_document/11482744.pdf HTTP/1.0" 404 322 "http://212.69.160.11:443/renault.activities.at/htdocs/export/pdf/emuc_document/" "Mozilla/5.0 (Linux; Android 5.0) AppleWebKit/537.36 (KHTML, like Gecko) Mobile Safari/537.36 (compatible; Bytespider; spider-feedback@bytedance.com)"
156.59.198.135 - - [21/Sep/2023:12:00:27 +0200] "GET /renault.activities.at/htdocs/export/pdf/emuc_document/11907504.pdf HTTP/1.0" 404 322 "http://212.69.160.11:443/renault.activities.at/htdocs/export/pdf/emuc_document/" "Mozilla/5.0 (Linux; Android 5.0) AppleWebKit/537.36 (KHTML, like Gecko) Mobile Safari/537.36 (compatible; Bytespider; spider-feedback@bytedance.com)"
77.119.216.46 - - [21/Sep/2023:12:00:48 +0200] "GET /entry.php?id=10271&&ser=290388 HTTP/1.1" 200 987 "http://hausegger.activities.at/entry.php?id=10271&&ser=290322" "Mozilla/5.0 (Windows NT 10.0; Win64; x64; rv:109.0) Gecko/20100101 Firefox/117.0"
77.119.216.46 - - [21/Sep/2023:12:00:48 +0200] "GET /gui/javascript/form_form.js?1695290448 HTTP/1.1" 200 16206 "http://hausegger.activities.at/entry.php?id=10271&&ser=290388" "Mozilla/5.0 (Windows NT 10.0; Win64; x64; rv:109.0) Gecko/20100101 Firefox/117.0"
156.59.198.136 - - [21/Sep/2023:12:00:51 +0200] "GET /renault.activities.at/htdocs/export/pdf/emuc_document/12083818.pdf HTTP/1.0" 404 322 "http://212.69.160.11:443/renault.activities.at/htdocs/export/pdf/emuc_document/" "Mozilla/5.0 (Linux; Android 5.0) AppleWebKit/537.36 (KHTML, like Gecko) Mobile Safari/537.36 (compatible; Bytespider; spider-feedback@bytedance.com)"
77.119.216.46 - - [21/Sep/2023:12:00:55 +0200] "GET /entry.php?id=10271&&ser=290394 HTTP/1.1" 200 988 "http://hausegger.activities.at/entry.php?id=10271&&ser=290333" "Mozilla/5.0 (Windows NT 10.0; Win64; x64) AppleWebKit/537.36 (KHTML, like Gecko) Chrome/116.0.0.0 Safari/537.36"
77.119.216.46 - - [21/Sep/2023:12:00:55 +0200] "GET /gui/javascript/form_form.js?1695290455 HTTP/1.1" 200 16206 "http://hausegger.activities.at/entry.php?id=10271&&ser=290394" "Mozilla/5.0 (Windows NT 10.0; Win64; x64) AppleWebKit/537.36 (KHTML, like Gecko) Chrome/116.0.0.0 Safari/537.36"
156.59.198.136 - - [21/Sep/2023:12:01:15 +0200] "GET /renault.activities.at/htdocs/export/pdf/emuc_document/12333462.pdf HTTP/1.0" 404 322 "http://212.69.160.11:443/renault.activities.at/htdocs/export/pdf/emuc_document/" "Mozilla/5.0 (Linux; Android 5.0) AppleWebKit/537.36 (KHTML, like Gecko) Mobile Safari/537.36 (compatible; Bytespider; spider-feedback@bytedance.com)"
156.59.198.135 - - [21/Sep/2023:12:01:41 +0200] "GET /renault.activities.at/htdocs/export/pdf/emuc_document/11598891.pdf HTTP/1.0" 404 321 "http://212.69.160.11:443/renault.activities.at/htdocs/export/pdf/emuc_document/" "Mozilla/5.0 (Linux; Android 5.0) AppleWebKit/537.36 (KHTML, like Gecko) Mobile Safari/537.36 (compatible; Bytespider; spider-feedback@bytedance.com)"
77.119.216.46 - - [21/Sep/2023:12:01:53 +0200] "GET /entry.php?id=10271&&ser=290448 HTTP/1.1" 200 987 "http://hausegger.activities.at/entry.php?id=10271&&ser=290388" "Mozilla/5.0 (Windows NT 10.0; Win64; x64; rv:109.0) Gecko/20100101 Firefox/117.0"
77.119.216.46 - - [21/Sep/2023:12:01:53 +0200] "GET /gui/javascript/form_form.js?1695290513 HTTP/1.1" 200 16206 "http://hausegger.activities.at/entry.php?id=10271&&ser=290448" "Mozilla/5.0 (Windows NT 10.0; Win64; x64; rv:109.0) Gecko/20100101 Firefox/117.0"
77.119.216.46 - - [21/Sep/2023:12:01:56 +0200] "GET /entry.php?id=10271&&ser=290455 HTTP/1.1" 200 987 "http://hausegger.activities.at/entry.php?id=10271&&ser=290394" "Mozilla/5.0 (Windows NT 10.0; Win64; x64) AppleWebKit/537.36 (KHTML, like Gecko) Chrome/116.0.0.0 Safari/537.36"
77.119.216.46 - - [21/Sep/2023:12:01:56 +0200] "GET /gui/javascript/form_form.js?1695290516 HTTP/1.1" 200 16206 "http://hausegger.activities.at/entry.php?id=10271&&ser=290455" "Mozilla/5.0 (Windows NT 10.0; Win64; x64) AppleWebKit/537.36 (KHTML, like Gecko) Chrome/116.0.0.0 Safari/537.36"
156.59.198.136 - - [21/Sep/2023:12:02:05 +0200] "GET /renault.activities.at/htdocs/export/pdf/emuc_document/10309932.pdf HTTP/1.0" 404 322 "http://212.69.160.11:443/renault.activities.at/htdocs/export/pdf/emuc_document/" "Mozilla/5.0 (Linux; Android 5.0) AppleWebKit/537.36 (KHTML, like Gecko) Mobile Safari/537.36 (compatible; Bytespider; spider-feedback@bytedance.com)"
156.59.198.135 - - [21/Sep/2023:12:02:29 +0200] "GET /renault.activities.at/htdocs/export/pdf/emuc_document/11379608.pdf HTTP/1.0" 404 322 "http://212.69.160.11:443/renault.activities.at/htdocs/export/pdf/emuc_document/" "Mozilla/5.0 (Linux; Android 5.0) AppleWebKit/537.36 (KHTML, like Gecko) Mobile Safari/537.36 (compatible; Bytespider; spider-feedback@bytedance.com)"
77.119.216.46 - - [21/Sep/2023:12:02:53 +0200] "GET /entry.php?id=10271&&ser=290513 HTTP/1.1" 200 987 "http://hausegger.activities.at/entry.php?id=10271&&ser=290448" "Mozilla/5.0 (Windows NT 10.0; Win64; x64; rv:109.0) Gecko/20100101 Firefox/117.0"
77.119.216.46 - - [21/Sep/2023:12:02:53 +0200] "GET /gui/javascript/form_form.js?1695290573 HTTP/1.1" 200 16206 "http://hausegger.activities.at/entry.php?id=10271&&ser=290513" "Mozilla/5.0 (Windows NT 10.0; Win64; x64; rv:109.0) Gecko/20100101 Firefox/117.0"
156.59.198.136 - - [21/Sep/2023:12:02:54 +0200] "GET /renault.activities.at/htdocs/export/pdf/emuc_document/12239886.pdf HTTP/1.0" 404 322 "http://212.69.160.11:443/renault.activities.at/htdocs/export/pdf/emuc_document/" "Mozilla/5.0 (Linux; Android 5.0) AppleWebKit/537.36 (KHTML, like Gecko) Mobile Safari/537.36 (compatible; Bytespider; spider-feedback@bytedance.com)"
77.119.216.46 - - [21/Sep/2023:12:02:57 +0200] "GET /entry.php?id=10271&&ser=290516 HTTP/1.1" 200 987 "http://hausegger.activities.at/entry.php?id=10271&&ser=290455" "Mozilla/5.0 (Windows NT 10.0; Win64; x64) AppleWebKit/537.36 (KHTML, like Gecko) Chrome/116.0.0.0 Safari/537.36"
77.119.216.46 - - [21/Sep/2023:12:02:57 +0200] "GET /gui/javascript/form_form.js?1695290577 HTTP/1.1" 200 16206 "http://hausegger.activities.at/entry.php?id=10271&&ser=290516" "Mozilla/5.0 (Windows NT 10.0; Win64; x64) AppleWebKit/537.36 (KHTML, like Gecko) Chrome/116.0.0.0 Safari/537.36"
156.59.198.136 - - [21/Sep/2023:12:03:18 +0200] "GET /renault.activities.at/htdocs/export/pdf/emuc_document/11659735.pdf HTTP/1.0" 404 322 "http://212.69.160.11:443/renault.activities.at/htdocs/export/pdf/emuc_document/" "Mozilla/5.0 (Linux; Android 5.0) AppleWebKit/537.36 (KHTML, like Gecko) Mobile Safari/537.36 (compatible; Bytespider; spider-feedback@bytedance.com)"
156.59.198.136 - - [21/Sep/2023:12:03:42 +0200] "GET /renault.activities.at/htdocs/export/pdf/emuc_document/12202586.pdf HTTP/1.0" 404 321 "http://212.69.160.11:443/renault.activities.at/htdocs/export/pdf/emuc_document/" "Mozilla/5.0 (Linux; Android 5.0) AppleWebKit/537.36 (KHTML, like Gecko) Mobile Safari/537.36 (compatible; Bytespider; spider-feedback@bytedance.com)"
77.119.216.46 - - [21/Sep/2023:12:03:54 +0200] "GET /entry.php?id=10271&&ser=290573 HTTP/1.1" 200 987 "http://hausegger.activities.at/entry.php?id=10271&&ser=290513" "Mozilla/5.0 (Windows NT 10.0; Win64; x64; rv:109.0) Gecko/20100101 Firefox/117.0"
77.119.216.46 - - [21/Sep/2023:12:03:54 +0200] "GET /gui/javascript/form_form.js?1695290634 HTTP/1.1" 200 16206 "http://hausegger.activities.at/entry.php?id=10271&&ser=290573" "Mozilla/5.0 (Windows NT 10.0; Win64; x64; rv:109.0) Gecko/20100101 Firefox/117.0"
77.119.216.46 - - [21/Sep/2023:12:03:58 +0200] "GET /entry.php?id=10271&&ser=290577 HTTP/1.1" 200 987 "http://hausegger.activities.at/entry.php?id=10271&&ser=290516" "Mozilla/5.0 (Windows NT 10.0; Win64; x64) AppleWebKit/537.36 (KHTML, like Gecko) Chrome/116.0.0.0 Safari/537.36"
77.119.216.46 - - [21/Sep/2023:12:03:58 +0200] "GET /gui/javascript/form_form.js?1695290638 HTTP/1.1" 200 16206 "http://hausegger.activities.at/entry.php?id=10271&&ser=290577" "Mozilla/5.0 (Windows NT 10.0; Win64; x64) AppleWebKit/537.36 (KHTML, like Gecko) Chrome/116.0.0.0 Safari/537.36"
156.59.198.136 - - [21/Sep/2023:12:04:07 +0200] "GET /renault.activities.at/htdocs/export/pdf/emuc_document/12433372.pdf HTTP/1.0" 404 323 "http://212.69.160.11:443/renault.activities.at/htdocs/export/pdf/emuc_document/" "Mozilla/5.0 (Linux; Android 5.0) AppleWebKit/537.36 (KHTML, like Gecko) Mobile Safari/537.36 (compatible; Bytespider; spider-feedback@bytedance.com)"
156.59.198.135 - - [21/Sep/2023:12:04:32 +0200] "GET /renault.activities.at/htdocs/export/pdf/emuc_document/10843194.pdf HTTP/1.0" 404 322 "http://212.69.160.11:443/renault.activities.at/htdocs/export/pdf/emuc_document/" "Mozilla/5.0 (Linux; Android 5.0) AppleWebKit/537.36 (KHTML, like Gecko) Mobile Safari/537.36 (compatible; Bytespider; spider-feedback@bytedance.com)"
77.119.216.46 - - [21/Sep/2023:12:04:54 +0200] "GET /entry.php?id=10271&&ser=290634 HTTP/1.1" 200 987 "http://hausegger.activities.at/entry.php?id=10271&&ser=290573" "Mozilla/5.0 (Windows NT 10.0; Win64; x64; rv:109.0) Gecko/20100101 Firefox/117.0"
77.119.216.46 - - [21/Sep/2023:12:04:54 +0200] "GET /gui/javascript/form_form.js?1695290694 HTTP/1.1" 200 16206 "http://hausegger.activities.at/entry.php?id=10271&&ser=290634" "Mozilla/5.0 (Windows NT 10.0; Win64; x64; rv:109.0) Gecko/20100101 Firefox/117.0"
156.59.198.136 - - [21/Sep/2023:12:04:56 +0200] "GET /renault.activities.at/htdocs/export/pdf/emuc_document/12383106.pdf HTTP/1.0" 404 322 "http://212.69.160.11:443/renault.activities.at/htdocs/export/pdf/emuc_document/" "Mozilla/5.0 (Linux; Android 5.0) AppleWebKit/537.36 (KHTML, like Gecko) Mobile Safari/537.36 (compatible; Bytespider; spider-feedback@bytedance.com)"
77.119.216.46 - - [21/Sep/2023:12:04:59 +0200] "GET /entry.php?id=10271&&ser=290638 HTTP/1.1" 200 987 "http://hausegger.activities.at/entry.php?id=10271&&ser=290577" "Mozilla/5.0 (Windows NT 10.0; Win64; x64) AppleWebKit/537.36 (KHTML, like Gecko) Chrome/116.0.0.0 Safari/537.36"
77.119.216.46 - - [21/Sep/2023:12:05:00 +0200] "GET /gui/javascript/form_form.js?1695290699 HTTP/1.1" 200 16206 "http://hausegger.activities.at/entry.php?id=10271&&ser=290638" "Mozilla/5.0 (Windows NT 10.0; Win64; x64) AppleWebKit/537.36 (KHTML, like Gecko) Chrome/116.0.0.0 Safari/537.36"
156.59.198.136 - - [21/Sep/2023:12:05:20 +0200] "GET /renault.activities.at/htdocs/export/pdf/emuc_document/11201470.pdf HTTP/1.0" 404 322 "http://212.69.160.11:443/renault.activities.at/htdocs/export/pdf/emuc_document/" "Mozilla/5.0 (Linux; Android 5.0) AppleWebKit/537.36 (KHTML, like Gecko) Mobile Safari/537.36 (compatible; Bytespider; spider-feedback@bytedance.com)"
156.59.198.136 - - [21/Sep/2023:12:05:44 +0200] "GET /renault.activities.at/htdocs/export/pdf/emuc_document/10371246.pdf HTTP/1.0" 404 322 "http://212.69.160.11:443/renault.activities.at/htdocs/export/pdf/emuc_document/" "Mozilla/5.0 (Linux; Android 5.0) AppleWebKit/537.36 (KHTML, like Gecko) Mobile Safari/537.36 (compatible; Bytespider; spider-feedback@bytedance.com)"
77.119.216.46 - - [21/Sep/2023:12:05:54 +0200] "GET /entry.php?id=10271&&ser=290694 HTTP/1.1" 200 987 "http://hausegger.activities.at/entry.php?id=10271&&ser=290634" "Mozilla/5.0 (Windows NT 10.0; Win64; x64; rv:109.0) Gecko/20100101 Firefox/117.0"
77.119.216.46 - - [21/Sep/2023:12:05:54 +0200] "GET /gui/javascript/form_form.js?1695290754 HTTP/1.1" 200 16206 "http://hausegger.activities.at/entry.php?id=10271&&ser=290694" "Mozilla/5.0 (Windows NT 10.0; Win64; x64; rv:109.0) Gecko/20100101 Firefox/117.0"
77.119.216.46 - - [21/Sep/2023:12:06:01 +0200] "GET /entry.php?id=10271&&ser=290699 HTTP/1.1" 200 987 "http://hausegger.activities.at/entry.php?id=10271&&ser=290638" "Mozilla/5.0 (Windows NT 10.0; Win64; x64) AppleWebKit/537.36 (KHTML, like Gecko) Chrome/116.0.0.0 Safari/537.36"
77.119.216.46 - - [21/Sep/2023:12:06:01 +0200] "GET /gui/javascript/form_form.js?1695290761 HTTP/1.1" 200 16206 "http://hausegger.activities.at/entry.php?id=10271&&ser=290699" "Mozilla/5.0 (Windows NT 10.0; Win64; x64) AppleWebKit/537.36 (KHTML, like Gecko) Chrome/116.0.0.0 Safari/537.36"
35.203.211.90 - - [21/Sep/2023:12:06:08 +0200] "GET / HTTP/1.1" 200 423 "-" "Expanse, a Palo Alto Networks company, searches across the global IPv4 space multiple times per day to identify customers' presences on the Internet. If you would like to be excluded from our scans, please send IP addresses/domains to: scaninfo@paloaltonetworks.com"
156.59.198.135 - - [21/Sep/2023:12:06:09 +0200] "GET /renault.activities.at/htdocs/export/pdf/emuc_document/12090114.pdf HTTP/1.0" 404 321 "http://212.69.160.11:443/renault.activities.at/htdocs/export/pdf/emuc_document/" "Mozilla/5.0 (Linux; Android 5.0) AppleWebKit/537.36 (KHTML, like Gecko) Mobile Safari/537.36 (compatible; Bytespider; spider-feedback@bytedance.com)"
156.59.198.136 - - [21/Sep/2023:12:06:33 +0200] "GET /renault.activities.at/htdocs/export/pdf/emuc_document/10711274.pdf HTTP/1.0" 404 322 "http://212.69.160.11:443/renault.activities.at/htdocs/export/pdf/emuc_document/" "Mozilla/5.0 (Linux; Android 5.0) AppleWebKit/537.36 (KHTML, like Gecko) Mobile Safari/537.36 (compatible; Bytespider; spider-feedback@bytedance.com)"
77.119.216.46 - - [21/Sep/2023:12:06:55 +0200] "GET /entry.php?id=10271&&ser=290754 HTTP/1.1" 200 987 "http://hausegger.activities.at/entry.php?id=10271&&ser=290694" "Mozilla/5.0 (Windows NT 10.0; Win64; x64; rv:109.0) Gecko/20100101 Firefox/117.0"
77.119.216.46 - - [21/Sep/2023:12:06:55 +0200] "GET /gui/javascript/form_form.js?1695290815 HTTP/1.1" 200 16206 "http://hausegger.activities.at/entry.php?id=10271&&ser=290754" "Mozilla/5.0 (Windows NT 10.0; Win64; x64; rv:109.0) Gecko/20100101 Firefox/117.0"
156.59.198.136 - - [21/Sep/2023:12:06:58 +0200] "GET /renault.activities.at/htdocs/export/pdf/emuc_document/10556947.pdf HTTP/1.0" 404 322 "http://212.69.160.11:443/renault.activities.at/htdocs/export/pdf/emuc_document/" "Mozilla/5.0 (Linux; Android 5.0) AppleWebKit/537.36 (KHTML, like Gecko) Mobile Safari/537.36 (compatible; Bytespider; spider-feedback@bytedance.com)"
77.119.216.46 - - [21/Sep/2023:12:07:02 +0200] "GET /entry.php?id=10271&&ser=290761 HTTP/1.1" 200 987 "http://hausegger.activities.at/entry.php?id=10271&&ser=290699" "Mozilla/5.0 (Windows NT 10.0; Win64; x64) AppleWebKit/537.36 (KHTML, like Gecko) Chrome/116.0.0.0 Safari/537.36"
77.119.216.46 - - [21/Sep/2023:12:07:02 +0200] "GET /gui/javascript/form_form.js?1695290822 HTTP/1.1" 200 16206 "http://hausegger.activities.at/entry.php?id=10271&&ser=290761" "Mozilla/5.0 (Windows NT 10.0; Win64; x64) AppleWebKit/537.36 (KHTML, like Gecko) Chrome/116.0.0.0 Safari/537.36"
156.59.198.136 - - [21/Sep/2023:12:07:22 +0200] "GET /renault.activities.at/htdocs/export/pdf/emuc_document/11167513.pdf HTTP/1.0" 404 322 "http://212.69.160.11:443/renault.activities.at/htdocs/export/pdf/emuc_document/" "Mozilla/5.0 (Linux; Android 5.0) AppleWebKit/537.36 (KHTML, like Gecko) Mobile Safari/537.36 (compatible; Bytespider; spider-feedback@bytedance.com)"
156.59.198.135 - - [21/Sep/2023:12:07:46 +0200] "GET /renault.activities.at/htdocs/export/pdf/emuc_document/11451036.pdf HTTP/1.0" 404 322 "http://212.69.160.11:443/renault.activities.at/htdocs/export/pdf/emuc_document/" "Mozilla/5.0 (Linux; Android 5.0) AppleWebKit/537.36 (KHTML, like Gecko) Mobile Safari/537.36 (compatible; Bytespider; spider-feedback@bytedance.com)"
