156.59.198.136 - - [21/Sep/2023:10:53:24 +0200] "GET /renault.activities.at/htdocs/export/pdf/emuc_document/10847632.pdf HTTP/1.0" 404 323 "http://212.69.160.11:443/renault.activities.at/htdocs/export/pdf/emuc_document/" "Mozilla/5.0 (Linux; Android 5.0) AppleWebKit/537.36 (KHTML, like Gecko) Mobile Safari/537.36 (compatible; Bytespider; spider-feedback@bytedance.com)"
156.59.198.136 - - [21/Sep/2023:10:53:49 +0200] "GET /renault.activities.at/htdocs/export/pdf/emuc_document/11983587.pdf HTTP/1.0" 404 323 "http://212.69.160.11:443/renault.activities.at/htdocs/export/pdf/emuc_document/" "Mozilla/5.0 (Linux; Android 5.0) AppleWebKit/537.36 (KHTML, like Gecko) Mobile Safari/537.36 (compatible; Bytespider; spider-feedback@bytedance.com)"
156.59.198.135 - - [21/Sep/2023:10:54:13 +0200] "GET /renault.activities.at/htdocs/export/pdf/emuc_document/11772759.pdf HTTP/1.0" 404 322 "http://212.69.160.11:443/renault.activities.at/htdocs/export/pdf/emuc_document/" "Mozilla/5.0 (Linux; Android 5.0) AppleWebKit/537.36 (KHTML, like Gecko) Mobile Safari/537.36 (compatible; Bytespider; spider-feedback@bytedance.com)"
156.59.198.136 - - [21/Sep/2023:10:54:37 +0200] "GET /renault.activities.at/htdocs/export/pdf/emuc_document/10425935.pdf HTTP/1.0" 404 322 "http://212.69.160.11:443/renault.activities.at/htdocs/export/pdf/emuc_document/" "Mozilla/5.0 (Linux; Android 5.0) AppleWebKit/537.36 (KHTML, like Gecko) Mobile Safari/537.36 (compatible; Bytespider; spider-feedback@bytedance.com)"
156.59.198.135 - - [21/Sep/2023:10:55:02 +0200] "GET /renault.activities.at/htdocs/export/pdf/emuc_document/12148839.pdf HTTP/1.0" 404 322 "http://212.69.160.11:443/renault.activities.at/htdocs/export/pdf/emuc_document/" "Mozilla/5.0 (Linux; Android 5.0) AppleWebKit/537.36 (KHTML, like Gecko) Mobile Safari/537.36 (compatible; Bytespider; spider-feedback@bytedance.com)"
156.59.198.135 - - [21/Sep/2023:10:55:26 +0200] "GET /renault.activities.at/htdocs/export/pdf/emuc_document/12135446.pdf HTTP/1.0" 404 322 "http://212.69.160.11:443/renault.activities.at/htdocs/export/pdf/emuc_document/" "Mozilla/5.0 (Linux; Android 5.0) AppleWebKit/537.36 (KHTML, like Gecko) Mobile Safari/537.36 (compatible; Bytespider; spider-feedback@bytedance.com)"
156.59.198.136 - - [21/Sep/2023:10:55:52 +0200] "GET /renault.activities.at/htdocs/export/pdf/emuc_document/10430422.pdf HTTP/1.0" 404 322 "http://212.69.160.11:443/renault.activities.at/htdocs/export/pdf/emuc_document/" "Mozilla/5.0 (Linux; Android 5.0) AppleWebKit/537.36 (KHTML, like Gecko) Mobile Safari/537.36 (compatible; Bytespider; spider-feedback@bytedance.com)"
156.59.198.136 - - [21/Sep/2023:10:56:16 +0200] "GET /renault.activities.at/htdocs/export/pdf/emuc_document/12466615.pdf HTTP/1.0" 404 322 "http://212.69.160.11:443/renault.activities.at/htdocs/export/pdf/emuc_document/" "Mozilla/5.0 (Linux; Android 5.0) AppleWebKit/537.36 (KHTML, like Gecko) Mobile Safari/537.36 (compatible; Bytespider; spider-feedback@bytedance.com)"
156.59.198.135 - - [21/Sep/2023:10:56:39 +0200] "GET /renault.activities.at/htdocs/export/pdf/emuc_document/11168379.pdf HTTP/1.0" 404 322 "http://212.69.160.11:443/renault.activities.at/htdocs/export/pdf/emuc_document/" "Mozilla/5.0 (Linux; Android 5.0) AppleWebKit/537.36 (KHTML, like Gecko) Mobile Safari/537.36 (compatible; Bytespider; spider-feedback@bytedance.com)"
156.59.198.136 - - [21/Sep/2023:10:57:04 +0200] "GET /renault.activities.at/htdocs/export/pdf/emuc_document/10748821.pdf HTTP/1.0" 404 322 "http://212.69.160.11:443/renault.activities.at/htdocs/export/pdf/emuc_document/" "Mozilla/5.0 (Linux; Android 5.0) AppleWebKit/537.36 (KHTML, like Gecko) Mobile Safari/537.36 (compatible; Bytespider; spider-feedback@bytedance.com)"
156.59.198.135 - - [21/Sep/2023:10:57:28 +0200] "GET /renault.activities.at/htdocs/export/pdf/emuc_document/10709202.pdf HTTP/1.0" 404 322 "http://212.69.160.11:443/renault.activities.at/htdocs/export/pdf/emuc_document/" "Mozilla/5.0 (Linux; Android 5.0) AppleWebKit/537.36 (KHTML, like Gecko) Mobile Safari/537.36 (compatible; Bytespider; spider-feedback@bytedance.com)"
156.59.198.136 - - [21/Sep/2023:10:57:52 +0200] "GET /renault.activities.at/htdocs/export/pdf/emuc_document/11483450.pdf HTTP/1.0" 404 322 "http://212.69.160.11:443/renault.activities.at/htdocs/export/pdf/emuc_document/" "Mozilla/5.0 (Linux; Android 5.0) AppleWebKit/537.36 (KHTML, like Gecko) Mobile Safari/537.36 (compatible; Bytespider; spider-feedback@bytedance.com)"
156.59.198.136 - - [21/Sep/2023:10:58:17 +0200] "GET /renault.activities.at/htdocs/export/pdf/emuc_document/10777706.pdf HTTP/1.0" 404 321 "http://212.69.160.11:443/renault.activities.at/htdocs/export/pdf/emuc_document/" "Mozilla/5.0 (Linux; Android 5.0) AppleWebKit/537.36 (KHTML, like Gecko) Mobile Safari/537.36 (compatible; Bytespider; spider-feedback@bytedance.com)"
77.119.216.46 - - [21/Sep/2023:10:58:20 +0200] "GET /layout.php HTTP/1.1" 200 815 "-" "Mozilla/5.0 (Windows NT 10.0; Win64; x64; rv:109.0) Gecko/20100101 Firefox/117.0"
77.119.216.46 - - [21/Sep/2023:10:58:20 +0200] "GET /entry.php?id=10270 HTTP/1.1" 200 908 "http://hausegger.activities.at/layout.php" "Mozilla/5.0 (Windows NT 10.0; Win64; x64; rv:109.0) Gecko/20100101 Firefox/117.0"
77.119.216.46 - - [21/Sep/2023:10:58:20 +0200] "GET /entry.php?id=10273 HTTP/1.1" 200 1903 "http://hausegger.activities.at/layout.php" "Mozilla/5.0 (Windows NT 10.0; Win64; x64; rv:109.0) Gecko/20100101 Firefox/117.0"
77.119.216.46 - - [21/Sep/2023:10:58:20 +0200] "GET /entry.php?id=11412 HTTP/1.1" 200 1759 "http://hausegger.activities.at/layout.php" "Mozilla/5.0 (Windows NT 10.0; Win64; x64; rv:109.0) Gecko/20100101 Firefox/117.0"
77.119.216.46 - - [21/Sep/2023:10:58:20 +0200] "GET /entry.php?id=10272 HTTP/1.1" 200 1160 "http://hausegger.activities.at/layout.php" "Mozilla/5.0 (Windows NT 10.0; Win64; x64; rv:109.0) Gecko/20100101 Firefox/117.0"
77.119.216.46 - - [21/Sep/2023:10:58:21 +0200] "GET /gui/javascript/form_form.js?1695286700 HTTP/1.1" 200 16206 "http://hausegger.activities.at/entry.php?id=10273" "Mozilla/5.0 (Windows NT 10.0; Win64; x64; rv:109.0) Gecko/20100101 Firefox/117.0"
77.119.216.46 - - [21/Sep/2023:10:58:21 +0200] "GET /gui/javascript/form_form.js?1695286700 HTTP/1.1" 200 16206 "http://hausegger.activities.at/entry.php?id=10270" "Mozilla/5.0 (Windows NT 10.0; Win64; x64; rv:109.0) Gecko/20100101 Firefox/117.0"
77.119.216.46 - - [21/Sep/2023:10:58:21 +0200] "GET /gui/javascript/form_form.js?1695286701 HTTP/1.1" 200 16206 "http://hausegger.activities.at/entry.php?id=11412" "Mozilla/5.0 (Windows NT 10.0; Win64; x64; rv:109.0) Gecko/20100101 Firefox/117.0"
77.119.216.46 - - [21/Sep/2023:10:58:21 +0200] "GET /entry.php?id=10287 HTTP/1.1" 200 2397 "http://hausegger.activities.at/entry.php?id=11412" "Mozilla/5.0 (Windows NT 10.0; Win64; x64; rv:109.0) Gecko/20100101 Firefox/117.0"
77.119.216.46 - - [21/Sep/2023:10:58:21 +0200] "GET /entry.php?id=10271& HTTP/1.1" 200 934 "http://hausegger.activities.at/entry.php?id=10272" "Mozilla/5.0 (Windows NT 10.0; Win64; x64; rv:109.0) Gecko/20100101 Firefox/117.0"
77.119.216.46 - - [21/Sep/2023:10:58:21 +0200] "GET /entry.php?id=10273& HTTP/1.1" 200 1902 "http://hausegger.activities.at/entry.php?id=10287" "Mozilla/5.0 (Windows NT 10.0; Win64; x64; rv:109.0) Gecko/20100101 Firefox/117.0"
77.119.216.46 - - [21/Sep/2023:10:58:21 +0200] "GET /entry.php?id=10270& HTTP/1.1" 200 908 "http://hausegger.activities.at/entry.php?id=10287" "Mozilla/5.0 (Windows NT 10.0; Win64; x64; rv:109.0) Gecko/20100101 Firefox/117.0"
156.59.198.136 - - [21/Sep/2023:10:58:41 +0200] "GET /renault.activities.at/htdocs/export/pdf/emuc_document/12423051.pdf HTTP/1.0" 404 322 "http://212.69.160.11:443/renault.activities.at/htdocs/export/pdf/emuc_document/" "Mozilla/5.0 (Linux; Android 5.0) AppleWebKit/537.36 (KHTML, like Gecko) Mobile Safari/537.36 (compatible; Bytespider; spider-feedback@bytedance.com)"
156.59.198.135 - - [21/Sep/2023:10:59:07 +0200] "GET /renault.activities.at/htdocs/export/pdf/emuc_document/10959142.pdf HTTP/1.0" 404 321 "http://212.69.160.11:443/renault.activities.at/htdocs/export/pdf/emuc_document/" "Mozilla/5.0 (Linux; Android 5.0) AppleWebKit/537.36 (KHTML, like Gecko) Mobile Safari/537.36 (compatible; Bytespider; spider-feedback@bytedance.com)"
77.119.216.46 - - [21/Sep/2023:10:58:24 +0200] "POST /entry.php?id=10287& HTTP/1.1" 200 1968 "http://hausegger.activities.at/entry.php?id=10287" "Mozilla/5.0 (Windows NT 10.0; Win64; x64; rv:109.0) Gecko/20100101 Firefox/117.0"
77.119.216.46 - - [21/Sep/2023:10:59:27 +0200] "GET /gui/javascript/form_form.js?1695286767 HTTP/1.1" 200 16206 "http://hausegger.activities.at/entry.php?id=10287&" "Mozilla/5.0 (Windows NT 10.0; Win64; x64; rv:109.0) Gecko/20100101 Firefox/117.0"
77.119.216.46 - - [21/Sep/2023:10:59:27 +0200] "GET /entry.php?id=10273& HTTP/1.1" 200 2013 "http://hausegger.activities.at/entry.php?id=10287&" "Mozilla/5.0 (Windows NT 10.0; Win64; x64; rv:109.0) Gecko/20100101 Firefox/117.0"
77.119.216.46 - - [21/Sep/2023:10:59:27 +0200] "GET /entry.php?id=10270&__app__=10006038 HTTP/1.1" 200 2231 "http://hausegger.activities.at/entry.php?id=10273&" "Mozilla/5.0 (Windows NT 10.0; Win64; x64; rv:109.0) Gecko/20100101 Firefox/117.0"
77.119.216.46 - - [21/Sep/2023:10:59:27 +0200] "GET /entry.php?id=10271& HTTP/1.1" 200 989 "http://hausegger.activities.at/entry.php?id=10272" "Mozilla/5.0 (Windows NT 10.0; Win64; x64; rv:109.0) Gecko/20100101 Firefox/117.0"
77.119.216.46 - - [21/Sep/2023:10:59:28 +0200] "GET /gui/javascript/form_form.js?1695286768 HTTP/1.1" 200 16206 "http://hausegger.activities.at/entry.php?id=10270&__app__=10006038" "Mozilla/5.0 (Windows NT 10.0; Win64; x64; rv:109.0) Gecko/20100101 Firefox/117.0"
77.119.216.46 - - [21/Sep/2023:10:59:28 +0200] "GET /gui/javascript/form_form.js?1695286768 HTTP/1.1" 200 16206 "http://hausegger.activities.at/entry.php?id=10271&" "Mozilla/5.0 (Windows NT 10.0; Win64; x64; rv:109.0) Gecko/20100101 Firefox/117.0"
77.119.216.46 - - [21/Sep/2023:10:59:28 +0200] "GET /undefined HTTP/1.1" 404 289 "http://hausegger.activities.at/entry.php?id=10270&__app__=10006038" "Mozilla/5.0 (Windows NT 10.0; Win64; x64; rv:109.0) Gecko/20100101 Firefox/117.0"
77.119.216.46 - - [21/Sep/2023:10:59:28 +0200] "GET /framework/webfx/style/toolbar/images/cbback.gif HTTP/1.1" 404 318 "http://hausegger.activities.at/framework/webfx/style/toolbar/cb2.css" "Mozilla/5.0 (Windows NT 10.0; Win64; x64; rv:109.0) Gecko/20100101 Firefox/117.0"
156.59.198.135 - - [21/Sep/2023:10:59:31 +0200] "GET /renault.activities.at/htdocs/export/pdf/emuc_document/11644524.pdf HTTP/1.0" 404 321 "http://212.69.160.11:443/renault.activities.at/htdocs/export/pdf/emuc_document/" "Mozilla/5.0 (Linux; Android 5.0) AppleWebKit/537.36 (KHTML, like Gecko) Mobile Safari/537.36 (compatible; Bytespider; spider-feedback@bytedance.com)"
156.59.198.136 - - [21/Sep/2023:10:59:56 +0200] "GET /renault.activities.at/htdocs/export/pdf/emuc_document/10396141.pdf HTTP/1.0" 404 322 "http://212.69.160.11:443/renault.activities.at/htdocs/export/pdf/emuc_document/" "Mozilla/5.0 (Linux; Android 5.0) AppleWebKit/537.36 (KHTML, like Gecko) Mobile Safari/537.36 (compatible; Bytespider; spider-feedback@bytedance.com)"
156.59.198.135 - - [21/Sep/2023:11:00:20 +0200] "GET /renault.activities.at/htdocs/export/pdf/emuc_document/11889964.pdf HTTP/1.0" 404 322 "http://212.69.160.11:443/renault.activities.at/htdocs/export/pdf/emuc_document/" "Mozilla/5.0 (Linux; Android 5.0) AppleWebKit/537.36 (KHTML, like Gecko) Mobile Safari/537.36 (compatible; Bytespider; spider-feedback@bytedance.com)"
77.119.216.46 - - [21/Sep/2023:11:00:28 +0200] "GET /entry.php?id=10271&&ser=286767 HTTP/1.1" 200 987 "http://hausegger.activities.at/entry.php?id=10271&" "Mozilla/5.0 (Windows NT 10.0; Win64; x64; rv:109.0) Gecko/20100101 Firefox/117.0"
77.119.216.46 - - [21/Sep/2023:11:00:28 +0200] "GET /gui/javascript/form_form.js?1695286828 HTTP/1.1" 200 16206 "http://hausegger.activities.at/entry.php?id=10271&&ser=286767" "Mozilla/5.0 (Windows NT 10.0; Win64; x64; rv:109.0) Gecko/20100101 Firefox/117.0"
156.59.198.136 - - [21/Sep/2023:11:00:44 +0200] "GET /renault.activities.at/htdocs/export/pdf/emuc_document/10892273.pdf HTTP/1.0" 404 322 "http://212.69.160.11:443/renault.activities.at/htdocs/export/pdf/emuc_document/" "Mozilla/5.0 (Linux; Android 5.0) AppleWebKit/537.36 (KHTML, like Gecko) Mobile Safari/537.36 (compatible; Bytespider; spider-feedback@bytedance.com)"
156.59.198.135 - - [21/Sep/2023:11:01:08 +0200] "GET /renault.activities.at/htdocs/export/pdf/emuc_document/11772909.pdf HTTP/1.0" 404 322 "http://212.69.160.11:443/renault.activities.at/htdocs/export/pdf/emuc_document/" "Mozilla/5.0 (Linux; Android 5.0) AppleWebKit/537.36 (KHTML, like Gecko) Mobile Safari/537.36 (compatible; Bytespider; spider-feedback@bytedance.com)"
77.119.216.46 - - [21/Sep/2023:11:01:28 +0200] "GET /entry.php?id=10271&&ser=286828 HTTP/1.1" 200 987 "http://hausegger.activities.at/entry.php?id=10271&&ser=286767" "Mozilla/5.0 (Windows NT 10.0; Win64; x64; rv:109.0) Gecko/20100101 Firefox/117.0"
77.119.216.46 - - [21/Sep/2023:11:01:28 +0200] "GET /gui/javascript/form_form.js?1695286888 HTTP/1.1" 200 16206 "http://hausegger.activities.at/entry.php?id=10271&&ser=286828" "Mozilla/5.0 (Windows NT 10.0; Win64; x64; rv:109.0) Gecko/20100101 Firefox/117.0"
156.59.198.135 - - [21/Sep/2023:11:01:33 +0200] "GET /renault.activities.at/htdocs/export/pdf/emuc_document/11449471.pdf HTTP/1.0" 404 322 "http://212.69.160.11:443/renault.activities.at/htdocs/export/pdf/emuc_document/" "Mozilla/5.0 (Linux; Android 5.0) AppleWebKit/537.36 (KHTML, like Gecko) Mobile Safari/537.36 (compatible; Bytespider; spider-feedback@bytedance.com)"
156.59.198.135 - - [21/Sep/2023:11:01:57 +0200] "GET /renault.activities.at/htdocs/export/pdf/emuc_document/11890263.pdf HTTP/1.0" 404 322 "http://212.69.160.11:443/renault.activities.at/htdocs/export/pdf/emuc_document/" "Mozilla/5.0 (Linux; Android 5.0) AppleWebKit/537.36 (KHTML, like Gecko) Mobile Safari/537.36 (compatible; Bytespider; spider-feedback@bytedance.com)"
156.59.198.135 - - [21/Sep/2023:11:02:22 +0200] "GET /renault.activities.at/htdocs/export/pdf/emuc_document/11126955.pdf HTTP/1.0" 404 321 "http://212.69.160.11:443/renault.activities.at/htdocs/export/pdf/emuc_document/" "Mozilla/5.0 (Linux; Android 5.0) AppleWebKit/537.36 (KHTML, like Gecko) Mobile Safari/537.36 (compatible; Bytespider; spider-feedback@bytedance.com)"
77.119.216.46 - - [21/Sep/2023:11:02:28 +0200] "GET /entry.php?id=10271&&ser=286888 HTTP/1.1" 200 987 "http://hausegger.activities.at/entry.php?id=10271&&ser=286828" "Mozilla/5.0 (Windows NT 10.0; Win64; x64; rv:109.0) Gecko/20100101 Firefox/117.0"
77.119.216.46 - - [21/Sep/2023:11:02:29 +0200] "GET /gui/javascript/form_form.js?1695286949 HTTP/1.1" 200 16206 "http://hausegger.activities.at/entry.php?id=10271&&ser=286888" "Mozilla/5.0 (Windows NT 10.0; Win64; x64; rv:109.0) Gecko/20100101 Firefox/117.0"
156.59.198.136 - - [21/Sep/2023:11:02:46 +0200] "GET /renault.activities.at/htdocs/export/pdf/emuc_document/10309961.pdf HTTP/1.0" 404 322 "http://212.69.160.11:443/renault.activities.at/htdocs/export/pdf/emuc_document/" "Mozilla/5.0 (Linux; Android 5.0) AppleWebKit/537.36 (KHTML, like Gecko) Mobile Safari/537.36 (compatible; Bytespider; spider-feedback@bytedance.com)"
156.59.198.135 - - [21/Sep/2023:11:03:10 +0200] "GET /renault.activities.at/htdocs/export/pdf/emuc_document/12040153.pdf HTTP/1.0" 404 322 "http://212.69.160.11:443/renault.activities.at/htdocs/export/pdf/emuc_document/" "Mozilla/5.0 (Linux; Android 5.0) AppleWebKit/537.36 (KHTML, like Gecko) Mobile Safari/537.36 (compatible; Bytespider; spider-feedback@bytedance.com)"
156.59.198.136 - - [21/Sep/2023:11:03:35 +0200] "GET /renault.activities.at/htdocs/export/pdf/emuc_document/11810955.pdf HTTP/1.0" 404 321 "http://212.69.160.11:443/renault.activities.at/htdocs/export/pdf/emuc_document/" "Mozilla/5.0 (Linux; Android 5.0) AppleWebKit/537.36 (KHTML, like Gecko) Mobile Safari/537.36 (compatible; Bytespider; spider-feedback@bytedance.com)"
77.119.216.46 - - [21/Sep/2023:11:03:36 +0200] "GET /entry.php?id=10271&&ser=286949 HTTP/1.1" 200 987 "http://hausegger.activities.at/entry.php?id=10271&&ser=286888" "Mozilla/5.0 (Windows NT 10.0; Win64; x64; rv:109.0) Gecko/20100101 Firefox/117.0"
77.119.216.46 - - [21/Sep/2023:11:03:36 +0200] "GET /gui/javascript/form_form.js?1695287016 HTTP/1.1" 200 16206 "http://hausegger.activities.at/entry.php?id=10271&&ser=286949" "Mozilla/5.0 (Windows NT 10.0; Win64; x64; rv:109.0) Gecko/20100101 Firefox/117.0"
156.59.198.135 - - [21/Sep/2023:11:03:59 +0200] "GET /renault.activities.at/htdocs/export/pdf/emuc_document/11087230.pdf HTTP/1.0" 404 322 "http://212.69.160.11:443/renault.activities.at/htdocs/export/pdf/emuc_document/" "Mozilla/5.0 (Linux; Android 5.0) AppleWebKit/537.36 (KHTML, like Gecko) Mobile Safari/537.36 (compatible; Bytespider; spider-feedback@bytedance.com)"
156.59.198.135 - - [21/Sep/2023:11:04:23 +0200] "GET /renault.activities.at/htdocs/export/pdf/emuc_document/11293585.pdf HTTP/1.0" 404 322 "http://212.69.160.11:443/renault.activities.at/htdocs/export/pdf/emuc_document/" "Mozilla/5.0 (Linux; Android 5.0) AppleWebKit/537.36 (KHTML, like Gecko) Mobile Safari/537.36 (compatible; Bytespider; spider-feedback@bytedance.com)"
77.119.216.46 - - [21/Sep/2023:11:04:36 +0200] "GET /entry.php?id=10271&&ser=287016 HTTP/1.1" 200 987 "http://hausegger.activities.at/entry.php?id=10271&&ser=286949" "Mozilla/5.0 (Windows NT 10.0; Win64; x64; rv:109.0) Gecko/20100101 Firefox/117.0"
77.119.216.46 - - [21/Sep/2023:11:04:36 +0200] "GET /gui/javascript/form_form.js?1695287076 HTTP/1.1" 200 16206 "http://hausegger.activities.at/entry.php?id=10271&&ser=287016" "Mozilla/5.0 (Windows NT 10.0; Win64; x64; rv:109.0) Gecko/20100101 Firefox/117.0"
156.59.198.136 - - [21/Sep/2023:11:04:48 +0200] "GET /renault.activities.at/htdocs/export/pdf/emuc_document/11013220.pdf HTTP/1.0" 404 322 "http://212.69.160.11:443/renault.activities.at/htdocs/export/pdf/emuc_document/" "Mozilla/5.0 (Linux; Android 5.0) AppleWebKit/537.36 (KHTML, like Gecko) Mobile Safari/537.36 (compatible; Bytespider; spider-feedback@bytedance.com)"
156.59.198.135 - - [21/Sep/2023:11:05:12 +0200] "GET /renault.activities.at/htdocs/export/pdf/emuc_document/11578717.pdf HTTP/1.0" 404 322 "http://212.69.160.11:443/renault.activities.at/htdocs/export/pdf/emuc_document/" "Mozilla/5.0 (Linux; Android 5.0) AppleWebKit/537.36 (KHTML, like Gecko) Mobile Safari/537.36 (compatible; Bytespider; spider-feedback@bytedance.com)"
77.119.216.46 - - [21/Sep/2023:11:05:36 +0200] "GET /entry.php?id=10271&&ser=287076 HTTP/1.1" 200 987 "http://hausegger.activities.at/entry.php?id=10271&&ser=287016" "Mozilla/5.0 (Windows NT 10.0; Win64; x64; rv:109.0) Gecko/20100101 Firefox/117.0"
77.119.216.46 - - [21/Sep/2023:11:05:37 +0200] "GET /gui/javascript/form_form.js?1695287136 HTTP/1.1" 200 16206 "http://hausegger.activities.at/entry.php?id=10271&&ser=287076" "Mozilla/5.0 (Windows NT 10.0; Win64; x64; rv:109.0) Gecko/20100101 Firefox/117.0"
156.59.198.136 - - [21/Sep/2023:11:05:38 +0200] "GET /renault.activities.at/htdocs/export/pdf/emuc_document/12383043.pdf HTTP/1.0" 404 322 "http://212.69.160.11:443/renault.activities.at/htdocs/export/pdf/emuc_document/" "Mozilla/5.0 (Linux; Android 5.0) AppleWebKit/537.36 (KHTML, like Gecko) Mobile Safari/537.36 (compatible; Bytespider; spider-feedback@bytedance.com)"
156.59.198.136 - - [21/Sep/2023:11:06:00 +0200] "GET /renault.activities.at/htdocs/export/pdf/emuc_document/12129673.pdf HTTP/1.0" 404 323 "http://212.69.160.11:443/renault.activities.at/htdocs/export/pdf/emuc_document/" "Mozilla/5.0 (Linux; Android 5.0) AppleWebKit/537.36 (KHTML, like Gecko) Mobile Safari/537.36 (compatible; Bytespider; spider-feedback@bytedance.com)"
156.59.198.136 - - [21/Sep/2023:11:06:25 +0200] "GET /renault.activities.at/htdocs/export/pdf/emuc_document/10672963.pdf HTTP/1.0" 404 323 "http://212.69.160.11:443/renault.activities.at/htdocs/export/pdf/emuc_document/" "Mozilla/5.0 (Linux; Android 5.0) AppleWebKit/537.36 (KHTML, like Gecko) Mobile Safari/537.36 (compatible; Bytespider; spider-feedback@bytedance.com)"
77.119.216.46 - - [21/Sep/2023:11:06:37 +0200] "GET /entry.php?id=10271&&ser=287136 HTTP/1.1" 200 987 "http://hausegger.activities.at/entry.php?id=10271&&ser=287076" "Mozilla/5.0 (Windows NT 10.0; Win64; x64; rv:109.0) Gecko/20100101 Firefox/117.0"
77.119.216.46 - - [21/Sep/2023:11:06:37 +0200] "GET /gui/javascript/form_form.js?1695287197 HTTP/1.1" 200 16206 "http://hausegger.activities.at/entry.php?id=10271&&ser=287136" "Mozilla/5.0 (Windows NT 10.0; Win64; x64; rv:109.0) Gecko/20100101 Firefox/117.0"
156.59.198.136 - - [21/Sep/2023:11:06:50 +0200] "GET /renault.activities.at/htdocs/export/pdf/emuc_document/11298279.pdf HTTP/1.0" 404 322 "http://212.69.160.11:443/renault.activities.at/htdocs/export/pdf/emuc_document/" "Mozilla/5.0 (Linux; Android 5.0) AppleWebKit/537.36 (KHTML, like Gecko) Mobile Safari/537.36 (compatible; Bytespider; spider-feedback@bytedance.com)"
156.59.198.136 - - [21/Sep/2023:11:07:14 +0200] "GET /renault.activities.at/htdocs/export/pdf/emuc_document/11250609.pdf HTTP/1.0" 404 321 "http://212.69.160.11:443/renault.activities.at/htdocs/export/pdf/emuc_document/" "Mozilla/5.0 (Linux; Android 5.0) AppleWebKit/537.36 (KHTML, like Gecko) Mobile Safari/537.36 (compatible; Bytespider; spider-feedback@bytedance.com)"
77.119.216.46 - - [21/Sep/2023:11:07:37 +0200] "GET /entry.php?id=10271&&ser=287197 HTTP/1.1" 200 987 "http://hausegger.activities.at/entry.php?id=10271&&ser=287136" "Mozilla/5.0 (Windows NT 10.0; Win64; x64; rv:109.0) Gecko/20100101 Firefox/117.0"
77.119.216.46 - - [21/Sep/2023:11:07:37 +0200] "GET /gui/javascript/form_form.js?1695287257 HTTP/1.1" 200 16206 "http://hausegger.activities.at/entry.php?id=10271&&ser=287197" "Mozilla/5.0 (Windows NT 10.0; Win64; x64; rv:109.0) Gecko/20100101 Firefox/117.0"
156.59.198.136 - - [21/Sep/2023:11:07:38 +0200] "GET /renault.activities.at/htdocs/export/pdf/emuc_document/10320222.pdf HTTP/1.0" 404 322 "http://212.69.160.11:443/renault.activities.at/htdocs/export/pdf/emuc_document/" "Mozilla/5.0 (Linux; Android 5.0) AppleWebKit/537.36 (KHTML, like Gecko) Mobile Safari/537.36 (compatible; Bytespider; spider-feedback@bytedance.com)"
156.59.198.135 - - [21/Sep/2023:11:08:03 +0200] "GET /renault.activities.at/htdocs/export/pdf/emuc_document/10659829.pdf HTTP/1.0" 404 322 "http://212.69.160.11:443/renault.activities.at/htdocs/export/pdf/emuc_document/" "Mozilla/5.0 (Linux; Android 5.0) AppleWebKit/537.36 (KHTML, like Gecko) Mobile Safari/537.36 (compatible; Bytespider; spider-feedback@bytedance.com)"
156.59.198.136 - - [21/Sep/2023:11:08:27 +0200] "GET /renault.activities.at/htdocs/export/pdf/emuc_document/11667112.pdf HTTP/1.0" 404 322 "http://212.69.160.11:443/renault.activities.at/htdocs/export/pdf/emuc_document/" "Mozilla/5.0 (Linux; Android 5.0) AppleWebKit/537.36 (KHTML, like Gecko) Mobile Safari/537.36 (compatible; Bytespider; spider-feedback@bytedance.com)"
77.119.216.46 - - [21/Sep/2023:11:08:37 +0200] "GET /entry.php?id=10271&&ser=287257 HTTP/1.1" 200 987 "http://hausegger.activities.at/entry.php?id=10271&&ser=287197" "Mozilla/5.0 (Windows NT 10.0; Win64; x64; rv:109.0) Gecko/20100101 Firefox/117.0"
77.119.216.46 - - [21/Sep/2023:11:08:38 +0200] "GET /gui/javascript/form_form.js?1695287317 HTTP/1.1" 200 16206 "http://hausegger.activities.at/entry.php?id=10271&&ser=287257" "Mozilla/5.0 (Windows NT 10.0; Win64; x64; rv:109.0) Gecko/20100101 Firefox/117.0"
156.59.198.135 - - [21/Sep/2023:11:08:51 +0200] "GET /renault.activities.at/htdocs/export/pdf/emuc_document/10776078.pdf HTTP/1.0" 404 322 "http://212.69.160.11:443/renault.activities.at/htdocs/export/pdf/emuc_document/" "Mozilla/5.0 (Linux; Android 5.0) AppleWebKit/537.36 (KHTML, like Gecko) Mobile Safari/537.36 (compatible; Bytespider; spider-feedback@bytedance.com)"
156.59.198.136 - - [21/Sep/2023:11:09:15 +0200] "GET /renault.activities.at/htdocs/export/pdf/emuc_document/11483363.pdf HTTP/1.0" 404 322 "http://212.69.160.11:443/renault.activities.at/htdocs/export/pdf/emuc_document/" "Mozilla/5.0 (Linux; Android 5.0) AppleWebKit/537.36 (KHTML, like Gecko) Mobile Safari/537.36 (compatible; Bytespider; spider-feedback@bytedance.com)"
77.119.216.46 - - [21/Sep/2023:11:09:38 +0200] "GET /entry.php?id=10271&&ser=287317 HTTP/1.1" 200 987 "http://hausegger.activities.at/entry.php?id=10271&&ser=287257" "Mozilla/5.0 (Windows NT 10.0; Win64; x64; rv:109.0) Gecko/20100101 Firefox/117.0"
77.119.216.46 - - [21/Sep/2023:11:09:38 +0200] "GET /gui/javascript/form_form.js?1695287378 HTTP/1.1" 200 16206 "http://hausegger.activities.at/entry.php?id=10271&&ser=287317" "Mozilla/5.0 (Windows NT 10.0; Win64; x64; rv:109.0) Gecko/20100101 Firefox/117.0"
156.59.198.135 - - [21/Sep/2023:11:09:40 +0200] "GET /renault.activities.at/htdocs/export/pdf/emuc_document/11282200.pdf HTTP/1.0" 404 321 "http://212.69.160.11:443/renault.activities.at/htdocs/export/pdf/emuc_document/" "Mozilla/5.0 (Linux; Android 5.0) AppleWebKit/537.36 (KHTML, like Gecko) Mobile Safari/537.36 (compatible; Bytespider; spider-feedback@bytedance.com)"
156.59.198.135 - - [21/Sep/2023:11:10:05 +0200] "GET /renault.activities.at/htdocs/export/pdf/emuc_document/11983554.pdf HTTP/1.0" 404 322 "http://212.69.160.11:443/renault.activities.at/htdocs/export/pdf/emuc_document/" "Mozilla/5.0 (Linux; Android 5.0) AppleWebKit/537.36 (KHTML, like Gecko) Mobile Safari/537.36 (compatible; Bytespider; spider-feedback@bytedance.com)"
156.59.198.135 - - [21/Sep/2023:11:10:28 +0200] "GET /renault.activities.at/htdocs/export/pdf/emuc_document/10349403.pdf HTTP/1.0" 404 322 "http://212.69.160.11:443/renault.activities.at/htdocs/export/pdf/emuc_document/" "Mozilla/5.0 (Linux; Android 5.0) AppleWebKit/537.36 (KHTML, like Gecko) Mobile Safari/537.36 (compatible; Bytespider; spider-feedback@bytedance.com)"
77.119.216.46 - - [21/Sep/2023:11:10:38 +0200] "GET /entry.php?id=10271&&ser=287378 HTTP/1.1" 200 986 "http://hausegger.activities.at/entry.php?id=10271&&ser=287317" "Mozilla/5.0 (Windows NT 10.0; Win64; x64; rv:109.0) Gecko/20100101 Firefox/117.0"
77.119.216.46 - - [21/Sep/2023:11:10:38 +0200] "GET /gui/javascript/form_form.js?1695287438 HTTP/1.1" 200 16206 "http://hausegger.activities.at/entry.php?id=10271&&ser=287378" "Mozilla/5.0 (Windows NT 10.0; Win64; x64; rv:109.0) Gecko/20100101 Firefox/117.0"
156.59.198.136 - - [21/Sep/2023:11:10:53 +0200] "GET /renault.activities.at/htdocs/export/pdf/emuc_document/10319881.pdf HTTP/1.0" 404 322 "http://212.69.160.11:443/renault.activities.at/htdocs/export/pdf/emuc_document/" "Mozilla/5.0 (Linux; Android 5.0) AppleWebKit/537.36 (KHTML, like Gecko) Mobile Safari/537.36 (compatible; Bytespider; spider-feedback@bytedance.com)"
156.59.198.135 - - [21/Sep/2023:11:11:17 +0200] "GET /renault.activities.at/htdocs/export/pdf/emuc_document/11451092.pdf HTTP/1.0" 404 321 "http://212.69.160.11:443/renault.activities.at/htdocs/export/pdf/emuc_document/" "Mozilla/5.0 (Linux; Android 5.0) AppleWebKit/537.36 (KHTML, like Gecko) Mobile Safari/537.36 (compatible; Bytespider; spider-feedback@bytedance.com)"
156.59.198.136 - - [21/Sep/2023:11:11:42 +0200] "GET /renault.activities.at/htdocs/export/pdf/emuc_document/11795397.pdf HTTP/1.0" 404 323 "http://212.69.160.11:443/renault.activities.at/htdocs/export/pdf/emuc_document/" "Mozilla/5.0 (Linux; Android 5.0) AppleWebKit/537.36 (KHTML, like Gecko) Mobile Safari/537.36 (compatible; Bytespider; spider-feedback@bytedance.com)"
77.119.216.46 - - [21/Sep/2023:11:11:42 +0200] "GET /entry.php?id=10271&&ser=287438 HTTP/1.1" 200 987 "http://hausegger.activities.at/entry.php?id=10271&&ser=287378" "Mozilla/5.0 (Windows NT 10.0; Win64; x64; rv:109.0) Gecko/20100101 Firefox/117.0"
77.119.216.46 - - [21/Sep/2023:11:11:43 +0200] "GET /gui/javascript/form_form.js?1695287503 HTTP/1.1" 200 16206 "http://hausegger.activities.at/entry.php?id=10271&&ser=287438" "Mozilla/5.0 (Windows NT 10.0; Win64; x64; rv:109.0) Gecko/20100101 Firefox/117.0"
156.59.198.135 - - [21/Sep/2023:11:12:07 +0200] "GET /renault.activities.at/htdocs/export/pdf/emuc_document/11271495.pdf HTTP/1.0" 404 322 "http://212.69.160.11:443/renault.activities.at/htdocs/export/pdf/emuc_document/" "Mozilla/5.0 (Linux; Android 5.0) AppleWebKit/537.36 (KHTML, like Gecko) Mobile Safari/537.36 (compatible; Bytespider; spider-feedback@bytedance.com)"
156.59.198.136 - - [21/Sep/2023:11:12:32 +0200] "GET /renault.activities.at/htdocs/export/pdf/emuc_document/10252908.pdf HTTP/1.0" 404 321 "http://212.69.160.11:443/renault.activities.at/htdocs/export/pdf/emuc_document/" "Mozilla/5.0 (Linux; Android 5.0) AppleWebKit/537.36 (KHTML, like Gecko) Mobile Safari/537.36 (compatible; Bytespider; spider-feedback@bytedance.com)"
77.119.216.46 - - [21/Sep/2023:11:12:47 +0200] "GET /entry.php?id=10271&&ser=287503 HTTP/1.1" 200 987 "http://hausegger.activities.at/entry.php?id=10271&&ser=287438" "Mozilla/5.0 (Windows NT 10.0; Win64; x64; rv:109.0) Gecko/20100101 Firefox/117.0"
77.119.216.46 - - [21/Sep/2023:11:12:47 +0200] "GET /gui/javascript/form_form.js?1695287567 HTTP/1.1" 200 16206 "http://hausegger.activities.at/entry.php?id=10271&&ser=287503" "Mozilla/5.0 (Windows NT 10.0; Win64; x64; rv:109.0) Gecko/20100101 Firefox/117.0"
156.59.198.136 - - [21/Sep/2023:11:12:56 +0200] "GET /renault.activities.at/htdocs/export/pdf/emuc_document/10413446.pdf HTTP/1.0" 404 322 "http://212.69.160.11:443/renault.activities.at/htdocs/export/pdf/emuc_document/" "Mozilla/5.0 (Linux; Android 5.0) AppleWebKit/537.36 (KHTML, like Gecko) Mobile Safari/537.36 (compatible; Bytespider; spider-feedback@bytedance.com)"
156.59.198.135 - - [21/Sep/2023:11:13:21 +0200] "GET /renault.activities.at/htdocs/export/pdf/emuc_document/11642107.pdf HTTP/1.0" 404 322 "http://212.69.160.11:443/renault.activities.at/htdocs/export/pdf/emuc_document/" "Mozilla/5.0 (Linux; Android 5.0) AppleWebKit/537.36 (KHTML, like Gecko) Mobile Safari/537.36 (compatible; Bytespider; spider-feedback@bytedance.com)"
156.59.198.136 - - [21/Sep/2023:11:13:45 +0200] "GET /renault.activities.at/htdocs/export/pdf/emuc_document/12135931.pdf HTTP/1.0" 404 322 "http://212.69.160.11:443/renault.activities.at/htdocs/export/pdf/emuc_document/" "Mozilla/5.0 (Linux; Android 5.0) AppleWebKit/537.36 (KHTML, like Gecko) Mobile Safari/537.36 (compatible; Bytespider; spider-feedback@bytedance.com)"
77.119.216.46 - - [21/Sep/2023:11:13:51 +0200] "GET /entry.php?id=10271&&ser=287567 HTTP/1.1" 200 987 "http://hausegger.activities.at/entry.php?id=10271&&ser=287503" "Mozilla/5.0 (Windows NT 10.0; Win64; x64; rv:109.0) Gecko/20100101 Firefox/117.0"
77.119.216.46 - - [21/Sep/2023:11:13:51 +0200] "GET /gui/javascript/form_form.js?1695287631 HTTP/1.1" 200 16206 "http://hausegger.activities.at/entry.php?id=10271&&ser=287567" "Mozilla/5.0 (Windows NT 10.0; Win64; x64; rv:109.0) Gecko/20100101 Firefox/117.0"
156.59.198.136 - - [21/Sep/2023:11:14:09 +0200] "GET /renault.activities.at/htdocs/export/pdf/emuc_document/11818791.pdf HTTP/1.0" 404 322 "http://212.69.160.11:443/renault.activities.at/htdocs/export/pdf/emuc_document/" "Mozilla/5.0 (Linux; Android 5.0) AppleWebKit/537.36 (KHTML, like Gecko) Mobile Safari/537.36 (compatible; Bytespider; spider-feedback@bytedance.com)"
156.59.198.136 - - [21/Sep/2023:11:14:33 +0200] "GET /renault.activities.at/htdocs/export/pdf/emuc_document/12148964.pdf HTTP/1.0" 404 321 "http://212.69.160.11:443/renault.activities.at/htdocs/export/pdf/emuc_document/" "Mozilla/5.0 (Linux; Android 5.0) AppleWebKit/537.36 (KHTML, like Gecko) Mobile Safari/537.36 (compatible; Bytespider; spider-feedback@bytedance.com)"
77.119.216.46 - - [21/Sep/2023:11:14:55 +0200] "GET /entry.php?id=10271&&ser=287631 HTTP/1.1" 200 986 "http://hausegger.activities.at/entry.php?id=10271&&ser=287567" "Mozilla/5.0 (Windows NT 10.0; Win64; x64; rv:109.0) Gecko/20100101 Firefox/117.0"
77.119.216.46 - - [21/Sep/2023:11:14:56 +0200] "GET /gui/javascript/form_form.js?1695287695 HTTP/1.1" 200 16206 "http://hausegger.activities.at/entry.php?id=10271&&ser=287631" "Mozilla/5.0 (Windows NT 10.0; Win64; x64; rv:109.0) Gecko/20100101 Firefox/117.0"
156.59.198.135 - - [21/Sep/2023:11:14:58 +0200] "GET /renault.activities.at/htdocs/export/pdf/emuc_document/11177625.pdf HTTP/1.0" 404 322 "http://212.69.160.11:443/renault.activities.at/htdocs/export/pdf/emuc_document/" "Mozilla/5.0 (Linux; Android 5.0) AppleWebKit/537.36 (KHTML, like Gecko) Mobile Safari/537.36 (compatible; Bytespider; spider-feedback@bytedance.com)"
156.59.198.136 - - [21/Sep/2023:11:15:22 +0200] "GET /renault.activities.at/htdocs/export/pdf/emuc_document/11072142.pdf HTTP/1.0" 404 322 "http://212.69.160.11:443/renault.activities.at/htdocs/export/pdf/emuc_document/" "Mozilla/5.0 (Linux; Android 5.0) AppleWebKit/537.36 (KHTML, like Gecko) Mobile Safari/537.36 (compatible; Bytespider; spider-feedback@bytedance.com)"
156.59.198.135 - - [21/Sep/2023:11:15:47 +0200] "GET /renault.activities.at/htdocs/export/pdf/emuc_document/11744340.pdf HTTP/1.0" 404 322 "http://212.69.160.11:443/renault.activities.at/htdocs/export/pdf/emuc_document/" "Mozilla/5.0 (Linux; Android 5.0) AppleWebKit/537.36 (KHTML, like Gecko) Mobile Safari/537.36 (compatible; Bytespider; spider-feedback@bytedance.com)"
77.119.216.46 - - [21/Sep/2023:11:16:00 +0200] "GET /entry.php?id=10271&&ser=287695 HTTP/1.1" 200 987 "http://hausegger.activities.at/entry.php?id=10271&&ser=287631" "Mozilla/5.0 (Windows NT 10.0; Win64; x64; rv:109.0) Gecko/20100101 Firefox/117.0"
77.119.216.46 - - [21/Sep/2023:11:16:00 +0200] "GET /gui/javascript/form_form.js?1695287760 HTTP/1.1" 200 16206 "http://hausegger.activities.at/entry.php?id=10271&&ser=287695" "Mozilla/5.0 (Windows NT 10.0; Win64; x64; rv:109.0) Gecko/20100101 Firefox/117.0"
156.59.198.136 - - [21/Sep/2023:11:16:11 +0200] "GET /renault.activities.at/htdocs/export/pdf/emuc_document/11254069.pdf HTTP/1.0" 404 321 "http://212.69.160.11:443/renault.activities.at/htdocs/export/pdf/emuc_document/" "Mozilla/5.0 (Linux; Android 5.0) AppleWebKit/537.36 (KHTML, like Gecko) Mobile Safari/537.36 (compatible; Bytespider; spider-feedback@bytedance.com)"
156.59.198.136 - - [21/Sep/2023:11:16:35 +0200] "GET /renault.activities.at/htdocs/export/pdf/emuc_document/10252936.pdf HTTP/1.0" 404 322 "http://212.69.160.11:443/renault.activities.at/htdocs/export/pdf/emuc_document/" "Mozilla/5.0 (Linux; Android 5.0) AppleWebKit/537.36 (KHTML, like Gecko) Mobile Safari/537.36 (compatible; Bytespider; spider-feedback@bytedance.com)"
5.181.80.77 - - [21/Sep/2023:11:16:58 +0200] "GET / HTTP/1.1" 200 274 "-" "Linux Gnu (cow)"
156.59.198.135 - - [21/Sep/2023:11:17:00 +0200] "GET /renault.activities.at/htdocs/export/pdf/emuc_document/10892450.pdf HTTP/1.0" 404 321 "http://212.69.160.11:443/renault.activities.at/htdocs/export/pdf/emuc_document/" "Mozilla/5.0 (Linux; Android 5.0) AppleWebKit/537.36 (KHTML, like Gecko) Mobile Safari/537.36 (compatible; Bytespider; spider-feedback@bytedance.com)"
77.119.216.46 - - [21/Sep/2023:11:17:04 +0200] "GET /entry.php?id=10271&&ser=287760 HTTP/1.1" 200 987 "http://hausegger.activities.at/entry.php?id=10271&&ser=287695" "Mozilla/5.0 (Windows NT 10.0; Win64; x64; rv:109.0) Gecko/20100101 Firefox/117.0"
77.119.216.46 - - [21/Sep/2023:11:17:04 +0200] "GET /gui/javascript/form_form.js?1695287824 HTTP/1.1" 200 16206 "http://hausegger.activities.at/entry.php?id=10271&&ser=287760" "Mozilla/5.0 (Windows NT 10.0; Win64; x64; rv:109.0) Gecko/20100101 Firefox/117.0"
156.59.198.135 - - [21/Sep/2023:11:17:24 +0200] "GET /renault.activities.at/htdocs/export/pdf/emuc_document/11167947.pdf HTTP/1.0" 404 322 "http://212.69.160.11:443/renault.activities.at/htdocs/export/pdf/emuc_document/" "Mozilla/5.0 (Linux; Android 5.0) AppleWebKit/537.36 (KHTML, like Gecko) Mobile Safari/537.36 (compatible; Bytespider; spider-feedback@bytedance.com)"
156.59.198.136 - - [21/Sep/2023:11:17:48 +0200] "GET /renault.activities.at/htdocs/export/pdf/emuc_document/10957468.pdf HTTP/1.0" 404 322 "http://212.69.160.11:443/renault.activities.at/htdocs/export/pdf/emuc_document/" "Mozilla/5.0 (Linux; Android 5.0) AppleWebKit/537.36 (KHTML, like Gecko) Mobile Safari/537.36 (compatible; Bytespider; spider-feedback@bytedance.com)"
77.119.216.46 - - [21/Sep/2023:11:18:05 +0200] "GET /entry.php?id=10271&&ser=287824 HTTP/1.1" 200 987 "http://hausegger.activities.at/entry.php?id=10271&&ser=287760" "Mozilla/5.0 (Windows NT 10.0; Win64; x64; rv:109.0) Gecko/20100101 Firefox/117.0"
77.119.216.46 - - [21/Sep/2023:11:18:06 +0200] "GET /gui/javascript/form_form.js?1695287886 HTTP/1.1" 200 16206 "http://hausegger.activities.at/entry.php?id=10271&&ser=287824" "Mozilla/5.0 (Windows NT 10.0; Win64; x64; rv:109.0) Gecko/20100101 Firefox/117.0"
156.59.198.135 - - [21/Sep/2023:11:18:13 +0200] "GET /renault.activities.at/htdocs/export/pdf/emuc_document/12127463.pdf HTTP/1.0" 404 323 "http://212.69.160.11:443/renault.activities.at/htdocs/export/pdf/emuc_document/" "Mozilla/5.0 (Linux; Android 5.0) AppleWebKit/537.36 (KHTML, like Gecko) Mobile Safari/537.36 (compatible; Bytespider; spider-feedback@bytedance.com)"
156.59.198.135 - - [21/Sep/2023:11:18:37 +0200] "GET /renault.activities.at/htdocs/export/pdf/emuc_document/11730187.pdf HTTP/1.0" 404 322 "http://212.69.160.11:443/renault.activities.at/htdocs/export/pdf/emuc_document/" "Mozilla/5.0 (Linux; Android 5.0) AppleWebKit/537.36 (KHTML, like Gecko) Mobile Safari/537.36 (compatible; Bytespider; spider-feedback@bytedance.com)"
156.59.198.136 - - [21/Sep/2023:11:19:01 +0200] "GET /renault.activities.at/htdocs/export/pdf/emuc_document/11430854.pdf HTTP/1.0" 404 322 "http://212.69.160.11:443/renault.activities.at/htdocs/export/pdf/emuc_document/" "Mozilla/5.0 (Linux; Android 5.0) AppleWebKit/537.36 (KHTML, like Gecko) Mobile Safari/537.36 (compatible; Bytespider; spider-feedback@bytedance.com)"
77.119.216.46 - - [21/Sep/2023:11:19:06 +0200] "GET /entry.php?id=10271&&ser=287886 HTTP/1.1" 200 987 "http://hausegger.activities.at/entry.php?id=10271&&ser=287824" "Mozilla/5.0 (Windows NT 10.0; Win64; x64; rv:109.0) Gecko/20100101 Firefox/117.0"
77.119.216.46 - - [21/Sep/2023:11:19:06 +0200] "GET /gui/javascript/form_form.js?1695287946 HTTP/1.1" 200 16206 "http://hausegger.activities.at/entry.php?id=10271&&ser=287886" "Mozilla/5.0 (Windows NT 10.0; Win64; x64; rv:109.0) Gecko/20100101 Firefox/117.0"
77.119.216.46 - - [21/Sep/2023:11:19:07 +0200] "GET /layout.php HTTP/1.1" 200 815 "-" "Mozilla/5.0 (Windows NT 10.0; Win64; x64) AppleWebKit/537.36 (KHTML, like Gecko) Chrome/116.0.0.0 Safari/537.36"
77.119.216.46 - - [21/Sep/2023:11:19:08 +0200] "GET /entry.php?id=10270 HTTP/1.1" 200 908 "http://hausegger.activities.at/layout.php" "Mozilla/5.0 (Windows NT 10.0; Win64; x64) AppleWebKit/537.36 (KHTML, like Gecko) Chrome/116.0.0.0 Safari/537.36"
77.119.216.46 - - [21/Sep/2023:11:19:08 +0200] "GET /entry.php?id=10273 HTTP/1.1" 200 1903 "http://hausegger.activities.at/layout.php" "Mozilla/5.0 (Windows NT 10.0; Win64; x64) AppleWebKit/537.36 (KHTML, like Gecko) Chrome/116.0.0.0 Safari/537.36"
77.119.216.46 - - [21/Sep/2023:11:19:08 +0200] "GET /entry.php?id=10272 HTTP/1.1" 200 1159 "http://hausegger.activities.at/layout.php" "Mozilla/5.0 (Windows NT 10.0; Win64; x64) AppleWebKit/537.36 (KHTML, like Gecko) Chrome/116.0.0.0 Safari/537.36"
77.119.216.46 - - [21/Sep/2023:11:19:08 +0200] "GET /entry.php?id=11412 HTTP/1.1" 200 1759 "http://hausegger.activities.at/layout.php" "Mozilla/5.0 (Windows NT 10.0; Win64; x64) AppleWebKit/537.36 (KHTML, like Gecko) Chrome/116.0.0.0 Safari/537.36"
77.119.216.46 - - [21/Sep/2023:11:19:08 +0200] "GET /gui/javascript/form_form.js?1695287948 HTTP/1.1" 200 16206 "http://hausegger.activities.at/entry.php?id=10270" "Mozilla/5.0 (Windows NT 10.0; Win64; x64) AppleWebKit/537.36 (KHTML, like Gecko) Chrome/116.0.0.0 Safari/537.36"
77.119.216.46 - - [21/Sep/2023:11:19:08 +0200] "GET /entry.php?id=10287 HTTP/1.1" 200 2396 "http://hausegger.activities.at/entry.php?id=11412" "Mozilla/5.0 (Windows NT 10.0; Win64; x64) AppleWebKit/537.36 (KHTML, like Gecko) Chrome/116.0.0.0 Safari/537.36"
77.119.216.46 - - [21/Sep/2023:11:19:08 +0200] "GET /entry.php?id=10271& HTTP/1.1" 200 934 "http://hausegger.activities.at/entry.php?id=10272" "Mozilla/5.0 (Windows NT 10.0; Win64; x64) AppleWebKit/537.36 (KHTML, like Gecko) Chrome/116.0.0.0 Safari/537.36"
77.119.216.46 - - [21/Sep/2023:11:19:08 +0200] "GET /entry.php?id=10270& HTTP/1.1" 200 908 "http://hausegger.activities.at/entry.php?id=10287" "Mozilla/5.0 (Windows NT 10.0; Win64; x64) AppleWebKit/537.36 (KHTML, like Gecko) Chrome/116.0.0.0 Safari/537.36"
77.119.216.46 - - [21/Sep/2023:11:19:08 +0200] "GET /entry.php?id=10273& HTTP/1.1" 200 1903 "http://hausegger.activities.at/entry.php?id=10287" "Mozilla/5.0 (Windows NT 10.0; Win64; x64) AppleWebKit/537.36 (KHTML, like Gecko) Chrome/116.0.0.0 Safari/537.36"
156.59.198.136 - - [21/Sep/2023:11:19:26 +0200] "GET /renault.activities.at/htdocs/export/pdf/emuc_document/11901406.pdf HTTP/1.0" 404 321 "http://212.69.160.11:443/renault.activities.at/htdocs/export/pdf/emuc_document/" "Mozilla/5.0 (Linux; Android 5.0) AppleWebKit/537.36 (KHTML, like Gecko) Mobile Safari/537.36 (compatible; Bytespider; spider-feedback@bytedance.com)"
156.59.198.136 - - [21/Sep/2023:11:19:50 +0200] "GET /renault.activities.at/htdocs/export/pdf/emuc_document/12299673.pdf HTTP/1.0" 404 323 "http://212.69.160.11:443/renault.activities.at/htdocs/export/pdf/emuc_document/" "Mozilla/5.0 (Linux; Android 5.0) AppleWebKit/537.36 (KHTML, like Gecko) Mobile Safari/537.36 (compatible; Bytespider; spider-feedback@bytedance.com)"
77.119.216.46 - - [21/Sep/2023:11:20:06 +0200] "GET /entry.php?id=10271&&ser=287946 HTTP/1.1" 200 987 "http://hausegger.activities.at/entry.php?id=10271&&ser=287886" "Mozilla/5.0 (Windows NT 10.0; Win64; x64; rv:109.0) Gecko/20100101 Firefox/117.0"
77.119.216.46 - - [21/Sep/2023:11:20:06 +0200] "GET /gui/javascript/form_form.js?1695288006 HTTP/1.1" 200 16206 "http://hausegger.activities.at/entry.php?id=10271&&ser=287946" "Mozilla/5.0 (Windows NT 10.0; Win64; x64; rv:109.0) Gecko/20100101 Firefox/117.0"
156.59.198.136 - - [21/Sep/2023:11:20:15 +0200] "GET /renault.activities.at/htdocs/export/pdf/emuc_document/11124935.pdf HTTP/1.0" 404 322 "http://212.69.160.11:443/renault.activities.at/htdocs/export/pdf/emuc_document/" "Mozilla/5.0 (Linux; Android 5.0) AppleWebKit/537.36 (KHTML, like Gecko) Mobile Safari/537.36 (compatible; Bytespider; spider-feedback@bytedance.com)"
77.119.216.46 - - [21/Sep/2023:11:19:12 +0200] "POST /entry.php?id=10287& HTTP/1.1" 200 1966 "http://hausegger.activities.at/entry.php?id=10287" "Mozilla/5.0 (Windows NT 10.0; Win64; x64) AppleWebKit/537.36 (KHTML, like Gecko) Chrome/116.0.0.0 Safari/537.36"
156.59.198.135 - - [21/Sep/2023:11:20:39 +0200] "GET /renault.activities.at/htdocs/export/pdf/emuc_document/11470767.pdf HTTP/1.0" 404 322 "http://212.69.160.11:443/renault.activities.at/htdocs/export/pdf/emuc_document/" "Mozilla/5.0 (Linux; Android 5.0) AppleWebKit/537.36 (KHTML, like Gecko) Mobile Safari/537.36 (compatible; Bytespider; spider-feedback@bytedance.com)"
156.59.198.136 - - [21/Sep/2023:11:21:04 +0200] "GET /renault.activities.at/htdocs/export/pdf/emuc_document/11502413.pdf HTTP/1.0" 404 322 "http://212.69.160.11:443/renault.activities.at/htdocs/export/pdf/emuc_document/" "Mozilla/5.0 (Linux; Android 5.0) AppleWebKit/537.36 (KHTML, like Gecko) Mobile Safari/537.36 (compatible; Bytespider; spider-feedback@bytedance.com)"
77.119.216.46 - - [21/Sep/2023:11:21:06 +0200] "GET /entry.php?id=10271&&ser=288006 HTTP/1.1" 200 987 "http://hausegger.activities.at/entry.php?id=10271&&ser=287946" "Mozilla/5.0 (Windows NT 10.0; Win64; x64; rv:109.0) Gecko/20100101 Firefox/117.0"
77.119.216.46 - - [21/Sep/2023:11:21:06 +0200] "GET /gui/javascript/form_form.js?1695288066 HTTP/1.1" 200 16206 "http://hausegger.activities.at/entry.php?id=10271&&ser=288006" "Mozilla/5.0 (Windows NT 10.0; Win64; x64; rv:109.0) Gecko/20100101 Firefox/117.0"
77.119.216.46 - - [21/Sep/2023:11:19:22 +0200] "POST /entry.php?id=10287& HTTP/1.1" 200 1971 "http://hausegger.activities.at/entry.php?id=10287" "Mozilla/5.0 (Windows NT 10.0; Win64; x64) AppleWebKit/537.36 (KHTML, like Gecko) Chrome/116.0.0.0 Safari/537.36"
77.119.216.46 - - [21/Sep/2023:11:21:19 +0200] "GET /gui/javascript/form_form.js?1695288079 HTTP/1.1" 200 16206 "http://hausegger.activities.at/entry.php?id=10287&" "Mozilla/5.0 (Windows NT 10.0; Win64; x64) AppleWebKit/537.36 (KHTML, like Gecko) Chrome/116.0.0.0 Safari/537.36"
77.119.216.46 - - [21/Sep/2023:11:21:19 +0200] "GET /entry.php?id=10273& HTTP/1.1" 200 2011 "http://hausegger.activities.at/entry.php?id=10287&" "Mozilla/5.0 (Windows NT 10.0; Win64; x64) AppleWebKit/537.36 (KHTML, like Gecko) Chrome/116.0.0.0 Safari/537.36"
77.119.216.46 - - [21/Sep/2023:11:21:19 +0200] "GET /framework/webfx/style/toolbar/images/cbback.gif HTTP/1.1" 404 318 "http://hausegger.activities.at/framework/webfx/style/toolbar/cb2.css" "Mozilla/5.0 (Windows NT 10.0; Win64; x64) AppleWebKit/537.36 (KHTML, like Gecko) Chrome/116.0.0.0 Safari/537.36"
77.119.216.46 - - [21/Sep/2023:11:21:19 +0200] "GET /entry.php?id=10270&__app__=10006038 HTTP/1.1" 200 2230 "http://hausegger.activities.at/entry.php?id=10273&" "Mozilla/5.0 (Windows NT 10.0; Win64; x64) AppleWebKit/537.36 (KHTML, like Gecko) Chrome/116.0.0.0 Safari/537.36"
77.119.216.46 - - [21/Sep/2023:11:21:19 +0200] "GET /entry.php?id=10271& HTTP/1.1" 200 987 "http://hausegger.activities.at/entry.php?id=10271&" "Mozilla/5.0 (Windows NT 10.0; Win64; x64) AppleWebKit/537.36 (KHTML, like Gecko) Chrome/116.0.0.0 Safari/537.36"
77.119.216.46 - - [21/Sep/2023:11:21:19 +0200] "GET /undefined HTTP/1.1" 404 289 "http://hausegger.activities.at/entry.php?id=10270&__app__=10006038" "Mozilla/5.0 (Windows NT 10.0; Win64; x64) AppleWebKit/537.36 (KHTML, like Gecko) Chrome/116.0.0.0 Safari/537.36"
156.59.198.136 - - [21/Sep/2023:11:21:28 +0200] "GET /renault.activities.at/htdocs/export/pdf/emuc_document/11354003.pdf HTTP/1.0" 404 322 "http://212.69.160.11:443/renault.activities.at/htdocs/export/pdf/emuc_document/" "Mozilla/5.0 (Linux; Android 5.0) AppleWebKit/537.36 (KHTML, like Gecko) Mobile Safari/537.36 (compatible; Bytespider; spider-feedback@bytedance.com)"
156.59.198.136 - - [21/Sep/2023:11:21:52 +0200] "GET /renault.activities.at/htdocs/export/pdf/emuc_document/12430657.pdf HTTP/1.0" 404 323 "http://212.69.160.11:443/renault.activities.at/htdocs/export/pdf/emuc_document/" "Mozilla/5.0 (Linux; Android 5.0) AppleWebKit/537.36 (KHTML, like Gecko) Mobile Safari/537.36 (compatible; Bytespider; spider-feedback@bytedance.com)"
77.119.216.46 - - [21/Sep/2023:11:22:07 +0200] "GET /entry.php?id=10271&&ser=288066 HTTP/1.1" 200 986 "http://hausegger.activities.at/entry.php?id=10271&&ser=288006" "Mozilla/5.0 (Windows NT 10.0; Win64; x64; rv:109.0) Gecko/20100101 Firefox/117.0"
77.119.216.46 - - [21/Sep/2023:11:22:07 +0200] "GET /gui/javascript/form_form.js?1695288127 HTTP/1.1" 200 16206 "http://hausegger.activities.at/entry.php?id=10271&&ser=288066" "Mozilla/5.0 (Windows NT 10.0; Win64; x64; rv:109.0) Gecko/20100101 Firefox/117.0"
156.59.198.136 - - [21/Sep/2023:11:22:16 +0200] "GET /renault.activities.at/htdocs/export/pdf/emuc_document/12322815.pdf HTTP/1.0" 404 322 "http://212.69.160.11:443/renault.activities.at/htdocs/export/pdf/emuc_document/" "Mozilla/5.0 (Linux; Android 5.0) AppleWebKit/537.36 (KHTML, like Gecko) Mobile Safari/537.36 (compatible; Bytespider; spider-feedback@bytedance.com)"
77.119.216.46 - - [21/Sep/2023:11:22:20 +0200] "GET /entry.php?id=10271&&ser=288079 HTTP/1.1" 200 986 "http://hausegger.activities.at/entry.php?id=10271&" "Mozilla/5.0 (Windows NT 10.0; Win64; x64) AppleWebKit/537.36 (KHTML, like Gecko) Chrome/116.0.0.0 Safari/537.36"
77.119.216.46 - - [21/Sep/2023:11:22:20 +0200] "GET /gui/javascript/form_form.js?1695288140 HTTP/1.1" 200 16206 "http://hausegger.activities.at/entry.php?id=10271&&ser=288079" "Mozilla/5.0 (Windows NT 10.0; Win64; x64) AppleWebKit/537.36 (KHTML, like Gecko) Chrome/116.0.0.0 Safari/537.36"
156.59.198.136 - - [21/Sep/2023:11:22:41 +0200] "GET /renault.activities.at/htdocs/export/pdf/emuc_document/10344867.pdf HTTP/1.0" 404 323 "http://212.69.160.11:443/renault.activities.at/htdocs/export/pdf/emuc_document/" "Mozilla/5.0 (Linux; Android 5.0) AppleWebKit/537.36 (KHTML, like Gecko) Mobile Safari/537.36 (compatible; Bytespider; spider-feedback@bytedance.com)"
156.59.198.135 - - [21/Sep/2023:11:23:05 +0200] "GET /renault.activities.at/htdocs/export/pdf/emuc_document/11977471.pdf HTTP/1.0" 404 322 "http://212.69.160.11:443/renault.activities.at/htdocs/export/pdf/emuc_document/" "Mozilla/5.0 (Linux; Android 5.0) AppleWebKit/537.36 (KHTML, like Gecko) Mobile Safari/537.36 (compatible; Bytespider; spider-feedback@bytedance.com)"
77.119.216.46 - - [21/Sep/2023:11:23:07 +0200] "GET /entry.php?id=10271&&ser=288127 HTTP/1.1" 200 986 "http://hausegger.activities.at/entry.php?id=10271&&ser=288066" "Mozilla/5.0 (Windows NT 10.0; Win64; x64; rv:109.0) Gecko/20100101 Firefox/117.0"
77.119.216.46 - - [21/Sep/2023:11:23:07 +0200] "GET /gui/javascript/form_form.js?1695288187 HTTP/1.1" 200 16206 "http://hausegger.activities.at/entry.php?id=10271&&ser=288127" "Mozilla/5.0 (Windows NT 10.0; Win64; x64; rv:109.0) Gecko/20100101 Firefox/117.0"
77.119.216.46 - - [21/Sep/2023:11:23:20 +0200] "GET /entry.php?id=10271&&ser=288140 HTTP/1.1" 200 987 "http://hausegger.activities.at/entry.php?id=10271&&ser=288079" "Mozilla/5.0 (Windows NT 10.0; Win64; x64) AppleWebKit/537.36 (KHTML, like Gecko) Chrome/116.0.0.0 Safari/537.36"
77.119.216.46 - - [21/Sep/2023:11:23:20 +0200] "GET /gui/javascript/form_form.js?1695288200 HTTP/1.1" 200 16206 "http://hausegger.activities.at/entry.php?id=10271&&ser=288140" "Mozilla/5.0 (Windows NT 10.0; Win64; x64) AppleWebKit/537.36 (KHTML, like Gecko) Chrome/116.0.0.0 Safari/537.36"
