77.119.216.46 - - [21/Sep/2023:16:10:16 +0200] "GET /gui/javascript/form_form.js?1695305416 HTTP/1.1" 200 16206 "http://hausegger.activities.at/entry.php?id=11270&document=10328559" "Mozilla/5.0 (Windows NT 10.0; Win64; x64; rv:109.0) Gecko/20100101 Firefox/117.0"
77.119.216.46 - - [21/Sep/2023:16:10:16 +0200] "GET /entry.php?id=10877&mode=observePrint HTTP/1.1" 200 55 "http://hausegger.activities.at/entry.php?id=11270&document=10328559" "Mozilla/5.0 (Windows NT 10.0; Win64; x64; rv:109.0) Gecko/20100101 Firefox/117.0"
77.119.216.46 - - [21/Sep/2023:16:10:16 +0200] "GET /entry.php?id=11241&images=false&document=10328559 HTTP/1.1" 200 2277 "http://hausegger.activities.at/entry.php?id=11270&document=10328559" "Mozilla/5.0 (Windows NT 10.0; Win64; x64; rv:109.0) Gecko/20100101 Firefox/117.0"
77.119.216.46 - - [21/Sep/2023:16:10:24 +0200] "GET /entry.php?id=10271&&ser=305364 HTTP/1.1" 200 988 "http://hausegger.activities.at/entry.php?id=10271&&ser=305304" "Mozilla/5.0 (Windows NT 10.0; Win64; x64; rv:109.0) Gecko/20100101 Firefox/117.0"
77.119.216.46 - - [21/Sep/2023:16:10:25 +0200] "GET /gui/javascript/form_form.js?1695305425 HTTP/1.1" 200 16206 "http://hausegger.activities.at/entry.php?id=10271&&ser=305364" "Mozilla/5.0 (Windows NT 10.0; Win64; x64; rv:109.0) Gecko/20100101 Firefox/117.0"
156.59.198.136 - - [21/Sep/2023:16:10:27 +0200] "GET /renault.activities.at/htdocs/export/pdf/emuc_document/12090441.pdf HTTP/1.0" 404 321 "http://212.69.160.11:443/renault.activities.at/htdocs/export/pdf/emuc_document/" "Mozilla/5.0 (Linux; Android 5.0) AppleWebKit/537.36 (KHTML, like Gecko) Mobile Safari/537.36 (compatible; Bytespider; spider-feedback@bytedance.com)"
156.59.198.136 - - [21/Sep/2023:16:10:52 +0200] "GET /renault.activities.at/htdocs/export/pdf/emuc_document/11182002.pdf HTTP/1.0" 404 321 "http://212.69.160.11:443/renault.activities.at/htdocs/export/pdf/emuc_document/" "Mozilla/5.0 (Linux; Android 5.0) AppleWebKit/537.36 (KHTML, like Gecko) Mobile Safari/537.36 (compatible; Bytespider; spider-feedback@bytedance.com)"
77.119.216.46 - - [21/Sep/2023:16:11:03 +0200] "GET /entry.php?id=10271&&ser=305402 HTTP/1.1" 200 988 "http://hausegger.activities.at/entry.php?id=10271&&ser=305341" "Mozilla/5.0 (Windows NT 10.0; Win64; x64) AppleWebKit/537.36 (KHTML, like Gecko) Chrome/116.0.0.0 Safari/537.36"
77.119.216.46 - - [21/Sep/2023:16:11:03 +0200] "GET /gui/javascript/form_form.js?1695305463 HTTP/1.1" 200 16206 "http://hausegger.activities.at/entry.php?id=10271&&ser=305402" "Mozilla/5.0 (Windows NT 10.0; Win64; x64) AppleWebKit/537.36 (KHTML, like Gecko) Chrome/116.0.0.0 Safari/537.36"
156.59.198.135 - - [21/Sep/2023:16:11:16 +0200] "GET /renault.activities.at/htdocs/export/pdf/emuc_document/11795111.pdf HTTP/1.0" 404 321 "http://212.69.160.11:443/renault.activities.at/htdocs/export/pdf/emuc_document/" "Mozilla/5.0 (Linux; Android 5.0) AppleWebKit/537.36 (KHTML, like Gecko) Mobile Safari/537.36 (compatible; Bytespider; spider-feedback@bytedance.com)"
77.119.216.46 - - [21/Sep/2023:16:11:26 +0200] "GET /entry.php?id=10271&&ser=305425 HTTP/1.1" 200 987 "http://hausegger.activities.at/entry.php?id=10271&&ser=305364" "Mozilla/5.0 (Windows NT 10.0; Win64; x64; rv:109.0) Gecko/20100101 Firefox/117.0"
77.119.216.46 - - [21/Sep/2023:16:11:26 +0200] "GET /gui/javascript/form_form.js?1695305486 HTTP/1.1" 200 16206 "http://hausegger.activities.at/entry.php?id=10271&&ser=305425" "Mozilla/5.0 (Windows NT 10.0; Win64; x64; rv:109.0) Gecko/20100101 Firefox/117.0"
156.59.198.136 - - [21/Sep/2023:16:11:40 +0200] "GET /renault.activities.at/htdocs/export/pdf/emuc_document/12304914.pdf HTTP/1.0" 404 322 "http://212.69.160.11:443/renault.activities.at/htdocs/export/pdf/emuc_document/" "Mozilla/5.0 (Linux; Android 5.0) AppleWebKit/537.36 (KHTML, like Gecko) Mobile Safari/537.36 (compatible; Bytespider; spider-feedback@bytedance.com)"
185.130.224.69 - - [21/Sep/2023:16:11:47 +0200] "GET / HTTP/1.0" 200 423 "-" "-"
185.130.224.69 - - [21/Sep/2023:16:11:47 +0200] "GET /CSS/Miniweb.css HTTP/1.1" 404 375 "-" "curl/7.54.0"
185.130.224.69 - - [21/Sep/2023:16:11:47 +0200] "GET /rWGL HTTP/1.1" 404 364 "-" "curl/7.54.0"
185.130.224.69 - - [21/Sep/2023:16:11:47 +0200] "POST /scripts/WPnBr.dll HTTP/1.1" 404 377 "-" "curl/7.54.0"
185.130.224.69 - - [21/Sep/2023:16:11:47 +0200] "GET /nmaplowercheck1695301331 HTTP/1.1" 404 384 "-" "curl/7.54.0"
185.130.224.69 - - [21/Sep/2023:16:11:47 +0200] "GET /server-status HTTP/1.1" 403 377 "-" "curl/7.54.0"
185.130.224.69 - - [21/Sep/2023:16:11:47 +0200] "GET / HTTP/1.1" 200 423 "-" "curl/7.54.0"
185.130.224.69 - - [21/Sep/2023:16:11:48 +0200] "GET /HNAP1 HTTP/1.1" 404 365 "-" "curl/7.54.0"
185.130.224.69 - - [21/Sep/2023:16:11:48 +0200] "GET /?=PHPE9568F36-D428-11d2-A769-00AA001ACF42 HTTP/1.1" 200 3810 "-" "curl/7.54.0"
185.130.224.69 - - [21/Sep/2023:16:11:48 +0200] "GET / HTTP/1.0" 200 423 "-" "-"
185.130.224.69 - - [21/Sep/2023:16:11:49 +0200] "GET / HTTP/1.1" 200 423 "-" "curl/7.54.0"
185.130.224.69 - - [21/Sep/2023:16:11:49 +0200] "GET /pools/default/buckets HTTP/1.1" 404 381 "-" "curl/7.54.0"
185.130.224.69 - - [21/Sep/2023:16:11:49 +0200] "GET /?=PHPB8B5F2A0-3C92-11d3-A3A9-4C7B08C10000 HTTP/1.1" 200 13229 "-" "curl/7.54.0"
185.130.224.69 - - [21/Sep/2023:16:11:49 +0200] "HEAD / HTTP/1.1" 200 - "-" "curl/7.54.0"
185.130.224.69 - - [21/Sep/2023:16:11:49 +0200] "GET /Portal/Portal.mwsl HTTP/1.1" 404 378 "-" "curl/7.54.0"
185.130.224.69 - - [21/Sep/2023:16:11:49 +0200] "GET /Portal0000.htm HTTP/1.1" 404 374 "-" "curl/7.54.0"
185.130.224.69 - - [21/Sep/2023:16:11:50 +0200] "GET /docs/cplugError.html/ HTTP/1.1" 404 381 "-" "curl/7.54.0"
185.130.224.69 - - [21/Sep/2023:16:11:50 +0200] "GET /pools HTTP/1.1" 404 365 "-" "curl/7.54.0"
185.130.224.69 - - [21/Sep/2023:16:11:50 +0200] "GET /.git/HEAD HTTP/1.1" 404 369 "-" "curl/7.54.0"
185.130.224.69 - - [21/Sep/2023:16:11:50 +0200] "POST /sdk HTTP/1.1" 404 363 "-" "curl/7.54.0"
185.130.224.69 - - [21/Sep/2023:16:11:50 +0200] "GET / HTTP/1.1" 200 423 "-" "curl/7.54.0"
185.130.224.69 - - [21/Sep/2023:16:11:50 +0200] "GET /__Additional HTTP/1.1" 404 372 "-" "curl/7.54.0"
185.130.224.69 - - [21/Sep/2023:16:11:50 +0200] "GET /base.shtml HTTP/1.1" 404 370 "-" "curl/7.54.0"
185.130.224.69 - - [21/Sep/2023:16:11:50 +0200] "GET / HTTP/1.1" 200 423 "-" "curl/7.54.0"
185.130.224.69 - - [21/Sep/2023:16:11:50 +0200] "GET /index.cgi HTTP/1.1" 404 369 "-" "curl/7.54.0"
185.130.224.69 - - [21/Sep/2023:16:11:50 +0200] "GET /activities.ico HTTP/1.1" 200 1406 "-" "curl/7.54.0"
185.130.224.69 - - [21/Sep/2023:16:11:50 +0200] "GET /home.jhtml HTTP/1.1" 404 370 "-" "curl/7.54.0"
185.130.224.69 - - [21/Sep/2023:16:11:50 +0200] "GET /default.cgi HTTP/1.1" 404 371 "-" "curl/7.54.0"
185.130.224.69 - - [21/Sep/2023:16:11:50 +0200] "GET /index.jsa HTTP/1.1" 404 369 "-" "curl/7.54.0"
185.130.224.69 - - [21/Sep/2023:16:11:50 +0200] "GET /localstart.html HTTP/1.1" 404 375 "-" "curl/7.54.0"
185.130.224.69 - - [21/Sep/2023:16:11:51 +0200] "GET /localstart.aspx HTTP/1.1" 404 375 "-" "curl/7.54.0"
185.130.224.69 - - [21/Sep/2023:16:11:51 +0200] "GET /start.html HTTP/1.1" 404 370 "-" "curl/7.54.0"
185.130.224.69 - - [21/Sep/2023:16:11:51 +0200] "GET /robots.txt HTTP/1.1" 404 370 "-" "curl/7.54.0"
185.130.224.69 - - [21/Sep/2023:16:11:51 +0200] "GET /indice.jsa HTTP/1.1" 404 370 "-" "curl/7.54.0"
185.130.224.69 - - [21/Sep/2023:16:11:51 +0200] "GET /menu.jhtml HTTP/1.1" 404 370 "-" "curl/7.54.0"
185.130.224.69 - - [21/Sep/2023:16:11:51 +0200] "GET /admin.shtml HTTP/1.1" 404 371 "-" "curl/7.54.0"
185.130.224.69 - - [21/Sep/2023:16:11:52 +0200] "GET /default.jhtml HTTP/1.1" 404 373 "-" "curl/7.54.0"
185.130.224.69 - - [21/Sep/2023:16:11:52 +0200] "GET /base.html HTTP/1.1" 404 369 "-" "curl/7.54.0"
185.130.224.69 - - [21/Sep/2023:16:11:52 +0200] "GET /home.cgi HTTP/1.1" 404 368 "-" "curl/7.54.0"
185.130.224.69 - - [21/Sep/2023:16:11:52 +0200] "GET /home.aspx HTTP/1.1" 404 369 "-" "curl/7.54.0"
185.130.224.69 - - [21/Sep/2023:16:11:52 +0200] "GET /admin.pl HTTP/1.1" 404 368 "-" "curl/7.54.0"
185.130.224.69 - - [21/Sep/2023:16:11:52 +0200] "GET /indice.aspx HTTP/1.1" 404 371 "-" "curl/7.54.0"
185.130.224.69 - - [21/Sep/2023:16:11:52 +0200] "GET /default.html HTTP/1.1" 404 372 "-" "curl/7.54.0"
185.130.224.69 - - [21/Sep/2023:16:11:53 +0200] "GET /default.pl HTTP/1.1" 404 370 "-" "curl/7.54.0"
185.130.224.69 - - [21/Sep/2023:16:11:53 +0200] "GET /main.asp HTTP/1.1" 404 368 "-" "curl/7.54.0"
185.130.224.69 - - [21/Sep/2023:16:11:53 +0200] "GET /base.jhtml HTTP/1.1" 404 370 "-" "curl/7.54.0"
185.130.224.69 - - [21/Sep/2023:16:11:53 +0200] "GET /admin.php HTTP/1.1" 404 369 "-" "curl/7.54.0"
185.130.224.69 - - [21/Sep/2023:16:11:53 +0200] "GET /home.shtml HTTP/1.1" 404 370 "-" "curl/7.54.0"
185.130.224.69 - - [21/Sep/2023:16:11:53 +0200] "GET /index.jhtml HTTP/1.1" 404 371 "-" "curl/7.54.0"
185.130.224.69 - - [21/Sep/2023:16:11:53 +0200] "GET /base.cgi HTTP/1.1" 404 368 "-" "curl/7.54.0"
185.130.224.69 - - [21/Sep/2023:16:11:54 +0200] "GET /home.jsa HTTP/1.1" 404 368 "-" "curl/7.54.0"
185.130.224.69 - - [21/Sep/2023:16:11:54 +0200] "GET /inicio.aspx HTTP/1.1" 404 371 "-" "curl/7.54.0"
185.130.224.69 - - [21/Sep/2023:16:11:54 +0200] "GET /base.php HTTP/1.1" 404 368 "-" "curl/7.54.0"
185.130.224.69 - - [21/Sep/2023:16:11:54 +0200] "GET /home.php HTTP/1.1" 404 368 "-" "curl/7.54.0"
185.130.224.69 - - [21/Sep/2023:16:11:54 +0200] "GET /inicio.jsp HTTP/1.1" 404 370 "-" "curl/7.54.0"
185.130.224.69 - - [21/Sep/2023:16:11:54 +0200] "GET /admin.jhtml HTTP/1.1" 404 371 "-" "curl/7.54.0"
185.130.224.69 - - [21/Sep/2023:16:11:55 +0200] "GET /admin.html HTTP/1.1" 404 370 "-" "curl/7.54.0"
185.130.224.69 - - [21/Sep/2023:16:11:55 +0200] "GET /localstart.pl HTTP/1.1" 404 373 "-" "curl/7.54.0"
185.130.224.69 - - [21/Sep/2023:16:11:55 +0200] "GET /start.jsp HTTP/1.1" 404 369 "-" "curl/7.54.0"
185.130.224.69 - - [21/Sep/2023:16:11:55 +0200] "GET /admin.cgi HTTP/1.1" 404 369 "-" "curl/7.54.0"
185.130.224.69 - - [21/Sep/2023:16:11:55 +0200] "GET /admin.cfm HTTP/1.1" 404 369 "-" "curl/7.54.0"
185.130.224.69 - - [21/Sep/2023:16:11:55 +0200] "GET /admin.aspx HTTP/1.1" 404 370 "-" "curl/7.54.0"
185.130.224.69 - - [21/Sep/2023:16:11:55 +0200] "GET /base.asp HTTP/1.1" 404 368 "-" "curl/7.54.0"
185.130.224.69 - - [21/Sep/2023:16:11:56 +0200] "GET /index.html HTTP/1.1" 404 370 "-" "curl/7.54.0"
185.130.224.69 - - [21/Sep/2023:16:11:56 +0200] "GET /start.shtml HTTP/1.1" 404 371 "-" "curl/7.54.0"
185.130.224.69 - - [21/Sep/2023:16:11:56 +0200] "GET /inicio.cgi HTTP/1.1" 404 370 "-" "curl/7.54.0"
185.130.224.69 - - [21/Sep/2023:16:11:56 +0200] "GET /index.cfm HTTP/1.1" 404 369 "-" "curl/7.54.0"
185.130.224.69 - - [21/Sep/2023:16:11:56 +0200] "GET /inicio.shtml HTTP/1.1" 404 372 "-" "curl/7.54.0"
185.130.224.69 - - [21/Sep/2023:16:11:56 +0200] "GET /menu.cfm HTTP/1.1" 404 368 "-" "curl/7.54.0"
185.130.224.69 - - [21/Sep/2023:16:11:57 +0200] "GET /menu.html HTTP/1.1" 404 369 "-" "curl/7.54.0"
185.130.224.69 - - [21/Sep/2023:16:11:57 +0200] "GET /localstart.jhtml HTTP/1.1" 404 376 "-" "curl/7.54.0"
185.130.224.69 - - [21/Sep/2023:16:11:57 +0200] "\x16\x03\x01\x02" 400 383 "-" "-"
185.130.224.69 - - [21/Sep/2023:16:11:57 +0200] "GET /base.jsa HTTP/1.1" 404 368 "-" "curl/7.54.0"
185.130.224.69 - - [21/Sep/2023:16:11:57 +0200] "GET /base.inc HTTP/1.1" 404 368 "-" "curl/7.54.0"
185.130.224.69 - - [21/Sep/2023:16:11:57 +0200] "GET /index.shtml HTTP/1.1" 404 371 "-" "curl/7.54.0"
185.130.224.69 - - [21/Sep/2023:16:11:57 +0200] "GET /menu.asp HTTP/1.1" 404 368 "-" "curl/7.54.0"
185.130.224.69 - - [21/Sep/2023:16:11:57 +0200] "GET /indice.html HTTP/1.1" 404 371 "-" "curl/7.54.0"
185.130.224.69 - - [21/Sep/2023:16:11:58 +0200] "GET /index.php HTTP/1.1" 200 423 "-" "curl/7.54.0"
185.130.224.69 - - [21/Sep/2023:16:11:58 +0200] "GET /indice.jhtml HTTP/1.1" 404 372 "-" "curl/7.54.0"
185.130.224.69 - - [21/Sep/2023:16:11:58 +0200] "GET /main.jsp HTTP/1.1" 404 368 "-" "curl/7.54.0"
185.130.224.69 - - [21/Sep/2023:16:11:58 +0200] "GET /indice.cgi HTTP/1.1" 404 370 "-" "curl/7.54.0"
185.130.224.69 - - [21/Sep/2023:16:11:58 +0200] "GET /admin.jsp HTTP/1.1" 404 369 "-" "curl/7.54.0"
185.130.224.69 - - [21/Sep/2023:16:11:58 +0200] "GET /menu.pl HTTP/1.1" 404 367 "-" "curl/7.54.0"
185.130.224.69 - - [21/Sep/2023:16:11:59 +0200] "GET /menu.cgi HTTP/1.1" 404 368 "-" "curl/7.54.0"
185.130.224.69 - - [21/Sep/2023:16:11:59 +0200] "GET /base.aspx HTTP/1.1" 404 369 "-" "curl/7.54.0"
185.130.224.69 - - [21/Sep/2023:16:11:59 +0200] "GET /admin.asp HTTP/1.1" 404 369 "-" "curl/7.54.0"
185.130.224.69 - - [21/Sep/2023:16:11:59 +0200] "GET /indice.shtml HTTP/1.1" 404 372 "-" "curl/7.54.0"
185.130.224.69 - - [21/Sep/2023:16:11:59 +0200] "GET /indice.pl HTTP/1.1" 404 369 "-" "curl/7.54.0"
185.130.224.69 - - [21/Sep/2023:16:11:59 +0200] "GET /default.aspx HTTP/1.1" 404 372 "-" "curl/7.54.0"
185.130.224.69 - - [21/Sep/2023:16:11:59 +0200] "GET /indice.php HTTP/1.1" 404 370 "-" "curl/7.54.0"
185.130.224.69 - - [21/Sep/2023:16:12:00 +0200] "GET /start.jhtml HTTP/1.1" 404 371 "-" "curl/7.54.0"
185.130.224.69 - - [21/Sep/2023:16:12:00 +0200] "GET /base.cfm HTTP/1.1" 404 368 "-" "curl/7.54.0"
185.130.224.69 - - [21/Sep/2023:16:12:00 +0200] "GET /readme.txt HTTP/1.1" 404 370 "-" "curl/7.54.0"
185.130.224.69 - - [21/Sep/2023:16:12:00 +0200] "GET /index.jsp HTTP/1.1" 404 369 "-" "curl/7.54.0"
185.130.224.69 - - [21/Sep/2023:16:12:00 +0200] "GET /default.jsa HTTP/1.1" 404 371 "-" "curl/7.54.0"
185.130.224.69 - - [21/Sep/2023:16:12:00 +0200] "GET /main.php HTTP/1.1" 404 368 "-" "curl/7.54.0"
185.130.224.69 - - [21/Sep/2023:16:12:00 +0200] "GET /localstart.jsp HTTP/1.1" 404 374 "-" "curl/7.54.0"
185.130.224.69 - - [21/Sep/2023:16:12:01 +0200] "GET /default.cfm HTTP/1.1" 404 371 "-" "curl/7.54.0"
185.130.224.69 - - [21/Sep/2023:16:12:01 +0200] "GET /indice.cfm HTTP/1.1" 404 370 "-" "curl/7.54.0"
185.130.224.69 - - [21/Sep/2023:16:12:01 +0200] "GET /default.jsp HTTP/1.1" 404 371 "-" "curl/7.54.0"
185.130.224.69 - - [21/Sep/2023:16:12:01 +0200] "GET /base.jsp HTTP/1.1" 404 368 "-" "curl/7.54.0"
185.130.224.69 - - [21/Sep/2023:16:12:01 +0200] "GET /inicio.pl HTTP/1.1" 404 369 "-" "curl/7.54.0"
185.130.224.69 - - [21/Sep/2023:16:12:01 +0200] "GET /menu.php HTTP/1.1" 404 368 "-" "curl/7.54.0"
185.130.224.69 - - [21/Sep/2023:16:12:02 +0200] "GET /menu.shtml HTTP/1.1" 404 370 "-" "curl/7.54.0"
185.130.224.69 - - [21/Sep/2023:16:12:02 +0200] "GET /inicio.jhtml HTTP/1.1" 404 372 "-" "curl/7.54.0"
185.130.224.69 - - [21/Sep/2023:16:12:02 +0200] "GET /start.cfm HTTP/1.1" 404 369 "-" "curl/7.54.0"
185.130.224.69 - - [21/Sep/2023:16:12:02 +0200] "GET /index.aspx HTTP/1.1" 404 370 "-" "curl/7.54.0"
185.130.224.69 - - [21/Sep/2023:16:12:02 +0200] "GET /default.asp HTTP/1.1" 404 371 "-" "curl/7.54.0"
185.130.224.69 - - [21/Sep/2023:16:12:02 +0200] "GET /main.shtml HTTP/1.1" 404 370 "-" "curl/7.54.0"
185.130.224.69 - - [21/Sep/2023:16:12:02 +0200] "GET /default.shtml HTTP/1.1" 404 373 "-" "curl/7.54.0"
185.130.224.69 - - [21/Sep/2023:16:12:03 +0200] "GET /admin.jsa HTTP/1.1" 404 369 "-" "curl/7.54.0"
185.130.224.69 - - [21/Sep/2023:16:12:03 +0200] "GET /index.pl HTTP/1.1" 404 368 "-" "curl/7.54.0"
185.130.224.69 - - [21/Sep/2023:16:12:03 +0200] "GET /inicio.php HTTP/1.1" 404 370 "-" "curl/7.54.0"
185.130.224.69 - - [21/Sep/2023:16:12:03 +0200] "GET /main.aspx HTTP/1.1" 404 369 "-" "curl/7.54.0"
185.130.224.69 - - [21/Sep/2023:16:12:03 +0200] "GET /home.cfm HTTP/1.1" 404 368 "-" "curl/7.54.0"
185.130.224.69 - - [21/Sep/2023:16:12:03 +0200] "GET /main.cfm HTTP/1.1" 404 368 "-" "curl/7.54.0"
185.130.224.69 - - [21/Sep/2023:16:12:04 +0200] "GET /inicio.html HTTP/1.1" 404 371 "-" "curl/7.54.0"
185.130.224.69 - - [21/Sep/2023:16:12:04 +0200] "GET /base.pl HTTP/1.1" 404 367 "-" "curl/7.54.0"
185.130.224.69 - - [21/Sep/2023:16:12:04 +0200] "GET /localstart.cfm HTTP/1.1" 404 374 "-" "curl/7.54.0"
185.130.224.69 - - [21/Sep/2023:16:12:04 +0200] "GET /inicio.cfm HTTP/1.1" 404 370 "-" "curl/7.54.0"
185.130.224.69 - - [21/Sep/2023:16:12:04 +0200] "GET /inicio.asp HTTP/1.1" 404 370 "-" "curl/7.54.0"
185.130.224.69 - - [21/Sep/2023:16:12:04 +0200] "GET /localstart.cgi HTTP/1.1" 404 374 "-" "curl/7.54.0"
185.130.224.69 - - [21/Sep/2023:16:12:04 +0200] "GET /localstart.shtml HTTP/1.1" 404 376 "-" "curl/7.54.0"
77.119.216.46 - - [21/Sep/2023:16:12:04 +0200] "GET /entry.php?id=10271&&ser=305463 HTTP/1.1" 200 988 "http://hausegger.activities.at/entry.php?id=10271&&ser=305402" "Mozilla/5.0 (Windows NT 10.0; Win64; x64) AppleWebKit/537.36 (KHTML, like Gecko) Chrome/116.0.0.0 Safari/537.36"
77.119.216.46 - - [21/Sep/2023:16:12:05 +0200] "GET /gui/javascript/form_form.js?1695305524 HTTP/1.1" 200 16206 "http://hausegger.activities.at/entry.php?id=10271&&ser=305463" "Mozilla/5.0 (Windows NT 10.0; Win64; x64) AppleWebKit/537.36 (KHTML, like Gecko) Chrome/116.0.0.0 Safari/537.36"
185.130.224.69 - - [21/Sep/2023:16:12:05 +0200] "GET /localstart.php HTTP/1.1" 404 374 "-" "curl/7.54.0"
185.130.224.69 - - [21/Sep/2023:16:12:05 +0200] "GET /main.jsa HTTP/1.1" 404 368 "-" "curl/7.54.0"
185.130.224.69 - - [21/Sep/2023:16:12:05 +0200] "GET /localstart.jsa HTTP/1.1" 404 374 "-" "curl/7.54.0"
185.130.224.69 - - [21/Sep/2023:16:12:05 +0200] "GET /localstart.asp HTTP/1.1" 404 374 "-" "curl/7.54.0"
156.59.198.136 - - [21/Sep/2023:16:12:05 +0200] "GET /renault.activities.at/htdocs/export/pdf/emuc_document/11907251.pdf HTTP/1.0" 404 322 "http://212.69.160.11:443/renault.activities.at/htdocs/export/pdf/emuc_document/" "Mozilla/5.0 (Linux; Android 5.0) AppleWebKit/537.36 (KHTML, like Gecko) Mobile Safari/537.36 (compatible; Bytespider; spider-feedback@bytedance.com)"
185.130.224.69 - - [21/Sep/2023:16:12:05 +0200] "GET default.asp HTTP/1.1" 400 388 "-" "curl/7.54.0"
185.130.224.69 - - [21/Sep/2023:16:12:05 +0200] "GET /menu.jsa HTTP/1.1" 404 368 "-" "curl/7.54.0"
185.130.224.69 - - [21/Sep/2023:16:12:05 +0200] "GET /default.php HTTP/1.1" 404 371 "-" "curl/7.54.0"
185.130.224.69 - - [21/Sep/2023:16:12:06 +0200] "GET /start.pl HTTP/1.1" 404 368 "-" "curl/7.54.0"
185.130.224.69 - - [21/Sep/2023:16:12:06 +0200] "GET /home.asp HTTP/1.1" 404 368 "-" "curl/7.54.0"
185.130.224.69 - - [21/Sep/2023:16:12:06 +0200] "GET /menu.jsp HTTP/1.1" 404 368 "-" "curl/7.54.0"
185.130.224.69 - - [21/Sep/2023:16:12:06 +0200] "GET /start.jsa HTTP/1.1" 404 369 "-" "curl/7.54.0"
185.130.224.69 - - [21/Sep/2023:16:12:06 +0200] "GET /home.html HTTP/1.1" 404 369 "-" "curl/7.54.0"
185.130.224.69 - - [21/Sep/2023:16:12:06 +0200] "GET /start.cgi HTTP/1.1" 404 369 "-" "curl/7.54.0"
185.130.224.69 - - [21/Sep/2023:16:12:07 +0200] "GET /home.jsp HTTP/1.1" 404 368 "-" "curl/7.54.0"
185.130.224.69 - - [21/Sep/2023:16:12:07 +0200] "GET /menu.aspx HTTP/1.1" 404 369 "-" "curl/7.54.0"
185.130.224.69 - - [21/Sep/2023:16:12:07 +0200] "GET /indice.asp HTTP/1.1" 404 370 "-" "curl/7.54.0"
185.130.224.69 - - [21/Sep/2023:16:12:07 +0200] "GET /home.pl HTTP/1.1" 404 367 "-" "curl/7.54.0"
185.130.224.69 - - [21/Sep/2023:16:12:07 +0200] "GET /main.html HTTP/1.1" 404 369 "-" "curl/7.54.0"
185.130.224.69 - - [21/Sep/2023:16:12:07 +0200] "GET /index.asp HTTP/1.1" 404 369 "-" "curl/7.54.0"
185.130.224.69 - - [21/Sep/2023:16:12:07 +0200] "GET /start.aspx HTTP/1.1" 404 370 "-" "curl/7.54.0"
185.130.224.69 - - [21/Sep/2023:16:12:08 +0200] "GET /main.cgi HTTP/1.1" 404 368 "-" "curl/7.54.0"
185.130.224.69 - - [21/Sep/2023:16:12:08 +0200] "GET /start.php HTTP/1.1" 404 369 "-" "curl/7.54.0"
185.130.224.69 - - [21/Sep/2023:16:12:08 +0200] "GET /start.asp HTTP/1.1" 404 369 "-" "curl/7.54.0"
185.130.224.69 - - [21/Sep/2023:16:12:08 +0200] "GET /main.pl HTTP/1.1" 404 367 "-" "curl/7.54.0"
185.130.224.69 - - [21/Sep/2023:16:12:08 +0200] "GET /indice.jsp HTTP/1.1" 404 370 "-" "curl/7.54.0"
185.130.224.69 - - [21/Sep/2023:16:12:08 +0200] "GET /inicio.jsa HTTP/1.1" 404 370 "-" "curl/7.54.0"
185.130.224.69 - - [21/Sep/2023:16:12:09 +0200] "-" 408 - "-" "-"
185.130.224.69 - - [21/Sep/2023:16:12:09 +0200] "GET /main.jhtml HTTP/1.1" 404 370 "-" "curl/7.54.0"
185.130.224.69 - - [21/Sep/2023:16:12:09 +0200] "GET / HTTP/1.0" 200 423 "-" "-"
77.119.216.46 - - [21/Sep/2023:16:12:09 +0200] "GET /entry.php?id=10712 HTTP/1.1" 200 402 "http://hausegger.activities.at/entry.php?id=10270&__app__=10006038" "Mozilla/5.0 (Windows NT 10.0; Win64; x64; rv:109.0) Gecko/20100101 Firefox/117.0"
185.130.224.69 - - [21/Sep/2023:16:12:09 +0200] "GET / HTTP/1.1" 200 423 "-" "-"
77.119.216.46 - - [21/Sep/2023:16:12:09 +0200] "GET /entry.php?id=10676&&title=Artikelverwaltung HTTP/1.1" 200 1394 "http://hausegger.activities.at/entry.php?id=10712" "Mozilla/5.0 (Windows NT 10.0; Win64; x64; rv:109.0) Gecko/20100101 Firefox/117.0"
77.119.216.46 - - [21/Sep/2023:16:12:10 +0200] "GET /entry.php?id=10716& HTTP/1.1" 200 4868 "http://hausegger.activities.at/entry.php?id=10712" "Mozilla/5.0 (Windows NT 10.0; Win64; x64; rv:109.0) Gecko/20100101 Firefox/117.0"
77.119.216.46 - - [21/Sep/2023:16:12:10 +0200] "GET /gui/javascript/form_form.js?1695305530 HTTP/1.1" 200 16206 "http://hausegger.activities.at/entry.php?id=10676&&title=Artikelverwaltung" "Mozilla/5.0 (Windows NT 10.0; Win64; x64; rv:109.0) Gecko/20100101 Firefox/117.0"
77.119.216.46 - - [21/Sep/2023:16:12:10 +0200] "GET /gui/javascript/form_form.js?1695305530 HTTP/1.1" 200 16206 "http://hausegger.activities.at/entry.php?id=10716&" "Mozilla/5.0 (Windows NT 10.0; Win64; x64; rv:109.0) Gecko/20100101 Firefox/117.0"
77.119.216.46 - - [21/Sep/2023:16:12:10 +0200] "GET /entry.php?id=10715& HTTP/1.1" 200 2534 "http://hausegger.activities.at/entry.php?id=10712" "Mozilla/5.0 (Windows NT 10.0; Win64; x64; rv:109.0) Gecko/20100101 Firefox/117.0"
77.119.216.46 - - [21/Sep/2023:16:12:10 +0200] "GET /entry.php?id=10778&form=10560&name=list& HTTP/1.1" 200 2691 "http://hausegger.activities.at/entry.php?id=10715&" "Mozilla/5.0 (Windows NT 10.0; Win64; x64; rv:109.0) Gecko/20100101 Firefox/117.0"
77.119.216.46 - - [21/Sep/2023:16:12:10 +0200] "GET /entry.php?id=10776&form=10560&name=list& HTTP/1.1" 200 2179 "http://hausegger.activities.at/entry.php?id=10715&" "Mozilla/5.0 (Windows NT 10.0; Win64; x64; rv:109.0) Gecko/20100101 Firefox/117.0"
77.119.216.46 - - [21/Sep/2023:16:12:11 +0200] "GET /entry.php?id=10714&checksegmentation=false& HTTP/1.1" 200 4124 "http://hausegger.activities.at/entry.php?id=10712" "Mozilla/5.0 (Windows NT 10.0; Win64; x64; rv:109.0) Gecko/20100101 Firefox/117.0"
77.119.216.46 - - [21/Sep/2023:16:12:11 +0200] "GET /activities/framework/KoolControls/KoolAjax/koolajax.php?8436e354c842500aba3cbaf0584c0c24 HTTP/1.1" 200 4079 "http://hausegger.activities.at/entry.php?id=10714&checksegmentation=false&" "Mozilla/5.0 (Windows NT 10.0; Win64; x64; rv:109.0) Gecko/20100101 Firefox/117.0"
77.119.216.46 - - [21/Sep/2023:16:12:11 +0200] "GET /gui/javascript/form_form.js?1695305531 HTTP/1.1" 200 16206 "http://hausegger.activities.at/entry.php?id=10714&checksegmentation=false&" "Mozilla/5.0 (Windows NT 10.0; Win64; x64; rv:109.0) Gecko/20100101 Firefox/117.0"
77.119.216.46 - - [21/Sep/2023:16:12:11 +0200] "GET /activities/framework/KoolControls/KoolTreeView/kooltreeview.php?c7cd9180e88ffef8e70f13526bb4f5f7 HTTP/1.1" 200 5055 "http://hausegger.activities.at/entry.php?id=10714&checksegmentation=false&" "Mozilla/5.0 (Windows NT 10.0; Win64; x64; rv:109.0) Gecko/20100101 Firefox/117.0"
77.119.216.46 - - [21/Sep/2023:16:12:14 +0200] "POST /entry.php?id=10715 HTTP/1.1" 200 2612 "http://hausegger.activities.at/entry.php?id=10715&" "Mozilla/5.0 (Windows NT 10.0; Win64; x64; rv:109.0) Gecko/20100101 Firefox/117.0"
77.119.216.46 - - [21/Sep/2023:16:12:14 +0200] "GET /gui/javascript/form_form.js?1695305534 HTTP/1.1" 200 16206 "http://hausegger.activities.at/entry.php?id=10715" "Mozilla/5.0 (Windows NT 10.0; Win64; x64; rv:109.0) Gecko/20100101 Firefox/117.0"
77.119.216.46 - - [21/Sep/2023:16:12:14 +0200] "GET /entry.php?id=10776&form=10560&name=list& HTTP/1.1" 200 2313 "http://hausegger.activities.at/entry.php?id=10715" "Mozilla/5.0 (Windows NT 10.0; Win64; x64; rv:109.0) Gecko/20100101 Firefox/117.0"
77.119.216.46 - - [21/Sep/2023:16:12:14 +0200] "GET /entry.php?id=10778&form=10560&name=list& HTTP/1.1" 200 3008 "http://hausegger.activities.at/entry.php?id=10715" "Mozilla/5.0 (Windows NT 10.0; Win64; x64; rv:109.0) Gecko/20100101 Firefox/117.0"
77.119.216.46 - - [21/Sep/2023:16:12:22 +0200] "POST /entry.php?id=10715 HTTP/1.1" 200 2612 "http://hausegger.activities.at/entry.php?id=10715" "Mozilla/5.0 (Windows NT 10.0; Win64; x64; rv:109.0) Gecko/20100101 Firefox/117.0"
77.119.216.46 - - [21/Sep/2023:16:12:22 +0200] "GET /gui/javascript/form_form.js?1695305542 HTTP/1.1" 200 16206 "http://hausegger.activities.at/entry.php?id=10715" "Mozilla/5.0 (Windows NT 10.0; Win64; x64; rv:109.0) Gecko/20100101 Firefox/117.0"
77.119.216.46 - - [21/Sep/2023:16:12:22 +0200] "GET /entry.php?id=10778&form=10560&name=list& HTTP/1.1" 200 2996 "http://hausegger.activities.at/entry.php?id=10715" "Mozilla/5.0 (Windows NT 10.0; Win64; x64; rv:109.0) Gecko/20100101 Firefox/117.0"
77.119.216.46 - - [21/Sep/2023:16:12:22 +0200] "GET /entry.php?id=10776&form=10560&name=list& HTTP/1.1" 200 2312 "http://hausegger.activities.at/entry.php?id=10715" "Mozilla/5.0 (Windows NT 10.0; Win64; x64; rv:109.0) Gecko/20100101 Firefox/117.0"
77.119.216.46 - - [21/Sep/2023:16:12:27 +0200] "GET /entry.php?id=10271&&ser=305486 HTTP/1.1" 200 988 "http://hausegger.activities.at/entry.php?id=10271&&ser=305425" "Mozilla/5.0 (Windows NT 10.0; Win64; x64; rv:109.0) Gecko/20100101 Firefox/117.0"
77.119.216.46 - - [21/Sep/2023:16:12:27 +0200] "GET /gui/javascript/form_form.js?1695305547 HTTP/1.1" 200 16206 "http://hausegger.activities.at/entry.php?id=10271&&ser=305486" "Mozilla/5.0 (Windows NT 10.0; Win64; x64; rv:109.0) Gecko/20100101 Firefox/117.0"
156.59.198.135 - - [21/Sep/2023:16:12:30 +0200] "GET /renault.activities.at/htdocs/export/pdf/emuc_document/11789694.pdf HTTP/1.0" 404 322 "http://212.69.160.11:443/renault.activities.at/htdocs/export/pdf/emuc_document/" "Mozilla/5.0 (Linux; Android 5.0) AppleWebKit/537.36 (KHTML, like Gecko) Mobile Safari/537.36 (compatible; Bytespider; spider-feedback@bytedance.com)"
77.119.216.46 - - [21/Sep/2023:16:12:30 +0200] "POST /entry.php?id=10715 HTTP/1.1" 200 2613 "http://hausegger.activities.at/entry.php?id=10715" "Mozilla/5.0 (Windows NT 10.0; Win64; x64; rv:109.0) Gecko/20100101 Firefox/117.0"
77.119.216.46 - - [21/Sep/2023:16:12:30 +0200] "GET /gui/javascript/form_form.js?1695305550 HTTP/1.1" 200 16206 "http://hausegger.activities.at/entry.php?id=10715" "Mozilla/5.0 (Windows NT 10.0; Win64; x64; rv:109.0) Gecko/20100101 Firefox/117.0"
77.119.216.46 - - [21/Sep/2023:16:12:30 +0200] "GET /entry.php?id=10778&form=10560&name=list& HTTP/1.1" 200 2997 "http://hausegger.activities.at/entry.php?id=10715" "Mozilla/5.0 (Windows NT 10.0; Win64; x64; rv:109.0) Gecko/20100101 Firefox/117.0"
77.119.216.46 - - [21/Sep/2023:16:12:30 +0200] "GET /entry.php?id=10776&form=10560&name=list& HTTP/1.1" 200 2313 "http://hausegger.activities.at/entry.php?id=10715" "Mozilla/5.0 (Windows NT 10.0; Win64; x64; rv:109.0) Gecko/20100101 Firefox/117.0"
156.59.198.135 - - [21/Sep/2023:16:12:54 +0200] "GET /renault.activities.at/htdocs/export/pdf/emuc_document/11320941.pdf HTTP/1.0" 404 322 "http://212.69.160.11:443/renault.activities.at/htdocs/export/pdf/emuc_document/" "Mozilla/5.0 (Linux; Android 5.0) AppleWebKit/537.36 (KHTML, like Gecko) Mobile Safari/537.36 (compatible; Bytespider; spider-feedback@bytedance.com)"
77.119.216.46 - - [21/Sep/2023:16:13:05 +0200] "GET /entry.php?id=10271&&ser=305524 HTTP/1.1" 200 988 "http://hausegger.activities.at/entry.php?id=10271&&ser=305463" "Mozilla/5.0 (Windows NT 10.0; Win64; x64) AppleWebKit/537.36 (KHTML, like Gecko) Chrome/116.0.0.0 Safari/537.36"
77.119.216.46 - - [21/Sep/2023:16:13:06 +0200] "GET /gui/javascript/form_form.js?1695305585 HTTP/1.1" 200 16206 "http://hausegger.activities.at/entry.php?id=10271&&ser=305524" "Mozilla/5.0 (Windows NT 10.0; Win64; x64) AppleWebKit/537.36 (KHTML, like Gecko) Chrome/116.0.0.0 Safari/537.36"
156.59.198.135 - - [21/Sep/2023:16:13:18 +0200] "GET /renault.activities.at/htdocs/export/pdf/emuc_document/10554099.pdf HTTP/1.0" 404 322 "http://212.69.160.11:443/renault.activities.at/htdocs/export/pdf/emuc_document/" "Mozilla/5.0 (Linux; Android 5.0) AppleWebKit/537.36 (KHTML, like Gecko) Mobile Safari/537.36 (compatible; Bytespider; spider-feedback@bytedance.com)"
77.119.216.46 - - [21/Sep/2023:16:13:27 +0200] "GET /entry.php?id=10271&&ser=305547 HTTP/1.1" 200 987 "http://hausegger.activities.at/entry.php?id=10271&&ser=305486" "Mozilla/5.0 (Windows NT 10.0; Win64; x64; rv:109.0) Gecko/20100101 Firefox/117.0"
77.119.216.46 - - [21/Sep/2023:16:13:27 +0200] "GET /gui/javascript/form_form.js?1695305607 HTTP/1.1" 200 16206 "http://hausegger.activities.at/entry.php?id=10271&&ser=305547" "Mozilla/5.0 (Windows NT 10.0; Win64; x64; rv:109.0) Gecko/20100101 Firefox/117.0"
156.59.198.135 - - [21/Sep/2023:16:13:43 +0200] "GET /renault.activities.at/htdocs/export/pdf/emuc_document/11126920.pdf HTTP/1.0" 404 321 "http://212.69.160.11:443/renault.activities.at/htdocs/export/pdf/emuc_document/" "Mozilla/5.0 (Linux; Android 5.0) AppleWebKit/537.36 (KHTML, like Gecko) Mobile Safari/537.36 (compatible; Bytespider; spider-feedback@bytedance.com)"
77.119.216.46 - - [21/Sep/2023:16:14:06 +0200] "GET /entry.php?id=10271&&ser=305585 HTTP/1.1" 200 987 "http://hausegger.activities.at/entry.php?id=10271&&ser=305524" "Mozilla/5.0 (Windows NT 10.0; Win64; x64) AppleWebKit/537.36 (KHTML, like Gecko) Chrome/116.0.0.0 Safari/537.36"
77.119.216.46 - - [21/Sep/2023:16:14:07 +0200] "GET /gui/javascript/form_form.js?1695305646 HTTP/1.1" 200 16206 "http://hausegger.activities.at/entry.php?id=10271&&ser=305585" "Mozilla/5.0 (Windows NT 10.0; Win64; x64) AppleWebKit/537.36 (KHTML, like Gecko) Chrome/116.0.0.0 Safari/537.36"
156.59.198.135 - - [21/Sep/2023:16:14:07 +0200] "GET /renault.activities.at/htdocs/export/pdf/emuc_document/11659789.pdf HTTP/1.0" 404 322 "http://212.69.160.11:443/renault.activities.at/htdocs/export/pdf/emuc_document/" "Mozilla/5.0 (Linux; Android 5.0) AppleWebKit/537.36 (KHTML, like Gecko) Mobile Safari/537.36 (compatible; Bytespider; spider-feedback@bytedance.com)"
77.119.216.46 - - [21/Sep/2023:16:14:27 +0200] "GET /entry.php?id=10271&&ser=305607 HTTP/1.1" 200 987 "http://hausegger.activities.at/entry.php?id=10271&&ser=305547" "Mozilla/5.0 (Windows NT 10.0; Win64; x64; rv:109.0) Gecko/20100101 Firefox/117.0"
77.119.216.46 - - [21/Sep/2023:16:14:28 +0200] "GET /gui/javascript/form_form.js?1695305667 HTTP/1.1" 200 16206 "http://hausegger.activities.at/entry.php?id=10271&&ser=305607" "Mozilla/5.0 (Windows NT 10.0; Win64; x64; rv:109.0) Gecko/20100101 Firefox/117.0"
156.59.198.136 - - [21/Sep/2023:16:14:32 +0200] "GET /renault.activities.at/htdocs/export/pdf/emuc_document/12465249.pdf HTTP/1.0" 404 321 "http://212.69.160.11:443/renault.activities.at/htdocs/export/pdf/emuc_document/" "Mozilla/5.0 (Linux; Android 5.0) AppleWebKit/537.36 (KHTML, like Gecko) Mobile Safari/537.36 (compatible; Bytespider; spider-feedback@bytedance.com)"
156.59.198.135 - - [21/Sep/2023:16:14:56 +0200] "GET /renault.activities.at/htdocs/export/pdf/emuc_document/12423030.pdf HTTP/1.0" 404 322 "http://212.69.160.11:443/renault.activities.at/htdocs/export/pdf/emuc_document/" "Mozilla/5.0 (Linux; Android 5.0) AppleWebKit/537.36 (KHTML, like Gecko) Mobile Safari/537.36 (compatible; Bytespider; spider-feedback@bytedance.com)"
77.119.216.46 - - [21/Sep/2023:16:15:07 +0200] "GET /entry.php?id=10271&&ser=305646 HTTP/1.1" 200 987 "http://hausegger.activities.at/entry.php?id=10271&&ser=305585" "Mozilla/5.0 (Windows NT 10.0; Win64; x64) AppleWebKit/537.36 (KHTML, like Gecko) Chrome/116.0.0.0 Safari/537.36"
77.119.216.46 - - [21/Sep/2023:16:15:08 +0200] "GET /gui/javascript/form_form.js?1695305707 HTTP/1.1" 200 16206 "http://hausegger.activities.at/entry.php?id=10271&&ser=305646" "Mozilla/5.0 (Windows NT 10.0; Win64; x64) AppleWebKit/537.36 (KHTML, like Gecko) Chrome/116.0.0.0 Safari/537.36"
156.59.198.135 - - [21/Sep/2023:16:15:20 +0200] "GET /renault.activities.at/htdocs/export/pdf/emuc_document/11869543.pdf HTTP/1.0" 404 322 "http://212.69.160.11:443/renault.activities.at/htdocs/export/pdf/emuc_document/" "Mozilla/5.0 (Linux; Android 5.0) AppleWebKit/537.36 (KHTML, like Gecko) Mobile Safari/537.36 (compatible; Bytespider; spider-feedback@bytedance.com)"
77.119.216.46 - - [21/Sep/2023:16:15:28 +0200] "GET /entry.php?id=10271&&ser=305667 HTTP/1.1" 200 988 "http://hausegger.activities.at/entry.php?id=10271&&ser=305607" "Mozilla/5.0 (Windows NT 10.0; Win64; x64; rv:109.0) Gecko/20100101 Firefox/117.0"
77.119.216.46 - - [21/Sep/2023:16:15:28 +0200] "GET /gui/javascript/form_form.js?1695305728 HTTP/1.1" 200 16206 "http://hausegger.activities.at/entry.php?id=10271&&ser=305667" "Mozilla/5.0 (Windows NT 10.0; Win64; x64; rv:109.0) Gecko/20100101 Firefox/117.0"
156.59.198.135 - - [21/Sep/2023:16:15:44 +0200] "GET /renault.activities.at/htdocs/export/pdf/emuc_document/12043847.pdf HTTP/1.0" 404 323 "http://212.69.160.11:443/renault.activities.at/htdocs/export/pdf/emuc_document/" "Mozilla/5.0 (Linux; Android 5.0) AppleWebKit/537.36 (KHTML, like Gecko) Mobile Safari/537.36 (compatible; Bytespider; spider-feedback@bytedance.com)"
156.59.198.135 - - [21/Sep/2023:16:16:09 +0200] "GET /renault.activities.at/htdocs/export/pdf/emuc_document/12126493.pdf HTTP/1.0" 404 322 "http://212.69.160.11:443/renault.activities.at/htdocs/export/pdf/emuc_document/" "Mozilla/5.0 (Linux; Android 5.0) AppleWebKit/537.36 (KHTML, like Gecko) Mobile Safari/537.36 (compatible; Bytespider; spider-feedback@bytedance.com)"
77.119.216.46 - - [21/Sep/2023:16:16:09 +0200] "GET /entry.php?id=10271&&ser=305707 HTTP/1.1" 200 989 "http://hausegger.activities.at/entry.php?id=10271&&ser=305646" "Mozilla/5.0 (Windows NT 10.0; Win64; x64) AppleWebKit/537.36 (KHTML, like Gecko) Chrome/116.0.0.0 Safari/537.36"
77.119.216.46 - - [21/Sep/2023:16:16:10 +0200] "GET /gui/javascript/form_form.js?1695305770 HTTP/1.1" 200 16206 "http://hausegger.activities.at/entry.php?id=10271&&ser=305707" "Mozilla/5.0 (Windows NT 10.0; Win64; x64) AppleWebKit/537.36 (KHTML, like Gecko) Chrome/116.0.0.0 Safari/537.36"
77.119.216.46 - - [21/Sep/2023:16:16:28 +0200] "GET /entry.php?id=10271&&ser=305728 HTTP/1.1" 200 987 "http://hausegger.activities.at/entry.php?id=10271&&ser=305667" "Mozilla/5.0 (Windows NT 10.0; Win64; x64; rv:109.0) Gecko/20100101 Firefox/117.0"
77.119.216.46 - - [21/Sep/2023:16:16:28 +0200] "GET /gui/javascript/form_form.js?1695305788 HTTP/1.1" 200 16206 "http://hausegger.activities.at/entry.php?id=10271&&ser=305728" "Mozilla/5.0 (Windows NT 10.0; Win64; x64; rv:109.0) Gecko/20100101 Firefox/117.0"
156.59.198.136 - - [21/Sep/2023:16:16:34 +0200] "GET /renault.activities.at/htdocs/export/pdf/emuc_document/12148799.pdf HTTP/1.0" 404 322 "http://212.69.160.11:443/renault.activities.at/htdocs/export/pdf/emuc_document/" "Mozilla/5.0 (Linux; Android 5.0) AppleWebKit/537.36 (KHTML, like Gecko) Mobile Safari/537.36 (compatible; Bytespider; spider-feedback@bytedance.com)"
156.59.198.136 - - [21/Sep/2023:16:16:58 +0200] "GET /renault.activities.at/htdocs/export/pdf/emuc_document/11177612.pdf HTTP/1.0" 404 322 "http://212.69.160.11:443/renault.activities.at/htdocs/export/pdf/emuc_document/" "Mozilla/5.0 (Linux; Android 5.0) AppleWebKit/537.36 (KHTML, like Gecko) Mobile Safari/537.36 (compatible; Bytespider; spider-feedback@bytedance.com)"
77.119.216.46 - - [21/Sep/2023:16:17:10 +0200] "GET /entry.php?id=10271&&ser=305769 HTTP/1.1" 200 988 "http://hausegger.activities.at/entry.php?id=10271&&ser=305707" "Mozilla/5.0 (Windows NT 10.0; Win64; x64) AppleWebKit/537.36 (KHTML, like Gecko) Chrome/116.0.0.0 Safari/537.36"
77.119.216.46 - - [21/Sep/2023:16:17:11 +0200] "GET /gui/javascript/form_form.js?1695305830 HTTP/1.1" 200 16206 "http://hausegger.activities.at/entry.php?id=10271&&ser=305769" "Mozilla/5.0 (Windows NT 10.0; Win64; x64) AppleWebKit/537.36 (KHTML, like Gecko) Chrome/116.0.0.0 Safari/537.36"
156.59.198.136 - - [21/Sep/2023:16:17:22 +0200] "GET /renault.activities.at/htdocs/export/pdf/emuc_document/12202556.pdf HTTP/1.0" 404 321 "http://212.69.160.11:443/renault.activities.at/htdocs/export/pdf/emuc_document/" "Mozilla/5.0 (Linux; Android 5.0) AppleWebKit/537.36 (KHTML, like Gecko) Mobile Safari/537.36 (compatible; Bytespider; spider-feedback@bytedance.com)"
77.119.216.46 - - [21/Sep/2023:16:17:28 +0200] "GET /entry.php?id=10271&&ser=305788 HTTP/1.1" 200 987 "http://hausegger.activities.at/entry.php?id=10271&&ser=305728" "Mozilla/5.0 (Windows NT 10.0; Win64; x64; rv:109.0) Gecko/20100101 Firefox/117.0"
77.119.216.46 - - [21/Sep/2023:16:17:28 +0200] "GET /gui/javascript/form_form.js?1695305848 HTTP/1.1" 200 16206 "http://hausegger.activities.at/entry.php?id=10271&&ser=305788" "Mozilla/5.0 (Windows NT 10.0; Win64; x64; rv:109.0) Gecko/20100101 Firefox/117.0"
156.59.198.135 - - [21/Sep/2023:16:17:47 +0200] "GET /renault.activities.at/htdocs/export/pdf/emuc_document/10430437.pdf HTTP/1.0" 404 322 "http://212.69.160.11:443/renault.activities.at/htdocs/export/pdf/emuc_document/" "Mozilla/5.0 (Linux; Android 5.0) AppleWebKit/537.36 (KHTML, like Gecko) Mobile Safari/537.36 (compatible; Bytespider; spider-feedback@bytedance.com)"
77.119.216.46 - - [21/Sep/2023:16:18:11 +0200] "GET /entry.php?id=10271&&ser=305830 HTTP/1.1" 200 987 "http://hausegger.activities.at/entry.php?id=10271&&ser=305769" "Mozilla/5.0 (Windows NT 10.0; Win64; x64) AppleWebKit/537.36 (KHTML, like Gecko) Chrome/116.0.0.0 Safari/537.36"
77.119.216.46 - - [21/Sep/2023:16:18:11 +0200] "GET /gui/javascript/form_form.js?1695305891 HTTP/1.1" 200 16206 "http://hausegger.activities.at/entry.php?id=10271&&ser=305830" "Mozilla/5.0 (Windows NT 10.0; Win64; x64) AppleWebKit/537.36 (KHTML, like Gecko) Chrome/116.0.0.0 Safari/537.36"
156.59.198.136 - - [21/Sep/2023:16:18:12 +0200] "GET /renault.activities.at/htdocs/export/pdf/emuc_document/12323269.pdf HTTP/1.0" 404 321 "http://212.69.160.11:443/renault.activities.at/htdocs/export/pdf/emuc_document/" "Mozilla/5.0 (Linux; Android 5.0) AppleWebKit/537.36 (KHTML, like Gecko) Mobile Safari/537.36 (compatible; Bytespider; spider-feedback@bytedance.com)"
77.119.216.46 - - [21/Sep/2023:16:18:29 +0200] "GET /entry.php?id=10271&&ser=305848 HTTP/1.1" 200 987 "http://hausegger.activities.at/entry.php?id=10271&&ser=305788" "Mozilla/5.0 (Windows NT 10.0; Win64; x64; rv:109.0) Gecko/20100101 Firefox/117.0"
77.119.216.46 - - [21/Sep/2023:16:18:29 +0200] "GET /gui/javascript/form_form.js?1695305909 HTTP/1.1" 200 16206 "http://hausegger.activities.at/entry.php?id=10271&&ser=305848" "Mozilla/5.0 (Windows NT 10.0; Win64; x64; rv:109.0) Gecko/20100101 Firefox/117.0"
156.59.198.135 - - [21/Sep/2023:16:18:35 +0200] "GET /renault.activities.at/htdocs/export/pdf/emuc_document/12299685.pdf HTTP/1.0" 404 322 "http://212.69.160.11:443/renault.activities.at/htdocs/export/pdf/emuc_document/" "Mozilla/5.0 (Linux; Android 5.0) AppleWebKit/537.36 (KHTML, like Gecko) Mobile Safari/537.36 (compatible; Bytespider; spider-feedback@bytedance.com)"
156.59.198.135 - - [21/Sep/2023:16:19:00 +0200] "GET /renault.activities.at/htdocs/export/pdf/emuc_document/10354843.pdf HTTP/1.0" 404 322 "http://212.69.160.11:443/renault.activities.at/htdocs/export/pdf/emuc_document/" "Mozilla/5.0 (Linux; Android 5.0) AppleWebKit/537.36 (KHTML, like Gecko) Mobile Safari/537.36 (compatible; Bytespider; spider-feedback@bytedance.com)"
77.119.216.46 - - [21/Sep/2023:16:19:12 +0200] "GET /entry.php?id=10271&&ser=305891 HTTP/1.1" 200 988 "http://hausegger.activities.at/entry.php?id=10271&&ser=305830" "Mozilla/5.0 (Windows NT 10.0; Win64; x64) AppleWebKit/537.36 (KHTML, like Gecko) Chrome/116.0.0.0 Safari/537.36"
77.119.216.46 - - [21/Sep/2023:16:19:13 +0200] "GET /gui/javascript/form_form.js?1695305952 HTTP/1.1" 200 16206 "http://hausegger.activities.at/entry.php?id=10271&&ser=305891" "Mozilla/5.0 (Windows NT 10.0; Win64; x64) AppleWebKit/537.36 (KHTML, like Gecko) Chrome/116.0.0.0 Safari/537.36"
156.59.198.136 - - [21/Sep/2023:16:19:24 +0200] "GET /renault.activities.at/htdocs/export/pdf/emuc_document/11907671.pdf HTTP/1.0" 404 322 "http://212.69.160.11:443/renault.activities.at/htdocs/export/pdf/emuc_document/" "Mozilla/5.0 (Linux; Android 5.0) AppleWebKit/537.36 (KHTML, like Gecko) Mobile Safari/537.36 (compatible; Bytespider; spider-feedback@bytedance.com)"
77.119.216.46 - - [21/Sep/2023:16:19:29 +0200] "GET /entry.php?id=10271&&ser=305909 HTTP/1.1" 200 987 "http://hausegger.activities.at/entry.php?id=10271&&ser=305848" "Mozilla/5.0 (Windows NT 10.0; Win64; x64; rv:109.0) Gecko/20100101 Firefox/117.0"
77.119.216.46 - - [21/Sep/2023:16:19:29 +0200] "GET /gui/javascript/form_form.js?1695305969 HTTP/1.1" 200 16206 "http://hausegger.activities.at/entry.php?id=10271&&ser=305909" "Mozilla/5.0 (Windows NT 10.0; Win64; x64; rv:109.0) Gecko/20100101 Firefox/117.0"
156.59.198.136 - - [21/Sep/2023:16:19:49 +0200] "GET /renault.activities.at/htdocs/export/pdf/emuc_document/10957362.pdf HTTP/1.0" 404 323 "http://212.69.160.11:443/renault.activities.at/htdocs/export/pdf/emuc_document/" "Mozilla/5.0 (Linux; Android 5.0) AppleWebKit/537.36 (KHTML, like Gecko) Mobile Safari/537.36 (compatible; Bytespider; spider-feedback@bytedance.com)"
77.119.216.46 - - [21/Sep/2023:16:20:13 +0200] "GET /entry.php?id=10271&&ser=305952 HTTP/1.1" 200 987 "http://hausegger.activities.at/entry.php?id=10271&&ser=305891" "Mozilla/5.0 (Windows NT 10.0; Win64; x64) AppleWebKit/537.36 (KHTML, like Gecko) Chrome/116.0.0.0 Safari/537.36"
77.119.216.46 - - [21/Sep/2023:16:20:14 +0200] "GET /gui/javascript/form_form.js?1695306013 HTTP/1.1" 200 16206 "http://hausegger.activities.at/entry.php?id=10271&&ser=305952" "Mozilla/5.0 (Windows NT 10.0; Win64; x64) AppleWebKit/537.36 (KHTML, like Gecko) Chrome/116.0.0.0 Safari/537.36"
156.59.198.135 - - [21/Sep/2023:16:20:14 +0200] "GET /renault.activities.at/htdocs/export/pdf/emuc_document/12226489.pdf HTTP/1.0" 404 321 "http://212.69.160.11:443/renault.activities.at/htdocs/export/pdf/emuc_document/" "Mozilla/5.0 (Linux; Android 5.0) AppleWebKit/537.36 (KHTML, like Gecko) Mobile Safari/537.36 (compatible; Bytespider; spider-feedback@bytedance.com)"
77.119.216.46 - - [21/Sep/2023:16:20:29 +0200] "GET /entry.php?id=10271&&ser=305969 HTTP/1.1" 200 987 "http://hausegger.activities.at/entry.php?id=10271&&ser=305909" "Mozilla/5.0 (Windows NT 10.0; Win64; x64; rv:109.0) Gecko/20100101 Firefox/117.0"
77.119.216.46 - - [21/Sep/2023:16:20:29 +0200] "GET /gui/javascript/form_form.js?1695306029 HTTP/1.1" 200 16206 "http://hausegger.activities.at/entry.php?id=10271&&ser=305969" "Mozilla/5.0 (Windows NT 10.0; Win64; x64; rv:109.0) Gecko/20100101 Firefox/117.0"
156.59.198.135 - - [21/Sep/2023:16:20:37 +0200] "GET /renault.activities.at/htdocs/export/pdf/emuc_document/11379552.pdf HTTP/1.0" 404 322 "http://212.69.160.11:443/renault.activities.at/htdocs/export/pdf/emuc_document/" "Mozilla/5.0 (Linux; Android 5.0) AppleWebKit/537.36 (KHTML, like Gecko) Mobile Safari/537.36 (compatible; Bytespider; spider-feedback@bytedance.com)"
156.59.198.135 - - [21/Sep/2023:16:21:03 +0200] "GET /renault.activities.at/htdocs/export/pdf/emuc_document/10961102.pdf HTTP/1.0" 404 321 "http://212.69.160.11:443/renault.activities.at/htdocs/export/pdf/emuc_document/" "Mozilla/5.0 (Linux; Android 5.0) AppleWebKit/537.36 (KHTML, like Gecko) Mobile Safari/537.36 (compatible; Bytespider; spider-feedback@bytedance.com)"
77.119.216.46 - - [21/Sep/2023:16:21:14 +0200] "GET /entry.php?id=10271&&ser=306013 HTTP/1.1" 200 987 "http://hausegger.activities.at/entry.php?id=10271&&ser=305952" "Mozilla/5.0 (Windows NT 10.0; Win64; x64) AppleWebKit/537.36 (KHTML, like Gecko) Chrome/116.0.0.0 Safari/537.36"
77.119.216.46 - - [21/Sep/2023:16:21:14 +0200] "GET /gui/javascript/form_form.js?1695306074 HTTP/1.1" 200 16206 "http://hausegger.activities.at/entry.php?id=10271&&ser=306013" "Mozilla/5.0 (Windows NT 10.0; Win64; x64) AppleWebKit/537.36 (KHTML, like Gecko) Chrome/116.0.0.0 Safari/537.36"
156.59.198.136 - - [21/Sep/2023:16:21:26 +0200] "GET /renault.activities.at/htdocs/export/pdf/emuc_document/11907326.pdf HTTP/1.0" 404 322 "http://212.69.160.11:443/renault.activities.at/htdocs/export/pdf/emuc_document/" "Mozilla/5.0 (Linux; Android 5.0) AppleWebKit/537.36 (KHTML, like Gecko) Mobile Safari/537.36 (compatible; Bytespider; spider-feedback@bytedance.com)"
77.119.216.46 - - [21/Sep/2023:16:21:29 +0200] "GET /entry.php?id=10271&&ser=306029 HTTP/1.1" 200 987 "http://hausegger.activities.at/entry.php?id=10271&&ser=305969" "Mozilla/5.0 (Windows NT 10.0; Win64; x64; rv:109.0) Gecko/20100101 Firefox/117.0"
77.119.216.46 - - [21/Sep/2023:16:21:30 +0200] "GET /gui/javascript/form_form.js?1695306089 HTTP/1.1" 200 16206 "http://hausegger.activities.at/entry.php?id=10271&&ser=306029" "Mozilla/5.0 (Windows NT 10.0; Win64; x64; rv:109.0) Gecko/20100101 Firefox/117.0"
156.59.198.135 - - [21/Sep/2023:16:21:51 +0200] "GET /renault.activities.at/htdocs/export/pdf/emuc_document/11293670.pdf HTTP/1.0" 404 322 "http://212.69.160.11:443/renault.activities.at/htdocs/export/pdf/emuc_document/" "Mozilla/5.0 (Linux; Android 5.0) AppleWebKit/537.36 (KHTML, like Gecko) Mobile Safari/537.36 (compatible; Bytespider; spider-feedback@bytedance.com)"
77.119.216.46 - - [21/Sep/2023:16:22:15 +0200] "GET /entry.php?id=10271&&ser=306074 HTTP/1.1" 200 987 "http://hausegger.activities.at/entry.php?id=10271&&ser=306013" "Mozilla/5.0 (Windows NT 10.0; Win64; x64) AppleWebKit/537.36 (KHTML, like Gecko) Chrome/116.0.0.0 Safari/537.36"
77.119.216.46 - - [21/Sep/2023:16:22:16 +0200] "GET /gui/javascript/form_form.js?1695306135 HTTP/1.1" 200 16206 "http://hausegger.activities.at/entry.php?id=10271&&ser=306074" "Mozilla/5.0 (Windows NT 10.0; Win64; x64) AppleWebKit/537.36 (KHTML, like Gecko) Chrome/116.0.0.0 Safari/537.36"
156.59.198.136 - - [21/Sep/2023:16:22:17 +0200] "GET /renault.activities.at/htdocs/export/pdf/emuc_document/10426502.pdf HTTP/1.0" 404 321 "http://212.69.160.11:443/renault.activities.at/htdocs/export/pdf/emuc_document/" "Mozilla/5.0 (Linux; Android 5.0) AppleWebKit/537.36 (KHTML, like Gecko) Mobile Safari/537.36 (compatible; Bytespider; spider-feedback@bytedance.com)"
77.119.216.46 - - [21/Sep/2023:16:22:30 +0200] "GET /entry.php?id=10271&&ser=306089 HTTP/1.1" 200 987 "http://hausegger.activities.at/entry.php?id=10271&&ser=306029" "Mozilla/5.0 (Windows NT 10.0; Win64; x64; rv:109.0) Gecko/20100101 Firefox/117.0"
77.119.216.46 - - [21/Sep/2023:16:22:30 +0200] "GET /gui/javascript/form_form.js?1695306150 HTTP/1.1" 200 16206 "http://hausegger.activities.at/entry.php?id=10271&&ser=306089" "Mozilla/5.0 (Windows NT 10.0; Win64; x64; rv:109.0) Gecko/20100101 Firefox/117.0"
156.59.198.135 - - [21/Sep/2023:16:22:40 +0200] "GET /renault.activities.at/htdocs/export/pdf/emuc_document/11470886.pdf HTTP/1.0" 404 322 "http://212.69.160.11:443/renault.activities.at/htdocs/export/pdf/emuc_document/" "Mozilla/5.0 (Linux; Android 5.0) AppleWebKit/537.36 (KHTML, like Gecko) Mobile Safari/537.36 (compatible; Bytespider; spider-feedback@bytedance.com)"
156.59.198.135 - - [21/Sep/2023:16:23:05 +0200] "GET /renault.activities.at/htdocs/export/pdf/emuc_document/10553639.pdf HTTP/1.0" 404 322 "http://212.69.160.11:443/renault.activities.at/htdocs/export/pdf/emuc_document/" "Mozilla/5.0 (Linux; Android 5.0) AppleWebKit/537.36 (KHTML, like Gecko) Mobile Safari/537.36 (compatible; Bytespider; spider-feedback@bytedance.com)"
77.119.216.46 - - [21/Sep/2023:16:23:16 +0200] "GET /entry.php?id=10271&&ser=306135 HTTP/1.1" 200 987 "http://hausegger.activities.at/entry.php?id=10271&&ser=306074" "Mozilla/5.0 (Windows NT 10.0; Win64; x64) AppleWebKit/537.36 (KHTML, like Gecko) Chrome/116.0.0.0 Safari/537.36"
77.119.216.46 - - [21/Sep/2023:16:23:17 +0200] "GET /gui/javascript/form_form.js?1695306196 HTTP/1.1" 200 16206 "http://hausegger.activities.at/entry.php?id=10271&&ser=306135" "Mozilla/5.0 (Windows NT 10.0; Win64; x64) AppleWebKit/537.36 (KHTML, like Gecko) Chrome/116.0.0.0 Safari/537.36"
156.59.198.135 - - [21/Sep/2023:16:23:29 +0200] "GET /renault.activities.at/htdocs/export/pdf/emuc_document/11430980.pdf HTTP/1.0" 404 322 "http://212.69.160.11:443/renault.activities.at/htdocs/export/pdf/emuc_document/" "Mozilla/5.0 (Linux; Android 5.0) AppleWebKit/537.36 (KHTML, like Gecko) Mobile Safari/537.36 (compatible; Bytespider; spider-feedback@bytedance.com)"
77.119.216.46 - - [21/Sep/2023:16:23:30 +0200] "GET /entry.php?id=10271&&ser=306150 HTTP/1.1" 200 987 "http://hausegger.activities.at/entry.php?id=10271&&ser=306089" "Mozilla/5.0 (Windows NT 10.0; Win64; x64; rv:109.0) Gecko/20100101 Firefox/117.0"
77.119.216.46 - - [21/Sep/2023:16:23:30 +0200] "GET /gui/javascript/form_form.js?1695306210 HTTP/1.1" 200 16206 "http://hausegger.activities.at/entry.php?id=10271&&ser=306150" "Mozilla/5.0 (Windows NT 10.0; Win64; x64; rv:109.0) Gecko/20100101 Firefox/117.0"
156.59.198.135 - - [21/Sep/2023:16:23:53 +0200] "GET /renault.activities.at/htdocs/export/pdf/emuc_document/12126551.pdf HTTP/1.0" 404 321 "http://212.69.160.11:443/renault.activities.at/htdocs/export/pdf/emuc_document/" "Mozilla/5.0 (Linux; Android 5.0) AppleWebKit/537.36 (KHTML, like Gecko) Mobile Safari/537.36 (compatible; Bytespider; spider-feedback@bytedance.com)"
156.59.198.136 - - [21/Sep/2023:16:24:17 +0200] "GET /renault.activities.at/htdocs/export/pdf/emuc_document/11850934.pdf HTTP/1.0" 404 322 "http://212.69.160.11:443/renault.activities.at/htdocs/export/pdf/emuc_document/" "Mozilla/5.0 (Linux; Android 5.0) AppleWebKit/537.36 (KHTML, like Gecko) Mobile Safari/537.36 (compatible; Bytespider; spider-feedback@bytedance.com)"
