77.119.216.46 - - [21/Sep/2023:17:14:54 +0200] "GET /gui/javascript/form_form.js?1695309294 HTTP/1.1" 200 16206 "http://hausegger.activities.at/entry.php?id=10271&&ser=309233" "Mozilla/5.0 (Windows NT 10.0; Win64; x64; rv:109.0) Gecko/20100101 Firefox/117.0"
77.119.216.46 - - [21/Sep/2023:17:15:08 +0200] "GET /entry.php?id=10271&&ser=309247 HTTP/1.1" 200 986 "http://hausegger.activities.at/entry.php?id=10271&&ser=309186" "Mozilla/5.0 (Windows NT 10.0; Win64; x64) AppleWebKit/537.36 (KHTML, like Gecko) Chrome/116.0.0.0 Safari/537.36"
77.119.216.46 - - [21/Sep/2023:17:15:09 +0200] "GET /gui/javascript/form_form.js?1695309309 HTTP/1.1" 200 16206 "http://hausegger.activities.at/entry.php?id=10271&&ser=309247" "Mozilla/5.0 (Windows NT 10.0; Win64; x64) AppleWebKit/537.36 (KHTML, like Gecko) Chrome/116.0.0.0 Safari/537.36"
156.59.198.136 - - [21/Sep/2023:17:15:11 +0200] "GET /renault.activities.at/htdocs/export/pdf/emuc_document/11671783.pdf HTTP/1.0" 404 322 "http://212.69.160.11:443/renault.activities.at/htdocs/export/pdf/emuc_document/" "Mozilla/5.0 (Linux; Android 5.0) AppleWebKit/537.36 (KHTML, like Gecko) Mobile Safari/537.36 (compatible; Bytespider; spider-feedback@bytedance.com)"
156.59.198.135 - - [21/Sep/2023:17:15:34 +0200] "GET /renault.activities.at/htdocs/export/pdf/emuc_document/11772785.pdf HTTP/1.0" 404 322 "http://212.69.160.11:443/renault.activities.at/htdocs/export/pdf/emuc_document/" "Mozilla/5.0 (Linux; Android 5.0) AppleWebKit/537.36 (KHTML, like Gecko) Mobile Safari/537.36 (compatible; Bytespider; spider-feedback@bytedance.com)"
77.119.216.46 - - [21/Sep/2023:17:15:55 +0200] "GET /entry.php?id=10271&&ser=309294 HTTP/1.1" 200 988 "http://hausegger.activities.at/entry.php?id=10271&&ser=309233" "Mozilla/5.0 (Windows NT 10.0; Win64; x64; rv:109.0) Gecko/20100101 Firefox/117.0"
77.119.216.46 - - [21/Sep/2023:17:15:55 +0200] "GET /gui/javascript/form_form.js?1695309355 HTTP/1.1" 200 16206 "http://hausegger.activities.at/entry.php?id=10271&&ser=309294" "Mozilla/5.0 (Windows NT 10.0; Win64; x64; rv:109.0) Gecko/20100101 Firefox/117.0"
156.59.198.136 - - [21/Sep/2023:17:15:59 +0200] "GET /renault.activities.at/htdocs/export/pdf/emuc_document/11044893.pdf HTTP/1.0" 404 322 "http://212.69.160.11:443/renault.activities.at/htdocs/export/pdf/emuc_document/" "Mozilla/5.0 (Linux; Android 5.0) AppleWebKit/537.36 (KHTML, like Gecko) Mobile Safari/537.36 (compatible; Bytespider; spider-feedback@bytedance.com)"
77.119.216.46 - - [21/Sep/2023:17:16:09 +0200] "GET /entry.php?id=10271&&ser=309309 HTTP/1.1" 200 988 "http://hausegger.activities.at/entry.php?id=10271&&ser=309247" "Mozilla/5.0 (Windows NT 10.0; Win64; x64) AppleWebKit/537.36 (KHTML, like Gecko) Chrome/116.0.0.0 Safari/537.36"
77.119.216.46 - - [21/Sep/2023:17:16:10 +0200] "GET /gui/javascript/form_form.js?1695309370 HTTP/1.1" 200 16206 "http://hausegger.activities.at/entry.php?id=10271&&ser=309309" "Mozilla/5.0 (Windows NT 10.0; Win64; x64) AppleWebKit/537.36 (KHTML, like Gecko) Chrome/116.0.0.0 Safari/537.36"
156.59.198.136 - - [21/Sep/2023:17:16:23 +0200] "GET /renault.activities.at/htdocs/export/pdf/emuc_document/12022481.pdf HTTP/1.0" 404 321 "http://212.69.160.11:443/renault.activities.at/htdocs/export/pdf/emuc_document/" "Mozilla/5.0 (Linux; Android 5.0) AppleWebKit/537.36 (KHTML, like Gecko) Mobile Safari/537.36 (compatible; Bytespider; spider-feedback@bytedance.com)"
156.59.198.136 - - [21/Sep/2023:17:16:48 +0200] "GET /renault.activities.at/htdocs/export/pdf/emuc_document/11504354.pdf HTTP/1.0" 404 322 "http://212.69.160.11:443/renault.activities.at/htdocs/export/pdf/emuc_document/" "Mozilla/5.0 (Linux; Android 5.0) AppleWebKit/537.36 (KHTML, like Gecko) Mobile Safari/537.36 (compatible; Bytespider; spider-feedback@bytedance.com)"
77.119.216.46 - - [21/Sep/2023:17:16:55 +0200] "GET /entry.php?id=10271&&ser=309355 HTTP/1.1" 200 987 "http://hausegger.activities.at/entry.php?id=10271&&ser=309294" "Mozilla/5.0 (Windows NT 10.0; Win64; x64; rv:109.0) Gecko/20100101 Firefox/117.0"
77.119.216.46 - - [21/Sep/2023:17:16:55 +0200] "GET /gui/javascript/form_form.js?1695309415 HTTP/1.1" 200 16206 "http://hausegger.activities.at/entry.php?id=10271&&ser=309355" "Mozilla/5.0 (Windows NT 10.0; Win64; x64; rv:109.0) Gecko/20100101 Firefox/117.0"
77.119.216.46 - - [21/Sep/2023:17:17:10 +0200] "GET /entry.php?id=10271&&ser=309370 HTTP/1.1" 200 987 "http://hausegger.activities.at/entry.php?id=10271&&ser=309309" "Mozilla/5.0 (Windows NT 10.0; Win64; x64) AppleWebKit/537.36 (KHTML, like Gecko) Chrome/116.0.0.0 Safari/537.36"
77.119.216.46 - - [21/Sep/2023:17:17:11 +0200] "GET /gui/javascript/form_form.js?1695309431 HTTP/1.1" 200 16206 "http://hausegger.activities.at/entry.php?id=10271&&ser=309370" "Mozilla/5.0 (Windows NT 10.0; Win64; x64) AppleWebKit/537.36 (KHTML, like Gecko) Chrome/116.0.0.0 Safari/537.36"
156.59.198.136 - - [21/Sep/2023:17:17:12 +0200] "GET /renault.activities.at/htdocs/export/pdf/emuc_document/12465226.pdf HTTP/1.0" 404 322 "http://212.69.160.11:443/renault.activities.at/htdocs/export/pdf/emuc_document/" "Mozilla/5.0 (Linux; Android 5.0) AppleWebKit/537.36 (KHTML, like Gecko) Mobile Safari/537.36 (compatible; Bytespider; spider-feedback@bytedance.com)"
194.187.176.162 - - [21/Sep/2023:17:17:29 +0200] "GET / HTTP/1.1" 200 274 "-" "Mozilla/5.0 (Windows NT 10.0; Win64; x64; rv:65.0) Gecko/20100101 Firefox/65.0"
194.187.176.103 - - [21/Sep/2023:17:17:29 +0200] "GET /activities.ico HTTP/1.1" 200 1406 "-" "Mozilla/5.0 (Windows NT 10.0; Win64; x64; rv:65.0) Gecko/20100101 Firefox/65.0"
77.119.216.46 - - [21/Sep/2023:17:17:57 +0200] "GET /entry.php?id=10271&&ser=309415 HTTP/1.1" 200 987 "http://hausegger.activities.at/entry.php?id=10271&&ser=309355" "Mozilla/5.0 (Windows NT 10.0; Win64; x64; rv:109.0) Gecko/20100101 Firefox/117.0"
77.119.216.46 - - [21/Sep/2023:17:17:57 +0200] "GET /gui/javascript/form_form.js?1695309477 HTTP/1.1" 200 16206 "http://hausegger.activities.at/entry.php?id=10271&&ser=309415" "Mozilla/5.0 (Windows NT 10.0; Win64; x64; rv:109.0) Gecko/20100101 Firefox/117.0"
156.59.198.135 - - [21/Sep/2023:17:18:01 +0200] "GET /renault.activities.at/htdocs/export/pdf/emuc_document/10413392.pdf HTTP/1.0" 404 322 "http://212.69.160.11:443/renault.activities.at/htdocs/export/pdf/emuc_document/" "Mozilla/5.0 (Linux; Android 5.0) AppleWebKit/537.36 (KHTML, like Gecko) Mobile Safari/537.36 (compatible; Bytespider; spider-feedback@bytedance.com)"
77.119.216.46 - - [21/Sep/2023:17:18:11 +0200] "GET /entry.php?id=10271&&ser=309431 HTTP/1.1" 200 987 "http://hausegger.activities.at/entry.php?id=10271&&ser=309370" "Mozilla/5.0 (Windows NT 10.0; Win64; x64) AppleWebKit/537.36 (KHTML, like Gecko) Chrome/116.0.0.0 Safari/537.36"
77.119.216.46 - - [21/Sep/2023:17:18:12 +0200] "GET /gui/javascript/form_form.js?1695309491 HTTP/1.1" 200 16206 "http://hausegger.activities.at/entry.php?id=10271&&ser=309431" "Mozilla/5.0 (Windows NT 10.0; Win64; x64) AppleWebKit/537.36 (KHTML, like Gecko) Chrome/116.0.0.0 Safari/537.36"
156.59.198.135 - - [21/Sep/2023:17:18:26 +0200] "GET /renault.activities.at/htdocs/export/pdf/emuc_document/10458264.pdf HTTP/1.0" 404 322 "http://212.69.160.11:443/renault.activities.at/htdocs/export/pdf/emuc_document/" "Mozilla/5.0 (Linux; Android 5.0) AppleWebKit/537.36 (KHTML, like Gecko) Mobile Safari/537.36 (compatible; Bytespider; spider-feedback@bytedance.com)"
156.59.198.135 - - [21/Sep/2023:17:18:50 +0200] "GET /renault.activities.at/htdocs/export/pdf/emuc_document/10789946.pdf HTTP/1.0" 404 322 "http://212.69.160.11:443/renault.activities.at/htdocs/export/pdf/emuc_document/" "Mozilla/5.0 (Linux; Android 5.0) AppleWebKit/537.36 (KHTML, like Gecko) Mobile Safari/537.36 (compatible; Bytespider; spider-feedback@bytedance.com)"
77.119.216.46 - - [21/Sep/2023:17:18:57 +0200] "GET /entry.php?id=10271&&ser=309477 HTTP/1.1" 200 986 "http://hausegger.activities.at/entry.php?id=10271&&ser=309415" "Mozilla/5.0 (Windows NT 10.0; Win64; x64; rv:109.0) Gecko/20100101 Firefox/117.0"
77.119.216.46 - - [21/Sep/2023:17:18:57 +0200] "GET /gui/javascript/form_form.js?1695309537 HTTP/1.1" 200 16206 "http://hausegger.activities.at/entry.php?id=10271&&ser=309477" "Mozilla/5.0 (Windows NT 10.0; Win64; x64; rv:109.0) Gecko/20100101 Firefox/117.0"
77.119.216.46 - - [21/Sep/2023:17:19:12 +0200] "GET /entry.php?id=10271&&ser=309491 HTTP/1.1" 200 988 "http://hausegger.activities.at/entry.php?id=10271&&ser=309431" "Mozilla/5.0 (Windows NT 10.0; Win64; x64) AppleWebKit/537.36 (KHTML, like Gecko) Chrome/116.0.0.0 Safari/537.36"
77.119.216.46 - - [21/Sep/2023:17:19:13 +0200] "GET /gui/javascript/form_form.js?1695309552 HTTP/1.1" 200 16206 "http://hausegger.activities.at/entry.php?id=10271&&ser=309491" "Mozilla/5.0 (Windows NT 10.0; Win64; x64) AppleWebKit/537.36 (KHTML, like Gecko) Chrome/116.0.0.0 Safari/537.36"
156.59.198.136 - - [21/Sep/2023:17:19:15 +0200] "GET /renault.activities.at/htdocs/export/pdf/emuc_document/11782728.pdf HTTP/1.0" 404 322 "http://212.69.160.11:443/renault.activities.at/htdocs/export/pdf/emuc_document/" "Mozilla/5.0 (Linux; Android 5.0) AppleWebKit/537.36 (KHTML, like Gecko) Mobile Safari/537.36 (compatible; Bytespider; spider-feedback@bytedance.com)"
156.59.198.136 - - [21/Sep/2023:17:19:39 +0200] "GET /renault.activities.at/htdocs/export/pdf/emuc_document/12033603.pdf HTTP/1.0" 404 322 "http://212.69.160.11:443/renault.activities.at/htdocs/export/pdf/emuc_document/" "Mozilla/5.0 (Linux; Android 5.0) AppleWebKit/537.36 (KHTML, like Gecko) Mobile Safari/537.36 (compatible; Bytespider; spider-feedback@bytedance.com)"
77.119.216.46 - - [21/Sep/2023:17:19:57 +0200] "GET /entry.php?id=10271&&ser=309537 HTTP/1.1" 200 987 "http://hausegger.activities.at/entry.php?id=10271&&ser=309477" "Mozilla/5.0 (Windows NT 10.0; Win64; x64; rv:109.0) Gecko/20100101 Firefox/117.0"
77.119.216.46 - - [21/Sep/2023:17:19:57 +0200] "GET /gui/javascript/form_form.js?1695309597 HTTP/1.1" 200 16206 "http://hausegger.activities.at/entry.php?id=10271&&ser=309537" "Mozilla/5.0 (Windows NT 10.0; Win64; x64; rv:109.0) Gecko/20100101 Firefox/117.0"
156.59.198.136 - - [21/Sep/2023:17:20:04 +0200] "GET /renault.activities.at/htdocs/export/pdf/emuc_document/12103333.pdf HTTP/1.0" 404 321 "http://212.69.160.11:443/renault.activities.at/htdocs/export/pdf/emuc_document/" "Mozilla/5.0 (Linux; Android 5.0) AppleWebKit/537.36 (KHTML, like Gecko) Mobile Safari/537.36 (compatible; Bytespider; spider-feedback@bytedance.com)"
77.119.216.46 - - [21/Sep/2023:17:20:13 +0200] "GET /entry.php?id=10271&&ser=309552 HTTP/1.1" 200 989 "http://hausegger.activities.at/entry.php?id=10271&&ser=309491" "Mozilla/5.0 (Windows NT 10.0; Win64; x64) AppleWebKit/537.36 (KHTML, like Gecko) Chrome/116.0.0.0 Safari/537.36"
77.119.216.46 - - [21/Sep/2023:17:20:14 +0200] "GET /gui/javascript/form_form.js?1695309614 HTTP/1.1" 200 16206 "http://hausegger.activities.at/entry.php?id=10271&&ser=309552" "Mozilla/5.0 (Windows NT 10.0; Win64; x64) AppleWebKit/537.36 (KHTML, like Gecko) Chrome/116.0.0.0 Safari/537.36"
156.59.198.136 - - [21/Sep/2023:17:20:28 +0200] "GET /renault.activities.at/htdocs/export/pdf/emuc_document/11037616.pdf HTTP/1.0" 404 322 "http://212.69.160.11:443/renault.activities.at/htdocs/export/pdf/emuc_document/" "Mozilla/5.0 (Linux; Android 5.0) AppleWebKit/537.36 (KHTML, like Gecko) Mobile Safari/537.36 (compatible; Bytespider; spider-feedback@bytedance.com)"
156.59.198.135 - - [21/Sep/2023:17:20:52 +0200] "GET /renault.activities.at/htdocs/export/pdf/emuc_document/11851062.pdf HTTP/1.0" 404 321 "http://212.69.160.11:443/renault.activities.at/htdocs/export/pdf/emuc_document/" "Mozilla/5.0 (Linux; Android 5.0) AppleWebKit/537.36 (KHTML, like Gecko) Mobile Safari/537.36 (compatible; Bytespider; spider-feedback@bytedance.com)"
77.119.216.46 - - [21/Sep/2023:17:20:57 +0200] "GET /entry.php?id=10271&&ser=309597 HTTP/1.1" 200 987 "http://hausegger.activities.at/entry.php?id=10271&&ser=309537" "Mozilla/5.0 (Windows NT 10.0; Win64; x64; rv:109.0) Gecko/20100101 Firefox/117.0"
77.119.216.46 - - [21/Sep/2023:17:20:58 +0200] "GET /gui/javascript/form_form.js?1695309658 HTTP/1.1" 200 16206 "http://hausegger.activities.at/entry.php?id=10271&&ser=309597" "Mozilla/5.0 (Windows NT 10.0; Win64; x64; rv:109.0) Gecko/20100101 Firefox/117.0"
77.119.216.46 - - [21/Sep/2023:17:21:14 +0200] "GET /entry.php?id=10271&&ser=309613 HTTP/1.1" 200 987 "http://hausegger.activities.at/entry.php?id=10271&&ser=309552" "Mozilla/5.0 (Windows NT 10.0; Win64; x64) AppleWebKit/537.36 (KHTML, like Gecko) Chrome/116.0.0.0 Safari/537.36"
77.119.216.46 - - [21/Sep/2023:17:21:15 +0200] "GET /gui/javascript/form_form.js?1695309675 HTTP/1.1" 200 16206 "http://hausegger.activities.at/entry.php?id=10271&&ser=309613" "Mozilla/5.0 (Windows NT 10.0; Win64; x64) AppleWebKit/537.36 (KHTML, like Gecko) Chrome/116.0.0.0 Safari/537.36"
156.59.198.135 - - [21/Sep/2023:17:21:17 +0200] "GET /renault.activities.at/htdocs/export/pdf/emuc_document/10609678.pdf HTTP/1.0" 404 322 "http://212.69.160.11:443/renault.activities.at/htdocs/export/pdf/emuc_document/" "Mozilla/5.0 (Linux; Android 5.0) AppleWebKit/537.36 (KHTML, like Gecko) Mobile Safari/537.36 (compatible; Bytespider; spider-feedback@bytedance.com)"
156.59.198.135 - - [21/Sep/2023:17:21:42 +0200] "GET /renault.activities.at/htdocs/export/pdf/emuc_document/11271435.pdf HTTP/1.0" 404 322 "http://212.69.160.11:443/renault.activities.at/htdocs/export/pdf/emuc_document/" "Mozilla/5.0 (Linux; Android 5.0) AppleWebKit/537.36 (KHTML, like Gecko) Mobile Safari/537.36 (compatible; Bytespider; spider-feedback@bytedance.com)"
77.119.216.46 - - [21/Sep/2023:17:21:58 +0200] "GET /entry.php?id=10271&&ser=309658 HTTP/1.1" 200 987 "http://hausegger.activities.at/entry.php?id=10271&&ser=309597" "Mozilla/5.0 (Windows NT 10.0; Win64; x64; rv:109.0) Gecko/20100101 Firefox/117.0"
77.119.216.46 - - [21/Sep/2023:17:21:58 +0200] "GET /gui/javascript/form_form.js?1695309718 HTTP/1.1" 200 16206 "http://hausegger.activities.at/entry.php?id=10271&&ser=309658" "Mozilla/5.0 (Windows NT 10.0; Win64; x64; rv:109.0) Gecko/20100101 Firefox/117.0"
156.59.198.136 - - [21/Sep/2023:17:22:06 +0200] "GET /renault.activities.at/htdocs/export/pdf/emuc_document/11298270.pdf HTTP/1.0" 404 322 "http://212.69.160.11:443/renault.activities.at/htdocs/export/pdf/emuc_document/" "Mozilla/5.0 (Linux; Android 5.0) AppleWebKit/537.36 (KHTML, like Gecko) Mobile Safari/537.36 (compatible; Bytespider; spider-feedback@bytedance.com)"
77.119.216.46 - - [21/Sep/2023:17:22:15 +0200] "GET /entry.php?id=10271&&ser=309675 HTTP/1.1" 200 990 "http://hausegger.activities.at/entry.php?id=10271&&ser=309613" "Mozilla/5.0 (Windows NT 10.0; Win64; x64) AppleWebKit/537.36 (KHTML, like Gecko) Chrome/116.0.0.0 Safari/537.36"
77.119.216.46 - - [21/Sep/2023:17:22:16 +0200] "GET /gui/javascript/form_form.js?1695309736 HTTP/1.1" 200 16206 "http://hausegger.activities.at/entry.php?id=10271&&ser=309675" "Mozilla/5.0 (Windows NT 10.0; Win64; x64) AppleWebKit/537.36 (KHTML, like Gecko) Chrome/116.0.0.0 Safari/537.36"
156.59.198.136 - - [21/Sep/2023:17:22:31 +0200] "GET /renault.activities.at/htdocs/export/pdf/emuc_document/11228305.pdf HTTP/1.0" 404 322 "http://212.69.160.11:443/renault.activities.at/htdocs/export/pdf/emuc_document/" "Mozilla/5.0 (Linux; Android 5.0) AppleWebKit/537.36 (KHTML, like Gecko) Mobile Safari/537.36 (compatible; Bytespider; spider-feedback@bytedance.com)"
156.59.198.136 - - [21/Sep/2023:17:22:55 +0200] "GET /renault.activities.at/htdocs/export/pdf/emuc_document/11809984.pdf HTTP/1.0" 404 321 "http://212.69.160.11:443/renault.activities.at/htdocs/export/pdf/emuc_document/" "Mozilla/5.0 (Linux; Android 5.0) AppleWebKit/537.36 (KHTML, like Gecko) Mobile Safari/537.36 (compatible; Bytespider; spider-feedback@bytedance.com)"
77.119.216.46 - - [21/Sep/2023:17:22:58 +0200] "GET /entry.php?id=10271&&ser=309718 HTTP/1.1" 200 987 "http://hausegger.activities.at/entry.php?id=10271&&ser=309658" "Mozilla/5.0 (Windows NT 10.0; Win64; x64; rv:109.0) Gecko/20100101 Firefox/117.0"
77.119.216.46 - - [21/Sep/2023:17:22:58 +0200] "GET /gui/javascript/form_form.js?1695309778 HTTP/1.1" 200 16206 "http://hausegger.activities.at/entry.php?id=10271&&ser=309718" "Mozilla/5.0 (Windows NT 10.0; Win64; x64; rv:109.0) Gecko/20100101 Firefox/117.0"
77.119.216.46 - - [21/Sep/2023:17:23:16 +0200] "GET /entry.php?id=10271&&ser=309735 HTTP/1.1" 200 987 "http://hausegger.activities.at/entry.php?id=10271&&ser=309675" "Mozilla/5.0 (Windows NT 10.0; Win64; x64) AppleWebKit/537.36 (KHTML, like Gecko) Chrome/116.0.0.0 Safari/537.36"
77.119.216.46 - - [21/Sep/2023:17:23:17 +0200] "GET /gui/javascript/form_form.js?1695309797 HTTP/1.1" 200 16206 "http://hausegger.activities.at/entry.php?id=10271&&ser=309735" "Mozilla/5.0 (Windows NT 10.0; Win64; x64) AppleWebKit/537.36 (KHTML, like Gecko) Chrome/116.0.0.0 Safari/537.36"
156.59.198.135 - - [21/Sep/2023:17:23:19 +0200] "GET /renault.activities.at/htdocs/export/pdf/emuc_document/10998617.pdf HTTP/1.0" 404 322 "http://212.69.160.11:443/renault.activities.at/htdocs/export/pdf/emuc_document/" "Mozilla/5.0 (Linux; Android 5.0) AppleWebKit/537.36 (KHTML, like Gecko) Mobile Safari/537.36 (compatible; Bytespider; spider-feedback@bytedance.com)"
156.59.198.136 - - [21/Sep/2023:17:23:43 +0200] "GET /renault.activities.at/htdocs/export/pdf/emuc_document/12468773.pdf HTTP/1.0" 404 323 "http://212.69.160.11:443/renault.activities.at/htdocs/export/pdf/emuc_document/" "Mozilla/5.0 (Linux; Android 5.0) AppleWebKit/537.36 (KHTML, like Gecko) Mobile Safari/537.36 (compatible; Bytespider; spider-feedback@bytedance.com)"
77.119.216.46 - - [21/Sep/2023:17:23:58 +0200] "GET /entry.php?id=10271&&ser=309778 HTTP/1.1" 200 988 "http://hausegger.activities.at/entry.php?id=10271&&ser=309718" "Mozilla/5.0 (Windows NT 10.0; Win64; x64; rv:109.0) Gecko/20100101 Firefox/117.0"
77.119.216.46 - - [21/Sep/2023:17:23:59 +0200] "GET /gui/javascript/form_form.js?1695309838 HTTP/1.1" 200 16206 "http://hausegger.activities.at/entry.php?id=10271&&ser=309778" "Mozilla/5.0 (Windows NT 10.0; Win64; x64; rv:109.0) Gecko/20100101 Firefox/117.0"
77.119.216.46 - - [21/Sep/2023:17:24:02 +0200] "GET /entry.php?id=10287&login=1 HTTP/1.1" 200 1879 "http://hausegger.activities.at/entry.php?id=10273&" "Mozilla/5.0 (Windows NT 10.0; Win64; x64) AppleWebKit/537.36 (KHTML, like Gecko) Chrome/116.0.0.0 Safari/537.36"
77.119.216.46 - - [21/Sep/2023:17:24:02 +0200] "GET /gui/javascript/form_form.js?1695309842 HTTP/1.1" 200 16206 "http://hausegger.activities.at/entry.php?id=10287&login=1" "Mozilla/5.0 (Windows NT 10.0; Win64; x64) AppleWebKit/537.36 (KHTML, like Gecko) Chrome/116.0.0.0 Safari/537.36"
77.119.216.46 - - [21/Sep/2023:17:24:03 +0200] "POST /entry.php?id=10287& HTTP/1.1" 200 2434 "http://hausegger.activities.at/entry.php?id=10287&login=1" "Mozilla/5.0 (Windows NT 10.0; Win64; x64) AppleWebKit/537.36 (KHTML, like Gecko) Chrome/116.0.0.0 Safari/537.36"
77.119.216.46 - - [21/Sep/2023:17:24:03 +0200] "GET /gui/javascript/form_form.js?1695309843 HTTP/1.1" 200 16206 "http://hausegger.activities.at/entry.php?id=10287&" "Mozilla/5.0 (Windows NT 10.0; Win64; x64) AppleWebKit/537.36 (KHTML, like Gecko) Chrome/116.0.0.0 Safari/537.36"
77.119.216.46 - - [21/Sep/2023:17:24:04 +0200] "GET /entry.php?id=10270& HTTP/1.1" 200 908 "http://hausegger.activities.at/entry.php?id=10287&" "Mozilla/5.0 (Windows NT 10.0; Win64; x64) AppleWebKit/537.36 (KHTML, like Gecko) Chrome/116.0.0.0 Safari/537.36"
77.119.216.46 - - [21/Sep/2023:17:24:04 +0200] "GET /entry.php?id=10273&logout=true& HTTP/1.1" 200 1912 "http://hausegger.activities.at/entry.php?id=10287&" "Mozilla/5.0 (Windows NT 10.0; Win64; x64) AppleWebKit/537.36 (KHTML, like Gecko) Chrome/116.0.0.0 Safari/537.36"
77.119.216.46 - - [21/Sep/2023:17:24:04 +0200] "GET /gui/javascript/form_form.js?1695309844 HTTP/1.1" 200 16206 "http://hausegger.activities.at/entry.php?id=10270&" "Mozilla/5.0 (Windows NT 10.0; Win64; x64) AppleWebKit/537.36 (KHTML, like Gecko) Chrome/116.0.0.0 Safari/537.36"
156.59.198.136 - - [21/Sep/2023:17:24:07 +0200] "GET /renault.activities.at/htdocs/export/pdf/emuc_document/11444402.pdf HTTP/1.0" 404 320 "http://212.69.160.11:443/renault.activities.at/htdocs/export/pdf/emuc_document/" "Mozilla/5.0 (Linux; Android 5.0) AppleWebKit/537.36 (KHTML, like Gecko) Mobile Safari/537.36 (compatible; Bytespider; spider-feedback@bytedance.com)"
156.59.198.135 - - [21/Sep/2023:17:24:33 +0200] "GET /renault.activities.at/htdocs/export/pdf/emuc_document/10396271.pdf HTTP/1.0" 404 322 "http://212.69.160.11:443/renault.activities.at/htdocs/export/pdf/emuc_document/" "Mozilla/5.0 (Linux; Android 5.0) AppleWebKit/537.36 (KHTML, like Gecko) Mobile Safari/537.36 (compatible; Bytespider; spider-feedback@bytedance.com)"
156.59.198.135 - - [21/Sep/2023:17:24:57 +0200] "GET /renault.activities.at/htdocs/export/pdf/emuc_document/11449505.pdf HTTP/1.0" 404 321 "http://212.69.160.11:443/renault.activities.at/htdocs/export/pdf/emuc_document/" "Mozilla/5.0 (Linux; Android 5.0) AppleWebKit/537.36 (KHTML, like Gecko) Mobile Safari/537.36 (compatible; Bytespider; spider-feedback@bytedance.com)"
77.119.216.46 - - [21/Sep/2023:17:24:59 +0200] "GET /entry.php?id=10271&&ser=309838 HTTP/1.1" 200 987 "http://hausegger.activities.at/entry.php?id=10271&&ser=309778" "Mozilla/5.0 (Windows NT 10.0; Win64; x64; rv:109.0) Gecko/20100101 Firefox/117.0"
77.119.216.46 - - [21/Sep/2023:17:24:59 +0200] "GET /gui/javascript/form_form.js?1695309899 HTTP/1.1" 200 16206 "http://hausegger.activities.at/entry.php?id=10271&&ser=309838" "Mozilla/5.0 (Windows NT 10.0; Win64; x64; rv:109.0) Gecko/20100101 Firefox/117.0"
156.59.198.135 - - [21/Sep/2023:17:25:22 +0200] "GET /renault.activities.at/htdocs/export/pdf/emuc_document/10668808.pdf HTTP/1.0" 404 322 "http://212.69.160.11:443/renault.activities.at/htdocs/export/pdf/emuc_document/" "Mozilla/5.0 (Linux; Android 5.0) AppleWebKit/537.36 (KHTML, like Gecko) Mobile Safari/537.36 (compatible; Bytespider; spider-feedback@bytedance.com)"
156.59.198.135 - - [21/Sep/2023:17:25:46 +0200] "GET /renault.activities.at/htdocs/export/pdf/emuc_document/11753891.pdf HTTP/1.0" 404 322 "http://212.69.160.11:443/renault.activities.at/htdocs/export/pdf/emuc_document/" "Mozilla/5.0 (Linux; Android 5.0) AppleWebKit/537.36 (KHTML, like Gecko) Mobile Safari/537.36 (compatible; Bytespider; spider-feedback@bytedance.com)"
77.119.216.46 - - [21/Sep/2023:17:25:59 +0200] "GET /entry.php?id=10271&&ser=309899 HTTP/1.1" 200 987 "http://hausegger.activities.at/entry.php?id=10271&&ser=309838" "Mozilla/5.0 (Windows NT 10.0; Win64; x64; rv:109.0) Gecko/20100101 Firefox/117.0"
77.119.216.46 - - [21/Sep/2023:17:25:59 +0200] "GET /gui/javascript/form_form.js?1695309959 HTTP/1.1" 200 16206 "http://hausegger.activities.at/entry.php?id=10271&&ser=309899" "Mozilla/5.0 (Windows NT 10.0; Win64; x64; rv:109.0) Gecko/20100101 Firefox/117.0"
156.59.198.135 - - [21/Sep/2023:17:26:11 +0200] "GET /renault.activities.at/htdocs/export/pdf/emuc_document/11201401.pdf HTTP/1.0" 404 321 "http://212.69.160.11:443/renault.activities.at/htdocs/export/pdf/emuc_document/" "Mozilla/5.0 (Linux; Android 5.0) AppleWebKit/537.36 (KHTML, like Gecko) Mobile Safari/537.36 (compatible; Bytespider; spider-feedback@bytedance.com)"
156.59.198.135 - - [21/Sep/2023:17:26:35 +0200] "GET /renault.activities.at/htdocs/export/pdf/emuc_document/11148734.pdf HTTP/1.0" 404 322 "http://212.69.160.11:443/renault.activities.at/htdocs/export/pdf/emuc_document/" "Mozilla/5.0 (Linux; Android 5.0) AppleWebKit/537.36 (KHTML, like Gecko) Mobile Safari/537.36 (compatible; Bytespider; spider-feedback@bytedance.com)"
77.119.216.46 - - [21/Sep/2023:17:26:59 +0200] "GET /entry.php?id=10271&&ser=309959 HTTP/1.1" 200 986 "http://hausegger.activities.at/entry.php?id=10271&&ser=309899" "Mozilla/5.0 (Windows NT 10.0; Win64; x64; rv:109.0) Gecko/20100101 Firefox/117.0"
77.119.216.46 - - [21/Sep/2023:17:26:59 +0200] "GET /gui/javascript/form_form.js?1695310019 HTTP/1.1" 200 16206 "http://hausegger.activities.at/entry.php?id=10271&&ser=309959" "Mozilla/5.0 (Windows NT 10.0; Win64; x64; rv:109.0) Gecko/20100101 Firefox/117.0"
156.59.198.135 - - [21/Sep/2023:17:27:00 +0200] "GET /renault.activities.at/htdocs/export/pdf/emuc_document/11549103.pdf HTTP/1.0" 404 322 "http://212.69.160.11:443/renault.activities.at/htdocs/export/pdf/emuc_document/" "Mozilla/5.0 (Linux; Android 5.0) AppleWebKit/537.36 (KHTML, like Gecko) Mobile Safari/537.36 (compatible; Bytespider; spider-feedback@bytedance.com)"
156.59.198.136 - - [21/Sep/2023:17:27:24 +0200] "GET /renault.activities.at/htdocs/export/pdf/emuc_document/10957417.pdf HTTP/1.0" 404 322 "http://212.69.160.11:443/renault.activities.at/htdocs/export/pdf/emuc_document/" "Mozilla/5.0 (Linux; Android 5.0) AppleWebKit/537.36 (KHTML, like Gecko) Mobile Safari/537.36 (compatible; Bytespider; spider-feedback@bytedance.com)"
156.59.198.136 - - [21/Sep/2023:17:27:49 +0200] "GET /renault.activities.at/htdocs/export/pdf/emuc_document/11869390.pdf HTTP/1.0" 404 322 "http://212.69.160.11:443/renault.activities.at/htdocs/export/pdf/emuc_document/" "Mozilla/5.0 (Linux; Android 5.0) AppleWebKit/537.36 (KHTML, like Gecko) Mobile Safari/537.36 (compatible; Bytespider; spider-feedback@bytedance.com)"
77.119.216.46 - - [21/Sep/2023:17:28:00 +0200] "GET /entry.php?id=10271&&ser=310019 HTTP/1.1" 200 986 "http://hausegger.activities.at/entry.php?id=10271&&ser=309959" "Mozilla/5.0 (Windows NT 10.0; Win64; x64; rv:109.0) Gecko/20100101 Firefox/117.0"
77.119.216.46 - - [21/Sep/2023:17:28:00 +0200] "GET /gui/javascript/form_form.js?1695310080 HTTP/1.1" 200 16206 "http://hausegger.activities.at/entry.php?id=10271&&ser=310019" "Mozilla/5.0 (Windows NT 10.0; Win64; x64; rv:109.0) Gecko/20100101 Firefox/117.0"
156.59.198.135 - - [21/Sep/2023:17:28:13 +0200] "GET /renault.activities.at/htdocs/export/pdf/emuc_document/10548847.pdf HTTP/1.0" 404 322 "http://212.69.160.11:443/renault.activities.at/htdocs/export/pdf/emuc_document/" "Mozilla/5.0 (Linux; Android 5.0) AppleWebKit/537.36 (KHTML, like Gecko) Mobile Safari/537.36 (compatible; Bytespider; spider-feedback@bytedance.com)"
156.59.198.135 - - [21/Sep/2023:17:28:38 +0200] "GET /renault.activities.at/htdocs/export/pdf/emuc_document/10745040.pdf HTTP/1.0" 404 322 "http://212.69.160.11:443/renault.activities.at/htdocs/export/pdf/emuc_document/" "Mozilla/5.0 (Linux; Android 5.0) AppleWebKit/537.36 (KHTML, like Gecko) Mobile Safari/537.36 (compatible; Bytespider; spider-feedback@bytedance.com)"
77.119.216.46 - - [21/Sep/2023:17:29:01 +0200] "GET /entry.php?id=10271&&ser=310080 HTTP/1.1" 200 986 "http://hausegger.activities.at/entry.php?id=10271&&ser=310019" "Mozilla/5.0 (Windows NT 10.0; Win64; x64; rv:109.0) Gecko/20100101 Firefox/117.0"
77.119.216.46 - - [21/Sep/2023:17:29:01 +0200] "GET /gui/javascript/form_form.js?1695310141 HTTP/1.1" 200 16206 "http://hausegger.activities.at/entry.php?id=10271&&ser=310080" "Mozilla/5.0 (Windows NT 10.0; Win64; x64; rv:109.0) Gecko/20100101 Firefox/117.0"
156.59.198.136 - - [21/Sep/2023:17:29:02 +0200] "GET /renault.activities.at/htdocs/export/pdf/emuc_document/10790186.pdf HTTP/1.0" 404 322 "http://212.69.160.11:443/renault.activities.at/htdocs/export/pdf/emuc_document/" "Mozilla/5.0 (Linux; Android 5.0) AppleWebKit/537.36 (KHTML, like Gecko) Mobile Safari/537.36 (compatible; Bytespider; spider-feedback@bytedance.com)"
156.59.198.135 - - [21/Sep/2023:17:29:26 +0200] "GET /renault.activities.at/htdocs/export/pdf/emuc_document/11829623.pdf HTTP/1.0" 404 322 "http://212.69.160.11:443/renault.activities.at/htdocs/export/pdf/emuc_document/" "Mozilla/5.0 (Linux; Android 5.0) AppleWebKit/537.36 (KHTML, like Gecko) Mobile Safari/537.36 (compatible; Bytespider; spider-feedback@bytedance.com)"
156.59.198.136 - - [21/Sep/2023:17:29:50 +0200] "GET /renault.activities.at/htdocs/export/pdf/emuc_document/11170540.pdf HTTP/1.0" 404 322 "http://212.69.160.11:443/renault.activities.at/htdocs/export/pdf/emuc_document/" "Mozilla/5.0 (Linux; Android 5.0) AppleWebKit/537.36 (KHTML, like Gecko) Mobile Safari/537.36 (compatible; Bytespider; spider-feedback@bytedance.com)"
77.119.216.46 - - [21/Sep/2023:17:30:05 +0200] "GET /entry.php?id=10271&&ser=310141 HTTP/1.1" 200 986 "http://hausegger.activities.at/entry.php?id=10271&&ser=310080" "Mozilla/5.0 (Windows NT 10.0; Win64; x64; rv:109.0) Gecko/20100101 Firefox/117.0"
77.119.216.46 - - [21/Sep/2023:17:30:05 +0200] "GET /gui/javascript/form_form.js?1695310205 HTTP/1.1" 200 16206 "http://hausegger.activities.at/entry.php?id=10271&&ser=310141" "Mozilla/5.0 (Windows NT 10.0; Win64; x64; rv:109.0) Gecko/20100101 Firefox/117.0"
156.59.198.135 - - [21/Sep/2023:17:30:15 +0200] "GET /renault.activities.at/htdocs/export/pdf/emuc_document/11430415.pdf HTTP/1.0" 404 322 "http://212.69.160.11:443/renault.activities.at/htdocs/export/pdf/emuc_document/" "Mozilla/5.0 (Linux; Android 5.0) AppleWebKit/537.36 (KHTML, like Gecko) Mobile Safari/537.36 (compatible; Bytespider; spider-feedback@bytedance.com)"
77.119.216.46 - - [21/Sep/2023:17:30:19 +0200] "GET /entry.php?id=10287&login=1 HTTP/1.1" 200 1877 "http://hausegger.activities.at/entry.php?id=10273&" "Mozilla/5.0 (Windows NT 10.0; Win64; x64; rv:109.0) Gecko/20100101 Firefox/117.0"
77.119.216.46 - - [21/Sep/2023:17:30:19 +0200] "GET /gui/javascript/form_form.js?1695310219 HTTP/1.1" 200 16206 "http://hausegger.activities.at/entry.php?id=10287&login=1" "Mozilla/5.0 (Windows NT 10.0; Win64; x64; rv:109.0) Gecko/20100101 Firefox/117.0"
77.119.216.46 - - [21/Sep/2023:17:30:20 +0200] "POST /entry.php?id=10287& HTTP/1.1" 200 2431 "http://hausegger.activities.at/entry.php?id=10287&login=1" "Mozilla/5.0 (Windows NT 10.0; Win64; x64; rv:109.0) Gecko/20100101 Firefox/117.0"
77.119.216.46 - - [21/Sep/2023:17:30:21 +0200] "GET /gui/javascript/form_form.js?1695310221 HTTP/1.1" 200 16206 "http://hausegger.activities.at/entry.php?id=10287&" "Mozilla/5.0 (Windows NT 10.0; Win64; x64; rv:109.0) Gecko/20100101 Firefox/117.0"
77.119.216.46 - - [21/Sep/2023:17:30:21 +0200] "GET /entry.php?id=10270& HTTP/1.1" 200 908 "http://hausegger.activities.at/entry.php?id=10287&" "Mozilla/5.0 (Windows NT 10.0; Win64; x64; rv:109.0) Gecko/20100101 Firefox/117.0"
77.119.216.46 - - [21/Sep/2023:17:30:21 +0200] "GET /entry.php?id=10273&logout=true& HTTP/1.1" 200 1910 "http://hausegger.activities.at/entry.php?id=10287&" "Mozilla/5.0 (Windows NT 10.0; Win64; x64; rv:109.0) Gecko/20100101 Firefox/117.0"
77.119.216.46 - - [21/Sep/2023:17:30:21 +0200] "GET /framework/webfx/style/toolbar/cb2.css HTTP/1.1" 304 - "http://hausegger.activities.at/entry.php?id=10273&logout=true&" "Mozilla/5.0 (Windows NT 10.0; Win64; x64; rv:109.0) Gecko/20100101 Firefox/117.0"
77.119.216.46 - - [21/Sep/2023:17:30:21 +0200] "GET /framework/webfx/javascript/toolbar/ieemu.js HTTP/1.1" 304 - "http://hausegger.activities.at/entry.php?id=10273&logout=true&" "Mozilla/5.0 (Windows NT 10.0; Win64; x64; rv:109.0) Gecko/20100101 Firefox/117.0"
77.119.216.46 - - [21/Sep/2023:17:30:21 +0200] "GET /framework/webfx/javascript/toolbar/cb2.js HTTP/1.1" 304 - "http://hausegger.activities.at/entry.php?id=10273&logout=true&" "Mozilla/5.0 (Windows NT 10.0; Win64; x64; rv:109.0) Gecko/20100101 Firefox/117.0"
77.119.216.46 - - [21/Sep/2023:17:30:21 +0200] "GET /gui/images/icons/Logo_activites_RGB.gif HTTP/1.1" 304 - "http://hausegger.activities.at/entry.php?id=10273&logout=true&" "Mozilla/5.0 (Windows NT 10.0; Win64; x64; rv:109.0) Gecko/20100101 Firefox/117.0"
156.59.198.136 - - [21/Sep/2023:17:30:39 +0200] "GET /renault.activities.at/htdocs/export/pdf/emuc_document/12135392.pdf HTTP/1.0" 404 322 "http://212.69.160.11:443/renault.activities.at/htdocs/export/pdf/emuc_document/" "Mozilla/5.0 (Linux; Android 5.0) AppleWebKit/537.36 (KHTML, like Gecko) Mobile Safari/537.36 (compatible; Bytespider; spider-feedback@bytedance.com)"
156.59.198.135 - - [21/Sep/2023:17:31:04 +0200] "GET /renault.activities.at/htdocs/export/pdf/emuc_document/11763018.pdf HTTP/1.0" 404 322 "http://212.69.160.11:443/renault.activities.at/htdocs/export/pdf/emuc_document/" "Mozilla/5.0 (Linux; Android 5.0) AppleWebKit/537.36 (KHTML, like Gecko) Mobile Safari/537.36 (compatible; Bytespider; spider-feedback@bytedance.com)"
156.59.198.136 - - [21/Sep/2023:17:31:28 +0200] "GET /renault.activities.at/htdocs/export/pdf/emuc_document/12136300.pdf HTTP/1.0" 404 322 "http://212.69.160.11:443/renault.activities.at/htdocs/export/pdf/emuc_document/" "Mozilla/5.0 (Linux; Android 5.0) AppleWebKit/537.36 (KHTML, like Gecko) Mobile Safari/537.36 (compatible; Bytespider; spider-feedback@bytedance.com)"
156.59.198.135 - - [21/Sep/2023:17:31:52 +0200] "GET /renault.activities.at/htdocs/export/pdf/emuc_document/12397728.pdf HTTP/1.0" 404 323 "http://212.69.160.11:443/renault.activities.at/htdocs/export/pdf/emuc_document/" "Mozilla/5.0 (Linux; Android 5.0) AppleWebKit/537.36 (KHTML, like Gecko) Mobile Safari/537.36 (compatible; Bytespider; spider-feedback@bytedance.com)"
156.59.198.136 - - [21/Sep/2023:17:32:17 +0200] "GET /renault.activities.at/htdocs/export/pdf/emuc_document/10659516.pdf HTTP/1.0" 404 321 "http://212.69.160.11:443/renault.activities.at/htdocs/export/pdf/emuc_document/" "Mozilla/5.0 (Linux; Android 5.0) AppleWebKit/537.36 (KHTML, like Gecko) Mobile Safari/537.36 (compatible; Bytespider; spider-feedback@bytedance.com)"
156.59.198.135 - - [21/Sep/2023:17:32:42 +0200] "GET /renault.activities.at/htdocs/export/pdf/emuc_document/11312056.pdf HTTP/1.0" 404 322 "http://212.69.160.11:443/renault.activities.at/htdocs/export/pdf/emuc_document/" "Mozilla/5.0 (Linux; Android 5.0) AppleWebKit/537.36 (KHTML, like Gecko) Mobile Safari/537.36 (compatible; Bytespider; spider-feedback@bytedance.com)"
156.59.198.135 - - [21/Sep/2023:17:33:06 +0200] "GET /renault.activities.at/htdocs/export/pdf/emuc_document/11379288.pdf HTTP/1.0" 404 322 "http://212.69.160.11:443/renault.activities.at/htdocs/export/pdf/emuc_document/" "Mozilla/5.0 (Linux; Android 5.0) AppleWebKit/537.36 (KHTML, like Gecko) Mobile Safari/537.36 (compatible; Bytespider; spider-feedback@bytedance.com)"
156.59.198.136 - - [21/Sep/2023:17:33:31 +0200] "GET /renault.activities.at/htdocs/export/pdf/emuc_document/11918337.pdf HTTP/1.0" 404 322 "http://212.69.160.11:443/renault.activities.at/htdocs/export/pdf/emuc_document/" "Mozilla/5.0 (Linux; Android 5.0) AppleWebKit/537.36 (KHTML, like Gecko) Mobile Safari/537.36 (compatible; Bytespider; spider-feedback@bytedance.com)"
156.59.198.135 - - [21/Sep/2023:17:33:55 +0200] "GET /renault.activities.at/htdocs/export/pdf/emuc_document/10344871.pdf HTTP/1.0" 404 322 "http://212.69.160.11:443/renault.activities.at/htdocs/export/pdf/emuc_document/" "Mozilla/5.0 (Linux; Android 5.0) AppleWebKit/537.36 (KHTML, like Gecko) Mobile Safari/537.36 (compatible; Bytespider; spider-feedback@bytedance.com)"
156.59.198.135 - - [21/Sep/2023:17:34:19 +0200] "GET /renault.activities.at/htdocs/export/pdf/emuc_document/10936740.pdf HTTP/1.0" 404 323 "http://212.69.160.11:443/renault.activities.at/htdocs/export/pdf/emuc_document/" "Mozilla/5.0 (Linux; Android 5.0) AppleWebKit/537.36 (KHTML, like Gecko) Mobile Safari/537.36 (compatible; Bytespider; spider-feedback@bytedance.com)"
156.59.198.135 - - [21/Sep/2023:17:34:44 +0200] "GET /renault.activities.at/htdocs/export/pdf/emuc_document/10253191.pdf HTTP/1.0" 404 322 "http://212.69.160.11:443/renault.activities.at/htdocs/export/pdf/emuc_document/" "Mozilla/5.0 (Linux; Android 5.0) AppleWebKit/537.36 (KHTML, like Gecko) Mobile Safari/537.36 (compatible; Bytespider; spider-feedback@bytedance.com)"
156.59.198.135 - - [21/Sep/2023:17:35:08 +0200] "GET /renault.activities.at/htdocs/export/pdf/emuc_document/11379457.pdf HTTP/1.0" 404 323 "http://212.69.160.11:443/renault.activities.at/htdocs/export/pdf/emuc_document/" "Mozilla/5.0 (Linux; Android 5.0) AppleWebKit/537.36 (KHTML, like Gecko) Mobile Safari/537.36 (compatible; Bytespider; spider-feedback@bytedance.com)"
156.59.198.135 - - [21/Sep/2023:17:35:32 +0200] "GET /renault.activities.at/htdocs/export/pdf/emuc_document/11598897.pdf HTTP/1.0" 404 322 "http://212.69.160.11:443/renault.activities.at/htdocs/export/pdf/emuc_document/" "Mozilla/5.0 (Linux; Android 5.0) AppleWebKit/537.36 (KHTML, like Gecko) Mobile Safari/537.36 (compatible; Bytespider; spider-feedback@bytedance.com)"
156.59.198.136 - - [21/Sep/2023:17:35:57 +0200] "GET /renault.activities.at/htdocs/export/pdf/emuc_document/11951499.pdf HTTP/1.0" 404 321 "http://212.69.160.11:443/renault.activities.at/htdocs/export/pdf/emuc_document/" "Mozilla/5.0 (Linux; Android 5.0) AppleWebKit/537.36 (KHTML, like Gecko) Mobile Safari/537.36 (compatible; Bytespider; spider-feedback@bytedance.com)"
156.59.198.136 - - [21/Sep/2023:17:36:21 +0200] "GET /renault.activities.at/htdocs/export/pdf/emuc_document/11660807.pdf HTTP/1.0" 404 322 "http://212.69.160.11:443/renault.activities.at/htdocs/export/pdf/emuc_document/" "Mozilla/5.0 (Linux; Android 5.0) AppleWebKit/537.36 (KHTML, like Gecko) Mobile Safari/537.36 (compatible; Bytespider; spider-feedback@bytedance.com)"
156.59.198.136 - - [21/Sep/2023:17:36:46 +0200] "GET /renault.activities.at/htdocs/export/pdf/emuc_document/12126684.pdf HTTP/1.0" 404 321 "http://212.69.160.11:443/renault.activities.at/htdocs/export/pdf/emuc_document/" "Mozilla/5.0 (Linux; Android 5.0) AppleWebKit/537.36 (KHTML, like Gecko) Mobile Safari/537.36 (compatible; Bytespider; spider-feedback@bytedance.com)"
156.59.198.135 - - [21/Sep/2023:17:37:11 +0200] "GET /renault.activities.at/htdocs/export/pdf/emuc_document/11306546.pdf HTTP/1.0" 404 322 "http://212.69.160.11:443/renault.activities.at/htdocs/export/pdf/emuc_document/" "Mozilla/5.0 (Linux; Android 5.0) AppleWebKit/537.36 (KHTML, like Gecko) Mobile Safari/537.36 (compatible; Bytespider; spider-feedback@bytedance.com)"
156.59.198.136 - - [21/Sep/2023:17:37:35 +0200] "GET /renault.activities.at/htdocs/export/pdf/emuc_document/12126970.pdf HTTP/1.0" 404 321 "http://212.69.160.11:443/renault.activities.at/htdocs/export/pdf/emuc_document/" "Mozilla/5.0 (Linux; Android 5.0) AppleWebKit/537.36 (KHTML, like Gecko) Mobile Safari/537.36 (compatible; Bytespider; spider-feedback@bytedance.com)"
156.59.198.136 - - [21/Sep/2023:17:38:00 +0200] "GET /renault.activities.at/htdocs/export/pdf/emuc_document/12021228.pdf HTTP/1.0" 404 321 "http://212.69.160.11:443/renault.activities.at/htdocs/export/pdf/emuc_document/" "Mozilla/5.0 (Linux; Android 5.0) AppleWebKit/537.36 (KHTML, like Gecko) Mobile Safari/537.36 (compatible; Bytespider; spider-feedback@bytedance.com)"
156.59.198.135 - - [21/Sep/2023:17:38:24 +0200] "GET /renault.activities.at/htdocs/export/pdf/emuc_document/10314854.pdf HTTP/1.0" 404 322 "http://212.69.160.11:443/renault.activities.at/htdocs/export/pdf/emuc_document/" "Mozilla/5.0 (Linux; Android 5.0) AppleWebKit/537.36 (KHTML, like Gecko) Mobile Safari/537.36 (compatible; Bytespider; spider-feedback@bytedance.com)"
156.59.198.136 - - [21/Sep/2023:17:38:48 +0200] "GET /renault.activities.at/htdocs/export/pdf/emuc_document/11076667.pdf HTTP/1.0" 404 322 "http://212.69.160.11:443/renault.activities.at/htdocs/export/pdf/emuc_document/" "Mozilla/5.0 (Linux; Android 5.0) AppleWebKit/537.36 (KHTML, like Gecko) Mobile Safari/537.36 (compatible; Bytespider; spider-feedback@bytedance.com)"
156.59.198.136 - - [21/Sep/2023:17:39:13 +0200] "GET /renault.activities.at/htdocs/export/pdf/emuc_document/10371208.pdf HTTP/1.0" 404 322 "http://212.69.160.11:443/renault.activities.at/htdocs/export/pdf/emuc_document/" "Mozilla/5.0 (Linux; Android 5.0) AppleWebKit/537.36 (KHTML, like Gecko) Mobile Safari/537.36 (compatible; Bytespider; spider-feedback@bytedance.com)"
156.59.198.135 - - [21/Sep/2023:17:39:38 +0200] "GET /renault.activities.at/htdocs/export/pdf/emuc_document/10961167.pdf HTTP/1.0" 404 322 "http://212.69.160.11:443/renault.activities.at/htdocs/export/pdf/emuc_document/" "Mozilla/5.0 (Linux; Android 5.0) AppleWebKit/537.36 (KHTML, like Gecko) Mobile Safari/537.36 (compatible; Bytespider; spider-feedback@bytedance.com)"
156.59.198.135 - - [21/Sep/2023:17:40:02 +0200] "GET /renault.activities.at/htdocs/export/pdf/emuc_document/11470796.pdf HTTP/1.0" 404 322 "http://212.69.160.11:443/renault.activities.at/htdocs/export/pdf/emuc_document/" "Mozilla/5.0 (Linux; Android 5.0) AppleWebKit/537.36 (KHTML, like Gecko) Mobile Safari/537.36 (compatible; Bytespider; spider-feedback@bytedance.com)"
156.59.198.136 - - [21/Sep/2023:17:40:27 +0200] "GET /renault.activities.at/htdocs/export/pdf/emuc_document/12094883.pdf HTTP/1.0" 404 322 "http://212.69.160.11:443/renault.activities.at/htdocs/export/pdf/emuc_document/" "Mozilla/5.0 (Linux; Android 5.0) AppleWebKit/537.36 (KHTML, like Gecko) Mobile Safari/537.36 (compatible; Bytespider; spider-feedback@bytedance.com)"
156.59.198.136 - - [21/Sep/2023:17:40:51 +0200] "GET /renault.activities.at/htdocs/export/pdf/emuc_document/10252803.pdf HTTP/1.0" 404 322 "http://212.69.160.11:443/renault.activities.at/htdocs/export/pdf/emuc_document/" "Mozilla/5.0 (Linux; Android 5.0) AppleWebKit/537.36 (KHTML, like Gecko) Mobile Safari/537.36 (compatible; Bytespider; spider-feedback@bytedance.com)"
156.59.198.136 - - [21/Sep/2023:17:41:16 +0200] "GET /renault.activities.at/htdocs/export/pdf/emuc_document/10998621.pdf HTTP/1.0" 404 321 "http://212.69.160.11:443/renault.activities.at/htdocs/export/pdf/emuc_document/" "Mozilla/5.0 (Linux; Android 5.0) AppleWebKit/537.36 (KHTML, like Gecko) Mobile Safari/537.36 (compatible; Bytespider; spider-feedback@bytedance.com)"
156.59.198.135 - - [21/Sep/2023:17:41:39 +0200] "GET /renault.activities.at/htdocs/export/pdf/emuc_document/11659691.pdf HTTP/1.0" 404 321 "http://212.69.160.11:443/renault.activities.at/htdocs/export/pdf/emuc_document/" "Mozilla/5.0 (Linux; Android 5.0) AppleWebKit/537.36 (KHTML, like Gecko) Mobile Safari/537.36 (compatible; Bytespider; spider-feedback@bytedance.com)"
156.59.198.135 - - [21/Sep/2023:17:42:28 +0200] "GET /renault.activities.at/htdocs/export/pdf/emuc_document/11072157.pdf HTTP/1.0" 404 322 "http://212.69.160.11:443/renault.activities.at/htdocs/export/pdf/emuc_document/" "Mozilla/5.0 (Linux; Android 5.0) AppleWebKit/537.36 (KHTML, like Gecko) Mobile Safari/537.36 (compatible; Bytespider; spider-feedback@bytedance.com)"
156.59.198.136 - - [21/Sep/2023:17:42:52 +0200] "GET /renault.activities.at/htdocs/export/pdf/emuc_document/11043622.pdf HTTP/1.0" 404 322 "http://212.69.160.11:443/renault.activities.at/htdocs/export/pdf/emuc_document/" "Mozilla/5.0 (Linux; Android 5.0) AppleWebKit/537.36 (KHTML, like Gecko) Mobile Safari/537.36 (compatible; Bytespider; spider-feedback@bytedance.com)"
156.59.198.135 - - [21/Sep/2023:17:43:16 +0200] "GET /renault.activities.at/htdocs/export/pdf/emuc_document/12423036.pdf HTTP/1.0" 404 322 "http://212.69.160.11:443/renault.activities.at/htdocs/export/pdf/emuc_document/" "Mozilla/5.0 (Linux; Android 5.0) AppleWebKit/537.36 (KHTML, like Gecko) Mobile Safari/537.36 (compatible; Bytespider; spider-feedback@bytedance.com)"
156.59.198.136 - - [21/Sep/2023:17:43:41 +0200] "GET /renault.activities.at/htdocs/export/pdf/emuc_document/11642111.pdf HTTP/1.0" 404 321 "http://212.69.160.11:443/renault.activities.at/htdocs/export/pdf/emuc_document/" "Mozilla/5.0 (Linux; Android 5.0) AppleWebKit/537.36 (KHTML, like Gecko) Mobile Safari/537.36 (compatible; Bytespider; spider-feedback@bytedance.com)"
156.59.198.135 - - [21/Sep/2023:17:44:06 +0200] "GET /renault.activities.at/htdocs/export/pdf/emuc_document/11730078.pdf HTTP/1.0" 404 322 "http://212.69.160.11:443/renault.activities.at/htdocs/export/pdf/emuc_document/" "Mozilla/5.0 (Linux; Android 5.0) AppleWebKit/537.36 (KHTML, like Gecko) Mobile Safari/537.36 (compatible; Bytespider; spider-feedback@bytedance.com)"
156.59.198.136 - - [21/Sep/2023:17:44:30 +0200] "GET /renault.activities.at/htdocs/export/pdf/emuc_document/10608506.pdf HTTP/1.0" 404 321 "http://212.69.160.11:443/renault.activities.at/htdocs/export/pdf/emuc_document/" "Mozilla/5.0 (Linux; Android 5.0) AppleWebKit/537.36 (KHTML, like Gecko) Mobile Safari/537.36 (compatible; Bytespider; spider-feedback@bytedance.com)"
156.59.198.136 - - [21/Sep/2023:17:44:55 +0200] "GET /renault.activities.at/htdocs/export/pdf/emuc_document/10533053.pdf HTTP/1.0" 404 321 "http://212.69.160.11:443/renault.activities.at/htdocs/export/pdf/emuc_document/" "Mozilla/5.0 (Linux; Android 5.0) AppleWebKit/537.36 (KHTML, like Gecko) Mobile Safari/537.36 (compatible; Bytespider; spider-feedback@bytedance.com)"
156.59.198.135 - - [21/Sep/2023:17:45:20 +0200] "GET /renault.activities.at/htdocs/export/pdf/emuc_document/11306606.pdf HTTP/1.0" 404 322 "http://212.69.160.11:443/renault.activities.at/htdocs/export/pdf/emuc_document/" "Mozilla/5.0 (Linux; Android 5.0) AppleWebKit/537.36 (KHTML, like Gecko) Mobile Safari/537.36 (compatible; Bytespider; spider-feedback@bytedance.com)"
156.59.198.136 - - [21/Sep/2023:17:45:44 +0200] "GET /renault.activities.at/htdocs/export/pdf/emuc_document/12305326.pdf HTTP/1.0" 404 322 "http://212.69.160.11:443/renault.activities.at/htdocs/export/pdf/emuc_document/" "Mozilla/5.0 (Linux; Android 5.0) AppleWebKit/537.36 (KHTML, like Gecko) Mobile Safari/537.36 (compatible; Bytespider; spider-feedback@bytedance.com)"
156.59.198.136 - - [21/Sep/2023:17:46:09 +0200] "GET /renault.activities.at/htdocs/export/pdf/emuc_document/10659809.pdf HTTP/1.0" 404 322 "http://212.69.160.11:443/renault.activities.at/htdocs/export/pdf/emuc_document/" "Mozilla/5.0 (Linux; Android 5.0) AppleWebKit/537.36 (KHTML, like Gecko) Mobile Safari/537.36 (compatible; Bytespider; spider-feedback@bytedance.com)"
156.59.198.136 - - [21/Sep/2023:17:46:33 +0200] "GET /renault.activities.at/htdocs/export/pdf/emuc_document/10744964.pdf HTTP/1.0" 404 322 "http://212.69.160.11:443/renault.activities.at/htdocs/export/pdf/emuc_document/" "Mozilla/5.0 (Linux; Android 5.0) AppleWebKit/537.36 (KHTML, like Gecko) Mobile Safari/537.36 (compatible; Bytespider; spider-feedback@bytedance.com)"
156.59.198.136 - - [21/Sep/2023:17:46:58 +0200] "GET /renault.activities.at/htdocs/export/pdf/emuc_document/11730083.pdf HTTP/1.0" 404 322 "http://212.69.160.11:443/renault.activities.at/htdocs/export/pdf/emuc_document/" "Mozilla/5.0 (Linux; Android 5.0) AppleWebKit/537.36 (KHTML, like Gecko) Mobile Safari/537.36 (compatible; Bytespider; spider-feedback@bytedance.com)"
156.59.198.136 - - [21/Sep/2023:17:47:22 +0200] "GET /renault.activities.at/htdocs/export/pdf/emuc_document/10754103.pdf HTTP/1.0" 404 322 "http://212.69.160.11:443/renault.activities.at/htdocs/export/pdf/emuc_document/" "Mozilla/5.0 (Linux; Android 5.0) AppleWebKit/537.36 (KHTML, like Gecko) Mobile Safari/537.36 (compatible; Bytespider; spider-feedback@bytedance.com)"
156.59.198.135 - - [21/Sep/2023:17:47:46 +0200] "GET /renault.activities.at/htdocs/export/pdf/emuc_document/10344876.pdf HTTP/1.0" 404 323 "http://212.69.160.11:443/renault.activities.at/htdocs/export/pdf/emuc_document/" "Mozilla/5.0 (Linux; Android 5.0) AppleWebKit/537.36 (KHTML, like Gecko) Mobile Safari/537.36 (compatible; Bytespider; spider-feedback@bytedance.com)"
156.59.198.135 - - [21/Sep/2023:17:48:11 +0200] "GET /renault.activities.at/htdocs/export/pdf/emuc_document/11035923.pdf HTTP/1.0" 404 322 "http://212.69.160.11:443/renault.activities.at/htdocs/export/pdf/emuc_document/" "Mozilla/5.0 (Linux; Android 5.0) AppleWebKit/537.36 (KHTML, like Gecko) Mobile Safari/537.36 (compatible; Bytespider; spider-feedback@bytedance.com)"
156.59.198.136 - - [21/Sep/2023:17:48:35 +0200] "GET /renault.activities.at/htdocs/export/pdf/emuc_document/10344883.pdf HTTP/1.0" 404 322 "http://212.69.160.11:443/renault.activities.at/htdocs/export/pdf/emuc_document/" "Mozilla/5.0 (Linux; Android 5.0) AppleWebKit/537.36 (KHTML, like Gecko) Mobile Safari/537.36 (compatible; Bytespider; spider-feedback@bytedance.com)"
156.59.198.135 - - [21/Sep/2023:17:49:00 +0200] "GET /renault.activities.at/htdocs/export/pdf/emuc_document/11851371.pdf HTTP/1.0" 404 322 "http://212.69.160.11:443/renault.activities.at/htdocs/export/pdf/emuc_document/" "Mozilla/5.0 (Linux; Android 5.0) AppleWebKit/537.36 (KHTML, like Gecko) Mobile Safari/537.36 (compatible; Bytespider; spider-feedback@bytedance.com)"
156.59.198.136 - - [21/Sep/2023:17:49:24 +0200] "GET /renault.activities.at/htdocs/export/pdf/emuc_document/11354049.pdf HTTP/1.0" 404 321 "http://212.69.160.11:443/renault.activities.at/htdocs/export/pdf/emuc_document/" "Mozilla/5.0 (Linux; Android 5.0) AppleWebKit/537.36 (KHTML, like Gecko) Mobile Safari/537.36 (compatible; Bytespider; spider-feedback@bytedance.com)"
156.59.198.136 - - [21/Sep/2023:17:49:49 +0200] "GET /renault.activities.at/htdocs/export/pdf/emuc_document/11167489.pdf HTTP/1.0" 404 322 "http://212.69.160.11:443/renault.activities.at/htdocs/export/pdf/emuc_document/" "Mozilla/5.0 (Linux; Android 5.0) AppleWebKit/537.36 (KHTML, like Gecko) Mobile Safari/537.36 (compatible; Bytespider; spider-feedback@bytedance.com)"
156.59.198.135 - - [21/Sep/2023:17:50:13 +0200] "GET /renault.activities.at/htdocs/export/pdf/emuc_document/12493070.pdf HTTP/1.0" 404 323 "http://212.69.160.11:443/renault.activities.at/htdocs/export/pdf/emuc_document/" "Mozilla/5.0 (Linux; Android 5.0) AppleWebKit/537.36 (KHTML, like Gecko) Mobile Safari/537.36 (compatible; Bytespider; spider-feedback@bytedance.com)"
156.59.198.135 - - [21/Sep/2023:17:50:38 +0200] "GET /renault.activities.at/htdocs/export/pdf/emuc_document/10883779.pdf HTTP/1.0" 404 323 "http://212.69.160.11:443/renault.activities.at/htdocs/export/pdf/emuc_document/" "Mozilla/5.0 (Linux; Android 5.0) AppleWebKit/537.36 (KHTML, like Gecko) Mobile Safari/537.36 (compatible; Bytespider; spider-feedback@bytedance.com)"
