178.165.174.127 - - [22/Sep/2023:16:27:47 +0200] "GET /gui/javascript/form_form.js?1695392867 HTTP/1.1" 200 16206 "http://hausegger.activities.at/entry.php?id=10271&&ser=392806" "Mozilla/5.0 (Windows NT 10.0; Win64; x64; rv:109.0) Gecko/20100101 Firefox/117.0"
156.59.198.135 - - [22/Sep/2023:16:27:55 +0200] "GET /renault.activities.at/htdocs/log/cron/system_mail_3116444.txt HTTP/1.0" 404 320 "http://212.69.160.11:443/renault.activities.at/htdocs/log/cron/system_mail_3116444.txt" "Mozilla/5.0 (Linux; Android 5.0) AppleWebKit/537.36 (KHTML, like Gecko) Mobile Safari/537.36 (compatible; Bytespider; spider-feedback@bytedance.com)"
178.165.174.127 - - [22/Sep/2023:16:28:17 +0200] "GET /entry.php?id=10271&&ser=392837 HTTP/1.1" 200 987 "http://hausegger.activities.at/entry.php?id=10271&&ser=392777" "Mozilla/5.0 (Windows NT 10.0; Win64; x64) AppleWebKit/537.36 (KHTML, like Gecko) Chrome/116.0.0.0 Safari/537.36"
178.165.174.127 - - [22/Sep/2023:16:28:17 +0200] "GET /gui/javascript/form_form.js?1695392897 HTTP/1.1" 200 16206 "http://hausegger.activities.at/entry.php?id=10271&&ser=392837" "Mozilla/5.0 (Windows NT 10.0; Win64; x64) AppleWebKit/537.36 (KHTML, like Gecko) Chrome/116.0.0.0 Safari/537.36"
178.165.174.127 - - [22/Sep/2023:16:28:47 +0200] "GET /entry.php?id=10271&&ser=392867 HTTP/1.1" 200 987 "http://hausegger.activities.at/entry.php?id=10271&&ser=392806" "Mozilla/5.0 (Windows NT 10.0; Win64; x64; rv:109.0) Gecko/20100101 Firefox/117.0"
178.165.174.127 - - [22/Sep/2023:16:28:47 +0200] "GET /gui/javascript/form_form.js?1695392927 HTTP/1.1" 200 16206 "http://hausegger.activities.at/entry.php?id=10271&&ser=392867" "Mozilla/5.0 (Windows NT 10.0; Win64; x64; rv:109.0) Gecko/20100101 Firefox/117.0"
178.165.174.127 - - [22/Sep/2023:16:29:18 +0200] "GET /entry.php?id=10271&&ser=392897 HTTP/1.1" 200 987 "http://hausegger.activities.at/entry.php?id=10271&&ser=392837" "Mozilla/5.0 (Windows NT 10.0; Win64; x64) AppleWebKit/537.36 (KHTML, like Gecko) Chrome/116.0.0.0 Safari/537.36"
178.165.174.127 - - [22/Sep/2023:16:29:18 +0200] "GET /gui/javascript/form_form.js?1695392958 HTTP/1.1" 200 16206 "http://hausegger.activities.at/entry.php?id=10271&&ser=392897" "Mozilla/5.0 (Windows NT 10.0; Win64; x64) AppleWebKit/537.36 (KHTML, like Gecko) Chrome/116.0.0.0 Safari/537.36"
178.165.174.127 - - [22/Sep/2023:16:29:47 +0200] "GET /entry.php?id=10271&&ser=392927 HTTP/1.1" 200 987 "http://hausegger.activities.at/entry.php?id=10271&&ser=392867" "Mozilla/5.0 (Windows NT 10.0; Win64; x64; rv:109.0) Gecko/20100101 Firefox/117.0"
178.165.174.127 - - [22/Sep/2023:16:29:47 +0200] "GET /gui/javascript/form_form.js?1695392987 HTTP/1.1" 200 16206 "http://hausegger.activities.at/entry.php?id=10271&&ser=392927" "Mozilla/5.0 (Windows NT 10.0; Win64; x64; rv:109.0) Gecko/20100101 Firefox/117.0"
156.59.198.136 - - [22/Sep/2023:16:29:55 +0200] "GET /renault.activities.at/htdocs/log/cron/pickupLogisticData_3114845.txt HTTP/1.0" 404 325 "http://212.69.160.11:443/renault.activities.at/htdocs/log/cron/pickupLogisticData_3114845.txt" "Mozilla/5.0 (Linux; Android 5.0) AppleWebKit/537.36 (KHTML, like Gecko) Mobile Safari/537.36 (compatible; Bytespider; spider-feedback@bytedance.com)"
178.165.174.127 - - [22/Sep/2023:16:30:19 +0200] "GET /entry.php?id=10271&&ser=392958 HTTP/1.1" 200 988 "http://hausegger.activities.at/entry.php?id=10271&&ser=392897" "Mozilla/5.0 (Windows NT 10.0; Win64; x64) AppleWebKit/537.36 (KHTML, like Gecko) Chrome/116.0.0.0 Safari/537.36"
178.165.174.127 - - [22/Sep/2023:16:30:19 +0200] "GET /gui/javascript/form_form.js?1695393019 HTTP/1.1" 200 16206 "http://hausegger.activities.at/entry.php?id=10271&&ser=392958" "Mozilla/5.0 (Windows NT 10.0; Win64; x64) AppleWebKit/537.36 (KHTML, like Gecko) Chrome/116.0.0.0 Safari/537.36"
178.165.174.127 - - [22/Sep/2023:16:30:48 +0200] "GET /entry.php?id=10271&&ser=392987 HTTP/1.1" 200 988 "http://hausegger.activities.at/entry.php?id=10271&&ser=392927" "Mozilla/5.0 (Windows NT 10.0; Win64; x64; rv:109.0) Gecko/20100101 Firefox/117.0"
178.165.174.127 - - [22/Sep/2023:16:30:48 +0200] "GET /gui/javascript/form_form.js?1695393048 HTTP/1.1" 200 16206 "http://hausegger.activities.at/entry.php?id=10271&&ser=392987" "Mozilla/5.0 (Windows NT 10.0; Win64; x64; rv:109.0) Gecko/20100101 Firefox/117.0"
178.165.174.127 - - [22/Sep/2023:16:31:20 +0200] "GET /entry.php?id=10271&&ser=393019 HTTP/1.1" 200 988 "http://hausegger.activities.at/entry.php?id=10271&&ser=392958" "Mozilla/5.0 (Windows NT 10.0; Win64; x64) AppleWebKit/537.36 (KHTML, like Gecko) Chrome/116.0.0.0 Safari/537.36"
178.165.174.127 - - [22/Sep/2023:16:31:20 +0200] "GET /gui/javascript/form_form.js?1695393080 HTTP/1.1" 200 16206 "http://hausegger.activities.at/entry.php?id=10271&&ser=393019" "Mozilla/5.0 (Windows NT 10.0; Win64; x64) AppleWebKit/537.36 (KHTML, like Gecko) Chrome/116.0.0.0 Safari/537.36"
178.165.174.127 - - [22/Sep/2023:16:31:48 +0200] "GET /entry.php?id=10271&&ser=393048 HTTP/1.1" 200 988 "http://hausegger.activities.at/entry.php?id=10271&&ser=392987" "Mozilla/5.0 (Windows NT 10.0; Win64; x64; rv:109.0) Gecko/20100101 Firefox/117.0"
178.165.174.127 - - [22/Sep/2023:16:31:48 +0200] "GET /gui/javascript/form_form.js?1695393108 HTTP/1.1" 200 16206 "http://hausegger.activities.at/entry.php?id=10271&&ser=393048" "Mozilla/5.0 (Windows NT 10.0; Win64; x64; rv:109.0) Gecko/20100101 Firefox/117.0"
156.59.198.135 - - [22/Sep/2023:16:31:57 +0200] "GET /renault.activities.at/htdocs/log/cron/autologout_3115832.txt HTTP/1.0" 404 318 "http://212.69.160.11:443/renault.activities.at/htdocs/log/cron/autologout_3115832.txt" "Mozilla/5.0 (Linux; Android 5.0) AppleWebKit/537.36 (KHTML, like Gecko) Mobile Safari/537.36 (compatible; Bytespider; spider-feedback@bytedance.com)"
156.59.198.136 - - [22/Sep/2023:16:32:21 +0200] "GET /renault.activities.at/htdocs/log/cron/system_mail_3115758.txt HTTP/1.0" 404 321 "http://212.69.160.11:443/renault.activities.at/htdocs/log/cron/system_mail_3115758.txt" "Mozilla/5.0 (Linux; Android 5.0) AppleWebKit/537.36 (KHTML, like Gecko) Mobile Safari/537.36 (compatible; Bytespider; spider-feedback@bytedance.com)"
178.165.174.127 - - [22/Sep/2023:16:32:21 +0200] "GET /entry.php?id=10271&&ser=393080 HTTP/1.1" 200 987 "http://hausegger.activities.at/entry.php?id=10271&&ser=393019" "Mozilla/5.0 (Windows NT 10.0; Win64; x64) AppleWebKit/537.36 (KHTML, like Gecko) Chrome/116.0.0.0 Safari/537.36"
178.165.174.127 - - [22/Sep/2023:16:32:21 +0200] "GET /gui/javascript/form_form.js?1695393141 HTTP/1.1" 200 16206 "http://hausegger.activities.at/entry.php?id=10271&&ser=393080" "Mozilla/5.0 (Windows NT 10.0; Win64; x64) AppleWebKit/537.36 (KHTML, like Gecko) Chrome/116.0.0.0 Safari/537.36"
178.165.174.127 - - [22/Sep/2023:16:32:48 +0200] "GET /entry.php?id=10271&&ser=393108 HTTP/1.1" 200 988 "http://hausegger.activities.at/entry.php?id=10271&&ser=393048" "Mozilla/5.0 (Windows NT 10.0; Win64; x64; rv:109.0) Gecko/20100101 Firefox/117.0"
178.165.174.127 - - [22/Sep/2023:16:32:48 +0200] "GET /gui/javascript/form_form.js?1695393168 HTTP/1.1" 200 16206 "http://hausegger.activities.at/entry.php?id=10271&&ser=393108" "Mozilla/5.0 (Windows NT 10.0; Win64; x64; rv:109.0) Gecko/20100101 Firefox/117.0"
178.165.174.127 - - [22/Sep/2023:16:33:22 +0200] "GET /entry.php?id=10271&&ser=393141 HTTP/1.1" 200 988 "http://hausegger.activities.at/entry.php?id=10271&&ser=393080" "Mozilla/5.0 (Windows NT 10.0; Win64; x64) AppleWebKit/537.36 (KHTML, like Gecko) Chrome/116.0.0.0 Safari/537.36"
178.165.174.127 - - [22/Sep/2023:16:33:22 +0200] "GET /gui/javascript/form_form.js?1695393202 HTTP/1.1" 200 16206 "http://hausegger.activities.at/entry.php?id=10271&&ser=393141" "Mozilla/5.0 (Windows NT 10.0; Win64; x64) AppleWebKit/537.36 (KHTML, like Gecko) Chrome/116.0.0.0 Safari/537.36"
134.209.114.112 - - [22/Sep/2023:16:33:38 +0200] "\x16\x03\x01" 400 383 "-" "-"
134.209.114.112 - - [22/Sep/2023:16:33:38 +0200] "\x16\x03\x01" 400 383 "-" "-"
134.209.114.112 - - [22/Sep/2023:16:33:38 +0200] "GET / HTTP/1.1" 200 274 "-" "Mozilla/5.0 (Windows NT 10.0; Win64; x64) AppleWebKit/537.36 (KHTML, like Gecko) Chrome/108.0.0.0 Safari/537.36"
134.209.114.112 - - [22/Sep/2023:16:33:39 +0200] "GET /form.html HTTP/1.1" 404 283 "-" "curl/8.1.2"
134.209.114.112 - - [22/Sep/2023:16:33:39 +0200] "GET /upl.php HTTP/1.1" 404 282 "-" "Mozilla/5.0"
134.209.114.112 - - [22/Sep/2023:16:33:39 +0200] "\x16\x03\x01" 400 383 "-" "-"
134.209.114.112 - - [22/Sep/2023:16:33:39 +0200] "GET /geoip/ HTTP/1.1" 404 281 "-" "Mozilla/5.0 (Windows NT 10.0; Win64; x64) AppleWebKit/537.36 (KHTML, like Gecko) Chrome/108.0.0.0 Safari/537.36"
134.209.114.112 - - [22/Sep/2023:16:33:39 +0200] "GET / HTTP/1.1" 200 274 "-" "Mozilla/5.0 (iPhone; CPU iPhone OS 13_3_1 like Mac OS X) AppleWebKit/605.1.15 (KHTML, like Gecko) Version/13.0.5 Mobile/15E148 Snapchat/10.77.0.54 (like Safari/604.1)"
134.209.114.112 - - [22/Sep/2023:16:33:39 +0200] "GET /favicon.ico HTTP/1.1" 404 284 "-" "Mozilla/5.0 (Windows NT 10.0; Win64; x64) AppleWebKit/537.36 (KHTML, like Gecko) Chrome/108.0.0.0 Safari/537.36"
134.209.114.112 - - [22/Sep/2023:16:33:40 +0200] "GET /1.php HTTP/1.1" 404 280 "-" "Mozilla/5.0 (Windows NT 10.0; Win64; x64) AppleWebKit/537.36 (KHTML, like Gecko) Chrome/108.0.0.0 Safari/537.36"
134.209.114.112 - - [22/Sep/2023:16:33:40 +0200] "GET /bundle.js HTTP/1.1" 404 283 "-" "Mozilla/5.0 (Windows NT 10.0; Win64; x64) AppleWebKit/537.36 (KHTML, like Gecko) Chrome/108.0.0.0 Safari/537.36"
134.209.114.112 - - [22/Sep/2023:16:33:40 +0200] "GET /files/ HTTP/1.1" 404 281 "-" "Mozilla/5.0 (Windows NT 10.0; Win64; x64) AppleWebKit/537.36 (KHTML, like Gecko) Chrome/108.0.0.0 Safari/537.36"
134.209.114.112 - - [22/Sep/2023:16:33:40 +0200] "GET /systembc/password.php HTTP/1.1" 404 291 "-" "Mozilla/5.0 (Windows NT 10.0; Win64; x64) AppleWebKit/537.36 (KHTML, like Gecko) Chrome/108.0.0.0 Safari/537.36"
134.209.114.112 - - [22/Sep/2023:16:33:40 +0200] "GET /password.php HTTP/1.1" 404 285 "-" "Mozilla/5.0 (Windows NT 10.0; Win64; x64) AppleWebKit/537.36 (KHTML, like Gecko) Chrome/108.0.0.0 Safari/537.36"
134.209.114.112 - - [22/Sep/2023:16:33:41 +0200] "GET /info.php HTTP/1.1" 404 283 "-" "Mozilla/5.0 (Windows NT 10.0; Win64; x64) AppleWebKit/537.36 (KHTML, like Gecko) Chrome/108.0.0.0 Safari/537.36"
178.165.174.127 - - [22/Sep/2023:16:33:48 +0200] "GET /entry.php?id=10271&&ser=393168 HTTP/1.1" 200 987 "http://hausegger.activities.at/entry.php?id=10271&&ser=393108" "Mozilla/5.0 (Windows NT 10.0; Win64; x64; rv:109.0) Gecko/20100101 Firefox/117.0"
178.165.174.127 - - [22/Sep/2023:16:33:49 +0200] "GET /gui/javascript/form_form.js?1695393229 HTTP/1.1" 200 16206 "http://hausegger.activities.at/entry.php?id=10271&&ser=393168" "Mozilla/5.0 (Windows NT 10.0; Win64; x64; rv:109.0) Gecko/20100101 Firefox/117.0"
178.165.174.127 - - [22/Sep/2023:16:34:23 +0200] "GET /entry.php?id=10271&&ser=393202 HTTP/1.1" 200 987 "http://hausegger.activities.at/entry.php?id=10271&&ser=393141" "Mozilla/5.0 (Windows NT 10.0; Win64; x64) AppleWebKit/537.36 (KHTML, like Gecko) Chrome/116.0.0.0 Safari/537.36"
178.165.174.127 - - [22/Sep/2023:16:34:23 +0200] "GET /gui/javascript/form_form.js?1695393263 HTTP/1.1" 200 16206 "http://hausegger.activities.at/entry.php?id=10271&&ser=393202" "Mozilla/5.0 (Windows NT 10.0; Win64; x64) AppleWebKit/537.36 (KHTML, like Gecko) Chrome/116.0.0.0 Safari/537.36"
178.165.174.127 - - [22/Sep/2023:16:34:49 +0200] "GET /entry.php?id=10271&&ser=393229 HTTP/1.1" 200 987 "http://hausegger.activities.at/entry.php?id=10271&&ser=393168" "Mozilla/5.0 (Windows NT 10.0; Win64; x64; rv:109.0) Gecko/20100101 Firefox/117.0"
178.165.174.127 - - [22/Sep/2023:16:34:49 +0200] "GET /gui/javascript/form_form.js?1695393289 HTTP/1.1" 200 16206 "http://hausegger.activities.at/entry.php?id=10271&&ser=393229" "Mozilla/5.0 (Windows NT 10.0; Win64; x64; rv:109.0) Gecko/20100101 Firefox/117.0"
178.165.174.127 - - [22/Sep/2023:16:35:24 +0200] "GET /entry.php?id=10271&&ser=393263 HTTP/1.1" 200 987 "http://hausegger.activities.at/entry.php?id=10271&&ser=393202" "Mozilla/5.0 (Windows NT 10.0; Win64; x64) AppleWebKit/537.36 (KHTML, like Gecko) Chrome/116.0.0.0 Safari/537.36"
178.165.174.127 - - [22/Sep/2023:16:35:24 +0200] "GET /gui/javascript/form_form.js?1695393324 HTTP/1.1" 200 16206 "http://hausegger.activities.at/entry.php?id=10271&&ser=393263" "Mozilla/5.0 (Windows NT 10.0; Win64; x64) AppleWebKit/537.36 (KHTML, like Gecko) Chrome/116.0.0.0 Safari/537.36"
178.165.174.127 - - [22/Sep/2023:16:35:49 +0200] "GET /entry.php?id=10271&&ser=393289 HTTP/1.1" 200 988 "http://hausegger.activities.at/entry.php?id=10271&&ser=393229" "Mozilla/5.0 (Windows NT 10.0; Win64; x64; rv:109.0) Gecko/20100101 Firefox/117.0"
178.165.174.127 - - [22/Sep/2023:16:35:49 +0200] "GET /gui/javascript/form_form.js?1695393349 HTTP/1.1" 200 16206 "http://hausegger.activities.at/entry.php?id=10271&&ser=393289" "Mozilla/5.0 (Windows NT 10.0; Win64; x64; rv:109.0) Gecko/20100101 Firefox/117.0"
156.59.198.136 - - [22/Sep/2023:16:35:59 +0200] "GET /renault.activities.at/htdocs/log/cron/check_inventory_days_3115502.txt HTTP/1.0" 404 326 "http://212.69.160.11:443/renault.activities.at/htdocs/log/cron/?C=N%3BO=D" "Mozilla/5.0 (Linux; Android 5.0) AppleWebKit/537.36 (KHTML, like Gecko) Mobile Safari/537.36 (compatible; Bytespider; spider-feedback@bytedance.com)"
156.59.198.136 - - [22/Sep/2023:16:36:24 +0200] "GET /renault.activities.at/htdocs/log/cron/shipp_Export_Data_3115835.txt HTTP/1.0" 404 325 "http://212.69.160.11:443/renault.activities.at/htdocs/log/cron/?C=N%3BO=D" "Mozilla/5.0 (Linux; Android 5.0) AppleWebKit/537.36 (KHTML, like Gecko) Mobile Safari/537.36 (compatible; Bytespider; spider-feedback@bytedance.com)"
178.165.174.127 - - [22/Sep/2023:16:36:25 +0200] "GET /entry.php?id=10271&&ser=393324 HTTP/1.1" 200 988 "http://hausegger.activities.at/entry.php?id=10271&&ser=393263" "Mozilla/5.0 (Windows NT 10.0; Win64; x64) AppleWebKit/537.36 (KHTML, like Gecko) Chrome/116.0.0.0 Safari/537.36"
178.165.174.127 - - [22/Sep/2023:16:36:25 +0200] "GET /gui/javascript/form_form.js?1695393385 HTTP/1.1" 200 16206 "http://hausegger.activities.at/entry.php?id=10271&&ser=393324" "Mozilla/5.0 (Windows NT 10.0; Win64; x64) AppleWebKit/537.36 (KHTML, like Gecko) Chrome/116.0.0.0 Safari/537.36"
156.59.198.135 - - [22/Sep/2023:16:36:48 +0200] "GET /renault.activities.at/htdocs/log/cron/reminder_mailing_3116560.txt HTTP/1.0" 404 323 "http://212.69.160.11:443/renault.activities.at/htdocs/log/cron/?C=N%3BO=D" "Mozilla/5.0 (Linux; Android 5.0) AppleWebKit/537.36 (KHTML, like Gecko) Mobile Safari/537.36 (compatible; Bytespider; spider-feedback@bytedance.com)"
178.165.174.127 - - [22/Sep/2023:16:36:53 +0200] "GET /entry.php?id=10271&&ser=393349 HTTP/1.1" 200 988 "http://hausegger.activities.at/entry.php?id=10271&&ser=393289" "Mozilla/5.0 (Windows NT 10.0; Win64; x64; rv:109.0) Gecko/20100101 Firefox/117.0"
178.165.174.127 - - [22/Sep/2023:16:36:54 +0200] "GET /gui/javascript/form_form.js?1695393413 HTTP/1.1" 200 16206 "http://hausegger.activities.at/entry.php?id=10271&&ser=393349" "Mozilla/5.0 (Windows NT 10.0; Win64; x64; rv:109.0) Gecko/20100101 Firefox/117.0"
156.59.198.136 - - [22/Sep/2023:16:37:13 +0200] "GET /renault.activities.at/htdocs/log/cron/reminder_mailing_3115288.txt HTTP/1.0" 404 323 "http://212.69.160.11:443/renault.activities.at/htdocs/log/cron/?C=N%3BO=D" "Mozilla/5.0 (Linux; Android 5.0) AppleWebKit/537.36 (KHTML, like Gecko) Mobile Safari/537.36 (compatible; Bytespider; spider-feedback@bytedance.com)"
178.165.174.127 - - [22/Sep/2023:16:37:26 +0200] "GET /entry.php?id=10271&&ser=393385 HTTP/1.1" 200 988 "http://hausegger.activities.at/entry.php?id=10271&&ser=393324" "Mozilla/5.0 (Windows NT 10.0; Win64; x64) AppleWebKit/537.36 (KHTML, like Gecko) Chrome/116.0.0.0 Safari/537.36"
178.165.174.127 - - [22/Sep/2023:16:37:26 +0200] "GET /gui/javascript/form_form.js?1695393446 HTTP/1.1" 200 16206 "http://hausegger.activities.at/entry.php?id=10271&&ser=393385" "Mozilla/5.0 (Windows NT 10.0; Win64; x64) AppleWebKit/537.36 (KHTML, like Gecko) Chrome/116.0.0.0 Safari/537.36"
156.59.198.136 - - [22/Sep/2023:16:37:38 +0200] "GET /renault.activities.at/htdocs/log/cron/shipp_Export_Data_3114843.txt HTTP/1.0" 404 324 "http://212.69.160.11:443/renault.activities.at/htdocs/log/cron/?C=N%3BO=D" "Mozilla/5.0 (Linux; Android 5.0) AppleWebKit/537.36 (KHTML, like Gecko) Mobile Safari/537.36 (compatible; Bytespider; spider-feedback@bytedance.com)"
178.165.174.127 - - [22/Sep/2023:16:37:58 +0200] "GET /entry.php?id=10271&&ser=393413 HTTP/1.1" 200 988 "http://hausegger.activities.at/entry.php?id=10271&&ser=393349" "Mozilla/5.0 (Windows NT 10.0; Win64; x64; rv:109.0) Gecko/20100101 Firefox/117.0"
178.165.174.127 - - [22/Sep/2023:16:37:58 +0200] "GET /gui/javascript/form_form.js?1695393478 HTTP/1.1" 200 16206 "http://hausegger.activities.at/entry.php?id=10271&&ser=393413" "Mozilla/5.0 (Windows NT 10.0; Win64; x64; rv:109.0) Gecko/20100101 Firefox/117.0"
156.59.198.135 - - [22/Sep/2023:16:38:02 +0200] "GET /renault.activities.at/htdocs/log/cron/system_mail_3115093.txt HTTP/1.0" 404 320 "http://212.69.160.11:443/renault.activities.at/htdocs/log/cron/?C=N%3BO=D" "Mozilla/5.0 (Linux; Android 5.0) AppleWebKit/537.36 (KHTML, like Gecko) Mobile Safari/537.36 (compatible; Bytespider; spider-feedback@bytedance.com)"
156.59.198.136 - - [22/Sep/2023:16:38:27 +0200] "GET /renault.activities.at/htdocs/log/cron/importLogisticData_3116214.txt HTTP/1.0" 404 324 "http://212.69.160.11:443/renault.activities.at/htdocs/log/cron/?C=N%3BO=D" "Mozilla/5.0 (Linux; Android 5.0) AppleWebKit/537.36 (KHTML, like Gecko) Mobile Safari/537.36 (compatible; Bytespider; spider-feedback@bytedance.com)"
178.165.174.127 - - [22/Sep/2023:16:38:27 +0200] "GET /entry.php?id=10271&&ser=393446 HTTP/1.1" 200 988 "http://hausegger.activities.at/entry.php?id=10271&&ser=393385" "Mozilla/5.0 (Windows NT 10.0; Win64; x64) AppleWebKit/537.36 (KHTML, like Gecko) Chrome/116.0.0.0 Safari/537.36"
178.165.174.127 - - [22/Sep/2023:16:38:27 +0200] "GET /gui/javascript/form_form.js?1695393507 HTTP/1.1" 200 16206 "http://hausegger.activities.at/entry.php?id=10271&&ser=393446" "Mozilla/5.0 (Windows NT 10.0; Win64; x64) AppleWebKit/537.36 (KHTML, like Gecko) Chrome/116.0.0.0 Safari/537.36"
156.59.198.135 - - [22/Sep/2023:16:38:52 +0200] "GET /renault.activities.at/htdocs/log/cron/system_mail_3115289.txt HTTP/1.0" 404 320 "http://212.69.160.11:443/renault.activities.at/htdocs/log/cron/?C=N%3BO=D" "Mozilla/5.0 (Linux; Android 5.0) AppleWebKit/537.36 (KHTML, like Gecko) Mobile Safari/537.36 (compatible; Bytespider; spider-feedback@bytedance.com)"
178.165.174.127 - - [22/Sep/2023:16:39:02 +0200] "GET /entry.php?id=10271&&ser=393478 HTTP/1.1" 200 987 "http://hausegger.activities.at/entry.php?id=10271&&ser=393413" "Mozilla/5.0 (Windows NT 10.0; Win64; x64; rv:109.0) Gecko/20100101 Firefox/117.0"
178.165.174.127 - - [22/Sep/2023:16:39:02 +0200] "GET /gui/javascript/form_form.js?1695393542 HTTP/1.1" 200 16206 "http://hausegger.activities.at/entry.php?id=10271&&ser=393478" "Mozilla/5.0 (Windows NT 10.0; Win64; x64; rv:109.0) Gecko/20100101 Firefox/117.0"
156.59.198.135 - - [22/Sep/2023:16:39:16 +0200] "GET /renault.activities.at/htdocs/log/cron/system_mail_3116070.txt HTTP/1.0" 404 321 "http://212.69.160.11:443/renault.activities.at/htdocs/log/cron/?C=N%3BO=D" "Mozilla/5.0 (Linux; Android 5.0) AppleWebKit/537.36 (KHTML, like Gecko) Mobile Safari/537.36 (compatible; Bytespider; spider-feedback@bytedance.com)"
178.165.174.127 - - [22/Sep/2023:16:39:28 +0200] "GET /entry.php?id=10271&&ser=393507 HTTP/1.1" 200 988 "http://hausegger.activities.at/entry.php?id=10271&&ser=393446" "Mozilla/5.0 (Windows NT 10.0; Win64; x64) AppleWebKit/537.36 (KHTML, like Gecko) Chrome/116.0.0.0 Safari/537.36"
178.165.174.127 - - [22/Sep/2023:16:39:28 +0200] "GET /gui/javascript/form_form.js?1695393568 HTTP/1.1" 200 16206 "http://hausegger.activities.at/entry.php?id=10271&&ser=393507" "Mozilla/5.0 (Windows NT 10.0; Win64; x64) AppleWebKit/537.36 (KHTML, like Gecko) Chrome/116.0.0.0 Safari/537.36"
156.59.198.136 - - [22/Sep/2023:16:39:41 +0200] "GET /renault.activities.at/htdocs/log/cron/check_inventory_days_3116462.txt HTTP/1.0" 404 326 "http://212.69.160.11:443/renault.activities.at/htdocs/log/cron/?C=N%3BO=D" "Mozilla/5.0 (Linux; Android 5.0) AppleWebKit/537.36 (KHTML, like Gecko) Mobile Safari/537.36 (compatible; Bytespider; spider-feedback@bytedance.com)"
178.165.174.127 - - [22/Sep/2023:16:40:07 +0200] "GET /entry.php?id=10271&&ser=393542 HTTP/1.1" 200 988 "http://hausegger.activities.at/entry.php?id=10271&&ser=393478" "Mozilla/5.0 (Windows NT 10.0; Win64; x64; rv:109.0) Gecko/20100101 Firefox/117.0"
178.165.174.127 - - [22/Sep/2023:16:40:07 +0200] "GET /gui/javascript/form_form.js?1695393607 HTTP/1.1" 200 16206 "http://hausegger.activities.at/entry.php?id=10271&&ser=393542" "Mozilla/5.0 (Windows NT 10.0; Win64; x64; rv:109.0) Gecko/20100101 Firefox/117.0"
156.59.198.135 - - [22/Sep/2023:16:40:07 +0200] "GET /renault.activities.at/htdocs/log/cron/system_mail_3115553.txt HTTP/1.0" 404 320 "http://212.69.160.11:443/renault.activities.at/htdocs/log/cron/?C=N%3BO=D" "Mozilla/5.0 (Linux; Android 5.0) AppleWebKit/537.36 (KHTML, like Gecko) Mobile Safari/537.36 (compatible; Bytespider; spider-feedback@bytedance.com)"
178.165.174.127 - - [22/Sep/2023:16:40:29 +0200] "GET /entry.php?id=10271&&ser=393568 HTTP/1.1" 200 987 "http://hausegger.activities.at/entry.php?id=10271&&ser=393507" "Mozilla/5.0 (Windows NT 10.0; Win64; x64) AppleWebKit/537.36 (KHTML, like Gecko) Chrome/116.0.0.0 Safari/537.36"
178.165.174.127 - - [22/Sep/2023:16:40:29 +0200] "GET /gui/javascript/form_form.js?1695393629 HTTP/1.1" 200 16206 "http://hausegger.activities.at/entry.php?id=10271&&ser=393568" "Mozilla/5.0 (Windows NT 10.0; Win64; x64) AppleWebKit/537.36 (KHTML, like Gecko) Chrome/116.0.0.0 Safari/537.36"
156.59.198.136 - - [22/Sep/2023:16:40:30 +0200] "GET /renault.activities.at/htdocs/log/cron/reminder_mailing_3116029.txt HTTP/1.0" 404 323 "http://212.69.160.11:443/renault.activities.at/htdocs/log/cron/?C=N%3BO=D" "Mozilla/5.0 (Linux; Android 5.0) AppleWebKit/537.36 (KHTML, like Gecko) Mobile Safari/537.36 (compatible; Bytespider; spider-feedback@bytedance.com)"
156.59.198.135 - - [22/Sep/2023:16:40:55 +0200] "GET /renault.activities.at/htdocs/log/cron/system_mail_3116161.txt HTTP/1.0" 404 319 "http://212.69.160.11:443/renault.activities.at/htdocs/log/cron/?C=N%3BO=D" "Mozilla/5.0 (Linux; Android 5.0) AppleWebKit/537.36 (KHTML, like Gecko) Mobile Safari/537.36 (compatible; Bytespider; spider-feedback@bytedance.com)"
178.165.174.127 - - [22/Sep/2023:16:41:07 +0200] "GET /entry.php?id=10271&&ser=393607 HTTP/1.1" 200 988 "http://hausegger.activities.at/entry.php?id=10271&&ser=393542" "Mozilla/5.0 (Windows NT 10.0; Win64; x64; rv:109.0) Gecko/20100101 Firefox/117.0"
178.165.174.127 - - [22/Sep/2023:16:41:07 +0200] "GET /gui/javascript/form_form.js?1695393667 HTTP/1.1" 200 16206 "http://hausegger.activities.at/entry.php?id=10271&&ser=393607" "Mozilla/5.0 (Windows NT 10.0; Win64; x64; rv:109.0) Gecko/20100101 Firefox/117.0"
156.59.198.135 - - [22/Sep/2023:16:41:19 +0200] "GET /renault.activities.at/htdocs/log/cron/minimum_stock_3116458.txt HTTP/1.0" 404 323 "http://212.69.160.11:443/renault.activities.at/htdocs/log/cron/?C=N%3BO=D" "Mozilla/5.0 (Linux; Android 5.0) AppleWebKit/537.36 (KHTML, like Gecko) Mobile Safari/537.36 (compatible; Bytespider; spider-feedback@bytedance.com)"
178.165.174.127 - - [22/Sep/2023:16:41:30 +0200] "GET /entry.php?id=10271&&ser=393629 HTTP/1.1" 200 987 "http://hausegger.activities.at/entry.php?id=10271&&ser=393568" "Mozilla/5.0 (Windows NT 10.0; Win64; x64) AppleWebKit/537.36 (KHTML, like Gecko) Chrome/116.0.0.0 Safari/537.36"
178.165.174.127 - - [22/Sep/2023:16:41:30 +0200] "GET /gui/javascript/form_form.js?1695393690 HTTP/1.1" 200 16206 "http://hausegger.activities.at/entry.php?id=10271&&ser=393629" "Mozilla/5.0 (Windows NT 10.0; Win64; x64) AppleWebKit/537.36 (KHTML, like Gecko) Chrome/116.0.0.0 Safari/537.36"
156.59.198.135 - - [22/Sep/2023:16:41:43 +0200] "GET /renault.activities.at/htdocs/log/cron/reminder_mailing_3114812.txt HTTP/1.0" 404 322 "http://212.69.160.11:443/renault.activities.at/htdocs/log/cron/?C=N%3BO=D" "Mozilla/5.0 (Linux; Android 5.0) AppleWebKit/537.36 (KHTML, like Gecko) Mobile Safari/537.36 (compatible; Bytespider; spider-feedback@bytedance.com)"
156.59.198.136 - - [22/Sep/2023:16:42:07 +0200] "GET /renault.activities.at/htdocs/log/cron/exportXML_3115239.txt HTTP/1.0" 404 320 "http://212.69.160.11:443/renault.activities.at/htdocs/log/cron/?C=N%3BO=D" "Mozilla/5.0 (Linux; Android 5.0) AppleWebKit/537.36 (KHTML, like Gecko) Mobile Safari/537.36 (compatible; Bytespider; spider-feedback@bytedance.com)"
178.165.174.127 - - [22/Sep/2023:16:42:08 +0200] "GET /entry.php?id=10271&&ser=393667 HTTP/1.1" 200 988 "http://hausegger.activities.at/entry.php?id=10271&&ser=393607" "Mozilla/5.0 (Windows NT 10.0; Win64; x64; rv:109.0) Gecko/20100101 Firefox/117.0"
178.165.174.127 - - [22/Sep/2023:16:42:08 +0200] "GET /gui/javascript/form_form.js?1695393728 HTTP/1.1" 200 16206 "http://hausegger.activities.at/entry.php?id=10271&&ser=393667" "Mozilla/5.0 (Windows NT 10.0; Win64; x64; rv:109.0) Gecko/20100101 Firefox/117.0"
178.165.174.127 - - [22/Sep/2023:16:42:31 +0200] "GET /entry.php?id=10271&&ser=393690 HTTP/1.1" 200 986 "http://hausegger.activities.at/entry.php?id=10271&&ser=393629" "Mozilla/5.0 (Windows NT 10.0; Win64; x64) AppleWebKit/537.36 (KHTML, like Gecko) Chrome/116.0.0.0 Safari/537.36"
178.165.174.127 - - [22/Sep/2023:16:42:31 +0200] "GET /gui/javascript/form_form.js?1695393751 HTTP/1.1" 200 16206 "http://hausegger.activities.at/entry.php?id=10271&&ser=393690" "Mozilla/5.0 (Windows NT 10.0; Win64; x64) AppleWebKit/537.36 (KHTML, like Gecko) Chrome/116.0.0.0 Safari/537.36"
156.59.198.136 - - [22/Sep/2023:16:42:32 +0200] "GET /renault.activities.at/htdocs/log/cron/exportXML_3116540.txt HTTP/1.0" 404 320 "http://212.69.160.11:443/renault.activities.at/htdocs/log/cron/?C=N%3BO=D" "Mozilla/5.0 (Linux; Android 5.0) AppleWebKit/537.36 (KHTML, like Gecko) Mobile Safari/537.36 (compatible; Bytespider; spider-feedback@bytedance.com)"
156.59.198.136 - - [22/Sep/2023:16:42:56 +0200] "GET /renault.activities.at/htdocs/log/cron/autologout_3115240.txt HTTP/1.0" 404 318 "http://212.69.160.11:443/renault.activities.at/htdocs/log/cron/?C=N%3BO=D" "Mozilla/5.0 (Linux; Android 5.0) AppleWebKit/537.36 (KHTML, like Gecko) Mobile Safari/537.36 (compatible; Bytespider; spider-feedback@bytedance.com)"
178.165.174.127 - - [22/Sep/2023:16:43:08 +0200] "GET /entry.php?id=10271&&ser=393728 HTTP/1.1" 200 988 "http://hausegger.activities.at/entry.php?id=10271&&ser=393667" "Mozilla/5.0 (Windows NT 10.0; Win64; x64; rv:109.0) Gecko/20100101 Firefox/117.0"
178.165.174.127 - - [22/Sep/2023:16:43:08 +0200] "GET /gui/javascript/form_form.js?1695393788 HTTP/1.1" 200 16206 "http://hausegger.activities.at/entry.php?id=10271&&ser=393728" "Mozilla/5.0 (Windows NT 10.0; Win64; x64; rv:109.0) Gecko/20100101 Firefox/117.0"
156.59.198.136 - - [22/Sep/2023:16:43:22 +0200] "GET /renault.activities.at/htdocs/log/cron/exportXML_3115574.txt HTTP/1.0" 404 320 "http://212.69.160.11:443/renault.activities.at/htdocs/log/cron/?C=N%3BO=D" "Mozilla/5.0 (Linux; Android 5.0) AppleWebKit/537.36 (KHTML, like Gecko) Mobile Safari/537.36 (compatible; Bytespider; spider-feedback@bytedance.com)"
178.165.174.127 - - [22/Sep/2023:16:43:32 +0200] "GET /entry.php?id=10271&&ser=393751 HTTP/1.1" 200 987 "http://hausegger.activities.at/entry.php?id=10271&&ser=393690" "Mozilla/5.0 (Windows NT 10.0; Win64; x64) AppleWebKit/537.36 (KHTML, like Gecko) Chrome/116.0.0.0 Safari/537.36"
178.165.174.127 - - [22/Sep/2023:16:43:32 +0200] "GET /gui/javascript/form_form.js?1695393812 HTTP/1.1" 200 16206 "http://hausegger.activities.at/entry.php?id=10271&&ser=393751" "Mozilla/5.0 (Windows NT 10.0; Win64; x64) AppleWebKit/537.36 (KHTML, like Gecko) Chrome/116.0.0.0 Safari/537.36"
156.59.198.135 - - [22/Sep/2023:16:43:45 +0200] "GET /renault.activities.at/htdocs/log/cron/pickupLogisticData_3114928.txt HTTP/1.0" 404 325 "http://212.69.160.11:443/renault.activities.at/htdocs/log/cron/?C=N%3BO=D" "Mozilla/5.0 (Linux; Android 5.0) AppleWebKit/537.36 (KHTML, like Gecko) Mobile Safari/537.36 (compatible; Bytespider; spider-feedback@bytedance.com)"
178.165.174.127 - - [22/Sep/2023:16:44:08 +0200] "GET /entry.php?id=10271&&ser=393788 HTTP/1.1" 200 988 "http://hausegger.activities.at/entry.php?id=10271&&ser=393728" "Mozilla/5.0 (Windows NT 10.0; Win64; x64; rv:109.0) Gecko/20100101 Firefox/117.0"
178.165.174.127 - - [22/Sep/2023:16:44:09 +0200] "GET /gui/javascript/form_form.js?1695393848 HTTP/1.1" 200 16206 "http://hausegger.activities.at/entry.php?id=10271&&ser=393788" "Mozilla/5.0 (Windows NT 10.0; Win64; x64; rv:109.0) Gecko/20100101 Firefox/117.0"
156.59.198.136 - - [22/Sep/2023:16:44:09 +0200] "GET /renault.activities.at/htdocs/log/cron/system_mail_3115540.txt HTTP/1.0" 404 320 "http://212.69.160.11:443/renault.activities.at/htdocs/log/cron/?C=N%3BO=D" "Mozilla/5.0 (Linux; Android 5.0) AppleWebKit/537.36 (KHTML, like Gecko) Mobile Safari/537.36 (compatible; Bytespider; spider-feedback@bytedance.com)"
178.165.174.127 - - [22/Sep/2023:16:44:33 +0200] "GET /entry.php?id=10271&&ser=393812 HTTP/1.1" 200 988 "http://hausegger.activities.at/entry.php?id=10271&&ser=393751" "Mozilla/5.0 (Windows NT 10.0; Win64; x64) AppleWebKit/537.36 (KHTML, like Gecko) Chrome/116.0.0.0 Safari/537.36"
178.165.174.127 - - [22/Sep/2023:16:44:33 +0200] "GET /gui/javascript/form_form.js?1695393873 HTTP/1.1" 200 16206 "http://hausegger.activities.at/entry.php?id=10271&&ser=393812" "Mozilla/5.0 (Windows NT 10.0; Win64; x64) AppleWebKit/537.36 (KHTML, like Gecko) Chrome/116.0.0.0 Safari/537.36"
156.59.198.135 - - [22/Sep/2023:16:44:33 +0200] "GET /renault.activities.at/htdocs/log/cron/pickupLogisticData_3116341.txt HTTP/1.0" 404 325 "http://212.69.160.11:443/renault.activities.at/htdocs/log/cron/?C=N%3BO=D" "Mozilla/5.0 (Linux; Android 5.0) AppleWebKit/537.36 (KHTML, like Gecko) Mobile Safari/537.36 (compatible; Bytespider; spider-feedback@bytedance.com)"
156.59.198.135 - - [22/Sep/2023:16:44:58 +0200] "GET /renault.activities.at/htdocs/log/cron/pickupLogisticData_3114993.txt HTTP/1.0" 404 325 "http://212.69.160.11:443/renault.activities.at/htdocs/log/cron/?C=N%3BO=D" "Mozilla/5.0 (Linux; Android 5.0) AppleWebKit/537.36 (KHTML, like Gecko) Mobile Safari/537.36 (compatible; Bytespider; spider-feedback@bytedance.com)"
178.165.174.127 - - [22/Sep/2023:16:45:09 +0200] "GET /entry.php?id=10271&&ser=393848 HTTP/1.1" 200 987 "http://hausegger.activities.at/entry.php?id=10271&&ser=393788" "Mozilla/5.0 (Windows NT 10.0; Win64; x64; rv:109.0) Gecko/20100101 Firefox/117.0"
178.165.174.127 - - [22/Sep/2023:16:45:09 +0200] "GET /gui/javascript/form_form.js?1695393909 HTTP/1.1" 200 16206 "http://hausegger.activities.at/entry.php?id=10271&&ser=393848" "Mozilla/5.0 (Windows NT 10.0; Win64; x64; rv:109.0) Gecko/20100101 Firefox/117.0"
156.59.198.135 - - [22/Sep/2023:16:45:22 +0200] "GET /renault.activities.at/htdocs/log/cron/reminder_mailing_3115111.txt HTTP/1.0" 404 322 "http://212.69.160.11:443/renault.activities.at/htdocs/log/cron/?C=N%3BO=D" "Mozilla/5.0 (Linux; Android 5.0) AppleWebKit/537.36 (KHTML, like Gecko) Mobile Safari/537.36 (compatible; Bytespider; spider-feedback@bytedance.com)"
178.165.174.127 - - [22/Sep/2023:16:45:34 +0200] "GET /entry.php?id=10271&&ser=393873 HTTP/1.1" 200 986 "http://hausegger.activities.at/entry.php?id=10271&&ser=393812" "Mozilla/5.0 (Windows NT 10.0; Win64; x64) AppleWebKit/537.36 (KHTML, like Gecko) Chrome/116.0.0.0 Safari/537.36"
178.165.174.127 - - [22/Sep/2023:16:45:34 +0200] "GET /gui/javascript/form_form.js?1695393934 HTTP/1.1" 200 16206 "http://hausegger.activities.at/entry.php?id=10271&&ser=393873" "Mozilla/5.0 (Windows NT 10.0; Win64; x64) AppleWebKit/537.36 (KHTML, like Gecko) Chrome/116.0.0.0 Safari/537.36"
156.59.198.136 - - [22/Sep/2023:16:45:46 +0200] "GET /renault.activities.at/htdocs/log/cron/pickupLogisticData_3114954.txt HTTP/1.0" 404 325 "http://212.69.160.11:443/renault.activities.at/htdocs/log/cron/?C=N%3BO=D" "Mozilla/5.0 (Linux; Android 5.0) AppleWebKit/537.36 (KHTML, like Gecko) Mobile Safari/537.36 (compatible; Bytespider; spider-feedback@bytedance.com)"
178.165.174.127 - - [22/Sep/2023:16:46:09 +0200] "GET /entry.php?id=10271&&ser=393909 HTTP/1.1" 200 988 "http://hausegger.activities.at/entry.php?id=10271&&ser=393848" "Mozilla/5.0 (Windows NT 10.0; Win64; x64; rv:109.0) Gecko/20100101 Firefox/117.0"
178.165.174.127 - - [22/Sep/2023:16:46:09 +0200] "GET /gui/javascript/form_form.js?1695393969 HTTP/1.1" 200 16206 "http://hausegger.activities.at/entry.php?id=10271&&ser=393909" "Mozilla/5.0 (Windows NT 10.0; Win64; x64; rv:109.0) Gecko/20100101 Firefox/117.0"
156.59.198.136 - - [22/Sep/2023:16:46:11 +0200] "GET /renault.activities.at/htdocs/log/cron/pickupLogisticData_3115084.txt HTTP/1.0" 404 325 "http://212.69.160.11:443/renault.activities.at/htdocs/log/cron/?C=N%3BO=D" "Mozilla/5.0 (Linux; Android 5.0) AppleWebKit/537.36 (KHTML, like Gecko) Mobile Safari/537.36 (compatible; Bytespider; spider-feedback@bytedance.com)"
156.59.198.135 - - [22/Sep/2023:16:46:35 +0200] "GET /renault.activities.at/htdocs/log/cron/autologout_3116232.txt HTTP/1.0" 404 318 "http://212.69.160.11:443/renault.activities.at/htdocs/log/cron/?C=N%3BO=D" "Mozilla/5.0 (Linux; Android 5.0) AppleWebKit/537.36 (KHTML, like Gecko) Mobile Safari/537.36 (compatible; Bytespider; spider-feedback@bytedance.com)"
178.165.174.127 - - [22/Sep/2023:16:46:35 +0200] "GET /entry.php?id=10271&&ser=393934 HTTP/1.1" 200 988 "http://hausegger.activities.at/entry.php?id=10271&&ser=393873" "Mozilla/5.0 (Windows NT 10.0; Win64; x64) AppleWebKit/537.36 (KHTML, like Gecko) Chrome/116.0.0.0 Safari/537.36"
178.165.174.127 - - [22/Sep/2023:16:46:35 +0200] "GET /gui/javascript/form_form.js?1695393995 HTTP/1.1" 200 16206 "http://hausegger.activities.at/entry.php?id=10271&&ser=393934" "Mozilla/5.0 (Windows NT 10.0; Win64; x64) AppleWebKit/537.36 (KHTML, like Gecko) Chrome/116.0.0.0 Safari/537.36"
156.59.198.135 - - [22/Sep/2023:16:46:59 +0200] "GET /renault.activities.at/htdocs/log/cron/pickupLogisticData_3114967.txt HTTP/1.0" 404 326 "http://212.69.160.11:443/renault.activities.at/htdocs/log/cron/?C=N%3BO=D" "Mozilla/5.0 (Linux; Android 5.0) AppleWebKit/537.36 (KHTML, like Gecko) Mobile Safari/537.36 (compatible; Bytespider; spider-feedback@bytedance.com)"
178.165.174.127 - - [22/Sep/2023:16:47:10 +0200] "GET /entry.php?id=10271&&ser=393969 HTTP/1.1" 200 987 "http://hausegger.activities.at/entry.php?id=10271&&ser=393909" "Mozilla/5.0 (Windows NT 10.0; Win64; x64; rv:109.0) Gecko/20100101 Firefox/117.0"
178.165.174.127 - - [22/Sep/2023:16:47:10 +0200] "GET /gui/javascript/form_form.js?1695394030 HTTP/1.1" 200 16206 "http://hausegger.activities.at/entry.php?id=10271&&ser=393969" "Mozilla/5.0 (Windows NT 10.0; Win64; x64; rv:109.0) Gecko/20100101 Firefox/117.0"
156.59.198.135 - - [22/Sep/2023:16:47:24 +0200] "GET /renault.activities.at/htdocs/log/cron/system_mail_3116535.txt HTTP/1.0" 404 321 "http://212.69.160.11:443/renault.activities.at/htdocs/log/cron/?C=N%3BO=D" "Mozilla/5.0 (Linux; Android 5.0) AppleWebKit/537.36 (KHTML, like Gecko) Mobile Safari/537.36 (compatible; Bytespider; spider-feedback@bytedance.com)"
178.165.174.127 - - [22/Sep/2023:16:47:36 +0200] "GET /entry.php?id=10271&&ser=393995 HTTP/1.1" 200 987 "http://hausegger.activities.at/entry.php?id=10271&&ser=393934" "Mozilla/5.0 (Windows NT 10.0; Win64; x64) AppleWebKit/537.36 (KHTML, like Gecko) Chrome/116.0.0.0 Safari/537.36"
178.165.174.127 - - [22/Sep/2023:16:47:36 +0200] "GET /gui/javascript/form_form.js?1695394056 HTTP/1.1" 200 16206 "http://hausegger.activities.at/entry.php?id=10271&&ser=393995" "Mozilla/5.0 (Windows NT 10.0; Win64; x64) AppleWebKit/537.36 (KHTML, like Gecko) Chrome/116.0.0.0 Safari/537.36"
156.59.198.135 - - [22/Sep/2023:16:47:48 +0200] "GET /renault.activities.at/htdocs/log/cron/reminder_mailing_3115212.txt HTTP/1.0" 404 322 "http://212.69.160.11:443/renault.activities.at/htdocs/log/cron/?C=N%3BO=D" "Mozilla/5.0 (Linux; Android 5.0) AppleWebKit/537.36 (KHTML, like Gecko) Mobile Safari/537.36 (compatible; Bytespider; spider-feedback@bytedance.com)"
178.165.174.127 - - [22/Sep/2023:16:48:10 +0200] "GET /entry.php?id=10271&&ser=394030 HTTP/1.1" 200 987 "http://hausegger.activities.at/entry.php?id=10271&&ser=393969" "Mozilla/5.0 (Windows NT 10.0; Win64; x64; rv:109.0) Gecko/20100101 Firefox/117.0"
178.165.174.127 - - [22/Sep/2023:16:48:10 +0200] "GET /gui/javascript/form_form.js?1695394090 HTTP/1.1" 200 16206 "http://hausegger.activities.at/entry.php?id=10271&&ser=394030" "Mozilla/5.0 (Windows NT 10.0; Win64; x64; rv:109.0) Gecko/20100101 Firefox/117.0"
156.59.198.135 - - [22/Sep/2023:16:48:12 +0200] "GET /renault.activities.at/htdocs/log/cron/system_mail_3115754.txt HTTP/1.0" 404 321 "http://212.69.160.11:443/renault.activities.at/htdocs/log/cron/?C=N%3BO=D" "Mozilla/5.0 (Linux; Android 5.0) AppleWebKit/537.36 (KHTML, like Gecko) Mobile Safari/537.36 (compatible; Bytespider; spider-feedback@bytedance.com)"
156.59.198.135 - - [22/Sep/2023:16:48:36 +0200] "GET /renault.activities.at/htdocs/log/cron/exportXML_3114935.txt HTTP/1.0" 404 320 "http://212.69.160.11:443/renault.activities.at/htdocs/log/cron/?C=N%3BO=D" "Mozilla/5.0 (Linux; Android 5.0) AppleWebKit/537.36 (KHTML, like Gecko) Mobile Safari/537.36 (compatible; Bytespider; spider-feedback@bytedance.com)"
178.165.174.127 - - [22/Sep/2023:16:48:37 +0200] "GET /entry.php?id=10271&&ser=394056 HTTP/1.1" 200 987 "http://hausegger.activities.at/entry.php?id=10271&&ser=393995" "Mozilla/5.0 (Windows NT 10.0; Win64; x64) AppleWebKit/537.36 (KHTML, like Gecko) Chrome/116.0.0.0 Safari/537.36"
178.165.174.127 - - [22/Sep/2023:16:48:37 +0200] "GET /gui/javascript/form_form.js?1695394117 HTTP/1.1" 200 16206 "http://hausegger.activities.at/entry.php?id=10271&&ser=394056" "Mozilla/5.0 (Windows NT 10.0; Win64; x64) AppleWebKit/537.36 (KHTML, like Gecko) Chrome/116.0.0.0 Safari/537.36"
156.59.198.136 - - [22/Sep/2023:16:49:00 +0200] "GET /renault.activities.at/htdocs/log/cron/system_mail_3115608.txt HTTP/1.0" 404 321 "http://212.69.160.11:443/renault.activities.at/htdocs/log/cron/?C=N%3BO=D" "Mozilla/5.0 (Linux; Android 5.0) AppleWebKit/537.36 (KHTML, like Gecko) Mobile Safari/537.36 (compatible; Bytespider; spider-feedback@bytedance.com)"
178.165.174.127 - - [22/Sep/2023:16:49:10 +0200] "GET /entry.php?id=10271&&ser=394090 HTTP/1.1" 200 986 "http://hausegger.activities.at/entry.php?id=10271&&ser=394030" "Mozilla/5.0 (Windows NT 10.0; Win64; x64; rv:109.0) Gecko/20100101 Firefox/117.0"
178.165.174.127 - - [22/Sep/2023:16:49:11 +0200] "GET /gui/javascript/form_form.js?1695394151 HTTP/1.1" 200 16206 "http://hausegger.activities.at/entry.php?id=10271&&ser=394090" "Mozilla/5.0 (Windows NT 10.0; Win64; x64; rv:109.0) Gecko/20100101 Firefox/117.0"
156.59.198.136 - - [22/Sep/2023:16:49:25 +0200] "GET /renault.activities.at/htdocs/log/cron/system_mail_3115102.txt HTTP/1.0" 404 320 "http://212.69.160.11:443/renault.activities.at/htdocs/log/cron/?C=N%3BO=D" "Mozilla/5.0 (Linux; Android 5.0) AppleWebKit/537.36 (KHTML, like Gecko) Mobile Safari/537.36 (compatible; Bytespider; spider-feedback@bytedance.com)"
178.165.174.127 - - [22/Sep/2023:16:49:38 +0200] "GET /entry.php?id=10271&&ser=394117 HTTP/1.1" 200 987 "http://hausegger.activities.at/entry.php?id=10271&&ser=394056" "Mozilla/5.0 (Windows NT 10.0; Win64; x64) AppleWebKit/537.36 (KHTML, like Gecko) Chrome/116.0.0.0 Safari/537.36"
178.165.174.127 - - [22/Sep/2023:16:49:38 +0200] "GET /gui/javascript/form_form.js?1695394178 HTTP/1.1" 200 16206 "http://hausegger.activities.at/entry.php?id=10271&&ser=394117" "Mozilla/5.0 (Windows NT 10.0; Win64; x64) AppleWebKit/537.36 (KHTML, like Gecko) Chrome/116.0.0.0 Safari/537.36"
156.59.198.136 - - [22/Sep/2023:16:49:49 +0200] "GET /renault.activities.at/htdocs/log/cron/pickupLogisticData_3115863.txt HTTP/1.0" 404 325 "http://212.69.160.11:443/renault.activities.at/htdocs/log/cron/?C=N%3BO=D" "Mozilla/5.0 (Linux; Android 5.0) AppleWebKit/537.36 (KHTML, like Gecko) Mobile Safari/537.36 (compatible; Bytespider; spider-feedback@bytedance.com)"
178.165.174.127 - - [22/Sep/2023:16:50:11 +0200] "GET /entry.php?id=10271&&ser=394151 HTTP/1.1" 200 987 "http://hausegger.activities.at/entry.php?id=10271&&ser=394090" "Mozilla/5.0 (Windows NT 10.0; Win64; x64; rv:109.0) Gecko/20100101 Firefox/117.0"
178.165.174.127 - - [22/Sep/2023:16:50:11 +0200] "GET /gui/javascript/form_form.js?1695394211 HTTP/1.1" 200 16206 "http://hausegger.activities.at/entry.php?id=10271&&ser=394151" "Mozilla/5.0 (Windows NT 10.0; Win64; x64; rv:109.0) Gecko/20100101 Firefox/117.0"
156.59.198.136 - - [22/Sep/2023:16:50:14 +0200] "GET /renault.activities.at/htdocs/log/cron/system_mail_3115231.txt HTTP/1.0" 404 320 "http://212.69.160.11:443/renault.activities.at/htdocs/log/cron/?C=N%3BO=D" "Mozilla/5.0 (Linux; Android 5.0) AppleWebKit/537.36 (KHTML, like Gecko) Mobile Safari/537.36 (compatible; Bytespider; spider-feedback@bytedance.com)"
156.59.198.135 - - [22/Sep/2023:16:50:38 +0200] "GET /renault.activities.at/htdocs/log/cron/reminder_mailing_3115727.txt HTTP/1.0" 404 323 "http://212.69.160.11:443/renault.activities.at/htdocs/log/cron/?C=N%3BO=D" "Mozilla/5.0 (Linux; Android 5.0) AppleWebKit/537.36 (KHTML, like Gecko) Mobile Safari/537.36 (compatible; Bytespider; spider-feedback@bytedance.com)"
178.165.174.127 - - [22/Sep/2023:16:50:39 +0200] "GET /entry.php?id=10271&&ser=394178 HTTP/1.1" 200 987 "http://hausegger.activities.at/entry.php?id=10271&&ser=394117" "Mozilla/5.0 (Windows NT 10.0; Win64; x64) AppleWebKit/537.36 (KHTML, like Gecko) Chrome/116.0.0.0 Safari/537.36"
178.165.174.127 - - [22/Sep/2023:16:50:39 +0200] "GET /gui/javascript/form_form.js?1695394239 HTTP/1.1" 200 16206 "http://hausegger.activities.at/entry.php?id=10271&&ser=394178" "Mozilla/5.0 (Windows NT 10.0; Win64; x64) AppleWebKit/537.36 (KHTML, like Gecko) Chrome/116.0.0.0 Safari/537.36"
178.165.174.127 - - [22/Sep/2023:16:51:12 +0200] "GET /entry.php?id=10271&&ser=394211 HTTP/1.1" 200 987 "http://hausegger.activities.at/entry.php?id=10271&&ser=394151" "Mozilla/5.0 (Windows NT 10.0; Win64; x64; rv:109.0) Gecko/20100101 Firefox/117.0"
178.165.174.127 - - [22/Sep/2023:16:51:12 +0200] "GET /gui/javascript/form_form.js?1695394272 HTTP/1.1" 200 16206 "http://hausegger.activities.at/entry.php?id=10271&&ser=394211" "Mozilla/5.0 (Windows NT 10.0; Win64; x64; rv:109.0) Gecko/20100101 Firefox/117.0"
156.59.198.136 - - [22/Sep/2023:16:51:26 +0200] "GET /renault.activities.at/htdocs/log/cron/system_mail_3115556.txt HTTP/1.0" 404 321 "http://212.69.160.11:443/renault.activities.at/htdocs/log/cron/?C=N%3BO=D" "Mozilla/5.0 (Linux; Android 5.0) AppleWebKit/537.36 (KHTML, like Gecko) Mobile Safari/537.36 (compatible; Bytespider; spider-feedback@bytedance.com)"
178.165.174.127 - - [22/Sep/2023:16:51:40 +0200] "GET /entry.php?id=10271&&ser=394239 HTTP/1.1" 200 988 "http://hausegger.activities.at/entry.php?id=10271&&ser=394178" "Mozilla/5.0 (Windows NT 10.0; Win64; x64) AppleWebKit/537.36 (KHTML, like Gecko) Chrome/116.0.0.0 Safari/537.36"
178.165.174.127 - - [22/Sep/2023:16:51:40 +0200] "GET /gui/javascript/form_form.js?1695394300 HTTP/1.1" 200 16206 "http://hausegger.activities.at/entry.php?id=10271&&ser=394239" "Mozilla/5.0 (Windows NT 10.0; Win64; x64) AppleWebKit/537.36 (KHTML, like Gecko) Chrome/116.0.0.0 Safari/537.36"
156.59.198.136 - - [22/Sep/2023:16:51:50 +0200] "GET /renault.activities.at/htdocs/log/cron/autologout_3115053.txt HTTP/1.0" 404 318 "http://212.69.160.11:443/renault.activities.at/htdocs/log/cron/?C=N%3BO=D" "Mozilla/5.0 (Linux; Android 5.0) AppleWebKit/537.36 (KHTML, like Gecko) Mobile Safari/537.36 (compatible; Bytespider; spider-feedback@bytedance.com)"
178.165.174.127 - - [22/Sep/2023:16:52:12 +0200] "GET /entry.php?id=10271&&ser=394272 HTTP/1.1" 200 987 "http://hausegger.activities.at/entry.php?id=10271&&ser=394211" "Mozilla/5.0 (Windows NT 10.0; Win64; x64; rv:109.0) Gecko/20100101 Firefox/117.0"
178.165.174.127 - - [22/Sep/2023:16:52:12 +0200] "GET /gui/javascript/form_form.js?1695394332 HTTP/1.1" 200 16206 "http://hausegger.activities.at/entry.php?id=10271&&ser=394272" "Mozilla/5.0 (Windows NT 10.0; Win64; x64; rv:109.0) Gecko/20100101 Firefox/117.0"
156.59.198.135 - - [22/Sep/2023:16:52:16 +0200] "GET /renault.activities.at/htdocs/log/cron/reminder_mailing_3116368.txt HTTP/1.0" 404 323 "http://212.69.160.11:443/renault.activities.at/htdocs/log/cron/?C=N%3BO=D" "Mozilla/5.0 (Linux; Android 5.0) AppleWebKit/537.36 (KHTML, like Gecko) Mobile Safari/537.36 (compatible; Bytespider; spider-feedback@bytedance.com)"
156.59.198.136 - - [22/Sep/2023:16:52:39 +0200] "GET /renault.activities.at/htdocs/log/cron/reminder_mailing_3115342.txt HTTP/1.0" 404 323 "http://212.69.160.11:443/renault.activities.at/htdocs/log/cron/?C=N%3BO=D" "Mozilla/5.0 (Linux; Android 5.0) AppleWebKit/537.36 (KHTML, like Gecko) Mobile Safari/537.36 (compatible; Bytespider; spider-feedback@bytedance.com)"
178.165.174.127 - - [22/Sep/2023:16:52:41 +0200] "GET /entry.php?id=10271&&ser=394300 HTTP/1.1" 200 988 "http://hausegger.activities.at/entry.php?id=10271&&ser=394239" "Mozilla/5.0 (Windows NT 10.0; Win64; x64) AppleWebKit/537.36 (KHTML, like Gecko) Chrome/116.0.0.0 Safari/537.36"
178.165.174.127 - - [22/Sep/2023:16:52:41 +0200] "GET /gui/javascript/form_form.js?1695394361 HTTP/1.1" 200 16206 "http://hausegger.activities.at/entry.php?id=10271&&ser=394300" "Mozilla/5.0 (Windows NT 10.0; Win64; x64) AppleWebKit/537.36 (KHTML, like Gecko) Chrome/116.0.0.0 Safari/537.36"
156.59.198.135 - - [22/Sep/2023:16:53:04 +0200] "GET /renault.activities.at/htdocs/log/cron/pickupLogisticData_3115710.txt HTTP/1.0" 404 326 "http://212.69.160.11:443/renault.activities.at/htdocs/log/cron/?C=N%3BO=D" "Mozilla/5.0 (Linux; Android 5.0) AppleWebKit/537.36 (KHTML, like Gecko) Mobile Safari/537.36 (compatible; Bytespider; spider-feedback@bytedance.com)"
178.165.174.127 - - [22/Sep/2023:16:53:13 +0200] "GET /entry.php?id=10271&&ser=394332 HTTP/1.1" 200 988 "http://hausegger.activities.at/entry.php?id=10271&&ser=394272" "Mozilla/5.0 (Windows NT 10.0; Win64; x64; rv:109.0) Gecko/20100101 Firefox/117.0"
178.165.174.127 - - [22/Sep/2023:16:53:13 +0200] "GET /gui/javascript/form_form.js?1695394393 HTTP/1.1" 200 16206 "http://hausegger.activities.at/entry.php?id=10271&&ser=394332" "Mozilla/5.0 (Windows NT 10.0; Win64; x64; rv:109.0) Gecko/20100101 Firefox/117.0"
156.59.198.136 - - [22/Sep/2023:16:53:29 +0200] "GET /renault.activities.at/htdocs/log/cron/reminder_mailing_3115586.txt HTTP/1.0" 404 323 "http://212.69.160.11:443/renault.activities.at/htdocs/log/cron/?C=N%3BO=D" "Mozilla/5.0 (Linux; Android 5.0) AppleWebKit/537.36 (KHTML, like Gecko) Mobile Safari/537.36 (compatible; Bytespider; spider-feedback@bytedance.com)"
178.165.174.127 - - [22/Sep/2023:16:53:42 +0200] "GET /entry.php?id=10271&&ser=394361 HTTP/1.1" 200 987 "http://hausegger.activities.at/entry.php?id=10271&&ser=394300" "Mozilla/5.0 (Windows NT 10.0; Win64; x64) AppleWebKit/537.36 (KHTML, like Gecko) Chrome/116.0.0.0 Safari/537.36"
178.165.174.127 - - [22/Sep/2023:16:53:42 +0200] "GET /gui/javascript/form_form.js?1695394422 HTTP/1.1" 200 16206 "http://hausegger.activities.at/entry.php?id=10271&&ser=394361" "Mozilla/5.0 (Windows NT 10.0; Win64; x64) AppleWebKit/537.36 (KHTML, like Gecko) Chrome/116.0.0.0 Safari/537.36"
156.59.198.136 - - [22/Sep/2023:16:53:52 +0200] "GET /renault.activities.at/htdocs/log/cron/importLogisticData_3116549.txt HTTP/1.0" 404 324 "http://212.69.160.11:443/renault.activities.at/htdocs/log/cron/?C=N%3BO=D" "Mozilla/5.0 (Linux; Android 5.0) AppleWebKit/537.36 (KHTML, like Gecko) Mobile Safari/537.36 (compatible; Bytespider; spider-feedback@bytedance.com)"
178.165.174.127 - - [22/Sep/2023:16:54:14 +0200] "GET /entry.php?id=10271&&ser=394393 HTTP/1.1" 200 987 "http://hausegger.activities.at/entry.php?id=10271&&ser=394332" "Mozilla/5.0 (Windows NT 10.0; Win64; x64; rv:109.0) Gecko/20100101 Firefox/117.0"
178.165.174.127 - - [22/Sep/2023:16:54:14 +0200] "GET /gui/javascript/form_form.js?1695394454 HTTP/1.1" 200 16206 "http://hausegger.activities.at/entry.php?id=10271&&ser=394393" "Mozilla/5.0 (Windows NT 10.0; Win64; x64; rv:109.0) Gecko/20100101 Firefox/117.0"
156.59.198.135 - - [22/Sep/2023:16:54:17 +0200] "GET /renault.activities.at/htdocs/log/cron/reminder_mailing_3114880.txt HTTP/1.0" 404 323 "http://212.69.160.11:443/renault.activities.at/htdocs/log/cron/?C=N%3BO=D" "Mozilla/5.0 (Linux; Android 5.0) AppleWebKit/537.36 (KHTML, like Gecko) Mobile Safari/537.36 (compatible; Bytespider; spider-feedback@bytedance.com)"
156.59.198.135 - - [22/Sep/2023:16:54:42 +0200] "GET /renault.activities.at/htdocs/log/cron/system_mail_3115164.txt HTTP/1.0" 404 320 "http://212.69.160.11:443/renault.activities.at/htdocs/log/cron/?C=N%3BO=D" "Mozilla/5.0 (Linux; Android 5.0) AppleWebKit/537.36 (KHTML, like Gecko) Mobile Safari/537.36 (compatible; Bytespider; spider-feedback@bytedance.com)"
178.165.174.127 - - [22/Sep/2023:16:54:43 +0200] "GET /entry.php?id=10271&&ser=394422 HTTP/1.1" 200 988 "http://hausegger.activities.at/entry.php?id=10271&&ser=394361" "Mozilla/5.0 (Windows NT 10.0; Win64; x64) AppleWebKit/537.36 (KHTML, like Gecko) Chrome/116.0.0.0 Safari/537.36"
178.165.174.127 - - [22/Sep/2023:16:54:43 +0200] "GET /gui/javascript/form_form.js?1695394483 HTTP/1.1" 200 16206 "http://hausegger.activities.at/entry.php?id=10271&&ser=394422" "Mozilla/5.0 (Windows NT 10.0; Win64; x64) AppleWebKit/537.36 (KHTML, like Gecko) Chrome/116.0.0.0 Safari/537.36"
