156.59.198.136 - - [22/Sep/2023:16:55:06 +0200] "GET /renault.activities.at/htdocs/log/cron/exportXML_3116553.txt HTTP/1.0" 404 319 "http://212.69.160.11:443/renault.activities.at/htdocs/log/cron/?C=N%3BO=D" "Mozilla/5.0 (Linux; Android 5.0) AppleWebKit/537.36 (KHTML, like Gecko) Mobile Safari/537.36 (compatible; Bytespider; spider-feedback@bytedance.com)"
178.165.174.127 - - [22/Sep/2023:16:55:14 +0200] "GET /entry.php?id=10271&&ser=394454 HTTP/1.1" 200 987 "http://hausegger.activities.at/entry.php?id=10271&&ser=394393" "Mozilla/5.0 (Windows NT 10.0; Win64; x64; rv:109.0) Gecko/20100101 Firefox/117.0"
178.165.174.127 - - [22/Sep/2023:16:55:14 +0200] "GET /gui/javascript/form_form.js?1695394514 HTTP/1.1" 200 16206 "http://hausegger.activities.at/entry.php?id=10271&&ser=394454" "Mozilla/5.0 (Windows NT 10.0; Win64; x64; rv:109.0) Gecko/20100101 Firefox/117.0"
156.59.198.136 - - [22/Sep/2023:16:55:31 +0200] "GET /renault.activities.at/htdocs/log/cron/shipp_Export_Data_3115874.txt HTTP/1.0" 404 325 "http://212.69.160.11:443/renault.activities.at/htdocs/log/cron/?C=N%3BO=D" "Mozilla/5.0 (Linux; Android 5.0) AppleWebKit/537.36 (KHTML, like Gecko) Mobile Safari/537.36 (compatible; Bytespider; spider-feedback@bytedance.com)"
178.165.174.127 - - [22/Sep/2023:16:55:44 +0200] "GET /entry.php?id=10271&&ser=394483 HTTP/1.1" 200 987 "http://hausegger.activities.at/entry.php?id=10271&&ser=394422" "Mozilla/5.0 (Windows NT 10.0; Win64; x64) AppleWebKit/537.36 (KHTML, like Gecko) Chrome/116.0.0.0 Safari/537.36"
178.165.174.127 - - [22/Sep/2023:16:55:44 +0200] "GET /gui/javascript/form_form.js?1695394544 HTTP/1.1" 200 16206 "http://hausegger.activities.at/entry.php?id=10271&&ser=394483" "Mozilla/5.0 (Windows NT 10.0; Win64; x64) AppleWebKit/537.36 (KHTML, like Gecko) Chrome/116.0.0.0 Safari/537.36"
156.59.198.136 - - [22/Sep/2023:16:55:54 +0200] "GET /renault.activities.at/htdocs/log/cron/system_mail_3116418.txt HTTP/1.0" 404 320 "http://212.69.160.11:443/renault.activities.at/htdocs/log/cron/?C=N%3BO=D" "Mozilla/5.0 (Linux; Android 5.0) AppleWebKit/537.36 (KHTML, like Gecko) Mobile Safari/537.36 (compatible; Bytespider; spider-feedback@bytedance.com)"
178.165.174.127 - - [22/Sep/2023:16:56:15 +0200] "GET /entry.php?id=10271&&ser=394514 HTTP/1.1" 200 988 "http://hausegger.activities.at/entry.php?id=10271&&ser=394454" "Mozilla/5.0 (Windows NT 10.0; Win64; x64; rv:109.0) Gecko/20100101 Firefox/117.0"
178.165.174.127 - - [22/Sep/2023:16:56:15 +0200] "GET /gui/javascript/form_form.js?1695394575 HTTP/1.1" 200 16206 "http://hausegger.activities.at/entry.php?id=10271&&ser=394514" "Mozilla/5.0 (Windows NT 10.0; Win64; x64; rv:109.0) Gecko/20100101 Firefox/117.0"
156.59.198.135 - - [22/Sep/2023:16:56:19 +0200] "GET /renault.activities.at/htdocs/log/cron/system_mail_3115722.txt HTTP/1.0" 404 321 "http://212.69.160.11:443/renault.activities.at/htdocs/log/cron/?C=N%3BO=D" "Mozilla/5.0 (Linux; Android 5.0) AppleWebKit/537.36 (KHTML, like Gecko) Mobile Safari/537.36 (compatible; Bytespider; spider-feedback@bytedance.com)"
156.59.198.136 - - [22/Sep/2023:16:56:44 +0200] "GET /renault.activities.at/htdocs/log/cron/system_mail_3116249.txt HTTP/1.0" 404 320 "http://212.69.160.11:443/renault.activities.at/htdocs/log/cron/?C=N%3BO=D" "Mozilla/5.0 (Linux; Android 5.0) AppleWebKit/537.36 (KHTML, like Gecko) Mobile Safari/537.36 (compatible; Bytespider; spider-feedback@bytedance.com)"
178.165.174.127 - - [22/Sep/2023:16:56:45 +0200] "GET /entry.php?id=10271&&ser=394544 HTTP/1.1" 200 987 "http://hausegger.activities.at/entry.php?id=10271&&ser=394483" "Mozilla/5.0 (Windows NT 10.0; Win64; x64) AppleWebKit/537.36 (KHTML, like Gecko) Chrome/116.0.0.0 Safari/537.36"
178.165.174.127 - - [22/Sep/2023:16:56:45 +0200] "GET /gui/javascript/form_form.js?1695394605 HTTP/1.1" 200 16206 "http://hausegger.activities.at/entry.php?id=10271&&ser=394544" "Mozilla/5.0 (Windows NT 10.0; Win64; x64) AppleWebKit/537.36 (KHTML, like Gecko) Chrome/116.0.0.0 Safari/537.36"
156.59.198.135 - - [22/Sep/2023:16:57:09 +0200] "GET /renault.activities.at/htdocs/log/cron/exportXML_3115548.txt HTTP/1.0" 404 320 "http://212.69.160.11:443/renault.activities.at/htdocs/log/cron/?C=N%3BO=D" "Mozilla/5.0 (Linux; Android 5.0) AppleWebKit/537.36 (KHTML, like Gecko) Mobile Safari/537.36 (compatible; Bytespider; spider-feedback@bytedance.com)"
178.165.174.127 - - [22/Sep/2023:16:57:15 +0200] "GET /entry.php?id=10271&&ser=394575 HTTP/1.1" 200 988 "http://hausegger.activities.at/entry.php?id=10271&&ser=394514" "Mozilla/5.0 (Windows NT 10.0; Win64; x64; rv:109.0) Gecko/20100101 Firefox/117.0"
178.165.174.127 - - [22/Sep/2023:16:57:16 +0200] "GET /gui/javascript/form_form.js?1695394636 HTTP/1.1" 200 16206 "http://hausegger.activities.at/entry.php?id=10271&&ser=394575" "Mozilla/5.0 (Windows NT 10.0; Win64; x64; rv:109.0) Gecko/20100101 Firefox/117.0"
156.59.198.135 - - [22/Sep/2023:16:57:32 +0200] "GET /renault.activities.at/htdocs/log/cron/shipp_Export_Data_3115643.txt HTTP/1.0" 404 325 "http://212.69.160.11:443/renault.activities.at/htdocs/log/cron/?C=N%3BO=D" "Mozilla/5.0 (Linux; Android 5.0) AppleWebKit/537.36 (KHTML, like Gecko) Mobile Safari/537.36 (compatible; Bytespider; spider-feedback@bytedance.com)"
178.165.174.127 - - [22/Sep/2023:16:57:46 +0200] "GET /entry.php?id=10271&&ser=394605 HTTP/1.1" 200 988 "http://hausegger.activities.at/entry.php?id=10271&&ser=394544" "Mozilla/5.0 (Windows NT 10.0; Win64; x64) AppleWebKit/537.36 (KHTML, like Gecko) Chrome/116.0.0.0 Safari/537.36"
178.165.174.127 - - [22/Sep/2023:16:57:46 +0200] "GET /gui/javascript/form_form.js?1695394666 HTTP/1.1" 200 16206 "http://hausegger.activities.at/entry.php?id=10271&&ser=394605" "Mozilla/5.0 (Windows NT 10.0; Win64; x64) AppleWebKit/537.36 (KHTML, like Gecko) Chrome/116.0.0.0 Safari/537.36"
156.59.198.136 - - [22/Sep/2023:16:57:57 +0200] "GET /renault.activities.at/htdocs/log/cron/system_mail_3115397.txt HTTP/1.0" 404 321 "http://212.69.160.11:443/renault.activities.at/htdocs/log/cron/?C=N%3BO=D" "Mozilla/5.0 (Linux; Android 5.0) AppleWebKit/537.36 (KHTML, like Gecko) Mobile Safari/537.36 (compatible; Bytespider; spider-feedback@bytedance.com)"
178.165.174.127 - - [22/Sep/2023:16:58:16 +0200] "GET /entry.php?id=10271&&ser=394636 HTTP/1.1" 200 987 "http://hausegger.activities.at/entry.php?id=10271&&ser=394575" "Mozilla/5.0 (Windows NT 10.0; Win64; x64; rv:109.0) Gecko/20100101 Firefox/117.0"
178.165.174.127 - - [22/Sep/2023:16:58:16 +0200] "GET /gui/javascript/form_form.js?1695394696 HTTP/1.1" 200 16206 "http://hausegger.activities.at/entry.php?id=10271&&ser=394636" "Mozilla/5.0 (Windows NT 10.0; Win64; x64; rv:109.0) Gecko/20100101 Firefox/117.0"
156.59.198.136 - - [22/Sep/2023:16:58:22 +0200] "GET /renault.activities.at/htdocs/log/cron/pickupLogisticData_3115736.txt HTTP/1.0" 404 326 "http://212.69.160.11:443/renault.activities.at/htdocs/log/cron/?C=N%3BO=D" "Mozilla/5.0 (Linux; Android 5.0) AppleWebKit/537.36 (KHTML, like Gecko) Mobile Safari/537.36 (compatible; Bytespider; spider-feedback@bytedance.com)"
156.59.198.136 - - [22/Sep/2023:16:58:46 +0200] "GET /renault.activities.at/htdocs/log/cron/system_mail_3114872.txt HTTP/1.0" 404 321 "http://212.69.160.11:443/renault.activities.at/htdocs/log/cron/?C=N%3BO=D" "Mozilla/5.0 (Linux; Android 5.0) AppleWebKit/537.36 (KHTML, like Gecko) Mobile Safari/537.36 (compatible; Bytespider; spider-feedback@bytedance.com)"
178.165.174.127 - - [22/Sep/2023:16:58:47 +0200] "GET /entry.php?id=10271&&ser=394666 HTTP/1.1" 200 987 "http://hausegger.activities.at/entry.php?id=10271&&ser=394605" "Mozilla/5.0 (Windows NT 10.0; Win64; x64) AppleWebKit/537.36 (KHTML, like Gecko) Chrome/116.0.0.0 Safari/537.36"
178.165.174.127 - - [22/Sep/2023:16:58:47 +0200] "GET /gui/javascript/form_form.js?1695394727 HTTP/1.1" 200 16206 "http://hausegger.activities.at/entry.php?id=10271&&ser=394666" "Mozilla/5.0 (Windows NT 10.0; Win64; x64) AppleWebKit/537.36 (KHTML, like Gecko) Chrome/116.0.0.0 Safari/537.36"
156.59.198.136 - - [22/Sep/2023:16:59:10 +0200] "GET /renault.activities.at/htdocs/log/cron/exportXML_3116400.txt HTTP/1.0" 404 319 "http://212.69.160.11:443/renault.activities.at/htdocs/log/cron/?C=N%3BO=D" "Mozilla/5.0 (Linux; Android 5.0) AppleWebKit/537.36 (KHTML, like Gecko) Mobile Safari/537.36 (compatible; Bytespider; spider-feedback@bytedance.com)"
178.165.174.127 - - [22/Sep/2023:16:59:16 +0200] "GET /entry.php?id=10271&&ser=394696 HTTP/1.1" 200 987 "http://hausegger.activities.at/entry.php?id=10271&&ser=394636" "Mozilla/5.0 (Windows NT 10.0; Win64; x64; rv:109.0) Gecko/20100101 Firefox/117.0"
178.165.174.127 - - [22/Sep/2023:16:59:16 +0200] "GET /gui/javascript/form_form.js?1695394756 HTTP/1.1" 200 16206 "http://hausegger.activities.at/entry.php?id=10271&&ser=394696" "Mozilla/5.0 (Windows NT 10.0; Win64; x64; rv:109.0) Gecko/20100101 Firefox/117.0"
156.59.198.136 - - [22/Sep/2023:16:59:35 +0200] "GET /renault.activities.at/htdocs/log/cron/system_mail_3115894.txt HTTP/1.0" 404 320 "http://212.69.160.11:443/renault.activities.at/htdocs/log/cron/?C=N%3BO=D" "Mozilla/5.0 (Linux; Android 5.0) AppleWebKit/537.36 (KHTML, like Gecko) Mobile Safari/537.36 (compatible; Bytespider; spider-feedback@bytedance.com)"
178.165.174.127 - - [22/Sep/2023:16:59:48 +0200] "GET /entry.php?id=10271&&ser=394727 HTTP/1.1" 200 987 "http://hausegger.activities.at/entry.php?id=10271&&ser=394666" "Mozilla/5.0 (Windows NT 10.0; Win64; x64) AppleWebKit/537.36 (KHTML, like Gecko) Chrome/116.0.0.0 Safari/537.36"
178.165.174.127 - - [22/Sep/2023:16:59:48 +0200] "GET /gui/javascript/form_form.js?1695394788 HTTP/1.1" 200 16206 "http://hausegger.activities.at/entry.php?id=10271&&ser=394727" "Mozilla/5.0 (Windows NT 10.0; Win64; x64) AppleWebKit/537.36 (KHTML, like Gecko) Chrome/116.0.0.0 Safari/537.36"
156.59.198.136 - - [22/Sep/2023:17:00:00 +0200] "GET /renault.activities.at/htdocs/log/cron/system_mail_3114950.txt HTTP/1.0" 404 321 "http://212.69.160.11:443/renault.activities.at/htdocs/log/cron/?C=N%3BO=D" "Mozilla/5.0 (Linux; Android 5.0) AppleWebKit/537.36 (KHTML, like Gecko) Mobile Safari/537.36 (compatible; Bytespider; spider-feedback@bytedance.com)"
178.165.174.127 - - [22/Sep/2023:17:00:17 +0200] "GET /entry.php?id=10271&&ser=394756 HTTP/1.1" 200 987 "http://hausegger.activities.at/entry.php?id=10271&&ser=394696" "Mozilla/5.0 (Windows NT 10.0; Win64; x64; rv:109.0) Gecko/20100101 Firefox/117.0"
178.165.174.127 - - [22/Sep/2023:17:00:17 +0200] "GET /gui/javascript/form_form.js?1695394817 HTTP/1.1" 200 16206 "http://hausegger.activities.at/entry.php?id=10271&&ser=394756" "Mozilla/5.0 (Windows NT 10.0; Win64; x64; rv:109.0) Gecko/20100101 Firefox/117.0"
156.59.198.135 - - [22/Sep/2023:17:00:24 +0200] "GET /renault.activities.at/htdocs/log/cron/shipp_Export_Data_3116443.txt HTTP/1.0" 404 324 "http://212.69.160.11:443/renault.activities.at/htdocs/log/cron/?C=N%3BO=D" "Mozilla/5.0 (Linux; Android 5.0) AppleWebKit/537.36 (KHTML, like Gecko) Mobile Safari/537.36 (compatible; Bytespider; spider-feedback@bytedance.com)"
178.165.174.127 - - [22/Sep/2023:17:00:49 +0200] "GET /entry.php?id=10271&&ser=394788 HTTP/1.1" 200 987 "http://hausegger.activities.at/entry.php?id=10271&&ser=394727" "Mozilla/5.0 (Windows NT 10.0; Win64; x64) AppleWebKit/537.36 (KHTML, like Gecko) Chrome/116.0.0.0 Safari/537.36"
178.165.174.127 - - [22/Sep/2023:17:00:49 +0200] "GET /gui/javascript/form_form.js?1695394849 HTTP/1.1" 200 16206 "http://hausegger.activities.at/entry.php?id=10271&&ser=394788" "Mozilla/5.0 (Windows NT 10.0; Win64; x64) AppleWebKit/537.36 (KHTML, like Gecko) Chrome/116.0.0.0 Safari/537.36"
156.59.198.136 - - [22/Sep/2023:17:00:50 +0200] "GET /renault.activities.at/htdocs/log/cron/exportXML_3115408.txt HTTP/1.0" 404 320 "http://212.69.160.11:443/renault.activities.at/htdocs/log/cron/?C=N%3BO=D" "Mozilla/5.0 (Linux; Android 5.0) AppleWebKit/537.36 (KHTML, like Gecko) Mobile Safari/537.36 (compatible; Bytespider; spider-feedback@bytedance.com)"
156.59.198.136 - - [22/Sep/2023:17:01:15 +0200] "GET /renault.activities.at/htdocs/log/cron/reminder_mailing_3116491.txt HTTP/1.0" 404 323 "http://212.69.160.11:443/renault.activities.at/htdocs/log/cron/?C=N%3BO=D" "Mozilla/5.0 (Linux; Android 5.0) AppleWebKit/537.36 (KHTML, like Gecko) Mobile Safari/537.36 (compatible; Bytespider; spider-feedback@bytedance.com)"
178.165.174.127 - - [22/Sep/2023:17:01:17 +0200] "GET /entry.php?id=10271&&ser=394817 HTTP/1.1" 200 987 "http://hausegger.activities.at/entry.php?id=10271&&ser=394756" "Mozilla/5.0 (Windows NT 10.0; Win64; x64; rv:109.0) Gecko/20100101 Firefox/117.0"
178.165.174.127 - - [22/Sep/2023:17:01:17 +0200] "GET /gui/javascript/form_form.js?1695394877 HTTP/1.1" 200 16206 "http://hausegger.activities.at/entry.php?id=10271&&ser=394817" "Mozilla/5.0 (Windows NT 10.0; Win64; x64; rv:109.0) Gecko/20100101 Firefox/117.0"
156.59.198.136 - - [22/Sep/2023:17:01:40 +0200] "GET /renault.activities.at/htdocs/log/cron/system_mail_3115458.txt HTTP/1.0" 404 320 "http://212.69.160.11:443/renault.activities.at/htdocs/log/cron/?C=N%3BO=D" "Mozilla/5.0 (Linux; Android 5.0) AppleWebKit/537.36 (KHTML, like Gecko) Mobile Safari/537.36 (compatible; Bytespider; spider-feedback@bytedance.com)"
178.165.174.127 - - [22/Sep/2023:17:01:50 +0200] "GET /entry.php?id=10271&&ser=394849 HTTP/1.1" 200 987 "http://hausegger.activities.at/entry.php?id=10271&&ser=394788" "Mozilla/5.0 (Windows NT 10.0; Win64; x64) AppleWebKit/537.36 (KHTML, like Gecko) Chrome/116.0.0.0 Safari/537.36"
178.165.174.127 - - [22/Sep/2023:17:01:50 +0200] "GET /gui/javascript/form_form.js?1695394910 HTTP/1.1" 200 16206 "http://hausegger.activities.at/entry.php?id=10271&&ser=394849" "Mozilla/5.0 (Windows NT 10.0; Win64; x64) AppleWebKit/537.36 (KHTML, like Gecko) Chrome/116.0.0.0 Safari/537.36"
156.59.198.135 - - [22/Sep/2023:17:02:04 +0200] "GET /renault.activities.at/htdocs/log/cron/reminder_mailing_3115137.txt HTTP/1.0" 404 323 "http://212.69.160.11:443/renault.activities.at/htdocs/log/cron/?C=N%3BO=D" "Mozilla/5.0 (Linux; Android 5.0) AppleWebKit/537.36 (KHTML, like Gecko) Mobile Safari/537.36 (compatible; Bytespider; spider-feedback@bytedance.com)"
178.165.174.127 - - [22/Sep/2023:17:02:17 +0200] "GET /entry.php?id=10271&&ser=394877 HTTP/1.1" 200 988 "http://hausegger.activities.at/entry.php?id=10271&&ser=394817" "Mozilla/5.0 (Windows NT 10.0; Win64; x64; rv:109.0) Gecko/20100101 Firefox/117.0"
178.165.174.127 - - [22/Sep/2023:17:02:17 +0200] "GET /gui/javascript/form_form.js?1695394937 HTTP/1.1" 200 16206 "http://hausegger.activities.at/entry.php?id=10271&&ser=394877" "Mozilla/5.0 (Windows NT 10.0; Win64; x64; rv:109.0) Gecko/20100101 Firefox/117.0"
156.59.198.135 - - [22/Sep/2023:17:02:28 +0200] "GET /renault.activities.at/htdocs/log/cron/system_mail_3116076.txt HTTP/1.0" 404 321 "http://212.69.160.11:443/renault.activities.at/htdocs/log/cron/?C=N%3BO=D" "Mozilla/5.0 (Linux; Android 5.0) AppleWebKit/537.36 (KHTML, like Gecko) Mobile Safari/537.36 (compatible; Bytespider; spider-feedback@bytedance.com)"
178.165.174.127 - - [22/Sep/2023:17:02:51 +0200] "GET /entry.php?id=10271&&ser=394910 HTTP/1.1" 200 987 "http://hausegger.activities.at/entry.php?id=10271&&ser=394849" "Mozilla/5.0 (Windows NT 10.0; Win64; x64) AppleWebKit/537.36 (KHTML, like Gecko) Chrome/116.0.0.0 Safari/537.36"
178.165.174.127 - - [22/Sep/2023:17:02:51 +0200] "GET /gui/javascript/form_form.js?1695394971 HTTP/1.1" 200 16206 "http://hausegger.activities.at/entry.php?id=10271&&ser=394910" "Mozilla/5.0 (Windows NT 10.0; Win64; x64) AppleWebKit/537.36 (KHTML, like Gecko) Chrome/116.0.0.0 Safari/537.36"
156.59.198.135 - - [22/Sep/2023:17:02:53 +0200] "GET /renault.activities.at/htdocs/log/cron/importLogisticData_3116266.txt HTTP/1.0" 404 324 "http://212.69.160.11:443/renault.activities.at/htdocs/log/cron/?C=N%3BO=D" "Mozilla/5.0 (Linux; Android 5.0) AppleWebKit/537.36 (KHTML, like Gecko) Mobile Safari/537.36 (compatible; Bytespider; spider-feedback@bytedance.com)"
178.165.174.127 - - [22/Sep/2023:17:03:18 +0200] "GET /entry.php?id=10271&&ser=394937 HTTP/1.1" 200 987 "http://hausegger.activities.at/entry.php?id=10271&&ser=394877" "Mozilla/5.0 (Windows NT 10.0; Win64; x64; rv:109.0) Gecko/20100101 Firefox/117.0"
178.165.174.127 - - [22/Sep/2023:17:03:18 +0200] "GET /gui/javascript/form_form.js?1695394998 HTTP/1.1" 200 16206 "http://hausegger.activities.at/entry.php?id=10271&&ser=394937" "Mozilla/5.0 (Windows NT 10.0; Win64; x64; rv:109.0) Gecko/20100101 Firefox/117.0"
156.59.198.136 - - [22/Sep/2023:17:03:18 +0200] "GET /renault.activities.at/htdocs/log/cron/system_mail_3115777.txt HTTP/1.0" 404 321 "http://212.69.160.11:443/renault.activities.at/htdocs/log/cron/?C=N%3BO=D" "Mozilla/5.0 (Linux; Android 5.0) AppleWebKit/537.36 (KHTML, like Gecko) Mobile Safari/537.36 (compatible; Bytespider; spider-feedback@bytedance.com)"
156.59.198.136 - - [22/Sep/2023:17:03:43 +0200] "GET /renault.activities.at/htdocs/log/cron/autologout_3114949.txt HTTP/1.0" 404 318 "http://212.69.160.11:443/renault.activities.at/htdocs/log/cron/?C=N%3BO=D" "Mozilla/5.0 (Linux; Android 5.0) AppleWebKit/537.36 (KHTML, like Gecko) Mobile Safari/537.36 (compatible; Bytespider; spider-feedback@bytedance.com)"
178.165.174.127 - - [22/Sep/2023:17:03:52 +0200] "GET /entry.php?id=10271&&ser=394971 HTTP/1.1" 200 987 "http://hausegger.activities.at/entry.php?id=10271&&ser=394910" "Mozilla/5.0 (Windows NT 10.0; Win64; x64) AppleWebKit/537.36 (KHTML, like Gecko) Chrome/116.0.0.0 Safari/537.36"
178.165.174.127 - - [22/Sep/2023:17:03:52 +0200] "GET /gui/javascript/form_form.js?1695395032 HTTP/1.1" 200 16206 "http://hausegger.activities.at/entry.php?id=10271&&ser=394971" "Mozilla/5.0 (Windows NT 10.0; Win64; x64) AppleWebKit/537.36 (KHTML, like Gecko) Chrome/116.0.0.0 Safari/537.36"
156.59.198.135 - - [22/Sep/2023:17:04:06 +0200] "GET /renault.activities.at/htdocs/log/cron/autologout_3114988.txt HTTP/1.0" 404 318 "http://212.69.160.11:443/renault.activities.at/htdocs/log/cron/?C=N%3BO=D" "Mozilla/5.0 (Linux; Android 5.0) AppleWebKit/537.36 (KHTML, like Gecko) Mobile Safari/537.36 (compatible; Bytespider; spider-feedback@bytedance.com)"
178.165.174.127 - - [22/Sep/2023:17:04:18 +0200] "GET /entry.php?id=10271&&ser=394998 HTTP/1.1" 200 988 "http://hausegger.activities.at/entry.php?id=10271&&ser=394937" "Mozilla/5.0 (Windows NT 10.0; Win64; x64; rv:109.0) Gecko/20100101 Firefox/117.0"
178.165.174.127 - - [22/Sep/2023:17:04:18 +0200] "GET /gui/javascript/form_form.js?1695395058 HTTP/1.1" 200 16206 "http://hausegger.activities.at/entry.php?id=10271&&ser=394998" "Mozilla/5.0 (Windows NT 10.0; Win64; x64; rv:109.0) Gecko/20100101 Firefox/117.0"
156.59.198.135 - - [22/Sep/2023:17:04:30 +0200] "GET /renault.activities.at/htdocs/log/cron/system_mail_3115332.txt HTTP/1.0" 404 321 "http://212.69.160.11:443/renault.activities.at/htdocs/log/cron/?C=N%3BO=D" "Mozilla/5.0 (Linux; Android 5.0) AppleWebKit/537.36 (KHTML, like Gecko) Mobile Safari/537.36 (compatible; Bytespider; spider-feedback@bytedance.com)"
178.165.174.127 - - [22/Sep/2023:17:04:53 +0200] "GET /entry.php?id=10271&&ser=395032 HTTP/1.1" 200 988 "http://hausegger.activities.at/entry.php?id=10271&&ser=394971" "Mozilla/5.0 (Windows NT 10.0; Win64; x64) AppleWebKit/537.36 (KHTML, like Gecko) Chrome/116.0.0.0 Safari/537.36"
178.165.174.127 - - [22/Sep/2023:17:04:53 +0200] "GET /gui/javascript/form_form.js?1695395093 HTTP/1.1" 200 16206 "http://hausegger.activities.at/entry.php?id=10271&&ser=395032" "Mozilla/5.0 (Windows NT 10.0; Win64; x64) AppleWebKit/537.36 (KHTML, like Gecko) Chrome/116.0.0.0 Safari/537.36"
156.59.198.136 - - [22/Sep/2023:17:04:56 +0200] "GET /renault.activities.at/htdocs/log/cron/pickupLogisticData_3116464.txt HTTP/1.0" 404 325 "http://212.69.160.11:443/renault.activities.at/htdocs/log/cron/?C=N%3BO=D" "Mozilla/5.0 (Linux; Android 5.0) AppleWebKit/537.36 (KHTML, like Gecko) Mobile Safari/537.36 (compatible; Bytespider; spider-feedback@bytedance.com)"
178.165.174.127 - - [22/Sep/2023:17:05:19 +0200] "GET /entry.php?id=10271&&ser=395058 HTTP/1.1" 200 987 "http://hausegger.activities.at/entry.php?id=10271&&ser=394998" "Mozilla/5.0 (Windows NT 10.0; Win64; x64; rv:109.0) Gecko/20100101 Firefox/117.0"
178.165.174.127 - - [22/Sep/2023:17:05:19 +0200] "GET /gui/javascript/form_form.js?1695395119 HTTP/1.1" 200 16206 "http://hausegger.activities.at/entry.php?id=10271&&ser=395058" "Mozilla/5.0 (Windows NT 10.0; Win64; x64; rv:109.0) Gecko/20100101 Firefox/117.0"
156.59.198.135 - - [22/Sep/2023:17:05:20 +0200] "GET /renault.activities.at/htdocs/log/cron/system_mail_3115927.txt HTTP/1.0" 404 320 "http://212.69.160.11:443/renault.activities.at/htdocs/log/cron/?C=N%3BO=D" "Mozilla/5.0 (Linux; Android 5.0) AppleWebKit/537.36 (KHTML, like Gecko) Mobile Safari/537.36 (compatible; Bytespider; spider-feedback@bytedance.com)"
156.59.198.136 - - [22/Sep/2023:17:05:46 +0200] "GET /renault.activities.at/htdocs/log/cron/system_mail_3116437.txt HTTP/1.0" 404 321 "http://212.69.160.11:443/renault.activities.at/htdocs/log/cron/?C=N%3BO=D" "Mozilla/5.0 (Linux; Android 5.0) AppleWebKit/537.36 (KHTML, like Gecko) Mobile Safari/537.36 (compatible; Bytespider; spider-feedback@bytedance.com)"
178.165.174.127 - - [22/Sep/2023:17:05:54 +0200] "GET /entry.php?id=10271&&ser=395093 HTTP/1.1" 200 988 "http://hausegger.activities.at/entry.php?id=10271&&ser=395032" "Mozilla/5.0 (Windows NT 10.0; Win64; x64) AppleWebKit/537.36 (KHTML, like Gecko) Chrome/116.0.0.0 Safari/537.36"
178.165.174.127 - - [22/Sep/2023:17:05:54 +0200] "GET /gui/javascript/form_form.js?1695395154 HTTP/1.1" 200 16206 "http://hausegger.activities.at/entry.php?id=10271&&ser=395093" "Mozilla/5.0 (Windows NT 10.0; Win64; x64) AppleWebKit/537.36 (KHTML, like Gecko) Chrome/116.0.0.0 Safari/537.36"
156.59.198.136 - - [22/Sep/2023:17:06:10 +0200] "GET /renault.activities.at/htdocs/log/cron/reminder_mailing_3115571.txt HTTP/1.0" 404 323 "http://212.69.160.11:443/renault.activities.at/htdocs/log/cron/?C=N%3BO=D" "Mozilla/5.0 (Linux; Android 5.0) AppleWebKit/537.36 (KHTML, like Gecko) Mobile Safari/537.36 (compatible; Bytespider; spider-feedback@bytedance.com)"
178.165.174.127 - - [22/Sep/2023:17:06:20 +0200] "GET /entry.php?id=10271&&ser=395119 HTTP/1.1" 200 987 "http://hausegger.activities.at/entry.php?id=10271&&ser=395058" "Mozilla/5.0 (Windows NT 10.0; Win64; x64; rv:109.0) Gecko/20100101 Firefox/117.0"
178.165.174.127 - - [22/Sep/2023:17:06:20 +0200] "GET /gui/javascript/form_form.js?1695395180 HTTP/1.1" 200 16206 "http://hausegger.activities.at/entry.php?id=10271&&ser=395119" "Mozilla/5.0 (Windows NT 10.0; Win64; x64; rv:109.0) Gecko/20100101 Firefox/117.0"
156.59.198.136 - - [22/Sep/2023:17:06:35 +0200] "GET /renault.activities.at/htdocs/log/cron/reminder_mailing_3116286.txt HTTP/1.0" 404 323 "http://212.69.160.11:443/renault.activities.at/htdocs/log/cron/?C=N%3BO=D" "Mozilla/5.0 (Linux; Android 5.0) AppleWebKit/537.36 (KHTML, like Gecko) Mobile Safari/537.36 (compatible; Bytespider; spider-feedback@bytedance.com)"
178.165.174.127 - - [22/Sep/2023:17:06:55 +0200] "GET /entry.php?id=10271&&ser=395154 HTTP/1.1" 200 988 "http://hausegger.activities.at/entry.php?id=10271&&ser=395093" "Mozilla/5.0 (Windows NT 10.0; Win64; x64) AppleWebKit/537.36 (KHTML, like Gecko) Chrome/116.0.0.0 Safari/537.36"
178.165.174.127 - - [22/Sep/2023:17:06:55 +0200] "GET /gui/javascript/form_form.js?1695395215 HTTP/1.1" 200 16206 "http://hausegger.activities.at/entry.php?id=10271&&ser=395154" "Mozilla/5.0 (Windows NT 10.0; Win64; x64) AppleWebKit/537.36 (KHTML, like Gecko) Chrome/116.0.0.0 Safari/537.36"
156.59.198.135 - - [22/Sep/2023:17:07:00 +0200] "GET /renault.activities.at/htdocs/log/cron/reminder_mailing_3115753.txt HTTP/1.0" 404 323 "http://212.69.160.11:443/renault.activities.at/htdocs/log/cron/?C=N%3BO=D" "Mozilla/5.0 (Linux; Android 5.0) AppleWebKit/537.36 (KHTML, like Gecko) Mobile Safari/537.36 (compatible; Bytespider; spider-feedback@bytedance.com)"
178.165.174.127 - - [22/Sep/2023:17:07:20 +0200] "GET /entry.php?id=10271&&ser=395180 HTTP/1.1" 200 987 "http://hausegger.activities.at/entry.php?id=10271&&ser=395119" "Mozilla/5.0 (Windows NT 10.0; Win64; x64; rv:109.0) Gecko/20100101 Firefox/117.0"
178.165.174.127 - - [22/Sep/2023:17:07:21 +0200] "GET /gui/javascript/form_form.js?1695395241 HTTP/1.1" 200 16206 "http://hausegger.activities.at/entry.php?id=10271&&ser=395180" "Mozilla/5.0 (Windows NT 10.0; Win64; x64; rv:109.0) Gecko/20100101 Firefox/117.0"
156.59.198.136 - - [22/Sep/2023:17:07:25 +0200] "GET /renault.activities.at/htdocs/log/cron/reminder_mailing_3115568.txt HTTP/1.0" 404 323 "http://212.69.160.11:443/renault.activities.at/htdocs/log/cron/?C=N%3BO=D" "Mozilla/5.0 (Linux; Android 5.0) AppleWebKit/537.36 (KHTML, like Gecko) Mobile Safari/537.36 (compatible; Bytespider; spider-feedback@bytedance.com)"
156.59.198.135 - - [22/Sep/2023:17:07:50 +0200] "GET /renault.activities.at/htdocs/log/cron/shipp_Export_Data_3116391.txt HTTP/1.0" 404 324 "http://212.69.160.11:443/renault.activities.at/htdocs/log/cron/?C=N%3BO=D" "Mozilla/5.0 (Linux; Android 5.0) AppleWebKit/537.36 (KHTML, like Gecko) Mobile Safari/537.36 (compatible; Bytespider; spider-feedback@bytedance.com)"
178.165.174.127 - - [22/Sep/2023:17:07:56 +0200] "GET /entry.php?id=10271&&ser=395215 HTTP/1.1" 200 987 "http://hausegger.activities.at/entry.php?id=10271&&ser=395154" "Mozilla/5.0 (Windows NT 10.0; Win64; x64) AppleWebKit/537.36 (KHTML, like Gecko) Chrome/116.0.0.0 Safari/537.36"
178.165.174.127 - - [22/Sep/2023:17:07:56 +0200] "GET /gui/javascript/form_form.js?1695395276 HTTP/1.1" 200 16206 "http://hausegger.activities.at/entry.php?id=10271&&ser=395215" "Mozilla/5.0 (Windows NT 10.0; Win64; x64) AppleWebKit/537.36 (KHTML, like Gecko) Chrome/116.0.0.0 Safari/537.36"
156.59.198.135 - - [22/Sep/2023:17:08:14 +0200] "GET /renault.activities.at/htdocs/log/cron/reminder_mailing_3114906.txt HTTP/1.0" 404 323 "http://212.69.160.11:443/renault.activities.at/htdocs/log/cron/?C=N%3BO=D" "Mozilla/5.0 (Linux; Android 5.0) AppleWebKit/537.36 (KHTML, like Gecko) Mobile Safari/537.36 (compatible; Bytespider; spider-feedback@bytedance.com)"
178.165.174.127 - - [22/Sep/2023:17:08:21 +0200] "GET /entry.php?id=10271&&ser=395241 HTTP/1.1" 200 986 "http://hausegger.activities.at/entry.php?id=10271&&ser=395180" "Mozilla/5.0 (Windows NT 10.0; Win64; x64; rv:109.0) Gecko/20100101 Firefox/117.0"
178.165.174.127 - - [22/Sep/2023:17:08:21 +0200] "GET /gui/javascript/form_form.js?1695395301 HTTP/1.1" 200 16206 "http://hausegger.activities.at/entry.php?id=10271&&ser=395241" "Mozilla/5.0 (Windows NT 10.0; Win64; x64; rv:109.0) Gecko/20100101 Firefox/117.0"
156.59.198.135 - - [22/Sep/2023:17:08:39 +0200] "GET /renault.activities.at/htdocs/log/cron/shipp_Export_Data_3114778.txt HTTP/1.0" 404 325 "http://212.69.160.11:443/renault.activities.at/htdocs/log/cron/?C=N%3BO=D" "Mozilla/5.0 (Linux; Android 5.0) AppleWebKit/537.36 (KHTML, like Gecko) Mobile Safari/537.36 (compatible; Bytespider; spider-feedback@bytedance.com)"
178.165.174.127 - - [22/Sep/2023:17:08:57 +0200] "GET /entry.php?id=10271&&ser=395276 HTTP/1.1" 200 987 "http://hausegger.activities.at/entry.php?id=10271&&ser=395215" "Mozilla/5.0 (Windows NT 10.0; Win64; x64) AppleWebKit/537.36 (KHTML, like Gecko) Chrome/116.0.0.0 Safari/537.36"
178.165.174.127 - - [22/Sep/2023:17:08:57 +0200] "GET /gui/javascript/form_form.js?1695395337 HTTP/1.1" 200 16206 "http://hausegger.activities.at/entry.php?id=10271&&ser=395276" "Mozilla/5.0 (Windows NT 10.0; Win64; x64) AppleWebKit/537.36 (KHTML, like Gecko) Chrome/116.0.0.0 Safari/537.36"
156.59.198.136 - - [22/Sep/2023:17:09:03 +0200] "GET /renault.activities.at/htdocs/log/cron/reminder_mailing_3114869.txt HTTP/1.0" 404 323 "http://212.69.160.11:443/renault.activities.at/htdocs/log/cron/?C=N%3BO=D" "Mozilla/5.0 (Linux; Android 5.0) AppleWebKit/537.36 (KHTML, like Gecko) Mobile Safari/537.36 (compatible; Bytespider; spider-feedback@bytedance.com)"
178.165.174.127 - - [22/Sep/2023:17:09:21 +0200] "GET /entry.php?id=10271&&ser=395301 HTTP/1.1" 200 986 "http://hausegger.activities.at/entry.php?id=10271&&ser=395241" "Mozilla/5.0 (Windows NT 10.0; Win64; x64; rv:109.0) Gecko/20100101 Firefox/117.0"
178.165.174.127 - - [22/Sep/2023:17:09:21 +0200] "GET /gui/javascript/form_form.js?1695395361 HTTP/1.1" 200 16206 "http://hausegger.activities.at/entry.php?id=10271&&ser=395301" "Mozilla/5.0 (Windows NT 10.0; Win64; x64; rv:109.0) Gecko/20100101 Firefox/117.0"
156.59.198.136 - - [22/Sep/2023:17:09:27 +0200] "GET /renault.activities.at/htdocs/log/cron/system_mail_3116262.txt HTTP/1.0" 404 320 "http://212.69.160.11:443/renault.activities.at/htdocs/log/cron/?C=N%3BO=D" "Mozilla/5.0 (Linux; Android 5.0) AppleWebKit/537.36 (KHTML, like Gecko) Mobile Safari/537.36 (compatible; Bytespider; spider-feedback@bytedance.com)"
156.59.198.135 - - [22/Sep/2023:17:09:53 +0200] "GET /renault.activities.at/htdocs/log/cron/check_inventory_days_3116144.txt HTTP/1.0" 404 326 "http://212.69.160.11:443/renault.activities.at/htdocs/log/cron/?C=N%3BO=D" "Mozilla/5.0 (Linux; Android 5.0) AppleWebKit/537.36 (KHTML, like Gecko) Mobile Safari/537.36 (compatible; Bytespider; spider-feedback@bytedance.com)"
178.165.174.127 - - [22/Sep/2023:17:09:58 +0200] "GET /entry.php?id=10271&&ser=395337 HTTP/1.1" 200 986 "http://hausegger.activities.at/entry.php?id=10271&&ser=395276" "Mozilla/5.0 (Windows NT 10.0; Win64; x64) AppleWebKit/537.36 (KHTML, like Gecko) Chrome/116.0.0.0 Safari/537.36"
178.165.174.127 - - [22/Sep/2023:17:09:58 +0200] "GET /gui/javascript/form_form.js?1695395398 HTTP/1.1" 200 16206 "http://hausegger.activities.at/entry.php?id=10271&&ser=395337" "Mozilla/5.0 (Windows NT 10.0; Win64; x64) AppleWebKit/537.36 (KHTML, like Gecko) Chrome/116.0.0.0 Safari/537.36"
156.59.198.135 - - [22/Sep/2023:17:10:17 +0200] "GET /renault.activities.at/htdocs/log/cron/system_mail_3115135.txt HTTP/1.0" 404 320 "http://212.69.160.11:443/renault.activities.at/htdocs/log/cron/?C=N%3BO=D" "Mozilla/5.0 (Linux; Android 5.0) AppleWebKit/537.36 (KHTML, like Gecko) Mobile Safari/537.36 (compatible; Bytespider; spider-feedback@bytedance.com)"
178.165.174.127 - - [22/Sep/2023:17:10:21 +0200] "GET /entry.php?id=10271&&ser=395361 HTTP/1.1" 200 987 "http://hausegger.activities.at/entry.php?id=10271&&ser=395301" "Mozilla/5.0 (Windows NT 10.0; Win64; x64; rv:109.0) Gecko/20100101 Firefox/117.0"
178.165.174.127 - - [22/Sep/2023:17:10:22 +0200] "GET /gui/javascript/form_form.js?1695395421 HTTP/1.1" 200 16206 "http://hausegger.activities.at/entry.php?id=10271&&ser=395361" "Mozilla/5.0 (Windows NT 10.0; Win64; x64; rv:109.0) Gecko/20100101 Firefox/117.0"
156.59.198.135 - - [22/Sep/2023:17:10:41 +0200] "GET /renault.activities.at/htdocs/log/cron/reminder_mailing_3116482.txt HTTP/1.0" 404 323 "http://212.69.160.11:443/renault.activities.at/htdocs/log/cron/?C=N%3BO=D" "Mozilla/5.0 (Linux; Android 5.0) AppleWebKit/537.36 (KHTML, like Gecko) Mobile Safari/537.36 (compatible; Bytespider; spider-feedback@bytedance.com)"
178.165.174.127 - - [22/Sep/2023:17:10:59 +0200] "GET /entry.php?id=10271&&ser=395398 HTTP/1.1" 200 988 "http://hausegger.activities.at/entry.php?id=10271&&ser=395337" "Mozilla/5.0 (Windows NT 10.0; Win64; x64) AppleWebKit/537.36 (KHTML, like Gecko) Chrome/116.0.0.0 Safari/537.36"
178.165.174.127 - - [22/Sep/2023:17:10:59 +0200] "GET /gui/javascript/form_form.js?1695395459 HTTP/1.1" 200 16206 "http://hausegger.activities.at/entry.php?id=10271&&ser=395398" "Mozilla/5.0 (Windows NT 10.0; Win64; x64) AppleWebKit/537.36 (KHTML, like Gecko) Chrome/116.0.0.0 Safari/537.36"
156.59.198.135 - - [22/Sep/2023:17:11:05 +0200] "GET /renault.activities.at/htdocs/log/cron/pickupLogisticData_3115801.txt HTTP/1.0" 404 325 "http://212.69.160.11:443/renault.activities.at/htdocs/log/cron/?C=N%3BO=D" "Mozilla/5.0 (Linux; Android 5.0) AppleWebKit/537.36 (KHTML, like Gecko) Mobile Safari/537.36 (compatible; Bytespider; spider-feedback@bytedance.com)"
178.165.174.127 - - [22/Sep/2023:17:11:22 +0200] "GET /entry.php?id=10271&&ser=395421 HTTP/1.1" 200 987 "http://hausegger.activities.at/entry.php?id=10271&&ser=395361" "Mozilla/5.0 (Windows NT 10.0; Win64; x64; rv:109.0) Gecko/20100101 Firefox/117.0"
178.165.174.127 - - [22/Sep/2023:17:11:22 +0200] "GET /gui/javascript/form_form.js?1695395482 HTTP/1.1" 200 16206 "http://hausegger.activities.at/entry.php?id=10271&&ser=395421" "Mozilla/5.0 (Windows NT 10.0; Win64; x64; rv:109.0) Gecko/20100101 Firefox/117.0"
156.59.198.135 - - [22/Sep/2023:17:11:30 +0200] "GET /renault.activities.at/htdocs/log/cron/minimum_stock_3115814.txt HTTP/1.0" 404 323 "http://212.69.160.11:443/renault.activities.at/htdocs/log/cron/?C=N%3BO=D" "Mozilla/5.0 (Linux; Android 5.0) AppleWebKit/537.36 (KHTML, like Gecko) Mobile Safari/537.36 (compatible; Bytespider; spider-feedback@bytedance.com)"
178.165.174.127 - - [22/Sep/2023:17:11:50 +0200] "GET /entry.php?id=10828 HTTP/1.1" 200 9142 "http://hausegger.activities.at/entry.php?id=10270&__app__=10006038" "Mozilla/5.0 (Windows NT 10.0; Win64; x64; rv:109.0) Gecko/20100101 Firefox/117.0"
178.165.174.127 - - [22/Sep/2023:17:11:50 +0200] "GET /gui/javascript/form_form.js?1695395510 HTTP/1.1" 200 16206 "http://hausegger.activities.at/entry.php?id=10828" "Mozilla/5.0 (Windows NT 10.0; Win64; x64; rv:109.0) Gecko/20100101 Firefox/117.0"
178.165.174.127 - - [22/Sep/2023:17:11:50 +0200] "GET /entry.php?id=10889&document_id=& HTTP/1.1" 200 1509 "http://hausegger.activities.at/entry.php?id=10828" "Mozilla/5.0 (Windows NT 10.0; Win64; x64; rv:109.0) Gecko/20100101 Firefox/117.0"
178.165.174.127 - - [22/Sep/2023:17:11:52 +0200] "GET /entry.php?id=11237&type=10665 HTTP/1.1" 200 276 "http://hausegger.activities.at/entry.php?id=10828" "Mozilla/5.0 (Windows NT 10.0; Win64; x64; rv:109.0) Gecko/20100101 Firefox/117.0"
178.165.174.127 - - [22/Sep/2023:17:11:52 +0200] "GET /entry.php?id=10676&&title=Belegsuche HTTP/1.1" 200 1391 "http://hausegger.activities.at/entry.php?id=11237&type=10665" "Mozilla/5.0 (Windows NT 10.0; Win64; x64; rv:109.0) Gecko/20100101 Firefox/117.0"
178.165.174.127 - - [22/Sep/2023:17:11:52 +0200] "GET /gui/javascript/form_form.js?1695395512 HTTP/1.1" 200 16206 "http://hausegger.activities.at/entry.php?id=10676&&title=Belegsuche" "Mozilla/5.0 (Windows NT 10.0; Win64; x64; rv:109.0) Gecko/20100101 Firefox/117.0"
178.165.174.127 - - [22/Sep/2023:17:11:52 +0200] "GET /entry.php?id=11239&mode=document&form=10665& HTTP/1.1" 200 2018 "http://hausegger.activities.at/entry.php?id=11237&type=10665" "Mozilla/5.0 (Windows NT 10.0; Win64; x64; rv:109.0) Gecko/20100101 Firefox/117.0"
178.165.174.127 - - [22/Sep/2023:17:11:53 +0200] "GET /gui/javascript/form_bu_document_workflow.js?1695395513 HTTP/1.1" 200 4900 "http://hausegger.activities.at/entry.php?id=11239&mode=document&form=10665&" "Mozilla/5.0 (Windows NT 10.0; Win64; x64; rv:109.0) Gecko/20100101 Firefox/117.0"
178.165.174.127 - - [22/Sep/2023:17:11:53 +0200] "GET /gui/javascript/form_form.js?1695395513 HTTP/1.1" 200 16206 "http://hausegger.activities.at/entry.php?id=11239&mode=document&form=10665&" "Mozilla/5.0 (Windows NT 10.0; Win64; x64; rv:109.0) Gecko/20100101 Firefox/117.0"
178.165.174.127 - - [22/Sep/2023:17:11:53 +0200] "GET /framework/icons/treeview/ftv2doc.gif HTTP/1.1" 304 - "http://hausegger.activities.at/entry.php?id=11239&mode=document&form=10665&" "Mozilla/5.0 (Windows NT 10.0; Win64; x64; rv:109.0) Gecko/20100101 Firefox/117.0"
178.165.174.127 - - [22/Sep/2023:17:11:52 +0200] "GET /entry.php?id=11238&mode=document&form=10665& HTTP/1.1" 200 3303 "http://hausegger.activities.at/entry.php?id=11237&type=10665" "Mozilla/5.0 (Windows NT 10.0; Win64; x64; rv:109.0) Gecko/20100101 Firefox/117.0"
178.165.174.127 - - [22/Sep/2023:17:11:52 +0200] "GET /entry.php?id=11240&mode=document&form=10665& HTTP/1.1" 200 2672 "http://hausegger.activities.at/entry.php?id=11237&type=10665" "Mozilla/5.0 (Windows NT 10.0; Win64; x64; rv:109.0) Gecko/20100101 Firefox/117.0"
178.165.174.127 - - [22/Sep/2023:17:11:53 +0200] "GET /framework/webfx/javascript/scrolltable/scrolltableIframe.js HTTP/1.1" 304 - "http://hausegger.activities.at/entry.php?id=11240&mode=document&form=10665&" "Mozilla/5.0 (Windows NT 10.0; Win64; x64; rv:109.0) Gecko/20100101 Firefox/117.0"
178.165.174.127 - - [22/Sep/2023:17:11:53 +0200] "GET /entry.php?id=10776&form=11066&name=list& HTTP/1.1" 200 1513 "http://hausegger.activities.at/entry.php?id=11240&mode=document&form=10665&" "Mozilla/5.0 (Windows NT 10.0; Win64; x64; rv:109.0) Gecko/20100101 Firefox/117.0"
178.165.174.127 - - [22/Sep/2023:17:11:53 +0200] "GET /entry.php?id=10778&form=11066&name=list& HTTP/1.1" 200 2586 "http://hausegger.activities.at/entry.php?id=11240&mode=document&form=10665&" "Mozilla/5.0 (Windows NT 10.0; Win64; x64; rv:109.0) Gecko/20100101 Firefox/117.0"
178.165.174.127 - - [22/Sep/2023:17:11:53 +0200] "GET /framework/icons/sortUp.gif HTTP/1.1" 304 - "http://hausegger.activities.at/entry.php?id=10776&form=11066&name=list&" "Mozilla/5.0 (Windows NT 10.0; Win64; x64; rv:109.0) Gecko/20100101 Firefox/117.0"
178.165.174.127 - - [22/Sep/2023:17:11:53 +0200] "POST /entry.php?id=11240 HTTP/1.1" 200 2674 "http://hausegger.activities.at/entry.php?id=11240&mode=document&form=10665&" "Mozilla/5.0 (Windows NT 10.0; Win64; x64; rv:109.0) Gecko/20100101 Firefox/117.0"
178.165.174.127 - - [22/Sep/2023:17:11:54 +0200] "GET /gui/javascript/form_form.js?1695395514 HTTP/1.1" 200 16206 "http://hausegger.activities.at/entry.php?id=11240" "Mozilla/5.0 (Windows NT 10.0; Win64; x64; rv:109.0) Gecko/20100101 Firefox/117.0"
178.165.174.127 - - [22/Sep/2023:17:11:54 +0200] "GET /entry.php?id=10778&form=11066&name=list& HTTP/1.1" 200 2915 "http://hausegger.activities.at/entry.php?id=11240" "Mozilla/5.0 (Windows NT 10.0; Win64; x64; rv:109.0) Gecko/20100101 Firefox/117.0"
178.165.174.127 - - [22/Sep/2023:17:11:54 +0200] "GET /entry.php?id=10776&form=11066&name=list& HTTP/1.1" 200 1513 "http://hausegger.activities.at/entry.php?id=11240" "Mozilla/5.0 (Windows NT 10.0; Win64; x64; rv:109.0) Gecko/20100101 Firefox/117.0"
156.59.198.136 - - [22/Sep/2023:17:11:54 +0200] "GET /renault.activities.at/htdocs/log/cron/exportXML_3116335.txt HTTP/1.0" 404 319 "http://212.69.160.11:443/renault.activities.at/htdocs/log/cron/?C=N%3BO=D" "Mozilla/5.0 (Linux; Android 5.0) AppleWebKit/537.36 (KHTML, like Gecko) Mobile Safari/537.36 (compatible; Bytespider; spider-feedback@bytedance.com)"
178.165.174.127 - - [22/Sep/2023:17:12:00 +0200] "GET /entry.php?id=10271&&ser=395459 HTTP/1.1" 200 988 "http://hausegger.activities.at/entry.php?id=10271&&ser=395398" "Mozilla/5.0 (Windows NT 10.0; Win64; x64) AppleWebKit/537.36 (KHTML, like Gecko) Chrome/116.0.0.0 Safari/537.36"
178.165.174.127 - - [22/Sep/2023:17:12:00 +0200] "GET /gui/javascript/form_form.js?1695395520 HTTP/1.1" 200 16206 "http://hausegger.activities.at/entry.php?id=10271&&ser=395459" "Mozilla/5.0 (Windows NT 10.0; Win64; x64) AppleWebKit/537.36 (KHTML, like Gecko) Chrome/116.0.0.0 Safari/537.36"
178.165.174.127 - - [22/Sep/2023:17:12:00 +0200] "POST /entry.php?id=10828 HTTP/1.1" 200 8735 "http://hausegger.activities.at/entry.php?id=10828" "Mozilla/5.0 (Windows NT 10.0; Win64; x64; rv:109.0) Gecko/20100101 Firefox/117.0"
178.165.174.127 - - [22/Sep/2023:17:12:00 +0200] "GET /gui/javascript/form_form.js?1695395520 HTTP/1.1" 200 16206 "http://hausegger.activities.at/entry.php?id=10828" "Mozilla/5.0 (Windows NT 10.0; Win64; x64; rv:109.0) Gecko/20100101 Firefox/117.0"
178.165.174.127 - - [22/Sep/2023:17:12:00 +0200] "GET /entry.php?id=10889&document_id=10328559& HTTP/1.1" 200 1509 "http://hausegger.activities.at/entry.php?id=10828" "Mozilla/5.0 (Windows NT 10.0; Win64; x64; rv:109.0) Gecko/20100101 Firefox/117.0"
156.59.198.136 - - [22/Sep/2023:17:12:19 +0200] "GET /renault.activities.at/htdocs/log/cron/minimum_stock_3115812.txt HTTP/1.0" 404 322 "http://212.69.160.11:443/renault.activities.at/htdocs/log/cron/?C=N%3BO=D" "Mozilla/5.0 (Linux; Android 5.0) AppleWebKit/537.36 (KHTML, like Gecko) Mobile Safari/537.36 (compatible; Bytespider; spider-feedback@bytedance.com)"
178.165.174.127 - - [22/Sep/2023:17:12:23 +0200] "GET /entry.php?id=10271&&ser=395482 HTTP/1.1" 200 988 "http://hausegger.activities.at/entry.php?id=10271&&ser=395421" "Mozilla/5.0 (Windows NT 10.0; Win64; x64; rv:109.0) Gecko/20100101 Firefox/117.0"
178.165.174.127 - - [22/Sep/2023:17:12:23 +0200] "GET /gui/javascript/form_form.js?1695395543 HTTP/1.1" 200 16206 "http://hausegger.activities.at/entry.php?id=10271&&ser=395482" "Mozilla/5.0 (Windows NT 10.0; Win64; x64; rv:109.0) Gecko/20100101 Firefox/117.0"
178.165.174.127 - - [22/Sep/2023:17:12:26 +0200] "GET /gui/images/progressbar.gif HTTP/1.1" 200 2157 "http://hausegger.activities.at/entry.php?id=10272" "Mozilla/5.0 (Windows NT 10.0; Win64; x64; rv:109.0) Gecko/20100101 Firefox/117.0"
178.165.174.127 - - [22/Sep/2023:17:12:26 +0200] "POST /entry.php?id=10828 HTTP/1.1" 200 8800 "http://hausegger.activities.at/entry.php?id=10828" "Mozilla/5.0 (Windows NT 10.0; Win64; x64; rv:109.0) Gecko/20100101 Firefox/117.0"
178.165.174.127 - - [22/Sep/2023:17:12:27 +0200] "GET /gui/javascript/form_form.js?1695395547 HTTP/1.1" 200 16206 "http://hausegger.activities.at/entry.php?id=10828" "Mozilla/5.0 (Windows NT 10.0; Win64; x64; rv:109.0) Gecko/20100101 Firefox/117.0"
178.165.174.127 - - [22/Sep/2023:17:12:27 +0200] "GET /entry.php?id=10889&document_id=10328559& HTTP/1.1" 200 1509 "http://hausegger.activities.at/entry.php?id=10828" "Mozilla/5.0 (Windows NT 10.0; Win64; x64; rv:109.0) Gecko/20100101 Firefox/117.0"
156.59.198.136 - - [22/Sep/2023:17:12:43 +0200] "GET /renault.activities.at/htdocs/log/cron/system_mail_3115198.txt HTTP/1.0" 404 320 "http://212.69.160.11:443/renault.activities.at/htdocs/log/cron/?C=N%3BO=D" "Mozilla/5.0 (Linux; Android 5.0) AppleWebKit/537.36 (KHTML, like Gecko) Mobile Safari/537.36 (compatible; Bytespider; spider-feedback@bytedance.com)"
178.165.174.127 - - [22/Sep/2023:17:13:01 +0200] "GET /entry.php?id=10271&&ser=395520 HTTP/1.1" 200 987 "http://hausegger.activities.at/entry.php?id=10271&&ser=395459" "Mozilla/5.0 (Windows NT 10.0; Win64; x64) AppleWebKit/537.36 (KHTML, like Gecko) Chrome/116.0.0.0 Safari/537.36"
178.165.174.127 - - [22/Sep/2023:17:13:01 +0200] "GET /gui/javascript/form_form.js?1695395581 HTTP/1.1" 200 16206 "http://hausegger.activities.at/entry.php?id=10271&&ser=395520" "Mozilla/5.0 (Windows NT 10.0; Win64; x64) AppleWebKit/537.36 (KHTML, like Gecko) Chrome/116.0.0.0 Safari/537.36"
156.59.198.136 - - [22/Sep/2023:17:13:09 +0200] "GET /renault.activities.at/htdocs/log/cron/shipp_Export_Data_3114791.txt HTTP/1.0" 404 325 "http://212.69.160.11:443/renault.activities.at/htdocs/log/cron/?C=N%3BO=D" "Mozilla/5.0 (Linux; Android 5.0) AppleWebKit/537.36 (KHTML, like Gecko) Mobile Safari/537.36 (compatible; Bytespider; spider-feedback@bytedance.com)"
178.165.174.127 - - [22/Sep/2023:17:13:23 +0200] "GET /entry.php?id=10271&&ser=395543 HTTP/1.1" 200 988 "http://hausegger.activities.at/entry.php?id=10271&&ser=395482" "Mozilla/5.0 (Windows NT 10.0; Win64; x64; rv:109.0) Gecko/20100101 Firefox/117.0"
178.165.174.127 - - [22/Sep/2023:17:13:23 +0200] "GET /gui/javascript/form_form.js?1695395603 HTTP/1.1" 200 16206 "http://hausegger.activities.at/entry.php?id=10271&&ser=395543" "Mozilla/5.0 (Windows NT 10.0; Win64; x64; rv:109.0) Gecko/20100101 Firefox/117.0"
156.59.198.135 - - [22/Sep/2023:17:13:33 +0200] "GET /renault.activities.at/htdocs/log/cron/autologout_3115770.txt HTTP/1.0" 404 318 "http://212.69.160.11:443/renault.activities.at/htdocs/log/cron/?C=N%3BO=D" "Mozilla/5.0 (Linux; Android 5.0) AppleWebKit/537.36 (KHTML, like Gecko) Mobile Safari/537.36 (compatible; Bytespider; spider-feedback@bytedance.com)"
156.59.198.136 - - [22/Sep/2023:17:13:57 +0200] "GET /renault.activities.at/htdocs/log/cron/autologout_3116440.txt HTTP/1.0" 404 318 "http://212.69.160.11:443/renault.activities.at/htdocs/log/cron/?C=N%3BO=D" "Mozilla/5.0 (Linux; Android 5.0) AppleWebKit/537.36 (KHTML, like Gecko) Mobile Safari/537.36 (compatible; Bytespider; spider-feedback@bytedance.com)"
178.165.174.127 - - [22/Sep/2023:17:14:02 +0200] "GET /entry.php?id=10271&&ser=395581 HTTP/1.1" 200 987 "http://hausegger.activities.at/entry.php?id=10271&&ser=395520" "Mozilla/5.0 (Windows NT 10.0; Win64; x64) AppleWebKit/537.36 (KHTML, like Gecko) Chrome/116.0.0.0 Safari/537.36"
178.165.174.127 - - [22/Sep/2023:17:14:02 +0200] "GET /gui/javascript/form_form.js?1695395642 HTTP/1.1" 200 16206 "http://hausegger.activities.at/entry.php?id=10271&&ser=395581" "Mozilla/5.0 (Windows NT 10.0; Win64; x64) AppleWebKit/537.36 (KHTML, like Gecko) Chrome/116.0.0.0 Safari/537.36"
156.59.198.136 - - [22/Sep/2023:17:14:21 +0200] "GET /renault.activities.at/htdocs/log/cron/pickupLogisticData_3115580.txt HTTP/1.0" 404 325 "http://212.69.160.11:443/renault.activities.at/htdocs/log/cron/?C=N%3BO=D" "Mozilla/5.0 (Linux; Android 5.0) AppleWebKit/537.36 (KHTML, like Gecko) Mobile Safari/537.36 (compatible; Bytespider; spider-feedback@bytedance.com)"
178.165.174.127 - - [22/Sep/2023:17:14:23 +0200] "GET /entry.php?id=10271&&ser=395603 HTTP/1.1" 200 988 "http://hausegger.activities.at/entry.php?id=10271&&ser=395543" "Mozilla/5.0 (Windows NT 10.0; Win64; x64; rv:109.0) Gecko/20100101 Firefox/117.0"
178.165.174.127 - - [22/Sep/2023:17:14:23 +0200] "GET /gui/javascript/form_form.js?1695395663 HTTP/1.1" 200 16206 "http://hausegger.activities.at/entry.php?id=10271&&ser=395603" "Mozilla/5.0 (Windows NT 10.0; Win64; x64; rv:109.0) Gecko/20100101 Firefox/117.0"
156.59.198.135 - - [22/Sep/2023:17:14:46 +0200] "GET /renault.activities.at/htdocs/log/cron/reminder_mailing_3116003.txt HTTP/1.0" 404 323 "http://212.69.160.11:443/renault.activities.at/htdocs/log/cron/?C=N%3BO=D" "Mozilla/5.0 (Linux; Android 5.0) AppleWebKit/537.36 (KHTML, like Gecko) Mobile Safari/537.36 (compatible; Bytespider; spider-feedback@bytedance.com)"
178.165.174.127 - - [22/Sep/2023:17:15:03 +0200] "GET /entry.php?id=10271&&ser=395642 HTTP/1.1" 200 988 "http://hausegger.activities.at/entry.php?id=10271&&ser=395581" "Mozilla/5.0 (Windows NT 10.0; Win64; x64) AppleWebKit/537.36 (KHTML, like Gecko) Chrome/116.0.0.0 Safari/537.36"
178.165.174.127 - - [22/Sep/2023:17:15:03 +0200] "GET /gui/javascript/form_form.js?1695395703 HTTP/1.1" 200 16206 "http://hausegger.activities.at/entry.php?id=10271&&ser=395642" "Mozilla/5.0 (Windows NT 10.0; Win64; x64) AppleWebKit/537.36 (KHTML, like Gecko) Chrome/116.0.0.0 Safari/537.36"
178.165.174.127 - - [22/Sep/2023:17:15:04 +0200] "GET /entry.php?id=11237&type=10665 HTTP/1.1" 200 276 "http://hausegger.activities.at/entry.php?id=10828" "Mozilla/5.0 (Windows NT 10.0; Win64; x64; rv:109.0) Gecko/20100101 Firefox/117.0"
178.165.174.127 - - [22/Sep/2023:17:15:05 +0200] "GET /entry.php?id=11239&mode=document&form=10665& HTTP/1.1" 200 2018 "http://hausegger.activities.at/entry.php?id=11237&type=10665" "Mozilla/5.0 (Windows NT 10.0; Win64; x64; rv:109.0) Gecko/20100101 Firefox/117.0"
178.165.174.127 - - [22/Sep/2023:17:15:04 +0200] "GET /entry.php?id=10676&&title=Belegsuche HTTP/1.1" 200 1392 "http://hausegger.activities.at/entry.php?id=11237&type=10665" "Mozilla/5.0 (Windows NT 10.0; Win64; x64; rv:109.0) Gecko/20100101 Firefox/117.0"
178.165.174.127 - - [22/Sep/2023:17:15:05 +0200] "GET /gui/javascript/form_bu_document_workflow.js?1695395705 HTTP/1.1" 200 4900 "http://hausegger.activities.at/entry.php?id=11239&mode=document&form=10665&" "Mozilla/5.0 (Windows NT 10.0; Win64; x64; rv:109.0) Gecko/20100101 Firefox/117.0"
178.165.174.127 - - [22/Sep/2023:17:15:05 +0200] "GET /gui/javascript/form_form.js?1695395705 HTTP/1.1" 200 16206 "http://hausegger.activities.at/entry.php?id=11239&mode=document&form=10665&" "Mozilla/5.0 (Windows NT 10.0; Win64; x64; rv:109.0) Gecko/20100101 Firefox/117.0"
178.165.174.127 - - [22/Sep/2023:17:15:05 +0200] "GET /gui/javascript/form_form.js?1695395705 HTTP/1.1" 200 16206 "http://hausegger.activities.at/entry.php?id=10676&&title=Belegsuche" "Mozilla/5.0 (Windows NT 10.0; Win64; x64; rv:109.0) Gecko/20100101 Firefox/117.0"
178.165.174.127 - - [22/Sep/2023:17:15:05 +0200] "GET /entry.php?id=11240&mode=document&form=10665& HTTP/1.1" 200 2672 "http://hausegger.activities.at/entry.php?id=11237&type=10665" "Mozilla/5.0 (Windows NT 10.0; Win64; x64; rv:109.0) Gecko/20100101 Firefox/117.0"
178.165.174.127 - - [22/Sep/2023:17:15:05 +0200] "GET /entry.php?id=11238&mode=document&form=10665& HTTP/1.1" 200 3303 "http://hausegger.activities.at/entry.php?id=11237&type=10665" "Mozilla/5.0 (Windows NT 10.0; Win64; x64; rv:109.0) Gecko/20100101 Firefox/117.0"
178.165.174.127 - - [22/Sep/2023:17:15:05 +0200] "GET /entry.php?id=10778&form=11066&name=list& HTTP/1.1" 200 2586 "http://hausegger.activities.at/entry.php?id=11240&mode=document&form=10665&" "Mozilla/5.0 (Windows NT 10.0; Win64; x64; rv:109.0) Gecko/20100101 Firefox/117.0"
178.165.174.127 - - [22/Sep/2023:17:15:05 +0200] "GET /entry.php?id=10776&form=11066&name=list& HTTP/1.1" 200 1513 "http://hausegger.activities.at/entry.php?id=11240&mode=document&form=10665&" "Mozilla/5.0 (Windows NT 10.0; Win64; x64; rv:109.0) Gecko/20100101 Firefox/117.0"
178.165.174.127 - - [22/Sep/2023:17:15:06 +0200] "POST /entry.php?id=11240 HTTP/1.1" 200 2672 "http://hausegger.activities.at/entry.php?id=11240&mode=document&form=10665&" "Mozilla/5.0 (Windows NT 10.0; Win64; x64; rv:109.0) Gecko/20100101 Firefox/117.0"
178.165.174.127 - - [22/Sep/2023:17:15:06 +0200] "GET /gui/javascript/form_bu_document_workflow.js?1695395706 HTTP/1.1" 200 4900 "http://hausegger.activities.at/entry.php?id=11240" "Mozilla/5.0 (Windows NT 10.0; Win64; x64; rv:109.0) Gecko/20100101 Firefox/117.0"
178.165.174.127 - - [22/Sep/2023:17:15:06 +0200] "GET /gui/javascript/form_form.js?1695395706 HTTP/1.1" 200 16206 "http://hausegger.activities.at/entry.php?id=11240" "Mozilla/5.0 (Windows NT 10.0; Win64; x64; rv:109.0) Gecko/20100101 Firefox/117.0"
