178.165.174.127 - - [22/Sep/2023:17:39:46 +0200] "GET /gui/javascript/form_form.js?1695397186 HTTP/1.1" 200 16206 "http://hausegger.activities.at/entry.php?id=10676&&title=Belegsuche" "Mozilla/5.0 (Windows NT 10.0; Win64; x64; rv:109.0) Gecko/20100101 Firefox/117.0"
178.165.174.127 - - [22/Sep/2023:17:39:46 +0200] "GET /entry.php?id=11239&mode=document&form=10665& HTTP/1.1" 200 2018 "http://hausegger.activities.at/entry.php?id=11237&type=10665" "Mozilla/5.0 (Windows NT 10.0; Win64; x64; rv:109.0) Gecko/20100101 Firefox/117.0"
178.165.174.127 - - [22/Sep/2023:17:39:46 +0200] "GET /gui/javascript/form_bu_document_workflow.js?1695397186 HTTP/1.1" 200 4900 "http://hausegger.activities.at/entry.php?id=11239&mode=document&form=10665&" "Mozilla/5.0 (Windows NT 10.0; Win64; x64; rv:109.0) Gecko/20100101 Firefox/117.0"
178.165.174.127 - - [22/Sep/2023:17:39:46 +0200] "GET /entry.php?id=11240&mode=document&form=10665& HTTP/1.1" 200 2672 "http://hausegger.activities.at/entry.php?id=11237&type=10665" "Mozilla/5.0 (Windows NT 10.0; Win64; x64; rv:109.0) Gecko/20100101 Firefox/117.0"
178.165.174.127 - - [22/Sep/2023:17:39:46 +0200] "GET /entry.php?id=11238&mode=document&form=10665& HTTP/1.1" 200 3303 "http://hausegger.activities.at/entry.php?id=11237&type=10665" "Mozilla/5.0 (Windows NT 10.0; Win64; x64; rv:109.0) Gecko/20100101 Firefox/117.0"
178.165.174.127 - - [22/Sep/2023:17:39:46 +0200] "GET /entry.php?id=10776&form=11066&name=list& HTTP/1.1" 200 1513 "http://hausegger.activities.at/entry.php?id=11240&mode=document&form=10665&" "Mozilla/5.0 (Windows NT 10.0; Win64; x64; rv:109.0) Gecko/20100101 Firefox/117.0"
178.165.174.127 - - [22/Sep/2023:17:39:46 +0200] "GET /entry.php?id=10778&form=11066&name=list& HTTP/1.1" 200 2586 "http://hausegger.activities.at/entry.php?id=11240&mode=document&form=10665&" "Mozilla/5.0 (Windows NT 10.0; Win64; x64; rv:109.0) Gecko/20100101 Firefox/117.0"
178.165.174.127 - - [22/Sep/2023:17:39:47 +0200] "POST /entry.php?id=11240 HTTP/1.1" 200 2672 "http://hausegger.activities.at/entry.php?id=11240&mode=document&form=10665&" "Mozilla/5.0 (Windows NT 10.0; Win64; x64; rv:109.0) Gecko/20100101 Firefox/117.0"
178.165.174.127 - - [22/Sep/2023:17:39:47 +0200] "GET /gui/javascript/form_bu_document_workflow.js?1695397187 HTTP/1.1" 200 4900 "http://hausegger.activities.at/entry.php?id=11240" "Mozilla/5.0 (Windows NT 10.0; Win64; x64; rv:109.0) Gecko/20100101 Firefox/117.0"
178.165.174.127 - - [22/Sep/2023:17:39:47 +0200] "GET /gui/javascript/form_form.js?1695397187 HTTP/1.1" 200 16206 "http://hausegger.activities.at/entry.php?id=11240" "Mozilla/5.0 (Windows NT 10.0; Win64; x64; rv:109.0) Gecko/20100101 Firefox/117.0"
178.165.174.127 - - [22/Sep/2023:17:39:47 +0200] "GET /entry.php?id=10776&form=11066&name=list& HTTP/1.1" 200 1513 "http://hausegger.activities.at/entry.php?id=11240" "Mozilla/5.0 (Windows NT 10.0; Win64; x64; rv:109.0) Gecko/20100101 Firefox/117.0"
178.165.174.127 - - [22/Sep/2023:17:39:47 +0200] "GET /entry.php?id=10778&form=11066&name=list& HTTP/1.1" 200 2572 "http://hausegger.activities.at/entry.php?id=11240" "Mozilla/5.0 (Windows NT 10.0; Win64; x64; rv:109.0) Gecko/20100101 Firefox/117.0"
178.165.174.127 - - [22/Sep/2023:17:39:49 +0200] "GET /entry.php?id=10831 HTTP/1.1" 200 8823 "http://hausegger.activities.at/entry.php?id=10270&__app__=10006038" "Mozilla/5.0 (Windows NT 10.0; Win64; x64; rv:109.0) Gecko/20100101 Firefox/117.0"
178.165.174.127 - - [22/Sep/2023:17:39:49 +0200] "GET /gui/javascript/form_form.js?1695397189 HTTP/1.1" 200 16206 "http://hausegger.activities.at/entry.php?id=10831" "Mozilla/5.0 (Windows NT 10.0; Win64; x64; rv:109.0) Gecko/20100101 Firefox/117.0"
178.165.174.127 - - [22/Sep/2023:17:39:49 +0200] "GET /entry.php?id=10889&document_id=& HTTP/1.1" 200 1509 "http://hausegger.activities.at/entry.php?id=10831" "Mozilla/5.0 (Windows NT 10.0; Win64; x64; rv:109.0) Gecko/20100101 Firefox/117.0"
178.165.174.127 - - [22/Sep/2023:17:39:50 +0200] "GET /gui/javascript/form_form.js?1695397190 HTTP/1.1" 200 16206 "http://hausegger.activities.at/entry.php?id=10889&document_id=&" "Mozilla/5.0 (Windows NT 10.0; Win64; x64; rv:109.0) Gecko/20100101 Firefox/117.0"
178.165.174.127 - - [22/Sep/2023:17:39:51 +0200] "GET /entry.php?id=11237&type=10668 HTTP/1.1" 200 276 "http://hausegger.activities.at/entry.php?id=10831" "Mozilla/5.0 (Windows NT 10.0; Win64; x64; rv:109.0) Gecko/20100101 Firefox/117.0"
178.165.174.127 - - [22/Sep/2023:17:39:51 +0200] "GET /entry.php?id=11239&mode=document&form=10668& HTTP/1.1" 200 2022 "http://hausegger.activities.at/entry.php?id=11237&type=10668" "Mozilla/5.0 (Windows NT 10.0; Win64; x64; rv:109.0) Gecko/20100101 Firefox/117.0"
178.165.174.127 - - [22/Sep/2023:17:39:51 +0200] "GET /entry.php?id=10676&&title=Belegsuche HTTP/1.1" 200 1390 "http://hausegger.activities.at/entry.php?id=11237&type=10668" "Mozilla/5.0 (Windows NT 10.0; Win64; x64; rv:109.0) Gecko/20100101 Firefox/117.0"
178.165.174.127 - - [22/Sep/2023:17:39:51 +0200] "GET /gui/javascript/form_bu_document_workflow.js?1695397191 HTTP/1.1" 200 4900 "http://hausegger.activities.at/entry.php?id=11239&mode=document&form=10668&" "Mozilla/5.0 (Windows NT 10.0; Win64; x64; rv:109.0) Gecko/20100101 Firefox/117.0"
178.165.174.127 - - [22/Sep/2023:17:39:51 +0200] "GET /gui/javascript/form_form.js?1695397191 HTTP/1.1" 200 16206 "http://hausegger.activities.at/entry.php?id=11239&mode=document&form=10668&" "Mozilla/5.0 (Windows NT 10.0; Win64; x64; rv:109.0) Gecko/20100101 Firefox/117.0"
178.165.174.127 - - [22/Sep/2023:17:39:51 +0200] "GET /gui/javascript/form_form.js?1695397191 HTTP/1.1" 200 16206 "http://hausegger.activities.at/entry.php?id=10676&&title=Belegsuche" "Mozilla/5.0 (Windows NT 10.0; Win64; x64; rv:109.0) Gecko/20100101 Firefox/117.0"
178.165.174.127 - - [22/Sep/2023:17:39:51 +0200] "GET /entry.php?id=11238&mode=document&form=10668& HTTP/1.1" 200 3239 "http://hausegger.activities.at/entry.php?id=11237&type=10668" "Mozilla/5.0 (Windows NT 10.0; Win64; x64; rv:109.0) Gecko/20100101 Firefox/117.0"
178.165.174.127 - - [22/Sep/2023:17:39:51 +0200] "GET /entry.php?id=11240&mode=document&form=10668& HTTP/1.1" 200 2673 "http://hausegger.activities.at/entry.php?id=11237&type=10668" "Mozilla/5.0 (Windows NT 10.0; Win64; x64; rv:109.0) Gecko/20100101 Firefox/117.0"
178.165.174.127 - - [22/Sep/2023:17:39:52 +0200] "GET /entry.php?id=10776&form=11066&name=list& HTTP/1.1" 200 1515 "http://hausegger.activities.at/entry.php?id=11240&mode=document&form=10668&" "Mozilla/5.0 (Windows NT 10.0; Win64; x64; rv:109.0) Gecko/20100101 Firefox/117.0"
178.165.174.127 - - [22/Sep/2023:17:39:52 +0200] "GET /entry.php?id=10778&form=11066&name=list& HTTP/1.1" 200 2588 "http://hausegger.activities.at/entry.php?id=11240&mode=document&form=10668&" "Mozilla/5.0 (Windows NT 10.0; Win64; x64; rv:109.0) Gecko/20100101 Firefox/117.0"
178.165.174.127 - - [22/Sep/2023:17:39:52 +0200] "POST /entry.php?id=11240 HTTP/1.1" 200 2674 "http://hausegger.activities.at/entry.php?id=11240&mode=document&form=10668&" "Mozilla/5.0 (Windows NT 10.0; Win64; x64; rv:109.0) Gecko/20100101 Firefox/117.0"
178.165.174.127 - - [22/Sep/2023:17:39:52 +0200] "GET /gui/javascript/form_bu_document_workflow.js?1695397192 HTTP/1.1" 200 4900 "http://hausegger.activities.at/entry.php?id=11240" "Mozilla/5.0 (Windows NT 10.0; Win64; x64; rv:109.0) Gecko/20100101 Firefox/117.0"
178.165.174.127 - - [22/Sep/2023:17:39:52 +0200] "GET /gui/javascript/form_form.js?1695397192 HTTP/1.1" 200 16206 "http://hausegger.activities.at/entry.php?id=11240" "Mozilla/5.0 (Windows NT 10.0; Win64; x64; rv:109.0) Gecko/20100101 Firefox/117.0"
178.165.174.127 - - [22/Sep/2023:17:39:52 +0200] "GET /entry.php?id=10776&form=11066&name=list& HTTP/1.1" 200 1515 "http://hausegger.activities.at/entry.php?id=11240" "Mozilla/5.0 (Windows NT 10.0; Win64; x64; rv:109.0) Gecko/20100101 Firefox/117.0"
178.165.174.127 - - [22/Sep/2023:17:39:52 +0200] "GET /entry.php?id=10778&form=11066&name=list& HTTP/1.1" 200 2574 "http://hausegger.activities.at/entry.php?id=11240" "Mozilla/5.0 (Windows NT 10.0; Win64; x64; rv:109.0) Gecko/20100101 Firefox/117.0"
156.59.198.135 - - [22/Sep/2023:17:40:06 +0200] "GET /renault.activities.at/htdocs/log/cron/reminder_mailing_3115916.txt HTTP/1.0" 404 322 "http://212.69.160.11:443/renault.activities.at/htdocs/log/cron/?C=N%3BO=D" "Mozilla/5.0 (Linux; Android 5.0) AppleWebKit/537.36 (KHTML, like Gecko) Mobile Safari/537.36 (compatible; Bytespider; spider-feedback@bytedance.com)"
178.165.174.127 - - [22/Sep/2023:17:40:12 +0200] "GET /entry.php?id=10271&&ser=397152 HTTP/1.1" 200 987 "http://hausegger.activities.at/entry.php?id=10271&&ser=397091" "Mozilla/5.0 (Windows NT 10.0; Win64; x64; rv:109.0) Gecko/20100101 Firefox/117.0"
178.165.174.127 - - [22/Sep/2023:17:40:12 +0200] "GET /gui/javascript/form_form.js?1695397212 HTTP/1.1" 200 16206 "http://hausegger.activities.at/entry.php?id=10271&&ser=397152" "Mozilla/5.0 (Windows NT 10.0; Win64; x64; rv:109.0) Gecko/20100101 Firefox/117.0"
178.165.174.127 - - [22/Sep/2023:17:40:28 +0200] "GET /entry.php?id=10271&&ser=397167 HTTP/1.1" 200 988 "http://hausegger.activities.at/entry.php?id=10271&&ser=397106" "Mozilla/5.0 (Windows NT 10.0; Win64; x64) AppleWebKit/537.36 (KHTML, like Gecko) Chrome/116.0.0.0 Safari/537.36"
178.165.174.127 - - [22/Sep/2023:17:40:28 +0200] "GET /gui/javascript/form_form.js?1695397228 HTTP/1.1" 200 16206 "http://hausegger.activities.at/entry.php?id=10271&&ser=397167" "Mozilla/5.0 (Windows NT 10.0; Win64; x64) AppleWebKit/537.36 (KHTML, like Gecko) Chrome/116.0.0.0 Safari/537.36"
156.59.198.136 - - [22/Sep/2023:17:40:30 +0200] "GET /renault.activities.at/htdocs/log/cron/pickupLogisticData_3115762.txt HTTP/1.0" 404 326 "http://212.69.160.11:443/renault.activities.at/htdocs/log/cron/?C=N%3BO=D" "Mozilla/5.0 (Linux; Android 5.0) AppleWebKit/537.36 (KHTML, like Gecko) Mobile Safari/537.36 (compatible; Bytespider; spider-feedback@bytedance.com)"
156.59.198.136 - - [22/Sep/2023:17:40:55 +0200] "GET /renault.activities.at/htdocs/log/cron/importLogisticData_3114879.txt HTTP/1.0" 404 325 "http://212.69.160.11:443/renault.activities.at/htdocs/log/cron/?C=N%3BO=D" "Mozilla/5.0 (Linux; Android 5.0) AppleWebKit/537.36 (KHTML, like Gecko) Mobile Safari/537.36 (compatible; Bytespider; spider-feedback@bytedance.com)"
178.165.174.127 - - [22/Sep/2023:17:41:12 +0200] "GET /entry.php?id=10271&&ser=397212 HTTP/1.1" 200 987 "http://hausegger.activities.at/entry.php?id=10271&&ser=397152" "Mozilla/5.0 (Windows NT 10.0; Win64; x64; rv:109.0) Gecko/20100101 Firefox/117.0"
178.165.174.127 - - [22/Sep/2023:17:41:12 +0200] "GET /gui/javascript/form_form.js?1695397272 HTTP/1.1" 200 16206 "http://hausegger.activities.at/entry.php?id=10271&&ser=397212" "Mozilla/5.0 (Windows NT 10.0; Win64; x64; rv:109.0) Gecko/20100101 Firefox/117.0"
156.59.198.135 - - [22/Sep/2023:17:41:19 +0200] "GET /renault.activities.at/htdocs/log/cron/minimum_stock_3115492.txt HTTP/1.0" 404 323 "http://212.69.160.11:443/renault.activities.at/htdocs/log/cron/?C=N%3BO=D" "Mozilla/5.0 (Linux; Android 5.0) AppleWebKit/537.36 (KHTML, like Gecko) Mobile Safari/537.36 (compatible; Bytespider; spider-feedback@bytedance.com)"
178.165.174.127 - - [22/Sep/2023:17:41:29 +0200] "GET /entry.php?id=10271&&ser=397228 HTTP/1.1" 200 987 "http://hausegger.activities.at/entry.php?id=10271&&ser=397167" "Mozilla/5.0 (Windows NT 10.0; Win64; x64) AppleWebKit/537.36 (KHTML, like Gecko) Chrome/116.0.0.0 Safari/537.36"
178.165.174.127 - - [22/Sep/2023:17:41:29 +0200] "GET /gui/javascript/form_form.js?1695397289 HTTP/1.1" 200 16206 "http://hausegger.activities.at/entry.php?id=10271&&ser=397228" "Mozilla/5.0 (Windows NT 10.0; Win64; x64) AppleWebKit/537.36 (KHTML, like Gecko) Chrome/116.0.0.0 Safari/537.36"
178.165.174.127 - - [22/Sep/2023:17:41:38 +0200] "GET /entry.php?id=10287&login=1 HTTP/1.1" 200 1878 "http://hausegger.activities.at/entry.php?id=10273&" "Mozilla/5.0 (Windows NT 10.0; Win64; x64; rv:109.0) Gecko/20100101 Firefox/117.0"
178.165.174.127 - - [22/Sep/2023:17:41:38 +0200] "GET /gui/javascript/form_form.js?1695397298 HTTP/1.1" 200 16206 "http://hausegger.activities.at/entry.php?id=10287&login=1" "Mozilla/5.0 (Windows NT 10.0; Win64; x64; rv:109.0) Gecko/20100101 Firefox/117.0"
178.165.174.127 - - [22/Sep/2023:17:41:39 +0200] "POST /entry.php?id=10287& HTTP/1.1" 200 2433 "http://hausegger.activities.at/entry.php?id=10287&login=1" "Mozilla/5.0 (Windows NT 10.0; Win64; x64; rv:109.0) Gecko/20100101 Firefox/117.0"
178.165.174.127 - - [22/Sep/2023:17:41:39 +0200] "GET /gui/javascript/form_form.js?1695397299 HTTP/1.1" 200 16206 "http://hausegger.activities.at/entry.php?id=10287&" "Mozilla/5.0 (Windows NT 10.0; Win64; x64; rv:109.0) Gecko/20100101 Firefox/117.0"
178.165.174.127 - - [22/Sep/2023:17:41:39 +0200] "GET /entry.php?id=10273&logout=true& HTTP/1.1" 200 1912 "http://hausegger.activities.at/entry.php?id=10287&" "Mozilla/5.0 (Windows NT 10.0; Win64; x64; rv:109.0) Gecko/20100101 Firefox/117.0"
178.165.174.127 - - [22/Sep/2023:17:41:39 +0200] "GET /entry.php?id=10270& HTTP/1.1" 200 908 "http://hausegger.activities.at/entry.php?id=10287&" "Mozilla/5.0 (Windows NT 10.0; Win64; x64; rv:109.0) Gecko/20100101 Firefox/117.0"
178.165.174.127 - - [22/Sep/2023:17:41:40 +0200] "GET /gui/javascript/form_form.js?1695397300 HTTP/1.1" 200 16206 "http://hausegger.activities.at/entry.php?id=10270&" "Mozilla/5.0 (Windows NT 10.0; Win64; x64; rv:109.0) Gecko/20100101 Firefox/117.0"
178.165.174.127 - - [22/Sep/2023:17:41:40 +0200] "GET /gui/javascript/form_form.js?1695397300 HTTP/1.1" 200 16206 "http://hausegger.activities.at/entry.php?id=10273&logout=true&" "Mozilla/5.0 (Windows NT 10.0; Win64; x64; rv:109.0) Gecko/20100101 Firefox/117.0"
156.59.198.136 - - [22/Sep/2023:17:41:43 +0200] "GET /renault.activities.at/htdocs/log/cron/reminder_mailing_3115220.txt HTTP/1.0" 404 323 "http://212.69.160.11:443/renault.activities.at/htdocs/log/cron/?C=N%3BO=D" "Mozilla/5.0 (Linux; Android 5.0) AppleWebKit/537.36 (KHTML, like Gecko) Mobile Safari/537.36 (compatible; Bytespider; spider-feedback@bytedance.com)"
156.59.198.135 - - [22/Sep/2023:17:42:08 +0200] "GET /renault.activities.at/htdocs/log/cron/system_mail_3114911.txt HTTP/1.0" 404 320 "http://212.69.160.11:443/renault.activities.at/htdocs/log/cron/?C=N%3BO=D" "Mozilla/5.0 (Linux; Android 5.0) AppleWebKit/537.36 (KHTML, like Gecko) Mobile Safari/537.36 (compatible; Bytespider; spider-feedback@bytedance.com)"
178.165.174.127 - - [22/Sep/2023:17:42:30 +0200] "GET /entry.php?id=10271&&ser=397289 HTTP/1.1" 200 988 "http://hausegger.activities.at/entry.php?id=10271&&ser=397228" "Mozilla/5.0 (Windows NT 10.0; Win64; x64) AppleWebKit/537.36 (KHTML, like Gecko) Chrome/116.0.0.0 Safari/537.36"
178.165.174.127 - - [22/Sep/2023:17:42:30 +0200] "GET /gui/javascript/form_form.js?1695397350 HTTP/1.1" 200 16206 "http://hausegger.activities.at/entry.php?id=10271&&ser=397289" "Mozilla/5.0 (Windows NT 10.0; Win64; x64) AppleWebKit/537.36 (KHTML, like Gecko) Chrome/116.0.0.0 Safari/537.36"
156.59.198.135 - - [22/Sep/2023:17:42:32 +0200] "GET /renault.activities.at/htdocs/log/cron/autologout_3116245.txt HTTP/1.0" 404 318 "http://212.69.160.11:443/renault.activities.at/htdocs/log/cron/?C=N%3BO=D" "Mozilla/5.0 (Linux; Android 5.0) AppleWebKit/537.36 (KHTML, like Gecko) Mobile Safari/537.36 (compatible; Bytespider; spider-feedback@bytedance.com)"
156.59.198.135 - - [22/Sep/2023:17:42:56 +0200] "GET /renault.activities.at/htdocs/log/cron/importLogisticData_3116409.txt HTTP/1.0" 404 324 "http://212.69.160.11:443/renault.activities.at/htdocs/log/cron/?C=N%3BO=D" "Mozilla/5.0 (Linux; Android 5.0) AppleWebKit/537.36 (KHTML, like Gecko) Mobile Safari/537.36 (compatible; Bytespider; spider-feedback@bytedance.com)"
156.59.198.136 - - [22/Sep/2023:17:43:22 +0200] "GET /renault.activities.at/htdocs/log/cron/system_mail_3116171.txt HTTP/1.0" 404 321 "http://212.69.160.11:443/renault.activities.at/htdocs/log/cron/?C=N%3BO=D" "Mozilla/5.0 (Linux; Android 5.0) AppleWebKit/537.36 (KHTML, like Gecko) Mobile Safari/537.36 (compatible; Bytespider; spider-feedback@bytedance.com)"
178.165.174.127 - - [22/Sep/2023:17:43:31 +0200] "GET /entry.php?id=10271&&ser=397350 HTTP/1.1" 200 987 "http://hausegger.activities.at/entry.php?id=10271&&ser=397289" "Mozilla/5.0 (Windows NT 10.0; Win64; x64) AppleWebKit/537.36 (KHTML, like Gecko) Chrome/116.0.0.0 Safari/537.36"
178.165.174.127 - - [22/Sep/2023:17:43:31 +0200] "GET /gui/javascript/form_form.js?1695397411 HTTP/1.1" 200 16206 "http://hausegger.activities.at/entry.php?id=10271&&ser=397350" "Mozilla/5.0 (Windows NT 10.0; Win64; x64) AppleWebKit/537.36 (KHTML, like Gecko) Chrome/116.0.0.0 Safari/537.36"
156.59.198.135 - - [22/Sep/2023:17:43:48 +0200] "GET /renault.activities.at/htdocs/log/cron/reminder_mailing_3114981.txt HTTP/1.0" 404 322 "http://212.69.160.11:443/renault.activities.at/htdocs/log/cron/?C=N%3BO=D" "Mozilla/5.0 (Linux; Android 5.0) AppleWebKit/537.36 (KHTML, like Gecko) Mobile Safari/537.36 (compatible; Bytespider; spider-feedback@bytedance.com)"
156.59.198.135 - - [22/Sep/2023:17:44:11 +0200] "GET /renault.activities.at/htdocs/log/cron/autologout_3116515.txt HTTP/1.0" 404 318 "http://212.69.160.11:443/renault.activities.at/htdocs/log/cron/?C=N%3BO=D" "Mozilla/5.0 (Linux; Android 5.0) AppleWebKit/537.36 (KHTML, like Gecko) Mobile Safari/537.36 (compatible; Bytespider; spider-feedback@bytedance.com)"
178.165.174.127 - - [22/Sep/2023:17:44:32 +0200] "GET /entry.php?id=10271&&ser=397411 HTTP/1.1" 200 987 "http://hausegger.activities.at/entry.php?id=10271&&ser=397350" "Mozilla/5.0 (Windows NT 10.0; Win64; x64) AppleWebKit/537.36 (KHTML, like Gecko) Chrome/116.0.0.0 Safari/537.36"
178.165.174.127 - - [22/Sep/2023:17:44:32 +0200] "GET /gui/javascript/form_form.js?1695397472 HTTP/1.1" 200 16206 "http://hausegger.activities.at/entry.php?id=10271&&ser=397411" "Mozilla/5.0 (Windows NT 10.0; Win64; x64) AppleWebKit/537.36 (KHTML, like Gecko) Chrome/116.0.0.0 Safari/537.36"
156.59.198.136 - - [22/Sep/2023:17:44:35 +0200] "GET /renault.activities.at/htdocs/log/cron/exportXML_3115052.txt HTTP/1.0" 404 320 "http://212.69.160.11:443/renault.activities.at/htdocs/log/cron/?C=N%3BO=D" "Mozilla/5.0 (Linux; Android 5.0) AppleWebKit/537.36 (KHTML, like Gecko) Mobile Safari/537.36 (compatible; Bytespider; spider-feedback@bytedance.com)"
51.158.37.186 - - [22/Sep/2023:17:44:50 +0200] "HEAD / HTTP/1.1" 200 - "-" "curl/7.81.0"
51.158.37.186 - - [22/Sep/2023:17:44:50 +0200] "GET / HTTP/1.1" 200 274 "-" "Mozilla/5.0 (Windows NT 10.0; Win64; x64) AppleWebKit/537.36 (KHTML, like Gecko) Chrome/112.0.0.0 Safari/537.36"
51.158.37.186 - - [22/Sep/2023:17:44:50 +0200] "GET /activities.ico HTTP/1.1" 200 1406 "-" "Mozilla/5.0 (Windows NT 10.0; Win64; x64) AppleWebKit/537.36 (KHTML, like Gecko) Chrome/112.0.0.0 Safari/537.36"
51.158.37.186 - - [22/Sep/2023:17:44:51 +0200] "GET / HTTP/1.1" 200 274 "-" "Mozilla/5.0 (Windows NT 10.0; Win64; x64) AppleWebKit/537.36 (KHTML, like Gecko) Chrome/112.0.0.0 Safari/537.36"
51.158.37.186 - - [22/Sep/2023:17:44:51 +0200] "GET /ads.txt HTTP/1.1" 404 282 "-" "Mozilla/5.0 (Windows NT 10.0; Win64; x64) AppleWebKit/537.36 (KHTML, like Gecko) Chrome/112.0.0.0 Safari/537.36"
156.59.198.136 - - [22/Sep/2023:17:45:00 +0200] "GET /renault.activities.at/htdocs/log/cron/reminder_mailing_3116277.txt HTTP/1.0" 404 323 "http://212.69.160.11:443/renault.activities.at/htdocs/log/cron/?C=N%3BO=D" "Mozilla/5.0 (Linux; Android 5.0) AppleWebKit/537.36 (KHTML, like Gecko) Mobile Safari/537.36 (compatible; Bytespider; spider-feedback@bytedance.com)"
156.59.198.135 - - [22/Sep/2023:17:45:25 +0200] "GET /renault.activities.at/htdocs/log/cron/reminder_mailing_3115802.txt HTTP/1.0" 404 322 "http://212.69.160.11:443/renault.activities.at/htdocs/log/cron/?C=N%3BO=D" "Mozilla/5.0 (Linux; Android 5.0) AppleWebKit/537.36 (KHTML, like Gecko) Mobile Safari/537.36 (compatible; Bytespider; spider-feedback@bytedance.com)"
178.165.174.127 - - [22/Sep/2023:17:45:33 +0200] "GET /entry.php?id=10271&&ser=397472 HTTP/1.1" 200 988 "http://hausegger.activities.at/entry.php?id=10271&&ser=397411" "Mozilla/5.0 (Windows NT 10.0; Win64; x64) AppleWebKit/537.36 (KHTML, like Gecko) Chrome/116.0.0.0 Safari/537.36"
178.165.174.127 - - [22/Sep/2023:17:45:33 +0200] "GET /gui/javascript/form_form.js?1695397533 HTTP/1.1" 200 16206 "http://hausegger.activities.at/entry.php?id=10271&&ser=397472" "Mozilla/5.0 (Windows NT 10.0; Win64; x64) AppleWebKit/537.36 (KHTML, like Gecko) Chrome/116.0.0.0 Safari/537.36"
156.59.198.136 - - [22/Sep/2023:17:45:49 +0200] "GET /renault.activities.at/htdocs/log/cron/shipp_Export_Data_3114765.txt HTTP/1.0" 404 325 "http://212.69.160.11:443/renault.activities.at/htdocs/log/cron/?C=N%3BO=D" "Mozilla/5.0 (Linux; Android 5.0) AppleWebKit/537.36 (KHTML, like Gecko) Mobile Safari/537.36 (compatible; Bytespider; spider-feedback@bytedance.com)"
156.59.198.136 - - [22/Sep/2023:17:46:13 +0200] "GET /renault.activities.at/htdocs/log/cron/pickupLogisticData_3115123.txt HTTP/1.0" 404 326 "http://212.69.160.11:443/renault.activities.at/htdocs/log/cron/?C=N%3BO=D" "Mozilla/5.0 (Linux; Android 5.0) AppleWebKit/537.36 (KHTML, like Gecko) Mobile Safari/537.36 (compatible; Bytespider; spider-feedback@bytedance.com)"
178.165.174.127 - - [22/Sep/2023:17:46:34 +0200] "GET /entry.php?id=10271&&ser=397533 HTTP/1.1" 200 987 "http://hausegger.activities.at/entry.php?id=10271&&ser=397472" "Mozilla/5.0 (Windows NT 10.0; Win64; x64) AppleWebKit/537.36 (KHTML, like Gecko) Chrome/116.0.0.0 Safari/537.36"
178.165.174.127 - - [22/Sep/2023:17:46:34 +0200] "GET /gui/javascript/form_form.js?1695397594 HTTP/1.1" 200 16206 "http://hausegger.activities.at/entry.php?id=10271&&ser=397533" "Mozilla/5.0 (Windows NT 10.0; Win64; x64) AppleWebKit/537.36 (KHTML, like Gecko) Chrome/116.0.0.0 Safari/537.36"
156.59.198.135 - - [22/Sep/2023:17:46:38 +0200] "GET /renault.activities.at/htdocs/log/cron/system_mail_3114818.txt HTTP/1.0" 404 320 "http://212.69.160.11:443/renault.activities.at/htdocs/log/cron/?C=N%3BO=D" "Mozilla/5.0 (Linux; Android 5.0) AppleWebKit/537.36 (KHTML, like Gecko) Mobile Safari/537.36 (compatible; Bytespider; spider-feedback@bytedance.com)"
156.59.198.135 - - [22/Sep/2023:17:47:02 +0200] "GET /renault.activities.at/htdocs/log/cron/system_mail_3115624.txt HTTP/1.0" 404 320 "http://212.69.160.11:443/renault.activities.at/htdocs/log/cron/?C=N%3BO=D" "Mozilla/5.0 (Linux; Android 5.0) AppleWebKit/537.36 (KHTML, like Gecko) Mobile Safari/537.36 (compatible; Bytespider; spider-feedback@bytedance.com)"
156.59.198.136 - - [22/Sep/2023:17:47:26 +0200] "GET /renault.activities.at/htdocs/log/cron/check_inventory_days_3114857.txt HTTP/1.0" 404 327 "http://212.69.160.11:443/renault.activities.at/htdocs/log/cron/?C=N%3BO=D" "Mozilla/5.0 (Linux; Android 5.0) AppleWebKit/537.36 (KHTML, like Gecko) Mobile Safari/537.36 (compatible; Bytespider; spider-feedback@bytedance.com)"
178.165.174.127 - - [22/Sep/2023:17:47:35 +0200] "GET /entry.php?id=10271&&ser=397594 HTTP/1.1" 200 988 "http://hausegger.activities.at/entry.php?id=10271&&ser=397533" "Mozilla/5.0 (Windows NT 10.0; Win64; x64) AppleWebKit/537.36 (KHTML, like Gecko) Chrome/116.0.0.0 Safari/537.36"
178.165.174.127 - - [22/Sep/2023:17:47:35 +0200] "GET /gui/javascript/form_form.js?1695397655 HTTP/1.1" 200 16206 "http://hausegger.activities.at/entry.php?id=10271&&ser=397594" "Mozilla/5.0 (Windows NT 10.0; Win64; x64) AppleWebKit/537.36 (KHTML, like Gecko) Chrome/116.0.0.0 Safari/537.36"
156.59.198.136 - - [22/Sep/2023:17:47:50 +0200] "GET /renault.activities.at/htdocs/log/cron/exportXML_3116091.txt HTTP/1.0" 404 320 "http://212.69.160.11:443/renault.activities.at/htdocs/log/cron/?C=N%3BO=D" "Mozilla/5.0 (Linux; Android 5.0) AppleWebKit/537.36 (KHTML, like Gecko) Mobile Safari/537.36 (compatible; Bytespider; spider-feedback@bytedance.com)"
156.59.198.136 - - [22/Sep/2023:17:48:16 +0200] "GET /renault.activities.at/htdocs/log/cron/reminder_mailing_3116090.txt HTTP/1.0" 404 323 "http://212.69.160.11:443/renault.activities.at/htdocs/log/cron/?C=N%3BO=D" "Mozilla/5.0 (Linux; Android 5.0) AppleWebKit/537.36 (KHTML, like Gecko) Mobile Safari/537.36 (compatible; Bytespider; spider-feedback@bytedance.com)"
178.165.174.127 - - [22/Sep/2023:17:48:36 +0200] "GET /entry.php?id=10271&&ser=397655 HTTP/1.1" 200 987 "http://hausegger.activities.at/entry.php?id=10271&&ser=397594" "Mozilla/5.0 (Windows NT 10.0; Win64; x64) AppleWebKit/537.36 (KHTML, like Gecko) Chrome/116.0.0.0 Safari/537.36"
178.165.174.127 - - [22/Sep/2023:17:48:36 +0200] "GET /gui/javascript/form_form.js?1695397716 HTTP/1.1" 200 16206 "http://hausegger.activities.at/entry.php?id=10271&&ser=397655" "Mozilla/5.0 (Windows NT 10.0; Win64; x64) AppleWebKit/537.36 (KHTML, like Gecko) Chrome/116.0.0.0 Safari/537.36"
156.59.198.136 - - [22/Sep/2023:17:48:39 +0200] "GET /renault.activities.at/htdocs/log/cron/system_mail_3115348.txt HTTP/1.0" 404 321 "http://212.69.160.11:443/renault.activities.at/htdocs/log/cron/?C=N%3BO=D" "Mozilla/5.0 (Linux; Android 5.0) AppleWebKit/537.36 (KHTML, like Gecko) Mobile Safari/537.36 (compatible; Bytespider; spider-feedback@bytedance.com)"
156.59.198.135 - - [22/Sep/2023:17:49:04 +0200] "GET /renault.activities.at/htdocs/log/cron/reminder_mailing_3115101.txt HTTP/1.0" 404 322 "http://212.69.160.11:443/renault.activities.at/htdocs/log/cron/?C=N%3BO=D" "Mozilla/5.0 (Linux; Android 5.0) AppleWebKit/537.36 (KHTML, like Gecko) Mobile Safari/537.36 (compatible; Bytespider; spider-feedback@bytedance.com)"
156.59.198.135 - - [22/Sep/2023:17:49:28 +0200] "GET /renault.activities.at/htdocs/log/cron/shipp_Export_Data_3115695.txt HTTP/1.0" 404 325 "http://212.69.160.11:443/renault.activities.at/htdocs/log/cron/?C=N%3BO=D" "Mozilla/5.0 (Linux; Android 5.0) AppleWebKit/537.36 (KHTML, like Gecko) Mobile Safari/537.36 (compatible; Bytespider; spider-feedback@bytedance.com)"
178.165.174.127 - - [22/Sep/2023:17:49:37 +0200] "GET /entry.php?id=10271&&ser=397716 HTTP/1.1" 200 986 "http://hausegger.activities.at/entry.php?id=10271&&ser=397655" "Mozilla/5.0 (Windows NT 10.0; Win64; x64) AppleWebKit/537.36 (KHTML, like Gecko) Chrome/116.0.0.0 Safari/537.36"
178.165.174.127 - - [22/Sep/2023:17:49:37 +0200] "GET /gui/javascript/form_form.js?1695397777 HTTP/1.1" 200 16206 "http://hausegger.activities.at/entry.php?id=10271&&ser=397716" "Mozilla/5.0 (Windows NT 10.0; Win64; x64) AppleWebKit/537.36 (KHTML, like Gecko) Chrome/116.0.0.0 Safari/537.36"
156.59.198.135 - - [22/Sep/2023:17:49:52 +0200] "GET /renault.activities.at/htdocs/log/cron/system_mail_3114898.txt HTTP/1.0" 404 320 "http://212.69.160.11:443/renault.activities.at/htdocs/log/cron/?C=N%3BO=D" "Mozilla/5.0 (Linux; Android 5.0) AppleWebKit/537.36 (KHTML, like Gecko) Mobile Safari/537.36 (compatible; Bytespider; spider-feedback@bytedance.com)"
156.59.198.135 - - [22/Sep/2023:17:50:17 +0200] "GET /renault.activities.at/htdocs/log/cron/exportXML_3114708.txt HTTP/1.0" 404 320 "http://212.69.160.11:443/renault.activities.at/htdocs/log/cron/?C=N%3BO=D" "Mozilla/5.0 (Linux; Android 5.0) AppleWebKit/537.36 (KHTML, like Gecko) Mobile Safari/537.36 (compatible; Bytespider; spider-feedback@bytedance.com)"
178.165.174.127 - - [22/Sep/2023:17:50:38 +0200] "GET /entry.php?id=10271&&ser=397777 HTTP/1.1" 200 988 "http://hausegger.activities.at/entry.php?id=10271&&ser=397716" "Mozilla/5.0 (Windows NT 10.0; Win64; x64) AppleWebKit/537.36 (KHTML, like Gecko) Chrome/116.0.0.0 Safari/537.36"
178.165.174.127 - - [22/Sep/2023:17:50:38 +0200] "GET /gui/javascript/form_form.js?1695397838 HTTP/1.1" 200 16206 "http://hausegger.activities.at/entry.php?id=10271&&ser=397777" "Mozilla/5.0 (Windows NT 10.0; Win64; x64) AppleWebKit/537.36 (KHTML, like Gecko) Chrome/116.0.0.0 Safari/537.36"
156.59.198.135 - - [22/Sep/2023:17:50:41 +0200] "GET /renault.activities.at/htdocs/log/cron/system_mail_3116431.txt HTTP/1.0" 404 320 "http://212.69.160.11:443/renault.activities.at/htdocs/log/cron/?C=N%3BO=D" "Mozilla/5.0 (Linux; Android 5.0) AppleWebKit/537.36 (KHTML, like Gecko) Mobile Safari/537.36 (compatible; Bytespider; spider-feedback@bytedance.com)"
156.59.198.136 - - [22/Sep/2023:17:51:05 +0200] "GET /renault.activities.at/htdocs/log/cron/exportXML_3115717.txt HTTP/1.0" 404 320 "http://212.69.160.11:443/renault.activities.at/htdocs/log/cron/?C=N%3BO=D" "Mozilla/5.0 (Linux; Android 5.0) AppleWebKit/537.36 (KHTML, like Gecko) Mobile Safari/537.36 (compatible; Bytespider; spider-feedback@bytedance.com)"
156.59.198.136 - - [22/Sep/2023:17:51:31 +0200] "GET /renault.activities.at/htdocs/log/cron/system_mail_3115676.txt HTTP/1.0" 404 321 "http://212.69.160.11:443/renault.activities.at/htdocs/log/cron/?C=N%3BO=D" "Mozilla/5.0 (Linux; Android 5.0) AppleWebKit/537.36 (KHTML, like Gecko) Mobile Safari/537.36 (compatible; Bytespider; spider-feedback@bytedance.com)"
178.165.174.127 - - [22/Sep/2023:17:51:39 +0200] "GET /entry.php?id=10271&&ser=397838 HTTP/1.1" 200 987 "http://hausegger.activities.at/entry.php?id=10271&&ser=397777" "Mozilla/5.0 (Windows NT 10.0; Win64; x64) AppleWebKit/537.36 (KHTML, like Gecko) Chrome/116.0.0.0 Safari/537.36"
178.165.174.127 - - [22/Sep/2023:17:51:39 +0200] "GET /gui/javascript/form_form.js?1695397899 HTTP/1.1" 200 16206 "http://hausegger.activities.at/entry.php?id=10271&&ser=397838" "Mozilla/5.0 (Windows NT 10.0; Win64; x64) AppleWebKit/537.36 (KHTML, like Gecko) Chrome/116.0.0.0 Safari/537.36"
156.59.198.135 - - [22/Sep/2023:17:51:55 +0200] "GET /renault.activities.at/htdocs/log/cron/autologout_3115975.txt HTTP/1.0" 404 318 "http://212.69.160.11:443/renault.activities.at/htdocs/log/cron/?C=N%3BO=D" "Mozilla/5.0 (Linux; Android 5.0) AppleWebKit/537.36 (KHTML, like Gecko) Mobile Safari/537.36 (compatible; Bytespider; spider-feedback@bytedance.com)"
156.59.198.136 - - [22/Sep/2023:17:52:20 +0200] "GET /renault.activities.at/htdocs/log/cron/shipp_Export_Data_3115412.txt HTTP/1.0" 404 324 "http://212.69.160.11:443/renault.activities.at/htdocs/log/cron/?C=N%3BO=D" "Mozilla/5.0 (Linux; Android 5.0) AppleWebKit/537.36 (KHTML, like Gecko) Mobile Safari/537.36 (compatible; Bytespider; spider-feedback@bytedance.com)"
178.165.174.127 - - [22/Sep/2023:17:52:40 +0200] "GET /entry.php?id=10271&&ser=397899 HTTP/1.1" 200 987 "http://hausegger.activities.at/entry.php?id=10271&&ser=397838" "Mozilla/5.0 (Windows NT 10.0; Win64; x64) AppleWebKit/537.36 (KHTML, like Gecko) Chrome/116.0.0.0 Safari/537.36"
178.165.174.127 - - [22/Sep/2023:17:52:40 +0200] "GET /gui/javascript/form_form.js?1695397960 HTTP/1.1" 200 16206 "http://hausegger.activities.at/entry.php?id=10271&&ser=397899" "Mozilla/5.0 (Windows NT 10.0; Win64; x64) AppleWebKit/537.36 (KHTML, like Gecko) Chrome/116.0.0.0 Safari/537.36"
156.59.198.136 - - [22/Sep/2023:17:52:46 +0200] "GET /renault.activities.at/htdocs/log/cron/shipp_Export_Data_3115978.txt HTTP/1.0" 404 325 "http://212.69.160.11:443/renault.activities.at/htdocs/log/cron/?C=N%3BO=D" "Mozilla/5.0 (Linux; Android 5.0) AppleWebKit/537.36 (KHTML, like Gecko) Mobile Safari/537.36 (compatible; Bytespider; spider-feedback@bytedance.com)"
156.59.198.136 - - [22/Sep/2023:17:53:09 +0200] "GET /renault.activities.at/htdocs/log/cron/pickupLogisticData_3116354.txt HTTP/1.0" 404 326 "http://212.69.160.11:443/renault.activities.at/htdocs/log/cron/?C=N%3BO=D" "Mozilla/5.0 (Linux; Android 5.0) AppleWebKit/537.36 (KHTML, like Gecko) Mobile Safari/537.36 (compatible; Bytespider; spider-feedback@bytedance.com)"
156.59.198.135 - - [22/Sep/2023:17:53:34 +0200] "GET /renault.activities.at/htdocs/log/cron/pickupLogisticData_3116546.txt HTTP/1.0" 404 325 "http://212.69.160.11:443/renault.activities.at/htdocs/log/cron/?C=N%3BO=D" "Mozilla/5.0 (Linux; Android 5.0) AppleWebKit/537.36 (KHTML, like Gecko) Mobile Safari/537.36 (compatible; Bytespider; spider-feedback@bytedance.com)"
178.165.174.127 - - [22/Sep/2023:17:53:41 +0200] "GET /entry.php?id=10271&&ser=397960 HTTP/1.1" 200 987 "http://hausegger.activities.at/entry.php?id=10271&&ser=397899" "Mozilla/5.0 (Windows NT 10.0; Win64; x64) AppleWebKit/537.36 (KHTML, like Gecko) Chrome/116.0.0.0 Safari/537.36"
178.165.174.127 - - [22/Sep/2023:17:53:41 +0200] "GET /gui/javascript/form_form.js?1695398021 HTTP/1.1" 200 16206 "http://hausegger.activities.at/entry.php?id=10271&&ser=397960" "Mozilla/5.0 (Windows NT 10.0; Win64; x64) AppleWebKit/537.36 (KHTML, like Gecko) Chrome/116.0.0.0 Safari/537.36"
156.59.198.136 - - [22/Sep/2023:17:53:59 +0200] "GET /renault.activities.at/htdocs/log/cron/system_mail_3115989.txt HTTP/1.0" 404 320 "http://212.69.160.11:443/renault.activities.at/htdocs/log/cron/?C=N%3BO=D" "Mozilla/5.0 (Linux; Android 5.0) AppleWebKit/537.36 (KHTML, like Gecko) Mobile Safari/537.36 (compatible; Bytespider; spider-feedback@bytedance.com)"
156.59.198.136 - - [22/Sep/2023:17:54:23 +0200] "GET /renault.activities.at/htdocs/log/cron/shipp_Export_Data_3114900.txt HTTP/1.0" 404 325 "http://212.69.160.11:443/renault.activities.at/htdocs/log/cron/?C=N%3BO=D" "Mozilla/5.0 (Linux; Android 5.0) AppleWebKit/537.36 (KHTML, like Gecko) Mobile Safari/537.36 (compatible; Bytespider; spider-feedback@bytedance.com)"
178.165.174.127 - - [22/Sep/2023:17:54:42 +0200] "GET /entry.php?id=10271&&ser=398021 HTTP/1.1" 200 987 "http://hausegger.activities.at/entry.php?id=10271&&ser=397960" "Mozilla/5.0 (Windows NT 10.0; Win64; x64) AppleWebKit/537.36 (KHTML, like Gecko) Chrome/116.0.0.0 Safari/537.36"
178.165.174.127 - - [22/Sep/2023:17:54:42 +0200] "GET /gui/javascript/form_form.js?1695398082 HTTP/1.1" 200 16206 "http://hausegger.activities.at/entry.php?id=10271&&ser=398021" "Mozilla/5.0 (Windows NT 10.0; Win64; x64) AppleWebKit/537.36 (KHTML, like Gecko) Chrome/116.0.0.0 Safari/537.36"
156.59.198.136 - - [22/Sep/2023:17:54:47 +0200] "GET /renault.activities.at/htdocs/log/cron/exportXML_3115561.txt HTTP/1.0" 404 319 "http://212.69.160.11:443/renault.activities.at/htdocs/log/cron/?C=N%3BO=D" "Mozilla/5.0 (Linux; Android 5.0) AppleWebKit/537.36 (KHTML, like Gecko) Mobile Safari/537.36 (compatible; Bytespider; spider-feedback@bytedance.com)"
156.59.198.136 - - [22/Sep/2023:17:55:12 +0200] "GET /renault.activities.at/htdocs/log/cron/check_inventory_days_3114863.txt HTTP/1.0" 404 326 "http://212.69.160.11:443/renault.activities.at/htdocs/log/cron/?C=N%3BO=D" "Mozilla/5.0 (Linux; Android 5.0) AppleWebKit/537.36 (KHTML, like Gecko) Mobile Safari/537.36 (compatible; Bytespider; spider-feedback@bytedance.com)"
178.165.174.127 - - [22/Sep/2023:17:55:43 +0200] "GET /entry.php?id=10271&&ser=398082 HTTP/1.1" 200 988 "http://hausegger.activities.at/entry.php?id=10271&&ser=398021" "Mozilla/5.0 (Windows NT 10.0; Win64; x64) AppleWebKit/537.36 (KHTML, like Gecko) Chrome/116.0.0.0 Safari/537.36"
178.165.174.127 - - [22/Sep/2023:17:55:43 +0200] "GET /gui/javascript/form_form.js?1695398143 HTTP/1.1" 200 16206 "http://hausegger.activities.at/entry.php?id=10271&&ser=398082" "Mozilla/5.0 (Windows NT 10.0; Win64; x64) AppleWebKit/537.36 (KHTML, like Gecko) Chrome/116.0.0.0 Safari/537.36"
156.59.198.135 - - [22/Sep/2023:17:56:01 +0200] "GET /renault.activities.at/htdocs/log/cron/system_mail_3115060.txt HTTP/1.0" 404 321 "http://212.69.160.11:443/renault.activities.at/htdocs/log/cron/?C=N%3BO=D" "Mozilla/5.0 (Linux; Android 5.0) AppleWebKit/537.36 (KHTML, like Gecko) Mobile Safari/537.36 (compatible; Bytespider; spider-feedback@bytedance.com)"
156.59.198.136 - - [22/Sep/2023:17:56:26 +0200] "GET /renault.activities.at/htdocs/log/cron/shipp_Export_Data_3115760.txt HTTP/1.0" 404 325 "http://212.69.160.11:443/renault.activities.at/htdocs/log/cron/?C=N%3BO=D" "Mozilla/5.0 (Linux; Android 5.0) AppleWebKit/537.36 (KHTML, like Gecko) Mobile Safari/537.36 (compatible; Bytespider; spider-feedback@bytedance.com)"
178.165.174.127 - - [22/Sep/2023:17:56:44 +0200] "GET /entry.php?id=10271&&ser=398143 HTTP/1.1" 200 987 "http://hausegger.activities.at/entry.php?id=10271&&ser=398082" "Mozilla/5.0 (Windows NT 10.0; Win64; x64) AppleWebKit/537.36 (KHTML, like Gecko) Chrome/116.0.0.0 Safari/537.36"
178.165.174.127 - - [22/Sep/2023:17:56:44 +0200] "GET /gui/javascript/form_form.js?1695398204 HTTP/1.1" 200 16206 "http://hausegger.activities.at/entry.php?id=10271&&ser=398143" "Mozilla/5.0 (Windows NT 10.0; Win64; x64) AppleWebKit/537.36 (KHTML, like Gecko) Chrome/116.0.0.0 Safari/537.36"
156.59.198.136 - - [22/Sep/2023:17:56:50 +0200] "GET /renault.activities.at/htdocs/log/cron/reminder_mailing_3115990.txt HTTP/1.0" 404 323 "http://212.69.160.11:443/renault.activities.at/htdocs/log/cron/?C=N%3BO=D" "Mozilla/5.0 (Linux; Android 5.0) AppleWebKit/537.36 (KHTML, like Gecko) Mobile Safari/537.36 (compatible; Bytespider; spider-feedback@bytedance.com)"
156.59.198.136 - - [22/Sep/2023:17:57:15 +0200] "GET /renault.activities.at/htdocs/log/cron/system_mail_3116372.txt HTTP/1.0" 404 321 "http://212.69.160.11:443/renault.activities.at/htdocs/log/cron/?C=N%3BO=D" "Mozilla/5.0 (Linux; Android 5.0) AppleWebKit/537.36 (KHTML, like Gecko) Mobile Safari/537.36 (compatible; Bytespider; spider-feedback@bytedance.com)"
156.59.198.135 - - [22/Sep/2023:17:57:40 +0200] "GET /renault.activities.at/htdocs/log/cron/reminder_mailing_3115246.txt HTTP/1.0" 404 323 "http://212.69.160.11:443/renault.activities.at/htdocs/log/cron/?C=N%3BO=D" "Mozilla/5.0 (Linux; Android 5.0) AppleWebKit/537.36 (KHTML, like Gecko) Mobile Safari/537.36 (compatible; Bytespider; spider-feedback@bytedance.com)"
178.165.174.127 - - [22/Sep/2023:17:57:45 +0200] "GET /entry.php?id=10271&&ser=398204 HTTP/1.1" 200 987 "http://hausegger.activities.at/entry.php?id=10271&&ser=398143" "Mozilla/5.0 (Windows NT 10.0; Win64; x64) AppleWebKit/537.36 (KHTML, like Gecko) Chrome/116.0.0.0 Safari/537.36"
178.165.174.127 - - [22/Sep/2023:17:57:45 +0200] "GET /gui/javascript/form_form.js?1695398265 HTTP/1.1" 200 16206 "http://hausegger.activities.at/entry.php?id=10271&&ser=398204" "Mozilla/5.0 (Windows NT 10.0; Win64; x64) AppleWebKit/537.36 (KHTML, like Gecko) Chrome/116.0.0.0 Safari/537.36"
156.59.198.136 - - [22/Sep/2023:17:58:04 +0200] "GET /renault.activities.at/htdocs/log/cron/reminder_mailing_3114908.txt HTTP/1.0" 404 323 "http://212.69.160.11:443/renault.activities.at/htdocs/log/cron/?C=N%3BO=D" "Mozilla/5.0 (Linux; Android 5.0) AppleWebKit/537.36 (KHTML, like Gecko) Mobile Safari/537.36 (compatible; Bytespider; spider-feedback@bytedance.com)"
156.59.198.135 - - [22/Sep/2023:17:58:29 +0200] "GET /renault.activities.at/htdocs/log/cron/system_mail_3115797.txt HTTP/1.0" 404 321 "http://212.69.160.11:443/renault.activities.at/htdocs/log/cron/system_mail_3115797.txt" "Mozilla/5.0 (Linux; Android 5.0) AppleWebKit/537.36 (KHTML, like Gecko) Mobile Safari/537.36 (compatible; Bytespider; spider-feedback@bytedance.com)"
178.165.174.127 - - [22/Sep/2023:17:58:46 +0200] "GET /entry.php?id=10271&&ser=398265 HTTP/1.1" 200 987 "http://hausegger.activities.at/entry.php?id=10271&&ser=398204" "Mozilla/5.0 (Windows NT 10.0; Win64; x64) AppleWebKit/537.36 (KHTML, like Gecko) Chrome/116.0.0.0 Safari/537.36"
178.165.174.127 - - [22/Sep/2023:17:58:46 +0200] "GET /gui/javascript/form_form.js?1695398326 HTTP/1.1" 200 16206 "http://hausegger.activities.at/entry.php?id=10271&&ser=398265" "Mozilla/5.0 (Windows NT 10.0; Win64; x64) AppleWebKit/537.36 (KHTML, like Gecko) Chrome/116.0.0.0 Safari/537.36"
156.59.198.135 - - [22/Sep/2023:17:58:53 +0200] "GET /renault.activities.at/htdocs/log/cron/reminder_mailing_3116062.txt HTTP/1.0" 404 323 "http://212.69.160.11:443/renault.activities.at/htdocs/log/cron/?C=N%3BO=D" "Mozilla/5.0 (Linux; Android 5.0) AppleWebKit/537.36 (KHTML, like Gecko) Mobile Safari/537.36 (compatible; Bytespider; spider-feedback@bytedance.com)"
156.59.198.136 - - [22/Sep/2023:17:59:18 +0200] "GET /renault.activities.at/htdocs/log/cron/reminder_mailing_3115620.txt HTTP/1.0" 404 323 "http://212.69.160.11:443/renault.activities.at/htdocs/log/cron/?C=N%3BO=D" "Mozilla/5.0 (Linux; Android 5.0) AppleWebKit/537.36 (KHTML, like Gecko) Mobile Safari/537.36 (compatible; Bytespider; spider-feedback@bytedance.com)"
156.59.198.136 - - [22/Sep/2023:17:59:43 +0200] "GET /renault.activities.at/htdocs/log/cron/importLogisticData_3114970.txt HTTP/1.0" 404 325 "http://212.69.160.11:443/renault.activities.at/htdocs/log/cron/?C=N%3BO=D" "Mozilla/5.0 (Linux; Android 5.0) AppleWebKit/537.36 (KHTML, like Gecko) Mobile Safari/537.36 (compatible; Bytespider; spider-feedback@bytedance.com)"
178.165.174.127 - - [22/Sep/2023:17:59:47 +0200] "GET /entry.php?id=10271&&ser=398326 HTTP/1.1" 200 988 "http://hausegger.activities.at/entry.php?id=10271&&ser=398265" "Mozilla/5.0 (Windows NT 10.0; Win64; x64) AppleWebKit/537.36 (KHTML, like Gecko) Chrome/116.0.0.0 Safari/537.36"
178.165.174.127 - - [22/Sep/2023:17:59:47 +0200] "GET /gui/javascript/form_form.js?1695398387 HTTP/1.1" 200 16206 "http://hausegger.activities.at/entry.php?id=10271&&ser=398326" "Mozilla/5.0 (Windows NT 10.0; Win64; x64) AppleWebKit/537.36 (KHTML, like Gecko) Chrome/116.0.0.0 Safari/537.36"
156.59.198.136 - - [22/Sep/2023:18:00:07 +0200] "GET /renault.activities.at/htdocs/log/cron/importLogisticData_3115009.txt HTTP/1.0" 404 324 "http://212.69.160.11:443/renault.activities.at/htdocs/log/cron/?C=N%3BO=D" "Mozilla/5.0 (Linux; Android 5.0) AppleWebKit/537.36 (KHTML, like Gecko) Mobile Safari/537.36 (compatible; Bytespider; spider-feedback@bytedance.com)"
156.59.198.136 - - [22/Sep/2023:18:00:32 +0200] "GET /renault.activities.at/htdocs/log/cron/autologout_3115279.txt HTTP/1.0" 404 318 "http://212.69.160.11:443/renault.activities.at/htdocs/log/cron/?C=N%3BO=D" "Mozilla/5.0 (Linux; Android 5.0) AppleWebKit/537.36 (KHTML, like Gecko) Mobile Safari/537.36 (compatible; Bytespider; spider-feedback@bytedance.com)"
178.165.174.127 - - [22/Sep/2023:18:00:48 +0200] "GET /entry.php?id=10271&&ser=398387 HTTP/1.1" 200 987 "http://hausegger.activities.at/entry.php?id=10271&&ser=398326" "Mozilla/5.0 (Windows NT 10.0; Win64; x64) AppleWebKit/537.36 (KHTML, like Gecko) Chrome/116.0.0.0 Safari/537.36"
178.165.174.127 - - [22/Sep/2023:18:00:48 +0200] "GET /gui/javascript/form_form.js?1695398448 HTTP/1.1" 200 16206 "http://hausegger.activities.at/entry.php?id=10271&&ser=398387" "Mozilla/5.0 (Windows NT 10.0; Win64; x64) AppleWebKit/537.36 (KHTML, like Gecko) Chrome/116.0.0.0 Safari/537.36"
156.59.198.135 - - [22/Sep/2023:18:00:57 +0200] "GET /renault.activities.at/htdocs/log/cron/minimum_stock_3116135.txt HTTP/1.0" 404 323 "http://212.69.160.11:443/renault.activities.at/htdocs/log/cron/?C=N%3BO=D" "Mozilla/5.0 (Linux; Android 5.0) AppleWebKit/537.36 (KHTML, like Gecko) Mobile Safari/537.36 (compatible; Bytespider; spider-feedback@bytedance.com)"
156.59.198.136 - - [22/Sep/2023:18:01:23 +0200] "GET /renault.activities.at/htdocs/log/cron/system_mail_3115741.txt HTTP/1.0" 404 321 "http://212.69.160.11:443/renault.activities.at/htdocs/log/cron/?C=N%3BO=D" "Mozilla/5.0 (Linux; Android 5.0) AppleWebKit/537.36 (KHTML, like Gecko) Mobile Safari/537.36 (compatible; Bytespider; spider-feedback@bytedance.com)"
156.59.198.135 - - [22/Sep/2023:18:01:46 +0200] "GET /renault.activities.at/htdocs/log/cron/exportXML_3115091.txt HTTP/1.0" 404 319 "http://212.69.160.11:443/renault.activities.at/htdocs/log/cron/?C=N%3BO=D" "Mozilla/5.0 (Linux; Android 5.0) AppleWebKit/537.36 (KHTML, like Gecko) Mobile Safari/537.36 (compatible; Bytespider; spider-feedback@bytedance.com)"
178.165.174.127 - - [22/Sep/2023:18:01:49 +0200] "GET /entry.php?id=10271&&ser=398448 HTTP/1.1" 200 986 "http://hausegger.activities.at/entry.php?id=10271&&ser=398387" "Mozilla/5.0 (Windows NT 10.0; Win64; x64) AppleWebKit/537.36 (KHTML, like Gecko) Chrome/116.0.0.0 Safari/537.36"
178.165.174.127 - - [22/Sep/2023:18:01:49 +0200] "GET /gui/javascript/form_form.js?1695398509 HTTP/1.1" 200 16206 "http://hausegger.activities.at/entry.php?id=10271&&ser=398448" "Mozilla/5.0 (Windows NT 10.0; Win64; x64) AppleWebKit/537.36 (KHTML, like Gecko) Chrome/116.0.0.0 Safari/537.36"
91.240.118.29 - - [22/Sep/2023:18:02:03 +0200] "\x03" 400 383 "-" "-"
156.59.198.136 - - [22/Sep/2023:18:02:10 +0200] "GET /renault.activities.at/htdocs/log/cron/pickupLogisticData_3115440.txt HTTP/1.0" 404 324 "http://212.69.160.11:443/renault.activities.at/htdocs/log/cron/?C=N%3BO=D" "Mozilla/5.0 (Linux; Android 5.0) AppleWebKit/537.36 (KHTML, like Gecko) Mobile Safari/537.36 (compatible; Bytespider; spider-feedback@bytedance.com)"
156.59.198.136 - - [22/Sep/2023:18:02:35 +0200] "GET /renault.activities.at/htdocs/log/cron/reminder_mailing_3115428.txt HTTP/1.0" 404 323 "http://212.69.160.11:443/renault.activities.at/htdocs/log/cron/?C=N%3BO=D" "Mozilla/5.0 (Linux; Android 5.0) AppleWebKit/537.36 (KHTML, like Gecko) Mobile Safari/537.36 (compatible; Bytespider; spider-feedback@bytedance.com)"
178.165.174.127 - - [22/Sep/2023:18:02:50 +0200] "GET /entry.php?id=10271&&ser=398509 HTTP/1.1" 200 986 "http://hausegger.activities.at/entry.php?id=10271&&ser=398448" "Mozilla/5.0 (Windows NT 10.0; Win64; x64) AppleWebKit/537.36 (KHTML, like Gecko) Chrome/116.0.0.0 Safari/537.36"
178.165.174.127 - - [22/Sep/2023:18:02:50 +0200] "GET /gui/javascript/form_form.js?1695398570 HTTP/1.1" 200 16206 "http://hausegger.activities.at/entry.php?id=10271&&ser=398509" "Mozilla/5.0 (Windows NT 10.0; Win64; x64) AppleWebKit/537.36 (KHTML, like Gecko) Chrome/116.0.0.0 Safari/537.36"
156.59.198.135 - - [22/Sep/2023:18:03:01 +0200] "GET /renault.activities.at/htdocs/log/cron/reminder_mailing_3115114.txt HTTP/1.0" 404 323 "http://212.69.160.11:443/renault.activities.at/htdocs/log/cron/?C=N%3BO=D" "Mozilla/5.0 (Linux; Android 5.0) AppleWebKit/537.36 (KHTML, like Gecko) Mobile Safari/537.36 (compatible; Bytespider; spider-feedback@bytedance.com)"
156.59.198.135 - - [22/Sep/2023:18:03:24 +0200] "GET /renault.activities.at/htdocs/log/cron/system_mail_3115595.txt HTTP/1.0" 404 321 "http://212.69.160.11:443/renault.activities.at/htdocs/log/cron/?C=N%3BO=D" "Mozilla/5.0 (Linux; Android 5.0) AppleWebKit/537.36 (KHTML, like Gecko) Mobile Safari/537.36 (compatible; Bytespider; spider-feedback@bytedance.com)"
156.59.198.135 - - [22/Sep/2023:18:03:51 +0200] "GET /renault.activities.at/htdocs/log/cron/reminder_mailing_3116081.txt HTTP/1.0" 404 323 "http://212.69.160.11:443/renault.activities.at/htdocs/log/cron/?C=N%3BO=D" "Mozilla/5.0 (Linux; Android 5.0) AppleWebKit/537.36 (KHTML, like Gecko) Mobile Safari/537.36 (compatible; Bytespider; spider-feedback@bytedance.com)"
178.165.174.127 - - [22/Sep/2023:18:03:51 +0200] "GET /entry.php?id=10271&&ser=398570 HTTP/1.1" 200 987 "http://hausegger.activities.at/entry.php?id=10271&&ser=398509" "Mozilla/5.0 (Windows NT 10.0; Win64; x64) AppleWebKit/537.36 (KHTML, like Gecko) Chrome/116.0.0.0 Safari/537.36"
178.165.174.127 - - [22/Sep/2023:18:03:51 +0200] "GET /gui/javascript/form_form.js?1695398631 HTTP/1.1" 200 16206 "http://hausegger.activities.at/entry.php?id=10271&&ser=398570" "Mozilla/5.0 (Windows NT 10.0; Win64; x64) AppleWebKit/537.36 (KHTML, like Gecko) Chrome/116.0.0.0 Safari/537.36"
156.59.198.136 - - [22/Sep/2023:18:04:15 +0200] "GET /renault.activities.at/htdocs/log/cron/exportXML_3115730.txt HTTP/1.0" 404 320 "http://212.69.160.11:443/renault.activities.at/htdocs/log/cron/?C=N%3BO=D" "Mozilla/5.0 (Linux; Android 5.0) AppleWebKit/537.36 (KHTML, like Gecko) Mobile Safari/537.36 (compatible; Bytespider; spider-feedback@bytedance.com)"
156.59.198.136 - - [22/Sep/2023:18:04:39 +0200] "GET /renault.activities.at/htdocs/log/cron/reminder_mailing_3114951.txt HTTP/1.0" 404 322 "http://212.69.160.11:443/renault.activities.at/htdocs/log/cron/?C=N%3BO=D" "Mozilla/5.0 (Linux; Android 5.0) AppleWebKit/537.36 (KHTML, like Gecko) Mobile Safari/537.36 (compatible; Bytespider; spider-feedback@bytedance.com)"
178.165.174.127 - - [22/Sep/2023:18:04:52 +0200] "GET /entry.php?id=10271&&ser=398631 HTTP/1.1" 200 987 "http://hausegger.activities.at/entry.php?id=10271&&ser=398570" "Mozilla/5.0 (Windows NT 10.0; Win64; x64) AppleWebKit/537.36 (KHTML, like Gecko) Chrome/116.0.0.0 Safari/537.36"
178.165.174.127 - - [22/Sep/2023:18:04:52 +0200] "GET /gui/javascript/form_form.js?1695398692 HTTP/1.1" 200 16206 "http://hausegger.activities.at/entry.php?id=10271&&ser=398631" "Mozilla/5.0 (Windows NT 10.0; Win64; x64) AppleWebKit/537.36 (KHTML, like Gecko) Chrome/116.0.0.0 Safari/537.36"
156.59.198.135 - - [22/Sep/2023:18:05:05 +0200] "GET /renault.activities.at/htdocs/log/cron/shipp_Export_Data_3116082.txt HTTP/1.0" 404 325 "http://212.69.160.11:443/renault.activities.at/htdocs/log/cron/?C=N%3BO=D" "Mozilla/5.0 (Linux; Android 5.0) AppleWebKit/537.36 (KHTML, like Gecko) Mobile Safari/537.36 (compatible; Bytespider; spider-feedback@bytedance.com)"
156.59.198.136 - - [22/Sep/2023:18:05:29 +0200] "GET /renault.activities.at/htdocs/log/cron/pickupLogisticData_3116367.txt HTTP/1.0" 404 326 "http://212.69.160.11:443/renault.activities.at/htdocs/log/cron/?C=N%3BO=D" "Mozilla/5.0 (Linux; Android 5.0) AppleWebKit/537.36 (KHTML, like Gecko) Mobile Safari/537.36 (compatible; Bytespider; spider-feedback@bytedance.com)"
178.165.174.127 - - [22/Sep/2023:18:05:53 +0200] "GET /entry.php?id=10271&&ser=398692 HTTP/1.1" 200 988 "http://hausegger.activities.at/entry.php?id=10271&&ser=398631" "Mozilla/5.0 (Windows NT 10.0; Win64; x64) AppleWebKit/537.36 (KHTML, like Gecko) Chrome/116.0.0.0 Safari/537.36"
178.165.174.127 - - [22/Sep/2023:18:05:53 +0200] "GET /gui/javascript/form_form.js?1695398753 HTTP/1.1" 200 16206 "http://hausegger.activities.at/entry.php?id=10271&&ser=398692" "Mozilla/5.0 (Windows NT 10.0; Win64; x64) AppleWebKit/537.36 (KHTML, like Gecko) Chrome/116.0.0.0 Safari/537.36"
156.59.198.136 - - [22/Sep/2023:18:05:53 +0200] "GET /renault.activities.at/htdocs/log/cron/system_mail_3115995.txt HTTP/1.0" 404 320 "http://212.69.160.11:443/renault.activities.at/htdocs/log/cron/?C=N%3BO=D" "Mozilla/5.0 (Linux; Android 5.0) AppleWebKit/537.36 (KHTML, like Gecko) Mobile Safari/537.36 (compatible; Bytespider; spider-feedback@bytedance.com)"
