156.59.198.135 - - [23/Sep/2023:17:36:06 +0200] "GET /hausegger.activities.at/stats/lang/tooltips_m/awstats-tt-en.txt HTTP/1.0" 404 318 "http://212.69.160.11:443/hausegger.activities.at/stats/lang/tooltips_m/?C=N%3BO=D" "Mozilla/5.0 (Linux; Android 5.0) AppleWebKit/537.36 (KHTML, like Gecko) Mobile Safari/537.36 (compatible; Bytespider; spider-feedback@bytedance.com)"
156.59.198.136 - - [23/Sep/2023:17:36:29 +0200] "GET /hausegger.activities.at/stats/lang/tooltips_m/awstats-tt-it.txt HTTP/1.0" 404 318 "http://212.69.160.11:443/hausegger.activities.at/stats/lang/tooltips_m/?C=N%3BO=D" "Mozilla/5.0 (Linux; Android 5.0) AppleWebKit/537.36 (KHTML, like Gecko) Mobile Safari/537.36 (compatible; Bytespider; spider-feedback@bytedance.com)"
91.141.56.61 - - [23/Sep/2023:17:36:42 +0200] "GET /entry.php?id=10271&&ser=483342 HTTP/1.1" 200 988 "http://hausegger.activities.at/entry.php?id=10271&&ser=483281" "Mozilla/5.0 (Windows NT 10.0; Win64; x64) AppleWebKit/537.36 (KHTML, like Gecko) Chrome/116.0.0.0 Safari/537.36"
91.141.56.61 - - [23/Sep/2023:17:36:43 +0200] "GET /gui/javascript/form_form.js?1695483403 HTTP/1.1" 200 16206 "http://hausegger.activities.at/entry.php?id=10271&&ser=483342" "Mozilla/5.0 (Windows NT 10.0; Win64; x64) AppleWebKit/537.36 (KHTML, like Gecko) Chrome/116.0.0.0 Safari/537.36"
156.59.198.136 - - [23/Sep/2023:17:36:54 +0200] "GET /hausegger.activities.at/stats/lang/tooltips_m/awstats-tt-fr.txt HTTP/1.0" 404 318 "http://212.69.160.11:443/hausegger.activities.at/stats/lang/tooltips_m/?C=N%3BO=D" "Mozilla/5.0 (Linux; Android 5.0) AppleWebKit/537.36 (KHTML, like Gecko) Mobile Safari/537.36 (compatible; Bytespider; spider-feedback@bytedance.com)"
156.59.198.136 - - [23/Sep/2023:17:37:19 +0200] "GET /hausegger.activities.at/stats/lang/tooltips_m/awstats-tt-is.txt HTTP/1.0" 404 318 "http://212.69.160.11:443/hausegger.activities.at/stats/lang/tooltips_m/?C=N%3BO=D" "Mozilla/5.0 (Linux; Android 5.0) AppleWebKit/537.36 (KHTML, like Gecko) Mobile Safari/537.36 (compatible; Bytespider; spider-feedback@bytedance.com)"
91.141.56.61 - - [23/Sep/2023:17:37:44 +0200] "GET /entry.php?id=10271&&ser=483403 HTTP/1.1" 200 987 "http://hausegger.activities.at/entry.php?id=10271&&ser=483342" "Mozilla/5.0 (Windows NT 10.0; Win64; x64) AppleWebKit/537.36 (KHTML, like Gecko) Chrome/116.0.0.0 Safari/537.36"
91.141.56.61 - - [23/Sep/2023:17:37:44 +0200] "GET /gui/javascript/form_form.js?1695483464 HTTP/1.1" 200 16206 "http://hausegger.activities.at/entry.php?id=10271&&ser=483403" "Mozilla/5.0 (Windows NT 10.0; Win64; x64) AppleWebKit/537.36 (KHTML, like Gecko) Chrome/116.0.0.0 Safari/537.36"
156.59.198.135 - - [23/Sep/2023:17:38:08 +0200] "GET /hausegger.activities.at/stats/lang/tooltips_m/awstats-tt-br.txt HTTP/1.0" 404 318 "http://212.69.160.11:443/hausegger.activities.at/stats/lang/tooltips_m/?C=N%3BO=D" "Mozilla/5.0 (Linux; Android 5.0) AppleWebKit/537.36 (KHTML, like Gecko) Mobile Safari/537.36 (compatible; Bytespider; spider-feedback@bytedance.com)"
137.184.105.192 - - [23/Sep/2023:17:38:09 +0200] "GET /aaa9 HTTP/1.1" 404 280 "-" "Mozilla/5.0 zgrab/0.x"
137.184.105.192 - - [23/Sep/2023:17:38:11 +0200] "GET /aab8 HTTP/1.1" 404 280 "-" "Mozilla/5.0 zgrab/0.x"
137.184.105.192 - - [23/Sep/2023:17:38:13 +0200] "GET / HTTP/1.1" 200 274 "-" "Mozilla/5.0 zgrab/0.x"
91.141.56.61 - - [23/Sep/2023:17:38:44 +0200] "GET /entry.php?id=10271&&ser=483464 HTTP/1.1" 200 988 "http://hausegger.activities.at/entry.php?id=10271&&ser=483403" "Mozilla/5.0 (Windows NT 10.0; Win64; x64) AppleWebKit/537.36 (KHTML, like Gecko) Chrome/116.0.0.0 Safari/537.36"
91.141.56.61 - - [23/Sep/2023:17:38:45 +0200] "GET /gui/javascript/form_form.js?1695483525 HTTP/1.1" 200 16206 "http://hausegger.activities.at/entry.php?id=10271&&ser=483464" "Mozilla/5.0 (Windows NT 10.0; Win64; x64) AppleWebKit/537.36 (KHTML, like Gecko) Chrome/116.0.0.0 Safari/537.36"
91.141.56.61 - - [23/Sep/2023:17:39:45 +0200] "GET /entry.php?id=10271&&ser=483525 HTTP/1.1" 200 987 "http://hausegger.activities.at/entry.php?id=10271&&ser=483464" "Mozilla/5.0 (Windows NT 10.0; Win64; x64) AppleWebKit/537.36 (KHTML, like Gecko) Chrome/116.0.0.0 Safari/537.36"
91.141.56.61 - - [23/Sep/2023:17:39:46 +0200] "GET /gui/javascript/form_form.js?1695483586 HTTP/1.1" 200 16206 "http://hausegger.activities.at/entry.php?id=10271&&ser=483525" "Mozilla/5.0 (Windows NT 10.0; Win64; x64) AppleWebKit/537.36 (KHTML, like Gecko) Chrome/116.0.0.0 Safari/537.36"
91.141.56.61 - - [23/Sep/2023:17:40:46 +0200] "GET /entry.php?id=10271&&ser=483586 HTTP/1.1" 200 987 "http://hausegger.activities.at/entry.php?id=10271&&ser=483525" "Mozilla/5.0 (Windows NT 10.0; Win64; x64) AppleWebKit/537.36 (KHTML, like Gecko) Chrome/116.0.0.0 Safari/537.36"
91.141.56.61 - - [23/Sep/2023:17:40:47 +0200] "GET /gui/javascript/form_form.js?1695483647 HTTP/1.1" 200 16206 "http://hausegger.activities.at/entry.php?id=10271&&ser=483586" "Mozilla/5.0 (Windows NT 10.0; Win64; x64) AppleWebKit/537.36 (KHTML, like Gecko) Chrome/116.0.0.0 Safari/537.36"
91.141.56.61 - - [23/Sep/2023:17:41:47 +0200] "GET /entry.php?id=10271&&ser=483647 HTTP/1.1" 200 987 "http://hausegger.activities.at/entry.php?id=10271&&ser=483586" "Mozilla/5.0 (Windows NT 10.0; Win64; x64) AppleWebKit/537.36 (KHTML, like Gecko) Chrome/116.0.0.0 Safari/537.36"
91.141.56.61 - - [23/Sep/2023:17:41:48 +0200] "GET /gui/javascript/form_form.js?1695483708 HTTP/1.1" 200 16206 "http://hausegger.activities.at/entry.php?id=10271&&ser=483647" "Mozilla/5.0 (Windows NT 10.0; Win64; x64) AppleWebKit/537.36 (KHTML, like Gecko) Chrome/116.0.0.0 Safari/537.36"
91.141.56.61 - - [23/Sep/2023:17:42:48 +0200] "GET /entry.php?id=10271&&ser=483708 HTTP/1.1" 200 987 "http://hausegger.activities.at/entry.php?id=10271&&ser=483647" "Mozilla/5.0 (Windows NT 10.0; Win64; x64) AppleWebKit/537.36 (KHTML, like Gecko) Chrome/116.0.0.0 Safari/537.36"
91.141.56.61 - - [23/Sep/2023:17:42:49 +0200] "GET /gui/javascript/form_form.js?1695483769 HTTP/1.1" 200 16206 "http://hausegger.activities.at/entry.php?id=10271&&ser=483708" "Mozilla/5.0 (Windows NT 10.0; Win64; x64) AppleWebKit/537.36 (KHTML, like Gecko) Chrome/116.0.0.0 Safari/537.36"
91.141.56.61 - - [23/Sep/2023:17:43:49 +0200] "GET /entry.php?id=10271&&ser=483769 HTTP/1.1" 200 988 "http://hausegger.activities.at/entry.php?id=10271&&ser=483708" "Mozilla/5.0 (Windows NT 10.0; Win64; x64) AppleWebKit/537.36 (KHTML, like Gecko) Chrome/116.0.0.0 Safari/537.36"
91.141.56.61 - - [23/Sep/2023:17:43:50 +0200] "GET /gui/javascript/form_form.js?1695483830 HTTP/1.1" 200 16206 "http://hausegger.activities.at/entry.php?id=10271&&ser=483769" "Mozilla/5.0 (Windows NT 10.0; Win64; x64) AppleWebKit/537.36 (KHTML, like Gecko) Chrome/116.0.0.0 Safari/537.36"
91.141.56.61 - - [23/Sep/2023:17:44:50 +0200] "GET /entry.php?id=10271&&ser=483830 HTTP/1.1" 200 987 "http://hausegger.activities.at/entry.php?id=10271&&ser=483769" "Mozilla/5.0 (Windows NT 10.0; Win64; x64) AppleWebKit/537.36 (KHTML, like Gecko) Chrome/116.0.0.0 Safari/537.36"
91.141.56.61 - - [23/Sep/2023:17:44:51 +0200] "GET /gui/javascript/form_form.js?1695483891 HTTP/1.1" 200 16206 "http://hausegger.activities.at/entry.php?id=10271&&ser=483830" "Mozilla/5.0 (Windows NT 10.0; Win64; x64) AppleWebKit/537.36 (KHTML, like Gecko) Chrome/116.0.0.0 Safari/537.36"
91.141.56.61 - - [23/Sep/2023:17:45:51 +0200] "GET /entry.php?id=10271&&ser=483891 HTTP/1.1" 200 987 "http://hausegger.activities.at/entry.php?id=10271&&ser=483830" "Mozilla/5.0 (Windows NT 10.0; Win64; x64) AppleWebKit/537.36 (KHTML, like Gecko) Chrome/116.0.0.0 Safari/537.36"
91.141.56.61 - - [23/Sep/2023:17:45:52 +0200] "GET /gui/javascript/form_form.js?1695483952 HTTP/1.1" 200 16206 "http://hausegger.activities.at/entry.php?id=10271&&ser=483891" "Mozilla/5.0 (Windows NT 10.0; Win64; x64) AppleWebKit/537.36 (KHTML, like Gecko) Chrome/116.0.0.0 Safari/537.36"
91.141.56.61 - - [23/Sep/2023:17:46:52 +0200] "GET /entry.php?id=10271&&ser=483952 HTTP/1.1" 200 987 "http://hausegger.activities.at/entry.php?id=10271&&ser=483891" "Mozilla/5.0 (Windows NT 10.0; Win64; x64) AppleWebKit/537.36 (KHTML, like Gecko) Chrome/116.0.0.0 Safari/537.36"
91.141.56.61 - - [23/Sep/2023:17:46:53 +0200] "GET /gui/javascript/form_form.js?1695484013 HTTP/1.1" 200 16206 "http://hausegger.activities.at/entry.php?id=10271&&ser=483952" "Mozilla/5.0 (Windows NT 10.0; Win64; x64) AppleWebKit/537.36 (KHTML, like Gecko) Chrome/116.0.0.0 Safari/537.36"
91.141.56.61 - - [23/Sep/2023:17:47:54 +0200] "GET /entry.php?id=10271&&ser=484013 HTTP/1.1" 200 987 "http://hausegger.activities.at/entry.php?id=10271&&ser=483952" "Mozilla/5.0 (Windows NT 10.0; Win64; x64) AppleWebKit/537.36 (KHTML, like Gecko) Chrome/116.0.0.0 Safari/537.36"
91.141.56.61 - - [23/Sep/2023:17:47:54 +0200] "GET /gui/javascript/form_form.js?1695484074 HTTP/1.1" 200 16206 "http://hausegger.activities.at/entry.php?id=10271&&ser=484013" "Mozilla/5.0 (Windows NT 10.0; Win64; x64) AppleWebKit/537.36 (KHTML, like Gecko) Chrome/116.0.0.0 Safari/537.36"
91.141.56.61 - - [23/Sep/2023:17:48:54 +0200] "GET /entry.php?id=10271&&ser=484074 HTTP/1.1" 200 987 "http://hausegger.activities.at/entry.php?id=10271&&ser=484013" "Mozilla/5.0 (Windows NT 10.0; Win64; x64) AppleWebKit/537.36 (KHTML, like Gecko) Chrome/116.0.0.0 Safari/537.36"
91.141.56.61 - - [23/Sep/2023:17:48:55 +0200] "GET /gui/javascript/form_form.js?1695484135 HTTP/1.1" 200 16206 "http://hausegger.activities.at/entry.php?id=10271&&ser=484074" "Mozilla/5.0 (Windows NT 10.0; Win64; x64) AppleWebKit/537.36 (KHTML, like Gecko) Chrome/116.0.0.0 Safari/537.36"
91.141.56.61 - - [23/Sep/2023:17:49:55 +0200] "GET /entry.php?id=10271&&ser=484135 HTTP/1.1" 200 987 "http://hausegger.activities.at/entry.php?id=10271&&ser=484074" "Mozilla/5.0 (Windows NT 10.0; Win64; x64) AppleWebKit/537.36 (KHTML, like Gecko) Chrome/116.0.0.0 Safari/537.36"
91.141.56.61 - - [23/Sep/2023:17:49:56 +0200] "GET /gui/javascript/form_form.js?1695484196 HTTP/1.1" 200 16206 "http://hausegger.activities.at/entry.php?id=10271&&ser=484135" "Mozilla/5.0 (Windows NT 10.0; Win64; x64) AppleWebKit/537.36 (KHTML, like Gecko) Chrome/116.0.0.0 Safari/537.36"
91.141.56.61 - - [23/Sep/2023:17:50:56 +0200] "GET /entry.php?id=10271&&ser=484196 HTTP/1.1" 200 987 "http://hausegger.activities.at/entry.php?id=10271&&ser=484135" "Mozilla/5.0 (Windows NT 10.0; Win64; x64) AppleWebKit/537.36 (KHTML, like Gecko) Chrome/116.0.0.0 Safari/537.36"
91.141.56.61 - - [23/Sep/2023:17:50:57 +0200] "GET /gui/javascript/form_form.js?1695484257 HTTP/1.1" 200 16206 "http://hausegger.activities.at/entry.php?id=10271&&ser=484196" "Mozilla/5.0 (Windows NT 10.0; Win64; x64) AppleWebKit/537.36 (KHTML, like Gecko) Chrome/116.0.0.0 Safari/537.36"
156.146.41.68 - - [23/Sep/2023:17:51:01 +0200] "GET /~ridersde/joomla/index.php?option=com_xijc&view=captcha HTTP/1.1" 404 309 "https://www.google.com/" "Mozilla/5.0 (Windows NT 10.0; Win64; x64; rv:70.0) Gecko/20100101 Firefox/70.0"
91.141.56.61 - - [23/Sep/2023:17:51:57 +0200] "GET /entry.php?id=10271&&ser=484257 HTTP/1.1" 200 987 "http://hausegger.activities.at/entry.php?id=10271&&ser=484196" "Mozilla/5.0 (Windows NT 10.0; Win64; x64) AppleWebKit/537.36 (KHTML, like Gecko) Chrome/116.0.0.0 Safari/537.36"
91.141.56.61 - - [23/Sep/2023:17:51:57 +0200] "GET /gui/javascript/form_form.js?1695484317 HTTP/1.1" 200 16206 "http://hausegger.activities.at/entry.php?id=10271&&ser=484257" "Mozilla/5.0 (Windows NT 10.0; Win64; x64) AppleWebKit/537.36 (KHTML, like Gecko) Chrome/116.0.0.0 Safari/537.36"
91.141.56.61 - - [23/Sep/2023:17:52:57 +0200] "GET /entry.php?id=10271&&ser=484317 HTTP/1.1" 200 987 "http://hausegger.activities.at/entry.php?id=10271&&ser=484257" "Mozilla/5.0 (Windows NT 10.0; Win64; x64) AppleWebKit/537.36 (KHTML, like Gecko) Chrome/116.0.0.0 Safari/537.36"
91.141.56.61 - - [23/Sep/2023:17:52:58 +0200] "GET /gui/javascript/form_form.js?1695484378 HTTP/1.1" 200 16206 "http://hausegger.activities.at/entry.php?id=10271&&ser=484317" "Mozilla/5.0 (Windows NT 10.0; Win64; x64) AppleWebKit/537.36 (KHTML, like Gecko) Chrome/116.0.0.0 Safari/537.36"
156.59.198.135 - - [23/Sep/2023:17:53:49 +0200] "GET /docs/contadino/2018/AUFTRAG/AB18-00006.pdf HTTP/1.0" 404 307 "http://212.69.160.11:443/docs/contadino/2018/AUFTRAG/?C=M%3BO=A" "Mozilla/5.0 (Linux; Android 5.0) AppleWebKit/537.36 (KHTML, like Gecko) Mobile Safari/537.36 (compatible; Bytespider; spider-feedback@bytedance.com)"
91.141.56.61 - - [23/Sep/2023:17:53:59 +0200] "GET /entry.php?id=10271&&ser=484378 HTTP/1.1" 200 987 "http://hausegger.activities.at/entry.php?id=10271&&ser=484317" "Mozilla/5.0 (Windows NT 10.0; Win64; x64) AppleWebKit/537.36 (KHTML, like Gecko) Chrome/116.0.0.0 Safari/537.36"
91.141.56.61 - - [23/Sep/2023:17:53:59 +0200] "GET /gui/javascript/form_form.js?1695484439 HTTP/1.1" 200 16206 "http://hausegger.activities.at/entry.php?id=10271&&ser=484378" "Mozilla/5.0 (Windows NT 10.0; Win64; x64) AppleWebKit/537.36 (KHTML, like Gecko) Chrome/116.0.0.0 Safari/537.36"
91.141.56.61 - - [23/Sep/2023:17:54:59 +0200] "GET /entry.php?id=10271&&ser=484439 HTTP/1.1" 200 986 "http://hausegger.activities.at/entry.php?id=10271&&ser=484378" "Mozilla/5.0 (Windows NT 10.0; Win64; x64) AppleWebKit/537.36 (KHTML, like Gecko) Chrome/116.0.0.0 Safari/537.36"
91.141.56.61 - - [23/Sep/2023:17:55:00 +0200] "GET /gui/javascript/form_form.js?1695484500 HTTP/1.1" 200 16206 "http://hausegger.activities.at/entry.php?id=10271&&ser=484439" "Mozilla/5.0 (Windows NT 10.0; Win64; x64) AppleWebKit/537.36 (KHTML, like Gecko) Chrome/116.0.0.0 Safari/537.36"
91.141.56.61 - - [23/Sep/2023:17:56:00 +0200] "GET /entry.php?id=10271&&ser=484500 HTTP/1.1" 200 987 "http://hausegger.activities.at/entry.php?id=10271&&ser=484439" "Mozilla/5.0 (Windows NT 10.0; Win64; x64) AppleWebKit/537.36 (KHTML, like Gecko) Chrome/116.0.0.0 Safari/537.36"
91.141.56.61 - - [23/Sep/2023:17:56:01 +0200] "GET /gui/javascript/form_form.js?1695484561 HTTP/1.1" 200 16206 "http://hausegger.activities.at/entry.php?id=10271&&ser=484500" "Mozilla/5.0 (Windows NT 10.0; Win64; x64) AppleWebKit/537.36 (KHTML, like Gecko) Chrome/116.0.0.0 Safari/537.36"
91.141.56.61 - - [23/Sep/2023:17:57:01 +0200] "GET /entry.php?id=10271&&ser=484561 HTTP/1.1" 200 987 "http://hausegger.activities.at/entry.php?id=10271&&ser=484500" "Mozilla/5.0 (Windows NT 10.0; Win64; x64) AppleWebKit/537.36 (KHTML, like Gecko) Chrome/116.0.0.0 Safari/537.36"
91.141.56.61 - - [23/Sep/2023:17:57:02 +0200] "GET /gui/javascript/form_form.js?1695484622 HTTP/1.1" 200 16206 "http://hausegger.activities.at/entry.php?id=10271&&ser=484561" "Mozilla/5.0 (Windows NT 10.0; Win64; x64) AppleWebKit/537.36 (KHTML, like Gecko) Chrome/116.0.0.0 Safari/537.36"
91.141.56.61 - - [23/Sep/2023:17:58:02 +0200] "GET /entry.php?id=10271&&ser=484622 HTTP/1.1" 200 987 "http://hausegger.activities.at/entry.php?id=10271&&ser=484561" "Mozilla/5.0 (Windows NT 10.0; Win64; x64) AppleWebKit/537.36 (KHTML, like Gecko) Chrome/116.0.0.0 Safari/537.36"
91.141.56.61 - - [23/Sep/2023:17:58:03 +0200] "GET /gui/javascript/form_form.js?1695484683 HTTP/1.1" 200 16206 "http://hausegger.activities.at/entry.php?id=10271&&ser=484622" "Mozilla/5.0 (Windows NT 10.0; Win64; x64) AppleWebKit/537.36 (KHTML, like Gecko) Chrome/116.0.0.0 Safari/537.36"
91.141.56.61 - - [23/Sep/2023:17:59:03 +0200] "GET /entry.php?id=10271&&ser=484683 HTTP/1.1" 200 986 "http://hausegger.activities.at/entry.php?id=10271&&ser=484622" "Mozilla/5.0 (Windows NT 10.0; Win64; x64) AppleWebKit/537.36 (KHTML, like Gecko) Chrome/116.0.0.0 Safari/537.36"
91.141.56.61 - - [23/Sep/2023:17:59:04 +0200] "GET /gui/javascript/form_form.js?1695484744 HTTP/1.1" 200 16206 "http://hausegger.activities.at/entry.php?id=10271&&ser=484683" "Mozilla/5.0 (Windows NT 10.0; Win64; x64) AppleWebKit/537.36 (KHTML, like Gecko) Chrome/116.0.0.0 Safari/537.36"
91.141.56.61 - - [23/Sep/2023:18:00:05 +0200] "GET /entry.php?id=10271&&ser=484744 HTTP/1.1" 200 987 "http://hausegger.activities.at/entry.php?id=10271&&ser=484683" "Mozilla/5.0 (Windows NT 10.0; Win64; x64) AppleWebKit/537.36 (KHTML, like Gecko) Chrome/116.0.0.0 Safari/537.36"
91.141.56.61 - - [23/Sep/2023:18:00:05 +0200] "GET /gui/javascript/form_form.js?1695484805 HTTP/1.1" 200 16206 "http://hausegger.activities.at/entry.php?id=10271&&ser=484744" "Mozilla/5.0 (Windows NT 10.0; Win64; x64) AppleWebKit/537.36 (KHTML, like Gecko) Chrome/116.0.0.0 Safari/537.36"
91.141.56.61 - - [23/Sep/2023:18:01:05 +0200] "GET /entry.php?id=10271&&ser=484805 HTTP/1.1" 200 987 "http://hausegger.activities.at/entry.php?id=10271&&ser=484744" "Mozilla/5.0 (Windows NT 10.0; Win64; x64) AppleWebKit/537.36 (KHTML, like Gecko) Chrome/116.0.0.0 Safari/537.36"
91.141.56.61 - - [23/Sep/2023:18:01:06 +0200] "GET /gui/javascript/form_form.js?1695484866 HTTP/1.1" 200 16206 "http://hausegger.activities.at/entry.php?id=10271&&ser=484805" "Mozilla/5.0 (Windows NT 10.0; Win64; x64) AppleWebKit/537.36 (KHTML, like Gecko) Chrome/116.0.0.0 Safari/537.36"
91.141.56.61 - - [23/Sep/2023:18:02:06 +0200] "GET /entry.php?id=10271&&ser=484866 HTTP/1.1" 200 987 "http://hausegger.activities.at/entry.php?id=10271&&ser=484805" "Mozilla/5.0 (Windows NT 10.0; Win64; x64) AppleWebKit/537.36 (KHTML, like Gecko) Chrome/116.0.0.0 Safari/537.36"
91.141.56.61 - - [23/Sep/2023:18:02:07 +0200] "GET /gui/javascript/form_form.js?1695484927 HTTP/1.1" 200 16206 "http://hausegger.activities.at/entry.php?id=10271&&ser=484866" "Mozilla/5.0 (Windows NT 10.0; Win64; x64) AppleWebKit/537.36 (KHTML, like Gecko) Chrome/116.0.0.0 Safari/537.36"
91.141.56.61 - - [23/Sep/2023:18:03:07 +0200] "GET /entry.php?id=10271&&ser=484927 HTTP/1.1" 200 987 "http://hausegger.activities.at/entry.php?id=10271&&ser=484866" "Mozilla/5.0 (Windows NT 10.0; Win64; x64) AppleWebKit/537.36 (KHTML, like Gecko) Chrome/116.0.0.0 Safari/537.36"
91.141.56.61 - - [23/Sep/2023:18:03:08 +0200] "GET /gui/javascript/form_form.js?1695484988 HTTP/1.1" 200 16206 "http://hausegger.activities.at/entry.php?id=10271&&ser=484927" "Mozilla/5.0 (Windows NT 10.0; Win64; x64) AppleWebKit/537.36 (KHTML, like Gecko) Chrome/116.0.0.0 Safari/537.36"
91.141.56.61 - - [23/Sep/2023:18:04:08 +0200] "GET /entry.php?id=10271&&ser=484988 HTTP/1.1" 200 987 "http://hausegger.activities.at/entry.php?id=10271&&ser=484927" "Mozilla/5.0 (Windows NT 10.0; Win64; x64) AppleWebKit/537.36 (KHTML, like Gecko) Chrome/116.0.0.0 Safari/537.36"
91.141.56.61 - - [23/Sep/2023:18:04:09 +0200] "GET /gui/javascript/form_form.js?1695485049 HTTP/1.1" 200 16206 "http://hausegger.activities.at/entry.php?id=10271&&ser=484988" "Mozilla/5.0 (Windows NT 10.0; Win64; x64) AppleWebKit/537.36 (KHTML, like Gecko) Chrome/116.0.0.0 Safari/537.36"
91.141.56.61 - - [23/Sep/2023:18:05:10 +0200] "GET /entry.php?id=10271&&ser=485049 HTTP/1.1" 200 987 "http://hausegger.activities.at/entry.php?id=10271&&ser=484988" "Mozilla/5.0 (Windows NT 10.0; Win64; x64) AppleWebKit/537.36 (KHTML, like Gecko) Chrome/116.0.0.0 Safari/537.36"
91.141.56.61 - - [23/Sep/2023:18:05:10 +0200] "GET /gui/javascript/form_form.js?1695485110 HTTP/1.1" 200 16206 "http://hausegger.activities.at/entry.php?id=10271&&ser=485049" "Mozilla/5.0 (Windows NT 10.0; Win64; x64) AppleWebKit/537.36 (KHTML, like Gecko) Chrome/116.0.0.0 Safari/537.36"
91.141.56.61 - - [23/Sep/2023:18:06:11 +0200] "GET /entry.php?id=10271&&ser=485110 HTTP/1.1" 200 987 "http://hausegger.activities.at/entry.php?id=10271&&ser=485049" "Mozilla/5.0 (Windows NT 10.0; Win64; x64) AppleWebKit/537.36 (KHTML, like Gecko) Chrome/116.0.0.0 Safari/537.36"
91.141.56.61 - - [23/Sep/2023:18:06:11 +0200] "GET /gui/javascript/form_form.js?1695485171 HTTP/1.1" 200 16206 "http://hausegger.activities.at/entry.php?id=10271&&ser=485110" "Mozilla/5.0 (Windows NT 10.0; Win64; x64) AppleWebKit/537.36 (KHTML, like Gecko) Chrome/116.0.0.0 Safari/537.36"
142.93.76.231 - - [23/Sep/2023:18:06:42 +0200] "\x16\x03\x01" 400 383 "-" "-"
142.93.76.231 - - [23/Sep/2023:18:06:42 +0200] "\x16\x03\x01" 400 383 "-" "-"
142.93.76.231 - - [23/Sep/2023:18:06:42 +0200] "GET / HTTP/1.1" 200 274 "-" "Mozilla/5.0 (Windows NT 10.0; Win64; x64) AppleWebKit/537.36 (KHTML, like Gecko) Chrome/108.0.0.0 Safari/537.36"
142.93.76.231 - - [23/Sep/2023:18:06:42 +0200] "GET /form.html HTTP/1.1" 404 283 "-" "curl/8.1.2"
142.93.76.231 - - [23/Sep/2023:18:06:42 +0200] "GET /upl.php HTTP/1.1" 404 282 "-" "Mozilla/5.0"
142.93.76.231 - - [23/Sep/2023:18:06:42 +0200] "\x16\x03\x01" 400 383 "-" "-"
142.93.76.231 - - [23/Sep/2023:18:06:43 +0200] "GET /geoip/ HTTP/1.1" 404 281 "-" "Mozilla/5.0 (Windows NT 10.0; Win64; x64) AppleWebKit/537.36 (KHTML, like Gecko) Chrome/108.0.0.0 Safari/537.36"
142.93.76.231 - - [23/Sep/2023:18:06:43 +0200] "GET / HTTP/1.1" 200 274 "-" "Mozilla/5.0 (iPhone; CPU iPhone OS 13_3_1 like Mac OS X) AppleWebKit/605.1.15 (KHTML, like Gecko) Version/13.0.5 Mobile/15E148 Snapchat/10.77.0.54 (like Safari/604.1)"
142.93.76.231 - - [23/Sep/2023:18:06:43 +0200] "GET /favicon.ico HTTP/1.1" 404 284 "-" "Mozilla/5.0 (Windows NT 10.0; Win64; x64) AppleWebKit/537.36 (KHTML, like Gecko) Chrome/108.0.0.0 Safari/537.36"
142.93.76.231 - - [23/Sep/2023:18:06:43 +0200] "GET /1.php HTTP/1.1" 404 280 "-" "Mozilla/5.0 (Windows NT 10.0; Win64; x64) AppleWebKit/537.36 (KHTML, like Gecko) Chrome/108.0.0.0 Safari/537.36"
142.93.76.231 - - [23/Sep/2023:18:06:43 +0200] "GET /bundle.js HTTP/1.1" 404 283 "-" "Mozilla/5.0 (Windows NT 10.0; Win64; x64) AppleWebKit/537.36 (KHTML, like Gecko) Chrome/108.0.0.0 Safari/537.36"
142.93.76.231 - - [23/Sep/2023:18:06:44 +0200] "GET /files/ HTTP/1.1" 404 281 "-" "Mozilla/5.0 (Windows NT 10.0; Win64; x64) AppleWebKit/537.36 (KHTML, like Gecko) Chrome/108.0.0.0 Safari/537.36"
142.93.76.231 - - [23/Sep/2023:18:06:44 +0200] "GET /systembc/password.php HTTP/1.1" 404 291 "-" "Mozilla/5.0 (Windows NT 10.0; Win64; x64) AppleWebKit/537.36 (KHTML, like Gecko) Chrome/108.0.0.0 Safari/537.36"
142.93.76.231 - - [23/Sep/2023:18:06:44 +0200] "GET /password.php HTTP/1.1" 404 285 "-" "Mozilla/5.0 (Windows NT 10.0; Win64; x64) AppleWebKit/537.36 (KHTML, like Gecko) Chrome/108.0.0.0 Safari/537.36"
142.93.76.231 - - [23/Sep/2023:18:06:44 +0200] "GET /info.php HTTP/1.1" 404 283 "-" "Mozilla/5.0 (Windows NT 10.0; Win64; x64) AppleWebKit/537.36 (KHTML, like Gecko) Chrome/108.0.0.0 Safari/537.36"
91.141.56.61 - - [23/Sep/2023:18:07:12 +0200] "GET /entry.php?id=10271&&ser=485171 HTTP/1.1" 200 987 "http://hausegger.activities.at/entry.php?id=10271&&ser=485110" "Mozilla/5.0 (Windows NT 10.0; Win64; x64) AppleWebKit/537.36 (KHTML, like Gecko) Chrome/116.0.0.0 Safari/537.36"
91.141.56.61 - - [23/Sep/2023:18:07:12 +0200] "GET /gui/javascript/form_form.js?1695485232 HTTP/1.1" 200 16206 "http://hausegger.activities.at/entry.php?id=10271&&ser=485171" "Mozilla/5.0 (Windows NT 10.0; Win64; x64) AppleWebKit/537.36 (KHTML, like Gecko) Chrome/116.0.0.0 Safari/537.36"
91.141.56.61 - - [23/Sep/2023:18:08:12 +0200] "GET /entry.php?id=10271&&ser=485232 HTTP/1.1" 200 987 "http://hausegger.activities.at/entry.php?id=10271&&ser=485171" "Mozilla/5.0 (Windows NT 10.0; Win64; x64) AppleWebKit/537.36 (KHTML, like Gecko) Chrome/116.0.0.0 Safari/537.36"
91.141.56.61 - - [23/Sep/2023:18:08:13 +0200] "GET /gui/javascript/form_form.js?1695485293 HTTP/1.1" 200 16206 "http://hausegger.activities.at/entry.php?id=10271&&ser=485232" "Mozilla/5.0 (Windows NT 10.0; Win64; x64) AppleWebKit/537.36 (KHTML, like Gecko) Chrome/116.0.0.0 Safari/537.36"
91.141.56.61 - - [23/Sep/2023:18:09:14 +0200] "GET /entry.php?id=10271&&ser=485293 HTTP/1.1" 200 988 "http://hausegger.activities.at/entry.php?id=10271&&ser=485232" "Mozilla/5.0 (Windows NT 10.0; Win64; x64) AppleWebKit/537.36 (KHTML, like Gecko) Chrome/116.0.0.0 Safari/537.36"
91.141.56.61 - - [23/Sep/2023:18:09:14 +0200] "GET /gui/javascript/form_form.js?1695485354 HTTP/1.1" 200 16206 "http://hausegger.activities.at/entry.php?id=10271&&ser=485293" "Mozilla/5.0 (Windows NT 10.0; Win64; x64) AppleWebKit/537.36 (KHTML, like Gecko) Chrome/116.0.0.0 Safari/537.36"
156.59.198.136 - - [23/Sep/2023:18:09:57 +0200] "GET /renault.activities.at/htdocs/pdftest/temp/readme.txt HTTP/1.0" 404 310 "http://212.69.160.11:443/renault.activities.at/htdocs/pdftest/temp/?C=D%3BO=A" "Mozilla/5.0 (Linux; Android 5.0) AppleWebKit/537.36 (KHTML, like Gecko) Mobile Safari/537.36 (compatible; Bytespider; spider-feedback@bytedance.com)"
91.141.56.61 - - [23/Sep/2023:18:10:15 +0200] "GET /entry.php?id=10271&&ser=485354 HTTP/1.1" 200 987 "http://hausegger.activities.at/entry.php?id=10271&&ser=485293" "Mozilla/5.0 (Windows NT 10.0; Win64; x64) AppleWebKit/537.36 (KHTML, like Gecko) Chrome/116.0.0.0 Safari/537.36"
91.141.56.61 - - [23/Sep/2023:18:10:15 +0200] "GET /gui/javascript/form_form.js?1695485415 HTTP/1.1" 200 16206 "http://hausegger.activities.at/entry.php?id=10271&&ser=485354" "Mozilla/5.0 (Windows NT 10.0; Win64; x64) AppleWebKit/537.36 (KHTML, like Gecko) Chrome/116.0.0.0 Safari/537.36"
205.210.31.229 - - [23/Sep/2023:18:10:39 +0200] "GET / HTTP/1.1" 200 423 "-" "Expanse, a Palo Alto Networks company, searches across the global IPv4 space multiple times per day to identify customers' presences on the Internet. If you would like to be excluded from our scans, please send IP addresses/domains to: scaninfo@paloaltonetworks.com"
91.141.56.61 - - [23/Sep/2023:18:11:15 +0200] "GET /entry.php?id=10271&&ser=485415 HTTP/1.1" 200 987 "http://hausegger.activities.at/entry.php?id=10271&&ser=485354" "Mozilla/5.0 (Windows NT 10.0; Win64; x64) AppleWebKit/537.36 (KHTML, like Gecko) Chrome/116.0.0.0 Safari/537.36"
91.141.56.61 - - [23/Sep/2023:18:11:16 +0200] "GET /gui/javascript/form_form.js?1695485476 HTTP/1.1" 200 16206 "http://hausegger.activities.at/entry.php?id=10271&&ser=485415" "Mozilla/5.0 (Windows NT 10.0; Win64; x64) AppleWebKit/537.36 (KHTML, like Gecko) Chrome/116.0.0.0 Safari/537.36"
91.141.56.61 - - [23/Sep/2023:18:12:17 +0200] "GET /entry.php?id=10271&&ser=485476 HTTP/1.1" 200 988 "http://hausegger.activities.at/entry.php?id=10271&&ser=485415" "Mozilla/5.0 (Windows NT 10.0; Win64; x64) AppleWebKit/537.36 (KHTML, like Gecko) Chrome/116.0.0.0 Safari/537.36"
91.141.56.61 - - [23/Sep/2023:18:12:17 +0200] "GET /gui/javascript/form_form.js?1695485537 HTTP/1.1" 200 16206 "http://hausegger.activities.at/entry.php?id=10271&&ser=485476" "Mozilla/5.0 (Windows NT 10.0; Win64; x64) AppleWebKit/537.36 (KHTML, like Gecko) Chrome/116.0.0.0 Safari/537.36"
91.141.56.61 - - [23/Sep/2023:18:13:17 +0200] "GET /entry.php?id=10271&&ser=485537 HTTP/1.1" 200 988 "http://hausegger.activities.at/entry.php?id=10271&&ser=485476" "Mozilla/5.0 (Windows NT 10.0; Win64; x64) AppleWebKit/537.36 (KHTML, like Gecko) Chrome/116.0.0.0 Safari/537.36"
91.141.56.61 - - [23/Sep/2023:18:13:18 +0200] "GET /gui/javascript/form_form.js?1695485598 HTTP/1.1" 200 16206 "http://hausegger.activities.at/entry.php?id=10271&&ser=485537" "Mozilla/5.0 (Windows NT 10.0; Win64; x64) AppleWebKit/537.36 (KHTML, like Gecko) Chrome/116.0.0.0 Safari/537.36"
91.141.56.61 - - [23/Sep/2023:18:14:18 +0200] "GET /entry.php?id=10271&&ser=485598 HTTP/1.1" 200 988 "http://hausegger.activities.at/entry.php?id=10271&&ser=485537" "Mozilla/5.0 (Windows NT 10.0; Win64; x64) AppleWebKit/537.36 (KHTML, like Gecko) Chrome/116.0.0.0 Safari/537.36"
91.141.56.61 - - [23/Sep/2023:18:14:19 +0200] "GET /gui/javascript/form_form.js?1695485659 HTTP/1.1" 200 16206 "http://hausegger.activities.at/entry.php?id=10271&&ser=485598" "Mozilla/5.0 (Windows NT 10.0; Win64; x64) AppleWebKit/537.36 (KHTML, like Gecko) Chrome/116.0.0.0 Safari/537.36"
91.141.56.61 - - [23/Sep/2023:18:15:20 +0200] "GET /entry.php?id=10271&&ser=485659 HTTP/1.1" 200 987 "http://hausegger.activities.at/entry.php?id=10271&&ser=485598" "Mozilla/5.0 (Windows NT 10.0; Win64; x64) AppleWebKit/537.36 (KHTML, like Gecko) Chrome/116.0.0.0 Safari/537.36"
91.141.56.61 - - [23/Sep/2023:18:15:20 +0200] "GET /gui/javascript/form_form.js?1695485720 HTTP/1.1" 200 16206 "http://hausegger.activities.at/entry.php?id=10271&&ser=485659" "Mozilla/5.0 (Windows NT 10.0; Win64; x64) AppleWebKit/537.36 (KHTML, like Gecko) Chrome/116.0.0.0 Safari/537.36"
91.141.56.61 - - [23/Sep/2023:18:16:21 +0200] "GET /entry.php?id=10271&&ser=485720 HTTP/1.1" 200 987 "http://hausegger.activities.at/entry.php?id=10271&&ser=485659" "Mozilla/5.0 (Windows NT 10.0; Win64; x64) AppleWebKit/537.36 (KHTML, like Gecko) Chrome/116.0.0.0 Safari/537.36"
91.141.56.61 - - [23/Sep/2023:18:16:21 +0200] "GET /gui/javascript/form_form.js?1695485781 HTTP/1.1" 200 16206 "http://hausegger.activities.at/entry.php?id=10271&&ser=485720" "Mozilla/5.0 (Windows NT 10.0; Win64; x64) AppleWebKit/537.36 (KHTML, like Gecko) Chrome/116.0.0.0 Safari/537.36"
91.141.56.61 - - [23/Sep/2023:18:17:22 +0200] "GET /entry.php?id=10271&&ser=485781 HTTP/1.1" 200 987 "http://hausegger.activities.at/entry.php?id=10271&&ser=485720" "Mozilla/5.0 (Windows NT 10.0; Win64; x64) AppleWebKit/537.36 (KHTML, like Gecko) Chrome/116.0.0.0 Safari/537.36"
91.141.56.61 - - [23/Sep/2023:18:17:22 +0200] "GET /gui/javascript/form_form.js?1695485842 HTTP/1.1" 200 16206 "http://hausegger.activities.at/entry.php?id=10271&&ser=485781" "Mozilla/5.0 (Windows NT 10.0; Win64; x64) AppleWebKit/537.36 (KHTML, like Gecko) Chrome/116.0.0.0 Safari/537.36"
156.59.198.136 - - [23/Sep/2023:18:18:00 +0200] "GET /hausegger.activities.at/stats/lang/tooltips_w/awstats-tt-ro.txt HTTP/1.0" 404 318 "http://212.69.160.11:443/hausegger.activities.at/stats/lang/tooltips_w/?C=M%3BO=A" "Mozilla/5.0 (Linux; Android 5.0) AppleWebKit/537.36 (KHTML, like Gecko) Mobile Safari/537.36 (compatible; Bytespider; spider-feedback@bytedance.com)"
91.141.56.61 - - [23/Sep/2023:18:18:23 +0200] "GET /entry.php?id=10271&&ser=485842 HTTP/1.1" 200 987 "http://hausegger.activities.at/entry.php?id=10271&&ser=485781" "Mozilla/5.0 (Windows NT 10.0; Win64; x64) AppleWebKit/537.36 (KHTML, like Gecko) Chrome/116.0.0.0 Safari/537.36"
91.141.56.61 - - [23/Sep/2023:18:18:23 +0200] "GET /gui/javascript/form_form.js?1695485903 HTTP/1.1" 200 16206 "http://hausegger.activities.at/entry.php?id=10271&&ser=485842" "Mozilla/5.0 (Windows NT 10.0; Win64; x64) AppleWebKit/537.36 (KHTML, like Gecko) Chrome/116.0.0.0 Safari/537.36"
156.59.198.135 - - [23/Sep/2023:18:18:24 +0200] "GET /hausegger.activities.at/stats/lang/tooltips_w/awstats-tt-nn.txt HTTP/1.0" 404 318 "http://212.69.160.11:443/hausegger.activities.at/stats/lang/tooltips_w/?C=M%3BO=A" "Mozilla/5.0 (Linux; Android 5.0) AppleWebKit/537.36 (KHTML, like Gecko) Mobile Safari/537.36 (compatible; Bytespider; spider-feedback@bytedance.com)"
156.59.198.136 - - [23/Sep/2023:18:18:48 +0200] "GET /hausegger.activities.at/stats/lang/tooltips_w/awstats-tt-ua.txt HTTP/1.0" 404 318 "http://212.69.160.11:443/hausegger.activities.at/stats/lang/tooltips_w/?C=M%3BO=A" "Mozilla/5.0 (Linux; Android 5.0) AppleWebKit/537.36 (KHTML, like Gecko) Mobile Safari/537.36 (compatible; Bytespider; spider-feedback@bytedance.com)"
156.59.198.135 - - [23/Sep/2023:18:19:14 +0200] "GET /hausegger.activities.at/stats/lang/tooltips_w/awstats-tt-tr.txt HTTP/1.0" 404 318 "http://212.69.160.11:443/hausegger.activities.at/stats/lang/tooltips_w/?C=M%3BO=A" "Mozilla/5.0 (Linux; Android 5.0) AppleWebKit/537.36 (KHTML, like Gecko) Mobile Safari/537.36 (compatible; Bytespider; spider-feedback@bytedance.com)"
91.141.56.61 - - [23/Sep/2023:18:19:24 +0200] "GET /entry.php?id=10271&&ser=485903 HTTP/1.1" 200 987 "http://hausegger.activities.at/entry.php?id=10271&&ser=485842" "Mozilla/5.0 (Windows NT 10.0; Win64; x64) AppleWebKit/537.36 (KHTML, like Gecko) Chrome/116.0.0.0 Safari/537.36"
91.141.56.61 - - [23/Sep/2023:18:19:24 +0200] "GET /gui/javascript/form_form.js?1695485964 HTTP/1.1" 200 16206 "http://hausegger.activities.at/entry.php?id=10271&&ser=485903" "Mozilla/5.0 (Windows NT 10.0; Win64; x64) AppleWebKit/537.36 (KHTML, like Gecko) Chrome/116.0.0.0 Safari/537.36"
156.59.198.136 - - [23/Sep/2023:18:19:37 +0200] "GET /hausegger.activities.at/stats/lang/tooltips_w/awstats-tt-jp.txt HTTP/1.0" 404 319 "http://212.69.160.11:443/hausegger.activities.at/stats/lang/tooltips_w/?C=M%3BO=A" "Mozilla/5.0 (Linux; Android 5.0) AppleWebKit/537.36 (KHTML, like Gecko) Mobile Safari/537.36 (compatible; Bytespider; spider-feedback@bytedance.com)"
156.59.198.135 - - [23/Sep/2023:18:20:02 +0200] "GET /hausegger.activities.at/stats/lang/tooltips_w/awstats-tt-al.txt HTTP/1.0" 404 318 "http://212.69.160.11:443/hausegger.activities.at/stats/lang/tooltips_w/?C=M%3BO=A" "Mozilla/5.0 (Linux; Android 5.0) AppleWebKit/537.36 (KHTML, like Gecko) Mobile Safari/537.36 (compatible; Bytespider; spider-feedback@bytedance.com)"
91.141.56.61 - - [23/Sep/2023:18:20:25 +0200] "GET /entry.php?id=10271&&ser=485964 HTTP/1.1" 200 986 "http://hausegger.activities.at/entry.php?id=10271&&ser=485903" "Mozilla/5.0 (Windows NT 10.0; Win64; x64) AppleWebKit/537.36 (KHTML, like Gecko) Chrome/116.0.0.0 Safari/537.36"
91.141.56.61 - - [23/Sep/2023:18:20:25 +0200] "GET /gui/javascript/form_form.js?1695486025 HTTP/1.1" 200 16206 "http://hausegger.activities.at/entry.php?id=10271&&ser=485964" "Mozilla/5.0 (Windows NT 10.0; Win64; x64) AppleWebKit/537.36 (KHTML, like Gecko) Chrome/116.0.0.0 Safari/537.36"
156.59.198.136 - - [23/Sep/2023:18:20:26 +0200] "GET /hausegger.activities.at/stats/lang/tooltips_w/awstats-tt-es.txt HTTP/1.0" 404 317 "http://212.69.160.11:443/hausegger.activities.at/stats/lang/tooltips_w/?C=M%3BO=A" "Mozilla/5.0 (Linux; Android 5.0) AppleWebKit/537.36 (KHTML, like Gecko) Mobile Safari/537.36 (compatible; Bytespider; spider-feedback@bytedance.com)"
156.59.198.135 - - [23/Sep/2023:18:20:50 +0200] "GET /hausegger.activities.at/stats/lang/tooltips_w/awstats-tt-sr.txt HTTP/1.0" 404 318 "http://212.69.160.11:443/hausegger.activities.at/stats/lang/tooltips_w/?C=M%3BO=A" "Mozilla/5.0 (Linux; Android 5.0) AppleWebKit/537.36 (KHTML, like Gecko) Mobile Safari/537.36 (compatible; Bytespider; spider-feedback@bytedance.com)"
156.59.198.136 - - [23/Sep/2023:18:21:16 +0200] "GET /hausegger.activities.at/stats/lang/tooltips_w/awstats-tt-nb.txt HTTP/1.0" 404 318 "http://212.69.160.11:443/hausegger.activities.at/stats/lang/tooltips_w/?C=M%3BO=A" "Mozilla/5.0 (Linux; Android 5.0) AppleWebKit/537.36 (KHTML, like Gecko) Mobile Safari/537.36 (compatible; Bytespider; spider-feedback@bytedance.com)"
91.141.56.61 - - [23/Sep/2023:18:21:26 +0200] "GET /entry.php?id=10271&&ser=486025 HTTP/1.1" 200 987 "http://hausegger.activities.at/entry.php?id=10271&&ser=485964" "Mozilla/5.0 (Windows NT 10.0; Win64; x64) AppleWebKit/537.36 (KHTML, like Gecko) Chrome/116.0.0.0 Safari/537.36"
91.141.56.61 - - [23/Sep/2023:18:21:26 +0200] "GET /gui/javascript/form_form.js?1695486086 HTTP/1.1" 200 16206 "http://hausegger.activities.at/entry.php?id=10271&&ser=486025" "Mozilla/5.0 (Windows NT 10.0; Win64; x64) AppleWebKit/537.36 (KHTML, like Gecko) Chrome/116.0.0.0 Safari/537.36"
156.59.198.136 - - [23/Sep/2023:18:21:39 +0200] "GET /hausegger.activities.at/stats/lang/tooltips_w/awstats-tt-kr.txt HTTP/1.0" 404 319 "http://212.69.160.11:443/hausegger.activities.at/stats/lang/tooltips_w/?C=M%3BO=A" "Mozilla/5.0 (Linux; Android 5.0) AppleWebKit/537.36 (KHTML, like Gecko) Mobile Safari/537.36 (compatible; Bytespider; spider-feedback@bytedance.com)"
156.59.198.135 - - [23/Sep/2023:18:22:03 +0200] "GET /hausegger.activities.at/stats/lang/tooltips_w/awstats-tt-de.txt HTTP/1.0" 404 318 "http://212.69.160.11:443/hausegger.activities.at/stats/lang/tooltips_w/?C=M%3BO=A" "Mozilla/5.0 (Linux; Android 5.0) AppleWebKit/537.36 (KHTML, like Gecko) Mobile Safari/537.36 (compatible; Bytespider; spider-feedback@bytedance.com)"
91.141.56.61 - - [23/Sep/2023:18:22:26 +0200] "GET /entry.php?id=10271&&ser=486086 HTTP/1.1" 200 987 "http://hausegger.activities.at/entry.php?id=10271&&ser=486025" "Mozilla/5.0 (Windows NT 10.0; Win64; x64) AppleWebKit/537.36 (KHTML, like Gecko) Chrome/116.0.0.0 Safari/537.36"
91.141.56.61 - - [23/Sep/2023:18:22:27 +0200] "GET /gui/javascript/form_form.js?1695486147 HTTP/1.1" 200 16206 "http://hausegger.activities.at/entry.php?id=10271&&ser=486086" "Mozilla/5.0 (Windows NT 10.0; Win64; x64) AppleWebKit/537.36 (KHTML, like Gecko) Chrome/116.0.0.0 Safari/537.36"
156.59.198.135 - - [23/Sep/2023:18:22:28 +0200] "GET /hausegger.activities.at/stats/lang/tooltips_w/awstats-tt-se.txt HTTP/1.0" 404 318 "http://212.69.160.11:443/hausegger.activities.at/stats/lang/tooltips_w/?C=M%3BO=A" "Mozilla/5.0 (Linux; Android 5.0) AppleWebKit/537.36 (KHTML, like Gecko) Mobile Safari/537.36 (compatible; Bytespider; spider-feedback@bytedance.com)"
156.59.198.135 - - [23/Sep/2023:18:22:53 +0200] "GET /hausegger.activities.at/stats/lang/tooltips_w/awstats-tt-gl.txt HTTP/1.0" 404 318 "http://212.69.160.11:443/hausegger.activities.at/stats/lang/tooltips_w/?C=M%3BO=A" "Mozilla/5.0 (Linux; Android 5.0) AppleWebKit/537.36 (KHTML, like Gecko) Mobile Safari/537.36 (compatible; Bytespider; spider-feedback@bytedance.com)"
156.59.198.136 - - [23/Sep/2023:18:23:18 +0200] "GET /hausegger.activities.at/stats/lang/tooltips_w/awstats-tt-ru.txt HTTP/1.0" 404 318 "http://212.69.160.11:443/hausegger.activities.at/stats/lang/tooltips_w/?C=M%3BO=A" "Mozilla/5.0 (Linux; Android 5.0) AppleWebKit/537.36 (KHTML, like Gecko) Mobile Safari/537.36 (compatible; Bytespider; spider-feedback@bytedance.com)"
91.141.56.61 - - [23/Sep/2023:18:23:27 +0200] "GET /entry.php?id=10271&&ser=486147 HTTP/1.1" 200 987 "http://hausegger.activities.at/entry.php?id=10271&&ser=486086" "Mozilla/5.0 (Windows NT 10.0; Win64; x64) AppleWebKit/537.36 (KHTML, like Gecko) Chrome/116.0.0.0 Safari/537.36"
91.141.56.61 - - [23/Sep/2023:18:23:28 +0200] "GET /gui/javascript/form_form.js?1695486208 HTTP/1.1" 200 16206 "http://hausegger.activities.at/entry.php?id=10271&&ser=486147" "Mozilla/5.0 (Windows NT 10.0; Win64; x64) AppleWebKit/537.36 (KHTML, like Gecko) Chrome/116.0.0.0 Safari/537.36"
156.59.198.136 - - [23/Sep/2023:18:23:42 +0200] "GET /hausegger.activities.at/stats/lang/tooltips_w/awstats-tt-br.txt HTTP/1.0" 404 318 "http://212.69.160.11:443/hausegger.activities.at/stats/lang/tooltips_w/?C=M%3BO=A" "Mozilla/5.0 (Linux; Android 5.0) AppleWebKit/537.36 (KHTML, like Gecko) Mobile Safari/537.36 (compatible; Bytespider; spider-feedback@bytedance.com)"
156.59.198.135 - - [23/Sep/2023:18:24:07 +0200] "GET /hausegger.activities.at/stats/lang/tooltips_w/awstats-tt-ba.txt HTTP/1.0" 404 318 "http://212.69.160.11:443/hausegger.activities.at/stats/lang/tooltips_w/?C=M%3BO=A" "Mozilla/5.0 (Linux; Android 5.0) AppleWebKit/537.36 (KHTML, like Gecko) Mobile Safari/537.36 (compatible; Bytespider; spider-feedback@bytedance.com)"
91.141.56.61 - - [23/Sep/2023:18:24:29 +0200] "GET /entry.php?id=10271&&ser=486208 HTTP/1.1" 200 987 "http://hausegger.activities.at/entry.php?id=10271&&ser=486147" "Mozilla/5.0 (Windows NT 10.0; Win64; x64) AppleWebKit/537.36 (KHTML, like Gecko) Chrome/116.0.0.0 Safari/537.36"
91.141.56.61 - - [23/Sep/2023:18:24:29 +0200] "GET /gui/javascript/form_form.js?1695486269 HTTP/1.1" 200 16206 "http://hausegger.activities.at/entry.php?id=10271&&ser=486208" "Mozilla/5.0 (Windows NT 10.0; Win64; x64) AppleWebKit/537.36 (KHTML, like Gecko) Chrome/116.0.0.0 Safari/537.36"
156.59.198.135 - - [23/Sep/2023:18:24:32 +0200] "GET /hausegger.activities.at/stats/lang/tooltips_w/awstats-tt-pl.txt HTTP/1.0" 404 318 "http://212.69.160.11:443/hausegger.activities.at/stats/lang/tooltips_w/?C=M%3BO=A" "Mozilla/5.0 (Linux; Android 5.0) AppleWebKit/537.36 (KHTML, like Gecko) Mobile Safari/537.36 (compatible; Bytespider; spider-feedback@bytedance.com)"
156.59.198.135 - - [23/Sep/2023:18:24:57 +0200] "GET /hausegger.activities.at/stats/lang/tooltips_w/awstats-tt-fr.txt HTTP/1.0" 404 318 "http://212.69.160.11:443/hausegger.activities.at/stats/lang/tooltips_w/?C=M%3BO=A" "Mozilla/5.0 (Linux; Android 5.0) AppleWebKit/537.36 (KHTML, like Gecko) Mobile Safari/537.36 (compatible; Bytespider; spider-feedback@bytedance.com)"
156.59.198.135 - - [23/Sep/2023:18:25:21 +0200] "GET /hausegger.activities.at/stats/lang/tooltips_w/awstats-tt-tw.txt HTTP/1.0" 404 318 "http://212.69.160.11:443/hausegger.activities.at/stats/lang/tooltips_w/?C=M%3BO=A" "Mozilla/5.0 (Linux; Android 5.0) AppleWebKit/537.36 (KHTML, like Gecko) Mobile Safari/537.36 (compatible; Bytespider; spider-feedback@bytedance.com)"
91.141.56.61 - - [23/Sep/2023:18:25:30 +0200] "GET /entry.php?id=10271&&ser=486269 HTTP/1.1" 200 988 "http://hausegger.activities.at/entry.php?id=10271&&ser=486208" "Mozilla/5.0 (Windows NT 10.0; Win64; x64) AppleWebKit/537.36 (KHTML, like Gecko) Chrome/116.0.0.0 Safari/537.36"
91.141.56.61 - - [23/Sep/2023:18:25:30 +0200] "GET /gui/javascript/form_form.js?1695486330 HTTP/1.1" 200 16206 "http://hausegger.activities.at/entry.php?id=10271&&ser=486269" "Mozilla/5.0 (Windows NT 10.0; Win64; x64) AppleWebKit/537.36 (KHTML, like Gecko) Chrome/116.0.0.0 Safari/537.36"
156.59.198.136 - - [23/Sep/2023:18:25:46 +0200] "GET /hausegger.activities.at/stats/lang/tooltips_w/awstats-tt-bg.txt HTTP/1.0" 404 318 "http://212.69.160.11:443/hausegger.activities.at/stats/lang/tooltips_w/?C=M%3BO=A" "Mozilla/5.0 (Linux; Android 5.0) AppleWebKit/537.36 (KHTML, like Gecko) Mobile Safari/537.36 (compatible; Bytespider; spider-feedback@bytedance.com)"
91.141.56.61 - - [23/Sep/2023:18:26:31 +0200] "GET /entry.php?id=10271&&ser=486330 HTTP/1.1" 200 987 "http://hausegger.activities.at/entry.php?id=10271&&ser=486269" "Mozilla/5.0 (Windows NT 10.0; Win64; x64) AppleWebKit/537.36 (KHTML, like Gecko) Chrome/116.0.0.0 Safari/537.36"
91.141.56.61 - - [23/Sep/2023:18:26:31 +0200] "GET /gui/javascript/form_form.js?1695486391 HTTP/1.1" 200 16206 "http://hausegger.activities.at/entry.php?id=10271&&ser=486330" "Mozilla/5.0 (Windows NT 10.0; Win64; x64) AppleWebKit/537.36 (KHTML, like Gecko) Chrome/116.0.0.0 Safari/537.36"
91.141.56.61 - - [23/Sep/2023:18:27:32 +0200] "GET /entry.php?id=10271&&ser=486391 HTTP/1.1" 200 987 "http://hausegger.activities.at/entry.php?id=10271&&ser=486330" "Mozilla/5.0 (Windows NT 10.0; Win64; x64) AppleWebKit/537.36 (KHTML, like Gecko) Chrome/116.0.0.0 Safari/537.36"
91.141.56.61 - - [23/Sep/2023:18:27:32 +0200] "GET /gui/javascript/form_form.js?1695486452 HTTP/1.1" 200 16206 "http://hausegger.activities.at/entry.php?id=10271&&ser=486391" "Mozilla/5.0 (Windows NT 10.0; Win64; x64) AppleWebKit/537.36 (KHTML, like Gecko) Chrome/116.0.0.0 Safari/537.36"
156.59.198.136 - - [23/Sep/2023:18:27:48 +0200] "GET /hausegger.activities.at/stats/lang/tooltips_w/awstats-tt-is.txt HTTP/1.0" 404 318 "http://212.69.160.11:443/hausegger.activities.at/stats/lang/tooltips_w/?C=M%3BO=A" "Mozilla/5.0 (Linux; Android 5.0) AppleWebKit/537.36 (KHTML, like Gecko) Mobile Safari/537.36 (compatible; Bytespider; spider-feedback@bytedance.com)"
156.59.198.135 - - [23/Sep/2023:18:28:14 +0200] "GET /hausegger.activities.at/stats/lang/tooltips_w/awstats-tt-fi.txt HTTP/1.0" 404 318 "http://212.69.160.11:443/hausegger.activities.at/stats/lang/tooltips_w/?C=M%3BO=A" "Mozilla/5.0 (Linux; Android 5.0) AppleWebKit/537.36 (KHTML, like Gecko) Mobile Safari/537.36 (compatible; Bytespider; spider-feedback@bytedance.com)"
91.141.56.61 - - [23/Sep/2023:18:28:33 +0200] "GET /entry.php?id=10271&&ser=486452 HTTP/1.1" 200 987 "http://hausegger.activities.at/entry.php?id=10271&&ser=486391" "Mozilla/5.0 (Windows NT 10.0; Win64; x64) AppleWebKit/537.36 (KHTML, like Gecko) Chrome/116.0.0.0 Safari/537.36"
91.141.56.61 - - [23/Sep/2023:18:28:33 +0200] "GET /gui/javascript/form_form.js?1695486513 HTTP/1.1" 200 16206 "http://hausegger.activities.at/entry.php?id=10271&&ser=486452" "Mozilla/5.0 (Windows NT 10.0; Win64; x64) AppleWebKit/537.36 (KHTML, like Gecko) Chrome/116.0.0.0 Safari/537.36"
156.59.198.135 - - [23/Sep/2023:18:28:38 +0200] "GET /hausegger.activities.at/stats/lang/tooltips_w/awstats-tt-dk.txt HTTP/1.0" 404 319 "http://212.69.160.11:443/hausegger.activities.at/stats/lang/tooltips_w/?C=M%3BO=A" "Mozilla/5.0 (Linux; Android 5.0) AppleWebKit/537.36 (KHTML, like Gecko) Mobile Safari/537.36 (compatible; Bytespider; spider-feedback@bytedance.com)"
156.59.198.136 - - [23/Sep/2023:18:29:02 +0200] "GET /hausegger.activities.at/stats/lang/tooltips_w/awstats-tt-it.txt HTTP/1.0" 404 318 "http://212.69.160.11:443/hausegger.activities.at/stats/lang/tooltips_w/?C=M%3BO=A" "Mozilla/5.0 (Linux; Android 5.0) AppleWebKit/537.36 (KHTML, like Gecko) Mobile Safari/537.36 (compatible; Bytespider; spider-feedback@bytedance.com)"
156.59.198.136 - - [23/Sep/2023:18:29:26 +0200] "GET /hausegger.activities.at/stats/lang/tooltips_w/awstats-tt-en.txt HTTP/1.0" 404 318 "http://212.69.160.11:443/hausegger.activities.at/stats/lang/tooltips_w/?C=M%3BO=A" "Mozilla/5.0 (Linux; Android 5.0) AppleWebKit/537.36 (KHTML, like Gecko) Mobile Safari/537.36 (compatible; Bytespider; spider-feedback@bytedance.com)"
91.141.56.61 - - [23/Sep/2023:18:29:34 +0200] "GET /entry.php?id=10271&&ser=486513 HTTP/1.1" 200 987 "http://hausegger.activities.at/entry.php?id=10271&&ser=486452" "Mozilla/5.0 (Windows NT 10.0; Win64; x64) AppleWebKit/537.36 (KHTML, like Gecko) Chrome/116.0.0.0 Safari/537.36"
91.141.56.61 - - [23/Sep/2023:18:29:34 +0200] "GET /gui/javascript/form_form.js?1695486574 HTTP/1.1" 200 16206 "http://hausegger.activities.at/entry.php?id=10271&&ser=486513" "Mozilla/5.0 (Windows NT 10.0; Win64; x64) AppleWebKit/537.36 (KHTML, like Gecko) Chrome/116.0.0.0 Safari/537.36"
156.59.198.135 - - [23/Sep/2023:18:29:50 +0200] "GET /hausegger.activities.at/stats/lang/tooltips_w/awstats-tt-sk.txt HTTP/1.0" 404 318 "http://212.69.160.11:443/hausegger.activities.at/stats/lang/tooltips_w/?C=M%3BO=A" "Mozilla/5.0 (Linux; Android 5.0) AppleWebKit/537.36 (KHTML, like Gecko) Mobile Safari/537.36 (compatible; Bytespider; spider-feedback@bytedance.com)"
156.59.198.135 - - [23/Sep/2023:18:30:15 +0200] "GET /hausegger.activities.at/stats/lang/tooltips_w/awstats-tt-ca.txt HTTP/1.0" 404 318 "http://212.69.160.11:443/hausegger.activities.at/stats/lang/tooltips_w/?C=M%3BO=A" "Mozilla/5.0 (Linux; Android 5.0) AppleWebKit/537.36 (KHTML, like Gecko) Mobile Safari/537.36 (compatible; Bytespider; spider-feedback@bytedance.com)"
91.141.56.61 - - [23/Sep/2023:18:30:35 +0200] "GET /entry.php?id=10271&&ser=486574 HTTP/1.1" 200 987 "http://hausegger.activities.at/entry.php?id=10271&&ser=486513" "Mozilla/5.0 (Windows NT 10.0; Win64; x64) AppleWebKit/537.36 (KHTML, like Gecko) Chrome/116.0.0.0 Safari/537.36"
91.141.56.61 - - [23/Sep/2023:18:30:35 +0200] "GET /gui/javascript/form_form.js?1695486635 HTTP/1.1" 200 16206 "http://hausegger.activities.at/entry.php?id=10271&&ser=486574" "Mozilla/5.0 (Windows NT 10.0; Win64; x64) AppleWebKit/537.36 (KHTML, like Gecko) Chrome/116.0.0.0 Safari/537.36"
156.59.198.135 - - [23/Sep/2023:18:30:39 +0200] "GET /hausegger.activities.at/stats/lang/tooltips_w/awstats-tt-cz.txt HTTP/1.0" 404 319 "http://212.69.160.11:443/hausegger.activities.at/stats/lang/tooltips_w/?C=M%3BO=A" "Mozilla/5.0 (Linux; Android 5.0) AppleWebKit/537.36 (KHTML, like Gecko) Mobile Safari/537.36 (compatible; Bytespider; spider-feedback@bytedance.com)"
156.59.198.135 - - [23/Sep/2023:18:31:04 +0200] "GET /hausegger.activities.at/stats/lang/tooltips_w/awstats-tt-cn.txt HTTP/1.0" 404 318 "http://212.69.160.11:443/hausegger.activities.at/stats/lang/tooltips_w/?C=M%3BO=A" "Mozilla/5.0 (Linux; Android 5.0) AppleWebKit/537.36 (KHTML, like Gecko) Mobile Safari/537.36 (compatible; Bytespider; spider-feedback@bytedance.com)"
156.59.198.135 - - [23/Sep/2023:18:31:29 +0200] "GET /hausegger.activities.at/stats/lang/tooltips_w/awstats-tt-hu.txt HTTP/1.0" 404 318 "http://212.69.160.11:443/hausegger.activities.at/stats/lang/tooltips_w/?C=M%3BO=A" "Mozilla/5.0 (Linux; Android 5.0) AppleWebKit/537.36 (KHTML, like Gecko) Mobile Safari/537.36 (compatible; Bytespider; spider-feedback@bytedance.com)"
91.141.56.61 - - [23/Sep/2023:18:31:36 +0200] "GET /entry.php?id=10271&&ser=486635 HTTP/1.1" 200 988 "http://hausegger.activities.at/entry.php?id=10271&&ser=486574" "Mozilla/5.0 (Windows NT 10.0; Win64; x64) AppleWebKit/537.36 (KHTML, like Gecko) Chrome/116.0.0.0 Safari/537.36"
91.141.56.61 - - [23/Sep/2023:18:31:36 +0200] "GET /gui/javascript/form_form.js?1695486696 HTTP/1.1" 200 16206 "http://hausegger.activities.at/entry.php?id=10271&&ser=486635" "Mozilla/5.0 (Windows NT 10.0; Win64; x64) AppleWebKit/537.36 (KHTML, like Gecko) Chrome/116.0.0.0 Safari/537.36"
156.59.198.135 - - [23/Sep/2023:18:31:54 +0200] "GET /hausegger.activities.at/stats/lang/tooltips_w/awstats-tt-nl.txt HTTP/1.0" 404 318 "http://212.69.160.11:443/hausegger.activities.at/stats/lang/tooltips_w/?C=M%3BO=A" "Mozilla/5.0 (Linux; Android 5.0) AppleWebKit/537.36 (KHTML, like Gecko) Mobile Safari/537.36 (compatible; Bytespider; spider-feedback@bytedance.com)"
91.141.56.61 - - [23/Sep/2023:18:32:37 +0200] "GET /entry.php?id=10271&&ser=486696 HTTP/1.1" 200 987 "http://hausegger.activities.at/entry.php?id=10271&&ser=486635" "Mozilla/5.0 (Windows NT 10.0; Win64; x64) AppleWebKit/537.36 (KHTML, like Gecko) Chrome/116.0.0.0 Safari/537.36"
91.141.56.61 - - [23/Sep/2023:18:32:37 +0200] "GET /gui/javascript/form_form.js?1695486757 HTTP/1.1" 200 16206 "http://hausegger.activities.at/entry.php?id=10271&&ser=486696" "Mozilla/5.0 (Windows NT 10.0; Win64; x64) AppleWebKit/537.36 (KHTML, like Gecko) Chrome/116.0.0.0 Safari/537.36"
91.141.56.61 - - [23/Sep/2023:18:33:38 +0200] "GET /entry.php?id=10271&&ser=486757 HTTP/1.1" 200 987 "http://hausegger.activities.at/entry.php?id=10271&&ser=486696" "Mozilla/5.0 (Windows NT 10.0; Win64; x64) AppleWebKit/537.36 (KHTML, like Gecko) Chrome/116.0.0.0 Safari/537.36"
91.141.56.61 - - [23/Sep/2023:18:33:38 +0200] "GET /gui/javascript/form_form.js?1695486818 HTTP/1.1" 200 16206 "http://hausegger.activities.at/entry.php?id=10271&&ser=486757" "Mozilla/5.0 (Windows NT 10.0; Win64; x64) AppleWebKit/537.36 (KHTML, like Gecko) Chrome/116.0.0.0 Safari/537.36"
