156.59.198.136 - - [24/Sep/2023:19:58:10 +0200] "GET /ed-test.activities.at/stats/lang/awstats-lt.txt HTTP/1.0" 404 306 "http://212.69.160.11:443/ed-test.activities.at/stats/lang/?C=S%3BO=A" "Mozilla/5.0 (Linux; Android 5.0) AppleWebKit/537.36 (KHTML, like Gecko) Mobile Safari/537.36 (compatible; Bytespider; spider-feedback@bytedance.com)"
122.173.29.208 - - [24/Sep/2023:19:58:18 +0200] "GET /Pelago/chat_connect.png HTTP/1.1" 404 301 "http://widget.mibbit.com/" "Mozilla/5.0 (Windows NT 10.0; Win64; x64) AppleWebKit/537.36 (KHTML, like Gecko) Chrome/116.0.0.0 Safari/537.36"
156.59.198.136 - - [24/Sep/2023:19:58:35 +0200] "GET /ed-test.activities.at/stats/lang/awstats-lv.txt HTTP/1.0" 404 306 "http://212.69.160.11:443/ed-test.activities.at/stats/lang/?C=S%3BO=A" "Mozilla/5.0 (Linux; Android 5.0) AppleWebKit/537.36 (KHTML, like Gecko) Mobile Safari/537.36 (compatible; Bytespider; spider-feedback@bytedance.com)"
156.59.198.136 - - [24/Sep/2023:19:58:59 +0200] "GET /ed-test.activities.at/stats/lang/awstats-ba.txt HTTP/1.0" 404 306 "http://212.69.160.11:443/ed-test.activities.at/stats/lang/?C=S%3BO=A" "Mozilla/5.0 (Linux; Android 5.0) AppleWebKit/537.36 (KHTML, like Gecko) Mobile Safari/537.36 (compatible; Bytespider; spider-feedback@bytedance.com)"
156.59.198.136 - - [24/Sep/2023:19:59:23 +0200] "GET /ed-test.activities.at/stats/lang/awstats-id.txt HTTP/1.0" 404 306 "http://212.69.160.11:443/ed-test.activities.at/stats/lang/?C=S%3BO=A" "Mozilla/5.0 (Linux; Android 5.0) AppleWebKit/537.36 (KHTML, like Gecko) Mobile Safari/537.36 (compatible; Bytespider; spider-feedback@bytedance.com)"
156.59.198.136 - - [24/Sep/2023:19:59:49 +0200] "GET /ed-test.activities.at/stats/lang/awstats-bg.txt HTTP/1.0" 404 306 "http://212.69.160.11:443/ed-test.activities.at/stats/lang/?C=S%3BO=A" "Mozilla/5.0 (Linux; Android 5.0) AppleWebKit/537.36 (KHTML, like Gecko) Mobile Safari/537.36 (compatible; Bytespider; spider-feedback@bytedance.com)"
156.59.198.136 - - [24/Sep/2023:20:00:13 +0200] "GET /ed-test.activities.at/stats/lang/awstats-pl.txt HTTP/1.0" 404 306 "http://212.69.160.11:443/ed-test.activities.at/stats/lang/?C=S%3BO=A" "Mozilla/5.0 (Linux; Android 5.0) AppleWebKit/537.36 (KHTML, like Gecko) Mobile Safari/537.36 (compatible; Bytespider; spider-feedback@bytedance.com)"
156.59.198.135 - - [24/Sep/2023:20:00:38 +0200] "GET /ed-test.activities.at/stats/lang/awstats-de.txt HTTP/1.0" 404 306 "http://212.69.160.11:443/ed-test.activities.at/stats/lang/?C=S%3BO=A" "Mozilla/5.0 (Linux; Android 5.0) AppleWebKit/537.36 (KHTML, like Gecko) Mobile Safari/537.36 (compatible; Bytespider; spider-feedback@bytedance.com)"
156.59.198.136 - - [24/Sep/2023:20:03:52 +0200] "GET /ed-test.activities.at/stats/lang/tooltips_w/awstats-tt-cz.txt HTTP/1.0" 404 316 "http://212.69.160.11:443/ed-test.activities.at/stats/lang/tooltips_w/" "Mozilla/5.0 (Linux; Android 5.0) AppleWebKit/537.36 (KHTML, like Gecko) Mobile Safari/537.36 (compatible; Bytespider; spider-feedback@bytedance.com)"
156.59.198.136 - - [24/Sep/2023:20:04:17 +0200] "GET /ed-test.activities.at/stats/lang/tooltips_w/awstats-tt-kr.txt HTTP/1.0" 404 316 "http://212.69.160.11:443/ed-test.activities.at/stats/lang/tooltips_w/" "Mozilla/5.0 (Linux; Android 5.0) AppleWebKit/537.36 (KHTML, like Gecko) Mobile Safari/537.36 (compatible; Bytespider; spider-feedback@bytedance.com)"
156.59.198.136 - - [24/Sep/2023:20:04:41 +0200] "GET /ed-test.activities.at/stats/lang/tooltips_w/awstats-tt-hu.txt HTTP/1.0" 404 315 "http://212.69.160.11:443/ed-test.activities.at/stats/lang/tooltips_w/" "Mozilla/5.0 (Linux; Android 5.0) AppleWebKit/537.36 (KHTML, like Gecko) Mobile Safari/537.36 (compatible; Bytespider; spider-feedback@bytedance.com)"
156.59.198.136 - - [24/Sep/2023:20:05:07 +0200] "GET /ed-test.activities.at/stats/lang/tooltips_w/awstats-tt-tr.txt HTTP/1.0" 404 315 "http://212.69.160.11:443/ed-test.activities.at/stats/lang/tooltips_w/" "Mozilla/5.0 (Linux; Android 5.0) AppleWebKit/537.36 (KHTML, like Gecko) Mobile Safari/537.36 (compatible; Bytespider; spider-feedback@bytedance.com)"
156.59.198.135 - - [24/Sep/2023:20:05:31 +0200] "GET /ed-test.activities.at/stats/lang/tooltips_w/awstats-tt-cn.txt HTTP/1.0" 404 315 "http://212.69.160.11:443/ed-test.activities.at/stats/lang/tooltips_w/" "Mozilla/5.0 (Linux; Android 5.0) AppleWebKit/537.36 (KHTML, like Gecko) Mobile Safari/537.36 (compatible; Bytespider; spider-feedback@bytedance.com)"
156.59.198.135 - - [24/Sep/2023:20:05:56 +0200] "GET /ed-test.activities.at/stats/lang/tooltips_w/awstats-tt-tw.txt HTTP/1.0" 404 315 "http://212.69.160.11:443/ed-test.activities.at/stats/lang/tooltips_w/" "Mozilla/5.0 (Linux; Android 5.0) AppleWebKit/537.36 (KHTML, like Gecko) Mobile Safari/537.36 (compatible; Bytespider; spider-feedback@bytedance.com)"
156.59.198.135 - - [24/Sep/2023:20:06:22 +0200] "GET /ed-test.activities.at/stats/lang/tooltips_w/awstats-tt-br.txt HTTP/1.0" 404 315 "http://212.69.160.11:443/ed-test.activities.at/stats/lang/tooltips_w/" "Mozilla/5.0 (Linux; Android 5.0) AppleWebKit/537.36 (KHTML, like Gecko) Mobile Safari/537.36 (compatible; Bytespider; spider-feedback@bytedance.com)"
156.59.198.135 - - [24/Sep/2023:20:06:44 +0200] "GET /ed-test.activities.at/stats/lang/tooltips_w/awstats-tt-is.txt HTTP/1.0" 404 315 "http://212.69.160.11:443/ed-test.activities.at/stats/lang/tooltips_w/" "Mozilla/5.0 (Linux; Android 5.0) AppleWebKit/537.36 (KHTML, like Gecko) Mobile Safari/537.36 (compatible; Bytespider; spider-feedback@bytedance.com)"
156.59.198.136 - - [24/Sep/2023:20:07:08 +0200] "GET /ed-test.activities.at/stats/lang/tooltips_w/awstats-tt-en.txt HTTP/1.0" 404 315 "http://212.69.160.11:443/ed-test.activities.at/stats/lang/tooltips_w/" "Mozilla/5.0 (Linux; Android 5.0) AppleWebKit/537.36 (KHTML, like Gecko) Mobile Safari/537.36 (compatible; Bytespider; spider-feedback@bytedance.com)"
156.59.198.135 - - [24/Sep/2023:20:07:33 +0200] "GET /ed-test.activities.at/stats/lang/tooltips_w/awstats-tt-nn.txt HTTP/1.0" 404 315 "http://212.69.160.11:443/ed-test.activities.at/stats/lang/tooltips_w/" "Mozilla/5.0 (Linux; Android 5.0) AppleWebKit/537.36 (KHTML, like Gecko) Mobile Safari/537.36 (compatible; Bytespider; spider-feedback@bytedance.com)"
156.59.198.135 - - [24/Sep/2023:20:07:58 +0200] "GET /ed-test.activities.at/stats/lang/tooltips_w/awstats-tt-ru.txt HTTP/1.0" 404 315 "http://212.69.160.11:443/ed-test.activities.at/stats/lang/tooltips_w/" "Mozilla/5.0 (Linux; Android 5.0) AppleWebKit/537.36 (KHTML, like Gecko) Mobile Safari/537.36 (compatible; Bytespider; spider-feedback@bytedance.com)"
156.59.198.136 - - [24/Sep/2023:20:08:23 +0200] "GET /ed-test.activities.at/stats/lang/tooltips_w/awstats-tt-fi.txt HTTP/1.0" 404 315 "http://212.69.160.11:443/ed-test.activities.at/stats/lang/tooltips_w/" "Mozilla/5.0 (Linux; Android 5.0) AppleWebKit/537.36 (KHTML, like Gecko) Mobile Safari/537.36 (compatible; Bytespider; spider-feedback@bytedance.com)"
156.59.198.136 - - [24/Sep/2023:20:08:49 +0200] "GET /ed-test.activities.at/stats/lang/tooltips_w/awstats-tt-fr.txt HTTP/1.0" 404 316 "http://212.69.160.11:443/ed-test.activities.at/stats/lang/tooltips_w/" "Mozilla/5.0 (Linux; Android 5.0) AppleWebKit/537.36 (KHTML, like Gecko) Mobile Safari/537.36 (compatible; Bytespider; spider-feedback@bytedance.com)"
156.59.198.135 - - [24/Sep/2023:20:09:13 +0200] "GET /ed-test.activities.at/stats/lang/tooltips_w/awstats-tt-pl.txt HTTP/1.0" 404 315 "http://212.69.160.11:443/ed-test.activities.at/stats/lang/tooltips_w/" "Mozilla/5.0 (Linux; Android 5.0) AppleWebKit/537.36 (KHTML, like Gecko) Mobile Safari/537.36 (compatible; Bytespider; spider-feedback@bytedance.com)"
156.59.198.136 - - [24/Sep/2023:20:09:37 +0200] "GET /ed-test.activities.at/stats/lang/tooltips_w/awstats-tt-nb.txt HTTP/1.0" 404 315 "http://212.69.160.11:443/ed-test.activities.at/stats/lang/tooltips_w/" "Mozilla/5.0 (Linux; Android 5.0) AppleWebKit/537.36 (KHTML, like Gecko) Mobile Safari/537.36 (compatible; Bytespider; spider-feedback@bytedance.com)"
156.59.198.136 - - [24/Sep/2023:20:10:02 +0200] "GET /ed-test.activities.at/stats/lang/tooltips_w/awstats-tt-ua.txt HTTP/1.0" 404 315 "http://212.69.160.11:443/ed-test.activities.at/stats/lang/tooltips_w/" "Mozilla/5.0 (Linux; Android 5.0) AppleWebKit/537.36 (KHTML, like Gecko) Mobile Safari/537.36 (compatible; Bytespider; spider-feedback@bytedance.com)"
156.59.198.136 - - [24/Sep/2023:20:10:26 +0200] "GET /ed-test.activities.at/stats/lang/tooltips_w/awstats-tt-jp.txt HTTP/1.0" 404 316 "http://212.69.160.11:443/ed-test.activities.at/stats/lang/tooltips_w/" "Mozilla/5.0 (Linux; Android 5.0) AppleWebKit/537.36 (KHTML, like Gecko) Mobile Safari/537.36 (compatible; Bytespider; spider-feedback@bytedance.com)"
156.59.198.136 - - [24/Sep/2023:20:10:51 +0200] "GET /ed-test.activities.at/stats/lang/tooltips_w/awstats-tt-se.txt HTTP/1.0" 404 315 "http://212.69.160.11:443/ed-test.activities.at/stats/lang/tooltips_w/" "Mozilla/5.0 (Linux; Android 5.0) AppleWebKit/537.36 (KHTML, like Gecko) Mobile Safari/537.36 (compatible; Bytespider; spider-feedback@bytedance.com)"
156.59.198.136 - - [24/Sep/2023:20:11:16 +0200] "GET /ed-test.activities.at/stats/lang/tooltips_w/awstats-tt-nl.txt HTTP/1.0" 404 315 "http://212.69.160.11:443/ed-test.activities.at/stats/lang/tooltips_w/" "Mozilla/5.0 (Linux; Android 5.0) AppleWebKit/537.36 (KHTML, like Gecko) Mobile Safari/537.36 (compatible; Bytespider; spider-feedback@bytedance.com)"
156.59.198.136 - - [24/Sep/2023:20:12:04 +0200] "GET /ed-test.activities.at/stats/lang/tooltips_w/awstats-tt-sr.txt HTTP/1.0" 404 315 "http://212.69.160.11:443/ed-test.activities.at/stats/lang/tooltips_w/" "Mozilla/5.0 (Linux; Android 5.0) AppleWebKit/537.36 (KHTML, like Gecko) Mobile Safari/537.36 (compatible; Bytespider; spider-feedback@bytedance.com)"
156.59.198.135 - - [24/Sep/2023:20:12:28 +0200] "GET /ed-test.activities.at/stats/lang/tooltips_w/awstats-tt-al.txt HTTP/1.0" 404 315 "http://212.69.160.11:443/ed-test.activities.at/stats/lang/tooltips_w/" "Mozilla/5.0 (Linux; Android 5.0) AppleWebKit/537.36 (KHTML, like Gecko) Mobile Safari/537.36 (compatible; Bytespider; spider-feedback@bytedance.com)"
156.59.198.136 - - [24/Sep/2023:20:12:53 +0200] "GET /ed-test.activities.at/stats/lang/tooltips_w/awstats-tt-ro.txt HTTP/1.0" 404 315 "http://212.69.160.11:443/ed-test.activities.at/stats/lang/tooltips_w/" "Mozilla/5.0 (Linux; Android 5.0) AppleWebKit/537.36 (KHTML, like Gecko) Mobile Safari/537.36 (compatible; Bytespider; spider-feedback@bytedance.com)"
156.59.198.135 - - [24/Sep/2023:20:13:17 +0200] "GET /ed-test.activities.at/stats/lang/tooltips_w/awstats-tt-it.txt HTTP/1.0" 404 315 "http://212.69.160.11:443/ed-test.activities.at/stats/lang/tooltips_w/" "Mozilla/5.0 (Linux; Android 5.0) AppleWebKit/537.36 (KHTML, like Gecko) Mobile Safari/537.36 (compatible; Bytespider; spider-feedback@bytedance.com)"
156.59.198.135 - - [24/Sep/2023:20:13:42 +0200] "GET /ed-test.activities.at/stats/lang/tooltips_w/awstats-tt-ba.txt HTTP/1.0" 404 315 "http://212.69.160.11:443/ed-test.activities.at/stats/lang/tooltips_w/" "Mozilla/5.0 (Linux; Android 5.0) AppleWebKit/537.36 (KHTML, like Gecko) Mobile Safari/537.36 (compatible; Bytespider; spider-feedback@bytedance.com)"
156.59.198.136 - - [24/Sep/2023:20:14:06 +0200] "GET /ed-test.activities.at/stats/lang/tooltips_w/awstats-tt-dk.txt HTTP/1.0" 404 316 "http://212.69.160.11:443/ed-test.activities.at/stats/lang/tooltips_w/" "Mozilla/5.0 (Linux; Android 5.0) AppleWebKit/537.36 (KHTML, like Gecko) Mobile Safari/537.36 (compatible; Bytespider; spider-feedback@bytedance.com)"
156.59.198.135 - - [24/Sep/2023:20:14:30 +0200] "GET /ed-test.activities.at/stats/lang/tooltips_w/awstats-tt-bg.txt HTTP/1.0" 404 316 "http://212.69.160.11:443/ed-test.activities.at/stats/lang/tooltips_w/" "Mozilla/5.0 (Linux; Android 5.0) AppleWebKit/537.36 (KHTML, like Gecko) Mobile Safari/537.36 (compatible; Bytespider; spider-feedback@bytedance.com)"
156.59.198.136 - - [24/Sep/2023:20:14:55 +0200] "GET /ed-test.activities.at/stats/lang/tooltips_w/awstats-tt-gl.txt HTTP/1.0" 404 316 "http://212.69.160.11:443/ed-test.activities.at/stats/lang/tooltips_w/" "Mozilla/5.0 (Linux; Android 5.0) AppleWebKit/537.36 (KHTML, like Gecko) Mobile Safari/537.36 (compatible; Bytespider; spider-feedback@bytedance.com)"
156.59.198.135 - - [24/Sep/2023:20:15:20 +0200] "GET /ed-test.activities.at/stats/lang/tooltips_w/awstats-tt-sk.txt HTTP/1.0" 404 316 "http://212.69.160.11:443/ed-test.activities.at/stats/lang/tooltips_w/" "Mozilla/5.0 (Linux; Android 5.0) AppleWebKit/537.36 (KHTML, like Gecko) Mobile Safari/537.36 (compatible; Bytespider; spider-feedback@bytedance.com)"
111.20.101.53 - - [24/Sep/2023:20:15:24 +0200] "GET / HTTP/1.1" 400 383 "-" "-"
156.59.198.135 - - [24/Sep/2023:20:15:45 +0200] "GET /ed-test.activities.at/stats/lang/tooltips_w/awstats-tt-ca.txt HTTP/1.0" 404 315 "http://212.69.160.11:443/ed-test.activities.at/stats/lang/tooltips_w/" "Mozilla/5.0 (Linux; Android 5.0) AppleWebKit/537.36 (KHTML, like Gecko) Mobile Safari/537.36 (compatible; Bytespider; spider-feedback@bytedance.com)"
156.59.198.135 - - [24/Sep/2023:20:16:09 +0200] "GET /ed-test.activities.at/stats/lang/tooltips_w/awstats-tt-de.txt HTTP/1.0" 404 315 "http://212.69.160.11:443/ed-test.activities.at/stats/lang/tooltips_w/" "Mozilla/5.0 (Linux; Android 5.0) AppleWebKit/537.36 (KHTML, like Gecko) Mobile Safari/537.36 (compatible; Bytespider; spider-feedback@bytedance.com)"
156.59.198.136 - - [24/Sep/2023:20:16:33 +0200] "GET /ed-test.activities.at/stats/lang/tooltips_w/awstats-tt-es.txt HTTP/1.0" 404 315 "http://212.69.160.11:443/ed-test.activities.at/stats/lang/tooltips_w/" "Mozilla/5.0 (Linux; Android 5.0) AppleWebKit/537.36 (KHTML, like Gecko) Mobile Safari/537.36 (compatible; Bytespider; spider-feedback@bytedance.com)"
185.36.81.33 - - [24/Sep/2023:20:24:59 +0200] "GET / HTTP/1.1" 200 274 "-" "Mozilla/5.0 (Windows NT 10.0; Win64; x64) AppleWebKit/537.36 (KHTML, like Gecko) Chrome/90.0.4430.85 Safari/537.36 Edg/90.0.818.46"
80.94.92.42 - - [24/Sep/2023:20:29:40 +0200] "GET /.env HTTP/1.1" 404 280 "-" "Mozilla/5.0 (X11; Linux x86_64) AppleWebKit/537.36 (KHTML, like Gecko) Chrome/81.0.4044.129 Safari/537.36"
80.94.92.42 - - [24/Sep/2023:20:29:40 +0200] "POST / HTTP/1.1" 200 274 "-" "Mozilla/5.0 (X11; Linux x86_64) AppleWebKit/537.36 (KHTML, like Gecko) Chrome/81.0.4044.129 Safari/537.36"
156.59.198.135 - - [24/Sep/2023:20:41:55 +0200] "GET /renault.activities.at/htdocs/dompdf-master/www/test/images/bmp/test8.bmp HTTP/1.0" 404 323 "http://212.69.160.11:443/renault.activities.at/htdocs/dompdf-master/www/test/image_bmp.html" "Mozilla/5.0 (Linux; Android 5.0) AppleWebKit/537.36 (KHTML, like Gecko) Mobile Safari/537.36 (compatible; Bytespider; spider-feedback@bytedance.com)"
156.59.198.136 - - [24/Sep/2023:20:43:57 +0200] "GET /renault.activities.at/htdocs/dompdf-master/www/test/images/bmp/test16.bmp HTTP/1.0" 404 324 "http://212.69.160.11:443/renault.activities.at/htdocs/dompdf-master/www/test/image_bmp.html" "Mozilla/5.0 (Linux; Android 5.0) AppleWebKit/537.36 (KHTML, like Gecko) Mobile Safari/537.36 (compatible; Bytespider; spider-feedback@bytedance.com)"
66.249.64.128 - - [24/Sep/2023:20:54:51 +0200] "GET /robots.txt HTTP/1.1" 404 291 "-" "Mozilla/5.0 (compatible; Googlebot/2.1; +http://www.google.com/bot.html)"
66.249.64.128 - - [24/Sep/2023:20:54:51 +0200] "GET / HTTP/1.1" 200 274 "-" "Mozilla/5.0 (Linux; Android 6.0.1; Nexus 5X Build/MMB29P) AppleWebKit/537.36 (KHTML, like Gecko) Chrome/117.0.5938.62 Mobile Safari/537.36 (compatible; Googlebot/2.1; +http://www.google.com/bot.html)"
83.97.73.87 - - [24/Sep/2023:20:56:48 +0200] "GET /?XDEBUG_SESSION_START=phpstorm HTTP/1.1" 200 274 "-" "Mozilla/5.0 (Windows NT 10.0; Win64; x64) AppleWebKit/537.36 (KHTML, like Gecko) Chrome/78.0.3904.108 Safari/537.36"
156.59.198.135 - - [24/Sep/2023:21:26:16 +0200] "GET /renault.activities.at/htdocs/dompdf-master/www/test/images/bmp/test1.png HTTP/1.0" 404 324 "http://212.69.160.11:443/renault.activities.at/htdocs/dompdf-master/www/test/image_bmp.html" "Mozilla/5.0 (Linux; Android 5.0) AppleWebKit/537.36 (KHTML, like Gecko) Mobile Safari/537.36 (compatible; Bytespider; spider-feedback@bytedance.com)"
156.59.198.136 - - [24/Sep/2023:21:37:59 +0200] "GET /renault.activities.at/htdocs/dompdf-master/www/test/images/png/pal.png HTTP/1.0" 404 323 "http://212.69.160.11:443/renault.activities.at/htdocs/dompdf-master/www/test/image_transparent_png.html" "Mozilla/5.0 (Linux; Android 5.0) AppleWebKit/537.36 (KHTML, like Gecko) Mobile Safari/537.36 (compatible; Bytespider; spider-feedback@bytedance.com)"
66.249.64.129 - - [24/Sep/2023:21:39:45 +0200] "GET / HTTP/1.1" 200 274 "-" "Mozilla/5.0 (compatible; Googlebot/2.1; +http://www.google.com/bot.html)"
156.59.198.135 - - [24/Sep/2023:22:04:09 +0200] "GET /renault.activities.at/htdocs/dompdf-master/www/test/images/bmp/testcompress4.png HTTP/1.0" 404 328 "http://212.69.160.11:443/renault.activities.at/htdocs/dompdf-master/www/test/image_bmp.html" "Mozilla/5.0 (Linux; Android 5.0) AppleWebKit/537.36 (KHTML, like Gecko) Mobile Safari/537.36 (compatible; Bytespider; spider-feedback@bytedance.com)"
205.210.31.50 - - [24/Sep/2023:22:10:38 +0200] "GET / HTTP/1.0" 200 423 "-" "Expanse, a Palo Alto Networks company, searches across the global IPv4 space multiple times per day to identify customers' presences on the Internet. If you would like to be excluded from our scans, please send IP addresses/domains to: scaninfo@paloaltonetworks.com"
35.244.109.38 - - [24/Sep/2023:22:19:08 +0200] "\x16\x03\x01" 400 383 "-" "-"
35.244.109.38 - - [24/Sep/2023:22:19:11 +0200] "OPTIONS / HTTP/1.0" 200 423 "-" "-"
83.97.73.87 - - [24/Sep/2023:22:31:11 +0200] "GET /actuator/gateway/routes HTTP/1.1" 404 293 "-" "Mozilla/5.0 (Windows NT 10.0; Win64; x64) AppleWebKit/537.36 (KHTML, like Gecko) Chrome/78.0.3904.108 Safari/537.36"
156.59.198.136 - - [24/Sep/2023:23:18:13 +0200] "GET /ed.activities.at/stats/lang/tooltips_f/awstats-tt-cz.txt HTTP/1.0" 404 314 "http://212.69.160.11:443/ed.activities.at/stats/lang/tooltips_f/awstats-tt-cz.txt" "Mozilla/5.0 (Linux; Android 5.0) AppleWebKit/537.36 (KHTML, like Gecko) Mobile Safari/537.36 (compatible; Bytespider; spider-feedback@bytedance.com)"
156.59.198.136 - - [24/Sep/2023:23:21:51 +0200] "GET /ed-test.activities.at/stats/lang/tooltips_m/awstats-tt-fr.txt HTTP/1.0" 404 316 "http://212.69.160.11:443/ed-test.activities.at/stats/lang/tooltips_m/awstats-tt-fr.txt" "Mozilla/5.0 (Linux; Android 5.0) AppleWebKit/537.36 (KHTML, like Gecko) Mobile Safari/537.36 (compatible; Bytespider; spider-feedback@bytedance.com)"
156.59.198.136 - - [24/Sep/2023:23:22:15 +0200] "GET /default/cgi-bin/lang/tooltips_w/awstats-tt-sr.txt HTTP/1.0" 404 311 "http://212.69.160.11:443/default/cgi-bin/lang/tooltips_w/awstats-tt-sr.txt" "Mozilla/5.0 (Linux; Android 5.0) AppleWebKit/537.36 (KHTML, like Gecko) Mobile Safari/537.36 (compatible; Bytespider; spider-feedback@bytedance.com)"
156.59.198.135 - - [24/Sep/2023:23:33:56 +0200] "GET /default/cgi-bin/lang/tooltips_w/awstats-tt-is.txt HTTP/1.0" 404 311 "http://212.69.160.11:443/default/cgi-bin/lang/tooltips_w/?C=S%3BO=A" "Mozilla/5.0 (Linux; Android 5.0) AppleWebKit/537.36 (KHTML, like Gecko) Mobile Safari/537.36 (compatible; Bytespider; spider-feedback@bytedance.com)"
156.59.198.135 - - [24/Sep/2023:23:34:20 +0200] "GET /ed.activities.at/stats/lang/tooltips_f/awstats-tt-br.txt HTTP/1.0" 404 313 "http://212.69.160.11:443/ed.activities.at/stats/lang/tooltips_f/?C=S%3BO=A" "Mozilla/5.0 (Linux; Android 5.0) AppleWebKit/537.36 (KHTML, like Gecko) Mobile Safari/537.36 (compatible; Bytespider; spider-feedback@bytedance.com)"
156.59.198.136 - - [24/Sep/2023:23:34:45 +0200] "GET /default/cgi-bin/lang/tooltips_w/awstats-tt-de.txt HTTP/1.0" 404 311 "http://212.69.160.11:443/default/cgi-bin/lang/tooltips_w/?C=S%3BO=A" "Mozilla/5.0 (Linux; Android 5.0) AppleWebKit/537.36 (KHTML, like Gecko) Mobile Safari/537.36 (compatible; Bytespider; spider-feedback@bytedance.com)"
156.59.198.135 - - [24/Sep/2023:23:35:33 +0200] "GET /default/cgi-bin/lang/tooltips_w/awstats-tt-en.txt HTTP/1.0" 404 311 "http://212.69.160.11:443/default/cgi-bin/lang/tooltips_w/?C=S%3BO=A" "Mozilla/5.0 (Linux; Android 5.0) AppleWebKit/537.36 (KHTML, like Gecko) Mobile Safari/537.36 (compatible; Bytespider; spider-feedback@bytedance.com)"
156.59.198.135 - - [24/Sep/2023:23:35:58 +0200] "GET /ed.activities.at/stats/lang/tooltips_f/awstats-tt-en.txt HTTP/1.0" 404 313 "http://212.69.160.11:443/ed.activities.at/stats/lang/tooltips_f/?C=S%3BO=A" "Mozilla/5.0 (Linux; Android 5.0) AppleWebKit/537.36 (KHTML, like Gecko) Mobile Safari/537.36 (compatible; Bytespider; spider-feedback@bytedance.com)"
156.59.198.136 - - [24/Sep/2023:23:36:25 +0200] "GET /default/cgi-bin/lang/tooltips_w/awstats-tt-jp.txt HTTP/1.0" 404 312 "http://212.69.160.11:443/default/cgi-bin/lang/tooltips_w/?C=S%3BO=A" "Mozilla/5.0 (Linux; Android 5.0) AppleWebKit/537.36 (KHTML, like Gecko) Mobile Safari/537.36 (compatible; Bytespider; spider-feedback@bytedance.com)"
156.59.198.135 - - [24/Sep/2023:23:36:49 +0200] "GET /default/cgi-bin/lang/tooltips_w/awstats-tt-kr.txt HTTP/1.0" 404 312 "http://212.69.160.11:443/default/cgi-bin/lang/tooltips_w/?C=S%3BO=A" "Mozilla/5.0 (Linux; Android 5.0) AppleWebKit/537.36 (KHTML, like Gecko) Mobile Safari/537.36 (compatible; Bytespider; spider-feedback@bytedance.com)"
156.59.198.135 - - [24/Sep/2023:23:37:38 +0200] "GET /default/cgi-bin/lang/tooltips_w/awstats-tt-ba.txt HTTP/1.0" 404 311 "http://212.69.160.11:443/default/cgi-bin/lang/tooltips_w/?C=S%3BO=A" "Mozilla/5.0 (Linux; Android 5.0) AppleWebKit/537.36 (KHTML, like Gecko) Mobile Safari/537.36 (compatible; Bytespider; spider-feedback@bytedance.com)"
156.59.198.135 - - [24/Sep/2023:23:38:03 +0200] "GET /default/cgi-bin/lang/tooltips_w/awstats-tt-fi.txt HTTP/1.0" 404 311 "http://212.69.160.11:443/default/cgi-bin/lang/tooltips_w/?C=S%3BO=A" "Mozilla/5.0 (Linux; Android 5.0) AppleWebKit/537.36 (KHTML, like Gecko) Mobile Safari/537.36 (compatible; Bytespider; spider-feedback@bytedance.com)"
156.59.198.135 - - [24/Sep/2023:23:38:27 +0200] "GET /default/cgi-bin/lang/tooltips_w/awstats-tt-nn.txt HTTP/1.0" 404 311 "http://212.69.160.11:443/default/cgi-bin/lang/tooltips_w/?C=S%3BO=A" "Mozilla/5.0 (Linux; Android 5.0) AppleWebKit/537.36 (KHTML, like Gecko) Mobile Safari/537.36 (compatible; Bytespider; spider-feedback@bytedance.com)"
156.59.198.136 - - [24/Sep/2023:23:38:52 +0200] "GET /default/cgi-bin/lang/tooltips_w/awstats-tt-nl.txt HTTP/1.0" 404 311 "http://212.69.160.11:443/default/cgi-bin/lang/tooltips_w/?C=S%3BO=A" "Mozilla/5.0 (Linux; Android 5.0) AppleWebKit/537.36 (KHTML, like Gecko) Mobile Safari/537.36 (compatible; Bytespider; spider-feedback@bytedance.com)"
156.59.198.135 - - [24/Sep/2023:23:39:18 +0200] "GET /default/cgi-bin/lang/tooltips_w/awstats-tt-tw.txt HTTP/1.0" 404 311 "http://212.69.160.11:443/default/cgi-bin/lang/tooltips_w/?C=S%3BO=A" "Mozilla/5.0 (Linux; Android 5.0) AppleWebKit/537.36 (KHTML, like Gecko) Mobile Safari/537.36 (compatible; Bytespider; spider-feedback@bytedance.com)"
156.59.198.135 - - [24/Sep/2023:23:40:06 +0200] "GET /default/cgi-bin/lang/tooltips_w/awstats-tt-gl.txt HTTP/1.0" 404 311 "http://212.69.160.11:443/default/cgi-bin/lang/tooltips_w/?C=S%3BO=A" "Mozilla/5.0 (Linux; Android 5.0) AppleWebKit/537.36 (KHTML, like Gecko) Mobile Safari/537.36 (compatible; Bytespider; spider-feedback@bytedance.com)"
156.59.198.135 - - [24/Sep/2023:23:40:33 +0200] "GET /default/cgi-bin/lang/tooltips_w/awstats-tt-fr.txt HTTP/1.0" 404 311 "http://212.69.160.11:443/default/cgi-bin/lang/tooltips_w/?C=S%3BO=A" "Mozilla/5.0 (Linux; Android 5.0) AppleWebKit/537.36 (KHTML, like Gecko) Mobile Safari/537.36 (compatible; Bytespider; spider-feedback@bytedance.com)"
156.59.198.136 - - [24/Sep/2023:23:40:56 +0200] "GET /default/cgi-bin/lang/tooltips_w/awstats-tt-dk.txt HTTP/1.0" 404 312 "http://212.69.160.11:443/default/cgi-bin/lang/tooltips_w/?C=S%3BO=A" "Mozilla/5.0 (Linux; Android 5.0) AppleWebKit/537.36 (KHTML, like Gecko) Mobile Safari/537.36 (compatible; Bytespider; spider-feedback@bytedance.com)"
156.59.198.135 - - [24/Sep/2023:23:41:21 +0200] "GET /default/cgi-bin/lang/tooltips_w/awstats-tt-al.txt HTTP/1.0" 404 311 "http://212.69.160.11:443/default/cgi-bin/lang/tooltips_w/?C=S%3BO=A" "Mozilla/5.0 (Linux; Android 5.0) AppleWebKit/537.36 (KHTML, like Gecko) Mobile Safari/537.36 (compatible; Bytespider; spider-feedback@bytedance.com)"
156.59.198.136 - - [24/Sep/2023:23:41:45 +0200] "GET /default/cgi-bin/lang/tooltips_w/awstats-tt-pl.txt HTTP/1.0" 404 311 "http://212.69.160.11:443/default/cgi-bin/lang/tooltips_w/?C=S%3BO=A" "Mozilla/5.0 (Linux; Android 5.0) AppleWebKit/537.36 (KHTML, like Gecko) Mobile Safari/537.36 (compatible; Bytespider; spider-feedback@bytedance.com)"
156.59.198.136 - - [24/Sep/2023:23:42:11 +0200] "GET /default/cgi-bin/lang/tooltips_w/awstats-tt-es.txt HTTP/1.0" 404 311 "http://212.69.160.11:443/default/cgi-bin/lang/tooltips_w/?C=S%3BO=A" "Mozilla/5.0 (Linux; Android 5.0) AppleWebKit/537.36 (KHTML, like Gecko) Mobile Safari/537.36 (compatible; Bytespider; spider-feedback@bytedance.com)"
156.59.198.136 - - [24/Sep/2023:23:42:35 +0200] "GET /default/cgi-bin/lang/tooltips_w/awstats-tt-se.txt HTTP/1.0" 404 311 "http://212.69.160.11:443/default/cgi-bin/lang/tooltips_w/?C=S%3BO=A" "Mozilla/5.0 (Linux; Android 5.0) AppleWebKit/537.36 (KHTML, like Gecko) Mobile Safari/537.36 (compatible; Bytespider; spider-feedback@bytedance.com)"
156.59.198.136 - - [24/Sep/2023:23:42:59 +0200] "GET /default/cgi-bin/lang/tooltips_w/awstats-tt-bg.txt HTTP/1.0" 404 312 "http://212.69.160.11:443/default/cgi-bin/lang/tooltips_w/?C=S%3BO=A" "Mozilla/5.0 (Linux; Android 5.0) AppleWebKit/537.36 (KHTML, like Gecko) Mobile Safari/537.36 (compatible; Bytespider; spider-feedback@bytedance.com)"
156.59.198.135 - - [24/Sep/2023:23:43:23 +0200] "GET /default/cgi-bin/lang/tooltips_w/awstats-tt-ru.txt HTTP/1.0" 404 311 "http://212.69.160.11:443/default/cgi-bin/lang/tooltips_w/?C=S%3BO=A" "Mozilla/5.0 (Linux; Android 5.0) AppleWebKit/537.36 (KHTML, like Gecko) Mobile Safari/537.36 (compatible; Bytespider; spider-feedback@bytedance.com)"
156.59.198.136 - - [24/Sep/2023:23:43:48 +0200] "GET /default/cgi-bin/lang/tooltips_w/awstats-tt-ro.txt HTTP/1.0" 404 311 "http://212.69.160.11:443/default/cgi-bin/lang/tooltips_w/?C=S%3BO=A" "Mozilla/5.0 (Linux; Android 5.0) AppleWebKit/537.36 (KHTML, like Gecko) Mobile Safari/537.36 (compatible; Bytespider; spider-feedback@bytedance.com)"
156.59.198.135 - - [24/Sep/2023:23:44:11 +0200] "GET /default/cgi-bin/lang/tooltips_w/awstats-tt-br.txt HTTP/1.0" 404 311 "http://212.69.160.11:443/default/cgi-bin/lang/tooltips_w/?C=S%3BO=A" "Mozilla/5.0 (Linux; Android 5.0) AppleWebKit/537.36 (KHTML, like Gecko) Mobile Safari/537.36 (compatible; Bytespider; spider-feedback@bytedance.com)"
156.59.198.136 - - [24/Sep/2023:23:44:36 +0200] "GET /ed.activities.at/stats/lang/tooltips_f/awstats-tt-is.txt HTTP/1.0" 404 313 "http://212.69.160.11:443/ed.activities.at/stats/lang/tooltips_f/?C=S%3BO=A" "Mozilla/5.0 (Linux; Android 5.0) AppleWebKit/537.36 (KHTML, like Gecko) Mobile Safari/537.36 (compatible; Bytespider; spider-feedback@bytedance.com)"
156.59.198.136 - - [24/Sep/2023:23:45:00 +0200] "GET /default/cgi-bin/lang/tooltips_w/awstats-tt-cz.txt HTTP/1.0" 404 312 "http://212.69.160.11:443/default/cgi-bin/lang/tooltips_w/?C=S%3BO=A" "Mozilla/5.0 (Linux; Android 5.0) AppleWebKit/537.36 (KHTML, like Gecko) Mobile Safari/537.36 (compatible; Bytespider; spider-feedback@bytedance.com)"
156.59.198.136 - - [24/Sep/2023:23:45:24 +0200] "GET /default/cgi-bin/lang/tooltips_w/awstats-tt-tr.txt HTTP/1.0" 404 311 "http://212.69.160.11:443/default/cgi-bin/lang/tooltips_w/?C=S%3BO=A" "Mozilla/5.0 (Linux; Android 5.0) AppleWebKit/537.36 (KHTML, like Gecko) Mobile Safari/537.36 (compatible; Bytespider; spider-feedback@bytedance.com)"
156.59.198.136 - - [24/Sep/2023:23:45:49 +0200] "GET /default/cgi-bin/lang/tooltips_w/awstats-tt-ua.txt HTTP/1.0" 404 311 "http://212.69.160.11:443/default/cgi-bin/lang/tooltips_w/?C=S%3BO=A" "Mozilla/5.0 (Linux; Android 5.0) AppleWebKit/537.36 (KHTML, like Gecko) Mobile Safari/537.36 (compatible; Bytespider; spider-feedback@bytedance.com)"
156.59.198.136 - - [24/Sep/2023:23:46:13 +0200] "GET /default/cgi-bin/lang/tooltips_w/awstats-tt-it.txt HTTP/1.0" 404 311 "http://212.69.160.11:443/default/cgi-bin/lang/tooltips_w/?C=S%3BO=A" "Mozilla/5.0 (Linux; Android 5.0) AppleWebKit/537.36 (KHTML, like Gecko) Mobile Safari/537.36 (compatible; Bytespider; spider-feedback@bytedance.com)"
156.59.198.135 - - [24/Sep/2023:23:46:38 +0200] "GET /default/cgi-bin/lang/tooltips_w/awstats-tt-ca.txt HTTP/1.0" 404 311 "http://212.69.160.11:443/default/cgi-bin/lang/tooltips_w/?C=S%3BO=A" "Mozilla/5.0 (Linux; Android 5.0) AppleWebKit/537.36 (KHTML, like Gecko) Mobile Safari/537.36 (compatible; Bytespider; spider-feedback@bytedance.com)"
156.59.198.136 - - [24/Sep/2023:23:47:02 +0200] "GET /default/cgi-bin/lang/tooltips_w/awstats-tt-cn.txt HTTP/1.0" 404 311 "http://212.69.160.11:443/default/cgi-bin/lang/tooltips_w/?C=S%3BO=A" "Mozilla/5.0 (Linux; Android 5.0) AppleWebKit/537.36 (KHTML, like Gecko) Mobile Safari/537.36 (compatible; Bytespider; spider-feedback@bytedance.com)"
156.59.198.136 - - [24/Sep/2023:23:47:27 +0200] "GET /default/cgi-bin/lang/tooltips_w/awstats-tt-nb.txt HTTP/1.0" 404 311 "http://212.69.160.11:443/default/cgi-bin/lang/tooltips_w/?C=S%3BO=A" "Mozilla/5.0 (Linux; Android 5.0) AppleWebKit/537.36 (KHTML, like Gecko) Mobile Safari/537.36 (compatible; Bytespider; spider-feedback@bytedance.com)"
156.59.198.135 - - [24/Sep/2023:23:47:51 +0200] "GET /default/cgi-bin/lang/tooltips_w/awstats-tt-hu.txt HTTP/1.0" 404 311 "http://212.69.160.11:443/default/cgi-bin/lang/tooltips_w/?C=S%3BO=A" "Mozilla/5.0 (Linux; Android 5.0) AppleWebKit/537.36 (KHTML, like Gecko) Mobile Safari/537.36 (compatible; Bytespider; spider-feedback@bytedance.com)"
156.59.198.135 - - [24/Sep/2023:23:48:17 +0200] "GET /hausegger.activities.at/stats/lang/tooltips_f/awstats-tt-cz.txt HTTP/1.0" 404 319 "http://212.69.160.11:443/hausegger.activities.at/stats/lang/tooltips_f/" "Mozilla/5.0 (Linux; Android 5.0) AppleWebKit/537.36 (KHTML, like Gecko) Mobile Safari/537.36 (compatible; Bytespider; spider-feedback@bytedance.com)"
156.59.198.136 - - [24/Sep/2023:23:48:40 +0200] "GET /default/cgi-bin/lang/tooltips_w/awstats-tt-sk.txt HTTP/1.0" 404 312 "http://212.69.160.11:443/default/cgi-bin/lang/tooltips_w/?C=S%3BO=A" "Mozilla/5.0 (Linux; Android 5.0) AppleWebKit/537.36 (KHTML, like Gecko) Mobile Safari/537.36 (compatible; Bytespider; spider-feedback@bytedance.com)"
156.59.198.135 - - [24/Sep/2023:23:49:04 +0200] "GET /hausegger.activities.at/stats/lang/tooltips_f/awstats-tt-br.txt HTTP/1.0" 404 318 "http://212.69.160.11:443/hausegger.activities.at/stats/lang/tooltips_f/" "Mozilla/5.0 (Linux; Android 5.0) AppleWebKit/537.36 (KHTML, like Gecko) Mobile Safari/537.36 (compatible; Bytespider; spider-feedback@bytedance.com)"
156.59.198.136 - - [24/Sep/2023:23:49:53 +0200] "GET /hausegger.activities.at/stats/lang/tooltips_f/awstats-tt-is.txt HTTP/1.0" 404 318 "http://212.69.160.11:443/hausegger.activities.at/stats/lang/tooltips_f/" "Mozilla/5.0 (Linux; Android 5.0) AppleWebKit/537.36 (KHTML, like Gecko) Mobile Safari/537.36 (compatible; Bytespider; spider-feedback@bytedance.com)"
156.59.198.135 - - [24/Sep/2023:23:50:19 +0200] "GET /hausegger.activities.at/stats/lang/tooltips_f/awstats-tt-en.txt HTTP/1.0" 404 318 "http://212.69.160.11:443/hausegger.activities.at/stats/lang/tooltips_f/" "Mozilla/5.0 (Linux; Android 5.0) AppleWebKit/537.36 (KHTML, like Gecko) Mobile Safari/537.36 (compatible; Bytespider; spider-feedback@bytedance.com)"
156.59.198.135 - - [24/Sep/2023:23:50:42 +0200] "GET /hausegger.activities.at/stats/lang/tooltips_f/awstats-tt-it.txt HTTP/1.0" 404 318 "http://212.69.160.11:443/hausegger.activities.at/stats/lang/tooltips_f/" "Mozilla/5.0 (Linux; Android 5.0) AppleWebKit/537.36 (KHTML, like Gecko) Mobile Safari/537.36 (compatible; Bytespider; spider-feedback@bytedance.com)"
124.223.193.19 - - [24/Sep/2023:23:50:59 +0200] "GET / HTTP/1.1" 200 274 "-" "Mozilla/5.0 (Linux; Android 6.0; Nexus 5 Build/MRA58N) AppleWebKit/537.36 (KHTML, like Gecko) Chrome/81.0.4044.138 Mobile Safari/537.36"
156.59.198.135 - - [24/Sep/2023:23:51:55 +0200] "GET /docs/contadino/CIT/RE18-00009.pdf HTTP/1.0" 404 300 "http://212.69.160.11:443/docs/contadino/CIT/?C=N%3BO=D" "Mozilla/5.0 (Linux; Android 5.0) AppleWebKit/537.36 (KHTML, like Gecko) Mobile Safari/537.36 (compatible; Bytespider; spider-feedback@bytedance.com)"
156.59.198.135 - - [24/Sep/2023:23:52:20 +0200] "GET /docs/contadino/CIT/RE18-00001.pdf HTTP/1.0" 404 300 "http://212.69.160.11:443/docs/contadino/CIT/?C=N%3BO=D" "Mozilla/5.0 (Linux; Android 5.0) AppleWebKit/537.36 (KHTML, like Gecko) Mobile Safari/537.36 (compatible; Bytespider; spider-feedback@bytedance.com)"
156.59.198.136 - - [24/Sep/2023:23:52:45 +0200] "GET /docs/contadino/CIT/RE18-00013.pdf HTTP/1.0" 404 301 "http://212.69.160.11:443/docs/contadino/CIT/?C=N%3BO=D" "Mozilla/5.0 (Linux; Android 5.0) AppleWebKit/537.36 (KHTML, like Gecko) Mobile Safari/537.36 (compatible; Bytespider; spider-feedback@bytedance.com)"
156.59.198.135 - - [24/Sep/2023:23:59:59 +0200] "GET /renault.2web.at/htdocs/export/txt/factura/FacturaExport20190524074911.txt HTTP/1.0" 404 324 "http://212.69.160.11:443/renault.2web.at/htdocs/export/txt/factura/FacturaExport20190524074911.txt" "Mozilla/5.0 (Linux; Android 5.0) AppleWebKit/537.36 (KHTML, like Gecko) Mobile Safari/537.36 (compatible; Bytespider; spider-feedback@bytedance.com)"
124.223.193.19 - - [25/Sep/2023:00:03:59 +0200] "GET / HTTP/1.1" 200 274 "-" "Mozilla/5.0 (Linux; Android 6.0; Nexus 5 Build/MRA58N) AppleWebKit/537.36 (KHTML, like Gecko) Chrome/81.0.4044.138 Mobile Safari/537.36"
156.59.198.135 - - [25/Sep/2023:00:08:02 +0200] "GET /renault.2web.at/htdocs/export/txt/factura/FacturaExport20190718125536.txt HTTP/1.0" 404 325 "http://212.69.160.11:443/renault.2web.at/htdocs/export/txt/factura/FacturaExport20190718125536.txt" "Mozilla/5.0 (Linux; Android 5.0) AppleWebKit/537.36 (KHTML, like Gecko) Mobile Safari/537.36 (compatible; Bytespider; spider-feedback@bytedance.com)"
156.59.198.135 - - [25/Sep/2023:00:10:05 +0200] "GET /renault.2web.at/htdocs/export/txt/factura/FacturaExport20160406112157.txt HTTP/1.0" 404 324 "http://212.69.160.11:443/renault.2web.at/htdocs/export/txt/factura/FacturaExport20160406112157.txt" "Mozilla/5.0 (Linux; Android 5.0) AppleWebKit/537.36 (KHTML, like Gecko) Mobile Safari/537.36 (compatible; Bytespider; spider-feedback@bytedance.com)"
146.70.38.87 - - [25/Sep/2023:00:18:55 +0200] "GET /~ridersde/joomla/index.php?option=com_xijc&view=captcha HTTP/1.1" 404 309 "https://www.google.com/" "Mozilla/5.0 (Macintosh; Intel Mac OS X 10.9; rv:75.0) Gecko/20100101 Firefox/75.0"
156.59.198.135 - - [25/Sep/2023:00:24:08 +0200] "GET /renault.2web.at/htdocs/export/txt/factura/FacturaExport20181218110147.txt HTTP/1.0" 404 323 "http://212.69.160.11:443/renault.2web.at/htdocs/export/txt/factura/FacturaExport20181218110147.txt" "Mozilla/5.0 (Linux; Android 5.0) AppleWebKit/537.36 (KHTML, like Gecko) Mobile Safari/537.36 (compatible; Bytespider; spider-feedback@bytedance.com)"
176.226.250.28 - - [25/Sep/2023:00:25:19 +0200] "GET / HTTP/1.1" 200 423 "-" "Mozilla/5.0 (Windows NT 10.0; WOW64) AppleWebKit/537.36 (KHTML, like Gecko) Chrome/52.0.2743.116 Safari/537.36"
156.59.198.135 - - [25/Sep/2023:00:26:09 +0200] "GET /renault.2web.at/htdocs/export/txt/factura/FacturaExport20150728151347.txt HTTP/1.0" 404 325 "http://212.69.160.11:443/renault.2web.at/htdocs/export/txt/factura/FacturaExport20150728151347.txt" "Mozilla/5.0 (Linux; Android 5.0) AppleWebKit/537.36 (KHTML, like Gecko) Mobile Safari/537.36 (compatible; Bytespider; spider-feedback@bytedance.com)"
193.35.18.187 - - [25/Sep/2023:00:33:28 +0200] "CONNECT google.com:443 HTTP/1.1" 200 423 "-" "Go-http-client/1.1"
92.118.39.40 - - [25/Sep/2023:00:43:32 +0200] "GET / HTTP/1.1" 200 423 "-" "-"
156.59.198.136 - - [25/Sep/2023:00:45:53 +0200] "GET /renault.2web.at/htdocs/export/txt/factura/FacturaExport20160926130344.txt HTTP/1.0" 404 325 "http://212.69.160.11:443/renault.2web.at/htdocs/export/txt/factura/FacturaExport20160926130344.txt" "Mozilla/5.0 (Linux; Android 5.0) AppleWebKit/537.36 (KHTML, like Gecko) Mobile Safari/537.36 (compatible; Bytespider; spider-feedback@bytedance.com)"
156.59.198.135 - - [25/Sep/2023:00:49:55 +0200] "GET /renault.2web.at/htdocs/export/txt/factura/FacturaExport20200806111840.txt HTTP/1.0" 404 323 "http://212.69.160.11:443/renault.2web.at/htdocs/export/txt/factura/FacturaExport20200806111840.txt" "Mozilla/5.0 (Linux; Android 5.0) AppleWebKit/537.36 (KHTML, like Gecko) Mobile Safari/537.36 (compatible; Bytespider; spider-feedback@bytedance.com)"
156.59.198.136 - - [25/Sep/2023:00:53:58 +0200] "GET /renault.2web.at/htdocs/export/txt/factura/FacturaExport20210708081311.txt HTTP/1.0" 404 325 "http://212.69.160.11:443/renault.2web.at/htdocs/export/txt/factura/FacturaExport20210708081311.txt" "Mozilla/5.0 (Linux; Android 5.0) AppleWebKit/537.36 (KHTML, like Gecko) Mobile Safari/537.36 (compatible; Bytespider; spider-feedback@bytedance.com)"
156.59.198.136 - - [25/Sep/2023:00:59:59 +0200] "GET /renault.activities.at/htdocs/activities/framework/treeview/readme.txt HTTP/1.0" 404 318 "http://212.69.160.11:443/renault.activities.at/htdocs/activities/framework/treeview/readme.txt" "Mozilla/5.0 (Linux; Android 5.0) AppleWebKit/537.36 (KHTML, like Gecko) Mobile Safari/537.36 (compatible; Bytespider; spider-feedback@bytedance.com)"
156.59.198.136 - - [25/Sep/2023:01:04:01 +0200] "GET /renault.2web.at/htdocs/export/txt/factura/FacturaExport20130828102825.txt HTTP/1.0" 404 325 "http://212.69.160.11:443/renault.2web.at/htdocs/export/txt/factura/FacturaExport20130828102825.txt" "Mozilla/5.0 (Linux; Android 5.0) AppleWebKit/537.36 (KHTML, like Gecko) Mobile Safari/537.36 (compatible; Bytespider; spider-feedback@bytedance.com)"
156.59.198.136 - - [25/Sep/2023:01:06:03 +0200] "GET /renault.2web.at/htdocs/export/txt/factura/FacturaExport20190524075423.txt HTTP/1.0" 404 325 "http://212.69.160.11:443/renault.2web.at/htdocs/export/txt/factura/FacturaExport20190524075423.txt" "Mozilla/5.0 (Linux; Android 5.0) AppleWebKit/537.36 (KHTML, like Gecko) Mobile Safari/537.36 (compatible; Bytespider; spider-feedback@bytedance.com)"
205.210.31.185 - - [25/Sep/2023:01:10:20 +0200] "GET / HTTP/1.1" 200 423 "-" "-"
156.59.198.136 - - [25/Sep/2023:01:20:32 +0200] "GET /renault.2web.at/htdocs/export/txt/factura/FacturaExport20150129172807.txt HTTP/1.0" 404 324 "http://212.69.160.11:443/renault.2web.at/htdocs/export/txt/factura/FacturaExport20150129172807.txt" "Mozilla/5.0 (Linux; Android 5.0) AppleWebKit/537.36 (KHTML, like Gecko) Mobile Safari/537.36 (compatible; Bytespider; spider-feedback@bytedance.com)"
156.59.198.136 - - [25/Sep/2023:01:22:09 +0200] "GET /renault.2web.at/htdocs/export/txt/factura/FacturaExport20170626094903.txt HTTP/1.0" 404 325 "http://212.69.160.11:443/renault.2web.at/htdocs/export/txt/factura/FacturaExport20170626094903.txt" "Mozilla/5.0 (Linux; Android 5.0) AppleWebKit/537.36 (KHTML, like Gecko) Mobile Safari/537.36 (compatible; Bytespider; spider-feedback@bytedance.com)"
156.59.198.136 - - [25/Sep/2023:01:24:10 +0200] "GET /renault.2web.at/htdocs/export/txt/factura/FacturaExport20191003134650.txt HTTP/1.0" 404 325 "http://212.69.160.11:443/renault.2web.at/htdocs/export/txt/factura/FacturaExport20191003134650.txt" "Mozilla/5.0 (Linux; Android 5.0) AppleWebKit/537.36 (KHTML, like Gecko) Mobile Safari/537.36 (compatible; Bytespider; spider-feedback@bytedance.com)"
156.59.198.136 - - [25/Sep/2023:01:26:14 +0200] "GET /renault.activities.at/htdocs/dompdf-master/www/test/images/bmp/testcompress4.bmp HTTP/1.0" 404 327 "http://212.69.160.11:443/renault.activities.at/htdocs/dompdf-master/www/test/image_bmp.html" "Mozilla/5.0 (Linux; Android 5.0) AppleWebKit/537.36 (KHTML, like Gecko) Mobile Safari/537.36 (compatible; Bytespider; spider-feedback@bytedance.com)"
156.59.198.135 - - [25/Sep/2023:01:28:16 +0200] "GET /renault.2web.at/htdocs/export/txt/factura/FacturaExport20150330102132.txt HTTP/1.0" 404 325 "http://212.69.160.11:443/renault.2web.at/htdocs/export/txt/factura/FacturaExport20150330102132.txt" "Mozilla/5.0 (Linux; Android 5.0) AppleWebKit/537.36 (KHTML, like Gecko) Mobile Safari/537.36 (compatible; Bytespider; spider-feedback@bytedance.com)"
156.59.198.136 - - [25/Sep/2023:01:33:55 +0200] "GET /renault.2web.at/htdocs/export/txt/factura/FacturaExport20171129104641.txt HTTP/1.0" 404 324 "http://212.69.160.11:443/renault.2web.at/htdocs/export/txt/factura/FacturaExport20171129104641.txt" "Mozilla/5.0 (Linux; Android 5.0) AppleWebKit/537.36 (KHTML, like Gecko) Mobile Safari/537.36 (compatible; Bytespider; spider-feedback@bytedance.com)"
156.59.198.135 - - [25/Sep/2023:01:34:19 +0200] "GET /renault.2web.at/htdocs/export/txt/factura/FacturaExport20160926130016.txt HTTP/1.0" 404 323 "http://212.69.160.11:443/renault.2web.at/htdocs/export/txt/factura/FacturaExport20160926130016.txt" "Mozilla/5.0 (Linux; Android 5.0) AppleWebKit/537.36 (KHTML, like Gecko) Mobile Safari/537.36 (compatible; Bytespider; spider-feedback@bytedance.com)"
156.59.198.135 - - [25/Sep/2023:01:35:57 +0200] "GET /renault.2web.at/htdocs/export/txt/factura/FacturaExport20151027151621.txt HTTP/1.0" 404 323 "http://212.69.160.11:443/renault.2web.at/htdocs/export/txt/factura/FacturaExport20151027151621.txt" "Mozilla/5.0 (Linux; Android 5.0) AppleWebKit/537.36 (KHTML, like Gecko) Mobile Safari/537.36 (compatible; Bytespider; spider-feedback@bytedance.com)"
156.59.198.136 - - [25/Sep/2023:01:39:58 +0200] "GET /renault.2web.at/htdocs/export/txt/factura/FacturaExport20170125142726.txt HTTP/1.0" 404 324 "http://212.69.160.11:443/renault.2web.at/htdocs/export/txt/factura/FacturaExport20170125142726.txt" "Mozilla/5.0 (Linux; Android 5.0) AppleWebKit/537.36 (KHTML, like Gecko) Mobile Safari/537.36 (compatible; Bytespider; spider-feedback@bytedance.com)"
156.59.198.136 - - [25/Sep/2023:01:41:59 +0200] "GET /renault.2web.at/htdocs/export/txt/factura/FacturaExport20140926093221.txt HTTP/1.0" 404 325 "http://212.69.160.11:443/renault.2web.at/htdocs/export/txt/factura/FacturaExport20140926093221.txt" "Mozilla/5.0 (Linux; Android 5.0) AppleWebKit/537.36 (KHTML, like Gecko) Mobile Safari/537.36 (compatible; Bytespider; spider-feedback@bytedance.com)"
156.59.198.136 - - [25/Sep/2023:01:48:02 +0200] "GET /renault.2web.at/htdocs/export/txt/factura/FacturaExport20150526125234.txt HTTP/1.0" 404 325 "http://212.69.160.11:443/renault.2web.at/htdocs/export/txt/factura/FacturaExport20150526125234.txt" "Mozilla/5.0 (Linux; Android 5.0) AppleWebKit/537.36 (KHTML, like Gecko) Mobile Safari/537.36 (compatible; Bytespider; spider-feedback@bytedance.com)"
156.59.198.136 - - [25/Sep/2023:01:50:02 +0200] "GET /renault.2web.at/htdocs/export/txt/factura/FacturaExport20211210091729.txt HTTP/1.0" 404 324 "http://212.69.160.11:443/renault.2web.at/htdocs/export/txt/factura/FacturaExport20211210091729.txt" "Mozilla/5.0 (Linux; Android 5.0) AppleWebKit/537.36 (KHTML, like Gecko) Mobile Safari/537.36 (compatible; Bytespider; spider-feedback@bytedance.com)"
156.59.198.135 - - [25/Sep/2023:01:52:03 +0200] "GET /renault.2web.at/htdocs/export/txt/factura/FacturaExport20180406085059.txt HTTP/1.0" 404 324 "http://212.69.160.11:443/renault.2web.at/htdocs/export/txt/factura/FacturaExport20180406085059.txt" "Mozilla/5.0 (Linux; Android 5.0) AppleWebKit/537.36 (KHTML, like Gecko) Mobile Safari/537.36 (compatible; Bytespider; spider-feedback@bytedance.com)"
156.59.198.136 - - [25/Sep/2023:01:52:52 +0200] "GET /renault.2web.at/htdocs/export/txt/factura/FacturaExport20181004084128.txt HTTP/1.0" 404 324 "http://212.69.160.11:443/renault.2web.at/htdocs/export/txt/factura/FacturaExport20181004084128.txt" "Mozilla/5.0 (Linux; Android 5.0) AppleWebKit/537.36 (KHTML, like Gecko) Mobile Safari/537.36 (compatible; Bytespider; spider-feedback@bytedance.com)"