178.165.197.197 - - [25/Sep/2023:17:04:21 +0200] "GET /gui/javascript/form_form.js?1695654261 HTTP/1.1" 200 16206 "http://hausegger.activities.at/entry.php?id=10271&&ser=654200" "Mozilla/5.0 (Windows NT 10.0; Win64; x64) AppleWebKit/537.36 (KHTML, like Gecko) Chrome/116.0.0.0 Safari/537.36"
178.165.197.197 - - [25/Sep/2023:17:04:40 +0200] "GET /entry.php?id=10271&&ser=654215 HTTP/1.1" 200 987 "http://hausegger.activities.at/entry.php?id=10271&&ser=654151" "Mozilla/5.0 (Windows NT 10.0; Win64; x64; rv:109.0) Gecko/20100101 Firefox/117.0"
178.165.197.197 - - [25/Sep/2023:17:04:40 +0200] "GET /gui/javascript/form_form.js?1695654280 HTTP/1.1" 200 16206 "http://hausegger.activities.at/entry.php?id=10271&&ser=654215" "Mozilla/5.0 (Windows NT 10.0; Win64; x64; rv:109.0) Gecko/20100101 Firefox/117.0"
178.165.197.197 - - [25/Sep/2023:17:05:22 +0200] "GET /entry.php?id=10271&&ser=654261 HTTP/1.1" 200 987 "http://hausegger.activities.at/entry.php?id=10271&&ser=654200" "Mozilla/5.0 (Windows NT 10.0; Win64; x64) AppleWebKit/537.36 (KHTML, like Gecko) Chrome/116.0.0.0 Safari/537.36"
178.165.197.197 - - [25/Sep/2023:17:05:22 +0200] "GET /gui/javascript/form_form.js?1695654322 HTTP/1.1" 200 16206 "http://hausegger.activities.at/entry.php?id=10271&&ser=654261" "Mozilla/5.0 (Windows NT 10.0; Win64; x64) AppleWebKit/537.36 (KHTML, like Gecko) Chrome/116.0.0.0 Safari/537.36"
178.165.197.197 - - [25/Sep/2023:17:05:44 +0200] "GET /entry.php?id=10271&&ser=654280 HTTP/1.1" 200 987 "http://hausegger.activities.at/entry.php?id=10271&&ser=654215" "Mozilla/5.0 (Windows NT 10.0; Win64; x64; rv:109.0) Gecko/20100101 Firefox/117.0"
178.165.197.197 - - [25/Sep/2023:17:05:44 +0200] "GET /gui/javascript/form_form.js?1695654344 HTTP/1.1" 200 16206 "http://hausegger.activities.at/entry.php?id=10271&&ser=654280" "Mozilla/5.0 (Windows NT 10.0; Win64; x64; rv:109.0) Gecko/20100101 Firefox/117.0"
156.59.198.135 - - [25/Sep/2023:17:05:47 +0200] "GET /renault.activities.at/htdocs/log/cron/system_mail_3115572.txt HTTP/1.0" 404 321 "http://212.69.160.11:443/renault.activities.at/htdocs/log/cron/system_mail_3115572.txt" "Mozilla/5.0 (Linux; Android 5.0) AppleWebKit/537.36 (KHTML, like Gecko) Mobile Safari/537.36 (compatible; Bytespider; spider-feedback@bytedance.com)"
178.165.197.197 - - [25/Sep/2023:17:06:23 +0200] "GET /entry.php?id=10271&&ser=654322 HTTP/1.1" 200 988 "http://hausegger.activities.at/entry.php?id=10271&&ser=654261" "Mozilla/5.0 (Windows NT 10.0; Win64; x64) AppleWebKit/537.36 (KHTML, like Gecko) Chrome/116.0.0.0 Safari/537.36"
178.165.197.197 - - [25/Sep/2023:17:06:23 +0200] "GET /gui/javascript/form_form.js?1695654383 HTTP/1.1" 200 16206 "http://hausegger.activities.at/entry.php?id=10271&&ser=654322" "Mozilla/5.0 (Windows NT 10.0; Win64; x64) AppleWebKit/537.36 (KHTML, like Gecko) Chrome/116.0.0.0 Safari/537.36"
178.165.197.197 - - [25/Sep/2023:17:06:48 +0200] "GET /entry.php?id=10271&&ser=654344 HTTP/1.1" 200 987 "http://hausegger.activities.at/entry.php?id=10271&&ser=654280" "Mozilla/5.0 (Windows NT 10.0; Win64; x64; rv:109.0) Gecko/20100101 Firefox/117.0"
178.165.197.197 - - [25/Sep/2023:17:06:48 +0200] "GET /gui/javascript/form_form.js?1695654408 HTTP/1.1" 200 16206 "http://hausegger.activities.at/entry.php?id=10271&&ser=654344" "Mozilla/5.0 (Windows NT 10.0; Win64; x64; rv:109.0) Gecko/20100101 Firefox/117.0"
178.165.197.197 - - [25/Sep/2023:17:07:24 +0200] "GET /entry.php?id=10271&&ser=654383 HTTP/1.1" 200 986 "http://hausegger.activities.at/entry.php?id=10271&&ser=654322" "Mozilla/5.0 (Windows NT 10.0; Win64; x64) AppleWebKit/537.36 (KHTML, like Gecko) Chrome/116.0.0.0 Safari/537.36"
178.165.197.197 - - [25/Sep/2023:17:07:24 +0200] "GET /gui/javascript/form_form.js?1695654444 HTTP/1.1" 200 16206 "http://hausegger.activities.at/entry.php?id=10271&&ser=654383" "Mozilla/5.0 (Windows NT 10.0; Win64; x64) AppleWebKit/537.36 (KHTML, like Gecko) Chrome/116.0.0.0 Safari/537.36"
156.59.198.135 - - [25/Sep/2023:17:07:49 +0200] "GET /renault.activities.at/htdocs/log/cron/system_mail_3116229.txt HTTP/1.0" 404 320 "http://212.69.160.11:443/renault.activities.at/htdocs/log/cron/system_mail_3116229.txt" "Mozilla/5.0 (Linux; Android 5.0) AppleWebKit/537.36 (KHTML, like Gecko) Mobile Safari/537.36 (compatible; Bytespider; spider-feedback@bytedance.com)"
178.165.197.197 - - [25/Sep/2023:17:07:53 +0200] "GET /entry.php?id=10271&&ser=654408 HTTP/1.1" 200 986 "http://hausegger.activities.at/entry.php?id=10271&&ser=654344" "Mozilla/5.0 (Windows NT 10.0; Win64; x64; rv:109.0) Gecko/20100101 Firefox/117.0"
178.165.197.197 - - [25/Sep/2023:17:07:53 +0200] "GET /gui/javascript/form_form.js?1695654473 HTTP/1.1" 200 16206 "http://hausegger.activities.at/entry.php?id=10271&&ser=654408" "Mozilla/5.0 (Windows NT 10.0; Win64; x64; rv:109.0) Gecko/20100101 Firefox/117.0"
178.165.197.197 - - [25/Sep/2023:17:08:25 +0200] "GET /entry.php?id=10271&&ser=654444 HTTP/1.1" 200 988 "http://hausegger.activities.at/entry.php?id=10271&&ser=654383" "Mozilla/5.0 (Windows NT 10.0; Win64; x64) AppleWebKit/537.36 (KHTML, like Gecko) Chrome/116.0.0.0 Safari/537.36"
178.165.197.197 - - [25/Sep/2023:17:08:25 +0200] "GET /gui/javascript/form_form.js?1695654505 HTTP/1.1" 200 16206 "http://hausegger.activities.at/entry.php?id=10271&&ser=654444" "Mozilla/5.0 (Windows NT 10.0; Win64; x64) AppleWebKit/537.36 (KHTML, like Gecko) Chrome/116.0.0.0 Safari/537.36"
40.122.169.113 - - [25/Sep/2023:17:08:29 +0200] "GET /style.php?sig=update&domain=51.79.124.111 HTTP/1.1" 404 294 "www.google.com" "Mozlila/5.0 (Linux; Android 7.0; SM-G892A Bulid/NRD90M; wv) AppleWebKit/537.36 (KHTML, like Gecko) Version/4.0 Chrome/60.0.3112.107 Moblie Safari/537.36"
178.165.197.197 - - [25/Sep/2023:17:08:57 +0200] "GET /entry.php?id=10271&&ser=654473 HTTP/1.1" 200 988 "http://hausegger.activities.at/entry.php?id=10271&&ser=654408" "Mozilla/5.0 (Windows NT 10.0; Win64; x64; rv:109.0) Gecko/20100101 Firefox/117.0"
178.165.197.197 - - [25/Sep/2023:17:08:57 +0200] "GET /gui/javascript/form_form.js?1695654537 HTTP/1.1" 200 16206 "http://hausegger.activities.at/entry.php?id=10271&&ser=654473" "Mozilla/5.0 (Windows NT 10.0; Win64; x64; rv:109.0) Gecko/20100101 Firefox/117.0"
178.165.197.197 - - [25/Sep/2023:17:09:26 +0200] "GET /entry.php?id=10271&&ser=654505 HTTP/1.1" 200 988 "http://hausegger.activities.at/entry.php?id=10271&&ser=654444" "Mozilla/5.0 (Windows NT 10.0; Win64; x64) AppleWebKit/537.36 (KHTML, like Gecko) Chrome/116.0.0.0 Safari/537.36"
178.165.197.197 - - [25/Sep/2023:17:09:26 +0200] "GET /gui/javascript/form_form.js?1695654566 HTTP/1.1" 200 16206 "http://hausegger.activities.at/entry.php?id=10271&&ser=654505" "Mozilla/5.0 (Windows NT 10.0; Win64; x64) AppleWebKit/537.36 (KHTML, like Gecko) Chrome/116.0.0.0 Safari/537.36"
178.165.197.197 - - [25/Sep/2023:17:10:01 +0200] "GET /entry.php?id=10271&&ser=654537 HTTP/1.1" 200 987 "http://hausegger.activities.at/entry.php?id=10271&&ser=654473" "Mozilla/5.0 (Windows NT 10.0; Win64; x64; rv:109.0) Gecko/20100101 Firefox/117.0"
178.165.197.197 - - [25/Sep/2023:17:10:01 +0200] "GET /gui/javascript/form_form.js?1695654601 HTTP/1.1" 200 16206 "http://hausegger.activities.at/entry.php?id=10271&&ser=654537" "Mozilla/5.0 (Windows NT 10.0; Win64; x64; rv:109.0) Gecko/20100101 Firefox/117.0"
178.165.197.197 - - [25/Sep/2023:17:10:27 +0200] "GET /entry.php?id=10271&&ser=654566 HTTP/1.1" 200 987 "http://hausegger.activities.at/entry.php?id=10271&&ser=654505" "Mozilla/5.0 (Windows NT 10.0; Win64; x64) AppleWebKit/537.36 (KHTML, like Gecko) Chrome/116.0.0.0 Safari/537.36"
178.165.197.197 - - [25/Sep/2023:17:10:27 +0200] "GET /gui/javascript/form_form.js?1695654627 HTTP/1.1" 200 16206 "http://hausegger.activities.at/entry.php?id=10271&&ser=654566" "Mozilla/5.0 (Windows NT 10.0; Win64; x64) AppleWebKit/537.36 (KHTML, like Gecko) Chrome/116.0.0.0 Safari/537.36"
178.165.197.197 - - [25/Sep/2023:17:11:06 +0200] "GET /entry.php?id=10271&&ser=654601 HTTP/1.1" 200 988 "http://hausegger.activities.at/entry.php?id=10271&&ser=654537" "Mozilla/5.0 (Windows NT 10.0; Win64; x64; rv:109.0) Gecko/20100101 Firefox/117.0"
178.165.197.197 - - [25/Sep/2023:17:11:06 +0200] "GET /gui/javascript/form_form.js?1695654666 HTTP/1.1" 200 16206 "http://hausegger.activities.at/entry.php?id=10271&&ser=654601" "Mozilla/5.0 (Windows NT 10.0; Win64; x64; rv:109.0) Gecko/20100101 Firefox/117.0"
178.165.197.197 - - [25/Sep/2023:17:11:28 +0200] "GET /entry.php?id=10271&&ser=654627 HTTP/1.1" 200 987 "http://hausegger.activities.at/entry.php?id=10271&&ser=654566" "Mozilla/5.0 (Windows NT 10.0; Win64; x64) AppleWebKit/537.36 (KHTML, like Gecko) Chrome/116.0.0.0 Safari/537.36"
178.165.197.197 - - [25/Sep/2023:17:11:28 +0200] "GET /gui/javascript/form_form.js?1695654688 HTTP/1.1" 200 16206 "http://hausegger.activities.at/entry.php?id=10271&&ser=654627" "Mozilla/5.0 (Windows NT 10.0; Win64; x64) AppleWebKit/537.36 (KHTML, like Gecko) Chrome/116.0.0.0 Safari/537.36"
156.59.198.135 - - [25/Sep/2023:17:11:50 +0200] "GET /renault.activities.at/htdocs/log/cron/system_mail_3115481.txt HTTP/1.0" 404 320 "http://212.69.160.11:443/renault.activities.at/htdocs/log/cron/system_mail_3115481.txt" "Mozilla/5.0 (Linux; Android 5.0) AppleWebKit/537.36 (KHTML, like Gecko) Mobile Safari/537.36 (compatible; Bytespider; spider-feedback@bytedance.com)"
178.165.197.197 - - [25/Sep/2023:17:12:10 +0200] "GET /entry.php?id=10271&&ser=654666 HTTP/1.1" 200 986 "http://hausegger.activities.at/entry.php?id=10271&&ser=654601" "Mozilla/5.0 (Windows NT 10.0; Win64; x64; rv:109.0) Gecko/20100101 Firefox/117.0"
178.165.197.197 - - [25/Sep/2023:17:12:10 +0200] "GET /gui/javascript/form_form.js?1695654730 HTTP/1.1" 200 16206 "http://hausegger.activities.at/entry.php?id=10271&&ser=654666" "Mozilla/5.0 (Windows NT 10.0; Win64; x64; rv:109.0) Gecko/20100101 Firefox/117.0"
178.165.197.197 - - [25/Sep/2023:17:12:29 +0200] "GET /entry.php?id=10271&&ser=654688 HTTP/1.1" 200 987 "http://hausegger.activities.at/entry.php?id=10271&&ser=654627" "Mozilla/5.0 (Windows NT 10.0; Win64; x64) AppleWebKit/537.36 (KHTML, like Gecko) Chrome/116.0.0.0 Safari/537.36"
178.165.197.197 - - [25/Sep/2023:17:12:29 +0200] "GET /gui/javascript/form_form.js?1695654749 HTTP/1.1" 200 16206 "http://hausegger.activities.at/entry.php?id=10271&&ser=654688" "Mozilla/5.0 (Windows NT 10.0; Win64; x64) AppleWebKit/537.36 (KHTML, like Gecko) Chrome/116.0.0.0 Safari/537.36"
178.165.197.197 - - [25/Sep/2023:17:12:47 +0200] "GET /entry.php?id=10287&login=1 HTTP/1.1" 200 1880 "http://hausegger.activities.at/entry.php?id=10273&" "Mozilla/5.0 (Windows NT 10.0; Win64; x64; rv:109.0) Gecko/20100101 Firefox/117.0"
178.165.197.197 - - [25/Sep/2023:17:12:47 +0200] "GET /gui/javascript/form_form.js?1695654767 HTTP/1.1" 200 16206 "http://hausegger.activities.at/entry.php?id=10287&login=1" "Mozilla/5.0 (Windows NT 10.0; Win64; x64; rv:109.0) Gecko/20100101 Firefox/117.0"
178.165.197.197 - - [25/Sep/2023:17:12:48 +0200] "GET /entry.php?id=10287&login=1 HTTP/1.1" 200 1880 "http://hausegger.activities.at/entry.php?id=10273&" "Mozilla/5.0 (Windows NT 10.0; Win64; x64; rv:109.0) Gecko/20100101 Firefox/117.0"
178.165.197.197 - - [25/Sep/2023:17:12:48 +0200] "GET /gui/javascript/form_form.js?1695654768 HTTP/1.1" 200 16206 "http://hausegger.activities.at/entry.php?id=10287&login=1" "Mozilla/5.0 (Windows NT 10.0; Win64; x64; rv:109.0) Gecko/20100101 Firefox/117.0"
178.165.197.197 - - [25/Sep/2023:17:12:49 +0200] "POST /entry.php?id=10287& HTTP/1.1" 200 2434 "http://hausegger.activities.at/entry.php?id=10287&login=1" "Mozilla/5.0 (Windows NT 10.0; Win64; x64; rv:109.0) Gecko/20100101 Firefox/117.0"
178.165.197.197 - - [25/Sep/2023:17:12:49 +0200] "GET /gui/javascript/form_form.js?1695654769 HTTP/1.1" 200 16206 "http://hausegger.activities.at/entry.php?id=10287&" "Mozilla/5.0 (Windows NT 10.0; Win64; x64; rv:109.0) Gecko/20100101 Firefox/117.0"
178.165.197.197 - - [25/Sep/2023:17:12:49 +0200] "GET /entry.php?id=10270& HTTP/1.1" 200 909 "http://hausegger.activities.at/entry.php?id=10287&" "Mozilla/5.0 (Windows NT 10.0; Win64; x64; rv:109.0) Gecko/20100101 Firefox/117.0"
178.165.197.197 - - [25/Sep/2023:17:12:49 +0200] "GET /entry.php?id=10273&logout=true& HTTP/1.1" 200 1912 "http://hausegger.activities.at/entry.php?id=10287&" "Mozilla/5.0 (Windows NT 10.0; Win64; x64; rv:109.0) Gecko/20100101 Firefox/117.0"
178.165.197.197 - - [25/Sep/2023:17:12:50 +0200] "GET /gui/javascript/form_form.js?1695654770 HTTP/1.1" 200 16206 "http://hausegger.activities.at/entry.php?id=10270&" "Mozilla/5.0 (Windows NT 10.0; Win64; x64; rv:109.0) Gecko/20100101 Firefox/117.0"
178.165.197.197 - - [25/Sep/2023:17:12:50 +0200] "GET /gui/javascript/form_form.js?1695654770 HTTP/1.1" 200 16206 "http://hausegger.activities.at/entry.php?id=10273&logout=true&" "Mozilla/5.0 (Windows NT 10.0; Win64; x64; rv:109.0) Gecko/20100101 Firefox/117.0"
178.165.197.197 - - [25/Sep/2023:17:13:30 +0200] "GET /entry.php?id=10271&&ser=654749 HTTP/1.1" 200 987 "http://hausegger.activities.at/entry.php?id=10271&&ser=654688" "Mozilla/5.0 (Windows NT 10.0; Win64; x64) AppleWebKit/537.36 (KHTML, like Gecko) Chrome/116.0.0.0 Safari/537.36"
178.165.197.197 - - [25/Sep/2023:17:13:30 +0200] "GET /gui/javascript/form_form.js?1695654810 HTTP/1.1" 200 16206 "http://hausegger.activities.at/entry.php?id=10271&&ser=654749" "Mozilla/5.0 (Windows NT 10.0; Win64; x64) AppleWebKit/537.36 (KHTML, like Gecko) Chrome/116.0.0.0 Safari/537.36"
156.59.198.135 - - [25/Sep/2023:17:13:52 +0200] "GET /renault.activities.at/htdocs/log/cron/reminder_mailing_3114921.txt HTTP/1.0" 404 323 "http://212.69.160.11:443/renault.activities.at/htdocs/log/cron/reminder_mailing_3114921.txt" "Mozilla/5.0 (Linux; Android 5.0) AppleWebKit/537.36 (KHTML, like Gecko) Mobile Safari/537.36 (compatible; Bytespider; spider-feedback@bytedance.com)"
178.165.197.197 - - [25/Sep/2023:17:14:31 +0200] "GET /entry.php?id=10271&&ser=654810 HTTP/1.1" 200 987 "http://hausegger.activities.at/entry.php?id=10271&&ser=654749" "Mozilla/5.0 (Windows NT 10.0; Win64; x64) AppleWebKit/537.36 (KHTML, like Gecko) Chrome/116.0.0.0 Safari/537.36"
178.165.197.197 - - [25/Sep/2023:17:14:31 +0200] "GET /gui/javascript/form_form.js?1695654871 HTTP/1.1" 200 16206 "http://hausegger.activities.at/entry.php?id=10271&&ser=654810" "Mozilla/5.0 (Windows NT 10.0; Win64; x64) AppleWebKit/537.36 (KHTML, like Gecko) Chrome/116.0.0.0 Safari/537.36"
178.165.197.197 - - [25/Sep/2023:17:15:32 +0200] "GET /entry.php?id=10271&&ser=654871 HTTP/1.1" 200 987 "http://hausegger.activities.at/entry.php?id=10271&&ser=654810" "Mozilla/5.0 (Windows NT 10.0; Win64; x64) AppleWebKit/537.36 (KHTML, like Gecko) Chrome/116.0.0.0 Safari/537.36"
178.165.197.197 - - [25/Sep/2023:17:15:32 +0200] "GET /gui/javascript/form_form.js?1695654932 HTTP/1.1" 200 16206 "http://hausegger.activities.at/entry.php?id=10271&&ser=654871" "Mozilla/5.0 (Windows NT 10.0; Win64; x64) AppleWebKit/537.36 (KHTML, like Gecko) Chrome/116.0.0.0 Safari/537.36"
178.165.197.197 - - [25/Sep/2023:17:16:33 +0200] "GET /entry.php?id=10271&&ser=654932 HTTP/1.1" 200 987 "http://hausegger.activities.at/entry.php?id=10271&&ser=654871" "Mozilla/5.0 (Windows NT 10.0; Win64; x64) AppleWebKit/537.36 (KHTML, like Gecko) Chrome/116.0.0.0 Safari/537.36"
178.165.197.197 - - [25/Sep/2023:17:16:33 +0200] "GET /gui/javascript/form_form.js?1695654993 HTTP/1.1" 200 16206 "http://hausegger.activities.at/entry.php?id=10271&&ser=654932" "Mozilla/5.0 (Windows NT 10.0; Win64; x64) AppleWebKit/537.36 (KHTML, like Gecko) Chrome/116.0.0.0 Safari/537.36"
156.59.198.135 - - [25/Sep/2023:17:17:30 +0200] "GET /renault.activities.at/htdocs/log/cron/exportXML_3116244.txt HTTP/1.0" 404 319 "http://212.69.160.11:443/renault.activities.at/htdocs/log/cron/exportXML_3116244.txt" "Mozilla/5.0 (Linux; Android 5.0) AppleWebKit/537.36 (KHTML, like Gecko) Mobile Safari/537.36 (compatible; Bytespider; spider-feedback@bytedance.com)"
178.165.197.197 - - [25/Sep/2023:17:17:34 +0200] "GET /entry.php?id=10271&&ser=654993 HTTP/1.1" 200 988 "http://hausegger.activities.at/entry.php?id=10271&&ser=654932" "Mozilla/5.0 (Windows NT 10.0; Win64; x64) AppleWebKit/537.36 (KHTML, like Gecko) Chrome/116.0.0.0 Safari/537.36"
178.165.197.197 - - [25/Sep/2023:17:17:34 +0200] "GET /gui/javascript/form_form.js?1695655054 HTTP/1.1" 200 16206 "http://hausegger.activities.at/entry.php?id=10271&&ser=654993" "Mozilla/5.0 (Windows NT 10.0; Win64; x64) AppleWebKit/537.36 (KHTML, like Gecko) Chrome/116.0.0.0 Safari/537.36"
178.165.197.197 - - [25/Sep/2023:17:18:35 +0200] "GET /entry.php?id=10271&&ser=655054 HTTP/1.1" 200 988 "http://hausegger.activities.at/entry.php?id=10271&&ser=654993" "Mozilla/5.0 (Windows NT 10.0; Win64; x64) AppleWebKit/537.36 (KHTML, like Gecko) Chrome/116.0.0.0 Safari/537.36"
178.165.197.197 - - [25/Sep/2023:17:18:35 +0200] "GET /gui/javascript/form_form.js?1695655115 HTTP/1.1" 200 16206 "http://hausegger.activities.at/entry.php?id=10271&&ser=655054" "Mozilla/5.0 (Windows NT 10.0; Win64; x64) AppleWebKit/537.36 (KHTML, like Gecko) Chrome/116.0.0.0 Safari/537.36"
156.59.198.135 - - [25/Sep/2023:17:19:32 +0200] "GET /renault.activities.at/htdocs/log/cron/shipp_Export_Data_3116004.txt HTTP/1.0" 404 325 "http://212.69.160.11:443/renault.activities.at/htdocs/log/cron/shipp_Export_Data_3116004.txt" "Mozilla/5.0 (Linux; Android 5.0) AppleWebKit/537.36 (KHTML, like Gecko) Mobile Safari/537.36 (compatible; Bytespider; spider-feedback@bytedance.com)"
178.165.197.197 - - [25/Sep/2023:17:19:36 +0200] "GET /entry.php?id=10271&&ser=655115 HTTP/1.1" 200 988 "http://hausegger.activities.at/entry.php?id=10271&&ser=655054" "Mozilla/5.0 (Windows NT 10.0; Win64; x64) AppleWebKit/537.36 (KHTML, like Gecko) Chrome/116.0.0.0 Safari/537.36"
178.165.197.197 - - [25/Sep/2023:17:19:36 +0200] "GET /gui/javascript/form_form.js?1695655176 HTTP/1.1" 200 16206 "http://hausegger.activities.at/entry.php?id=10271&&ser=655115" "Mozilla/5.0 (Windows NT 10.0; Win64; x64) AppleWebKit/537.36 (KHTML, like Gecko) Chrome/116.0.0.0 Safari/537.36"
178.165.197.197 - - [25/Sep/2023:17:20:37 +0200] "GET /entry.php?id=10271&&ser=655176 HTTP/1.1" 200 988 "http://hausegger.activities.at/entry.php?id=10271&&ser=655115" "Mozilla/5.0 (Windows NT 10.0; Win64; x64) AppleWebKit/537.36 (KHTML, like Gecko) Chrome/116.0.0.0 Safari/537.36"
178.165.197.197 - - [25/Sep/2023:17:20:37 +0200] "GET /gui/javascript/form_form.js?1695655237 HTTP/1.1" 200 16206 "http://hausegger.activities.at/entry.php?id=10271&&ser=655176" "Mozilla/5.0 (Windows NT 10.0; Win64; x64) AppleWebKit/537.36 (KHTML, like Gecko) Chrome/116.0.0.0 Safari/537.36"
156.59.198.135 - - [25/Sep/2023:17:21:32 +0200] "GET /renault.activities.at/htdocs/log/cron/system_mail_3114982.txt HTTP/1.0" 404 320 "http://212.69.160.11:443/renault.activities.at/htdocs/log/cron/system_mail_3114982.txt" "Mozilla/5.0 (Linux; Android 5.0) AppleWebKit/537.36 (KHTML, like Gecko) Mobile Safari/537.36 (compatible; Bytespider; spider-feedback@bytedance.com)"
178.165.197.197 - - [25/Sep/2023:17:21:38 +0200] "GET /entry.php?id=10271&&ser=655237 HTTP/1.1" 200 988 "http://hausegger.activities.at/entry.php?id=10271&&ser=655176" "Mozilla/5.0 (Windows NT 10.0; Win64; x64) AppleWebKit/537.36 (KHTML, like Gecko) Chrome/116.0.0.0 Safari/537.36"
178.165.197.197 - - [25/Sep/2023:17:21:38 +0200] "GET /gui/javascript/form_form.js?1695655298 HTTP/1.1" 200 16206 "http://hausegger.activities.at/entry.php?id=10271&&ser=655237" "Mozilla/5.0 (Windows NT 10.0; Win64; x64) AppleWebKit/537.36 (KHTML, like Gecko) Chrome/116.0.0.0 Safari/537.36"
178.165.197.197 - - [25/Sep/2023:17:22:39 +0200] "GET /entry.php?id=10271&&ser=655298 HTTP/1.1" 200 988 "http://hausegger.activities.at/entry.php?id=10271&&ser=655237" "Mozilla/5.0 (Windows NT 10.0; Win64; x64) AppleWebKit/537.36 (KHTML, like Gecko) Chrome/116.0.0.0 Safari/537.36"
178.165.197.197 - - [25/Sep/2023:17:22:39 +0200] "GET /gui/javascript/form_form.js?1695655359 HTTP/1.1" 200 16206 "http://hausegger.activities.at/entry.php?id=10271&&ser=655298" "Mozilla/5.0 (Windows NT 10.0; Win64; x64) AppleWebKit/537.36 (KHTML, like Gecko) Chrome/116.0.0.0 Safari/537.36"
156.59.198.136 - - [25/Sep/2023:17:23:33 +0200] "GET /renault.activities.at/htdocs/log/cron/system_mail_3115660.txt HTTP/1.0" 404 321 "http://212.69.160.11:443/renault.activities.at/htdocs/log/cron/system_mail_3115660.txt" "Mozilla/5.0 (Linux; Android 5.0) AppleWebKit/537.36 (KHTML, like Gecko) Mobile Safari/537.36 (compatible; Bytespider; spider-feedback@bytedance.com)"
178.165.197.197 - - [25/Sep/2023:17:23:40 +0200] "GET /entry.php?id=10271&&ser=655359 HTTP/1.1" 200 988 "http://hausegger.activities.at/entry.php?id=10271&&ser=655298" "Mozilla/5.0 (Windows NT 10.0; Win64; x64) AppleWebKit/537.36 (KHTML, like Gecko) Chrome/116.0.0.0 Safari/537.36"
178.165.197.197 - - [25/Sep/2023:17:23:40 +0200] "GET /gui/javascript/form_form.js?1695655420 HTTP/1.1" 200 16206 "http://hausegger.activities.at/entry.php?id=10271&&ser=655359" "Mozilla/5.0 (Windows NT 10.0; Win64; x64) AppleWebKit/537.36 (KHTML, like Gecko) Chrome/116.0.0.0 Safari/537.36"
156.59.198.136 - - [25/Sep/2023:17:23:58 +0200] "GET /renault.activities.at/htdocs/log/cron/system_mail_3115754.txt HTTP/1.0" 404 321 "http://212.69.160.11:443/renault.activities.at/htdocs/log/cron/system_mail_3115754.txt" "Mozilla/5.0 (Linux; Android 5.0) AppleWebKit/537.36 (KHTML, like Gecko) Mobile Safari/537.36 (compatible; Bytespider; spider-feedback@bytedance.com)"
178.165.197.197 - - [25/Sep/2023:17:24:41 +0200] "GET /entry.php?id=10271&&ser=655420 HTTP/1.1" 200 987 "http://hausegger.activities.at/entry.php?id=10271&&ser=655359" "Mozilla/5.0 (Windows NT 10.0; Win64; x64) AppleWebKit/537.36 (KHTML, like Gecko) Chrome/116.0.0.0 Safari/537.36"
178.165.197.197 - - [25/Sep/2023:17:24:41 +0200] "GET /gui/javascript/form_form.js?1695655481 HTTP/1.1" 200 16206 "http://hausegger.activities.at/entry.php?id=10271&&ser=655420" "Mozilla/5.0 (Windows NT 10.0; Win64; x64) AppleWebKit/537.36 (KHTML, like Gecko) Chrome/116.0.0.0 Safari/537.36"
156.59.198.136 - - [25/Sep/2023:17:25:36 +0200] "GET /renault.activities.at/htdocs/log/cron/exportXML_3115252.txt HTTP/1.0" 404 320 "http://212.69.160.11:443/renault.activities.at/htdocs/log/cron/exportXML_3115252.txt" "Mozilla/5.0 (Linux; Android 5.0) AppleWebKit/537.36 (KHTML, like Gecko) Mobile Safari/537.36 (compatible; Bytespider; spider-feedback@bytedance.com)"
178.165.197.197 - - [25/Sep/2023:17:25:42 +0200] "GET /entry.php?id=10271&&ser=655481 HTTP/1.1" 200 988 "http://hausegger.activities.at/entry.php?id=10271&&ser=655420" "Mozilla/5.0 (Windows NT 10.0; Win64; x64) AppleWebKit/537.36 (KHTML, like Gecko) Chrome/116.0.0.0 Safari/537.36"
178.165.197.197 - - [25/Sep/2023:17:25:42 +0200] "GET /gui/javascript/form_form.js?1695655542 HTTP/1.1" 200 16206 "http://hausegger.activities.at/entry.php?id=10271&&ser=655481" "Mozilla/5.0 (Windows NT 10.0; Win64; x64) AppleWebKit/537.36 (KHTML, like Gecko) Chrome/116.0.0.0 Safari/537.36"
178.165.197.197 - - [25/Sep/2023:17:26:43 +0200] "GET /entry.php?id=10271&&ser=655542 HTTP/1.1" 200 988 "http://hausegger.activities.at/entry.php?id=10271&&ser=655481" "Mozilla/5.0 (Windows NT 10.0; Win64; x64) AppleWebKit/537.36 (KHTML, like Gecko) Chrome/116.0.0.0 Safari/537.36"
178.165.197.197 - - [25/Sep/2023:17:26:43 +0200] "GET /gui/javascript/form_form.js?1695655603 HTTP/1.1" 200 16206 "http://hausegger.activities.at/entry.php?id=10271&&ser=655542" "Mozilla/5.0 (Windows NT 10.0; Win64; x64) AppleWebKit/537.36 (KHTML, like Gecko) Chrome/116.0.0.0 Safari/537.36"
178.165.197.197 - - [25/Sep/2023:17:27:44 +0200] "GET /entry.php?id=10271&&ser=655603 HTTP/1.1" 200 988 "http://hausegger.activities.at/entry.php?id=10271&&ser=655542" "Mozilla/5.0 (Windows NT 10.0; Win64; x64) AppleWebKit/537.36 (KHTML, like Gecko) Chrome/116.0.0.0 Safari/537.36"
178.165.197.197 - - [25/Sep/2023:17:27:44 +0200] "GET /gui/javascript/form_form.js?1695655664 HTTP/1.1" 200 16206 "http://hausegger.activities.at/entry.php?id=10271&&ser=655603" "Mozilla/5.0 (Windows NT 10.0; Win64; x64) AppleWebKit/537.36 (KHTML, like Gecko) Chrome/116.0.0.0 Safari/537.36"
178.165.197.197 - - [25/Sep/2023:17:28:45 +0200] "GET /entry.php?id=10271&&ser=655664 HTTP/1.1" 200 988 "http://hausegger.activities.at/entry.php?id=10271&&ser=655603" "Mozilla/5.0 (Windows NT 10.0; Win64; x64) AppleWebKit/537.36 (KHTML, like Gecko) Chrome/116.0.0.0 Safari/537.36"
178.165.197.197 - - [25/Sep/2023:17:28:45 +0200] "GET /gui/javascript/form_form.js?1695655725 HTTP/1.1" 200 16206 "http://hausegger.activities.at/entry.php?id=10271&&ser=655664" "Mozilla/5.0 (Windows NT 10.0; Win64; x64) AppleWebKit/537.36 (KHTML, like Gecko) Chrome/116.0.0.0 Safari/537.36"
178.165.197.197 - - [25/Sep/2023:17:29:46 +0200] "GET /entry.php?id=10271&&ser=655725 HTTP/1.1" 200 988 "http://hausegger.activities.at/entry.php?id=10271&&ser=655664" "Mozilla/5.0 (Windows NT 10.0; Win64; x64) AppleWebKit/537.36 (KHTML, like Gecko) Chrome/116.0.0.0 Safari/537.36"
178.165.197.197 - - [25/Sep/2023:17:29:46 +0200] "GET /gui/javascript/form_form.js?1695655786 HTTP/1.1" 200 16206 "http://hausegger.activities.at/entry.php?id=10271&&ser=655725" "Mozilla/5.0 (Windows NT 10.0; Win64; x64) AppleWebKit/537.36 (KHTML, like Gecko) Chrome/116.0.0.0 Safari/537.36"
178.165.197.197 - - [25/Sep/2023:17:30:47 +0200] "GET /entry.php?id=10271&&ser=655786 HTTP/1.1" 200 988 "http://hausegger.activities.at/entry.php?id=10271&&ser=655725" "Mozilla/5.0 (Windows NT 10.0; Win64; x64) AppleWebKit/537.36 (KHTML, like Gecko) Chrome/116.0.0.0 Safari/537.36"
178.165.197.197 - - [25/Sep/2023:17:30:47 +0200] "GET /gui/javascript/form_form.js?1695655847 HTTP/1.1" 200 16206 "http://hausegger.activities.at/entry.php?id=10271&&ser=655786" "Mozilla/5.0 (Windows NT 10.0; Win64; x64) AppleWebKit/537.36 (KHTML, like Gecko) Chrome/116.0.0.0 Safari/537.36"
156.59.198.136 - - [25/Sep/2023:17:31:38 +0200] "GET /renault.activities.at/htdocs/log/cron/reminder_mailing_3115064.txt HTTP/1.0" 404 323 "http://212.69.160.11:443/renault.activities.at/htdocs/log/cron/reminder_mailing_3115064.txt" "Mozilla/5.0 (Linux; Android 5.0) AppleWebKit/537.36 (KHTML, like Gecko) Mobile Safari/537.36 (compatible; Bytespider; spider-feedback@bytedance.com)"
178.165.197.197 - - [25/Sep/2023:17:31:48 +0200] "GET /entry.php?id=10271&&ser=655847 HTTP/1.1" 200 988 "http://hausegger.activities.at/entry.php?id=10271&&ser=655786" "Mozilla/5.0 (Windows NT 10.0; Win64; x64) AppleWebKit/537.36 (KHTML, like Gecko) Chrome/116.0.0.0 Safari/537.36"
178.165.197.197 - - [25/Sep/2023:17:31:48 +0200] "GET /gui/javascript/form_form.js?1695655908 HTTP/1.1" 200 16206 "http://hausegger.activities.at/entry.php?id=10271&&ser=655847" "Mozilla/5.0 (Windows NT 10.0; Win64; x64) AppleWebKit/537.36 (KHTML, like Gecko) Chrome/116.0.0.0 Safari/537.36"
156.59.198.136 - - [25/Sep/2023:17:32:02 +0200] "GET /renault.activities.at/htdocs/log/cron/system_mail_3115185.txt HTTP/1.0" 404 320 "http://212.69.160.11:443/renault.activities.at/htdocs/log/cron/system_mail_3115185.txt" "Mozilla/5.0 (Linux; Android 5.0) AppleWebKit/537.36 (KHTML, like Gecko) Mobile Safari/537.36 (compatible; Bytespider; spider-feedback@bytedance.com)"
178.165.197.197 - - [25/Sep/2023:17:32:49 +0200] "GET /entry.php?id=10271&&ser=655908 HTTP/1.1" 200 988 "http://hausegger.activities.at/entry.php?id=10271&&ser=655847" "Mozilla/5.0 (Windows NT 10.0; Win64; x64) AppleWebKit/537.36 (KHTML, like Gecko) Chrome/116.0.0.0 Safari/537.36"
178.165.197.197 - - [25/Sep/2023:17:32:49 +0200] "GET /gui/javascript/form_form.js?1695655969 HTTP/1.1" 200 16206 "http://hausegger.activities.at/entry.php?id=10271&&ser=655908" "Mozilla/5.0 (Windows NT 10.0; Win64; x64) AppleWebKit/537.36 (KHTML, like Gecko) Chrome/116.0.0.0 Safari/537.36"
156.59.198.136 - - [25/Sep/2023:17:33:40 +0200] "GET /renault.activities.at/htdocs/log/cron/reminder_mailing_3115251.txt HTTP/1.0" 404 323 "http://212.69.160.11:443/renault.activities.at/htdocs/log/cron/reminder_mailing_3115251.txt" "Mozilla/5.0 (Linux; Android 5.0) AppleWebKit/537.36 (KHTML, like Gecko) Mobile Safari/537.36 (compatible; Bytespider; spider-feedback@bytedance.com)"
178.165.197.197 - - [25/Sep/2023:17:33:50 +0200] "GET /entry.php?id=10271&&ser=655969 HTTP/1.1" 200 987 "http://hausegger.activities.at/entry.php?id=10271&&ser=655908" "Mozilla/5.0 (Windows NT 10.0; Win64; x64) AppleWebKit/537.36 (KHTML, like Gecko) Chrome/116.0.0.0 Safari/537.36"
178.165.197.197 - - [25/Sep/2023:17:33:50 +0200] "GET /gui/javascript/form_form.js?1695656030 HTTP/1.1" 200 16206 "http://hausegger.activities.at/entry.php?id=10271&&ser=655969" "Mozilla/5.0 (Windows NT 10.0; Win64; x64) AppleWebKit/537.36 (KHTML, like Gecko) Chrome/116.0.0.0 Safari/537.36"
156.59.198.135 - - [25/Sep/2023:17:34:04 +0200] "GET /renault.activities.at/htdocs/log/cron/reminder_mailing_3115150.txt HTTP/1.0" 404 323 "http://212.69.160.11:443/renault.activities.at/htdocs/log/cron/reminder_mailing_3115150.txt" "Mozilla/5.0 (Linux; Android 5.0) AppleWebKit/537.36 (KHTML, like Gecko) Mobile Safari/537.36 (compatible; Bytespider; spider-feedback@bytedance.com)"
156.59.198.136 - - [25/Sep/2023:17:34:28 +0200] "GET /renault.activities.at/htdocs/log/cron/pickupLogisticData_3114954.txt HTTP/1.0" 404 325 "http://212.69.160.11:443/renault.activities.at/htdocs/log/cron/pickupLogisticData_3114954.txt" "Mozilla/5.0 (Linux; Android 5.0) AppleWebKit/537.36 (KHTML, like Gecko) Mobile Safari/537.36 (compatible; Bytespider; spider-feedback@bytedance.com)"
178.165.197.197 - - [25/Sep/2023:17:34:51 +0200] "GET /entry.php?id=10271&&ser=656030 HTTP/1.1" 200 987 "http://hausegger.activities.at/entry.php?id=10271&&ser=655969" "Mozilla/5.0 (Windows NT 10.0; Win64; x64) AppleWebKit/537.36 (KHTML, like Gecko) Chrome/116.0.0.0 Safari/537.36"
178.165.197.197 - - [25/Sep/2023:17:34:51 +0200] "GET /gui/javascript/form_form.js?1695656091 HTTP/1.1" 200 16206 "http://hausegger.activities.at/entry.php?id=10271&&ser=656030" "Mozilla/5.0 (Windows NT 10.0; Win64; x64) AppleWebKit/537.36 (KHTML, like Gecko) Chrome/116.0.0.0 Safari/537.36"
156.59.198.136 - - [25/Sep/2023:17:35:41 +0200] "GET /renault.activities.at/htdocs/log/cron/reminder_mailing_3115307.txt HTTP/1.0" 404 323 "http://212.69.160.11:443/renault.activities.at/htdocs/log/cron/reminder_mailing_3115307.txt" "Mozilla/5.0 (Linux; Android 5.0) AppleWebKit/537.36 (KHTML, like Gecko) Mobile Safari/537.36 (compatible; Bytespider; spider-feedback@bytedance.com)"
178.165.197.197 - - [25/Sep/2023:17:35:52 +0200] "GET /entry.php?id=10271&&ser=656091 HTTP/1.1" 200 988 "http://hausegger.activities.at/entry.php?id=10271&&ser=656030" "Mozilla/5.0 (Windows NT 10.0; Win64; x64) AppleWebKit/537.36 (KHTML, like Gecko) Chrome/116.0.0.0 Safari/537.36"
178.165.197.197 - - [25/Sep/2023:17:35:52 +0200] "GET /gui/javascript/form_form.js?1695656152 HTTP/1.1" 200 16206 "http://hausegger.activities.at/entry.php?id=10271&&ser=656091" "Mozilla/5.0 (Windows NT 10.0; Win64; x64) AppleWebKit/537.36 (KHTML, like Gecko) Chrome/116.0.0.0 Safari/537.36"
178.165.197.197 - - [25/Sep/2023:17:36:53 +0200] "GET /entry.php?id=10271&&ser=656152 HTTP/1.1" 200 987 "http://hausegger.activities.at/entry.php?id=10271&&ser=656091" "Mozilla/5.0 (Windows NT 10.0; Win64; x64) AppleWebKit/537.36 (KHTML, like Gecko) Chrome/116.0.0.0 Safari/537.36"
178.165.197.197 - - [25/Sep/2023:17:36:53 +0200] "GET /gui/javascript/form_form.js?1695656213 HTTP/1.1" 200 16206 "http://hausegger.activities.at/entry.php?id=10271&&ser=656152" "Mozilla/5.0 (Windows NT 10.0; Win64; x64) AppleWebKit/537.36 (KHTML, like Gecko) Chrome/116.0.0.0 Safari/537.36"
156.59.198.136 - - [25/Sep/2023:17:37:42 +0200] "GET /renault.activities.at/htdocs/log/cron/reminder_mailing_3116195.txt HTTP/1.0" 404 322 "http://212.69.160.11:443/renault.activities.at/htdocs/log/cron/reminder_mailing_3116195.txt" "Mozilla/5.0 (Linux; Android 5.0) AppleWebKit/537.36 (KHTML, like Gecko) Mobile Safari/537.36 (compatible; Bytespider; spider-feedback@bytedance.com)"
178.165.197.197 - - [25/Sep/2023:17:37:54 +0200] "GET /entry.php?id=10271&&ser=656213 HTTP/1.1" 200 987 "http://hausegger.activities.at/entry.php?id=10271&&ser=656152" "Mozilla/5.0 (Windows NT 10.0; Win64; x64) AppleWebKit/537.36 (KHTML, like Gecko) Chrome/116.0.0.0 Safari/537.36"
178.165.197.197 - - [25/Sep/2023:17:37:54 +0200] "GET /gui/javascript/form_form.js?1695656274 HTTP/1.1" 200 16206 "http://hausegger.activities.at/entry.php?id=10271&&ser=656213" "Mozilla/5.0 (Windows NT 10.0; Win64; x64) AppleWebKit/537.36 (KHTML, like Gecko) Chrome/116.0.0.0 Safari/537.36"
156.59.198.136 - - [25/Sep/2023:17:38:06 +0200] "GET /renault.activities.at/htdocs/log/cron/system_mail_3116181.txt HTTP/1.0" 404 320 "http://212.69.160.11:443/renault.activities.at/htdocs/log/cron/system_mail_3116181.txt" "Mozilla/5.0 (Linux; Android 5.0) AppleWebKit/537.36 (KHTML, like Gecko) Mobile Safari/537.36 (compatible; Bytespider; spider-feedback@bytedance.com)"
156.59.198.136 - - [25/Sep/2023:17:38:31 +0200] "GET /renault.activities.at/htdocs/log/cron/system_mail_3115429.txt HTTP/1.0" 404 320 "http://212.69.160.11:443/renault.activities.at/htdocs/log/cron/system_mail_3115429.txt" "Mozilla/5.0 (Linux; Android 5.0) AppleWebKit/537.36 (KHTML, like Gecko) Mobile Safari/537.36 (compatible; Bytespider; spider-feedback@bytedance.com)"
178.165.197.197 - - [25/Sep/2023:17:38:55 +0200] "GET /entry.php?id=10271&&ser=656274 HTTP/1.1" 200 988 "http://hausegger.activities.at/entry.php?id=10271&&ser=656213" "Mozilla/5.0 (Windows NT 10.0; Win64; x64) AppleWebKit/537.36 (KHTML, like Gecko) Chrome/116.0.0.0 Safari/537.36"
156.59.198.135 - - [25/Sep/2023:17:38:55 +0200] "GET /renault.activities.at/htdocs/log/cron/reminder_mailing_3115828.txt HTTP/1.0" 404 323 "http://212.69.160.11:443/renault.activities.at/htdocs/log/cron/reminder_mailing_3115828.txt" "Mozilla/5.0 (Linux; Android 5.0) AppleWebKit/537.36 (KHTML, like Gecko) Mobile Safari/537.36 (compatible; Bytespider; spider-feedback@bytedance.com)"
178.165.197.197 - - [25/Sep/2023:17:38:55 +0200] "GET /gui/javascript/form_form.js?1695656335 HTTP/1.1" 200 16206 "http://hausegger.activities.at/entry.php?id=10271&&ser=656274" "Mozilla/5.0 (Windows NT 10.0; Win64; x64) AppleWebKit/537.36 (KHTML, like Gecko) Chrome/116.0.0.0 Safari/537.36"
156.59.198.136 - - [25/Sep/2023:17:39:44 +0200] "GET /renault.activities.at/htdocs/log/cron/check_inventory_days_3115818.txt HTTP/1.0" 404 326 "http://212.69.160.11:443/renault.activities.at/htdocs/log/cron/check_inventory_days_3115818.txt" "Mozilla/5.0 (Linux; Android 5.0) AppleWebKit/537.36 (KHTML, like Gecko) Mobile Safari/537.36 (compatible; Bytespider; spider-feedback@bytedance.com)"
178.165.197.197 - - [25/Sep/2023:17:39:56 +0200] "GET /entry.php?id=10271&&ser=656335 HTTP/1.1" 200 988 "http://hausegger.activities.at/entry.php?id=10271&&ser=656274" "Mozilla/5.0 (Windows NT 10.0; Win64; x64) AppleWebKit/537.36 (KHTML, like Gecko) Chrome/116.0.0.0 Safari/537.36"
178.165.197.197 - - [25/Sep/2023:17:39:56 +0200] "GET /gui/javascript/form_form.js?1695656396 HTTP/1.1" 200 16206 "http://hausegger.activities.at/entry.php?id=10271&&ser=656335" "Mozilla/5.0 (Windows NT 10.0; Win64; x64) AppleWebKit/537.36 (KHTML, like Gecko) Chrome/116.0.0.0 Safari/537.36"
178.165.197.197 - - [25/Sep/2023:17:40:57 +0200] "GET /entry.php?id=10271&&ser=656396 HTTP/1.1" 200 988 "http://hausegger.activities.at/entry.php?id=10271&&ser=656335" "Mozilla/5.0 (Windows NT 10.0; Win64; x64) AppleWebKit/537.36 (KHTML, like Gecko) Chrome/116.0.0.0 Safari/537.36"
178.165.197.197 - - [25/Sep/2023:17:40:57 +0200] "GET /gui/javascript/form_form.js?1695656457 HTTP/1.1" 200 16206 "http://hausegger.activities.at/entry.php?id=10271&&ser=656396" "Mozilla/5.0 (Windows NT 10.0; Win64; x64) AppleWebKit/537.36 (KHTML, like Gecko) Chrome/116.0.0.0 Safari/537.36"
156.59.198.135 - - [25/Sep/2023:17:41:46 +0200] "GET /renault.activities.at/htdocs/log/cron/exportXML_3115522.txt HTTP/1.0" 404 320 "http://212.69.160.11:443/renault.activities.at/htdocs/log/cron/exportXML_3115522.txt" "Mozilla/5.0 (Linux; Android 5.0) AppleWebKit/537.36 (KHTML, like Gecko) Mobile Safari/537.36 (compatible; Bytespider; spider-feedback@bytedance.com)"
178.165.197.197 - - [25/Sep/2023:17:41:58 +0200] "GET /entry.php?id=10271&&ser=656457 HTTP/1.1" 200 986 "http://hausegger.activities.at/entry.php?id=10271&&ser=656396" "Mozilla/5.0 (Windows NT 10.0; Win64; x64) AppleWebKit/537.36 (KHTML, like Gecko) Chrome/116.0.0.0 Safari/537.36"
178.165.197.197 - - [25/Sep/2023:17:41:58 +0200] "GET /gui/javascript/form_form.js?1695656518 HTTP/1.1" 200 16206 "http://hausegger.activities.at/entry.php?id=10271&&ser=656457" "Mozilla/5.0 (Windows NT 10.0; Win64; x64) AppleWebKit/537.36 (KHTML, like Gecko) Chrome/116.0.0.0 Safari/537.36"
178.165.197.197 - - [25/Sep/2023:17:42:59 +0200] "GET /entry.php?id=10271&&ser=656518 HTTP/1.1" 200 986 "http://hausegger.activities.at/entry.php?id=10271&&ser=656457" "Mozilla/5.0 (Windows NT 10.0; Win64; x64) AppleWebKit/537.36 (KHTML, like Gecko) Chrome/116.0.0.0 Safari/537.36"
178.165.197.197 - - [25/Sep/2023:17:42:59 +0200] "GET /gui/javascript/form_form.js?1695656579 HTTP/1.1" 200 16206 "http://hausegger.activities.at/entry.php?id=10271&&ser=656518" "Mozilla/5.0 (Windows NT 10.0; Win64; x64) AppleWebKit/537.36 (KHTML, like Gecko) Chrome/116.0.0.0 Safari/537.36"
156.59.198.136 - - [25/Sep/2023:17:43:46 +0200] "GET /renault.activities.at/htdocs/log/cron/system_mail_3116223.txt HTTP/1.0" 404 320 "http://212.69.160.11:443/renault.activities.at/htdocs/log/cron/system_mail_3116223.txt" "Mozilla/5.0 (Linux; Android 5.0) AppleWebKit/537.36 (KHTML, like Gecko) Mobile Safari/537.36 (compatible; Bytespider; spider-feedback@bytedance.com)"
178.165.197.197 - - [25/Sep/2023:17:44:00 +0200] "GET /entry.php?id=10271&&ser=656579 HTTP/1.1" 200 988 "http://hausegger.activities.at/entry.php?id=10271&&ser=656518" "Mozilla/5.0 (Windows NT 10.0; Win64; x64) AppleWebKit/537.36 (KHTML, like Gecko) Chrome/116.0.0.0 Safari/537.36"
178.165.197.197 - - [25/Sep/2023:17:44:00 +0200] "GET /gui/javascript/form_form.js?1695656640 HTTP/1.1" 200 16206 "http://hausegger.activities.at/entry.php?id=10271&&ser=656579" "Mozilla/5.0 (Windows NT 10.0; Win64; x64) AppleWebKit/537.36 (KHTML, like Gecko) Chrome/116.0.0.0 Safari/537.36"
178.165.197.197 - - [25/Sep/2023:17:45:01 +0200] "GET /entry.php?id=10271&&ser=656640 HTTP/1.1" 200 987 "http://hausegger.activities.at/entry.php?id=10271&&ser=656579" "Mozilla/5.0 (Windows NT 10.0; Win64; x64) AppleWebKit/537.36 (KHTML, like Gecko) Chrome/116.0.0.0 Safari/537.36"
178.165.197.197 - - [25/Sep/2023:17:45:01 +0200] "GET /gui/javascript/form_form.js?1695656701 HTTP/1.1" 200 16206 "http://hausegger.activities.at/entry.php?id=10271&&ser=656640" "Mozilla/5.0 (Windows NT 10.0; Win64; x64) AppleWebKit/537.36 (KHTML, like Gecko) Chrome/116.0.0.0 Safari/537.36"
178.165.197.197 - - [25/Sep/2023:17:46:02 +0200] "GET /entry.php?id=10271&&ser=656701 HTTP/1.1" 200 987 "http://hausegger.activities.at/entry.php?id=10271&&ser=656640" "Mozilla/5.0 (Windows NT 10.0; Win64; x64) AppleWebKit/537.36 (KHTML, like Gecko) Chrome/116.0.0.0 Safari/537.36"
178.165.197.197 - - [25/Sep/2023:17:46:02 +0200] "GET /gui/javascript/form_form.js?1695656762 HTTP/1.1" 200 16206 "http://hausegger.activities.at/entry.php?id=10271&&ser=656701" "Mozilla/5.0 (Windows NT 10.0; Win64; x64) AppleWebKit/537.36 (KHTML, like Gecko) Chrome/116.0.0.0 Safari/537.36"
178.165.197.197 - - [25/Sep/2023:17:47:03 +0200] "GET /entry.php?id=10271&&ser=656762 HTTP/1.1" 200 987 "http://hausegger.activities.at/entry.php?id=10271&&ser=656701" "Mozilla/5.0 (Windows NT 10.0; Win64; x64) AppleWebKit/537.36 (KHTML, like Gecko) Chrome/116.0.0.0 Safari/537.36"
178.165.197.197 - - [25/Sep/2023:17:47:03 +0200] "GET /gui/javascript/form_form.js?1695656823 HTTP/1.1" 200 16206 "http://hausegger.activities.at/entry.php?id=10271&&ser=656762" "Mozilla/5.0 (Windows NT 10.0; Win64; x64) AppleWebKit/537.36 (KHTML, like Gecko) Chrome/116.0.0.0 Safari/537.36"
178.165.197.197 - - [25/Sep/2023:17:48:04 +0200] "GET /entry.php?id=10271&&ser=656823 HTTP/1.1" 200 987 "http://hausegger.activities.at/entry.php?id=10271&&ser=656762" "Mozilla/5.0 (Windows NT 10.0; Win64; x64) AppleWebKit/537.36 (KHTML, like Gecko) Chrome/116.0.0.0 Safari/537.36"
178.165.197.197 - - [25/Sep/2023:17:48:04 +0200] "GET /gui/javascript/form_form.js?1695656884 HTTP/1.1" 200 16206 "http://hausegger.activities.at/entry.php?id=10271&&ser=656823" "Mozilla/5.0 (Windows NT 10.0; Win64; x64) AppleWebKit/537.36 (KHTML, like Gecko) Chrome/116.0.0.0 Safari/537.36"
156.59.198.135 - - [25/Sep/2023:17:48:12 +0200] "GET /renault.activities.at/htdocs/log/cron/system_mail_3116480.txt HTTP/1.0" 404 320 "http://212.69.160.11:443/renault.activities.at/htdocs/log/cron/system_mail_3116480.txt" "Mozilla/5.0 (Linux; Android 5.0) AppleWebKit/537.36 (KHTML, like Gecko) Mobile Safari/537.36 (compatible; Bytespider; spider-feedback@bytedance.com)"
178.165.197.197 - - [25/Sep/2023:17:49:05 +0200] "GET /entry.php?id=10271&&ser=656884 HTTP/1.1" 200 988 "http://hausegger.activities.at/entry.php?id=10271&&ser=656823" "Mozilla/5.0 (Windows NT 10.0; Win64; x64) AppleWebKit/537.36 (KHTML, like Gecko) Chrome/116.0.0.0 Safari/537.36"
178.165.197.197 - - [25/Sep/2023:17:49:05 +0200] "GET /gui/javascript/form_form.js?1695656945 HTTP/1.1" 200 16206 "http://hausegger.activities.at/entry.php?id=10271&&ser=656884" "Mozilla/5.0 (Windows NT 10.0; Win64; x64) AppleWebKit/537.36 (KHTML, like Gecko) Chrome/116.0.0.0 Safari/537.36"
156.59.198.136 - - [25/Sep/2023:17:49:50 +0200] "GET /renault.activities.at/htdocs/log/cron/system_mail_3115086.txt HTTP/1.0" 404 321 "http://212.69.160.11:443/renault.activities.at/htdocs/log/cron/system_mail_3115086.txt" "Mozilla/5.0 (Linux; Android 5.0) AppleWebKit/537.36 (KHTML, like Gecko) Mobile Safari/537.36 (compatible; Bytespider; spider-feedback@bytedance.com)"
178.165.197.197 - - [25/Sep/2023:17:50:06 +0200] "GET /entry.php?id=10271&&ser=656945 HTTP/1.1" 200 987 "http://hausegger.activities.at/entry.php?id=10271&&ser=656884" "Mozilla/5.0 (Windows NT 10.0; Win64; x64) AppleWebKit/537.36 (KHTML, like Gecko) Chrome/116.0.0.0 Safari/537.36"
178.165.197.197 - - [25/Sep/2023:17:50:06 +0200] "GET /gui/javascript/form_form.js?1695657006 HTTP/1.1" 200 16206 "http://hausegger.activities.at/entry.php?id=10271&&ser=656945" "Mozilla/5.0 (Windows NT 10.0; Win64; x64) AppleWebKit/537.36 (KHTML, like Gecko) Chrome/116.0.0.0 Safari/537.36"
178.165.197.197 - - [25/Sep/2023:17:51:07 +0200] "GET /entry.php?id=10271&&ser=657006 HTTP/1.1" 200 987 "http://hausegger.activities.at/entry.php?id=10271&&ser=656945" "Mozilla/5.0 (Windows NT 10.0; Win64; x64) AppleWebKit/537.36 (KHTML, like Gecko) Chrome/116.0.0.0 Safari/537.36"
178.165.197.197 - - [25/Sep/2023:17:51:07 +0200] "GET /gui/javascript/form_form.js?1695657067 HTTP/1.1" 200 16206 "http://hausegger.activities.at/entry.php?id=10271&&ser=657006" "Mozilla/5.0 (Windows NT 10.0; Win64; x64) AppleWebKit/537.36 (KHTML, like Gecko) Chrome/116.0.0.0 Safari/537.36"
156.59.198.136 - - [25/Sep/2023:17:51:50 +0200] "GET /renault.activities.at/htdocs/log/cron/autologout_3116502.txt HTTP/1.0" 404 318 "http://212.69.160.11:443/renault.activities.at/htdocs/log/cron/autologout_3116502.txt" "Mozilla/5.0 (Linux; Android 5.0) AppleWebKit/537.36 (KHTML, like Gecko) Mobile Safari/537.36 (compatible; Bytespider; spider-feedback@bytedance.com)"
178.165.197.197 - - [25/Sep/2023:17:52:08 +0200] "GET /entry.php?id=10271&&ser=657067 HTTP/1.1" 200 987 "http://hausegger.activities.at/entry.php?id=10271&&ser=657006" "Mozilla/5.0 (Windows NT 10.0; Win64; x64) AppleWebKit/537.36 (KHTML, like Gecko) Chrome/116.0.0.0 Safari/537.36"
178.165.197.197 - - [25/Sep/2023:17:52:08 +0200] "GET /gui/javascript/form_form.js?1695657128 HTTP/1.1" 200 16206 "http://hausegger.activities.at/entry.php?id=10271&&ser=657067" "Mozilla/5.0 (Windows NT 10.0; Win64; x64) AppleWebKit/537.36 (KHTML, like Gecko) Chrome/116.0.0.0 Safari/537.36"
178.165.197.197 - - [25/Sep/2023:17:53:09 +0200] "GET /entry.php?id=10271&&ser=657128 HTTP/1.1" 200 987 "http://hausegger.activities.at/entry.php?id=10271&&ser=657067" "Mozilla/5.0 (Windows NT 10.0; Win64; x64) AppleWebKit/537.36 (KHTML, like Gecko) Chrome/116.0.0.0 Safari/537.36"
178.165.197.197 - - [25/Sep/2023:17:53:09 +0200] "GET /gui/javascript/form_form.js?1695657189 HTTP/1.1" 200 16206 "http://hausegger.activities.at/entry.php?id=10271&&ser=657128" "Mozilla/5.0 (Windows NT 10.0; Win64; x64) AppleWebKit/537.36 (KHTML, like Gecko) Chrome/116.0.0.0 Safari/537.36"
178.165.197.197 - - [25/Sep/2023:17:54:10 +0200] "GET /entry.php?id=10271&&ser=657189 HTTP/1.1" 200 986 "http://hausegger.activities.at/entry.php?id=10271&&ser=657128" "Mozilla/5.0 (Windows NT 10.0; Win64; x64) AppleWebKit/537.36 (KHTML, like Gecko) Chrome/116.0.0.0 Safari/537.36"
178.165.197.197 - - [25/Sep/2023:17:54:10 +0200] "GET /gui/javascript/form_form.js?1695657250 HTTP/1.1" 200 16206 "http://hausegger.activities.at/entry.php?id=10271&&ser=657189" "Mozilla/5.0 (Windows NT 10.0; Win64; x64) AppleWebKit/537.36 (KHTML, like Gecko) Chrome/116.0.0.0 Safari/537.36"
178.165.197.197 - - [25/Sep/2023:17:55:11 +0200] "GET /entry.php?id=10271&&ser=657250 HTTP/1.1" 200 986 "http://hausegger.activities.at/entry.php?id=10271&&ser=657189" "Mozilla/5.0 (Windows NT 10.0; Win64; x64) AppleWebKit/537.36 (KHTML, like Gecko) Chrome/116.0.0.0 Safari/537.36"
178.165.197.197 - - [25/Sep/2023:17:55:11 +0200] "GET /gui/javascript/form_form.js?1695657311 HTTP/1.1" 200 16206 "http://hausegger.activities.at/entry.php?id=10271&&ser=657250" "Mozilla/5.0 (Windows NT 10.0; Win64; x64) AppleWebKit/537.36 (KHTML, like Gecko) Chrome/116.0.0.0 Safari/537.36"
178.165.197.197 - - [25/Sep/2023:17:56:12 +0200] "GET /entry.php?id=10271&&ser=657311 HTTP/1.1" 200 987 "http://hausegger.activities.at/entry.php?id=10271&&ser=657250" "Mozilla/5.0 (Windows NT 10.0; Win64; x64) AppleWebKit/537.36 (KHTML, like Gecko) Chrome/116.0.0.0 Safari/537.36"
178.165.197.197 - - [25/Sep/2023:17:56:12 +0200] "GET /gui/javascript/form_form.js?1695657372 HTTP/1.1" 200 16206 "http://hausegger.activities.at/entry.php?id=10271&&ser=657311" "Mozilla/5.0 (Windows NT 10.0; Win64; x64) AppleWebKit/537.36 (KHTML, like Gecko) Chrome/116.0.0.0 Safari/537.36"
178.165.197.197 - - [25/Sep/2023:17:57:13 +0200] "GET /entry.php?id=10271&&ser=657372 HTTP/1.1" 200 987 "http://hausegger.activities.at/entry.php?id=10271&&ser=657311" "Mozilla/5.0 (Windows NT 10.0; Win64; x64) AppleWebKit/537.36 (KHTML, like Gecko) Chrome/116.0.0.0 Safari/537.36"
178.165.197.197 - - [25/Sep/2023:17:57:13 +0200] "GET /gui/javascript/form_form.js?1695657433 HTTP/1.1" 200 16206 "http://hausegger.activities.at/entry.php?id=10271&&ser=657372" "Mozilla/5.0 (Windows NT 10.0; Win64; x64) AppleWebKit/537.36 (KHTML, like Gecko) Chrome/116.0.0.0 Safari/537.36"
178.165.197.197 - - [25/Sep/2023:17:58:14 +0200] "GET /entry.php?id=10271&&ser=657433 HTTP/1.1" 200 987 "http://hausegger.activities.at/entry.php?id=10271&&ser=657372" "Mozilla/5.0 (Windows NT 10.0; Win64; x64) AppleWebKit/537.36 (KHTML, like Gecko) Chrome/116.0.0.0 Safari/537.36"
178.165.197.197 - - [25/Sep/2023:17:58:14 +0200] "GET /gui/javascript/form_form.js?1695657494 HTTP/1.1" 200 16206 "http://hausegger.activities.at/entry.php?id=10271&&ser=657433" "Mozilla/5.0 (Windows NT 10.0; Win64; x64) AppleWebKit/537.36 (KHTML, like Gecko) Chrome/116.0.0.0 Safari/537.36"
47.128.25.241 - - [25/Sep/2023:17:58:32 +0200] "GET /editor/dialogs/php/link.php HTTP/1.1" 200 1993 "http://212.69.160.11:443/renault.activities.at/htdocs/activities/gui/applications/cms_cds/cm_art_popupframeset.php" "Mozilla/5.0 (Linux; Android 5.0) AppleWebKit/537.36 (KHTML, like Gecko) Mobile Safari/537.36 (compatible; Bytespider; spider-feedback@bytedance.com)"
47.128.25.241 - - [25/Sep/2023:17:58:32 +0200] "GET /editor/dialogs/php/link.php HTTP/1.1" 200 1993 "http://212.69.160.11:443/renault.activities.at/htdocs/activities/gui/applications/cms_cds/cm_art_popupframeset.php?id=PAGE_AA_ARTICLE_CHOOSER&mode=frame" "Mozilla/5.0 (Linux; Android 5.0) AppleWebKit/537.36 (KHTML, like Gecko) Mobile Safari/537.36 (compatible; Bytespider; spider-feedback@bytedance.com)"
47.128.25.241 - - [25/Sep/2023:17:58:33 +0200] "GET /editor/dialogs/php/link.php HTTP/1.1" 200 1993 "http://212.69.160.11:443/renault.activities.at/htdocs/activities/gui/applications/cms_cds/cm_art_popupframeset.php?id=PAGE_AA_ARTICLE_CHOOSER&mode=frame" "Mozilla/5.0 (Linux; Android 5.0) AppleWebKit/537.36 (KHTML, like Gecko) Mobile Safari/537.36 (compatible; Bytespider; spider-feedback@bytedance.com)"
47.128.25.241 - - [25/Sep/2023:17:58:35 +0200] "GET /editor/include/dialog.js HTTP/1.1" 200 789 "http://212.69.160.11/editor/dialogs/php/link.php" "Mozilla/5.0 (Linux; Android 5.0) AppleWebKit/537.36 (KHTML, like Gecko) Mobile Safari/537.36 (compatible; Bytespider; spider-feedback@bytedance.com)"
47.128.25.241 - - [25/Sep/2023:17:58:35 +0200] "GET /editor/design/style/dialog.css HTTP/1.1" 200 423 "http://212.69.160.11/editor/dialogs/php/link.php" "Mozilla/5.0 (Linux; Android 5.0) AppleWebKit/537.36 (KHTML, like Gecko) Mobile Safari/537.36 (compatible; Bytespider; spider-feedback@bytedance.com)"
178.165.197.197 - - [25/Sep/2023:17:59:15 +0200] "GET /entry.php?id=10271&&ser=657494 HTTP/1.1" 200 987 "http://hausegger.activities.at/entry.php?id=10271&&ser=657433" "Mozilla/5.0 (Windows NT 10.0; Win64; x64) AppleWebKit/537.36 (KHTML, like Gecko) Chrome/116.0.0.0 Safari/537.36"
178.165.197.197 - - [25/Sep/2023:17:59:15 +0200] "GET /gui/javascript/form_form.js?1695657555 HTTP/1.1" 200 16206 "http://hausegger.activities.at/entry.php?id=10271&&ser=657494" "Mozilla/5.0 (Windows NT 10.0; Win64; x64) AppleWebKit/537.36 (KHTML, like Gecko) Chrome/116.0.0.0 Safari/537.36"
