91.141.70.191 - - [27/Sep/2023:16:53:51 +0200] "GET /entry.php?id=10271&&ser=826367 HTTP/1.1" 200 987 "http://hausegger.activities.at/entry.php?id=10271&&ser=826302" "Mozilla/5.0 (Windows NT 10.0; Win64; x64; rv:109.0) Gecko/20100101 Firefox/117.0"
91.141.70.191 - - [27/Sep/2023:16:53:51 +0200] "GET /gui/javascript/form_form.js?1695826431 HTTP/1.1" 200 16206 "http://hausegger.activities.at/entry.php?id=10271&&ser=826367" "Mozilla/5.0 (Windows NT 10.0; Win64; x64; rv:109.0) Gecko/20100101 Firefox/117.0"
156.59.198.136 - - [27/Sep/2023:16:54:10 +0200] "GET /renault.activities.at/htdocs/export/pdf/emuc_document/10922406.pdf HTTP/1.0" 404 321 "http://212.69.160.11:443/renault.activities.at/htdocs/export/pdf/emuc_document/" "Mozilla/5.0 (Linux; Android 5.0) AppleWebKit/537.36 (KHTML, like Gecko) Mobile Safari/537.36 (compatible; Bytespider; spider-feedback@bytedance.com)"
156.59.198.136 - - [27/Sep/2023:16:54:34 +0200] "GET /renault.activities.at/htdocs/export/pdf/emuc_document/11348259.pdf HTTP/1.0" 404 322 "http://212.69.160.11:443/renault.activities.at/htdocs/export/pdf/emuc_document/" "Mozilla/5.0 (Linux; Android 5.0) AppleWebKit/537.36 (KHTML, like Gecko) Mobile Safari/537.36 (compatible; Bytespider; spider-feedback@bytedance.com)"
91.141.70.191 - - [27/Sep/2023:16:54:41 +0200] "GET /entry.php?id=10271&&ser=826420 HTTP/1.1" 200 987 "http://hausegger.activities.at/entry.php?id=10271&&ser=826359" "Mozilla/5.0 (Windows NT 10.0; Win64; x64) AppleWebKit/537.36 (KHTML, like Gecko) Chrome/117.0.0.0 Safari/537.36"
91.141.70.191 - - [27/Sep/2023:16:54:41 +0200] "GET /gui/javascript/form_form.js?1695826481 HTTP/1.1" 200 16206 "http://hausegger.activities.at/entry.php?id=10271&&ser=826420" "Mozilla/5.0 (Windows NT 10.0; Win64; x64) AppleWebKit/537.36 (KHTML, like Gecko) Chrome/117.0.0.0 Safari/537.36"
91.141.70.191 - - [27/Sep/2023:16:54:51 +0200] "GET /entry.php?id=10271&&ser=826431 HTTP/1.1" 200 987 "http://hausegger.activities.at/entry.php?id=10271&&ser=826367" "Mozilla/5.0 (Windows NT 10.0; Win64; x64; rv:109.0) Gecko/20100101 Firefox/117.0"
91.141.70.191 - - [27/Sep/2023:16:54:51 +0200] "GET /gui/javascript/form_form.js?1695826491 HTTP/1.1" 200 16206 "http://hausegger.activities.at/entry.php?id=10271&&ser=826431" "Mozilla/5.0 (Windows NT 10.0; Win64; x64; rv:109.0) Gecko/20100101 Firefox/117.0"
156.59.198.135 - - [27/Sep/2023:16:54:59 +0200] "GET /renault.activities.at/htdocs/export/pdf/emuc_document/11898915.pdf HTTP/1.0" 404 321 "http://212.69.160.11:443/renault.activities.at/htdocs/export/pdf/emuc_document/" "Mozilla/5.0 (Linux; Android 5.0) AppleWebKit/537.36 (KHTML, like Gecko) Mobile Safari/537.36 (compatible; Bytespider; spider-feedback@bytedance.com)"
156.59.198.136 - - [27/Sep/2023:16:55:24 +0200] "GET /renault.activities.at/htdocs/export/pdf/emuc_document/11537859.pdf HTTP/1.0" 404 323 "http://212.69.160.11:443/renault.activities.at/htdocs/export/pdf/emuc_document/" "Mozilla/5.0 (Linux; Android 5.0) AppleWebKit/537.36 (KHTML, like Gecko) Mobile Safari/537.36 (compatible; Bytespider; spider-feedback@bytedance.com)"
91.141.70.191 - - [27/Sep/2023:16:55:42 +0200] "GET /entry.php?id=10271&&ser=826481 HTTP/1.1" 200 987 "http://hausegger.activities.at/entry.php?id=10271&&ser=826420" "Mozilla/5.0 (Windows NT 10.0; Win64; x64) AppleWebKit/537.36 (KHTML, like Gecko) Chrome/117.0.0.0 Safari/537.36"
91.141.70.191 - - [27/Sep/2023:16:55:42 +0200] "GET /gui/javascript/form_form.js?1695826542 HTTP/1.1" 200 16206 "http://hausegger.activities.at/entry.php?id=10271&&ser=826481" "Mozilla/5.0 (Windows NT 10.0; Win64; x64) AppleWebKit/537.36 (KHTML, like Gecko) Chrome/117.0.0.0 Safari/537.36"
156.59.198.135 - - [27/Sep/2023:16:55:48 +0200] "GET /renault.activities.at/htdocs/export/pdf/emuc_document/11043534.pdf HTTP/1.0" 404 322 "http://212.69.160.11:443/renault.activities.at/htdocs/export/pdf/emuc_document/" "Mozilla/5.0 (Linux; Android 5.0) AppleWebKit/537.36 (KHTML, like Gecko) Mobile Safari/537.36 (compatible; Bytespider; spider-feedback@bytedance.com)"
91.141.70.191 - - [27/Sep/2023:16:55:52 +0200] "GET /entry.php?id=10271&&ser=826491 HTTP/1.1" 200 988 "http://hausegger.activities.at/entry.php?id=10271&&ser=826431" "Mozilla/5.0 (Windows NT 10.0; Win64; x64; rv:109.0) Gecko/20100101 Firefox/117.0"
91.141.70.191 - - [27/Sep/2023:16:55:52 +0200] "GET /gui/javascript/form_form.js?1695826552 HTTP/1.1" 200 16206 "http://hausegger.activities.at/entry.php?id=10271&&ser=826491" "Mozilla/5.0 (Windows NT 10.0; Win64; x64; rv:109.0) Gecko/20100101 Firefox/117.0"
156.59.198.136 - - [27/Sep/2023:16:56:13 +0200] "GET /renault.activities.at/htdocs/export/pdf/emuc_document/11228147.pdf HTTP/1.0" 404 322 "http://212.69.160.11:443/renault.activities.at/htdocs/export/pdf/emuc_document/" "Mozilla/5.0 (Linux; Android 5.0) AppleWebKit/537.36 (KHTML, like Gecko) Mobile Safari/537.36 (compatible; Bytespider; spider-feedback@bytedance.com)"
156.59.198.135 - - [27/Sep/2023:16:56:39 +0200] "GET /renault.activities.at/htdocs/export/pdf/emuc_document/10883862.pdf HTTP/1.0" 404 322 "http://212.69.160.11:443/renault.activities.at/htdocs/export/pdf/emuc_document/" "Mozilla/5.0 (Linux; Android 5.0) AppleWebKit/537.36 (KHTML, like Gecko) Mobile Safari/537.36 (compatible; Bytespider; spider-feedback@bytedance.com)"
91.141.70.191 - - [27/Sep/2023:16:56:43 +0200] "GET /entry.php?id=10271&&ser=826542 HTTP/1.1" 200 987 "http://hausegger.activities.at/entry.php?id=10271&&ser=826481" "Mozilla/5.0 (Windows NT 10.0; Win64; x64) AppleWebKit/537.36 (KHTML, like Gecko) Chrome/117.0.0.0 Safari/537.36"
91.141.70.191 - - [27/Sep/2023:16:56:43 +0200] "GET /gui/javascript/form_form.js?1695826603 HTTP/1.1" 200 16206 "http://hausegger.activities.at/entry.php?id=10271&&ser=826542" "Mozilla/5.0 (Windows NT 10.0; Win64; x64) AppleWebKit/537.36 (KHTML, like Gecko) Chrome/117.0.0.0 Safari/537.36"
91.141.70.191 - - [27/Sep/2023:16:56:52 +0200] "GET /entry.php?id=10271&&ser=826552 HTTP/1.1" 200 987 "http://hausegger.activities.at/entry.php?id=10271&&ser=826491" "Mozilla/5.0 (Windows NT 10.0; Win64; x64; rv:109.0) Gecko/20100101 Firefox/117.0"
91.141.70.191 - - [27/Sep/2023:16:56:52 +0200] "GET /gui/javascript/form_form.js?1695826612 HTTP/1.1" 200 16206 "http://hausegger.activities.at/entry.php?id=10271&&ser=826552" "Mozilla/5.0 (Windows NT 10.0; Win64; x64; rv:109.0) Gecko/20100101 Firefox/117.0"
156.59.198.135 - - [27/Sep/2023:16:57:04 +0200] "GET /renault.activities.at/htdocs/export/pdf/emuc_document/11314651.pdf HTTP/1.0" 404 322 "http://212.69.160.11:443/renault.activities.at/htdocs/export/pdf/emuc_document/" "Mozilla/5.0 (Linux; Android 5.0) AppleWebKit/537.36 (KHTML, like Gecko) Mobile Safari/537.36 (compatible; Bytespider; spider-feedback@bytedance.com)"
156.59.198.136 - - [27/Sep/2023:16:57:27 +0200] "GET /renault.activities.at/htdocs/export/pdf/emuc_document/10344902.pdf HTTP/1.0" 404 322 "http://212.69.160.11:443/renault.activities.at/htdocs/export/pdf/emuc_document/" "Mozilla/5.0 (Linux; Android 5.0) AppleWebKit/537.36 (KHTML, like Gecko) Mobile Safari/537.36 (compatible; Bytespider; spider-feedback@bytedance.com)"
91.141.70.191 - - [27/Sep/2023:16:57:44 +0200] "GET /entry.php?id=10271&&ser=826603 HTTP/1.1" 200 987 "http://hausegger.activities.at/entry.php?id=10271&&ser=826542" "Mozilla/5.0 (Windows NT 10.0; Win64; x64) AppleWebKit/537.36 (KHTML, like Gecko) Chrome/117.0.0.0 Safari/537.36"
91.141.70.191 - - [27/Sep/2023:16:57:44 +0200] "GET /gui/javascript/form_form.js?1695826664 HTTP/1.1" 200 16206 "http://hausegger.activities.at/entry.php?id=10271&&ser=826603" "Mozilla/5.0 (Windows NT 10.0; Win64; x64) AppleWebKit/537.36 (KHTML, like Gecko) Chrome/117.0.0.0 Safari/537.36"
156.59.198.136 - - [27/Sep/2023:16:57:52 +0200] "GET /renault.activities.at/htdocs/export/pdf/emuc_document/11086217.pdf HTTP/1.0" 404 322 "http://212.69.160.11:443/renault.activities.at/htdocs/export/pdf/emuc_document/" "Mozilla/5.0 (Linux; Android 5.0) AppleWebKit/537.36 (KHTML, like Gecko) Mobile Safari/537.36 (compatible; Bytespider; spider-feedback@bytedance.com)"
91.141.70.191 - - [27/Sep/2023:16:57:52 +0200] "GET /entry.php?id=10271&&ser=826612 HTTP/1.1" 200 987 "http://hausegger.activities.at/entry.php?id=10271&&ser=826552" "Mozilla/5.0 (Windows NT 10.0; Win64; x64; rv:109.0) Gecko/20100101 Firefox/117.0"
91.141.70.191 - - [27/Sep/2023:16:57:52 +0200] "GET /gui/javascript/form_form.js?1695826672 HTTP/1.1" 200 16206 "http://hausegger.activities.at/entry.php?id=10271&&ser=826612" "Mozilla/5.0 (Windows NT 10.0; Win64; x64; rv:109.0) Gecko/20100101 Firefox/117.0"
156.59.198.136 - - [27/Sep/2023:16:58:16 +0200] "GET /renault.activities.at/htdocs/export/pdf/emuc_document/11170759.pdf HTTP/1.0" 404 322 "http://212.69.160.11:443/renault.activities.at/htdocs/export/pdf/emuc_document/" "Mozilla/5.0 (Linux; Android 5.0) AppleWebKit/537.36 (KHTML, like Gecko) Mobile Safari/537.36 (compatible; Bytespider; spider-feedback@bytedance.com)"
156.59.198.135 - - [27/Sep/2023:16:58:41 +0200] "GET /renault.activities.at/htdocs/export/pdf/emuc_document/10606989.pdf HTTP/1.0" 404 322 "http://212.69.160.11:443/renault.activities.at/htdocs/export/pdf/emuc_document/" "Mozilla/5.0 (Linux; Android 5.0) AppleWebKit/537.36 (KHTML, like Gecko) Mobile Safari/537.36 (compatible; Bytespider; spider-feedback@bytedance.com)"
91.141.70.191 - - [27/Sep/2023:16:58:45 +0200] "GET /entry.php?id=10271&&ser=826664 HTTP/1.1" 200 987 "http://hausegger.activities.at/entry.php?id=10271&&ser=826603" "Mozilla/5.0 (Windows NT 10.0; Win64; x64) AppleWebKit/537.36 (KHTML, like Gecko) Chrome/117.0.0.0 Safari/537.36"
91.141.70.191 - - [27/Sep/2023:16:58:45 +0200] "GET /gui/javascript/form_form.js?1695826725 HTTP/1.1" 200 16206 "http://hausegger.activities.at/entry.php?id=10271&&ser=826664" "Mozilla/5.0 (Windows NT 10.0; Win64; x64) AppleWebKit/537.36 (KHTML, like Gecko) Chrome/117.0.0.0 Safari/537.36"
31.220.1.83 - - [27/Sep/2023:16:58:47 +0200] "GET / HTTP/1.1" 200 274 "-" "Mozilla/5.0 (compatible; CensysInspect/1.1; +https://about.censys.io/)"
91.141.70.191 - - [27/Sep/2023:16:58:53 +0200] "GET /entry.php?id=10271&&ser=826672 HTTP/1.1" 200 987 "http://hausegger.activities.at/entry.php?id=10271&&ser=826612" "Mozilla/5.0 (Windows NT 10.0; Win64; x64; rv:109.0) Gecko/20100101 Firefox/117.0"
91.141.70.191 - - [27/Sep/2023:16:58:53 +0200] "GET /gui/javascript/form_form.js?1695826733 HTTP/1.1" 200 16206 "http://hausegger.activities.at/entry.php?id=10271&&ser=826672" "Mozilla/5.0 (Windows NT 10.0; Win64; x64; rv:109.0) Gecko/20100101 Firefox/117.0"
156.59.198.136 - - [27/Sep/2023:16:59:05 +0200] "GET /renault.activities.at/htdocs/export/pdf/emuc_document/11582015.pdf HTTP/1.0" 404 321 "http://212.69.160.11:443/renault.activities.at/htdocs/export/pdf/emuc_document/" "Mozilla/5.0 (Linux; Android 5.0) AppleWebKit/537.36 (KHTML, like Gecko) Mobile Safari/537.36 (compatible; Bytespider; spider-feedback@bytedance.com)"
156.59.198.135 - - [27/Sep/2023:16:59:30 +0200] "GET /renault.activities.at/htdocs/export/pdf/emuc_document/11182030.pdf HTTP/1.0" 404 321 "http://212.69.160.11:443/renault.activities.at/htdocs/export/pdf/emuc_document/" "Mozilla/5.0 (Linux; Android 5.0) AppleWebKit/537.36 (KHTML, like Gecko) Mobile Safari/537.36 (compatible; Bytespider; spider-feedback@bytedance.com)"
91.141.70.191 - - [27/Sep/2023:16:59:46 +0200] "GET /entry.php?id=10271&&ser=826725 HTTP/1.1" 200 987 "http://hausegger.activities.at/entry.php?id=10271&&ser=826664" "Mozilla/5.0 (Windows NT 10.0; Win64; x64) AppleWebKit/537.36 (KHTML, like Gecko) Chrome/117.0.0.0 Safari/537.36"
91.141.70.191 - - [27/Sep/2023:16:59:46 +0200] "GET /gui/javascript/form_form.js?1695826786 HTTP/1.1" 200 16206 "http://hausegger.activities.at/entry.php?id=10271&&ser=826725" "Mozilla/5.0 (Windows NT 10.0; Win64; x64) AppleWebKit/537.36 (KHTML, like Gecko) Chrome/117.0.0.0 Safari/537.36"
91.141.70.191 - - [27/Sep/2023:16:59:53 +0200] "GET /entry.php?id=10271&&ser=826733 HTTP/1.1" 200 987 "http://hausegger.activities.at/entry.php?id=10271&&ser=826672" "Mozilla/5.0 (Windows NT 10.0; Win64; x64; rv:109.0) Gecko/20100101 Firefox/117.0"
91.141.70.191 - - [27/Sep/2023:16:59:53 +0200] "GET /gui/javascript/form_form.js?1695826793 HTTP/1.1" 200 16206 "http://hausegger.activities.at/entry.php?id=10271&&ser=826733" "Mozilla/5.0 (Windows NT 10.0; Win64; x64; rv:109.0) Gecko/20100101 Firefox/117.0"
156.59.198.135 - - [27/Sep/2023:16:59:54 +0200] "GET /renault.activities.at/htdocs/export/pdf/emuc_document/10425949.pdf HTTP/1.0" 404 322 "http://212.69.160.11:443/renault.activities.at/htdocs/export/pdf/emuc_document/" "Mozilla/5.0 (Linux; Android 5.0) AppleWebKit/537.36 (KHTML, like Gecko) Mobile Safari/537.36 (compatible; Bytespider; spider-feedback@bytedance.com)"
156.59.198.135 - - [27/Sep/2023:17:00:19 +0200] "GET /renault.activities.at/htdocs/export/pdf/emuc_document/11274350.pdf HTTP/1.0" 404 322 "http://212.69.160.11:443/renault.activities.at/htdocs/export/pdf/emuc_document/" "Mozilla/5.0 (Linux; Android 5.0) AppleWebKit/537.36 (KHTML, like Gecko) Mobile Safari/537.36 (compatible; Bytespider; spider-feedback@bytedance.com)"
156.59.198.136 - - [27/Sep/2023:17:00:43 +0200] "GET /renault.activities.at/htdocs/export/pdf/emuc_document/11037575.pdf HTTP/1.0" 404 322 "http://212.69.160.11:443/renault.activities.at/htdocs/export/pdf/emuc_document/" "Mozilla/5.0 (Linux; Android 5.0) AppleWebKit/537.36 (KHTML, like Gecko) Mobile Safari/537.36 (compatible; Bytespider; spider-feedback@bytedance.com)"
91.141.70.191 - - [27/Sep/2023:17:00:47 +0200] "GET /entry.php?id=10271&&ser=826786 HTTP/1.1" 200 987 "http://hausegger.activities.at/entry.php?id=10271&&ser=826725" "Mozilla/5.0 (Windows NT 10.0; Win64; x64) AppleWebKit/537.36 (KHTML, like Gecko) Chrome/117.0.0.0 Safari/537.36"
91.141.70.191 - - [27/Sep/2023:17:00:47 +0200] "GET /gui/javascript/form_form.js?1695826847 HTTP/1.1" 200 16206 "http://hausegger.activities.at/entry.php?id=10271&&ser=826786" "Mozilla/5.0 (Windows NT 10.0; Win64; x64) AppleWebKit/537.36 (KHTML, like Gecko) Chrome/117.0.0.0 Safari/537.36"
91.141.70.191 - - [27/Sep/2023:17:00:53 +0200] "GET /entry.php?id=10271&&ser=826793 HTTP/1.1" 200 987 "http://hausegger.activities.at/entry.php?id=10271&&ser=826733" "Mozilla/5.0 (Windows NT 10.0; Win64; x64; rv:109.0) Gecko/20100101 Firefox/117.0"
91.141.70.191 - - [27/Sep/2023:17:00:53 +0200] "GET /gui/javascript/form_form.js?1695826853 HTTP/1.1" 200 16206 "http://hausegger.activities.at/entry.php?id=10271&&ser=826793" "Mozilla/5.0 (Windows NT 10.0; Win64; x64; rv:109.0) Gecko/20100101 Firefox/117.0"
156.59.198.135 - - [27/Sep/2023:17:01:08 +0200] "GET /renault.activities.at/htdocs/export/pdf/emuc_document/10355018.pdf HTTP/1.0" 404 322 "http://212.69.160.11:443/renault.activities.at/htdocs/export/pdf/emuc_document/" "Mozilla/5.0 (Linux; Android 5.0) AppleWebKit/537.36 (KHTML, like Gecko) Mobile Safari/537.36 (compatible; Bytespider; spider-feedback@bytedance.com)"
156.59.198.135 - - [27/Sep/2023:17:01:32 +0200] "GET /renault.activities.at/htdocs/export/pdf/emuc_document/10754087.pdf HTTP/1.0" 404 322 "http://212.69.160.11:443/renault.activities.at/htdocs/export/pdf/emuc_document/" "Mozilla/5.0 (Linux; Android 5.0) AppleWebKit/537.36 (KHTML, like Gecko) Mobile Safari/537.36 (compatible; Bytespider; spider-feedback@bytedance.com)"
91.141.70.191 - - [27/Sep/2023:17:01:48 +0200] "GET /entry.php?id=10271&&ser=826847 HTTP/1.1" 200 987 "http://hausegger.activities.at/entry.php?id=10271&&ser=826786" "Mozilla/5.0 (Windows NT 10.0; Win64; x64) AppleWebKit/537.36 (KHTML, like Gecko) Chrome/117.0.0.0 Safari/537.36"
91.141.70.191 - - [27/Sep/2023:17:01:48 +0200] "GET /gui/javascript/form_form.js?1695826908 HTTP/1.1" 200 16206 "http://hausegger.activities.at/entry.php?id=10271&&ser=826847" "Mozilla/5.0 (Windows NT 10.0; Win64; x64) AppleWebKit/537.36 (KHTML, like Gecko) Chrome/117.0.0.0 Safari/537.36"
91.141.70.191 - - [27/Sep/2023:17:01:53 +0200] "GET /entry.php?id=10271&&ser=826853 HTTP/1.1" 200 987 "http://hausegger.activities.at/entry.php?id=10271&&ser=826793" "Mozilla/5.0 (Windows NT 10.0; Win64; x64; rv:109.0) Gecko/20100101 Firefox/117.0"
91.141.70.191 - - [27/Sep/2023:17:01:54 +0200] "GET /gui/javascript/form_form.js?1695826914 HTTP/1.1" 200 16206 "http://hausegger.activities.at/entry.php?id=10271&&ser=826853" "Mozilla/5.0 (Windows NT 10.0; Win64; x64; rv:109.0) Gecko/20100101 Firefox/117.0"
156.59.198.135 - - [27/Sep/2023:17:01:57 +0200] "GET /renault.activities.at/htdocs/export/pdf/emuc_document/10843296.pdf HTTP/1.0" 404 322 "http://212.69.160.11:443/renault.activities.at/htdocs/export/pdf/emuc_document/" "Mozilla/5.0 (Linux; Android 5.0) AppleWebKit/537.36 (KHTML, like Gecko) Mobile Safari/537.36 (compatible; Bytespider; spider-feedback@bytedance.com)"
156.59.198.135 - - [27/Sep/2023:17:02:22 +0200] "GET /renault.activities.at/htdocs/export/pdf/emuc_document/11013210.pdf HTTP/1.0" 404 321 "http://212.69.160.11:443/renault.activities.at/htdocs/export/pdf/emuc_document/" "Mozilla/5.0 (Linux; Android 5.0) AppleWebKit/537.36 (KHTML, like Gecko) Mobile Safari/537.36 (compatible; Bytespider; spider-feedback@bytedance.com)"
156.59.198.135 - - [27/Sep/2023:17:02:46 +0200] "GET /renault.activities.at/htdocs/export/pdf/emuc_document/11379479.pdf HTTP/1.0" 404 322 "http://212.69.160.11:443/renault.activities.at/htdocs/export/pdf/emuc_document/" "Mozilla/5.0 (Linux; Android 5.0) AppleWebKit/537.36 (KHTML, like Gecko) Mobile Safari/537.36 (compatible; Bytespider; spider-feedback@bytedance.com)"
91.141.70.191 - - [27/Sep/2023:17:02:49 +0200] "GET /entry.php?id=10271&&ser=826908 HTTP/1.1" 200 987 "http://hausegger.activities.at/entry.php?id=10271&&ser=826847" "Mozilla/5.0 (Windows NT 10.0; Win64; x64) AppleWebKit/537.36 (KHTML, like Gecko) Chrome/117.0.0.0 Safari/537.36"
91.141.70.191 - - [27/Sep/2023:17:02:50 +0200] "GET /gui/javascript/form_form.js?1695826969 HTTP/1.1" 200 16206 "http://hausegger.activities.at/entry.php?id=10271&&ser=826908" "Mozilla/5.0 (Windows NT 10.0; Win64; x64) AppleWebKit/537.36 (KHTML, like Gecko) Chrome/117.0.0.0 Safari/537.36"
91.141.70.191 - - [27/Sep/2023:17:02:54 +0200] "GET /entry.php?id=10271&&ser=826914 HTTP/1.1" 200 987 "http://hausegger.activities.at/entry.php?id=10271&&ser=826853" "Mozilla/5.0 (Windows NT 10.0; Win64; x64; rv:109.0) Gecko/20100101 Firefox/117.0"
91.141.70.191 - - [27/Sep/2023:17:02:54 +0200] "GET /gui/javascript/form_form.js?1695826974 HTTP/1.1" 200 16206 "http://hausegger.activities.at/entry.php?id=10271&&ser=826914" "Mozilla/5.0 (Windows NT 10.0; Win64; x64; rv:109.0) Gecko/20100101 Firefox/117.0"
156.59.198.136 - - [27/Sep/2023:17:03:11 +0200] "GET /renault.activities.at/htdocs/export/pdf/emuc_document/10349474.pdf HTTP/1.0" 404 322 "http://212.69.160.11:443/renault.activities.at/htdocs/export/pdf/emuc_document/" "Mozilla/5.0 (Linux; Android 5.0) AppleWebKit/537.36 (KHTML, like Gecko) Mobile Safari/537.36 (compatible; Bytespider; spider-feedback@bytedance.com)"
156.59.198.136 - - [27/Sep/2023:17:03:36 +0200] "GET /renault.activities.at/htdocs/export/pdf/emuc_document/11730130.pdf HTTP/1.0" 404 322 "http://212.69.160.11:443/renault.activities.at/htdocs/export/pdf/emuc_document/" "Mozilla/5.0 (Linux; Android 5.0) AppleWebKit/537.36 (KHTML, like Gecko) Mobile Safari/537.36 (compatible; Bytespider; spider-feedback@bytedance.com)"
91.141.70.191 - - [27/Sep/2023:17:03:50 +0200] "GET /entry.php?id=10271&&ser=826969 HTTP/1.1" 200 987 "http://hausegger.activities.at/entry.php?id=10271&&ser=826908" "Mozilla/5.0 (Windows NT 10.0; Win64; x64) AppleWebKit/537.36 (KHTML, like Gecko) Chrome/117.0.0.0 Safari/537.36"
91.141.70.191 - - [27/Sep/2023:17:03:50 +0200] "GET /gui/javascript/form_form.js?1695827030 HTTP/1.1" 200 16206 "http://hausegger.activities.at/entry.php?id=10271&&ser=826969" "Mozilla/5.0 (Windows NT 10.0; Win64; x64) AppleWebKit/537.36 (KHTML, like Gecko) Chrome/117.0.0.0 Safari/537.36"
91.141.70.191 - - [27/Sep/2023:17:03:54 +0200] "GET /entry.php?id=10271&&ser=826974 HTTP/1.1" 200 987 "http://hausegger.activities.at/entry.php?id=10271&&ser=826914" "Mozilla/5.0 (Windows NT 10.0; Win64; x64; rv:109.0) Gecko/20100101 Firefox/117.0"
91.141.70.191 - - [27/Sep/2023:17:03:54 +0200] "GET /gui/javascript/form_form.js?1695827034 HTTP/1.1" 200 16206 "http://hausegger.activities.at/entry.php?id=10271&&ser=826974" "Mozilla/5.0 (Windows NT 10.0; Win64; x64; rv:109.0) Gecko/20100101 Firefox/117.0"
156.59.198.136 - - [27/Sep/2023:17:04:00 +0200] "GET /renault.activities.at/htdocs/export/pdf/emuc_document/11753934.pdf HTTP/1.0" 404 322 "http://212.69.160.11:443/renault.activities.at/htdocs/export/pdf/emuc_document/" "Mozilla/5.0 (Linux; Android 5.0) AppleWebKit/537.36 (KHTML, like Gecko) Mobile Safari/537.36 (compatible; Bytespider; spider-feedback@bytedance.com)"
156.59.198.135 - - [27/Sep/2023:17:04:26 +0200] "GET /renault.activities.at/htdocs/export/pdf/emuc_document/11818774.pdf HTTP/1.0" 404 322 "http://212.69.160.11:443/renault.activities.at/htdocs/export/pdf/emuc_document/" "Mozilla/5.0 (Linux; Android 5.0) AppleWebKit/537.36 (KHTML, like Gecko) Mobile Safari/537.36 (compatible; Bytespider; spider-feedback@bytedance.com)"
156.59.198.135 - - [27/Sep/2023:17:04:50 +0200] "GET /renault.activities.at/htdocs/export/pdf/emuc_document/10658389.pdf HTTP/1.0" 404 322 "http://212.69.160.11:443/renault.activities.at/htdocs/export/pdf/emuc_document/" "Mozilla/5.0 (Linux; Android 5.0) AppleWebKit/537.36 (KHTML, like Gecko) Mobile Safari/537.36 (compatible; Bytespider; spider-feedback@bytedance.com)"
91.141.70.191 - - [27/Sep/2023:17:04:51 +0200] "GET /entry.php?id=10271&&ser=827030 HTTP/1.1" 200 987 "http://hausegger.activities.at/entry.php?id=10271&&ser=826969" "Mozilla/5.0 (Windows NT 10.0; Win64; x64) AppleWebKit/537.36 (KHTML, like Gecko) Chrome/117.0.0.0 Safari/537.36"
91.141.70.191 - - [27/Sep/2023:17:04:51 +0200] "GET /gui/javascript/form_form.js?1695827091 HTTP/1.1" 200 16206 "http://hausegger.activities.at/entry.php?id=10271&&ser=827030" "Mozilla/5.0 (Windows NT 10.0; Win64; x64) AppleWebKit/537.36 (KHTML, like Gecko) Chrome/117.0.0.0 Safari/537.36"
91.141.70.191 - - [27/Sep/2023:17:04:55 +0200] "GET /entry.php?id=10271&&ser=827034 HTTP/1.1" 200 987 "http://hausegger.activities.at/entry.php?id=10271&&ser=826974" "Mozilla/5.0 (Windows NT 10.0; Win64; x64; rv:109.0) Gecko/20100101 Firefox/117.0"
91.141.70.191 - - [27/Sep/2023:17:04:55 +0200] "GET /gui/javascript/form_form.js?1695827095 HTTP/1.1" 200 16206 "http://hausegger.activities.at/entry.php?id=10271&&ser=827034" "Mozilla/5.0 (Windows NT 10.0; Win64; x64; rv:109.0) Gecko/20100101 Firefox/117.0"
156.59.198.135 - - [27/Sep/2023:17:05:15 +0200] "GET /renault.activities.at/htdocs/export/pdf/emuc_document/11250601.pdf HTTP/1.0" 404 321 "http://212.69.160.11:443/renault.activities.at/htdocs/export/pdf/emuc_document/" "Mozilla/5.0 (Linux; Android 5.0) AppleWebKit/537.36 (KHTML, like Gecko) Mobile Safari/537.36 (compatible; Bytespider; spider-feedback@bytedance.com)"
156.59.198.135 - - [27/Sep/2023:17:05:39 +0200] "GET /renault.activities.at/htdocs/export/pdf/emuc_document/11424497.pdf HTTP/1.0" 404 322 "http://212.69.160.11:443/renault.activities.at/htdocs/export/pdf/emuc_document/" "Mozilla/5.0 (Linux; Android 5.0) AppleWebKit/537.36 (KHTML, like Gecko) Mobile Safari/537.36 (compatible; Bytespider; spider-feedback@bytedance.com)"
91.141.70.191 - - [27/Sep/2023:17:05:52 +0200] "GET /entry.php?id=10271&&ser=827091 HTTP/1.1" 200 987 "http://hausegger.activities.at/entry.php?id=10271&&ser=827030" "Mozilla/5.0 (Windows NT 10.0; Win64; x64) AppleWebKit/537.36 (KHTML, like Gecko) Chrome/117.0.0.0 Safari/537.36"
91.141.70.191 - - [27/Sep/2023:17:05:52 +0200] "GET /gui/javascript/form_form.js?1695827152 HTTP/1.1" 200 16206 "http://hausegger.activities.at/entry.php?id=10271&&ser=827091" "Mozilla/5.0 (Windows NT 10.0; Win64; x64) AppleWebKit/537.36 (KHTML, like Gecko) Chrome/117.0.0.0 Safari/537.36"
91.141.70.191 - - [27/Sep/2023:17:05:55 +0200] "GET /entry.php?id=10271&&ser=827095 HTTP/1.1" 200 988 "http://hausegger.activities.at/entry.php?id=10271&&ser=827034" "Mozilla/5.0 (Windows NT 10.0; Win64; x64; rv:109.0) Gecko/20100101 Firefox/117.0"
91.141.70.191 - - [27/Sep/2023:17:05:55 +0200] "GET /gui/javascript/form_form.js?1695827155 HTTP/1.1" 200 16206 "http://hausegger.activities.at/entry.php?id=10271&&ser=827095" "Mozilla/5.0 (Windows NT 10.0; Win64; x64; rv:109.0) Gecko/20100101 Firefox/117.0"
156.59.198.135 - - [27/Sep/2023:17:06:04 +0200] "GET /renault.activities.at/htdocs/export/pdf/emuc_document/11537727.pdf HTTP/1.0" 404 322 "http://212.69.160.11:443/renault.activities.at/htdocs/export/pdf/emuc_document/" "Mozilla/5.0 (Linux; Android 5.0) AppleWebKit/537.36 (KHTML, like Gecko) Mobile Safari/537.36 (compatible; Bytespider; spider-feedback@bytedance.com)"
156.59.198.136 - - [27/Sep/2023:17:06:28 +0200] "GET /renault.activities.at/htdocs/export/pdf/emuc_document/11320369.pdf HTTP/1.0" 404 322 "http://212.69.160.11:443/renault.activities.at/htdocs/export/pdf/emuc_document/" "Mozilla/5.0 (Linux; Android 5.0) AppleWebKit/537.36 (KHTML, like Gecko) Mobile Safari/537.36 (compatible; Bytespider; spider-feedback@bytedance.com)"
156.59.198.136 - - [27/Sep/2023:17:06:53 +0200] "GET /renault.activities.at/htdocs/export/pdf/emuc_document/11126983.pdf HTTP/1.0" 404 322 "http://212.69.160.11:443/renault.activities.at/htdocs/export/pdf/emuc_document/" "Mozilla/5.0 (Linux; Android 5.0) AppleWebKit/537.36 (KHTML, like Gecko) Mobile Safari/537.36 (compatible; Bytespider; spider-feedback@bytedance.com)"
91.141.70.191 - - [27/Sep/2023:17:06:53 +0200] "GET /entry.php?id=10271&&ser=827152 HTTP/1.1" 200 987 "http://hausegger.activities.at/entry.php?id=10271&&ser=827091" "Mozilla/5.0 (Windows NT 10.0; Win64; x64) AppleWebKit/537.36 (KHTML, like Gecko) Chrome/117.0.0.0 Safari/537.36"
91.141.70.191 - - [27/Sep/2023:17:06:53 +0200] "GET /gui/javascript/form_form.js?1695827213 HTTP/1.1" 200 16206 "http://hausegger.activities.at/entry.php?id=10271&&ser=827152" "Mozilla/5.0 (Windows NT 10.0; Win64; x64) AppleWebKit/537.36 (KHTML, like Gecko) Chrome/117.0.0.0 Safari/537.36"
91.141.70.191 - - [27/Sep/2023:17:06:55 +0200] "GET /entry.php?id=10271&&ser=827155 HTTP/1.1" 200 987 "http://hausegger.activities.at/entry.php?id=10271&&ser=827095" "Mozilla/5.0 (Windows NT 10.0; Win64; x64; rv:109.0) Gecko/20100101 Firefox/117.0"
91.141.70.191 - - [27/Sep/2023:17:06:55 +0200] "GET /gui/javascript/form_form.js?1695827215 HTTP/1.1" 200 16206 "http://hausegger.activities.at/entry.php?id=10271&&ser=827155" "Mozilla/5.0 (Windows NT 10.0; Win64; x64; rv:109.0) Gecko/20100101 Firefox/117.0"
156.59.198.135 - - [27/Sep/2023:17:07:17 +0200] "GET /renault.activities.at/htdocs/export/pdf/emuc_document/11730138.pdf HTTP/1.0" 404 322 "http://212.69.160.11:443/renault.activities.at/htdocs/export/pdf/emuc_document/" "Mozilla/5.0 (Linux; Android 5.0) AppleWebKit/537.36 (KHTML, like Gecko) Mobile Safari/537.36 (compatible; Bytespider; spider-feedback@bytedance.com)"
156.59.198.135 - - [27/Sep/2023:17:07:42 +0200] "GET /renault.activities.at/htdocs/export/pdf/emuc_document/11250632.pdf HTTP/1.0" 404 322 "http://212.69.160.11:443/renault.activities.at/htdocs/export/pdf/emuc_document/" "Mozilla/5.0 (Linux; Android 5.0) AppleWebKit/537.36 (KHTML, like Gecko) Mobile Safari/537.36 (compatible; Bytespider; spider-feedback@bytedance.com)"
91.141.70.191 - - [27/Sep/2023:17:07:54 +0200] "GET /entry.php?id=10271&&ser=827213 HTTP/1.1" 200 986 "http://hausegger.activities.at/entry.php?id=10271&&ser=827152" "Mozilla/5.0 (Windows NT 10.0; Win64; x64) AppleWebKit/537.36 (KHTML, like Gecko) Chrome/117.0.0.0 Safari/537.36"
91.141.70.191 - - [27/Sep/2023:17:07:55 +0200] "GET /gui/javascript/form_form.js?1695827274 HTTP/1.1" 200 16206 "http://hausegger.activities.at/entry.php?id=10271&&ser=827213" "Mozilla/5.0 (Windows NT 10.0; Win64; x64) AppleWebKit/537.36 (KHTML, like Gecko) Chrome/117.0.0.0 Safari/537.36"
91.141.70.191 - - [27/Sep/2023:17:07:55 +0200] "GET /entry.php?id=10271&&ser=827215 HTTP/1.1" 200 987 "http://hausegger.activities.at/entry.php?id=10271&&ser=827155" "Mozilla/5.0 (Windows NT 10.0; Win64; x64; rv:109.0) Gecko/20100101 Firefox/117.0"
91.141.70.191 - - [27/Sep/2023:17:07:55 +0200] "GET /gui/javascript/form_form.js?1695827275 HTTP/1.1" 200 16206 "http://hausegger.activities.at/entry.php?id=10271&&ser=827215" "Mozilla/5.0 (Windows NT 10.0; Win64; x64; rv:109.0) Gecko/20100101 Firefox/117.0"
156.59.198.136 - - [27/Sep/2023:17:08:06 +0200] "GET /renault.activities.at/htdocs/export/pdf/emuc_document/10659766.pdf HTTP/1.0" 404 322 "http://212.69.160.11:443/renault.activities.at/htdocs/export/pdf/emuc_document/" "Mozilla/5.0 (Linux; Android 5.0) AppleWebKit/537.36 (KHTML, like Gecko) Mobile Safari/537.36 (compatible; Bytespider; spider-feedback@bytedance.com)"
156.59.198.136 - - [27/Sep/2023:17:08:32 +0200] "GET /renault.activities.at/htdocs/export/pdf/emuc_document/11898933.pdf HTTP/1.0" 404 322 "http://212.69.160.11:443/renault.activities.at/htdocs/export/pdf/emuc_document/" "Mozilla/5.0 (Linux; Android 5.0) AppleWebKit/537.36 (KHTML, like Gecko) Mobile Safari/537.36 (compatible; Bytespider; spider-feedback@bytedance.com)"
91.141.70.191 - - [27/Sep/2023:17:08:55 +0200] "GET /entry.php?id=10271&&ser=827274 HTTP/1.1" 200 987 "http://hausegger.activities.at/entry.php?id=10271&&ser=827213" "Mozilla/5.0 (Windows NT 10.0; Win64; x64) AppleWebKit/537.36 (KHTML, like Gecko) Chrome/117.0.0.0 Safari/537.36"
91.141.70.191 - - [27/Sep/2023:17:08:55 +0200] "GET /gui/javascript/form_form.js?1695827335 HTTP/1.1" 200 16206 "http://hausegger.activities.at/entry.php?id=10271&&ser=827274" "Mozilla/5.0 (Windows NT 10.0; Win64; x64) AppleWebKit/537.36 (KHTML, like Gecko) Chrome/117.0.0.0 Safari/537.36"
91.141.70.191 - - [27/Sep/2023:17:08:56 +0200] "GET /entry.php?id=10271&&ser=827275 HTTP/1.1" 200 987 "http://hausegger.activities.at/entry.php?id=10271&&ser=827215" "Mozilla/5.0 (Windows NT 10.0; Win64; x64; rv:109.0) Gecko/20100101 Firefox/117.0"
91.141.70.191 - - [27/Sep/2023:17:08:56 +0200] "GET /gui/javascript/form_form.js?1695827336 HTTP/1.1" 200 16206 "http://hausegger.activities.at/entry.php?id=10271&&ser=827275" "Mozilla/5.0 (Windows NT 10.0; Win64; x64; rv:109.0) Gecko/20100101 Firefox/117.0"
156.59.198.135 - - [27/Sep/2023:17:08:56 +0200] "GET /renault.activities.at/htdocs/export/pdf/emuc_document/11298156.pdf HTTP/1.0" 404 321 "http://212.69.160.11:443/renault.activities.at/htdocs/export/pdf/emuc_document/" "Mozilla/5.0 (Linux; Android 5.0) AppleWebKit/537.36 (KHTML, like Gecko) Mobile Safari/537.36 (compatible; Bytespider; spider-feedback@bytedance.com)"
156.59.198.136 - - [27/Sep/2023:17:09:21 +0200] "GET /renault.activities.at/htdocs/export/pdf/emuc_document/11667188.pdf HTTP/1.0" 404 322 "http://212.69.160.11:443/renault.activities.at/htdocs/export/pdf/emuc_document/" "Mozilla/5.0 (Linux; Android 5.0) AppleWebKit/537.36 (KHTML, like Gecko) Mobile Safari/537.36 (compatible; Bytespider; spider-feedback@bytedance.com)"
156.59.198.135 - - [27/Sep/2023:17:09:46 +0200] "GET /renault.activities.at/htdocs/export/pdf/emuc_document/11306522.pdf HTTP/1.0" 404 322 "http://212.69.160.11:443/renault.activities.at/htdocs/export/pdf/emuc_document/" "Mozilla/5.0 (Linux; Android 5.0) AppleWebKit/537.36 (KHTML, like Gecko) Mobile Safari/537.36 (compatible; Bytespider; spider-feedback@bytedance.com)"
91.141.70.191 - - [27/Sep/2023:17:09:56 +0200] "GET /entry.php?id=10271&&ser=827336 HTTP/1.1" 200 987 "http://hausegger.activities.at/entry.php?id=10271&&ser=827275" "Mozilla/5.0 (Windows NT 10.0; Win64; x64; rv:109.0) Gecko/20100101 Firefox/117.0"
91.141.70.191 - - [27/Sep/2023:17:09:56 +0200] "GET /gui/javascript/form_form.js?1695827396 HTTP/1.1" 200 16206 "http://hausegger.activities.at/entry.php?id=10271&&ser=827336" "Mozilla/5.0 (Windows NT 10.0; Win64; x64; rv:109.0) Gecko/20100101 Firefox/117.0"
91.141.70.191 - - [27/Sep/2023:17:09:56 +0200] "GET /entry.php?id=10271&&ser=827335 HTTP/1.1" 200 987 "http://hausegger.activities.at/entry.php?id=10271&&ser=827274" "Mozilla/5.0 (Windows NT 10.0; Win64; x64) AppleWebKit/537.36 (KHTML, like Gecko) Chrome/117.0.0.0 Safari/537.36"
91.141.70.191 - - [27/Sep/2023:17:09:56 +0200] "GET /gui/javascript/form_form.js?1695827396 HTTP/1.1" 200 16206 "http://hausegger.activities.at/entry.php?id=10271&&ser=827335" "Mozilla/5.0 (Windows NT 10.0; Win64; x64) AppleWebKit/537.36 (KHTML, like Gecko) Chrome/117.0.0.0 Safari/537.36"
156.59.198.135 - - [27/Sep/2023:17:10:12 +0200] "GET /renault.activities.at/htdocs/export/pdf/emuc_document/10776182.pdf HTTP/1.0" 404 322 "http://212.69.160.11:443/renault.activities.at/htdocs/export/pdf/emuc_document/" "Mozilla/5.0 (Linux; Android 5.0) AppleWebKit/537.36 (KHTML, like Gecko) Mobile Safari/537.36 (compatible; Bytespider; spider-feedback@bytedance.com)"
156.59.198.136 - - [27/Sep/2023:17:10:37 +0200] "GET /renault.activities.at/htdocs/export/pdf/emuc_document/11772832.pdf HTTP/1.0" 404 322 "http://212.69.160.11:443/renault.activities.at/htdocs/export/pdf/emuc_document/" "Mozilla/5.0 (Linux; Android 5.0) AppleWebKit/537.36 (KHTML, like Gecko) Mobile Safari/537.36 (compatible; Bytespider; spider-feedback@bytedance.com)"
91.141.70.191 - - [27/Sep/2023:17:10:54 +0200] "GET /entry.php?id=11049 HTTP/1.1" 200 2122 "http://hausegger.activities.at/entry.php?id=10270&__app__=10006038" "Mozilla/5.0 (Windows NT 10.0; Win64; x64; rv:109.0) Gecko/20100101 Firefox/117.0"
91.141.70.191 - - [27/Sep/2023:17:10:54 +0200] "GET /gui/javascript/form_lo_store_administration.js?1695827454 HTTP/1.1" 200 4261 "http://hausegger.activities.at/entry.php?id=11049" "Mozilla/5.0 (Windows NT 10.0; Win64; x64; rv:109.0) Gecko/20100101 Firefox/117.0"
91.141.70.191 - - [27/Sep/2023:17:10:54 +0200] "GET /gui/javascript/form_form.js?1695827454 HTTP/1.1" 200 16206 "http://hausegger.activities.at/entry.php?id=11049" "Mozilla/5.0 (Windows NT 10.0; Win64; x64; rv:109.0) Gecko/20100101 Firefox/117.0"
91.141.70.191 - - [27/Sep/2023:17:10:55 +0200] "GET /entry.php?id=11358&&hiddetitle=1 HTTP/1.1" 200 190 "http://hausegger.activities.at/entry.php?id=11049" "Mozilla/5.0 (Windows NT 10.0; Win64; x64; rv:109.0) Gecko/20100101 Firefox/117.0"
91.141.70.191 - - [27/Sep/2023:17:10:55 +0200] "GET /entry.php?id=11356&hiddetitle=1& HTTP/1.1" 200 3072 "http://hausegger.activities.at/entry.php?id=11358&&hiddetitle=1" "Mozilla/5.0 (Windows NT 10.0; Win64; x64; rv:109.0) Gecko/20100101 Firefox/117.0"
91.141.70.191 - - [27/Sep/2023:17:10:55 +0200] "GET /gui/javascript/form_lo_store_administration.js?1695827455 HTTP/1.1" 200 4261 "http://hausegger.activities.at/entry.php?id=11356&hiddetitle=1&" "Mozilla/5.0 (Windows NT 10.0; Win64; x64; rv:109.0) Gecko/20100101 Firefox/117.0"
91.141.70.191 - - [27/Sep/2023:17:10:55 +0200] "GET /gui/javascript/form_form.js?1695827455 HTTP/1.1" 200 16206 "http://hausegger.activities.at/entry.php?id=11356&hiddetitle=1&" "Mozilla/5.0 (Windows NT 10.0; Win64; x64; rv:109.0) Gecko/20100101 Firefox/117.0"
91.141.70.191 - - [27/Sep/2023:17:10:55 +0200] "GET /entry.php?id=11357&hiddetitle=1& HTTP/1.1" 200 2217 "http://hausegger.activities.at/entry.php?id=11358&&hiddetitle=1" "Mozilla/5.0 (Windows NT 10.0; Win64; x64; rv:109.0) Gecko/20100101 Firefox/117.0"
91.141.70.191 - - [27/Sep/2023:17:10:55 +0200] "GET /framework/icons/treeview/ftv2folderclosed.gif HTTP/1.1" 200 161 "http://hausegger.activities.at/entry.php?id=11356&hiddetitle=1&" "Mozilla/5.0 (Windows NT 10.0; Win64; x64; rv:109.0) Gecko/20100101 Firefox/117.0"
91.141.70.191 - - [27/Sep/2023:17:10:55 +0200] "GET /framework/icons/treeview/ftv2pnode.gif HTTP/1.1" 200 133 "http://hausegger.activities.at/entry.php?id=11356&hiddetitle=1&" "Mozilla/5.0 (Windows NT 10.0; Win64; x64; rv:109.0) Gecko/20100101 Firefox/117.0"
91.141.70.191 - - [27/Sep/2023:17:10:55 +0200] "GET /entry.php?id=10776&form=11185&name=list& HTTP/1.1" 200 1496 "http://hausegger.activities.at/entry.php?id=11357&hiddetitle=1&" "Mozilla/5.0 (Windows NT 10.0; Win64; x64; rv:109.0) Gecko/20100101 Firefox/117.0"
91.141.70.191 - - [27/Sep/2023:17:10:55 +0200] "GET /entry.php?id=10778&form=11185&name=list& HTTP/1.1" 200 2546 "http://hausegger.activities.at/entry.php?id=11357&hiddetitle=1&" "Mozilla/5.0 (Windows NT 10.0; Win64; x64; rv:109.0) Gecko/20100101 Firefox/117.0"
91.141.70.191 - - [27/Sep/2023:17:10:56 +0200] "GET /entry.php?id=10271&&ser=827396 HTTP/1.1" 200 986 "http://hausegger.activities.at/entry.php?id=10271&&ser=827336" "Mozilla/5.0 (Windows NT 10.0; Win64; x64; rv:109.0) Gecko/20100101 Firefox/117.0"
91.141.70.191 - - [27/Sep/2023:17:10:57 +0200] "GET /gui/javascript/form_form.js?1695827456 HTTP/1.1" 200 16206 "http://hausegger.activities.at/entry.php?id=10271&&ser=827396" "Mozilla/5.0 (Windows NT 10.0; Win64; x64; rv:109.0) Gecko/20100101 Firefox/117.0"
91.141.70.191 - - [27/Sep/2023:17:10:57 +0200] "GET /entry.php?id=10271&&ser=827396 HTTP/1.1" 200 986 "http://hausegger.activities.at/entry.php?id=10271&&ser=827335" "Mozilla/5.0 (Windows NT 10.0; Win64; x64) AppleWebKit/537.36 (KHTML, like Gecko) Chrome/117.0.0.0 Safari/537.36"
91.141.70.191 - - [27/Sep/2023:17:10:57 +0200] "POST /entry.php?id=11356 HTTP/1.1" 200 2354 "http://hausegger.activities.at/entry.php?id=11356&hiddetitle=1&" "Mozilla/5.0 (Windows NT 10.0; Win64; x64; rv:109.0) Gecko/20100101 Firefox/117.0"
91.141.70.191 - - [27/Sep/2023:17:10:57 +0200] "GET /gui/javascript/form_form.js?1695827457 HTTP/1.1" 200 16206 "http://hausegger.activities.at/entry.php?id=10271&&ser=827396" "Mozilla/5.0 (Windows NT 10.0; Win64; x64) AppleWebKit/537.36 (KHTML, like Gecko) Chrome/117.0.0.0 Safari/537.36"
91.141.70.191 - - [27/Sep/2023:17:10:57 +0200] "GET /gui/javascript/form_lo_store_administration.js?1695827457 HTTP/1.1" 200 4261 "http://hausegger.activities.at/entry.php?id=11356" "Mozilla/5.0 (Windows NT 10.0; Win64; x64; rv:109.0) Gecko/20100101 Firefox/117.0"
91.141.70.191 - - [27/Sep/2023:17:10:57 +0200] "GET /gui/javascript/form_form.js?1695827457 HTTP/1.1" 200 16206 "http://hausegger.activities.at/entry.php?id=11356" "Mozilla/5.0 (Windows NT 10.0; Win64; x64; rv:109.0) Gecko/20100101 Firefox/117.0"
91.141.70.191 - - [27/Sep/2023:17:10:58 +0200] "GET /entry.php?id=10776&form=11184&name=list& HTTP/1.1" 200 1376 "http://hausegger.activities.at/entry.php?id=11356" "Mozilla/5.0 (Windows NT 10.0; Win64; x64; rv:109.0) Gecko/20100101 Firefox/117.0"
91.141.70.191 - - [27/Sep/2023:17:10:58 +0200] "GET /entry.php?id=10778&form=11184&name=list& HTTP/1.1" 200 3338 "http://hausegger.activities.at/entry.php?id=11356" "Mozilla/5.0 (Windows NT 10.0; Win64; x64; rv:109.0) Gecko/20100101 Firefox/117.0"
156.59.198.135 - - [27/Sep/2023:17:11:02 +0200] "GET /renault.activities.at/htdocs/export/pdf/emuc_document/10936510.pdf HTTP/1.0" 404 322 "http://212.69.160.11:443/renault.activities.at/htdocs/export/pdf/emuc_document/" "Mozilla/5.0 (Linux; Android 5.0) AppleWebKit/537.36 (KHTML, like Gecko) Mobile Safari/537.36 (compatible; Bytespider; spider-feedback@bytedance.com)"
91.141.70.191 - - [27/Sep/2023:17:11:11 +0200] "POST /entry.php?id=11357 HTTP/1.1" 200 2296 "http://hausegger.activities.at/entry.php?id=11357&hiddetitle=1&" "Mozilla/5.0 (Windows NT 10.0; Win64; x64; rv:109.0) Gecko/20100101 Firefox/117.0"
91.141.70.191 - - [27/Sep/2023:17:11:11 +0200] "GET /gui/javascript/form_lo_store_administration.js?1695827471 HTTP/1.1" 200 4261 "http://hausegger.activities.at/entry.php?id=11357" "Mozilla/5.0 (Windows NT 10.0; Win64; x64; rv:109.0) Gecko/20100101 Firefox/117.0"
91.141.70.191 - - [27/Sep/2023:17:11:11 +0200] "GET /gui/javascript/form_form.js?1695827471 HTTP/1.1" 200 16206 "http://hausegger.activities.at/entry.php?id=11357" "Mozilla/5.0 (Windows NT 10.0; Win64; x64; rv:109.0) Gecko/20100101 Firefox/117.0"
91.141.70.191 - - [27/Sep/2023:17:11:12 +0200] "GET /entry.php?id=10778&form=11185&name=list& HTTP/1.1" 200 2999 "http://hausegger.activities.at/entry.php?id=11357" "Mozilla/5.0 (Windows NT 10.0; Win64; x64; rv:109.0) Gecko/20100101 Firefox/117.0"
91.141.70.191 - - [27/Sep/2023:17:11:12 +0200] "GET /gui/images/icons/printer.gif HTTP/1.1" 200 1013 "http://hausegger.activities.at/entry.php?id=10778&form=11185&name=list&" "Mozilla/5.0 (Windows NT 10.0; Win64; x64; rv:109.0) Gecko/20100101 Firefox/117.0"
91.141.70.191 - - [27/Sep/2023:17:11:12 +0200] "GET /gui/images/icons/textedit.gif HTTP/1.1" 200 1019 "http://hausegger.activities.at/entry.php?id=10778&form=11185&name=list&" "Mozilla/5.0 (Windows NT 10.0; Win64; x64; rv:109.0) Gecko/20100101 Firefox/117.0"
91.141.70.191 - - [27/Sep/2023:17:11:12 +0200] "GET /entry.php?id=10776&form=11185&name=list& HTTP/1.1" 200 1554 "http://hausegger.activities.at/entry.php?id=11357" "Mozilla/5.0 (Windows NT 10.0; Win64; x64; rv:109.0) Gecko/20100101 Firefox/117.0"
91.141.70.191 - - [27/Sep/2023:17:11:16 +0200] "GET /entry.php?id=11270&document=10315717 HTTP/1.1" 200 1976 "http://hausegger.activities.at/entry.php?id=10778&form=11185&name=list&" "Mozilla/5.0 (Windows NT 10.0; Win64; x64; rv:109.0) Gecko/20100101 Firefox/117.0"
91.141.70.191 - - [27/Sep/2023:17:11:16 +0200] "GET /gui/javascript/form_bu_document.js?1695827476 HTTP/1.1" 200 2675 "http://hausegger.activities.at/entry.php?id=11270&document=10315717" "Mozilla/5.0 (Windows NT 10.0; Win64; x64; rv:109.0) Gecko/20100101 Firefox/117.0"
91.141.70.191 - - [27/Sep/2023:17:11:16 +0200] "GET /gui/javascript/form_form.js?1695827476 HTTP/1.1" 200 16206 "http://hausegger.activities.at/entry.php?id=11270&document=10315717" "Mozilla/5.0 (Windows NT 10.0; Win64; x64; rv:109.0) Gecko/20100101 Firefox/117.0"
91.141.70.191 - - [27/Sep/2023:17:11:16 +0200] "GET /entry.php?id=10877&mode=observePrint HTTP/1.1" 200 55 "http://hausegger.activities.at/entry.php?id=11270&document=10315717" "Mozilla/5.0 (Windows NT 10.0; Win64; x64; rv:109.0) Gecko/20100101 Firefox/117.0"
91.141.70.191 - - [27/Sep/2023:17:11:16 +0200] "GET /entry.php?id=11241&images=false&document=10315717 HTTP/1.1" 200 2251 "http://hausegger.activities.at/entry.php?id=11270&document=10315717" "Mozilla/5.0 (Windows NT 10.0; Win64; x64; rv:109.0) Gecko/20100101 Firefox/117.0"
156.59.198.136 - - [27/Sep/2023:17:11:26 +0200] "GET /renault.activities.at/htdocs/export/pdf/emuc_document/10922768.pdf HTTP/1.0" 404 322 "http://212.69.160.11:443/renault.activities.at/htdocs/export/pdf/emuc_document/" "Mozilla/5.0 (Linux; Android 5.0) AppleWebKit/537.36 (KHTML, like Gecko) Mobile Safari/537.36 (compatible; Bytespider; spider-feedback@bytedance.com)"
91.141.70.191 - - [27/Sep/2023:17:11:28 +0200] "GET /entry.php?id=11270&document=10314407 HTTP/1.1" 200 1975 "http://hausegger.activities.at/entry.php?id=10778&form=11185&name=list&" "Mozilla/5.0 (Windows NT 10.0; Win64; x64; rv:109.0) Gecko/20100101 Firefox/117.0"
91.141.70.191 - - [27/Sep/2023:17:11:28 +0200] "GET /gui/javascript/form_bu_document.js?1695827488 HTTP/1.1" 200 2675 "http://hausegger.activities.at/entry.php?id=11270&document=10314407" "Mozilla/5.0 (Windows NT 10.0; Win64; x64; rv:109.0) Gecko/20100101 Firefox/117.0"
91.141.70.191 - - [27/Sep/2023:17:11:28 +0200] "GET /gui/javascript/form_form.js?1695827488 HTTP/1.1" 200 16206 "http://hausegger.activities.at/entry.php?id=11270&document=10314407" "Mozilla/5.0 (Windows NT 10.0; Win64; x64; rv:109.0) Gecko/20100101 Firefox/117.0"
91.141.70.191 - - [27/Sep/2023:17:11:28 +0200] "GET /entry.php?id=10877&mode=observePrint HTTP/1.1" 200 55 "http://hausegger.activities.at/entry.php?id=11270&document=10314407" "Mozilla/5.0 (Windows NT 10.0; Win64; x64; rv:109.0) Gecko/20100101 Firefox/117.0"
91.141.70.191 - - [27/Sep/2023:17:11:28 +0200] "GET /entry.php?id=11241&images=false&document=10314407 HTTP/1.1" 200 2604 "http://hausegger.activities.at/entry.php?id=11270&document=10314407" "Mozilla/5.0 (Windows NT 10.0; Win64; x64; rv:109.0) Gecko/20100101 Firefox/117.0"
156.59.198.136 - - [27/Sep/2023:17:11:51 +0200] "GET /renault.activities.at/htdocs/export/pdf/emuc_document/11646732.pdf HTTP/1.0" 404 322 "http://212.69.160.11:443/renault.activities.at/htdocs/export/pdf/emuc_document/" "Mozilla/5.0 (Linux; Android 5.0) AppleWebKit/537.36 (KHTML, like Gecko) Mobile Safari/537.36 (compatible; Bytespider; spider-feedback@bytedance.com)"
91.141.70.191 - - [27/Sep/2023:17:11:57 +0200] "GET /entry.php?id=10271&&ser=827456 HTTP/1.1" 200 987 "http://hausegger.activities.at/entry.php?id=10271&&ser=827396" "Mozilla/5.0 (Windows NT 10.0; Win64; x64; rv:109.0) Gecko/20100101 Firefox/117.0"
91.141.70.191 - - [27/Sep/2023:17:11:57 +0200] "GET /gui/javascript/form_form.js?1695827517 HTTP/1.1" 200 16206 "http://hausegger.activities.at/entry.php?id=10271&&ser=827456" "Mozilla/5.0 (Windows NT 10.0; Win64; x64; rv:109.0) Gecko/20100101 Firefox/117.0"
91.141.70.191 - - [27/Sep/2023:17:11:58 +0200] "GET /entry.php?id=10271&&ser=827457 HTTP/1.1" 200 987 "http://hausegger.activities.at/entry.php?id=10271&&ser=827396" "Mozilla/5.0 (Windows NT 10.0; Win64; x64) AppleWebKit/537.36 (KHTML, like Gecko) Chrome/117.0.0.0 Safari/537.36"
91.141.70.191 - - [27/Sep/2023:17:11:58 +0200] "GET /gui/javascript/form_form.js?1695827518 HTTP/1.1" 200 16206 "http://hausegger.activities.at/entry.php?id=10271&&ser=827457" "Mozilla/5.0 (Windows NT 10.0; Win64; x64) AppleWebKit/537.36 (KHTML, like Gecko) Chrome/117.0.0.0 Safari/537.36"
156.59.198.135 - - [27/Sep/2023:17:12:15 +0200] "GET /renault.activities.at/htdocs/export/pdf/emuc_document/10748515.pdf HTTP/1.0" 404 322 "http://212.69.160.11:443/renault.activities.at/htdocs/export/pdf/emuc_document/" "Mozilla/5.0 (Linux; Android 5.0) AppleWebKit/537.36 (KHTML, like Gecko) Mobile Safari/537.36 (compatible; Bytespider; spider-feedback@bytedance.com)"
156.59.198.135 - - [27/Sep/2023:17:12:40 +0200] "GET /renault.activities.at/htdocs/export/pdf/emuc_document/11582022.pdf HTTP/1.0" 404 321 "http://212.69.160.11:443/renault.activities.at/htdocs/export/pdf/emuc_document/" "Mozilla/5.0 (Linux; Android 5.0) AppleWebKit/537.36 (KHTML, like Gecko) Mobile Safari/537.36 (compatible; Bytespider; spider-feedback@bytedance.com)"
91.141.70.191 - - [27/Sep/2023:17:12:57 +0200] "GET /entry.php?id=10271&&ser=827517 HTTP/1.1" 200 987 "http://hausegger.activities.at/entry.php?id=10271&&ser=827456" "Mozilla/5.0 (Windows NT 10.0; Win64; x64; rv:109.0) Gecko/20100101 Firefox/117.0"
91.141.70.191 - - [27/Sep/2023:17:12:57 +0200] "GET /gui/javascript/form_form.js?1695827577 HTTP/1.1" 200 16206 "http://hausegger.activities.at/entry.php?id=10271&&ser=827517" "Mozilla/5.0 (Windows NT 10.0; Win64; x64; rv:109.0) Gecko/20100101 Firefox/117.0"
91.141.70.191 - - [27/Sep/2023:17:12:59 +0200] "GET /entry.php?id=10271&&ser=827518 HTTP/1.1" 200 987 "http://hausegger.activities.at/entry.php?id=10271&&ser=827457" "Mozilla/5.0 (Windows NT 10.0; Win64; x64) AppleWebKit/537.36 (KHTML, like Gecko) Chrome/117.0.0.0 Safari/537.36"
91.141.70.191 - - [27/Sep/2023:17:12:59 +0200] "GET /gui/javascript/form_form.js?1695827579 HTTP/1.1" 200 16206 "http://hausegger.activities.at/entry.php?id=10271&&ser=827518" "Mozilla/5.0 (Windows NT 10.0; Win64; x64) AppleWebKit/537.36 (KHTML, like Gecko) Chrome/117.0.0.0 Safari/537.36"
209.159.153.74 - - [27/Sep/2023:17:13:03 +0200] "GET / HTTP/1.1" 200 423 "-" "-"
156.59.198.136 - - [27/Sep/2023:17:13:05 +0200] "GET /renault.activities.at/htdocs/export/pdf/emuc_document/10712420.pdf HTTP/1.0" 404 322 "http://212.69.160.11:443/renault.activities.at/htdocs/export/pdf/emuc_document/" "Mozilla/5.0 (Linux; Android 5.0) AppleWebKit/537.36 (KHTML, like Gecko) Mobile Safari/537.36 (compatible; Bytespider; spider-feedback@bytedance.com)"
156.59.198.135 - - [27/Sep/2023:17:13:29 +0200] "GET /renault.activities.at/htdocs/export/pdf/emuc_document/11228181.pdf HTTP/1.0" 404 321 "http://212.69.160.11:443/renault.activities.at/htdocs/export/pdf/emuc_document/" "Mozilla/5.0 (Linux; Android 5.0) AppleWebKit/537.36 (KHTML, like Gecko) Mobile Safari/537.36 (compatible; Bytespider; spider-feedback@bytedance.com)"
156.59.198.136 - - [27/Sep/2023:17:13:54 +0200] "GET /renault.activities.at/htdocs/export/pdf/emuc_document/11354032.pdf HTTP/1.0" 404 322 "http://212.69.160.11:443/renault.activities.at/htdocs/export/pdf/emuc_document/" "Mozilla/5.0 (Linux; Android 5.0) AppleWebKit/537.36 (KHTML, like Gecko) Mobile Safari/537.36 (compatible; Bytespider; spider-feedback@bytedance.com)"
91.141.70.191 - - [27/Sep/2023:17:13:57 +0200] "GET /entry.php?id=10271&&ser=827577 HTTP/1.1" 200 987 "http://hausegger.activities.at/entry.php?id=10271&&ser=827517" "Mozilla/5.0 (Windows NT 10.0; Win64; x64; rv:109.0) Gecko/20100101 Firefox/117.0"
91.141.70.191 - - [27/Sep/2023:17:13:57 +0200] "GET /gui/javascript/form_form.js?1695827637 HTTP/1.1" 200 16206 "http://hausegger.activities.at/entry.php?id=10271&&ser=827577" "Mozilla/5.0 (Windows NT 10.0; Win64; x64; rv:109.0) Gecko/20100101 Firefox/117.0"
91.141.70.191 - - [27/Sep/2023:17:14:00 +0200] "GET /entry.php?id=10271&&ser=827579 HTTP/1.1" 200 987 "http://hausegger.activities.at/entry.php?id=10271&&ser=827518" "Mozilla/5.0 (Windows NT 10.0; Win64; x64) AppleWebKit/537.36 (KHTML, like Gecko) Chrome/117.0.0.0 Safari/537.36"
91.141.70.191 - - [27/Sep/2023:17:14:00 +0200] "GET /gui/javascript/form_form.js?1695827640 HTTP/1.1" 200 16206 "http://hausegger.activities.at/entry.php?id=10271&&ser=827579" "Mozilla/5.0 (Windows NT 10.0; Win64; x64) AppleWebKit/537.36 (KHTML, like Gecko) Chrome/117.0.0.0 Safari/537.36"
156.59.198.136 - - [27/Sep/2023:17:14:19 +0200] "GET /renault.activities.at/htdocs/export/pdf/emuc_document/10608527.pdf HTTP/1.0" 404 322 "http://212.69.160.11:443/renault.activities.at/htdocs/export/pdf/emuc_document/" "Mozilla/5.0 (Linux; Android 5.0) AppleWebKit/537.36 (KHTML, like Gecko) Mobile Safari/537.36 (compatible; Bytespider; spider-feedback@bytedance.com)"
91.141.70.191 - - [27/Sep/2023:17:14:43 +0200] "GET /entry.php?id=10712 HTTP/1.1" 200 402 "http://hausegger.activities.at/entry.php?id=10270&__app__=10006038" "Mozilla/5.0 (Windows NT 10.0; Win64; x64; rv:109.0) Gecko/20100101 Firefox/117.0"
