91.141.70.191 - - [27/Sep/2023:12:47:25 +0200] "GET /gui/javascript/form_form.js?1695811645 HTTP/1.1" 200 16206 "http://hausegger.activities.at/entry.php?id=10271&&ser=811585" "Mozilla/5.0 (Windows NT 10.0; Win64; x64; rv:109.0) Gecko/20100101 Firefox/117.0"
156.59.198.135 - - [27/Sep/2023:12:47:44 +0200] "GET /renault.activities.at/htdocs/export/pdf/emuc_document/10770654.pdf HTTP/1.0" 404 322 "http://212.69.160.11:443/renault.activities.at/htdocs/export/pdf/emuc_document/" "Mozilla/5.0 (Linux; Android 5.0) AppleWebKit/537.36 (KHTML, like Gecko) Mobile Safari/537.36 (compatible; Bytespider; spider-feedback@bytedance.com)"
156.59.198.136 - - [27/Sep/2023:12:48:08 +0200] "GET /renault.activities.at/htdocs/export/pdf/emuc_document/11423050.pdf HTTP/1.0" 404 322 "http://212.69.160.11:443/renault.activities.at/htdocs/export/pdf/emuc_document/" "Mozilla/5.0 (Linux; Android 5.0) AppleWebKit/537.36 (KHTML, like Gecko) Mobile Safari/537.36 (compatible; Bytespider; spider-feedback@bytedance.com)"
91.141.70.191 - - [27/Sep/2023:12:48:26 +0200] "GET /entry.php?id=10271&&ser=811645 HTTP/1.1" 200 987 "http://hausegger.activities.at/entry.php?id=10271&&ser=811585" "Mozilla/5.0 (Windows NT 10.0; Win64; x64; rv:109.0) Gecko/20100101 Firefox/117.0"
91.141.70.191 - - [27/Sep/2023:12:48:26 +0200] "GET /gui/javascript/form_form.js?1695811706 HTTP/1.1" 200 16206 "http://hausegger.activities.at/entry.php?id=10271&&ser=811645" "Mozilla/5.0 (Windows NT 10.0; Win64; x64; rv:109.0) Gecko/20100101 Firefox/117.0"
156.59.198.136 - - [27/Sep/2023:12:48:34 +0200] "GET /renault.activities.at/htdocs/export/pdf/emuc_document/10424422.pdf HTTP/1.0" 404 321 "http://212.69.160.11:443/renault.activities.at/htdocs/export/pdf/emuc_document/" "Mozilla/5.0 (Linux; Android 5.0) AppleWebKit/537.36 (KHTML, like Gecko) Mobile Safari/537.36 (compatible; Bytespider; spider-feedback@bytedance.com)"
156.59.198.135 - - [27/Sep/2023:12:48:58 +0200] "GET /renault.activities.at/htdocs/export/pdf/emuc_document/11660459.pdf HTTP/1.0" 404 321 "http://212.69.160.11:443/renault.activities.at/htdocs/export/pdf/emuc_document/" "Mozilla/5.0 (Linux; Android 5.0) AppleWebKit/537.36 (KHTML, like Gecko) Mobile Safari/537.36 (compatible; Bytespider; spider-feedback@bytedance.com)"
156.59.198.135 - - [27/Sep/2023:12:49:23 +0200] "GET /renault.activities.at/htdocs/export/pdf/emuc_document/11868031.pdf HTTP/1.0" 404 322 "http://212.69.160.11:443/renault.activities.at/htdocs/export/pdf/emuc_document/" "Mozilla/5.0 (Linux; Android 5.0) AppleWebKit/537.36 (KHTML, like Gecko) Mobile Safari/537.36 (compatible; Bytespider; spider-feedback@bytedance.com)"
91.141.70.191 - - [27/Sep/2023:12:49:26 +0200] "GET /entry.php?id=10271&&ser=811706 HTTP/1.1" 200 987 "http://hausegger.activities.at/entry.php?id=10271&&ser=811645" "Mozilla/5.0 (Windows NT 10.0; Win64; x64; rv:109.0) Gecko/20100101 Firefox/117.0"
91.141.70.191 - - [27/Sep/2023:12:49:26 +0200] "GET /gui/javascript/form_form.js?1695811766 HTTP/1.1" 200 16206 "http://hausegger.activities.at/entry.php?id=10271&&ser=811706" "Mozilla/5.0 (Windows NT 10.0; Win64; x64; rv:109.0) Gecko/20100101 Firefox/117.0"
156.59.198.135 - - [27/Sep/2023:12:49:47 +0200] "GET /renault.activities.at/htdocs/export/pdf/emuc_document/11890094.pdf HTTP/1.0" 404 321 "http://212.69.160.11:443/renault.activities.at/htdocs/export/pdf/emuc_document/" "Mozilla/5.0 (Linux; Android 5.0) AppleWebKit/537.36 (KHTML, like Gecko) Mobile Safari/537.36 (compatible; Bytespider; spider-feedback@bytedance.com)"
156.59.198.135 - - [27/Sep/2023:12:50:11 +0200] "GET /renault.activities.at/htdocs/export/pdf/emuc_document/11757874.pdf HTTP/1.0" 404 322 "http://212.69.160.11:443/renault.activities.at/htdocs/export/pdf/emuc_document/" "Mozilla/5.0 (Linux; Android 5.0) AppleWebKit/537.36 (KHTML, like Gecko) Mobile Safari/537.36 (compatible; Bytespider; spider-feedback@bytedance.com)"
91.141.70.191 - - [27/Sep/2023:12:50:27 +0200] "GET /entry.php?id=10271&&ser=811766 HTTP/1.1" 200 987 "http://hausegger.activities.at/entry.php?id=10271&&ser=811706" "Mozilla/5.0 (Windows NT 10.0; Win64; x64; rv:109.0) Gecko/20100101 Firefox/117.0"
91.141.70.191 - - [27/Sep/2023:12:50:27 +0200] "GET /gui/javascript/form_form.js?1695811827 HTTP/1.1" 200 16206 "http://hausegger.activities.at/entry.php?id=10271&&ser=811766" "Mozilla/5.0 (Windows NT 10.0; Win64; x64; rv:109.0) Gecko/20100101 Firefox/117.0"
156.59.198.135 - - [27/Sep/2023:12:50:36 +0200] "GET /renault.activities.at/htdocs/export/pdf/emuc_document/10777586.pdf HTTP/1.0" 404 322 "http://212.69.160.11:443/renault.activities.at/htdocs/export/pdf/emuc_document/" "Mozilla/5.0 (Linux; Android 5.0) AppleWebKit/537.36 (KHTML, like Gecko) Mobile Safari/537.36 (compatible; Bytespider; spider-feedback@bytedance.com)"
156.59.198.135 - - [27/Sep/2023:12:51:01 +0200] "GET /renault.activities.at/htdocs/export/pdf/emuc_document/11725087.pdf HTTP/1.0" 404 322 "http://212.69.160.11:443/renault.activities.at/htdocs/export/pdf/emuc_document/" "Mozilla/5.0 (Linux; Android 5.0) AppleWebKit/537.36 (KHTML, like Gecko) Mobile Safari/537.36 (compatible; Bytespider; spider-feedback@bytedance.com)"
216.244.66.248 - - [27/Sep/2023:12:51:16 +0200] "GET /robots.txt HTTP/1.1" 404 359 "-" "Mozilla/5.0 (compatible; DotBot/1.2; +https://opensiteexplorer.org/dotbot; help@moz.com)"
156.59.198.136 - - [27/Sep/2023:12:51:25 +0200] "GET /renault.activities.at/htdocs/export/pdf/emuc_document/10619155.pdf HTTP/1.0" 404 321 "http://212.69.160.11:443/renault.activities.at/htdocs/export/pdf/emuc_document/" "Mozilla/5.0 (Linux; Android 5.0) AppleWebKit/537.36 (KHTML, like Gecko) Mobile Safari/537.36 (compatible; Bytespider; spider-feedback@bytedance.com)"
91.141.70.191 - - [27/Sep/2023:12:51:27 +0200] "GET /entry.php?id=10271&&ser=811827 HTTP/1.1" 200 986 "http://hausegger.activities.at/entry.php?id=10271&&ser=811766" "Mozilla/5.0 (Windows NT 10.0; Win64; x64; rv:109.0) Gecko/20100101 Firefox/117.0"
91.141.70.191 - - [27/Sep/2023:12:51:27 +0200] "GET /gui/javascript/form_form.js?1695811887 HTTP/1.1" 200 16206 "http://hausegger.activities.at/entry.php?id=10271&&ser=811827" "Mozilla/5.0 (Windows NT 10.0; Win64; x64; rv:109.0) Gecko/20100101 Firefox/117.0"
156.59.198.136 - - [27/Sep/2023:12:51:51 +0200] "GET /renault.activities.at/htdocs/export/pdf/emuc_document/11890410.pdf HTTP/1.0" 404 321 "http://212.69.160.11:443/renault.activities.at/htdocs/export/pdf/emuc_document/" "Mozilla/5.0 (Linux; Android 5.0) AppleWebKit/537.36 (KHTML, like Gecko) Mobile Safari/537.36 (compatible; Bytespider; spider-feedback@bytedance.com)"
156.59.198.135 - - [27/Sep/2023:12:52:14 +0200] "GET /renault.activities.at/htdocs/export/pdf/emuc_document/10606962.pdf HTTP/1.0" 404 321 "http://212.69.160.11:443/renault.activities.at/htdocs/export/pdf/emuc_document/" "Mozilla/5.0 (Linux; Android 5.0) AppleWebKit/537.36 (KHTML, like Gecko) Mobile Safari/537.36 (compatible; Bytespider; spider-feedback@bytedance.com)"
91.141.70.191 - - [27/Sep/2023:12:52:27 +0200] "GET /entry.php?id=10271&&ser=811887 HTTP/1.1" 200 986 "http://hausegger.activities.at/entry.php?id=10271&&ser=811827" "Mozilla/5.0 (Windows NT 10.0; Win64; x64; rv:109.0) Gecko/20100101 Firefox/117.0"
91.141.70.191 - - [27/Sep/2023:12:52:27 +0200] "GET /gui/javascript/form_form.js?1695811947 HTTP/1.1" 200 16206 "http://hausegger.activities.at/entry.php?id=10271&&ser=811887" "Mozilla/5.0 (Windows NT 10.0; Win64; x64; rv:109.0) Gecko/20100101 Firefox/117.0"
156.59.198.135 - - [27/Sep/2023:12:52:39 +0200] "GET /renault.activities.at/htdocs/export/pdf/emuc_document/10535092.pdf HTTP/1.0" 404 322 "http://212.69.160.11:443/renault.activities.at/htdocs/export/pdf/emuc_document/" "Mozilla/5.0 (Linux; Android 5.0) AppleWebKit/537.36 (KHTML, like Gecko) Mobile Safari/537.36 (compatible; Bytespider; spider-feedback@bytedance.com)"
156.59.198.136 - - [27/Sep/2023:12:53:04 +0200] "GET /renault.activities.at/htdocs/export/pdf/emuc_document/11035975.pdf HTTP/1.0" 404 322 "http://212.69.160.11:443/renault.activities.at/htdocs/export/pdf/emuc_document/" "Mozilla/5.0 (Linux; Android 5.0) AppleWebKit/537.36 (KHTML, like Gecko) Mobile Safari/537.36 (compatible; Bytespider; spider-feedback@bytedance.com)"
91.141.70.191 - - [27/Sep/2023:12:53:28 +0200] "GET /entry.php?id=10271&&ser=811947 HTTP/1.1" 200 987 "http://hausegger.activities.at/entry.php?id=10271&&ser=811887" "Mozilla/5.0 (Windows NT 10.0; Win64; x64; rv:109.0) Gecko/20100101 Firefox/117.0"
91.141.70.191 - - [27/Sep/2023:12:53:28 +0200] "GET /gui/javascript/form_form.js?1695812008 HTTP/1.1" 200 16206 "http://hausegger.activities.at/entry.php?id=10271&&ser=811947" "Mozilla/5.0 (Windows NT 10.0; Win64; x64; rv:109.0) Gecko/20100101 Firefox/117.0"
156.59.198.136 - - [27/Sep/2023:12:53:29 +0200] "GET /renault.activities.at/htdocs/export/pdf/emuc_document/11907257.pdf HTTP/1.0" 404 322 "http://212.69.160.11:443/renault.activities.at/htdocs/export/pdf/emuc_document/" "Mozilla/5.0 (Linux; Android 5.0) AppleWebKit/537.36 (KHTML, like Gecko) Mobile Safari/537.36 (compatible; Bytespider; spider-feedback@bytedance.com)"
156.59.198.135 - - [27/Sep/2023:12:53:54 +0200] "GET /renault.activities.at/htdocs/export/pdf/emuc_document/10839825.pdf HTTP/1.0" 404 322 "http://212.69.160.11:443/renault.activities.at/htdocs/export/pdf/emuc_document/" "Mozilla/5.0 (Linux; Android 5.0) AppleWebKit/537.36 (KHTML, like Gecko) Mobile Safari/537.36 (compatible; Bytespider; spider-feedback@bytedance.com)"
156.59.198.135 - - [27/Sep/2023:12:54:19 +0200] "GET /renault.activities.at/htdocs/export/pdf/emuc_document/11035971.pdf HTTP/1.0" 404 322 "http://212.69.160.11:443/renault.activities.at/htdocs/export/pdf/emuc_document/" "Mozilla/5.0 (Linux; Android 5.0) AppleWebKit/537.36 (KHTML, like Gecko) Mobile Safari/537.36 (compatible; Bytespider; spider-feedback@bytedance.com)"
91.141.70.191 - - [27/Sep/2023:12:54:28 +0200] "GET /entry.php?id=10271&&ser=812008 HTTP/1.1" 200 986 "http://hausegger.activities.at/entry.php?id=10271&&ser=811947" "Mozilla/5.0 (Windows NT 10.0; Win64; x64; rv:109.0) Gecko/20100101 Firefox/117.0"
91.141.70.191 - - [27/Sep/2023:12:54:28 +0200] "GET /gui/javascript/form_form.js?1695812068 HTTP/1.1" 200 16206 "http://hausegger.activities.at/entry.php?id=10271&&ser=812008" "Mozilla/5.0 (Windows NT 10.0; Win64; x64; rv:109.0) Gecko/20100101 Firefox/117.0"
156.59.198.136 - - [27/Sep/2023:12:54:44 +0200] "GET /renault.activities.at/htdocs/export/pdf/emuc_document/11201419.pdf HTTP/1.0" 404 321 "http://212.69.160.11:443/renault.activities.at/htdocs/export/pdf/emuc_document/" "Mozilla/5.0 (Linux; Android 5.0) AppleWebKit/537.36 (KHTML, like Gecko) Mobile Safari/537.36 (compatible; Bytespider; spider-feedback@bytedance.com)"
156.59.198.136 - - [27/Sep/2023:12:55:08 +0200] "GET /renault.activities.at/htdocs/export/pdf/emuc_document/10554603.pdf HTTP/1.0" 404 322 "http://212.69.160.11:443/renault.activities.at/htdocs/export/pdf/emuc_document/" "Mozilla/5.0 (Linux; Android 5.0) AppleWebKit/537.36 (KHTML, like Gecko) Mobile Safari/537.36 (compatible; Bytespider; spider-feedback@bytedance.com)"
91.141.70.191 - - [27/Sep/2023:12:55:29 +0200] "GET /entry.php?id=10271&&ser=812068 HTTP/1.1" 200 987 "http://hausegger.activities.at/entry.php?id=10271&&ser=812008" "Mozilla/5.0 (Windows NT 10.0; Win64; x64; rv:109.0) Gecko/20100101 Firefox/117.0"
91.141.70.191 - - [27/Sep/2023:12:55:29 +0200] "GET /gui/javascript/form_form.js?1695812129 HTTP/1.1" 200 16206 "http://hausegger.activities.at/entry.php?id=10271&&ser=812068" "Mozilla/5.0 (Windows NT 10.0; Win64; x64; rv:109.0) Gecko/20100101 Firefox/117.0"
156.59.198.136 - - [27/Sep/2023:12:55:33 +0200] "GET /default/cgi-bin/lang/awstats-de.txt HTTP/1.0" 404 302 "http://212.69.160.11:443/default/cgi-bin/lang/" "Mozilla/5.0 (Linux; Android 5.0) AppleWebKit/537.36 (KHTML, like Gecko) Mobile Safari/537.36 (compatible; Bytespider; spider-feedback@bytedance.com)"
156.59.198.135 - - [27/Sep/2023:12:55:58 +0200] "GET /renault.activities.at/htdocs/export/pdf/emuc_document/10253551.pdf HTTP/1.0" 404 322 "http://212.69.160.11:443/renault.activities.at/htdocs/export/pdf/emuc_document/" "Mozilla/5.0 (Linux; Android 5.0) AppleWebKit/537.36 (KHTML, like Gecko) Mobile Safari/537.36 (compatible; Bytespider; spider-feedback@bytedance.com)"
156.59.198.136 - - [27/Sep/2023:12:56:21 +0200] "GET /renault.activities.at/htdocs/export/pdf/emuc_document/10253304.pdf HTTP/1.0" 404 322 "http://212.69.160.11:443/renault.activities.at/htdocs/export/pdf/emuc_document/" "Mozilla/5.0 (Linux; Android 5.0) AppleWebKit/537.36 (KHTML, like Gecko) Mobile Safari/537.36 (compatible; Bytespider; spider-feedback@bytedance.com)"
91.141.70.191 - - [27/Sep/2023:12:56:29 +0200] "GET /entry.php?id=10271&&ser=812129 HTTP/1.1" 200 987 "http://hausegger.activities.at/entry.php?id=10271&&ser=812068" "Mozilla/5.0 (Windows NT 10.0; Win64; x64; rv:109.0) Gecko/20100101 Firefox/117.0"
91.141.70.191 - - [27/Sep/2023:12:56:29 +0200] "GET /gui/javascript/form_form.js?1695812189 HTTP/1.1" 200 16206 "http://hausegger.activities.at/entry.php?id=10271&&ser=812129" "Mozilla/5.0 (Windows NT 10.0; Win64; x64; rv:109.0) Gecko/20100101 Firefox/117.0"
156.59.198.136 - - [27/Sep/2023:12:56:46 +0200] "GET /renault.activities.at/htdocs/export/pdf/emuc_document/10413461.pdf HTTP/1.0" 404 322 "http://212.69.160.11:443/renault.activities.at/htdocs/export/pdf/emuc_document/" "Mozilla/5.0 (Linux; Android 5.0) AppleWebKit/537.36 (KHTML, like Gecko) Mobile Safari/537.36 (compatible; Bytespider; spider-feedback@bytedance.com)"
156.59.198.135 - - [27/Sep/2023:12:57:10 +0200] "GET /renault.activities.at/htdocs/export/pdf/emuc_document/11829661.pdf HTTP/1.0" 404 321 "http://212.69.160.11:443/renault.activities.at/htdocs/export/pdf/emuc_document/" "Mozilla/5.0 (Linux; Android 5.0) AppleWebKit/537.36 (KHTML, like Gecko) Mobile Safari/537.36 (compatible; Bytespider; spider-feedback@bytedance.com)"
216.244.66.248 - - [27/Sep/2023:12:57:13 +0200] "GET /?plugin=all-in-one-event-calendar&controller=ai1ec_exporter_controller&action=export_events&ai1ec_post_ids=503&no_html=true HTTP/1.1" 200 423 "-" "Mozilla/5.0 (compatible; DotBot/1.2; +https://opensiteexplorer.org/dotbot; help@moz.com)"
91.141.70.191 - - [27/Sep/2023:12:57:30 +0200] "GET /entry.php?id=10271&&ser=812189 HTTP/1.1" 200 986 "http://hausegger.activities.at/entry.php?id=10271&&ser=812129" "Mozilla/5.0 (Windows NT 10.0; Win64; x64; rv:109.0) Gecko/20100101 Firefox/117.0"
91.141.70.191 - - [27/Sep/2023:12:57:30 +0200] "GET /gui/javascript/form_form.js?1695812250 HTTP/1.1" 200 16206 "http://hausegger.activities.at/entry.php?id=10271&&ser=812189" "Mozilla/5.0 (Windows NT 10.0; Win64; x64; rv:109.0) Gecko/20100101 Firefox/117.0"
156.59.198.135 - - [27/Sep/2023:12:57:34 +0200] "GET /renault.activities.at/htdocs/export/pdf/emuc_document/10790273.pdf HTTP/1.0" 404 322 "http://212.69.160.11:443/renault.activities.at/htdocs/export/pdf/emuc_document/" "Mozilla/5.0 (Linux; Android 5.0) AppleWebKit/537.36 (KHTML, like Gecko) Mobile Safari/537.36 (compatible; Bytespider; spider-feedback@bytedance.com)"
156.59.198.135 - - [27/Sep/2023:12:57:59 +0200] "GET /renault.activities.at/htdocs/export/pdf/emuc_document/10355092.pdf HTTP/1.0" 404 322 "http://212.69.160.11:443/renault.activities.at/htdocs/export/pdf/emuc_document/" "Mozilla/5.0 (Linux; Android 5.0) AppleWebKit/537.36 (KHTML, like Gecko) Mobile Safari/537.36 (compatible; Bytespider; spider-feedback@bytedance.com)"
156.59.198.135 - - [27/Sep/2023:12:58:23 +0200] "GET /renault.activities.at/htdocs/export/pdf/emuc_document/10396101.pdf HTTP/1.0" 404 322 "http://212.69.160.11:443/renault.activities.at/htdocs/export/pdf/emuc_document/" "Mozilla/5.0 (Linux; Android 5.0) AppleWebKit/537.36 (KHTML, like Gecko) Mobile Safari/537.36 (compatible; Bytespider; spider-feedback@bytedance.com)"
91.141.70.191 - - [27/Sep/2023:12:58:30 +0200] "GET /entry.php?id=10271&&ser=812250 HTTP/1.1" 200 987 "http://hausegger.activities.at/entry.php?id=10271&&ser=812189" "Mozilla/5.0 (Windows NT 10.0; Win64; x64; rv:109.0) Gecko/20100101 Firefox/117.0"
91.141.70.191 - - [27/Sep/2023:12:58:30 +0200] "GET /gui/javascript/form_form.js?1695812310 HTTP/1.1" 200 16206 "http://hausegger.activities.at/entry.php?id=10271&&ser=812250" "Mozilla/5.0 (Windows NT 10.0; Win64; x64; rv:109.0) Gecko/20100101 Firefox/117.0"
156.59.198.136 - - [27/Sep/2023:12:58:48 +0200] "GET /renault.activities.at/htdocs/export/pdf/emuc_document/10349438.pdf HTTP/1.0" 404 322 "http://212.69.160.11:443/renault.activities.at/htdocs/export/pdf/emuc_document/" "Mozilla/5.0 (Linux; Android 5.0) AppleWebKit/537.36 (KHTML, like Gecko) Mobile Safari/537.36 (compatible; Bytespider; spider-feedback@bytedance.com)"
156.59.198.135 - - [27/Sep/2023:12:59:12 +0200] "GET /renault.activities.at/htdocs/export/pdf/emuc_document/11214466.pdf HTTP/1.0" 404 321 "http://212.69.160.11:443/renault.activities.at/htdocs/export/pdf/emuc_document/" "Mozilla/5.0 (Linux; Android 5.0) AppleWebKit/537.36 (KHTML, like Gecko) Mobile Safari/537.36 (compatible; Bytespider; spider-feedback@bytedance.com)"
91.141.70.191 - - [27/Sep/2023:12:59:31 +0200] "GET /entry.php?id=10271&&ser=812310 HTTP/1.1" 200 987 "http://hausegger.activities.at/entry.php?id=10271&&ser=812250" "Mozilla/5.0 (Windows NT 10.0; Win64; x64; rv:109.0) Gecko/20100101 Firefox/117.0"
91.141.70.191 - - [27/Sep/2023:12:59:31 +0200] "GET /gui/javascript/form_form.js?1695812371 HTTP/1.1" 200 16206 "http://hausegger.activities.at/entry.php?id=10271&&ser=812310" "Mozilla/5.0 (Windows NT 10.0; Win64; x64; rv:109.0) Gecko/20100101 Firefox/117.0"
156.59.198.136 - - [27/Sep/2023:12:59:36 +0200] "GET /renault.activities.at/htdocs/export/pdf/emuc_document/11006522.pdf HTTP/1.0" 404 321 "http://212.69.160.11:443/renault.activities.at/htdocs/export/pdf/emuc_document/" "Mozilla/5.0 (Linux; Android 5.0) AppleWebKit/537.36 (KHTML, like Gecko) Mobile Safari/537.36 (compatible; Bytespider; spider-feedback@bytedance.com)"
156.59.198.136 - - [27/Sep/2023:13:00:02 +0200] "GET /renault.activities.at/htdocs/export/pdf/emuc_document/11671125.pdf HTTP/1.0" 404 321 "http://212.69.160.11:443/renault.activities.at/htdocs/export/pdf/emuc_document/" "Mozilla/5.0 (Linux; Android 5.0) AppleWebKit/537.36 (KHTML, like Gecko) Mobile Safari/537.36 (compatible; Bytespider; spider-feedback@bytedance.com)"
156.59.198.135 - - [27/Sep/2023:13:00:25 +0200] "GET /renault.activities.at/htdocs/export/pdf/emuc_document/11170301.pdf HTTP/1.0" 404 322 "http://212.69.160.11:443/renault.activities.at/htdocs/export/pdf/emuc_document/" "Mozilla/5.0 (Linux; Android 5.0) AppleWebKit/537.36 (KHTML, like Gecko) Mobile Safari/537.36 (compatible; Bytespider; spider-feedback@bytedance.com)"
91.141.70.191 - - [27/Sep/2023:13:00:31 +0200] "GET /entry.php?id=10271&&ser=812371 HTTP/1.1" 200 987 "http://hausegger.activities.at/entry.php?id=10271&&ser=812310" "Mozilla/5.0 (Windows NT 10.0; Win64; x64; rv:109.0) Gecko/20100101 Firefox/117.0"
91.141.70.191 - - [27/Sep/2023:13:00:31 +0200] "GET /gui/javascript/form_form.js?1695812431 HTTP/1.1" 200 16206 "http://hausegger.activities.at/entry.php?id=10271&&ser=812371" "Mozilla/5.0 (Windows NT 10.0; Win64; x64; rv:109.0) Gecko/20100101 Firefox/117.0"
156.59.198.136 - - [27/Sep/2023:13:00:50 +0200] "GET /renault.activities.at/htdocs/export/pdf/emuc_document/10533367.pdf HTTP/1.0" 404 323 "http://212.69.160.11:443/renault.activities.at/htdocs/export/pdf/emuc_document/" "Mozilla/5.0 (Linux; Android 5.0) AppleWebKit/537.36 (KHTML, like Gecko) Mobile Safari/537.36 (compatible; Bytespider; spider-feedback@bytedance.com)"
156.59.198.136 - - [27/Sep/2023:13:01:14 +0200] "GET /renault.activities.at/htdocs/export/pdf/emuc_document/11851375.pdf HTTP/1.0" 404 322 "http://212.69.160.11:443/renault.activities.at/htdocs/export/pdf/emuc_document/" "Mozilla/5.0 (Linux; Android 5.0) AppleWebKit/537.36 (KHTML, like Gecko) Mobile Safari/537.36 (compatible; Bytespider; spider-feedback@bytedance.com)"
91.141.70.191 - - [27/Sep/2023:13:01:32 +0200] "GET /entry.php?id=10271&&ser=812431 HTTP/1.1" 200 987 "http://hausegger.activities.at/entry.php?id=10271&&ser=812371" "Mozilla/5.0 (Windows NT 10.0; Win64; x64; rv:109.0) Gecko/20100101 Firefox/117.0"
91.141.70.191 - - [27/Sep/2023:13:01:32 +0200] "GET /gui/javascript/form_form.js?1695812492 HTTP/1.1" 200 16206 "http://hausegger.activities.at/entry.php?id=10271&&ser=812431" "Mozilla/5.0 (Windows NT 10.0; Win64; x64; rv:109.0) Gecko/20100101 Firefox/117.0"
156.59.198.135 - - [27/Sep/2023:13:01:38 +0200] "GET /renault.activities.at/htdocs/export/pdf/emuc_document/11224875.pdf HTTP/1.0" 404 322 "http://212.69.160.11:443/renault.activities.at/htdocs/export/pdf/emuc_document/" "Mozilla/5.0 (Linux; Android 5.0) AppleWebKit/537.36 (KHTML, like Gecko) Mobile Safari/537.36 (compatible; Bytespider; spider-feedback@bytedance.com)"
18.185.40.188 - - [27/Sep/2023:13:01:40 +0200] "GET /robots.txt HTTP/1.1" 404 288 "-" "webprosbot/2.0 (+mailto:abuse-6337@webpros.com)"
18.185.40.188 - - [27/Sep/2023:13:01:40 +0200] "GET / HTTP/1.1" 200 274 "-" "webprosbot/2.0 (+mailto:abuse-6337@webpros.com)"
156.59.198.135 - - [27/Sep/2023:13:02:03 +0200] "GET /renault.activities.at/htdocs/export/pdf/emuc_document/11671700.pdf HTTP/1.0" 404 322 "http://212.69.160.11:443/renault.activities.at/htdocs/export/pdf/emuc_document/" "Mozilla/5.0 (Linux; Android 5.0) AppleWebKit/537.36 (KHTML, like Gecko) Mobile Safari/537.36 (compatible; Bytespider; spider-feedback@bytedance.com)"
156.59.198.135 - - [27/Sep/2023:13:02:27 +0200] "GET /renault.activities.at/htdocs/export/pdf/emuc_document/11581925.pdf HTTP/1.0" 404 321 "http://212.69.160.11:443/renault.activities.at/htdocs/export/pdf/emuc_document/" "Mozilla/5.0 (Linux; Android 5.0) AppleWebKit/537.36 (KHTML, like Gecko) Mobile Safari/537.36 (compatible; Bytespider; spider-feedback@bytedance.com)"
91.141.70.191 - - [27/Sep/2023:13:02:32 +0200] "GET /entry.php?id=10271&&ser=812492 HTTP/1.1" 200 987 "http://hausegger.activities.at/entry.php?id=10271&&ser=812431" "Mozilla/5.0 (Windows NT 10.0; Win64; x64; rv:109.0) Gecko/20100101 Firefox/117.0"
91.141.70.191 - - [27/Sep/2023:13:02:32 +0200] "GET /gui/javascript/form_form.js?1695812552 HTTP/1.1" 200 16206 "http://hausegger.activities.at/entry.php?id=10271&&ser=812492" "Mozilla/5.0 (Windows NT 10.0; Win64; x64; rv:109.0) Gecko/20100101 Firefox/117.0"
156.59.198.136 - - [27/Sep/2023:13:02:52 +0200] "GET /renault.activities.at/htdocs/export/pdf/emuc_document/10673045.pdf HTTP/1.0" 404 323 "http://212.69.160.11:443/renault.activities.at/htdocs/export/pdf/emuc_document/" "Mozilla/5.0 (Linux; Android 5.0) AppleWebKit/537.36 (KHTML, like Gecko) Mobile Safari/537.36 (compatible; Bytespider; spider-feedback@bytedance.com)"
156.59.198.135 - - [27/Sep/2023:13:03:16 +0200] "GET /renault.activities.at/htdocs/export/pdf/emuc_document/10635392.pdf HTTP/1.0" 404 322 "http://212.69.160.11:443/renault.activities.at/htdocs/export/pdf/emuc_document/" "Mozilla/5.0 (Linux; Android 5.0) AppleWebKit/537.36 (KHTML, like Gecko) Mobile Safari/537.36 (compatible; Bytespider; spider-feedback@bytedance.com)"
91.141.70.191 - - [27/Sep/2023:13:03:32 +0200] "GET /entry.php?id=10271&&ser=812552 HTTP/1.1" 200 987 "http://hausegger.activities.at/entry.php?id=10271&&ser=812492" "Mozilla/5.0 (Windows NT 10.0; Win64; x64; rv:109.0) Gecko/20100101 Firefox/117.0"
91.141.70.191 - - [27/Sep/2023:13:03:32 +0200] "GET /gui/javascript/form_form.js?1695812612 HTTP/1.1" 200 16206 "http://hausegger.activities.at/entry.php?id=10271&&ser=812552" "Mozilla/5.0 (Windows NT 10.0; Win64; x64; rv:109.0) Gecko/20100101 Firefox/117.0"
156.59.198.135 - - [27/Sep/2023:13:03:40 +0200] "GET /renault.activities.at/htdocs/export/pdf/emuc_document/10396337.pdf HTTP/1.0" 404 323 "http://212.69.160.11:443/renault.activities.at/htdocs/export/pdf/emuc_document/" "Mozilla/5.0 (Linux; Android 5.0) AppleWebKit/537.36 (KHTML, like Gecko) Mobile Safari/537.36 (compatible; Bytespider; spider-feedback@bytedance.com)"
156.59.198.135 - - [27/Sep/2023:13:04:04 +0200] "GET /renault.activities.at/htdocs/binaries/10069848.pdf HTTP/1.0" 404 311 "http://212.69.160.11:443/renault.activities.at/htdocs/binaries/" "Mozilla/5.0 (Linux; Android 5.0) AppleWebKit/537.36 (KHTML, like Gecko) Mobile Safari/537.36 (compatible; Bytespider; spider-feedback@bytedance.com)"
156.59.198.136 - - [27/Sep/2023:13:04:29 +0200] "GET /renault.activities.at/htdocs/export/pdf/emuc_document/10554615.pdf HTTP/1.0" 404 322 "http://212.69.160.11:443/renault.activities.at/htdocs/export/pdf/emuc_document/" "Mozilla/5.0 (Linux; Android 5.0) AppleWebKit/537.36 (KHTML, like Gecko) Mobile Safari/537.36 (compatible; Bytespider; spider-feedback@bytedance.com)"
91.141.70.191 - - [27/Sep/2023:13:04:33 +0200] "GET /entry.php?id=10271&&ser=812612 HTTP/1.1" 200 987 "http://hausegger.activities.at/entry.php?id=10271&&ser=812552" "Mozilla/5.0 (Windows NT 10.0; Win64; x64; rv:109.0) Gecko/20100101 Firefox/117.0"
91.141.70.191 - - [27/Sep/2023:13:04:33 +0200] "GET /gui/javascript/form_form.js?1695812673 HTTP/1.1" 200 16206 "http://hausegger.activities.at/entry.php?id=10271&&ser=812612" "Mozilla/5.0 (Windows NT 10.0; Win64; x64; rv:109.0) Gecko/20100101 Firefox/117.0"
156.59.198.135 - - [27/Sep/2023:13:04:53 +0200] "GET /renault.activities.at/htdocs/export/pdf/emuc_document/11772886.pdf HTTP/1.0" 404 322 "http://212.69.160.11:443/renault.activities.at/htdocs/export/pdf/emuc_document/" "Mozilla/5.0 (Linux; Android 5.0) AppleWebKit/537.36 (KHTML, like Gecko) Mobile Safari/537.36 (compatible; Bytespider; spider-feedback@bytedance.com)"
156.59.198.136 - - [27/Sep/2023:13:05:17 +0200] "GET /renault.activities.at/htdocs/export/pdf/emuc_document/11253931.pdf HTTP/1.0" 404 322 "http://212.69.160.11:443/renault.activities.at/htdocs/export/pdf/emuc_document/" "Mozilla/5.0 (Linux; Android 5.0) AppleWebKit/537.36 (KHTML, like Gecko) Mobile Safari/537.36 (compatible; Bytespider; spider-feedback@bytedance.com)"
91.141.70.191 - - [27/Sep/2023:13:05:33 +0200] "GET /entry.php?id=10271&&ser=812673 HTTP/1.1" 200 987 "http://hausegger.activities.at/entry.php?id=10271&&ser=812612" "Mozilla/5.0 (Windows NT 10.0; Win64; x64; rv:109.0) Gecko/20100101 Firefox/117.0"
91.141.70.191 - - [27/Sep/2023:13:05:33 +0200] "GET /gui/javascript/form_form.js?1695812733 HTTP/1.1" 200 16206 "http://hausegger.activities.at/entry.php?id=10271&&ser=812673" "Mozilla/5.0 (Windows NT 10.0; Win64; x64; rv:109.0) Gecko/20100101 Firefox/117.0"
156.59.198.136 - - [27/Sep/2023:13:05:42 +0200] "GET /renault.activities.at/htdocs/export/pdf/emuc_document/10892376.pdf HTTP/1.0" 404 323 "http://212.69.160.11:443/renault.activities.at/htdocs/export/pdf/emuc_document/" "Mozilla/5.0 (Linux; Android 5.0) AppleWebKit/537.36 (KHTML, like Gecko) Mobile Safari/537.36 (compatible; Bytespider; spider-feedback@bytedance.com)"
156.59.198.136 - - [27/Sep/2023:13:06:07 +0200] "GET /renault.activities.at/htdocs/export/pdf/emuc_document/10981088.pdf HTTP/1.0" 404 321 "http://212.69.160.11:443/renault.activities.at/htdocs/export/pdf/emuc_document/" "Mozilla/5.0 (Linux; Android 5.0) AppleWebKit/537.36 (KHTML, like Gecko) Mobile Safari/537.36 (compatible; Bytespider; spider-feedback@bytedance.com)"
156.59.198.136 - - [27/Sep/2023:13:06:30 +0200] "GET /renault.activities.at/htdocs/export/pdf/emuc_document/10535047.pdf HTTP/1.0" 404 323 "http://212.69.160.11:443/renault.activities.at/htdocs/export/pdf/emuc_document/" "Mozilla/5.0 (Linux; Android 5.0) AppleWebKit/537.36 (KHTML, like Gecko) Mobile Safari/537.36 (compatible; Bytespider; spider-feedback@bytedance.com)"
91.141.70.191 - - [27/Sep/2023:13:06:35 +0200] "GET /entry.php?id=10271&&ser=812733 HTTP/1.1" 200 987 "http://hausegger.activities.at/entry.php?id=10271&&ser=812673" "Mozilla/5.0 (Windows NT 10.0; Win64; x64; rv:109.0) Gecko/20100101 Firefox/117.0"
91.141.70.191 - - [27/Sep/2023:13:06:35 +0200] "GET /gui/javascript/form_form.js?1695812795 HTTP/1.1" 200 16206 "http://hausegger.activities.at/entry.php?id=10271&&ser=812733" "Mozilla/5.0 (Windows NT 10.0; Win64; x64; rv:109.0) Gecko/20100101 Firefox/117.0"
156.59.198.135 - - [27/Sep/2023:13:06:55 +0200] "GET /renault.activities.at/htdocs/export/pdf/emuc_document/11333399.pdf HTTP/1.0" 404 321 "http://212.69.160.11:443/renault.activities.at/htdocs/export/pdf/emuc_document/" "Mozilla/5.0 (Linux; Android 5.0) AppleWebKit/537.36 (KHTML, like Gecko) Mobile Safari/537.36 (compatible; Bytespider; spider-feedback@bytedance.com)"
156.59.198.135 - - [27/Sep/2023:13:07:19 +0200] "GET /renault.activities.at/htdocs/export/pdf/emuc_document/11850909.pdf HTTP/1.0" 404 321 "http://212.69.160.11:443/renault.activities.at/htdocs/export/pdf/emuc_document/" "Mozilla/5.0 (Linux; Android 5.0) AppleWebKit/537.36 (KHTML, like Gecko) Mobile Safari/537.36 (compatible; Bytespider; spider-feedback@bytedance.com)"
91.141.70.191 - - [27/Sep/2023:13:07:36 +0200] "GET /entry.php?id=10271&&ser=812795 HTTP/1.1" 200 987 "http://hausegger.activities.at/entry.php?id=10271&&ser=812733" "Mozilla/5.0 (Windows NT 10.0; Win64; x64; rv:109.0) Gecko/20100101 Firefox/117.0"
91.141.70.191 - - [27/Sep/2023:13:07:36 +0200] "GET /gui/javascript/form_form.js?1695812856 HTTP/1.1" 200 16206 "http://hausegger.activities.at/entry.php?id=10271&&ser=812795" "Mozilla/5.0 (Windows NT 10.0; Win64; x64; rv:109.0) Gecko/20100101 Firefox/117.0"
156.59.198.135 - - [27/Sep/2023:13:07:43 +0200] "GET /renault.activities.at/htdocs/export/pdf/emuc_document/10997720.pdf HTTP/1.0" 404 322 "http://212.69.160.11:443/renault.activities.at/htdocs/export/pdf/emuc_document/" "Mozilla/5.0 (Linux; Android 5.0) AppleWebKit/537.36 (KHTML, like Gecko) Mobile Safari/537.36 (compatible; Bytespider; spider-feedback@bytedance.com)"
156.59.198.136 - - [27/Sep/2023:13:08:08 +0200] "GET /renault.activities.at/htdocs/export/pdf/emuc_document/10535028.pdf HTTP/1.0" 404 322 "http://212.69.160.11:443/renault.activities.at/htdocs/export/pdf/emuc_document/" "Mozilla/5.0 (Linux; Android 5.0) AppleWebKit/537.36 (KHTML, like Gecko) Mobile Safari/537.36 (compatible; Bytespider; spider-feedback@bytedance.com)"
156.59.198.135 - - [27/Sep/2023:13:08:33 +0200] "GET /renault.activities.at/htdocs/export/pdf/emuc_document/11044938.pdf HTTP/1.0" 404 322 "http://212.69.160.11:443/renault.activities.at/htdocs/export/pdf/emuc_document/" "Mozilla/5.0 (Linux; Android 5.0) AppleWebKit/537.36 (KHTML, like Gecko) Mobile Safari/537.36 (compatible; Bytespider; spider-feedback@bytedance.com)"
91.141.70.191 - - [27/Sep/2023:13:08:36 +0200] "GET /entry.php?id=10271&&ser=812856 HTTP/1.1" 200 987 "http://hausegger.activities.at/entry.php?id=10271&&ser=812795" "Mozilla/5.0 (Windows NT 10.0; Win64; x64; rv:109.0) Gecko/20100101 Firefox/117.0"
91.141.70.191 - - [27/Sep/2023:13:08:36 +0200] "GET /gui/javascript/form_form.js?1695812916 HTTP/1.1" 200 16206 "http://hausegger.activities.at/entry.php?id=10271&&ser=812856" "Mozilla/5.0 (Windows NT 10.0; Win64; x64; rv:109.0) Gecko/20100101 Firefox/117.0"
91.141.70.191 - - [27/Sep/2023:13:08:37 +0200] "GET /entry.php?id=10831 HTTP/1.1" 200 8822 "http://hausegger.activities.at/entry.php?id=10270&__app__=10006038" "Mozilla/5.0 (Windows NT 10.0; Win64; x64; rv:109.0) Gecko/20100101 Firefox/117.0"
91.141.70.191 - - [27/Sep/2023:13:08:37 +0200] "GET /gui/javascript/form_form.js?1695812917 HTTP/1.1" 200 16206 "http://hausegger.activities.at/entry.php?id=10831" "Mozilla/5.0 (Windows NT 10.0; Win64; x64; rv:109.0) Gecko/20100101 Firefox/117.0"
91.141.70.191 - - [27/Sep/2023:13:08:37 +0200] "GET /entry.php?id=10889&document_id=& HTTP/1.1" 200 1508 "http://hausegger.activities.at/entry.php?id=10831" "Mozilla/5.0 (Windows NT 10.0; Win64; x64; rv:109.0) Gecko/20100101 Firefox/117.0"
91.141.70.191 - - [27/Sep/2023:13:08:43 +0200] "POST /entry.php?id=10831 HTTP/1.1" 200 8905 "http://hausegger.activities.at/entry.php?id=10831" "Mozilla/5.0 (Windows NT 10.0; Win64; x64; rv:109.0) Gecko/20100101 Firefox/117.0"
91.141.70.191 - - [27/Sep/2023:13:08:43 +0200] "GET /gui/javascript/form_form.js?1695812923 HTTP/1.1" 200 16206 "http://hausegger.activities.at/entry.php?id=10831" "Mozilla/5.0 (Windows NT 10.0; Win64; x64; rv:109.0) Gecko/20100101 Firefox/117.0"
91.141.70.191 - - [27/Sep/2023:13:08:43 +0200] "GET /entry.php?id=10889&document_id=& HTTP/1.1" 200 1509 "http://hausegger.activities.at/entry.php?id=10831" "Mozilla/5.0 (Windows NT 10.0; Win64; x64; rv:109.0) Gecko/20100101 Firefox/117.0"
91.141.70.191 - - [27/Sep/2023:13:08:46 +0200] "GET /entry.php?id=10877&mode=loadSearchCustomer&obj=number&tag=kreditor&value=f.&ser=1695808737170 HTTP/1.1" 200 175 "http://hausegger.activities.at/entry.php?id=10831" "Mozilla/5.0 (Windows NT 10.0; Win64; x64; rv:109.0) Gecko/20100101 Firefox/117.0"
91.141.70.191 - - [27/Sep/2023:13:08:46 +0200] "GET /entry.php?id=10877&mode=loadSearchCustomer&obj=number&tag=kreditor&value=f.&ser=1695808737226 HTTP/1.1" 200 175 "http://hausegger.activities.at/entry.php?id=10831" "Mozilla/5.0 (Windows NT 10.0; Win64; x64; rv:109.0) Gecko/20100101 Firefox/117.0"
91.141.70.191 - - [27/Sep/2023:13:08:48 +0200] "POST /entry.php?id=10889 HTTP/1.1" 200 1760 "http://hausegger.activities.at/entry.php?id=10889&document_id=&" "Mozilla/5.0 (Windows NT 10.0; Win64; x64; rv:109.0) Gecko/20100101 Firefox/117.0"
91.141.70.191 - - [27/Sep/2023:13:08:48 +0200] "GET /gui/javascript/form_form.js?1695812928 HTTP/1.1" 200 16206 "http://hausegger.activities.at/entry.php?id=10889" "Mozilla/5.0 (Windows NT 10.0; Win64; x64; rv:109.0) Gecko/20100101 Firefox/117.0"
156.59.198.136 - - [27/Sep/2023:13:08:57 +0200] "GET /renault.activities.at/htdocs/export/pdf/emuc_document/10637572.pdf HTTP/1.0" 404 323 "http://212.69.160.11:443/renault.activities.at/htdocs/export/pdf/emuc_document/" "Mozilla/5.0 (Linux; Android 5.0) AppleWebKit/537.36 (KHTML, like Gecko) Mobile Safari/537.36 (compatible; Bytespider; spider-feedback@bytedance.com)"
91.141.70.191 - - [27/Sep/2023:13:09:08 +0200] "POST /entry.php?id=10831 HTTP/1.1" 200 8335 "http://hausegger.activities.at/entry.php?id=10831" "Mozilla/5.0 (Windows NT 10.0; Win64; x64; rv:109.0) Gecko/20100101 Firefox/117.0"
91.141.70.191 - - [27/Sep/2023:13:09:09 +0200] "GET /gui/javascript/form_form.js?1695812949 HTTP/1.1" 200 16206 "http://hausegger.activities.at/entry.php?id=10831" "Mozilla/5.0 (Windows NT 10.0; Win64; x64; rv:109.0) Gecko/20100101 Firefox/117.0"
91.141.70.191 - - [27/Sep/2023:13:09:09 +0200] "GET /entry.php?id=10889&document_id=10328727& HTTP/1.1" 200 1509 "http://hausegger.activities.at/entry.php?id=10831" "Mozilla/5.0 (Windows NT 10.0; Win64; x64; rv:109.0) Gecko/20100101 Firefox/117.0"
91.141.70.191 - - [27/Sep/2023:13:09:10 +0200] "POST /entry.php?id=10831 HTTP/1.1" 200 4677 "http://hausegger.activities.at/entry.php?id=10831" "Mozilla/5.0 (Windows NT 10.0; Win64; x64; rv:109.0) Gecko/20100101 Firefox/117.0"
91.141.70.191 - - [27/Sep/2023:13:09:10 +0200] "GET /gui/javascript/form_form.js?1695812950 HTTP/1.1" 200 16206 "http://hausegger.activities.at/entry.php?id=10831" "Mozilla/5.0 (Windows NT 10.0; Win64; x64; rv:109.0) Gecko/20100101 Firefox/117.0"
91.141.70.191 - - [27/Sep/2023:13:09:10 +0200] "GET /entry.php?id=10889&document_id=10328727& HTTP/1.1" 200 1509 "http://hausegger.activities.at/entry.php?id=10831" "Mozilla/5.0 (Windows NT 10.0; Win64; x64; rv:109.0) Gecko/20100101 Firefox/117.0"
91.141.70.191 - - [27/Sep/2023:13:09:10 +0200] "GET /entry.php?id=10830&&object=10328727&account=&mode=documentkreditor HTTP/1.1" 200 3137 "http://hausegger.activities.at/entry.php?id=10831" "Mozilla/5.0 (Windows NT 10.0; Win64; x64; rv:109.0) Gecko/20100101 Firefox/117.0"
91.141.70.191 - - [27/Sep/2023:13:09:11 +0200] "POST /entry.php?id=10889 HTTP/1.1" 200 1581 "http://hausegger.activities.at/entry.php?id=10889&document_id=10328727&" "Mozilla/5.0 (Windows NT 10.0; Win64; x64; rv:109.0) Gecko/20100101 Firefox/117.0"
91.141.70.191 - - [27/Sep/2023:13:09:12 +0200] "GET /gui/javascript/form_form.js?1695812952 HTTP/1.1" 200 16206 "http://hausegger.activities.at/entry.php?id=10889" "Mozilla/5.0 (Windows NT 10.0; Win64; x64; rv:109.0) Gecko/20100101 Firefox/117.0"
91.141.70.191 - - [27/Sep/2023:13:09:13 +0200] "GET /entry.php?id=10877&mode=loadSearchArticle&obj=article_1&tag=kredit&refobject=10328727&value=1&ser=1695808763795 HTTP/1.1" 200 33271 "http://hausegger.activities.at/entry.php?id=10830&&object=10328727&account=&mode=documentkreditor" "Mozilla/5.0 (Windows NT 10.0; Win64; x64; rv:109.0) Gecko/20100101 Firefox/117.0"
91.141.70.191 - - [27/Sep/2023:13:09:13 +0200] "GET /entry.php?id=10877&mode=loadSearchArticle&obj=article_1&tag=kredit&refobject=10328727&value=16&ser=1695808764091 HTTP/1.1" 200 3846 "http://hausegger.activities.at/entry.php?id=10830&&object=10328727&account=&mode=documentkreditor" "Mozilla/5.0 (Windows NT 10.0; Win64; x64; rv:109.0) Gecko/20100101 Firefox/117.0"
91.141.70.191 - - [27/Sep/2023:13:09:13 +0200] "GET /entry.php?id=10877&mode=loadSearchArticle&obj=article_1&tag=kredit&refobject=10328727&value=160&ser=1695808764219 HTTP/1.1" 200 1627 "http://hausegger.activities.at/entry.php?id=10830&&object=10328727&account=&mode=documentkreditor" "Mozilla/5.0 (Windows NT 10.0; Win64; x64; rv:109.0) Gecko/20100101 Firefox/117.0"
91.141.70.191 - - [27/Sep/2023:13:09:13 +0200] "GET /entry.php?id=10877&mode=loadSearchArticle&obj=article_1&tag=kredit&refobject=10328727&value=1601&ser=1695808764435 HTTP/1.1" 200 1196 "http://hausegger.activities.at/entry.php?id=10830&&object=10328727&account=&mode=documentkreditor" "Mozilla/5.0 (Windows NT 10.0; Win64; x64; rv:109.0) Gecko/20100101 Firefox/117.0"
91.141.70.191 - - [27/Sep/2023:13:09:14 +0200] "GET /entry.php?id=10877&mode=loadSearchArticle&obj=article_1&tag=kredit&refobject=10328727&value=16016&ser=1695808765059 HTTP/1.1" 200 1082 "http://hausegger.activities.at/entry.php?id=10830&&object=10328727&account=&mode=documentkreditor" "Mozilla/5.0 (Windows NT 10.0; Win64; x64; rv:109.0) Gecko/20100101 Firefox/117.0"
91.141.70.191 - - [27/Sep/2023:13:09:14 +0200] "GET /entry.php?id=10877&mode=loadSearchArticle&obj=article_1&tag=kredit&refobject=10328727&value=160160&ser=1695808765395 HTTP/1.1" 200 1082 "http://hausegger.activities.at/entry.php?id=10830&&object=10328727&account=&mode=documentkreditor" "Mozilla/5.0 (Windows NT 10.0; Win64; x64; rv:109.0) Gecko/20100101 Firefox/117.0"
91.141.70.191 - - [27/Sep/2023:13:09:15 +0200] "GET /entry.php?id=10877&mode=loadSearchArticle&obj=article_1&tag=kredit&refobject=10328727&value=1601600&ser=1695808765691 HTTP/1.1" 200 787 "http://hausegger.activities.at/entry.php?id=10830&&object=10328727&account=&mode=documentkreditor" "Mozilla/5.0 (Windows NT 10.0; Win64; x64; rv:109.0) Gecko/20100101 Firefox/117.0"
91.141.70.191 - - [27/Sep/2023:13:09:15 +0200] "GET /entry.php?id=10877&mode=loadSearchArticle&obj=article_1&tag=kredit&refobject=10328727&value=16016008&ser=1695808765931 HTTP/1.1" 200 452 "http://hausegger.activities.at/entry.php?id=10830&&object=10328727&account=&mode=documentkreditor" "Mozilla/5.0 (Windows NT 10.0; Win64; x64; rv:109.0) Gecko/20100101 Firefox/117.0"
91.141.70.191 - - [27/Sep/2023:13:09:15 +0200] "GET /entry.php?id=10877&mode=loadSearchArticle&obj=article_1&tag=kredit&refobject=10328727&value=160160080&ser=1695808766067 HTTP/1.1" 200 276 "http://hausegger.activities.at/entry.php?id=10830&&object=10328727&account=&mode=documentkreditor" "Mozilla/5.0 (Windows NT 10.0; Win64; x64; rv:109.0) Gecko/20100101 Firefox/117.0"
91.141.70.191 - - [27/Sep/2023:13:09:16 +0200] "POST /entry.php?id=10889 HTTP/1.1" 200 1927 "http://hausegger.activities.at/entry.php?id=10889" "Mozilla/5.0 (Windows NT 10.0; Win64; x64; rv:109.0) Gecko/20100101 Firefox/117.0"
91.141.70.191 - - [27/Sep/2023:13:09:16 +0200] "GET /gui/javascript/form_form.js?1695812956 HTTP/1.1" 200 16206 "http://hausegger.activities.at/entry.php?id=10889" "Mozilla/5.0 (Windows NT 10.0; Win64; x64; rv:109.0) Gecko/20100101 Firefox/117.0"
91.141.70.191 - - [27/Sep/2023:13:09:17 +0200] "POST /entry.php?id=10889 HTTP/1.1" 200 1673 "http://hausegger.activities.at/entry.php?id=10889" "Mozilla/5.0 (Windows NT 10.0; Win64; x64; rv:109.0) Gecko/20100101 Firefox/117.0"
91.141.70.191 - - [27/Sep/2023:13:09:17 +0200] "GET /gui/javascript/form_form.js?1695812957 HTTP/1.1" 200 16206 "http://hausegger.activities.at/entry.php?id=10889" "Mozilla/5.0 (Windows NT 10.0; Win64; x64; rv:109.0) Gecko/20100101 Firefox/117.0"
91.141.70.191 - - [27/Sep/2023:13:09:19 +0200] "POST /entry.php?id=10889 HTTP/1.1" 200 1826 "http://hausegger.activities.at/entry.php?id=10889" "Mozilla/5.0 (Windows NT 10.0; Win64; x64; rv:109.0) Gecko/20100101 Firefox/117.0"
91.141.70.191 - - [27/Sep/2023:13:09:20 +0200] "GET /gui/javascript/form_form.js?1695812960 HTTP/1.1" 200 16206 "http://hausegger.activities.at/entry.php?id=10889" "Mozilla/5.0 (Windows NT 10.0; Win64; x64; rv:109.0) Gecko/20100101 Firefox/117.0"
91.141.70.191 - - [27/Sep/2023:13:09:21 +0200] "POST /entry.php?id=10889 HTTP/1.1" 200 1668 "http://hausegger.activities.at/entry.php?id=10889" "Mozilla/5.0 (Windows NT 10.0; Win64; x64; rv:109.0) Gecko/20100101 Firefox/117.0"
91.141.70.191 - - [27/Sep/2023:13:09:21 +0200] "GET /gui/javascript/form_form.js?1695812961 HTTP/1.1" 200 16206 "http://hausegger.activities.at/entry.php?id=10889" "Mozilla/5.0 (Windows NT 10.0; Win64; x64; rv:109.0) Gecko/20100101 Firefox/117.0"
156.59.198.135 - - [27/Sep/2023:13:09:21 +0200] "GET /renault.activities.at/htdocs/export/pdf/emuc_document/11229028.pdf HTTP/1.0" 404 321 "http://212.69.160.11:443/renault.activities.at/htdocs/export/pdf/emuc_document/" "Mozilla/5.0 (Linux; Android 5.0) AppleWebKit/537.36 (KHTML, like Gecko) Mobile Safari/537.36 (compatible; Bytespider; spider-feedback@bytedance.com)"
91.141.70.191 - - [27/Sep/2023:13:09:21 +0200] "GET /entry.php?id=10877&mode=loadSearchArticle&obj=article_2&tag=kredit&refobject=10328727&value=1&ser=1695808772531 HTTP/1.1" 200 33271 "http://hausegger.activities.at/entry.php?id=10830&&object=10328727&account=&mode=documentkreditor" "Mozilla/5.0 (Windows NT 10.0; Win64; x64; rv:109.0) Gecko/20100101 Firefox/117.0"
91.141.70.191 - - [27/Sep/2023:13:09:22 +0200] "GET /entry.php?id=10877&mode=loadSearchArticle&obj=article_2&tag=kredit&refobject=10328727&value=16&ser=1695808772843 HTTP/1.1" 200 3846 "http://hausegger.activities.at/entry.php?id=10830&&object=10328727&account=&mode=documentkreditor" "Mozilla/5.0 (Windows NT 10.0; Win64; x64; rv:109.0) Gecko/20100101 Firefox/117.0"
91.141.70.191 - - [27/Sep/2023:13:09:22 +0200] "GET /entry.php?id=10877&mode=loadSearchArticle&obj=article_2&tag=kredit&refobject=10328727&value=160&ser=1695808772963 HTTP/1.1" 200 1627 "http://hausegger.activities.at/entry.php?id=10830&&object=10328727&account=&mode=documentkreditor" "Mozilla/5.0 (Windows NT 10.0; Win64; x64; rv:109.0) Gecko/20100101 Firefox/117.0"
91.141.70.191 - - [27/Sep/2023:13:09:22 +0200] "GET /entry.php?id=10877&mode=loadSearchArticle&obj=article_2&tag=kredit&refobject=10328727&value=1601&ser=1695808773163 HTTP/1.1" 200 1196 "http://hausegger.activities.at/entry.php?id=10830&&object=10328727&account=&mode=documentkreditor" "Mozilla/5.0 (Windows NT 10.0; Win64; x64; rv:109.0) Gecko/20100101 Firefox/117.0"
91.141.70.191 - - [27/Sep/2023:13:09:22 +0200] "GET /entry.php?id=10877&mode=loadSearchArticle&obj=article_2&tag=kredit&refobject=10328727&value=16016&ser=1695808773411 HTTP/1.1" 200 1081 "http://hausegger.activities.at/entry.php?id=10830&&object=10328727&account=&mode=documentkreditor" "Mozilla/5.0 (Windows NT 10.0; Win64; x64; rv:109.0) Gecko/20100101 Firefox/117.0"
91.141.70.191 - - [27/Sep/2023:13:09:23 +0200] "GET /entry.php?id=10877&mode=loadSearchArticle&obj=article_2&tag=kredit&refobject=10328727&value=160160&ser=1695808773763 HTTP/1.1" 200 1081 "http://hausegger.activities.at/entry.php?id=10830&&object=10328727&account=&mode=documentkreditor" "Mozilla/5.0 (Windows NT 10.0; Win64; x64; rv:109.0) Gecko/20100101 Firefox/117.0"
91.141.70.191 - - [27/Sep/2023:13:09:23 +0200] "GET /entry.php?id=10877&mode=loadSearchArticle&obj=article_2&tag=kredit&refobject=10328727&value=1601600&ser=1695808774083 HTTP/1.1" 200 787 "http://hausegger.activities.at/entry.php?id=10830&&object=10328727&account=&mode=documentkreditor" "Mozilla/5.0 (Windows NT 10.0; Win64; x64; rv:109.0) Gecko/20100101 Firefox/117.0"
91.141.70.191 - - [27/Sep/2023:13:09:23 +0200] "GET /entry.php?id=10877&mode=loadSearchArticle&obj=article_2&tag=kredit&refobject=10328727&value=16016009&ser=1695808774275 HTTP/1.1" 200 347 "http://hausegger.activities.at/entry.php?id=10830&&object=10328727&account=&mode=documentkreditor" "Mozilla/5.0 (Windows NT 10.0; Win64; x64; rv:109.0) Gecko/20100101 Firefox/117.0"
91.141.70.191 - - [27/Sep/2023:13:09:23 +0200] "GET /entry.php?id=10877&mode=loadSearchArticle&obj=article_2&tag=kredit&refobject=10328727&value=160160090&ser=1695808774371 HTTP/1.1" 200 283 "http://hausegger.activities.at/entry.php?id=10830&&object=10328727&account=&mode=documentkreditor" "Mozilla/5.0 (Windows NT 10.0; Win64; x64; rv:109.0) Gecko/20100101 Firefox/117.0"
91.141.70.191 - - [27/Sep/2023:13:09:25 +0200] "POST /entry.php?id=10889 HTTP/1.1" 200 1981 "http://hausegger.activities.at/entry.php?id=10889" "Mozilla/5.0 (Windows NT 10.0; Win64; x64; rv:109.0) Gecko/20100101 Firefox/117.0"
91.141.70.191 - - [27/Sep/2023:13:09:25 +0200] "GET /gui/javascript/form_form.js?1695812965 HTTP/1.1" 200 16206 "http://hausegger.activities.at/entry.php?id=10889" "Mozilla/5.0 (Windows NT 10.0; Win64; x64; rv:109.0) Gecko/20100101 Firefox/117.0"
91.141.70.191 - - [27/Sep/2023:13:09:25 +0200] "POST /entry.php?id=10889 HTTP/1.1" 200 1740 "http://hausegger.activities.at/entry.php?id=10889" "Mozilla/5.0 (Windows NT 10.0; Win64; x64; rv:109.0) Gecko/20100101 Firefox/117.0"
91.141.70.191 - - [27/Sep/2023:13:09:26 +0200] "GET /gui/javascript/form_form.js?1695812966 HTTP/1.1" 200 16206 "http://hausegger.activities.at/entry.php?id=10889" "Mozilla/5.0 (Windows NT 10.0; Win64; x64; rv:109.0) Gecko/20100101 Firefox/117.0"
91.141.70.191 - - [27/Sep/2023:13:09:28 +0200] "POST /entry.php?id=10889 HTTP/1.1" 200 1833 "http://hausegger.activities.at/entry.php?id=10889" "Mozilla/5.0 (Windows NT 10.0; Win64; x64; rv:109.0) Gecko/20100101 Firefox/117.0"
91.141.70.191 - - [27/Sep/2023:13:09:29 +0200] "GET /gui/javascript/form_form.js?1695812968 HTTP/1.1" 200 16206 "http://hausegger.activities.at/entry.php?id=10889" "Mozilla/5.0 (Windows NT 10.0; Win64; x64; rv:109.0) Gecko/20100101 Firefox/117.0"
91.141.70.191 - - [27/Sep/2023:13:09:29 +0200] "POST /entry.php?id=10889 HTTP/1.1" 200 1673 "http://hausegger.activities.at/entry.php?id=10889" "Mozilla/5.0 (Windows NT 10.0; Win64; x64; rv:109.0) Gecko/20100101 Firefox/117.0"
91.141.70.191 - - [27/Sep/2023:13:09:30 +0200] "GET /gui/javascript/form_form.js?1695812969 HTTP/1.1" 200 16206 "http://hausegger.activities.at/entry.php?id=10889" "Mozilla/5.0 (Windows NT 10.0; Win64; x64; rv:109.0) Gecko/20100101 Firefox/117.0"
91.141.70.191 - - [27/Sep/2023:13:09:30 +0200] "GET /entry.php?id=10877&mode=loadSearchArticle&obj=article_3&tag=kredit&refobject=10328727&value=1&ser=1695808781275 HTTP/1.1" 200 33271 "http://hausegger.activities.at/entry.php?id=10830&&object=10328727&account=&mode=documentkreditor" "Mozilla/5.0 (Windows NT 10.0; Win64; x64; rv:109.0) Gecko/20100101 Firefox/117.0"
91.141.70.191 - - [27/Sep/2023:13:09:31 +0200] "GET /entry.php?id=10877&mode=loadSearchArticle&obj=article_3&tag=kredit&refobject=10328727&value=16&ser=1695808781578 HTTP/1.1" 200 3846 "http://hausegger.activities.at/entry.php?id=10830&&object=10328727&account=&mode=documentkreditor" "Mozilla/5.0 (Windows NT 10.0; Win64; x64; rv:109.0) Gecko/20100101 Firefox/117.0"
91.141.70.191 - - [27/Sep/2023:13:09:31 +0200] "GET /entry.php?id=10877&mode=loadSearchArticle&obj=article_3&tag=kredit&refobject=10328727&value=160&ser=1695808781731 HTTP/1.1" 200 1627 "http://hausegger.activities.at/entry.php?id=10830&&object=10328727&account=&mode=documentkreditor" "Mozilla/5.0 (Windows NT 10.0; Win64; x64; rv:109.0) Gecko/20100101 Firefox/117.0"
91.141.70.191 - - [27/Sep/2023:13:09:31 +0200] "GET /entry.php?id=10877&mode=loadSearchArticle&obj=article_3&tag=kredit&refobject=10328727&value=1601&ser=1695808781899 HTTP/1.1" 200 1196 "http://hausegger.activities.at/entry.php?id=10830&&object=10328727&account=&mode=documentkreditor" "Mozilla/5.0 (Windows NT 10.0; Win64; x64; rv:109.0) Gecko/20100101 Firefox/117.0"
91.141.70.191 - - [27/Sep/2023:13:09:31 +0200] "GET /entry.php?id=10877&mode=loadSearchArticle&obj=article_3&tag=kredit&refobject=10328727&value=16016&ser=1695808782163 HTTP/1.1" 200 1082 "http://hausegger.activities.at/entry.php?id=10830&&object=10328727&account=&mode=documentkreditor" "Mozilla/5.0 (Windows NT 10.0; Win64; x64; rv:109.0) Gecko/20100101 Firefox/117.0"
91.141.70.191 - - [27/Sep/2023:13:09:31 +0200] "GET /entry.php?id=10877&mode=loadSearchArticle&obj=article_3&tag=kredit&refobject=10328727&value=160160&ser=1695808782315 HTTP/1.1" 200 1082 "http://hausegger.activities.at/entry.php?id=10830&&object=10328727&account=&mode=documentkreditor" "Mozilla/5.0 (Windows NT 10.0; Win64; x64; rv:109.0) Gecko/20100101 Firefox/117.0"
91.141.70.191 - - [27/Sep/2023:13:09:32 +0200] "GET /entry.php?id=10877&mode=loadSearchArticle&obj=article_3&tag=kredit&refobject=10328727&value=1601601&ser=1695808783355 HTTP/1.1" 200 594 "http://hausegger.activities.at/entry.php?id=10830&&object=10328727&account=&mode=documentkreditor" "Mozilla/5.0 (Windows NT 10.0; Win64; x64; rv:109.0) Gecko/20100101 Firefox/117.0"
91.141.70.191 - - [27/Sep/2023:13:09:32 +0200] "GET /entry.php?id=10877&mode=loadSearchArticle&obj=article_3&tag=kredit&refobject=10328727&value=16016010&ser=1695808783547 HTTP/1.1" 200 400 "http://hausegger.activities.at/entry.php?id=10830&&object=10328727&account=&mode=documentkreditor" "Mozilla/5.0 (Windows NT 10.0; Win64; x64; rv:109.0) Gecko/20100101 Firefox/117.0"
