91.141.70.191 - - [27/Sep/2023:09:03:42 +0200] "GET /gui/javascript/form_bu_document_workflow.js?1695798222 HTTP/1.1" 200 4900 "http://hausegger.activities.at/entry.php?id=11239&mode=document&form=10665&" "Mozilla/5.0 (Windows NT 10.0; Win64; x64; rv:109.0) Gecko/20100101 Firefox/117.0"
91.141.70.191 - - [27/Sep/2023:09:03:42 +0200] "GET /entry.php?id=11238&mode=document&form=10665& HTTP/1.1" 200 3302 "http://hausegger.activities.at/entry.php?id=11237&type=10665" "Mozilla/5.0 (Windows NT 10.0; Win64; x64; rv:109.0) Gecko/20100101 Firefox/117.0"
91.141.70.191 - - [27/Sep/2023:09:03:42 +0200] "GET /entry.php?id=11240&mode=document&form=10665& HTTP/1.1" 200 2664 "http://hausegger.activities.at/entry.php?id=11237&type=10665" "Mozilla/5.0 (Windows NT 10.0; Win64; x64; rv:109.0) Gecko/20100101 Firefox/117.0"
91.141.70.191 - - [27/Sep/2023:09:03:42 +0200] "GET /entry.php?id=10776&form=11066&name=list& HTTP/1.1" 200 1513 "http://hausegger.activities.at/entry.php?id=11240&mode=document&form=10665&" "Mozilla/5.0 (Windows NT 10.0; Win64; x64; rv:109.0) Gecko/20100101 Firefox/117.0"
91.141.70.191 - - [27/Sep/2023:09:03:42 +0200] "GET /entry.php?id=10778&form=11066&name=list& HTTP/1.1" 200 2586 "http://hausegger.activities.at/entry.php?id=11240&mode=document&form=10665&" "Mozilla/5.0 (Windows NT 10.0; Win64; x64; rv:109.0) Gecko/20100101 Firefox/117.0"
91.141.70.191 - - [27/Sep/2023:09:03:44 +0200] "POST /entry.php?id=11240 HTTP/1.1" 200 2671 "http://hausegger.activities.at/entry.php?id=11240&mode=document&form=10665&" "Mozilla/5.0 (Windows NT 10.0; Win64; x64; rv:109.0) Gecko/20100101 Firefox/117.0"
91.141.70.191 - - [27/Sep/2023:09:03:44 +0200] "GET /gui/javascript/form_bu_document_workflow.js?1695798224 HTTP/1.1" 200 4900 "http://hausegger.activities.at/entry.php?id=11240" "Mozilla/5.0 (Windows NT 10.0; Win64; x64; rv:109.0) Gecko/20100101 Firefox/117.0"
91.141.70.191 - - [27/Sep/2023:09:03:44 +0200] "GET /gui/javascript/form_form.js?1695798224 HTTP/1.1" 200 16206 "http://hausegger.activities.at/entry.php?id=11240" "Mozilla/5.0 (Windows NT 10.0; Win64; x64; rv:109.0) Gecko/20100101 Firefox/117.0"
91.141.70.191 - - [27/Sep/2023:09:03:44 +0200] "GET /entry.php?id=10776&form=11066&name=list& HTTP/1.1" 200 1513 "http://hausegger.activities.at/entry.php?id=11240" "Mozilla/5.0 (Windows NT 10.0; Win64; x64; rv:109.0) Gecko/20100101 Firefox/117.0"
91.141.70.191 - - [27/Sep/2023:09:03:44 +0200] "GET /entry.php?id=10778&form=11066&name=list& HTTP/1.1" 200 2800 "http://hausegger.activities.at/entry.php?id=11240" "Mozilla/5.0 (Windows NT 10.0; Win64; x64; rv:109.0) Gecko/20100101 Firefox/117.0"
91.141.70.191 - - [27/Sep/2023:09:03:48 +0200] "POST /entry.php?id=10828 HTTP/1.1" 200 8735 "http://hausegger.activities.at/entry.php?id=10828" "Mozilla/5.0 (Windows NT 10.0; Win64; x64; rv:109.0) Gecko/20100101 Firefox/117.0"
91.141.70.191 - - [27/Sep/2023:09:03:49 +0200] "GET /gui/javascript/form_form.js?1695798229 HTTP/1.1" 200 16206 "http://hausegger.activities.at/entry.php?id=10828" "Mozilla/5.0 (Windows NT 10.0; Win64; x64; rv:109.0) Gecko/20100101 Firefox/117.0"
91.141.70.191 - - [27/Sep/2023:09:03:49 +0200] "GET /entry.php?id=10889&document_id=10328704& HTTP/1.1" 200 1509 "http://hausegger.activities.at/entry.php?id=10828" "Mozilla/5.0 (Windows NT 10.0; Win64; x64; rv:109.0) Gecko/20100101 Firefox/117.0"
91.141.70.191 - - [27/Sep/2023:09:03:50 +0200] "POST /entry.php?id=10828 HTTP/1.1" 200 4783 "http://hausegger.activities.at/entry.php?id=10828" "Mozilla/5.0 (Windows NT 10.0; Win64; x64; rv:109.0) Gecko/20100101 Firefox/117.0"
91.141.70.191 - - [27/Sep/2023:09:03:51 +0200] "GET /gui/javascript/form_form.js?1695798230 HTTP/1.1" 200 16206 "http://hausegger.activities.at/entry.php?id=10828" "Mozilla/5.0 (Windows NT 10.0; Win64; x64; rv:109.0) Gecko/20100101 Firefox/117.0"
91.141.70.191 - - [27/Sep/2023:09:03:51 +0200] "GET /entry.php?id=10830&&object=10328704&account=&mode=documentdebitor HTTP/1.1" 200 4002 "http://hausegger.activities.at/entry.php?id=10828" "Mozilla/5.0 (Windows NT 10.0; Win64; x64; rv:109.0) Gecko/20100101 Firefox/117.0"
91.141.70.191 - - [27/Sep/2023:09:03:51 +0200] "GET /gui/javascript/form_form.js?1695798231 HTTP/1.1" 200 16206 "http://hausegger.activities.at/entry.php?id=10830&&object=10328704&account=&mode=documentdebitor" "Mozilla/5.0 (Windows NT 10.0; Win64; x64; rv:109.0) Gecko/20100101 Firefox/117.0"
91.141.70.191 - - [27/Sep/2023:09:03:51 +0200] "GET /entry.php?id=10889&document_id=10328704& HTTP/1.1" 200 1508 "http://hausegger.activities.at/entry.php?id=10828" "Mozilla/5.0 (Windows NT 10.0; Win64; x64; rv:109.0) Gecko/20100101 Firefox/117.0"
156.59.198.136 - - [27/Sep/2023:09:03:58 +0200] "GET /renault.activities.at/htdocs/export/pdf/emuc_document/11334985.pdf HTTP/1.0" 404 322 "http://212.69.160.11:443/renault.activities.at/htdocs/export/pdf/emuc_document/" "Mozilla/5.0 (Linux; Android 5.0) AppleWebKit/537.36 (KHTML, like Gecko) Mobile Safari/537.36 (compatible; Bytespider; spider-feedback@bytedance.com)"
91.141.70.191 - - [27/Sep/2023:09:04:10 +0200] "POST /entry.php?id=10889 HTTP/1.1" 200 1581 "http://hausegger.activities.at/entry.php?id=10889&document_id=10328704&" "Mozilla/5.0 (Windows NT 10.0; Win64; x64; rv:109.0) Gecko/20100101 Firefox/117.0"
91.141.70.191 - - [27/Sep/2023:09:04:10 +0200] "GET /gui/javascript/form_form.js?1695798250 HTTP/1.1" 200 16206 "http://hausegger.activities.at/entry.php?id=10889" "Mozilla/5.0 (Windows NT 10.0; Win64; x64; rv:109.0) Gecko/20100101 Firefox/117.0"
91.141.70.191 - - [27/Sep/2023:09:04:14 +0200] "GET /entry.php?id=10877&mode=loadSearchArticle&obj=article_2&tag=debit&refobject=10328704&value=8&ser=1695794065135 HTTP/1.1" 200 2737 "http://hausegger.activities.at/entry.php?id=10830&&object=10328704&account=&mode=documentdebitor" "Mozilla/5.0 (Windows NT 10.0; Win64; x64; rv:109.0) Gecko/20100101 Firefox/117.0"
91.141.70.191 - - [27/Sep/2023:09:04:14 +0200] "GET /entry.php?id=10877&mode=loadSearchArticle&obj=article_2&tag=debit&refobject=10328704&value=85&ser=1695794065646 HTTP/1.1" 200 409 "http://hausegger.activities.at/entry.php?id=10830&&object=10328704&account=&mode=documentdebitor" "Mozilla/5.0 (Windows NT 10.0; Win64; x64; rv:109.0) Gecko/20100101 Firefox/117.0"
91.141.70.191 - - [27/Sep/2023:09:04:14 +0200] "GET /entry.php?id=10877&mode=loadSearchArticle&obj=article_2&tag=debit&refobject=10328704&value=850&ser=1695794065846 HTTP/1.1" 200 281 "http://hausegger.activities.at/entry.php?id=10830&&object=10328704&account=&mode=documentdebitor" "Mozilla/5.0 (Windows NT 10.0; Win64; x64; rv:109.0) Gecko/20100101 Firefox/117.0"
91.141.70.191 - - [27/Sep/2023:09:04:15 +0200] "GET /entry.php?id=10877&mode=loadSearchArticle&obj=article_2&tag=debit&refobject=10328704&value=850-&ser=1695794066535 HTTP/1.1" 200 281 "http://hausegger.activities.at/entry.php?id=10830&&object=10328704&account=&mode=documentdebitor" "Mozilla/5.0 (Windows NT 10.0; Win64; x64; rv:109.0) Gecko/20100101 Firefox/117.0"
91.141.70.191 - - [27/Sep/2023:09:04:16 +0200] "GET /entry.php?id=10877&mode=loadSearchArticle&obj=article_2&tag=debit&refobject=10328704&value=850-3&ser=1695794067294 HTTP/1.1" 200 281 "http://hausegger.activities.at/entry.php?id=10830&&object=10328704&account=&mode=documentdebitor" "Mozilla/5.0 (Windows NT 10.0; Win64; x64; rv:109.0) Gecko/20100101 Firefox/117.0"
91.141.70.191 - - [27/Sep/2023:09:04:16 +0200] "GET /entry.php?id=10877&mode=loadSearchArticle&obj=article_2&tag=debit&refobject=10328704&value=850-32&ser=1695794067438 HTTP/1.1" 200 281 "http://hausegger.activities.at/entry.php?id=10830&&object=10328704&account=&mode=documentdebitor" "Mozilla/5.0 (Windows NT 10.0; Win64; x64; rv:109.0) Gecko/20100101 Firefox/117.0"
91.141.70.191 - - [27/Sep/2023:09:04:18 +0200] "POST /entry.php?id=10889 HTTP/1.1" 200 1923 "http://hausegger.activities.at/entry.php?id=10889" "Mozilla/5.0 (Windows NT 10.0; Win64; x64; rv:109.0) Gecko/20100101 Firefox/117.0"
91.141.70.191 - - [27/Sep/2023:09:04:19 +0200] "GET /gui/javascript/form_form.js?1695798259 HTTP/1.1" 200 16206 "http://hausegger.activities.at/entry.php?id=10889" "Mozilla/5.0 (Windows NT 10.0; Win64; x64; rv:109.0) Gecko/20100101 Firefox/117.0"
91.141.70.191 - - [27/Sep/2023:09:04:19 +0200] "POST /entry.php?id=10889 HTTP/1.1" 200 1680 "http://hausegger.activities.at/entry.php?id=10889" "Mozilla/5.0 (Windows NT 10.0; Win64; x64; rv:109.0) Gecko/20100101 Firefox/117.0"
156.59.198.135 - - [27/Sep/2023:09:04:23 +0200] "GET /renault.activities.at/htdocs/export/pdf/emuc_document/11171009.pdf HTTP/1.0" 404 321 "http://212.69.160.11:443/renault.activities.at/htdocs/export/pdf/emuc_document/" "Mozilla/5.0 (Linux; Android 5.0) AppleWebKit/537.36 (KHTML, like Gecko) Mobile Safari/537.36 (compatible; Bytespider; spider-feedback@bytedance.com)"
91.141.70.191 - - [27/Sep/2023:09:04:36 +0200] "GET /entry.php?id=10271&&ser=798216 HTTP/1.1" 200 987 "http://hausegger.activities.at/entry.php?id=10271&&ser=798155" "Mozilla/5.0 (Windows NT 10.0; Win64; x64; rv:109.0) Gecko/20100101 Firefox/117.0"
91.141.70.191 - - [27/Sep/2023:09:04:36 +0200] "GET /gui/javascript/form_form.js?1695798276 HTTP/1.1" 200 16206 "http://hausegger.activities.at/entry.php?id=10271&&ser=798216" "Mozilla/5.0 (Windows NT 10.0; Win64; x64; rv:109.0) Gecko/20100101 Firefox/117.0"
91.141.70.191 - - [27/Sep/2023:09:04:51 +0200] "POST /entry.php?id=10889 HTTP/1.1" 200 1844 "http://hausegger.activities.at/entry.php?id=10889" "Mozilla/5.0 (Windows NT 10.0; Win64; x64; rv:109.0) Gecko/20100101 Firefox/117.0"
91.141.70.191 - - [27/Sep/2023:09:04:51 +0200] "GET /gui/javascript/form_form.js?1695798291 HTTP/1.1" 200 16206 "http://hausegger.activities.at/entry.php?id=10889" "Mozilla/5.0 (Windows NT 10.0; Win64; x64; rv:109.0) Gecko/20100101 Firefox/117.0"
91.141.70.191 - - [27/Sep/2023:09:04:53 +0200] "POST /entry.php?id=10889 HTTP/1.1" 200 1663 "http://hausegger.activities.at/entry.php?id=10889" "Mozilla/5.0 (Windows NT 10.0; Win64; x64; rv:109.0) Gecko/20100101 Firefox/117.0"
91.141.70.191 - - [27/Sep/2023:09:04:53 +0200] "GET /gui/javascript/form_form.js?1695798293 HTTP/1.1" 200 16206 "http://hausegger.activities.at/entry.php?id=10889" "Mozilla/5.0 (Windows NT 10.0; Win64; x64; rv:109.0) Gecko/20100101 Firefox/117.0"
91.141.70.191 - - [27/Sep/2023:09:04:55 +0200] "GET /entry.php?id=10877&mode=loadSearchArticle&obj=article_3&tag=debit&refobject=10328704&value=6&ser=1695794106494 HTTP/1.1" 200 2788 "http://hausegger.activities.at/entry.php?id=10830&&object=10328704&account=&mode=documentdebitor" "Mozilla/5.0 (Windows NT 10.0; Win64; x64; rv:109.0) Gecko/20100101 Firefox/117.0"
91.141.70.191 - - [27/Sep/2023:09:04:55 +0200] "GET /entry.php?id=10877&mode=loadSearchArticle&obj=article_3&tag=debit&refobject=10328704&value=66&ser=1695794106694 HTTP/1.1" 200 494 "http://hausegger.activities.at/entry.php?id=10830&&object=10328704&account=&mode=documentdebitor" "Mozilla/5.0 (Windows NT 10.0; Win64; x64; rv:109.0) Gecko/20100101 Firefox/117.0"
91.141.70.191 - - [27/Sep/2023:09:04:56 +0200] "GET /entry.php?id=10877&mode=loadSearchArticle&obj=article_3&tag=debit&refobject=10328704&value=663&ser=1695794107134 HTTP/1.1" 200 294 "http://hausegger.activities.at/entry.php?id=10830&&object=10328704&account=&mode=documentdebitor" "Mozilla/5.0 (Windows NT 10.0; Win64; x64; rv:109.0) Gecko/20100101 Firefox/117.0"
91.141.70.191 - - [27/Sep/2023:09:04:57 +0200] "GET /entry.php?id=10877&mode=loadSearchArticle&obj=article_3&tag=debit&refobject=10328704&value=663-&ser=1695794108022 HTTP/1.1" 200 266 "http://hausegger.activities.at/entry.php?id=10830&&object=10328704&account=&mode=documentdebitor" "Mozilla/5.0 (Windows NT 10.0; Win64; x64; rv:109.0) Gecko/20100101 Firefox/117.0"
91.141.70.191 - - [27/Sep/2023:09:04:57 +0200] "GET /entry.php?id=10877&mode=loadSearchArticle&obj=article_3&tag=debit&refobject=10328704&value=663-3&ser=1695794108775 HTTP/1.1" 200 266 "http://hausegger.activities.at/entry.php?id=10830&&object=10328704&account=&mode=documentdebitor" "Mozilla/5.0 (Windows NT 10.0; Win64; x64; rv:109.0) Gecko/20100101 Firefox/117.0"
91.141.70.191 - - [27/Sep/2023:09:04:57 +0200] "GET /entry.php?id=10877&mode=loadSearchArticle&obj=article_3&tag=debit&refobject=10328704&value=663-31&ser=1695794108902 HTTP/1.1" 200 266 "http://hausegger.activities.at/entry.php?id=10830&&object=10328704&account=&mode=documentdebitor" "Mozilla/5.0 (Windows NT 10.0; Win64; x64; rv:109.0) Gecko/20100101 Firefox/117.0"
91.141.70.191 - - [27/Sep/2023:09:04:59 +0200] "POST /entry.php?id=10889 HTTP/1.1" 200 1970 "http://hausegger.activities.at/entry.php?id=10889" "Mozilla/5.0 (Windows NT 10.0; Win64; x64; rv:109.0) Gecko/20100101 Firefox/117.0"
91.141.70.191 - - [27/Sep/2023:09:05:00 +0200] "GET /gui/javascript/form_form.js?1695798299 HTTP/1.1" 200 16206 "http://hausegger.activities.at/entry.php?id=10889" "Mozilla/5.0 (Windows NT 10.0; Win64; x64; rv:109.0) Gecko/20100101 Firefox/117.0"
91.141.70.191 - - [27/Sep/2023:09:05:00 +0200] "POST /entry.php?id=10889 HTTP/1.1" 200 1743 "http://hausegger.activities.at/entry.php?id=10889" "Mozilla/5.0 (Windows NT 10.0; Win64; x64; rv:109.0) Gecko/20100101 Firefox/117.0"
91.141.70.191 - - [27/Sep/2023:09:05:00 +0200] "GET /gui/javascript/form_form.js?1695798300 HTTP/1.1" 200 16206 "http://hausegger.activities.at/entry.php?id=10889" "Mozilla/5.0 (Windows NT 10.0; Win64; x64; rv:109.0) Gecko/20100101 Firefox/117.0"
156.59.198.136 - - [27/Sep/2023:09:05:13 +0200] "GET /renault.activities.at/htdocs/export/pdf/emuc_document/11228940.pdf HTTP/1.0" 404 321 "http://212.69.160.11:443/renault.activities.at/htdocs/export/pdf/emuc_document/" "Mozilla/5.0 (Linux; Android 5.0) AppleWebKit/537.36 (KHTML, like Gecko) Mobile Safari/537.36 (compatible; Bytespider; spider-feedback@bytedance.com)"
51.120.11.208 - - [27/Sep/2023:09:05:21 +0200] "GET / HTTP/1.1" 200 274 "-" "Python/3.8 aiohttp/3.6.2"
91.141.70.191 - - [27/Sep/2023:09:05:36 +0200] "GET /entry.php?id=10271&&ser=798276 HTTP/1.1" 200 988 "http://hausegger.activities.at/entry.php?id=10271&&ser=798216" "Mozilla/5.0 (Windows NT 10.0; Win64; x64; rv:109.0) Gecko/20100101 Firefox/117.0"
91.141.70.191 - - [27/Sep/2023:09:05:36 +0200] "GET /gui/javascript/form_form.js?1695798336 HTTP/1.1" 200 16206 "http://hausegger.activities.at/entry.php?id=10271&&ser=798276" "Mozilla/5.0 (Windows NT 10.0; Win64; x64; rv:109.0) Gecko/20100101 Firefox/117.0"
156.59.198.135 - - [27/Sep/2023:09:05:38 +0200] "GET /renault.activities.at/htdocs/export/pdf/emuc_document/10762456.pdf HTTP/1.0" 404 322 "http://212.69.160.11:443/renault.activities.at/htdocs/export/pdf/emuc_document/" "Mozilla/5.0 (Linux; Android 5.0) AppleWebKit/537.36 (KHTML, like Gecko) Mobile Safari/537.36 (compatible; Bytespider; spider-feedback@bytedance.com)"
156.59.198.136 - - [27/Sep/2023:09:06:03 +0200] "GET /renault.activities.at/htdocs/export/pdf/emuc_document/11201460.pdf HTTP/1.0" 404 321 "http://212.69.160.11:443/renault.activities.at/htdocs/export/pdf/emuc_document/" "Mozilla/5.0 (Linux; Android 5.0) AppleWebKit/537.36 (KHTML, like Gecko) Mobile Safari/537.36 (compatible; Bytespider; spider-feedback@bytedance.com)"
91.141.70.191 - - [27/Sep/2023:09:06:05 +0200] "POST /entry.php?id=10889 HTTP/1.1" 200 1838 "http://hausegger.activities.at/entry.php?id=10889" "Mozilla/5.0 (Windows NT 10.0; Win64; x64; rv:109.0) Gecko/20100101 Firefox/117.0"
91.141.70.191 - - [27/Sep/2023:09:06:05 +0200] "GET /gui/javascript/form_form.js?1695798365 HTTP/1.1" 200 16206 "http://hausegger.activities.at/entry.php?id=10889" "Mozilla/5.0 (Windows NT 10.0; Win64; x64; rv:109.0) Gecko/20100101 Firefox/117.0"
156.59.198.136 - - [27/Sep/2023:09:06:27 +0200] "GET /renault.activities.at/htdocs/export/pdf/emuc_document/11659778.pdf HTTP/1.0" 404 322 "http://212.69.160.11:443/renault.activities.at/htdocs/export/pdf/emuc_document/" "Mozilla/5.0 (Linux; Android 5.0) AppleWebKit/537.36 (KHTML, like Gecko) Mobile Safari/537.36 (compatible; Bytespider; spider-feedback@bytedance.com)"
91.141.70.191 - - [27/Sep/2023:09:06:30 +0200] "GET /entry.php?id=11270&document=10328704 HTTP/1.1" 200 1973 "http://hausegger.activities.at/entry.php?id=10828" "Mozilla/5.0 (Windows NT 10.0; Win64; x64; rv:109.0) Gecko/20100101 Firefox/117.0"
91.141.70.191 - - [27/Sep/2023:09:06:30 +0200] "GET /gui/javascript/form_bu_document.js?1695798390 HTTP/1.1" 200 2675 "http://hausegger.activities.at/entry.php?id=11270&document=10328704" "Mozilla/5.0 (Windows NT 10.0; Win64; x64; rv:109.0) Gecko/20100101 Firefox/117.0"
91.141.70.191 - - [27/Sep/2023:09:06:30 +0200] "GET /gui/javascript/form_form.js?1695798390 HTTP/1.1" 200 16206 "http://hausegger.activities.at/entry.php?id=11270&document=10328704" "Mozilla/5.0 (Windows NT 10.0; Win64; x64; rv:109.0) Gecko/20100101 Firefox/117.0"
91.141.70.191 - - [27/Sep/2023:09:06:30 +0200] "GET /entry.php?id=10877&mode=observePrint HTTP/1.1" 200 55 "http://hausegger.activities.at/entry.php?id=11270&document=10328704" "Mozilla/5.0 (Windows NT 10.0; Win64; x64; rv:109.0) Gecko/20100101 Firefox/117.0"
91.141.70.191 - - [27/Sep/2023:09:06:30 +0200] "GET /entry.php?id=11241&images=false&document=10328704 HTTP/1.1" 200 2385 "http://hausegger.activities.at/entry.php?id=11270&document=10328704" "Mozilla/5.0 (Windows NT 10.0; Win64; x64; rv:109.0) Gecko/20100101 Firefox/117.0"
91.141.70.191 - - [27/Sep/2023:09:06:30 +0200] "GET /binaries/10222042.jpg HTTP/1.1" 200 13888 "http://hausegger.activities.at/entry.php?id=11241&images=false&document=10328704" "Mozilla/5.0 (Windows NT 10.0; Win64; x64; rv:109.0) Gecko/20100101 Firefox/117.0"
91.141.70.191 - - [27/Sep/2023:09:06:36 +0200] "GET /entry.php?id=10271&&ser=798336 HTTP/1.1" 200 987 "http://hausegger.activities.at/entry.php?id=10271&&ser=798276" "Mozilla/5.0 (Windows NT 10.0; Win64; x64; rv:109.0) Gecko/20100101 Firefox/117.0"
91.141.70.191 - - [27/Sep/2023:09:06:36 +0200] "GET /gui/javascript/form_form.js?1695798396 HTTP/1.1" 200 16206 "http://hausegger.activities.at/entry.php?id=10271&&ser=798336" "Mozilla/5.0 (Windows NT 10.0; Win64; x64; rv:109.0) Gecko/20100101 Firefox/117.0"
156.59.198.135 - - [27/Sep/2023:09:06:52 +0200] "GET /renault.activities.at/htdocs/export/pdf/emuc_document/11358638.pdf HTTP/1.0" 404 322 "http://212.69.160.11:443/renault.activities.at/htdocs/export/pdf/emuc_document/" "Mozilla/5.0 (Linux; Android 5.0) AppleWebKit/537.36 (KHTML, like Gecko) Mobile Safari/537.36 (compatible; Bytespider; spider-feedback@bytedance.com)"
156.59.198.136 - - [27/Sep/2023:09:07:16 +0200] "GET /renault.activities.at/htdocs/export/pdf/emuc_document/11483319.pdf HTTP/1.0" 404 322 "http://212.69.160.11:443/renault.activities.at/htdocs/export/pdf/emuc_document/" "Mozilla/5.0 (Linux; Android 5.0) AppleWebKit/537.36 (KHTML, like Gecko) Mobile Safari/537.36 (compatible; Bytespider; spider-feedback@bytedance.com)"
91.141.70.191 - - [27/Sep/2023:09:07:37 +0200] "GET /entry.php?id=10271&&ser=798396 HTTP/1.1" 200 987 "http://hausegger.activities.at/entry.php?id=10271&&ser=798336" "Mozilla/5.0 (Windows NT 10.0; Win64; x64; rv:109.0) Gecko/20100101 Firefox/117.0"
91.141.70.191 - - [27/Sep/2023:09:07:37 +0200] "GET /gui/javascript/form_form.js?1695798457 HTTP/1.1" 200 16206 "http://hausegger.activities.at/entry.php?id=10271&&ser=798396" "Mozilla/5.0 (Windows NT 10.0; Win64; x64; rv:109.0) Gecko/20100101 Firefox/117.0"
156.59.198.136 - - [27/Sep/2023:09:07:43 +0200] "GET /renault.activities.at/htdocs/export/pdf/emuc_document/11537865.pdf HTTP/1.0" 404 322 "http://212.69.160.11:443/renault.activities.at/htdocs/export/pdf/emuc_document/" "Mozilla/5.0 (Linux; Android 5.0) AppleWebKit/537.36 (KHTML, like Gecko) Mobile Safari/537.36 (compatible; Bytespider; spider-feedback@bytedance.com)"
216.244.66.248 - - [27/Sep/2023:09:08:02 +0200] "GET /?plugin=all-in-one-event-calendar&controller=ai1ec_exporter_controller&action=export_events&ai1ec_post_ids=515&xml=true HTTP/1.1" 200 423 "-" "Mozilla/5.0 (compatible; DotBot/1.2; +https://opensiteexplorer.org/dotbot; help@moz.com)"
156.59.198.136 - - [27/Sep/2023:09:08:07 +0200] "GET /renault.activities.at/htdocs/export/pdf/emuc_document/10426095.pdf HTTP/1.0" 404 321 "http://212.69.160.11:443/renault.activities.at/htdocs/export/pdf/emuc_document/" "Mozilla/5.0 (Linux; Android 5.0) AppleWebKit/537.36 (KHTML, like Gecko) Mobile Safari/537.36 (compatible; Bytespider; spider-feedback@bytedance.com)"
91.141.70.191 - - [27/Sep/2023:09:08:37 +0200] "GET /entry.php?id=10271&&ser=798457 HTTP/1.1" 200 986 "http://hausegger.activities.at/entry.php?id=10271&&ser=798396" "Mozilla/5.0 (Windows NT 10.0; Win64; x64; rv:109.0) Gecko/20100101 Firefox/117.0"
91.141.70.191 - - [27/Sep/2023:09:08:37 +0200] "GET /gui/javascript/form_form.js?1695798517 HTTP/1.1" 200 16206 "http://hausegger.activities.at/entry.php?id=10271&&ser=798457" "Mozilla/5.0 (Windows NT 10.0; Win64; x64; rv:109.0) Gecko/20100101 Firefox/117.0"
156.59.198.135 - - [27/Sep/2023:09:08:56 +0200] "GET /renault.activities.at/htdocs/export/pdf/emuc_document/11348220.pdf HTTP/1.0" 404 322 "http://212.69.160.11:443/renault.activities.at/htdocs/export/pdf/emuc_document/" "Mozilla/5.0 (Linux; Android 5.0) AppleWebKit/537.36 (KHTML, like Gecko) Mobile Safari/537.36 (compatible; Bytespider; spider-feedback@bytedance.com)"
156.59.198.135 - - [27/Sep/2023:09:09:21 +0200] "GET /renault.activities.at/htdocs/export/pdf/emuc_document/11312050.pdf HTTP/1.0" 404 321 "http://212.69.160.11:443/renault.activities.at/htdocs/export/pdf/emuc_document/" "Mozilla/5.0 (Linux; Android 5.0) AppleWebKit/537.36 (KHTML, like Gecko) Mobile Safari/537.36 (compatible; Bytespider; spider-feedback@bytedance.com)"
91.141.70.191 - - [27/Sep/2023:09:09:44 +0200] "GET /entry.php?id=10271&&ser=798517 HTTP/1.1" 200 986 "http://hausegger.activities.at/entry.php?id=10271&&ser=798457" "Mozilla/5.0 (Windows NT 10.0; Win64; x64; rv:109.0) Gecko/20100101 Firefox/117.0"
91.141.70.191 - - [27/Sep/2023:09:09:44 +0200] "GET /gui/javascript/form_form.js?1695798584 HTTP/1.1" 200 16206 "http://hausegger.activities.at/entry.php?id=10271&&ser=798517" "Mozilla/5.0 (Windows NT 10.0; Win64; x64; rv:109.0) Gecko/20100101 Firefox/117.0"
156.59.198.136 - - [27/Sep/2023:09:09:45 +0200] "GET /renault.activities.at/htdocs/export/pdf/emuc_document/10776062.pdf HTTP/1.0" 404 322 "http://212.69.160.11:443/renault.activities.at/htdocs/export/pdf/emuc_document/" "Mozilla/5.0 (Linux; Android 5.0) AppleWebKit/537.36 (KHTML, like Gecko) Mobile Safari/537.36 (compatible; Bytespider; spider-feedback@bytedance.com)"
156.59.198.136 - - [27/Sep/2023:09:10:09 +0200] "GET /renault.activities.at/htdocs/export/pdf/emuc_document/11629477.pdf HTTP/1.0" 404 322 "http://212.69.160.11:443/renault.activities.at/htdocs/export/pdf/emuc_document/" "Mozilla/5.0 (Linux; Android 5.0) AppleWebKit/537.36 (KHTML, like Gecko) Mobile Safari/537.36 (compatible; Bytespider; spider-feedback@bytedance.com)"
156.59.198.135 - - [27/Sep/2023:09:10:34 +0200] "GET /renault.activities.at/htdocs/export/pdf/emuc_document/11184956.pdf HTTP/1.0" 404 321 "http://212.69.160.11:443/renault.activities.at/htdocs/export/pdf/emuc_document/" "Mozilla/5.0 (Linux; Android 5.0) AppleWebKit/537.36 (KHTML, like Gecko) Mobile Safari/537.36 (compatible; Bytespider; spider-feedback@bytedance.com)"
91.141.70.191 - - [27/Sep/2023:09:10:48 +0200] "GET /entry.php?id=10271&&ser=798584 HTTP/1.1" 200 987 "http://hausegger.activities.at/entry.php?id=10271&&ser=798517" "Mozilla/5.0 (Windows NT 10.0; Win64; x64; rv:109.0) Gecko/20100101 Firefox/117.0"
91.141.70.191 - - [27/Sep/2023:09:10:48 +0200] "GET /gui/javascript/form_form.js?1695798648 HTTP/1.1" 200 16206 "http://hausegger.activities.at/entry.php?id=10271&&ser=798584" "Mozilla/5.0 (Windows NT 10.0; Win64; x64; rv:109.0) Gecko/20100101 Firefox/117.0"
85.195.83.130 - - [27/Sep/2023:09:10:58 +0200] "GET / HTTP/1.0" 200 423 "http://triadian.castlegem.co.uk/" "Mozilla/5.0 (Windows NT 6.1; Win64; x64) AppleWebKit/537.36 (KHTML, like Gecko) Chrome/103.0.0.0 Safari/537.36"
156.59.198.136 - - [27/Sep/2023:09:10:59 +0200] "GET /renault.activities.at/htdocs/binaries/10231944.pdf HTTP/1.0" 404 311 "http://212.69.160.11:443/renault.activities.at/htdocs/binaries/" "Mozilla/5.0 (Linux; Android 5.0) AppleWebKit/537.36 (KHTML, like Gecko) Mobile Safari/537.36 (compatible; Bytespider; spider-feedback@bytedance.com)"
156.59.198.136 - - [27/Sep/2023:09:11:24 +0200] "GET /renault.activities.at/htdocs/export/pdf/emuc_document/10430401.pdf HTTP/1.0" 404 322 "http://212.69.160.11:443/renault.activities.at/htdocs/export/pdf/emuc_document/" "Mozilla/5.0 (Linux; Android 5.0) AppleWebKit/537.36 (KHTML, like Gecko) Mobile Safari/537.36 (compatible; Bytespider; spider-feedback@bytedance.com)"
156.59.198.136 - - [27/Sep/2023:09:11:49 +0200] "GET /renault.activities.at/htdocs/export/pdf/emuc_document/10711155.pdf HTTP/1.0" 404 321 "http://212.69.160.11:443/renault.activities.at/htdocs/export/pdf/emuc_document/" "Mozilla/5.0 (Linux; Android 5.0) AppleWebKit/537.36 (KHTML, like Gecko) Mobile Safari/537.36 (compatible; Bytespider; spider-feedback@bytedance.com)"
91.141.70.191 - - [27/Sep/2023:09:11:52 +0200] "GET /entry.php?id=10271&&ser=798648 HTTP/1.1" 200 987 "http://hausegger.activities.at/entry.php?id=10271&&ser=798584" "Mozilla/5.0 (Windows NT 10.0; Win64; x64; rv:109.0) Gecko/20100101 Firefox/117.0"
91.141.70.191 - - [27/Sep/2023:09:11:52 +0200] "GET /gui/javascript/form_form.js?1695798712 HTTP/1.1" 200 16206 "http://hausegger.activities.at/entry.php?id=10271&&ser=798648" "Mozilla/5.0 (Windows NT 10.0; Win64; x64; rv:109.0) Gecko/20100101 Firefox/117.0"
156.59.198.136 - - [27/Sep/2023:09:12:13 +0200] "GET /renault.activities.at/htdocs/export/pdf/emuc_document/11548314.pdf HTTP/1.0" 404 322 "http://212.69.160.11:443/renault.activities.at/htdocs/export/pdf/emuc_document/" "Mozilla/5.0 (Linux; Android 5.0) AppleWebKit/537.36 (KHTML, like Gecko) Mobile Safari/537.36 (compatible; Bytespider; spider-feedback@bytedance.com)"
91.141.70.191 - - [27/Sep/2023:09:12:57 +0200] "GET /entry.php?id=10271&&ser=798712 HTTP/1.1" 200 987 "http://hausegger.activities.at/entry.php?id=10271&&ser=798648" "Mozilla/5.0 (Windows NT 10.0; Win64; x64; rv:109.0) Gecko/20100101 Firefox/117.0"
91.141.70.191 - - [27/Sep/2023:09:12:57 +0200] "GET /gui/javascript/form_form.js?1695798777 HTTP/1.1" 200 16206 "http://hausegger.activities.at/entry.php?id=10271&&ser=798712" "Mozilla/5.0 (Windows NT 10.0; Win64; x64; rv:109.0) Gecko/20100101 Firefox/117.0"
156.59.198.135 - - [27/Sep/2023:09:13:02 +0200] "GET /renault.activities.at/htdocs/export/pdf/emuc_document/11644466.pdf HTTP/1.0" 404 321 "http://212.69.160.11:443/renault.activities.at/htdocs/export/pdf/emuc_document/" "Mozilla/5.0 (Linux; Android 5.0) AppleWebKit/537.36 (KHTML, like Gecko) Mobile Safari/537.36 (compatible; Bytespider; spider-feedback@bytedance.com)"
156.59.198.135 - - [27/Sep/2023:09:13:26 +0200] "GET /renault.activities.at/htdocs/export/pdf/emuc_document/11168266.pdf HTTP/1.0" 404 321 "http://212.69.160.11:443/renault.activities.at/htdocs/export/pdf/emuc_document/" "Mozilla/5.0 (Linux; Android 5.0) AppleWebKit/537.36 (KHTML, like Gecko) Mobile Safari/537.36 (compatible; Bytespider; spider-feedback@bytedance.com)"
156.59.198.135 - - [27/Sep/2023:09:13:50 +0200] "GET /renault.activities.at/htdocs/export/pdf/emuc_document/11537686.pdf HTTP/1.0" 404 322 "http://212.69.160.11:443/renault.activities.at/htdocs/export/pdf/emuc_document/" "Mozilla/5.0 (Linux; Android 5.0) AppleWebKit/537.36 (KHTML, like Gecko) Mobile Safari/537.36 (compatible; Bytespider; spider-feedback@bytedance.com)"
91.141.70.191 - - [27/Sep/2023:09:13:57 +0200] "GET /entry.php?id=10271&&ser=798777 HTTP/1.1" 200 987 "http://hausegger.activities.at/entry.php?id=10271&&ser=798712" "Mozilla/5.0 (Windows NT 10.0; Win64; x64; rv:109.0) Gecko/20100101 Firefox/117.0"
91.141.70.191 - - [27/Sep/2023:09:13:57 +0200] "GET /gui/javascript/form_form.js?1695798837 HTTP/1.1" 200 16206 "http://hausegger.activities.at/entry.php?id=10271&&ser=798777" "Mozilla/5.0 (Windows NT 10.0; Win64; x64; rv:109.0) Gecko/20100101 Firefox/117.0"
156.59.198.136 - - [27/Sep/2023:09:14:15 +0200] "GET /renault.activities.at/htdocs/export/pdf/emuc_document/11810000.pdf HTTP/1.0" 404 320 "http://212.69.160.11:443/renault.activities.at/htdocs/export/pdf/emuc_document/" "Mozilla/5.0 (Linux; Android 5.0) AppleWebKit/537.36 (KHTML, like Gecko) Mobile Safari/537.36 (compatible; Bytespider; spider-feedback@bytedance.com)"
156.59.198.136 - - [27/Sep/2023:09:14:41 +0200] "GET /renault.activities.at/htdocs/export/pdf/emuc_document/10635457.pdf HTTP/1.0" 404 323 "http://212.69.160.11:443/renault.activities.at/htdocs/export/pdf/emuc_document/" "Mozilla/5.0 (Linux; Android 5.0) AppleWebKit/537.36 (KHTML, like Gecko) Mobile Safari/537.36 (compatible; Bytespider; spider-feedback@bytedance.com)"
91.141.70.191 - - [27/Sep/2023:09:14:57 +0200] "GET /entry.php?id=10271&&ser=798837 HTTP/1.1" 200 987 "http://hausegger.activities.at/entry.php?id=10271&&ser=798777" "Mozilla/5.0 (Windows NT 10.0; Win64; x64; rv:109.0) Gecko/20100101 Firefox/117.0"
91.141.70.191 - - [27/Sep/2023:09:14:57 +0200] "GET /gui/javascript/form_form.js?1695798897 HTTP/1.1" 200 16206 "http://hausegger.activities.at/entry.php?id=10271&&ser=798837" "Mozilla/5.0 (Windows NT 10.0; Win64; x64; rv:109.0) Gecko/20100101 Firefox/117.0"
156.59.198.136 - - [27/Sep/2023:09:15:05 +0200] "GET /renault.activities.at/htdocs/export/pdf/emuc_document/11182088.pdf HTTP/1.0" 404 321 "http://212.69.160.11:443/renault.activities.at/htdocs/export/pdf/emuc_document/" "Mozilla/5.0 (Linux; Android 5.0) AppleWebKit/537.36 (KHTML, like Gecko) Mobile Safari/537.36 (compatible; Bytespider; spider-feedback@bytedance.com)"
156.59.198.135 - - [27/Sep/2023:09:15:30 +0200] "GET /renault.activities.at/htdocs/export/pdf/emuc_document/11035066.pdf HTTP/1.0" 404 322 "http://212.69.160.11:443/renault.activities.at/htdocs/export/pdf/emuc_document/" "Mozilla/5.0 (Linux; Android 5.0) AppleWebKit/537.36 (KHTML, like Gecko) Mobile Safari/537.36 (compatible; Bytespider; spider-feedback@bytedance.com)"
156.59.198.136 - - [27/Sep/2023:09:15:55 +0200] "GET /renault.activities.at/htdocs/export/pdf/emuc_document/11890006.pdf HTTP/1.0" 404 321 "http://212.69.160.11:443/renault.activities.at/htdocs/export/pdf/emuc_document/" "Mozilla/5.0 (Linux; Android 5.0) AppleWebKit/537.36 (KHTML, like Gecko) Mobile Safari/537.36 (compatible; Bytespider; spider-feedback@bytedance.com)"
91.141.70.191 - - [27/Sep/2023:09:15:58 +0200] "GET /entry.php?id=10271&&ser=798897 HTTP/1.1" 200 987 "http://hausegger.activities.at/entry.php?id=10271&&ser=798837" "Mozilla/5.0 (Windows NT 10.0; Win64; x64; rv:109.0) Gecko/20100101 Firefox/117.0"
91.141.70.191 - - [27/Sep/2023:09:15:58 +0200] "GET /gui/javascript/form_form.js?1695798958 HTTP/1.1" 200 16206 "http://hausegger.activities.at/entry.php?id=10271&&ser=798897" "Mozilla/5.0 (Windows NT 10.0; Win64; x64; rv:109.0) Gecko/20100101 Firefox/117.0"
156.59.198.135 - - [27/Sep/2023:09:16:19 +0200] "GET /renault.activities.at/htdocs/export/pdf/emuc_document/10777717.pdf HTTP/1.0" 404 321 "http://212.69.160.11:443/renault.activities.at/htdocs/export/pdf/emuc_document/" "Mozilla/5.0 (Linux; Android 5.0) AppleWebKit/537.36 (KHTML, like Gecko) Mobile Safari/537.36 (compatible; Bytespider; spider-feedback@bytedance.com)"
156.59.198.135 - - [27/Sep/2023:09:16:43 +0200] "GET /renault.activities.at/htdocs/export/pdf/emuc_document/11772951.pdf HTTP/1.0" 404 322 "http://212.69.160.11:443/renault.activities.at/htdocs/export/pdf/emuc_document/" "Mozilla/5.0 (Linux; Android 5.0) AppleWebKit/537.36 (KHTML, like Gecko) Mobile Safari/537.36 (compatible; Bytespider; spider-feedback@bytedance.com)"
91.141.70.191 - - [27/Sep/2023:09:16:58 +0200] "GET /entry.php?id=10271&&ser=798958 HTTP/1.1" 200 986 "http://hausegger.activities.at/entry.php?id=10271&&ser=798897" "Mozilla/5.0 (Windows NT 10.0; Win64; x64; rv:109.0) Gecko/20100101 Firefox/117.0"
91.141.70.191 - - [27/Sep/2023:09:16:58 +0200] "GET /gui/javascript/form_form.js?1695799018 HTTP/1.1" 200 16206 "http://hausegger.activities.at/entry.php?id=10271&&ser=798958" "Mozilla/5.0 (Windows NT 10.0; Win64; x64; rv:109.0) Gecko/20100101 Firefox/117.0"
156.59.198.136 - - [27/Sep/2023:09:17:08 +0200] "GET /renault.activities.at/htdocs/export/pdf/emuc_document/10396384.pdf HTTP/1.0" 404 322 "http://212.69.160.11:443/renault.activities.at/htdocs/export/pdf/emuc_document/" "Mozilla/5.0 (Linux; Android 5.0) AppleWebKit/537.36 (KHTML, like Gecko) Mobile Safari/537.36 (compatible; Bytespider; spider-feedback@bytedance.com)"
156.59.198.136 - - [27/Sep/2023:09:17:33 +0200] "GET /renault.activities.at/htdocs/export/pdf/emuc_document/11890243.pdf HTTP/1.0" 404 322 "http://212.69.160.11:443/renault.activities.at/htdocs/export/pdf/emuc_document/" "Mozilla/5.0 (Linux; Android 5.0) AppleWebKit/537.36 (KHTML, like Gecko) Mobile Safari/537.36 (compatible; Bytespider; spider-feedback@bytedance.com)"
91.141.70.191 - - [27/Sep/2023:09:17:58 +0200] "GET /entry.php?id=10271&&ser=799018 HTTP/1.1" 200 987 "http://hausegger.activities.at/entry.php?id=10271&&ser=798958" "Mozilla/5.0 (Windows NT 10.0; Win64; x64; rv:109.0) Gecko/20100101 Firefox/117.0"
91.141.70.191 - - [27/Sep/2023:09:17:58 +0200] "GET /gui/javascript/form_form.js?1695799078 HTTP/1.1" 200 16206 "http://hausegger.activities.at/entry.php?id=10271&&ser=799018" "Mozilla/5.0 (Windows NT 10.0; Win64; x64; rv:109.0) Gecko/20100101 Firefox/117.0"
156.59.198.135 - - [27/Sep/2023:09:17:59 +0200] "GET /renault.activities.at/htdocs/export/pdf/emuc_document/11850854.pdf HTTP/1.0" 404 321 "http://212.69.160.11:443/renault.activities.at/htdocs/export/pdf/emuc_document/" "Mozilla/5.0 (Linux; Android 5.0) AppleWebKit/537.36 (KHTML, like Gecko) Mobile Safari/537.36 (compatible; Bytespider; spider-feedback@bytedance.com)"
156.59.198.135 - - [27/Sep/2023:09:18:23 +0200] "GET /renault.activities.at/htdocs/export/pdf/emuc_document/11076986.pdf HTTP/1.0" 404 322 "http://212.69.160.11:443/renault.activities.at/htdocs/export/pdf/emuc_document/" "Mozilla/5.0 (Linux; Android 5.0) AppleWebKit/537.36 (KHTML, like Gecko) Mobile Safari/537.36 (compatible; Bytespider; spider-feedback@bytedance.com)"
156.59.198.135 - - [27/Sep/2023:09:18:47 +0200] "GET /renault.activities.at/htdocs/export/pdf/emuc_document/11306588.pdf HTTP/1.0" 404 322 "http://212.69.160.11:443/renault.activities.at/htdocs/export/pdf/emuc_document/" "Mozilla/5.0 (Linux; Android 5.0) AppleWebKit/537.36 (KHTML, like Gecko) Mobile Safari/537.36 (compatible; Bytespider; spider-feedback@bytedance.com)"
91.141.70.191 - - [27/Sep/2023:09:18:58 +0200] "GET /entry.php?id=10271&&ser=799078 HTTP/1.1" 200 987 "http://hausegger.activities.at/entry.php?id=10271&&ser=799018" "Mozilla/5.0 (Windows NT 10.0; Win64; x64; rv:109.0) Gecko/20100101 Firefox/117.0"
91.141.70.191 - - [27/Sep/2023:09:18:59 +0200] "GET /gui/javascript/form_form.js?1695799138 HTTP/1.1" 200 16206 "http://hausegger.activities.at/entry.php?id=10271&&ser=799078" "Mozilla/5.0 (Windows NT 10.0; Win64; x64; rv:109.0) Gecko/20100101 Firefox/117.0"
156.59.198.135 - - [27/Sep/2023:09:19:13 +0200] "GET /renault.activities.at/htdocs/export/pdf/emuc_document/11293566.pdf HTTP/1.0" 404 322 "http://212.69.160.11:443/renault.activities.at/htdocs/export/pdf/emuc_document/" "Mozilla/5.0 (Linux; Android 5.0) AppleWebKit/537.36 (KHTML, like Gecko) Mobile Safari/537.36 (compatible; Bytespider; spider-feedback@bytedance.com)"
156.59.198.136 - - [27/Sep/2023:09:19:37 +0200] "GET /renault.activities.at/htdocs/export/pdf/emuc_document/10958916.pdf HTTP/1.0" 404 322 "http://212.69.160.11:443/renault.activities.at/htdocs/export/pdf/emuc_document/" "Mozilla/5.0 (Linux; Android 5.0) AppleWebKit/537.36 (KHTML, like Gecko) Mobile Safari/537.36 (compatible; Bytespider; spider-feedback@bytedance.com)"
91.141.70.191 - - [27/Sep/2023:09:19:59 +0200] "GET /entry.php?id=10271&&ser=799138 HTTP/1.1" 200 987 "http://hausegger.activities.at/entry.php?id=10271&&ser=799078" "Mozilla/5.0 (Windows NT 10.0; Win64; x64; rv:109.0) Gecko/20100101 Firefox/117.0"
91.141.70.191 - - [27/Sep/2023:09:19:59 +0200] "GET /gui/javascript/form_form.js?1695799199 HTTP/1.1" 200 16206 "http://hausegger.activities.at/entry.php?id=10271&&ser=799138" "Mozilla/5.0 (Windows NT 10.0; Win64; x64; rv:109.0) Gecko/20100101 Firefox/117.0"
156.59.198.135 - - [27/Sep/2023:09:20:01 +0200] "GET /renault.activities.at/htdocs/export/pdf/emuc_document/10957520.pdf HTTP/1.0" 404 322 "http://212.69.160.11:443/renault.activities.at/htdocs/export/pdf/emuc_document/" "Mozilla/5.0 (Linux; Android 5.0) AppleWebKit/537.36 (KHTML, like Gecko) Mobile Safari/537.36 (compatible; Bytespider; spider-feedback@bytedance.com)"
156.59.198.135 - - [27/Sep/2023:09:20:26 +0200] "GET /renault.activities.at/htdocs/export/pdf/emuc_document/11792468.pdf HTTP/1.0" 404 322 "http://212.69.160.11:443/renault.activities.at/htdocs/export/pdf/emuc_document/" "Mozilla/5.0 (Linux; Android 5.0) AppleWebKit/537.36 (KHTML, like Gecko) Mobile Safari/537.36 (compatible; Bytespider; spider-feedback@bytedance.com)"
156.59.198.135 - - [27/Sep/2023:09:20:50 +0200] "GET /renault.activities.at/htdocs/export/pdf/emuc_document/10668813.pdf HTTP/1.0" 404 322 "http://212.69.160.11:443/renault.activities.at/htdocs/export/pdf/emuc_document/" "Mozilla/5.0 (Linux; Android 5.0) AppleWebKit/537.36 (KHTML, like Gecko) Mobile Safari/537.36 (compatible; Bytespider; spider-feedback@bytedance.com)"
91.141.70.191 - - [27/Sep/2023:09:20:59 +0200] "GET /entry.php?id=10271&&ser=799199 HTTP/1.1" 200 987 "http://hausegger.activities.at/entry.php?id=10271&&ser=799138" "Mozilla/5.0 (Windows NT 10.0; Win64; x64; rv:109.0) Gecko/20100101 Firefox/117.0"
91.141.70.191 - - [27/Sep/2023:09:20:59 +0200] "GET /gui/javascript/form_form.js?1695799259 HTTP/1.1" 200 16206 "http://hausegger.activities.at/entry.php?id=10271&&ser=799199" "Mozilla/5.0 (Windows NT 10.0; Win64; x64; rv:109.0) Gecko/20100101 Firefox/117.0"
156.59.198.136 - - [27/Sep/2023:09:21:14 +0200] "GET /renault.activities.at/htdocs/export/pdf/emuc_document/11483455.pdf HTTP/1.0" 404 322 "http://212.69.160.11:443/renault.activities.at/htdocs/export/pdf/emuc_document/" "Mozilla/5.0 (Linux; Android 5.0) AppleWebKit/537.36 (KHTML, like Gecko) Mobile Safari/537.36 (compatible; Bytespider; spider-feedback@bytedance.com)"
156.59.198.135 - - [27/Sep/2023:09:21:39 +0200] "GET /renault.activities.at/htdocs/export/pdf/emuc_document/10776199.pdf HTTP/1.0" 404 322 "http://212.69.160.11:443/renault.activities.at/htdocs/export/pdf/emuc_document/" "Mozilla/5.0 (Linux; Android 5.0) AppleWebKit/537.36 (KHTML, like Gecko) Mobile Safari/537.36 (compatible; Bytespider; spider-feedback@bytedance.com)"
91.141.70.191 - - [27/Sep/2023:09:21:59 +0200] "GET /entry.php?id=10271&&ser=799259 HTTP/1.1" 200 987 "http://hausegger.activities.at/entry.php?id=10271&&ser=799199" "Mozilla/5.0 (Windows NT 10.0; Win64; x64; rv:109.0) Gecko/20100101 Firefox/117.0"
91.141.70.191 - - [27/Sep/2023:09:21:59 +0200] "GET /gui/javascript/form_form.js?1695799319 HTTP/1.1" 200 16206 "http://hausegger.activities.at/entry.php?id=10271&&ser=799259" "Mozilla/5.0 (Windows NT 10.0; Win64; x64; rv:109.0) Gecko/20100101 Firefox/117.0"
156.59.198.135 - - [27/Sep/2023:09:22:04 +0200] "GET /renault.activities.at/htdocs/export/pdf/emuc_document/11470760.pdf HTTP/1.0" 404 322 "http://212.69.160.11:443/renault.activities.at/htdocs/export/pdf/emuc_document/" "Mozilla/5.0 (Linux; Android 5.0) AppleWebKit/537.36 (KHTML, like Gecko) Mobile Safari/537.36 (compatible; Bytespider; spider-feedback@bytedance.com)"
156.59.198.136 - - [27/Sep/2023:09:22:28 +0200] "GET /renault.activities.at/htdocs/export/pdf/emuc_document/10557019.pdf HTTP/1.0" 404 322 "http://212.69.160.11:443/renault.activities.at/htdocs/export/pdf/emuc_document/" "Mozilla/5.0 (Linux; Android 5.0) AppleWebKit/537.36 (KHTML, like Gecko) Mobile Safari/537.36 (compatible; Bytespider; spider-feedback@bytedance.com)"
156.59.198.136 - - [27/Sep/2023:09:22:52 +0200] "GET /renault.activities.at/htdocs/export/pdf/emuc_document/10320004.pdf HTTP/1.0" 404 322 "http://212.69.160.11:443/renault.activities.at/htdocs/export/pdf/emuc_document/" "Mozilla/5.0 (Linux; Android 5.0) AppleWebKit/537.36 (KHTML, like Gecko) Mobile Safari/537.36 (compatible; Bytespider; spider-feedback@bytedance.com)"
91.141.70.191 - - [27/Sep/2023:09:23:00 +0200] "GET /entry.php?id=10271&&ser=799319 HTTP/1.1" 200 987 "http://hausegger.activities.at/entry.php?id=10271&&ser=799259" "Mozilla/5.0 (Windows NT 10.0; Win64; x64; rv:109.0) Gecko/20100101 Firefox/117.0"
91.141.70.191 - - [27/Sep/2023:09:23:00 +0200] "GET /gui/javascript/form_form.js?1695799380 HTTP/1.1" 200 16206 "http://hausegger.activities.at/entry.php?id=10271&&ser=799319" "Mozilla/5.0 (Windows NT 10.0; Win64; x64; rv:109.0) Gecko/20100101 Firefox/117.0"
156.59.198.136 - - [27/Sep/2023:09:23:17 +0200] "GET /renault.activities.at/htdocs/export/pdf/emuc_document/11850914.pdf HTTP/1.0" 404 321 "http://212.69.160.11:443/renault.activities.at/htdocs/export/pdf/emuc_document/" "Mozilla/5.0 (Linux; Android 5.0) AppleWebKit/537.36 (KHTML, like Gecko) Mobile Safari/537.36 (compatible; Bytespider; spider-feedback@bytedance.com)"
156.59.198.136 - - [27/Sep/2023:09:23:42 +0200] "GET /renault.activities.at/htdocs/binaries/10656106.doc HTTP/1.0" 404 310 "http://212.69.160.11:443/renault.activities.at/htdocs/binaries/" "Mozilla/5.0 (Linux; Android 5.0) AppleWebKit/537.36 (KHTML, like Gecko) Mobile Safari/537.36 (compatible; Bytespider; spider-feedback@bytedance.com)"
91.141.70.191 - - [27/Sep/2023:09:24:00 +0200] "GET /entry.php?id=10271&&ser=799380 HTTP/1.1" 200 987 "http://hausegger.activities.at/entry.php?id=10271&&ser=799319" "Mozilla/5.0 (Windows NT 10.0; Win64; x64; rv:109.0) Gecko/20100101 Firefox/117.0"
91.141.70.191 - - [27/Sep/2023:09:24:00 +0200] "GET /gui/javascript/form_form.js?1695799440 HTTP/1.1" 200 16206 "http://hausegger.activities.at/entry.php?id=10271&&ser=799380" "Mozilla/5.0 (Windows NT 10.0; Win64; x64; rv:109.0) Gecko/20100101 Firefox/117.0"
156.59.198.136 - - [27/Sep/2023:09:24:05 +0200] "GET /renault.activities.at/htdocs/export/pdf/emuc_document/11133852.pdf HTTP/1.0" 404 322 "http://212.69.160.11:443/renault.activities.at/htdocs/export/pdf/emuc_document/" "Mozilla/5.0 (Linux; Android 5.0) AppleWebKit/537.36 (KHTML, like Gecko) Mobile Safari/537.36 (compatible; Bytespider; spider-feedback@bytedance.com)"
156.59.198.135 - - [27/Sep/2023:09:24:29 +0200] "GET /renault.activities.at/htdocs/export/pdf/emuc_document/11757354.pdf HTTP/1.0" 404 323 "http://212.69.160.11:443/renault.activities.at/htdocs/export/pdf/emuc_document/" "Mozilla/5.0 (Linux; Android 5.0) AppleWebKit/537.36 (KHTML, like Gecko) Mobile Safari/537.36 (compatible; Bytespider; spider-feedback@bytedance.com)"
156.59.198.135 - - [27/Sep/2023:09:24:54 +0200] "GET /renault.activities.at/htdocs/export/pdf/emuc_document/11791274.pdf HTTP/1.0" 404 322 "http://212.69.160.11:443/renault.activities.at/htdocs/export/pdf/emuc_document/" "Mozilla/5.0 (Linux; Android 5.0) AppleWebKit/537.36 (KHTML, like Gecko) Mobile Safari/537.36 (compatible; Bytespider; spider-feedback@bytedance.com)"
91.141.70.191 - - [27/Sep/2023:09:25:00 +0200] "GET /entry.php?id=10271&&ser=799440 HTTP/1.1" 200 987 "http://hausegger.activities.at/entry.php?id=10271&&ser=799380" "Mozilla/5.0 (Windows NT 10.0; Win64; x64; rv:109.0) Gecko/20100101 Firefox/117.0"
91.141.70.191 - - [27/Sep/2023:09:25:00 +0200] "GET /gui/javascript/form_form.js?1695799500 HTTP/1.1" 200 16206 "http://hausegger.activities.at/entry.php?id=10271&&ser=799440" "Mozilla/5.0 (Windows NT 10.0; Win64; x64; rv:109.0) Gecko/20100101 Firefox/117.0"
156.59.198.135 - - [27/Sep/2023:09:25:19 +0200] "GET /default/cgi-bin/lang/awstats-es.txt HTTP/1.0" 404 302 "http://212.69.160.11:443/default/cgi-bin/lang/" "Mozilla/5.0 (Linux; Android 5.0) AppleWebKit/537.36 (KHTML, like Gecko) Mobile Safari/537.36 (compatible; Bytespider; spider-feedback@bytedance.com)"
156.59.198.136 - - [27/Sep/2023:09:25:43 +0200] "GET /renault.activities.at/htdocs/export/pdf/emuc_document/10344837.pdf HTTP/1.0" 404 323 "http://212.69.160.11:443/renault.activities.at/htdocs/export/pdf/emuc_document/" "Mozilla/5.0 (Linux; Android 5.0) AppleWebKit/537.36 (KHTML, like Gecko) Mobile Safari/537.36 (compatible; Bytespider; spider-feedback@bytedance.com)"
91.141.70.191 - - [27/Sep/2023:09:26:05 +0200] "GET /entry.php?id=10271&&ser=799500 HTTP/1.1" 200 988 "http://hausegger.activities.at/entry.php?id=10271&&ser=799440" "Mozilla/5.0 (Windows NT 10.0; Win64; x64; rv:109.0) Gecko/20100101 Firefox/117.0"
91.141.70.191 - - [27/Sep/2023:09:26:05 +0200] "GET /gui/javascript/form_form.js?1695799565 HTTP/1.1" 200 16206 "http://hausegger.activities.at/entry.php?id=10271&&ser=799500" "Mozilla/5.0 (Windows NT 10.0; Win64; x64; rv:109.0) Gecko/20100101 Firefox/117.0"
156.59.198.136 - - [27/Sep/2023:09:26:08 +0200] "GET /renault.activities.at/htdocs/export/pdf/emuc_document/10314838.pdf HTTP/1.0" 404 322 "http://212.69.160.11:443/renault.activities.at/htdocs/export/pdf/emuc_document/" "Mozilla/5.0 (Linux; Android 5.0) AppleWebKit/537.36 (KHTML, like Gecko) Mobile Safari/537.36 (compatible; Bytespider; spider-feedback@bytedance.com)"
156.59.198.135 - - [27/Sep/2023:09:26:32 +0200] "GET /renault.activities.at/htdocs/export/pdf/emuc_document/11321017.pdf HTTP/1.0" 404 322 "http://212.69.160.11:443/renault.activities.at/htdocs/export/pdf/emuc_document/" "Mozilla/5.0 (Linux; Android 5.0) AppleWebKit/537.36 (KHTML, like Gecko) Mobile Safari/537.36 (compatible; Bytespider; spider-feedback@bytedance.com)"
156.59.198.136 - - [27/Sep/2023:09:26:56 +0200] "GET /renault.activities.at/htdocs/export/pdf/emuc_document/10694196.pdf HTTP/1.0" 404 321 "http://212.69.160.11:443/renault.activities.at/htdocs/export/pdf/emuc_document/" "Mozilla/5.0 (Linux; Android 5.0) AppleWebKit/537.36 (KHTML, like Gecko) Mobile Safari/537.36 (compatible; Bytespider; spider-feedback@bytedance.com)"
91.141.70.191 - - [27/Sep/2023:09:27:09 +0200] "GET /entry.php?id=10271&&ser=799565 HTTP/1.1" 200 987 "http://hausegger.activities.at/entry.php?id=10271&&ser=799500" "Mozilla/5.0 (Windows NT 10.0; Win64; x64; rv:109.0) Gecko/20100101 Firefox/117.0"
91.141.70.191 - - [27/Sep/2023:09:27:09 +0200] "GET /gui/javascript/form_form.js?1695799629 HTTP/1.1" 200 16206 "http://hausegger.activities.at/entry.php?id=10271&&ser=799565" "Mozilla/5.0 (Windows NT 10.0; Win64; x64; rv:109.0) Gecko/20100101 Firefox/117.0"
156.59.198.135 - - [27/Sep/2023:09:27:21 +0200] "GET /renault.activities.at/htdocs/export/pdf/emuc_document/10314867.pdf HTTP/1.0" 404 323 "http://212.69.160.11:443/renault.activities.at/htdocs/export/pdf/emuc_document/" "Mozilla/5.0 (Linux; Android 5.0) AppleWebKit/537.36 (KHTML, like Gecko) Mobile Safari/537.36 (compatible; Bytespider; spider-feedback@bytedance.com)"
156.59.198.136 - - [27/Sep/2023:09:27:46 +0200] "GET /renault.activities.at/htdocs/export/pdf/emuc_document/10981071.pdf HTTP/1.0" 404 322 "http://212.69.160.11:443/renault.activities.at/htdocs/export/pdf/emuc_document/" "Mozilla/5.0 (Linux; Android 5.0) AppleWebKit/537.36 (KHTML, like Gecko) Mobile Safari/537.36 (compatible; Bytespider; spider-feedback@bytedance.com)"
156.59.198.135 - - [27/Sep/2023:09:28:11 +0200] "GET /renault.activities.at/htdocs/export/pdf/emuc_document/10658293.pdf HTTP/1.0" 404 322 "http://212.69.160.11:443/renault.activities.at/htdocs/export/pdf/emuc_document/" "Mozilla/5.0 (Linux; Android 5.0) AppleWebKit/537.36 (KHTML, like Gecko) Mobile Safari/537.36 (compatible; Bytespider; spider-feedback@bytedance.com)"
91.141.70.191 - - [27/Sep/2023:09:28:13 +0200] "GET /entry.php?id=10271&&ser=799629 HTTP/1.1" 200 987 "http://hausegger.activities.at/entry.php?id=10271&&ser=799565" "Mozilla/5.0 (Windows NT 10.0; Win64; x64; rv:109.0) Gecko/20100101 Firefox/117.0"
91.141.70.191 - - [27/Sep/2023:09:28:13 +0200] "GET /gui/javascript/form_form.js?1695799693 HTTP/1.1" 200 16206 "http://hausegger.activities.at/entry.php?id=10271&&ser=799629" "Mozilla/5.0 (Windows NT 10.0; Win64; x64; rv:109.0) Gecko/20100101 Firefox/117.0"
156.59.198.135 - - [27/Sep/2023:09:28:35 +0200] "GET /renault.activities.at/htdocs/export/pdf/emuc_document/11076605.pdf HTTP/1.0" 404 322 "http://212.69.160.11:443/renault.activities.at/htdocs/export/pdf/emuc_document/" "Mozilla/5.0 (Linux; Android 5.0) AppleWebKit/537.36 (KHTML, like Gecko) Mobile Safari/537.36 (compatible; Bytespider; spider-feedback@bytedance.com)"
156.59.198.135 - - [27/Sep/2023:09:29:00 +0200] "GET /renault.activities.at/htdocs/export/pdf/emuc_document/11884338.pdf HTTP/1.0" 404 322 "http://212.69.160.11:443/renault.activities.at/htdocs/export/pdf/emuc_document/" "Mozilla/5.0 (Linux; Android 5.0) AppleWebKit/537.36 (KHTML, like Gecko) Mobile Safari/537.36 (compatible; Bytespider; spider-feedback@bytedance.com)"
91.141.70.191 - - [27/Sep/2023:09:29:18 +0200] "GET /entry.php?id=10271&&ser=799693 HTTP/1.1" 200 987 "http://hausegger.activities.at/entry.php?id=10271&&ser=799629" "Mozilla/5.0 (Windows NT 10.0; Win64; x64; rv:109.0) Gecko/20100101 Firefox/117.0"
91.141.70.191 - - [27/Sep/2023:09:29:18 +0200] "GET /gui/javascript/form_form.js?1695799758 HTTP/1.1" 200 16206 "http://hausegger.activities.at/entry.php?id=10271&&ser=799693" "Mozilla/5.0 (Windows NT 10.0; Win64; x64; rv:109.0) Gecko/20100101 Firefox/117.0"
156.59.198.135 - - [27/Sep/2023:09:29:25 +0200] "GET /renault.activities.at/htdocs/export/pdf/emuc_document/11043617.pdf HTTP/1.0" 404 322 "http://212.69.160.11:443/renault.activities.at/htdocs/export/pdf/emuc_document/" "Mozilla/5.0 (Linux; Android 5.0) AppleWebKit/537.36 (KHTML, like Gecko) Mobile Safari/537.36 (compatible; Bytespider; spider-feedback@bytedance.com)"
