91.141.70.191 - - [27/Sep/2023:18:22:33 +0200] "GET /entry.php?id=10271&&ser=831693 HTTP/1.1" 200 988 "http://hausegger.activities.at/entry.php?id=10271&&ser=831633" "Mozilla/5.0 (Windows NT 10.0; Win64; x64; rv:109.0) Gecko/20100101 Firefox/117.0"
91.141.70.191 - - [27/Sep/2023:18:22:33 +0200] "GET /gui/javascript/form_form.js?1695831753 HTTP/1.1" 200 16206 "http://hausegger.activities.at/entry.php?id=10271&&ser=831693" "Mozilla/5.0 (Windows NT 10.0; Win64; x64; rv:109.0) Gecko/20100101 Firefox/117.0"
156.59.198.135 - - [27/Sep/2023:18:22:43 +0200] "GET /renault.activities.at/htdocs/export/pdf/emuc_document/10396271.pdf HTTP/1.0" 404 322 "http://212.69.160.11:443/renault.activities.at/htdocs/export/pdf/emuc_document/" "Mozilla/5.0 (Linux; Android 5.0) AppleWebKit/537.36 (KHTML, like Gecko) Mobile Safari/537.36 (compatible; Bytespider; spider-feedback@bytedance.com)"
156.59.198.136 - - [27/Sep/2023:18:23:07 +0200] "GET /renault.activities.at/htdocs/export/pdf/emuc_document/11449505.pdf HTTP/1.0" 404 321 "http://212.69.160.11:443/renault.activities.at/htdocs/export/pdf/emuc_document/" "Mozilla/5.0 (Linux; Android 5.0) AppleWebKit/537.36 (KHTML, like Gecko) Mobile Safari/537.36 (compatible; Bytespider; spider-feedback@bytedance.com)"
91.141.70.191 - - [27/Sep/2023:18:23:08 +0200] "GET /entry.php?id=10271&&ser=831727 HTTP/1.1" 200 987 "http://hausegger.activities.at/entry.php?id=10271&&ser=831666" "Mozilla/5.0 (Windows NT 10.0; Win64; x64) AppleWebKit/537.36 (KHTML, like Gecko) Chrome/117.0.0.0 Safari/537.36"
91.141.70.191 - - [27/Sep/2023:18:23:09 +0200] "GET /gui/javascript/form_form.js?1695831788 HTTP/1.1" 200 16206 "http://hausegger.activities.at/entry.php?id=10271&&ser=831727" "Mozilla/5.0 (Windows NT 10.0; Win64; x64) AppleWebKit/537.36 (KHTML, like Gecko) Chrome/117.0.0.0 Safari/537.36"
156.59.198.135 - - [27/Sep/2023:18:23:31 +0200] "GET /renault.activities.at/htdocs/export/pdf/emuc_document/10668808.pdf HTTP/1.0" 404 322 "http://212.69.160.11:443/renault.activities.at/htdocs/export/pdf/emuc_document/" "Mozilla/5.0 (Linux; Android 5.0) AppleWebKit/537.36 (KHTML, like Gecko) Mobile Safari/537.36 (compatible; Bytespider; spider-feedback@bytedance.com)"
91.141.70.191 - - [27/Sep/2023:18:23:33 +0200] "GET /entry.php?id=10271&&ser=831753 HTTP/1.1" 200 988 "http://hausegger.activities.at/entry.php?id=10271&&ser=831693" "Mozilla/5.0 (Windows NT 10.0; Win64; x64; rv:109.0) Gecko/20100101 Firefox/117.0"
91.141.70.191 - - [27/Sep/2023:18:23:33 +0200] "GET /gui/javascript/form_form.js?1695831813 HTTP/1.1" 200 16206 "http://hausegger.activities.at/entry.php?id=10271&&ser=831753" "Mozilla/5.0 (Windows NT 10.0; Win64; x64; rv:109.0) Gecko/20100101 Firefox/117.0"
156.59.198.135 - - [27/Sep/2023:18:23:56 +0200] "GET /renault.activities.at/htdocs/export/pdf/emuc_document/11753891.pdf HTTP/1.0" 404 322 "http://212.69.160.11:443/renault.activities.at/htdocs/export/pdf/emuc_document/" "Mozilla/5.0 (Linux; Android 5.0) AppleWebKit/537.36 (KHTML, like Gecko) Mobile Safari/537.36 (compatible; Bytespider; spider-feedback@bytedance.com)"
91.141.70.191 - - [27/Sep/2023:18:24:09 +0200] "GET /entry.php?id=10271&&ser=831788 HTTP/1.1" 200 987 "http://hausegger.activities.at/entry.php?id=10271&&ser=831727" "Mozilla/5.0 (Windows NT 10.0; Win64; x64) AppleWebKit/537.36 (KHTML, like Gecko) Chrome/117.0.0.0 Safari/537.36"
91.141.70.191 - - [27/Sep/2023:18:24:10 +0200] "GET /gui/javascript/form_form.js?1695831849 HTTP/1.1" 200 16206 "http://hausegger.activities.at/entry.php?id=10271&&ser=831788" "Mozilla/5.0 (Windows NT 10.0; Win64; x64) AppleWebKit/537.36 (KHTML, like Gecko) Chrome/117.0.0.0 Safari/537.36"
156.59.198.135 - - [27/Sep/2023:18:24:21 +0200] "GET /renault.activities.at/htdocs/export/pdf/emuc_document/11201401.pdf HTTP/1.0" 404 321 "http://212.69.160.11:443/renault.activities.at/htdocs/export/pdf/emuc_document/" "Mozilla/5.0 (Linux; Android 5.0) AppleWebKit/537.36 (KHTML, like Gecko) Mobile Safari/537.36 (compatible; Bytespider; spider-feedback@bytedance.com)"
91.141.70.191 - - [27/Sep/2023:18:24:33 +0200] "GET /entry.php?id=10271&&ser=831813 HTTP/1.1" 200 987 "http://hausegger.activities.at/entry.php?id=10271&&ser=831753" "Mozilla/5.0 (Windows NT 10.0; Win64; x64; rv:109.0) Gecko/20100101 Firefox/117.0"
91.141.70.191 - - [27/Sep/2023:18:24:34 +0200] "GET /gui/javascript/form_form.js?1695831874 HTTP/1.1" 200 16206 "http://hausegger.activities.at/entry.php?id=10271&&ser=831813" "Mozilla/5.0 (Windows NT 10.0; Win64; x64; rv:109.0) Gecko/20100101 Firefox/117.0"
156.59.198.136 - - [27/Sep/2023:18:24:45 +0200] "GET /renault.activities.at/htdocs/export/pdf/emuc_document/11148734.pdf HTTP/1.0" 404 322 "http://212.69.160.11:443/renault.activities.at/htdocs/export/pdf/emuc_document/" "Mozilla/5.0 (Linux; Android 5.0) AppleWebKit/537.36 (KHTML, like Gecko) Mobile Safari/537.36 (compatible; Bytespider; spider-feedback@bytedance.com)"
156.59.198.136 - - [27/Sep/2023:18:25:10 +0200] "GET /renault.activities.at/htdocs/export/pdf/emuc_document/11549103.pdf HTTP/1.0" 404 322 "http://212.69.160.11:443/renault.activities.at/htdocs/export/pdf/emuc_document/" "Mozilla/5.0 (Linux; Android 5.0) AppleWebKit/537.36 (KHTML, like Gecko) Mobile Safari/537.36 (compatible; Bytespider; spider-feedback@bytedance.com)"
91.141.70.191 - - [27/Sep/2023:18:25:10 +0200] "GET /entry.php?id=10271&&ser=831849 HTTP/1.1" 200 987 "http://hausegger.activities.at/entry.php?id=10271&&ser=831788" "Mozilla/5.0 (Windows NT 10.0; Win64; x64) AppleWebKit/537.36 (KHTML, like Gecko) Chrome/117.0.0.0 Safari/537.36"
91.141.70.191 - - [27/Sep/2023:18:25:11 +0200] "GET /gui/javascript/form_form.js?1695831910 HTTP/1.1" 200 16206 "http://hausegger.activities.at/entry.php?id=10271&&ser=831849" "Mozilla/5.0 (Windows NT 10.0; Win64; x64) AppleWebKit/537.36 (KHTML, like Gecko) Chrome/117.0.0.0 Safari/537.36"
91.141.70.191 - - [27/Sep/2023:18:25:34 +0200] "GET /entry.php?id=10271&&ser=831874 HTTP/1.1" 200 988 "http://hausegger.activities.at/entry.php?id=10271&&ser=831813" "Mozilla/5.0 (Windows NT 10.0; Win64; x64; rv:109.0) Gecko/20100101 Firefox/117.0"
91.141.70.191 - - [27/Sep/2023:18:25:34 +0200] "GET /gui/javascript/form_form.js?1695831934 HTTP/1.1" 200 16206 "http://hausegger.activities.at/entry.php?id=10271&&ser=831874" "Mozilla/5.0 (Windows NT 10.0; Win64; x64; rv:109.0) Gecko/20100101 Firefox/117.0"
156.59.198.136 - - [27/Sep/2023:18:25:35 +0200] "GET /renault.activities.at/htdocs/export/pdf/emuc_document/10957417.pdf HTTP/1.0" 404 322 "http://212.69.160.11:443/renault.activities.at/htdocs/export/pdf/emuc_document/" "Mozilla/5.0 (Linux; Android 5.0) AppleWebKit/537.36 (KHTML, like Gecko) Mobile Safari/537.36 (compatible; Bytespider; spider-feedback@bytedance.com)"
156.59.198.136 - - [27/Sep/2023:18:26:00 +0200] "GET /renault.activities.at/htdocs/export/pdf/emuc_document/11869390.pdf HTTP/1.0" 404 322 "http://212.69.160.11:443/renault.activities.at/htdocs/export/pdf/emuc_document/" "Mozilla/5.0 (Linux; Android 5.0) AppleWebKit/537.36 (KHTML, like Gecko) Mobile Safari/537.36 (compatible; Bytespider; spider-feedback@bytedance.com)"
91.141.70.191 - - [27/Sep/2023:18:26:11 +0200] "GET /entry.php?id=10271&&ser=831910 HTTP/1.1" 200 987 "http://hausegger.activities.at/entry.php?id=10271&&ser=831849" "Mozilla/5.0 (Windows NT 10.0; Win64; x64) AppleWebKit/537.36 (KHTML, like Gecko) Chrome/117.0.0.0 Safari/537.36"
91.141.70.191 - - [27/Sep/2023:18:26:12 +0200] "GET /gui/javascript/form_form.js?1695831971 HTTP/1.1" 200 16206 "http://hausegger.activities.at/entry.php?id=10271&&ser=831910" "Mozilla/5.0 (Windows NT 10.0; Win64; x64) AppleWebKit/537.36 (KHTML, like Gecko) Chrome/117.0.0.0 Safari/537.36"
156.59.198.135 - - [27/Sep/2023:18:26:25 +0200] "GET /renault.activities.at/htdocs/export/pdf/emuc_document/10548847.pdf HTTP/1.0" 404 322 "http://212.69.160.11:443/renault.activities.at/htdocs/export/pdf/emuc_document/" "Mozilla/5.0 (Linux; Android 5.0) AppleWebKit/537.36 (KHTML, like Gecko) Mobile Safari/537.36 (compatible; Bytespider; spider-feedback@bytedance.com)"
91.141.70.191 - - [27/Sep/2023:18:26:34 +0200] "GET /entry.php?id=10271&&ser=831934 HTTP/1.1" 200 987 "http://hausegger.activities.at/entry.php?id=10271&&ser=831874" "Mozilla/5.0 (Windows NT 10.0; Win64; x64; rv:109.0) Gecko/20100101 Firefox/117.0"
91.141.70.191 - - [27/Sep/2023:18:26:34 +0200] "GET /gui/javascript/form_form.js?1695831994 HTTP/1.1" 200 16206 "http://hausegger.activities.at/entry.php?id=10271&&ser=831934" "Mozilla/5.0 (Windows NT 10.0; Win64; x64; rv:109.0) Gecko/20100101 Firefox/117.0"
156.59.198.135 - - [27/Sep/2023:18:26:50 +0200] "GET /renault.activities.at/htdocs/export/pdf/emuc_document/10745040.pdf HTTP/1.0" 404 322 "http://212.69.160.11:443/renault.activities.at/htdocs/export/pdf/emuc_document/" "Mozilla/5.0 (Linux; Android 5.0) AppleWebKit/537.36 (KHTML, like Gecko) Mobile Safari/537.36 (compatible; Bytespider; spider-feedback@bytedance.com)"
91.141.70.191 - - [27/Sep/2023:18:27:12 +0200] "GET /entry.php?id=10271&&ser=831971 HTTP/1.1" 200 987 "http://hausegger.activities.at/entry.php?id=10271&&ser=831910" "Mozilla/5.0 (Windows NT 10.0; Win64; x64) AppleWebKit/537.36 (KHTML, like Gecko) Chrome/117.0.0.0 Safari/537.36"
91.141.70.191 - - [27/Sep/2023:18:27:13 +0200] "GET /gui/javascript/form_form.js?1695832032 HTTP/1.1" 200 16206 "http://hausegger.activities.at/entry.php?id=10271&&ser=831971" "Mozilla/5.0 (Windows NT 10.0; Win64; x64) AppleWebKit/537.36 (KHTML, like Gecko) Chrome/117.0.0.0 Safari/537.36"
156.59.198.135 - - [27/Sep/2023:18:27:13 +0200] "GET /renault.activities.at/htdocs/export/pdf/emuc_document/10790186.pdf HTTP/1.0" 404 322 "http://212.69.160.11:443/renault.activities.at/htdocs/export/pdf/emuc_document/" "Mozilla/5.0 (Linux; Android 5.0) AppleWebKit/537.36 (KHTML, like Gecko) Mobile Safari/537.36 (compatible; Bytespider; spider-feedback@bytedance.com)"
34.77.127.183 - - [27/Sep/2023:18:27:34 +0200] "GET / HTTP/1.1" 200 274 "-" "python-requests/2.31.0"
91.141.70.191 - - [27/Sep/2023:18:27:34 +0200] "GET /entry.php?id=10271&&ser=831994 HTTP/1.1" 200 987 "http://hausegger.activities.at/entry.php?id=10271&&ser=831934" "Mozilla/5.0 (Windows NT 10.0; Win64; x64; rv:109.0) Gecko/20100101 Firefox/117.0"
91.141.70.191 - - [27/Sep/2023:18:27:34 +0200] "GET /gui/javascript/form_form.js?1695832054 HTTP/1.1" 200 16206 "http://hausegger.activities.at/entry.php?id=10271&&ser=831994" "Mozilla/5.0 (Windows NT 10.0; Win64; x64; rv:109.0) Gecko/20100101 Firefox/117.0"
156.59.198.136 - - [27/Sep/2023:18:27:39 +0200] "GET /renault.activities.at/htdocs/export/pdf/emuc_document/11829623.pdf HTTP/1.0" 404 322 "http://212.69.160.11:443/renault.activities.at/htdocs/export/pdf/emuc_document/" "Mozilla/5.0 (Linux; Android 5.0) AppleWebKit/537.36 (KHTML, like Gecko) Mobile Safari/537.36 (compatible; Bytespider; spider-feedback@bytedance.com)"
156.59.198.136 - - [27/Sep/2023:18:28:04 +0200] "GET /renault.activities.at/htdocs/export/pdf/emuc_document/11170540.pdf HTTP/1.0" 404 322 "http://212.69.160.11:443/renault.activities.at/htdocs/export/pdf/emuc_document/" "Mozilla/5.0 (Linux; Android 5.0) AppleWebKit/537.36 (KHTML, like Gecko) Mobile Safari/537.36 (compatible; Bytespider; spider-feedback@bytedance.com)"
91.141.70.191 - - [27/Sep/2023:18:28:13 +0200] "GET /entry.php?id=10271&&ser=832032 HTTP/1.1" 200 987 "http://hausegger.activities.at/entry.php?id=10271&&ser=831971" "Mozilla/5.0 (Windows NT 10.0; Win64; x64) AppleWebKit/537.36 (KHTML, like Gecko) Chrome/117.0.0.0 Safari/537.36"
91.141.70.191 - - [27/Sep/2023:18:28:14 +0200] "GET /gui/javascript/form_form.js?1695832093 HTTP/1.1" 200 16206 "http://hausegger.activities.at/entry.php?id=10271&&ser=832032" "Mozilla/5.0 (Windows NT 10.0; Win64; x64) AppleWebKit/537.36 (KHTML, like Gecko) Chrome/117.0.0.0 Safari/537.36"
156.59.198.135 - - [27/Sep/2023:18:28:30 +0200] "GET /renault.activities.at/htdocs/export/pdf/emuc_document/11430415.pdf HTTP/1.0" 404 322 "http://212.69.160.11:443/renault.activities.at/htdocs/export/pdf/emuc_document/" "Mozilla/5.0 (Linux; Android 5.0) AppleWebKit/537.36 (KHTML, like Gecko) Mobile Safari/537.36 (compatible; Bytespider; spider-feedback@bytedance.com)"
91.141.70.191 - - [27/Sep/2023:18:28:35 +0200] "GET /entry.php?id=10271&&ser=832054 HTTP/1.1" 200 987 "http://hausegger.activities.at/entry.php?id=10271&&ser=831994" "Mozilla/5.0 (Windows NT 10.0; Win64; x64; rv:109.0) Gecko/20100101 Firefox/117.0"
91.141.70.191 - - [27/Sep/2023:18:28:35 +0200] "GET /gui/javascript/form_form.js?1695832115 HTTP/1.1" 200 16206 "http://hausegger.activities.at/entry.php?id=10271&&ser=832054" "Mozilla/5.0 (Windows NT 10.0; Win64; x64; rv:109.0) Gecko/20100101 Firefox/117.0"
156.59.198.135 - - [27/Sep/2023:18:28:54 +0200] "GET /renault.activities.at/htdocs/export/pdf/emuc_document/11763018.pdf HTTP/1.0" 404 322 "http://212.69.160.11:443/renault.activities.at/htdocs/export/pdf/emuc_document/" "Mozilla/5.0 (Linux; Android 5.0) AppleWebKit/537.36 (KHTML, like Gecko) Mobile Safari/537.36 (compatible; Bytespider; spider-feedback@bytedance.com)"
91.141.70.191 - - [27/Sep/2023:18:29:14 +0200] "GET /entry.php?id=10271&&ser=832093 HTTP/1.1" 200 987 "http://hausegger.activities.at/entry.php?id=10271&&ser=832032" "Mozilla/5.0 (Windows NT 10.0; Win64; x64) AppleWebKit/537.36 (KHTML, like Gecko) Chrome/117.0.0.0 Safari/537.36"
91.141.70.191 - - [27/Sep/2023:18:29:15 +0200] "GET /gui/javascript/form_form.js?1695832154 HTTP/1.1" 200 16206 "http://hausegger.activities.at/entry.php?id=10271&&ser=832093" "Mozilla/5.0 (Windows NT 10.0; Win64; x64) AppleWebKit/537.36 (KHTML, like Gecko) Chrome/117.0.0.0 Safari/537.36"
156.59.198.135 - - [27/Sep/2023:18:29:19 +0200] "GET /renault.activities.at/htdocs/export/pdf/emuc_document/10659516.pdf HTTP/1.0" 404 321 "http://212.69.160.11:443/renault.activities.at/htdocs/export/pdf/emuc_document/" "Mozilla/5.0 (Linux; Android 5.0) AppleWebKit/537.36 (KHTML, like Gecko) Mobile Safari/537.36 (compatible; Bytespider; spider-feedback@bytedance.com)"
91.141.70.191 - - [27/Sep/2023:18:29:35 +0200] "GET /entry.php?id=10271&&ser=832115 HTTP/1.1" 200 987 "http://hausegger.activities.at/entry.php?id=10271&&ser=832054" "Mozilla/5.0 (Windows NT 10.0; Win64; x64; rv:109.0) Gecko/20100101 Firefox/117.0"
91.141.70.191 - - [27/Sep/2023:18:29:35 +0200] "GET /gui/javascript/form_form.js?1695832175 HTTP/1.1" 200 16206 "http://hausegger.activities.at/entry.php?id=10271&&ser=832115" "Mozilla/5.0 (Windows NT 10.0; Win64; x64; rv:109.0) Gecko/20100101 Firefox/117.0"
156.59.198.135 - - [27/Sep/2023:18:29:43 +0200] "GET /renault.activities.at/htdocs/export/pdf/emuc_document/11312056.pdf HTTP/1.0" 404 322 "http://212.69.160.11:443/renault.activities.at/htdocs/export/pdf/emuc_document/" "Mozilla/5.0 (Linux; Android 5.0) AppleWebKit/537.36 (KHTML, like Gecko) Mobile Safari/537.36 (compatible; Bytespider; spider-feedback@bytedance.com)"
156.59.198.135 - - [27/Sep/2023:18:30:09 +0200] "GET /renault.activities.at/htdocs/export/pdf/emuc_document/11379288.pdf HTTP/1.0" 404 322 "http://212.69.160.11:443/renault.activities.at/htdocs/export/pdf/emuc_document/" "Mozilla/5.0 (Linux; Android 5.0) AppleWebKit/537.36 (KHTML, like Gecko) Mobile Safari/537.36 (compatible; Bytespider; spider-feedback@bytedance.com)"
91.141.70.191 - - [27/Sep/2023:18:30:15 +0200] "GET /entry.php?id=10271&&ser=832154 HTTP/1.1" 200 987 "http://hausegger.activities.at/entry.php?id=10271&&ser=832093" "Mozilla/5.0 (Windows NT 10.0; Win64; x64) AppleWebKit/537.36 (KHTML, like Gecko) Chrome/117.0.0.0 Safari/537.36"
91.141.70.191 - - [27/Sep/2023:18:30:16 +0200] "GET /gui/javascript/form_form.js?1695832215 HTTP/1.1" 200 16206 "http://hausegger.activities.at/entry.php?id=10271&&ser=832154" "Mozilla/5.0 (Windows NT 10.0; Win64; x64) AppleWebKit/537.36 (KHTML, like Gecko) Chrome/117.0.0.0 Safari/537.36"
156.59.198.135 - - [27/Sep/2023:18:30:34 +0200] "GET /default/cgi-bin/lang/awstats-ko.txt HTTP/1.0" 404 303 "http://212.69.160.11:443/default/cgi-bin/lang/" "Mozilla/5.0 (Linux; Android 5.0) AppleWebKit/537.36 (KHTML, like Gecko) Mobile Safari/537.36 (compatible; Bytespider; spider-feedback@bytedance.com)"
91.141.70.191 - - [27/Sep/2023:18:30:35 +0200] "GET /entry.php?id=10271&&ser=832175 HTTP/1.1" 200 987 "http://hausegger.activities.at/entry.php?id=10271&&ser=832115" "Mozilla/5.0 (Windows NT 10.0; Win64; x64; rv:109.0) Gecko/20100101 Firefox/117.0"
91.141.70.191 - - [27/Sep/2023:18:30:35 +0200] "GET /gui/javascript/form_form.js?1695832235 HTTP/1.1" 200 16206 "http://hausegger.activities.at/entry.php?id=10271&&ser=832175" "Mozilla/5.0 (Windows NT 10.0; Win64; x64; rv:109.0) Gecko/20100101 Firefox/117.0"
156.59.198.135 - - [27/Sep/2023:18:30:57 +0200] "GET /renault.activities.at/htdocs/export/pdf/emuc_document/10344871.pdf HTTP/1.0" 404 322 "http://212.69.160.11:443/renault.activities.at/htdocs/export/pdf/emuc_document/" "Mozilla/5.0 (Linux; Android 5.0) AppleWebKit/537.36 (KHTML, like Gecko) Mobile Safari/537.36 (compatible; Bytespider; spider-feedback@bytedance.com)"
91.141.70.191 - - [27/Sep/2023:18:31:16 +0200] "GET /entry.php?id=10271&&ser=832215 HTTP/1.1" 200 987 "http://hausegger.activities.at/entry.php?id=10271&&ser=832154" "Mozilla/5.0 (Windows NT 10.0; Win64; x64) AppleWebKit/537.36 (KHTML, like Gecko) Chrome/117.0.0.0 Safari/537.36"
91.141.70.191 - - [27/Sep/2023:18:31:17 +0200] "GET /gui/javascript/form_form.js?1695832276 HTTP/1.1" 200 16206 "http://hausegger.activities.at/entry.php?id=10271&&ser=832215" "Mozilla/5.0 (Windows NT 10.0; Win64; x64) AppleWebKit/537.36 (KHTML, like Gecko) Chrome/117.0.0.0 Safari/537.36"
156.59.198.136 - - [27/Sep/2023:18:31:22 +0200] "GET /renault.activities.at/htdocs/export/pdf/emuc_document/10936740.pdf HTTP/1.0" 404 323 "http://212.69.160.11:443/renault.activities.at/htdocs/export/pdf/emuc_document/" "Mozilla/5.0 (Linux; Android 5.0) AppleWebKit/537.36 (KHTML, like Gecko) Mobile Safari/537.36 (compatible; Bytespider; spider-feedback@bytedance.com)"
104.199.47.241 - - [27/Sep/2023:18:31:23 +0200] "GET /Temporary_Listen_Addresses/ HTTP/1.1" 404 293 "-" "Mozilla/5.0 (Windows NT 10.0; Win64; x64) AppleWebKit/537.36 (KHTML, like Gecko) Chrome/105.0.0.0 Safari/537.36"
91.141.70.191 - - [27/Sep/2023:18:31:35 +0200] "GET /entry.php?id=10271&&ser=832235 HTTP/1.1" 200 987 "http://hausegger.activities.at/entry.php?id=10271&&ser=832175" "Mozilla/5.0 (Windows NT 10.0; Win64; x64; rv:109.0) Gecko/20100101 Firefox/117.0"
91.141.70.191 - - [27/Sep/2023:18:31:36 +0200] "GET /gui/javascript/form_form.js?1695832295 HTTP/1.1" 200 16206 "http://hausegger.activities.at/entry.php?id=10271&&ser=832235" "Mozilla/5.0 (Windows NT 10.0; Win64; x64; rv:109.0) Gecko/20100101 Firefox/117.0"
156.59.198.136 - - [27/Sep/2023:18:31:47 +0200] "GET /renault.activities.at/htdocs/export/pdf/emuc_document/10253191.pdf HTTP/1.0" 404 322 "http://212.69.160.11:443/renault.activities.at/htdocs/export/pdf/emuc_document/" "Mozilla/5.0 (Linux; Android 5.0) AppleWebKit/537.36 (KHTML, like Gecko) Mobile Safari/537.36 (compatible; Bytespider; spider-feedback@bytedance.com)"
156.59.198.136 - - [27/Sep/2023:18:32:11 +0200] "GET /renault.activities.at/htdocs/export/pdf/emuc_document/11379457.pdf HTTP/1.0" 404 323 "http://212.69.160.11:443/renault.activities.at/htdocs/export/pdf/emuc_document/" "Mozilla/5.0 (Linux; Android 5.0) AppleWebKit/537.36 (KHTML, like Gecko) Mobile Safari/537.36 (compatible; Bytespider; spider-feedback@bytedance.com)"
91.141.70.191 - - [27/Sep/2023:18:32:17 +0200] "GET /entry.php?id=10271&&ser=832276 HTTP/1.1" 200 987 "http://hausegger.activities.at/entry.php?id=10271&&ser=832215" "Mozilla/5.0 (Windows NT 10.0; Win64; x64) AppleWebKit/537.36 (KHTML, like Gecko) Chrome/117.0.0.0 Safari/537.36"
91.141.70.191 - - [27/Sep/2023:18:32:18 +0200] "GET /gui/javascript/form_form.js?1695832337 HTTP/1.1" 200 16206 "http://hausegger.activities.at/entry.php?id=10271&&ser=832276" "Mozilla/5.0 (Windows NT 10.0; Win64; x64) AppleWebKit/537.36 (KHTML, like Gecko) Chrome/117.0.0.0 Safari/537.36"
91.141.70.191 - - [27/Sep/2023:18:32:36 +0200] "GET /entry.php?id=10271&&ser=832295 HTTP/1.1" 200 987 "http://hausegger.activities.at/entry.php?id=10271&&ser=832235" "Mozilla/5.0 (Windows NT 10.0; Win64; x64; rv:109.0) Gecko/20100101 Firefox/117.0"
91.141.70.191 - - [27/Sep/2023:18:32:36 +0200] "GET /gui/javascript/form_form.js?1695832356 HTTP/1.1" 200 16206 "http://hausegger.activities.at/entry.php?id=10271&&ser=832295" "Mozilla/5.0 (Windows NT 10.0; Win64; x64; rv:109.0) Gecko/20100101 Firefox/117.0"
156.59.198.136 - - [27/Sep/2023:18:32:36 +0200] "GET /renault.activities.at/htdocs/export/pdf/emuc_document/11598897.pdf HTTP/1.0" 404 322 "http://212.69.160.11:443/renault.activities.at/htdocs/export/pdf/emuc_document/" "Mozilla/5.0 (Linux; Android 5.0) AppleWebKit/537.36 (KHTML, like Gecko) Mobile Safari/537.36 (compatible; Bytespider; spider-feedback@bytedance.com)"
156.59.198.135 - - [27/Sep/2023:18:33:01 +0200] "GET /renault.activities.at/htdocs/export/pdf/emuc_document/11660807.pdf HTTP/1.0" 404 322 "http://212.69.160.11:443/renault.activities.at/htdocs/export/pdf/emuc_document/" "Mozilla/5.0 (Linux; Android 5.0) AppleWebKit/537.36 (KHTML, like Gecko) Mobile Safari/537.36 (compatible; Bytespider; spider-feedback@bytedance.com)"
91.141.70.191 - - [27/Sep/2023:18:33:18 +0200] "GET /entry.php?id=10271&&ser=832337 HTTP/1.1" 200 987 "http://hausegger.activities.at/entry.php?id=10271&&ser=832276" "Mozilla/5.0 (Windows NT 10.0; Win64; x64) AppleWebKit/537.36 (KHTML, like Gecko) Chrome/117.0.0.0 Safari/537.36"
91.141.70.191 - - [27/Sep/2023:18:33:19 +0200] "GET /gui/javascript/form_form.js?1695832399 HTTP/1.1" 200 16206 "http://hausegger.activities.at/entry.php?id=10271&&ser=832337" "Mozilla/5.0 (Windows NT 10.0; Win64; x64) AppleWebKit/537.36 (KHTML, like Gecko) Chrome/117.0.0.0 Safari/537.36"
156.59.198.135 - - [27/Sep/2023:18:33:25 +0200] "GET /renault.activities.at/htdocs/export/pdf/emuc_document/11306546.pdf HTTP/1.0" 404 322 "http://212.69.160.11:443/renault.activities.at/htdocs/export/pdf/emuc_document/" "Mozilla/5.0 (Linux; Android 5.0) AppleWebKit/537.36 (KHTML, like Gecko) Mobile Safari/537.36 (compatible; Bytespider; spider-feedback@bytedance.com)"
91.141.70.191 - - [27/Sep/2023:18:33:36 +0200] "GET /entry.php?id=10271&&ser=832356 HTTP/1.1" 200 987 "http://hausegger.activities.at/entry.php?id=10271&&ser=832295" "Mozilla/5.0 (Windows NT 10.0; Win64; x64; rv:109.0) Gecko/20100101 Firefox/117.0"
91.141.70.191 - - [27/Sep/2023:18:33:36 +0200] "GET /gui/javascript/form_form.js?1695832416 HTTP/1.1" 200 16206 "http://hausegger.activities.at/entry.php?id=10271&&ser=832356" "Mozilla/5.0 (Windows NT 10.0; Win64; x64; rv:109.0) Gecko/20100101 Firefox/117.0"
91.141.70.191 - - [27/Sep/2023:18:33:38 +0200] "GET /entry.php?id=10287&login=1 HTTP/1.1" 200 1877 "http://hausegger.activities.at/entry.php?id=10273&" "Mozilla/5.0 (Windows NT 10.0; Win64; x64) AppleWebKit/537.36 (KHTML, like Gecko) Chrome/117.0.0.0 Safari/537.36"
91.141.70.191 - - [27/Sep/2023:18:33:38 +0200] "GET /gui/javascript/form_form.js?1695832418 HTTP/1.1" 200 16206 "http://hausegger.activities.at/entry.php?id=10287&login=1" "Mozilla/5.0 (Windows NT 10.0; Win64; x64) AppleWebKit/537.36 (KHTML, like Gecko) Chrome/117.0.0.0 Safari/537.36"
91.141.70.191 - - [27/Sep/2023:18:33:39 +0200] "POST /entry.php?id=10287& HTTP/1.1" 200 2434 "http://hausegger.activities.at/entry.php?id=10287&login=1" "Mozilla/5.0 (Windows NT 10.0; Win64; x64) AppleWebKit/537.36 (KHTML, like Gecko) Chrome/117.0.0.0 Safari/537.36"
91.141.70.191 - - [27/Sep/2023:18:33:40 +0200] "GET /gui/javascript/form_form.js?1695832420 HTTP/1.1" 200 16206 "http://hausegger.activities.at/entry.php?id=10287&" "Mozilla/5.0 (Windows NT 10.0; Win64; x64) AppleWebKit/537.36 (KHTML, like Gecko) Chrome/117.0.0.0 Safari/537.36"
91.141.70.191 - - [27/Sep/2023:18:33:40 +0200] "GET /entry.php?id=10270& HTTP/1.1" 200 908 "http://hausegger.activities.at/entry.php?id=10287&" "Mozilla/5.0 (Windows NT 10.0; Win64; x64) AppleWebKit/537.36 (KHTML, like Gecko) Chrome/117.0.0.0 Safari/537.36"
91.141.70.191 - - [27/Sep/2023:18:33:40 +0200] "GET /entry.php?id=10273&logout=true& HTTP/1.1" 200 1913 "http://hausegger.activities.at/entry.php?id=10287&" "Mozilla/5.0 (Windows NT 10.0; Win64; x64) AppleWebKit/537.36 (KHTML, like Gecko) Chrome/117.0.0.0 Safari/537.36"
156.59.198.136 - - [27/Sep/2023:18:33:49 +0200] "GET /renault.activities.at/htdocs/export/pdf/emuc_document/10314854.pdf HTTP/1.0" 404 322 "http://212.69.160.11:443/renault.activities.at/htdocs/export/pdf/emuc_document/" "Mozilla/5.0 (Linux; Android 5.0) AppleWebKit/537.36 (KHTML, like Gecko) Mobile Safari/537.36 (compatible; Bytespider; spider-feedback@bytedance.com)"
156.59.198.135 - - [27/Sep/2023:18:34:15 +0200] "GET /renault.activities.at/htdocs/export/pdf/emuc_document/11076667.pdf HTTP/1.0" 404 322 "http://212.69.160.11:443/renault.activities.at/htdocs/export/pdf/emuc_document/" "Mozilla/5.0 (Linux; Android 5.0) AppleWebKit/537.36 (KHTML, like Gecko) Mobile Safari/537.36 (compatible; Bytespider; spider-feedback@bytedance.com)"
91.141.70.191 - - [27/Sep/2023:18:34:36 +0200] "GET /entry.php?id=10271&&ser=832416 HTTP/1.1" 200 987 "http://hausegger.activities.at/entry.php?id=10271&&ser=832356" "Mozilla/5.0 (Windows NT 10.0; Win64; x64; rv:109.0) Gecko/20100101 Firefox/117.0"
91.141.70.191 - - [27/Sep/2023:18:34:37 +0200] "GET /gui/javascript/form_form.js?1695832476 HTTP/1.1" 200 16206 "http://hausegger.activities.at/entry.php?id=10271&&ser=832416" "Mozilla/5.0 (Windows NT 10.0; Win64; x64; rv:109.0) Gecko/20100101 Firefox/117.0"
156.59.198.136 - - [27/Sep/2023:18:34:39 +0200] "GET /renault.activities.at/htdocs/export/pdf/emuc_document/10371208.pdf HTTP/1.0" 404 322 "http://212.69.160.11:443/renault.activities.at/htdocs/export/pdf/emuc_document/" "Mozilla/5.0 (Linux; Android 5.0) AppleWebKit/537.36 (KHTML, like Gecko) Mobile Safari/537.36 (compatible; Bytespider; spider-feedback@bytedance.com)"
91.141.70.191 - - [27/Sep/2023:18:35:02 +0200] "GET /entry.php?id=10287&login=1 HTTP/1.1" 200 1879 "http://hausegger.activities.at/entry.php?id=10273&" "Mozilla/5.0 (Windows NT 10.0; Win64; x64; rv:109.0) Gecko/20100101 Firefox/117.0"
91.141.70.191 - - [27/Sep/2023:18:35:02 +0200] "GET /gui/javascript/form_form.js?1695832502 HTTP/1.1" 200 16206 "http://hausegger.activities.at/entry.php?id=10287&login=1" "Mozilla/5.0 (Windows NT 10.0; Win64; x64; rv:109.0) Gecko/20100101 Firefox/117.0"
156.59.198.136 - - [27/Sep/2023:18:35:03 +0200] "GET /renault.activities.at/htdocs/export/pdf/emuc_document/10961167.pdf HTTP/1.0" 404 322 "http://212.69.160.11:443/renault.activities.at/htdocs/export/pdf/emuc_document/" "Mozilla/5.0 (Linux; Android 5.0) AppleWebKit/537.36 (KHTML, like Gecko) Mobile Safari/537.36 (compatible; Bytespider; spider-feedback@bytedance.com)"
91.141.70.191 - - [27/Sep/2023:18:35:04 +0200] "POST /entry.php?id=10287& HTTP/1.1" 200 2434 "http://hausegger.activities.at/entry.php?id=10287&login=1" "Mozilla/5.0 (Windows NT 10.0; Win64; x64; rv:109.0) Gecko/20100101 Firefox/117.0"
91.141.70.191 - - [27/Sep/2023:18:35:04 +0200] "GET /gui/javascript/form_form.js?1695832504 HTTP/1.1" 200 16206 "http://hausegger.activities.at/entry.php?id=10287&" "Mozilla/5.0 (Windows NT 10.0; Win64; x64; rv:109.0) Gecko/20100101 Firefox/117.0"
91.141.70.191 - - [27/Sep/2023:18:35:04 +0200] "GET /entry.php?id=10273&logout=true& HTTP/1.1" 200 1913 "http://hausegger.activities.at/entry.php?id=10287&" "Mozilla/5.0 (Windows NT 10.0; Win64; x64; rv:109.0) Gecko/20100101 Firefox/117.0"
91.141.70.191 - - [27/Sep/2023:18:35:04 +0200] "GET /entry.php?id=10270& HTTP/1.1" 200 908 "http://hausegger.activities.at/entry.php?id=10287&" "Mozilla/5.0 (Windows NT 10.0; Win64; x64; rv:109.0) Gecko/20100101 Firefox/117.0"
156.59.198.135 - - [27/Sep/2023:18:35:28 +0200] "GET /renault.activities.at/htdocs/export/pdf/emuc_document/11470796.pdf HTTP/1.0" 404 322 "http://212.69.160.11:443/renault.activities.at/htdocs/export/pdf/emuc_document/" "Mozilla/5.0 (Linux; Android 5.0) AppleWebKit/537.36 (KHTML, like Gecko) Mobile Safari/537.36 (compatible; Bytespider; spider-feedback@bytedance.com)"
156.59.198.136 - - [27/Sep/2023:18:35:53 +0200] "GET /renault.activities.at/htdocs/export/pdf/emuc_document/10252803.pdf HTTP/1.0" 404 322 "http://212.69.160.11:443/renault.activities.at/htdocs/export/pdf/emuc_document/" "Mozilla/5.0 (Linux; Android 5.0) AppleWebKit/537.36 (KHTML, like Gecko) Mobile Safari/537.36 (compatible; Bytespider; spider-feedback@bytedance.com)"
156.59.198.135 - - [27/Sep/2023:18:36:17 +0200] "GET /default/cgi-bin/lang/awstats-sr.txt HTTP/1.0" 404 302 "http://212.69.160.11:443/default/cgi-bin/lang/" "Mozilla/5.0 (Linux; Android 5.0) AppleWebKit/537.36 (KHTML, like Gecko) Mobile Safari/537.36 (compatible; Bytespider; spider-feedback@bytedance.com)"
156.59.198.136 - - [27/Sep/2023:18:36:42 +0200] "GET /renault.activities.at/htdocs/export/pdf/emuc_document/10998621.pdf HTTP/1.0" 404 321 "http://212.69.160.11:443/renault.activities.at/htdocs/export/pdf/emuc_document/" "Mozilla/5.0 (Linux; Android 5.0) AppleWebKit/537.36 (KHTML, like Gecko) Mobile Safari/537.36 (compatible; Bytespider; spider-feedback@bytedance.com)"
156.59.198.135 - - [27/Sep/2023:18:37:06 +0200] "GET /renault.activities.at/htdocs/export/pdf/emuc_document/11659691.pdf HTTP/1.0" 404 321 "http://212.69.160.11:443/renault.activities.at/htdocs/export/pdf/emuc_document/" "Mozilla/5.0 (Linux; Android 5.0) AppleWebKit/537.36 (KHTML, like Gecko) Mobile Safari/537.36 (compatible; Bytespider; spider-feedback@bytedance.com)"
156.59.198.135 - - [27/Sep/2023:18:37:31 +0200] "GET /renault.activities.at/htdocs/export/pdf/emuc_document/11072157.pdf HTTP/1.0" 404 322 "http://212.69.160.11:443/renault.activities.at/htdocs/export/pdf/emuc_document/" "Mozilla/5.0 (Linux; Android 5.0) AppleWebKit/537.36 (KHTML, like Gecko) Mobile Safari/537.36 (compatible; Bytespider; spider-feedback@bytedance.com)"
156.59.198.136 - - [27/Sep/2023:18:37:55 +0200] "GET /renault.activities.at/htdocs/export/pdf/emuc_document/11043622.pdf HTTP/1.0" 404 322 "http://212.69.160.11:443/renault.activities.at/htdocs/export/pdf/emuc_document/" "Mozilla/5.0 (Linux; Android 5.0) AppleWebKit/537.36 (KHTML, like Gecko) Mobile Safari/537.36 (compatible; Bytespider; spider-feedback@bytedance.com)"
156.59.198.136 - - [27/Sep/2023:18:38:20 +0200] "GET /renault.activities.at/htdocs/export/pdf/emuc_document/11642111.pdf HTTP/1.0" 404 321 "http://212.69.160.11:443/renault.activities.at/htdocs/export/pdf/emuc_document/" "Mozilla/5.0 (Linux; Android 5.0) AppleWebKit/537.36 (KHTML, like Gecko) Mobile Safari/537.36 (compatible; Bytespider; spider-feedback@bytedance.com)"
156.59.198.136 - - [27/Sep/2023:18:38:45 +0200] "GET /renault.activities.at/htdocs/export/pdf/emuc_document/11730078.pdf HTTP/1.0" 404 322 "http://212.69.160.11:443/renault.activities.at/htdocs/export/pdf/emuc_document/" "Mozilla/5.0 (Linux; Android 5.0) AppleWebKit/537.36 (KHTML, like Gecko) Mobile Safari/537.36 (compatible; Bytespider; spider-feedback@bytedance.com)"
156.59.198.135 - - [27/Sep/2023:18:39:10 +0200] "GET /renault.activities.at/htdocs/export/pdf/emuc_document/10608506.pdf HTTP/1.0" 404 321 "http://212.69.160.11:443/renault.activities.at/htdocs/export/pdf/emuc_document/" "Mozilla/5.0 (Linux; Android 5.0) AppleWebKit/537.36 (KHTML, like Gecko) Mobile Safari/537.36 (compatible; Bytespider; spider-feedback@bytedance.com)"
156.59.198.135 - - [27/Sep/2023:18:39:35 +0200] "GET /renault.activities.at/htdocs/export/pdf/emuc_document/10533053.pdf HTTP/1.0" 404 321 "http://212.69.160.11:443/renault.activities.at/htdocs/export/pdf/emuc_document/" "Mozilla/5.0 (Linux; Android 5.0) AppleWebKit/537.36 (KHTML, like Gecko) Mobile Safari/537.36 (compatible; Bytespider; spider-feedback@bytedance.com)"
156.59.198.135 - - [27/Sep/2023:18:39:59 +0200] "GET /renault.activities.at/htdocs/export/pdf/emuc_document/11306606.pdf HTTP/1.0" 404 322 "http://212.69.160.11:443/renault.activities.at/htdocs/export/pdf/emuc_document/" "Mozilla/5.0 (Linux; Android 5.0) AppleWebKit/537.36 (KHTML, like Gecko) Mobile Safari/537.36 (compatible; Bytespider; spider-feedback@bytedance.com)"
156.59.198.136 - - [27/Sep/2023:18:40:25 +0200] "GET /renault.activities.at/htdocs/export/pdf/emuc_document/10659809.pdf HTTP/1.0" 404 322 "http://212.69.160.11:443/renault.activities.at/htdocs/export/pdf/emuc_document/" "Mozilla/5.0 (Linux; Android 5.0) AppleWebKit/537.36 (KHTML, like Gecko) Mobile Safari/537.36 (compatible; Bytespider; spider-feedback@bytedance.com)"
156.59.198.135 - - [27/Sep/2023:18:40:50 +0200] "GET /renault.activities.at/htdocs/export/pdf/emuc_document/10744964.pdf HTTP/1.0" 404 322 "http://212.69.160.11:443/renault.activities.at/htdocs/export/pdf/emuc_document/" "Mozilla/5.0 (Linux; Android 5.0) AppleWebKit/537.36 (KHTML, like Gecko) Mobile Safari/537.36 (compatible; Bytespider; spider-feedback@bytedance.com)"
156.59.198.135 - - [27/Sep/2023:18:41:15 +0200] "GET /renault.activities.at/htdocs/export/pdf/emuc_document/11730083.pdf HTTP/1.0" 404 322 "http://212.69.160.11:443/renault.activities.at/htdocs/export/pdf/emuc_document/" "Mozilla/5.0 (Linux; Android 5.0) AppleWebKit/537.36 (KHTML, like Gecko) Mobile Safari/537.36 (compatible; Bytespider; spider-feedback@bytedance.com)"
156.59.198.135 - - [27/Sep/2023:18:41:41 +0200] "GET /renault.activities.at/htdocs/export/pdf/emuc_document/10754103.pdf HTTP/1.0" 404 322 "http://212.69.160.11:443/renault.activities.at/htdocs/export/pdf/emuc_document/" "Mozilla/5.0 (Linux; Android 5.0) AppleWebKit/537.36 (KHTML, like Gecko) Mobile Safari/537.36 (compatible; Bytespider; spider-feedback@bytedance.com)"
156.59.198.136 - - [27/Sep/2023:18:42:04 +0200] "GET /renault.activities.at/htdocs/export/pdf/emuc_document/10344876.pdf HTTP/1.0" 404 323 "http://212.69.160.11:443/renault.activities.at/htdocs/export/pdf/emuc_document/" "Mozilla/5.0 (Linux; Android 5.0) AppleWebKit/537.36 (KHTML, like Gecko) Mobile Safari/537.36 (compatible; Bytespider; spider-feedback@bytedance.com)"
156.59.198.135 - - [27/Sep/2023:18:42:29 +0200] "GET /renault.activities.at/htdocs/export/pdf/emuc_document/11035923.pdf HTTP/1.0" 404 322 "http://212.69.160.11:443/renault.activities.at/htdocs/export/pdf/emuc_document/" "Mozilla/5.0 (Linux; Android 5.0) AppleWebKit/537.36 (KHTML, like Gecko) Mobile Safari/537.36 (compatible; Bytespider; spider-feedback@bytedance.com)"
156.59.198.135 - - [27/Sep/2023:18:42:53 +0200] "GET /renault.activities.at/htdocs/export/pdf/emuc_document/10344883.pdf HTTP/1.0" 404 322 "http://212.69.160.11:443/renault.activities.at/htdocs/export/pdf/emuc_document/" "Mozilla/5.0 (Linux; Android 5.0) AppleWebKit/537.36 (KHTML, like Gecko) Mobile Safari/537.36 (compatible; Bytespider; spider-feedback@bytedance.com)"
156.59.198.135 - - [27/Sep/2023:18:43:17 +0200] "GET /renault.activities.at/htdocs/export/pdf/emuc_document/11851371.pdf HTTP/1.0" 404 322 "http://212.69.160.11:443/renault.activities.at/htdocs/export/pdf/emuc_document/" "Mozilla/5.0 (Linux; Android 5.0) AppleWebKit/537.36 (KHTML, like Gecko) Mobile Safari/537.36 (compatible; Bytespider; spider-feedback@bytedance.com)"
156.59.198.135 - - [27/Sep/2023:18:43:42 +0200] "GET /renault.activities.at/htdocs/export/pdf/emuc_document/11354049.pdf HTTP/1.0" 404 321 "http://212.69.160.11:443/renault.activities.at/htdocs/export/pdf/emuc_document/" "Mozilla/5.0 (Linux; Android 5.0) AppleWebKit/537.36 (KHTML, like Gecko) Mobile Safari/537.36 (compatible; Bytespider; spider-feedback@bytedance.com)"
156.59.198.136 - - [27/Sep/2023:18:44:06 +0200] "GET /renault.activities.at/htdocs/export/pdf/emuc_document/11167489.pdf HTTP/1.0" 404 322 "http://212.69.160.11:443/renault.activities.at/htdocs/export/pdf/emuc_document/" "Mozilla/5.0 (Linux; Android 5.0) AppleWebKit/537.36 (KHTML, like Gecko) Mobile Safari/537.36 (compatible; Bytespider; spider-feedback@bytedance.com)"
156.59.198.135 - - [27/Sep/2023:18:44:32 +0200] "GET /renault.activities.at/htdocs/export/pdf/emuc_document/10883779.pdf HTTP/1.0" 404 323 "http://212.69.160.11:443/renault.activities.at/htdocs/export/pdf/emuc_document/" "Mozilla/5.0 (Linux; Android 5.0) AppleWebKit/537.36 (KHTML, like Gecko) Mobile Safari/537.36 (compatible; Bytespider; spider-feedback@bytedance.com)"
156.59.198.135 - - [27/Sep/2023:18:44:56 +0200] "GET /renault.activities.at/htdocs/export/pdf/emuc_document/11148667.pdf HTTP/1.0" 404 322 "http://212.69.160.11:443/renault.activities.at/htdocs/export/pdf/emuc_document/" "Mozilla/5.0 (Linux; Android 5.0) AppleWebKit/537.36 (KHTML, like Gecko) Mobile Safari/537.36 (compatible; Bytespider; spider-feedback@bytedance.com)"
156.59.198.136 - - [27/Sep/2023:18:45:21 +0200] "GET /renault.activities.at/htdocs/export/pdf/emuc_document/11598965.pdf HTTP/1.0" 404 322 "http://212.69.160.11:443/renault.activities.at/htdocs/export/pdf/emuc_document/" "Mozilla/5.0 (Linux; Android 5.0) AppleWebKit/537.36 (KHTML, like Gecko) Mobile Safari/537.36 (compatible; Bytespider; spider-feedback@bytedance.com)"
156.59.198.135 - - [27/Sep/2023:18:45:46 +0200] "GET /renault.activities.at/htdocs/export/pdf/emuc_document/10839772.pdf HTTP/1.0" 404 323 "http://212.69.160.11:443/renault.activities.at/htdocs/export/pdf/emuc_document/" "Mozilla/5.0 (Linux; Android 5.0) AppleWebKit/537.36 (KHTML, like Gecko) Mobile Safari/537.36 (compatible; Bytespider; spider-feedback@bytedance.com)"
156.59.198.135 - - [27/Sep/2023:18:46:12 +0200] "GET /renault.activities.at/htdocs/export/pdf/emuc_document/10770625.pdf HTTP/1.0" 404 322 "http://212.69.160.11:443/renault.activities.at/htdocs/export/pdf/emuc_document/" "Mozilla/5.0 (Linux; Android 5.0) AppleWebKit/537.36 (KHTML, like Gecko) Mobile Safari/537.36 (compatible; Bytespider; spider-feedback@bytedance.com)"
156.59.198.136 - - [27/Sep/2023:18:46:36 +0200] "GET /renault.activities.at/htdocs/export/pdf/emuc_document/10762347.pdf HTTP/1.0" 404 323 "http://212.69.160.11:443/renault.activities.at/htdocs/export/pdf/emuc_document/" "Mozilla/5.0 (Linux; Android 5.0) AppleWebKit/537.36 (KHTML, like Gecko) Mobile Safari/537.36 (compatible; Bytespider; spider-feedback@bytedance.com)"
156.59.198.135 - - [27/Sep/2023:18:47:00 +0200] "GET /renault.activities.at/htdocs/export/pdf/emuc_document/10371195.pdf HTTP/1.0" 404 322 "http://212.69.160.11:443/renault.activities.at/htdocs/export/pdf/emuc_document/" "Mozilla/5.0 (Linux; Android 5.0) AppleWebKit/537.36 (KHTML, like Gecko) Mobile Safari/537.36 (compatible; Bytespider; spider-feedback@bytedance.com)"
156.59.198.135 - - [27/Sep/2023:18:47:24 +0200] "GET /renault.activities.at/htdocs/export/pdf/emuc_document/11829436.pdf HTTP/1.0" 404 322 "http://212.69.160.11:443/renault.activities.at/htdocs/export/pdf/emuc_document/" "Mozilla/5.0 (Linux; Android 5.0) AppleWebKit/537.36 (KHTML, like Gecko) Mobile Safari/537.36 (compatible; Bytespider; spider-feedback@bytedance.com)"
156.59.198.135 - - [27/Sep/2023:18:47:49 +0200] "GET /renault.activities.at/htdocs/export/pdf/emuc_document/11444428.pdf HTTP/1.0" 404 321 "http://212.69.160.11:443/renault.activities.at/htdocs/export/pdf/emuc_document/" "Mozilla/5.0 (Linux; Android 5.0) AppleWebKit/537.36 (KHTML, like Gecko) Mobile Safari/537.36 (compatible; Bytespider; spider-feedback@bytedance.com)"
156.59.198.136 - - [27/Sep/2023:18:48:13 +0200] "GET /renault.activities.at/htdocs/export/pdf/emuc_document/10433586.pdf HTTP/1.0" 404 322 "http://212.69.160.11:443/renault.activities.at/htdocs/export/pdf/emuc_document/" "Mozilla/5.0 (Linux; Android 5.0) AppleWebKit/537.36 (KHTML, like Gecko) Mobile Safari/537.36 (compatible; Bytespider; spider-feedback@bytedance.com)"
156.59.198.136 - - [27/Sep/2023:18:48:39 +0200] "GET /renault.activities.at/htdocs/export/pdf/emuc_document/11444384.pdf HTTP/1.0" 404 322 "http://212.69.160.11:443/renault.activities.at/htdocs/export/pdf/emuc_document/" "Mozilla/5.0 (Linux; Android 5.0) AppleWebKit/537.36 (KHTML, like Gecko) Mobile Safari/537.36 (compatible; Bytespider; spider-feedback@bytedance.com)"
156.59.198.136 - - [27/Sep/2023:18:49:03 +0200] "GET /renault.activities.at/htdocs/export/pdf/emuc_document/10753136.pdf HTTP/1.0" 404 322 "http://212.69.160.11:443/renault.activities.at/htdocs/export/pdf/emuc_document/" "Mozilla/5.0 (Linux; Android 5.0) AppleWebKit/537.36 (KHTML, like Gecko) Mobile Safari/537.36 (compatible; Bytespider; spider-feedback@bytedance.com)"
156.59.198.136 - - [27/Sep/2023:18:49:27 +0200] "GET /renault.activities.at/htdocs/export/pdf/emuc_document/10672824.pdf HTTP/1.0" 404 322 "http://212.69.160.11:443/renault.activities.at/htdocs/export/pdf/emuc_document/" "Mozilla/5.0 (Linux; Android 5.0) AppleWebKit/537.36 (KHTML, like Gecko) Mobile Safari/537.36 (compatible; Bytespider; spider-feedback@bytedance.com)"
156.59.198.136 - - [27/Sep/2023:18:49:53 +0200] "GET /renault.activities.at/htdocs/export/pdf/emuc_document/11772807.pdf HTTP/1.0" 404 322 "http://212.69.160.11:443/renault.activities.at/htdocs/export/pdf/emuc_document/" "Mozilla/5.0 (Linux; Android 5.0) AppleWebKit/537.36 (KHTML, like Gecko) Mobile Safari/537.36 (compatible; Bytespider; spider-feedback@bytedance.com)"
156.59.198.135 - - [27/Sep/2023:18:50:17 +0200] "GET /renault.activities.at/htdocs/export/pdf/emuc_document/10668914.pdf HTTP/1.0" 404 321 "http://212.69.160.11:443/renault.activities.at/htdocs/export/pdf/emuc_document/" "Mozilla/5.0 (Linux; Android 5.0) AppleWebKit/537.36 (KHTML, like Gecko) Mobile Safari/537.36 (compatible; Bytespider; spider-feedback@bytedance.com)"
156.59.198.136 - - [27/Sep/2023:18:50:43 +0200] "GET /renault.activities.at/htdocs/export/pdf/emuc_document/11444314.pdf HTTP/1.0" 404 322 "http://212.69.160.11:443/renault.activities.at/htdocs/export/pdf/emuc_document/" "Mozilla/5.0 (Linux; Android 5.0) AppleWebKit/537.36 (KHTML, like Gecko) Mobile Safari/537.36 (compatible; Bytespider; spider-feedback@bytedance.com)"
156.59.198.135 - - [27/Sep/2023:18:51:08 +0200] "GET /renault.activities.at/htdocs/export/pdf/emuc_document/10314920.pdf HTTP/1.0" 404 322 "http://212.69.160.11:443/renault.activities.at/htdocs/export/pdf/emuc_document/" "Mozilla/5.0 (Linux; Android 5.0) AppleWebKit/537.36 (KHTML, like Gecko) Mobile Safari/537.36 (compatible; Bytespider; spider-feedback@bytedance.com)"
156.59.198.136 - - [27/Sep/2023:18:51:33 +0200] "GET /renault.activities.at/htdocs/export/pdf/emuc_document/10745064.pdf HTTP/1.0" 404 322 "http://212.69.160.11:443/renault.activities.at/htdocs/export/pdf/emuc_document/" "Mozilla/5.0 (Linux; Android 5.0) AppleWebKit/537.36 (KHTML, like Gecko) Mobile Safari/537.36 (compatible; Bytespider; spider-feedback@bytedance.com)"
156.59.198.135 - - [27/Sep/2023:18:51:56 +0200] "GET /renault.activities.at/htdocs/export/pdf/emuc_document/10608269.pdf HTTP/1.0" 404 321 "http://212.69.160.11:443/renault.activities.at/htdocs/export/pdf/emuc_document/" "Mozilla/5.0 (Linux; Android 5.0) AppleWebKit/537.36 (KHTML, like Gecko) Mobile Safari/537.36 (compatible; Bytespider; spider-feedback@bytedance.com)"
156.59.198.135 - - [27/Sep/2023:18:52:45 +0200] "GET /renault.activities.at/htdocs/export/pdf/emuc_document/10460187.pdf HTTP/1.0" 404 322 "http://212.69.160.11:443/renault.activities.at/htdocs/export/pdf/emuc_document/" "Mozilla/5.0 (Linux; Android 5.0) AppleWebKit/537.36 (KHTML, like Gecko) Mobile Safari/537.36 (compatible; Bytespider; spider-feedback@bytedance.com)"
156.59.198.136 - - [27/Sep/2023:18:53:10 +0200] "GET /renault.activities.at/htdocs/export/pdf/emuc_document/11185222.pdf HTTP/1.0" 404 321 "http://212.69.160.11:443/renault.activities.at/htdocs/export/pdf/emuc_document/" "Mozilla/5.0 (Linux; Android 5.0) AppleWebKit/537.36 (KHTML, like Gecko) Mobile Safari/537.36 (compatible; Bytespider; spider-feedback@bytedance.com)"
156.59.198.136 - - [27/Sep/2023:18:53:36 +0200] "GET /renault.activities.at/htdocs/export/pdf/emuc_document/10916036.pdf HTTP/1.0" 404 322 "http://212.69.160.11:443/renault.activities.at/htdocs/export/pdf/emuc_document/" "Mozilla/5.0 (Linux; Android 5.0) AppleWebKit/537.36 (KHTML, like Gecko) Mobile Safari/537.36 (compatible; Bytespider; spider-feedback@bytedance.com)"
156.59.198.136 - - [27/Sep/2023:18:54:00 +0200] "GET /renault.activities.at/htdocs/export/pdf/emuc_document/10433538.pdf HTTP/1.0" 404 322 "http://212.69.160.11:443/renault.activities.at/htdocs/export/pdf/emuc_document/" "Mozilla/5.0 (Linux; Android 5.0) AppleWebKit/537.36 (KHTML, like Gecko) Mobile Safari/537.36 (compatible; Bytespider; spider-feedback@bytedance.com)"
125.64.124.73 - - [27/Sep/2023:18:54:19 +0200] "GET / HTTP/1.1" 200 423 "-" "Mozilla/5.0 (Windows NT 10.0; WOW64) AppleWebKit/537.36 (KHTML, like Gecko) Chrome/51.0.2704.103 Safari/537.36"
156.59.198.136 - - [27/Sep/2023:18:54:27 +0200] "GET /renault.activities.at/htdocs/export/pdf/emuc_document/11181989.pdf HTTP/1.0" 404 321 "http://212.69.160.11:443/renault.activities.at/htdocs/export/pdf/emuc_document/" "Mozilla/5.0 (Linux; Android 5.0) AppleWebKit/537.36 (KHTML, like Gecko) Mobile Safari/537.36 (compatible; Bytespider; spider-feedback@bytedance.com)"
156.59.198.135 - - [27/Sep/2023:18:54:51 +0200] "GET /renault.activities.at/htdocs/export/pdf/emuc_document/10433609.pdf HTTP/1.0" 404 322 "http://212.69.160.11:443/renault.activities.at/htdocs/export/pdf/emuc_document/" "Mozilla/5.0 (Linux; Android 5.0) AppleWebKit/537.36 (KHTML, like Gecko) Mobile Safari/537.36 (compatible; Bytespider; spider-feedback@bytedance.com)"
156.59.198.135 - - [27/Sep/2023:18:55:16 +0200] "GET /renault.activities.at/htdocs/export/pdf/emuc_document/11753911.pdf HTTP/1.0" 404 322 "http://212.69.160.11:443/renault.activities.at/htdocs/export/pdf/emuc_document/" "Mozilla/5.0 (Linux; Android 5.0) AppleWebKit/537.36 (KHTML, like Gecko) Mobile Safari/537.36 (compatible; Bytespider; spider-feedback@bytedance.com)"
156.59.198.136 - - [27/Sep/2023:18:55:41 +0200] "GET /renault.activities.at/htdocs/export/pdf/emuc_document/11536826.pdf HTTP/1.0" 404 322 "http://212.69.160.11:443/renault.activities.at/htdocs/export/pdf/emuc_document/" "Mozilla/5.0 (Linux; Android 5.0) AppleWebKit/537.36 (KHTML, like Gecko) Mobile Safari/537.36 (compatible; Bytespider; spider-feedback@bytedance.com)"
156.59.198.135 - - [27/Sep/2023:18:56:06 +0200] "GET /renault.activities.at/htdocs/export/pdf/emuc_document/11228139.pdf HTTP/1.0" 404 322 "http://212.69.160.11:443/renault.activities.at/htdocs/export/pdf/emuc_document/" "Mozilla/5.0 (Linux; Android 5.0) AppleWebKit/537.36 (KHTML, like Gecko) Mobile Safari/537.36 (compatible; Bytespider; spider-feedback@bytedance.com)"
156.59.198.136 - - [27/Sep/2023:18:56:31 +0200] "GET /renault.activities.at/htdocs/export/pdf/emuc_document/10659755.pdf HTTP/1.0" 404 322 "http://212.69.160.11:443/renault.activities.at/htdocs/export/pdf/emuc_document/" "Mozilla/5.0 (Linux; Android 5.0) AppleWebKit/537.36 (KHTML, like Gecko) Mobile Safari/537.36 (compatible; Bytespider; spider-feedback@bytedance.com)"
156.59.198.135 - - [27/Sep/2023:18:56:56 +0200] "GET /renault.activities.at/htdocs/export/pdf/emuc_document/11424476.pdf HTTP/1.0" 404 322 "http://212.69.160.11:443/renault.activities.at/htdocs/export/pdf/emuc_document/" "Mozilla/5.0 (Linux; Android 5.0) AppleWebKit/537.36 (KHTML, like Gecko) Mobile Safari/537.36 (compatible; Bytespider; spider-feedback@bytedance.com)"
156.59.198.136 - - [27/Sep/2023:18:57:20 +0200] "GET /renault.activities.at/htdocs/export/pdf/emuc_document/11792478.pdf HTTP/1.0" 404 322 "http://212.69.160.11:443/renault.activities.at/htdocs/export/pdf/emuc_document/" "Mozilla/5.0 (Linux; Android 5.0) AppleWebKit/537.36 (KHTML, like Gecko) Mobile Safari/537.36 (compatible; Bytespider; spider-feedback@bytedance.com)"
156.59.198.136 - - [27/Sep/2023:18:57:44 +0200] "GET /renault.activities.at/htdocs/export/pdf/emuc_document/10554519.pdf HTTP/1.0" 404 321 "http://212.69.160.11:443/renault.activities.at/htdocs/export/pdf/emuc_document/" "Mozilla/5.0 (Linux; Android 5.0) AppleWebKit/537.36 (KHTML, like Gecko) Mobile Safari/537.36 (compatible; Bytespider; spider-feedback@bytedance.com)"
156.59.198.135 - - [27/Sep/2023:18:58:09 +0200] "GET /renault.activities.at/htdocs/export/pdf/emuc_document/11168165.pdf HTTP/1.0" 404 321 "http://212.69.160.11:443/renault.activities.at/htdocs/export/pdf/emuc_document/" "Mozilla/5.0 (Linux; Android 5.0) AppleWebKit/537.36 (KHTML, like Gecko) Mobile Safari/537.36 (compatible; Bytespider; spider-feedback@bytedance.com)"
156.59.198.136 - - [27/Sep/2023:18:58:34 +0200] "GET /renault.activities.at/htdocs/export/pdf/emuc_document/11293658.pdf HTTP/1.0" 404 322 "http://212.69.160.11:443/renault.activities.at/htdocs/export/pdf/emuc_document/" "Mozilla/5.0 (Linux; Android 5.0) AppleWebKit/537.36 (KHTML, like Gecko) Mobile Safari/537.36 (compatible; Bytespider; spider-feedback@bytedance.com)"
156.59.198.135 - - [27/Sep/2023:18:58:59 +0200] "GET /renault.activities.at/htdocs/export/pdf/emuc_document/11646726.pdf HTTP/1.0" 404 322 "http://212.69.160.11:443/renault.activities.at/htdocs/export/pdf/emuc_document/" "Mozilla/5.0 (Linux; Android 5.0) AppleWebKit/537.36 (KHTML, like Gecko) Mobile Safari/537.36 (compatible; Bytespider; spider-feedback@bytedance.com)"
156.59.198.136 - - [27/Sep/2023:18:59:24 +0200] "GET /renault.activities.at/htdocs/export/pdf/emuc_document/10916022.pdf HTTP/1.0" 404 321 "http://212.69.160.11:443/renault.activities.at/htdocs/export/pdf/emuc_document/" "Mozilla/5.0 (Linux; Android 5.0) AppleWebKit/537.36 (KHTML, like Gecko) Mobile Safari/537.36 (compatible; Bytespider; spider-feedback@bytedance.com)"
45.88.90.113 - - [27/Sep/2023:18:59:38 +0200] "POST /boaform/admin/formLogin HTTP/1.1" 404 293 "http://212.69.160.11:80/admin/login.asp" "Mozilla/5.0 (X11; Ubuntu; Linux x86_64; rv:71.0) Gecko/20100101 Firefox/71.0"
