91.141.70.191 - - [27/Sep/2023:14:48:41 +0200] "GET /gui/javascript/form_form.js?1695818921 HTTP/1.1" 200 16206 "http://hausegger.activities.at/entry.php?id=10830&&object=10328794&account=&mode=documentdebitor" "Mozilla/5.0 (Windows NT 10.0; Win64; x64; rv:109.0) Gecko/20100101 Firefox/117.0"
91.141.70.191 - - [27/Sep/2023:14:48:41 +0200] "GET /entry.php?id=10889&document_id=10328794& HTTP/1.1" 200 1509 "http://hausegger.activities.at/entry.php?id=10828" "Mozilla/5.0 (Windows NT 10.0; Win64; x64; rv:109.0) Gecko/20100101 Firefox/117.0"
91.141.70.191 - - [27/Sep/2023:14:48:42 +0200] "POST /entry.php?id=10889 HTTP/1.1" 200 1582 "http://hausegger.activities.at/entry.php?id=10889&document_id=10328794&" "Mozilla/5.0 (Windows NT 10.0; Win64; x64; rv:109.0) Gecko/20100101 Firefox/117.0"
91.141.70.191 - - [27/Sep/2023:14:48:42 +0200] "GET /gui/javascript/form_form.js?1695818922 HTTP/1.1" 200 16206 "http://hausegger.activities.at/entry.php?id=10889" "Mozilla/5.0 (Windows NT 10.0; Win64; x64; rv:109.0) Gecko/20100101 Firefox/117.0"
91.141.70.191 - - [27/Sep/2023:14:48:43 +0200] "GET /entry.php?id=10877&mode=loadSearchArticle&obj=article_1&tag=debit&refobject=10328794&value=1&ser=1695814734136 HTTP/1.1" 200 33271 "http://hausegger.activities.at/entry.php?id=10830&&object=10328794&account=&mode=documentdebitor" "Mozilla/5.0 (Windows NT 10.0; Win64; x64; rv:109.0) Gecko/20100101 Firefox/117.0"
91.141.70.191 - - [27/Sep/2023:14:48:44 +0200] "GET /entry.php?id=10877&mode=loadSearchArticle&obj=article_1&tag=debit&refobject=10328794&value=17&ser=1695814734424 HTTP/1.1" 200 1625 "http://hausegger.activities.at/entry.php?id=10830&&object=10328794&account=&mode=documentdebitor" "Mozilla/5.0 (Windows NT 10.0; Win64; x64; rv:109.0) Gecko/20100101 Firefox/117.0"
91.141.70.191 - - [27/Sep/2023:14:48:44 +0200] "GET /entry.php?id=10877&mode=loadSearchArticle&obj=article_1&tag=debit&refobject=10328794&value=171&ser=1695814734679 HTTP/1.1" 200 742 "http://hausegger.activities.at/entry.php?id=10830&&object=10328794&account=&mode=documentdebitor" "Mozilla/5.0 (Windows NT 10.0; Win64; x64; rv:109.0) Gecko/20100101 Firefox/117.0"
91.141.70.191 - - [27/Sep/2023:14:48:44 +0200] "GET /entry.php?id=10877&mode=loadSearchArticle&obj=article_1&tag=debit&refobject=10328794&value=1716&ser=1695814734936 HTTP/1.1" 200 280 "http://hausegger.activities.at/entry.php?id=10830&&object=10328794&account=&mode=documentdebitor" "Mozilla/5.0 (Windows NT 10.0; Win64; x64; rv:109.0) Gecko/20100101 Firefox/117.0"
91.141.70.191 - - [27/Sep/2023:14:48:44 +0200] "GET /entry.php?id=10877&mode=loadSearchArticle&obj=article_1&tag=debit&refobject=10328794&value=17163&ser=1695814735223 HTTP/1.1" 200 266 "http://hausegger.activities.at/entry.php?id=10830&&object=10328794&account=&mode=documentdebitor" "Mozilla/5.0 (Windows NT 10.0; Win64; x64; rv:109.0) Gecko/20100101 Firefox/117.0"
91.141.70.191 - - [27/Sep/2023:14:48:45 +0200] "GET /entry.php?id=10877&mode=loadSearchArticle&obj=article_1&tag=debit&refobject=10328794&value=171636&ser=1695814735712 HTTP/1.1" 200 266 "http://hausegger.activities.at/entry.php?id=10830&&object=10328794&account=&mode=documentdebitor" "Mozilla/5.0 (Windows NT 10.0; Win64; x64; rv:109.0) Gecko/20100101 Firefox/117.0"
91.141.70.191 - - [27/Sep/2023:14:48:45 +0200] "GET /entry.php?id=10877&mode=loadSearchArticle&obj=article_1&tag=debit&refobject=10328794&value=1716369&ser=1695814736336 HTTP/1.1" 200 266 "http://hausegger.activities.at/entry.php?id=10830&&object=10328794&account=&mode=documentdebitor" "Mozilla/5.0 (Windows NT 10.0; Win64; x64; rv:109.0) Gecko/20100101 Firefox/117.0"
91.141.70.191 - - [27/Sep/2023:14:48:46 +0200] "GET /entry.php?id=10877&mode=loadSearchArticle&obj=article_1&tag=debit&refobject=10328794&value=17163696&ser=1695814736560 HTTP/1.1" 200 266 "http://hausegger.activities.at/entry.php?id=10830&&object=10328794&account=&mode=documentdebitor" "Mozilla/5.0 (Windows NT 10.0; Win64; x64; rv:109.0) Gecko/20100101 Firefox/117.0"
156.59.198.136 - - [27/Sep/2023:14:48:46 +0200] "GET /renault.activities.at/htdocs/export/pdf/emuc_document/10744973.pdf HTTP/1.0" 404 323 "http://212.69.160.11:443/renault.activities.at/htdocs/export/pdf/emuc_document/" "Mozilla/5.0 (Linux; Android 5.0) AppleWebKit/537.36 (KHTML, like Gecko) Mobile Safari/537.36 (compatible; Bytespider; spider-feedback@bytedance.com)"
91.141.70.191 - - [27/Sep/2023:14:48:46 +0200] "GET /entry.php?id=10271&&ser=818865 HTTP/1.1" 200 987 "http://hausegger.activities.at/entry.php?id=10271&&ser=818804" "Mozilla/5.0 (Windows NT 10.0; Win64; x64) AppleWebKit/537.36 (KHTML, like Gecko) Chrome/117.0.0.0 Safari/537.36"
91.141.70.191 - - [27/Sep/2023:14:48:46 +0200] "GET /gui/javascript/form_form.js?1695818926 HTTP/1.1" 200 16206 "http://hausegger.activities.at/entry.php?id=10271&&ser=818865" "Mozilla/5.0 (Windows NT 10.0; Win64; x64) AppleWebKit/537.36 (KHTML, like Gecko) Chrome/117.0.0.0 Safari/537.36"
91.141.70.191 - - [27/Sep/2023:14:48:47 +0200] "POST /entry.php?id=10889 HTTP/1.1" 200 1913 "http://hausegger.activities.at/entry.php?id=10889" "Mozilla/5.0 (Windows NT 10.0; Win64; x64; rv:109.0) Gecko/20100101 Firefox/117.0"
91.141.70.191 - - [27/Sep/2023:14:48:47 +0200] "GET /gui/javascript/form_form.js?1695818927 HTTP/1.1" 200 16206 "http://hausegger.activities.at/entry.php?id=10889" "Mozilla/5.0 (Windows NT 10.0; Win64; x64; rv:109.0) Gecko/20100101 Firefox/117.0"
91.141.70.191 - - [27/Sep/2023:14:48:47 +0200] "POST /entry.php?id=10889 HTTP/1.1" 200 1680 "http://hausegger.activities.at/entry.php?id=10889" "Mozilla/5.0 (Windows NT 10.0; Win64; x64; rv:109.0) Gecko/20100101 Firefox/117.0"
91.141.70.191 - - [27/Sep/2023:14:48:48 +0200] "GET /gui/javascript/form_form.js?1695818928 HTTP/1.1" 200 16206 "http://hausegger.activities.at/entry.php?id=10889" "Mozilla/5.0 (Windows NT 10.0; Win64; x64; rv:109.0) Gecko/20100101 Firefox/117.0"
91.141.70.191 - - [27/Sep/2023:14:48:52 +0200] "POST /entry.php?id=10889 HTTP/1.1" 200 1836 "http://hausegger.activities.at/entry.php?id=10889" "Mozilla/5.0 (Windows NT 10.0; Win64; x64; rv:109.0) Gecko/20100101 Firefox/117.0"
91.141.70.191 - - [27/Sep/2023:14:48:52 +0200] "GET /gui/javascript/form_form.js?1695818932 HTTP/1.1" 200 16206 "http://hausegger.activities.at/entry.php?id=10889" "Mozilla/5.0 (Windows NT 10.0; Win64; x64; rv:109.0) Gecko/20100101 Firefox/117.0"
91.141.70.191 - - [27/Sep/2023:14:48:54 +0200] "GET /entry.php?id=11270&document=10328794 HTTP/1.1" 200 1975 "http://hausegger.activities.at/entry.php?id=10828" "Mozilla/5.0 (Windows NT 10.0; Win64; x64; rv:109.0) Gecko/20100101 Firefox/117.0"
91.141.70.191 - - [27/Sep/2023:14:48:54 +0200] "GET /gui/javascript/form_bu_document.js?1695818934 HTTP/1.1" 200 2675 "http://hausegger.activities.at/entry.php?id=11270&document=10328794" "Mozilla/5.0 (Windows NT 10.0; Win64; x64; rv:109.0) Gecko/20100101 Firefox/117.0"
91.141.70.191 - - [27/Sep/2023:14:48:54 +0200] "GET /gui/javascript/form_form.js?1695818934 HTTP/1.1" 200 16206 "http://hausegger.activities.at/entry.php?id=11270&document=10328794" "Mozilla/5.0 (Windows NT 10.0; Win64; x64; rv:109.0) Gecko/20100101 Firefox/117.0"
91.141.70.191 - - [27/Sep/2023:14:48:54 +0200] "GET /entry.php?id=10877&mode=observePrint HTTP/1.1" 200 55 "http://hausegger.activities.at/entry.php?id=11270&document=10328794" "Mozilla/5.0 (Windows NT 10.0; Win64; x64; rv:109.0) Gecko/20100101 Firefox/117.0"
91.141.70.191 - - [27/Sep/2023:14:48:54 +0200] "GET /entry.php?id=11241&images=false&document=10328794 HTTP/1.1" 200 2253 "http://hausegger.activities.at/entry.php?id=11270&document=10328794" "Mozilla/5.0 (Windows NT 10.0; Win64; x64; rv:109.0) Gecko/20100101 Firefox/117.0"
91.141.70.191 - - [27/Sep/2023:14:48:55 +0200] "GET /entry.php?id=10271&&ser=818875 HTTP/1.1" 200 987 "http://hausegger.activities.at/entry.php?id=10271&&ser=818814" "Mozilla/5.0 (Windows NT 10.0; Win64; x64; rv:109.0) Gecko/20100101 Firefox/117.0"
91.141.70.191 - - [27/Sep/2023:14:48:55 +0200] "GET /gui/javascript/form_form.js?1695818935 HTTP/1.1" 200 16206 "http://hausegger.activities.at/entry.php?id=10271&&ser=818875" "Mozilla/5.0 (Windows NT 10.0; Win64; x64; rv:109.0) Gecko/20100101 Firefox/117.0"
156.59.198.136 - - [27/Sep/2023:14:49:10 +0200] "GET /renault.activities.at/htdocs/export/pdf/emuc_document/11531823.pdf HTTP/1.0" 404 322 "http://212.69.160.11:443/renault.activities.at/htdocs/export/pdf/emuc_document/" "Mozilla/5.0 (Linux; Android 5.0) AppleWebKit/537.36 (KHTML, like Gecko) Mobile Safari/537.36 (compatible; Bytespider; spider-feedback@bytedance.com)"
156.59.198.135 - - [27/Sep/2023:14:49:35 +0200] "GET /renault.activities.at/htdocs/export/pdf/emuc_document/11213686.pdf HTTP/1.0" 404 322 "http://212.69.160.11:443/renault.activities.at/htdocs/export/pdf/emuc_document/" "Mozilla/5.0 (Linux; Android 5.0) AppleWebKit/537.36 (KHTML, like Gecko) Mobile Safari/537.36 (compatible; Bytespider; spider-feedback@bytedance.com)"
91.141.70.191 - - [27/Sep/2023:14:49:47 +0200] "GET /entry.php?id=10271&&ser=818926 HTTP/1.1" 200 987 "http://hausegger.activities.at/entry.php?id=10271&&ser=818865" "Mozilla/5.0 (Windows NT 10.0; Win64; x64) AppleWebKit/537.36 (KHTML, like Gecko) Chrome/117.0.0.0 Safari/537.36"
91.141.70.191 - - [27/Sep/2023:14:49:47 +0200] "GET /gui/javascript/form_form.js?1695818987 HTTP/1.1" 200 16206 "http://hausegger.activities.at/entry.php?id=10271&&ser=818926" "Mozilla/5.0 (Windows NT 10.0; Win64; x64) AppleWebKit/537.36 (KHTML, like Gecko) Chrome/117.0.0.0 Safari/537.36"
91.141.70.191 - - [27/Sep/2023:14:49:50 +0200] "POST /entry.php?id=10828 HTTP/1.1" 200 4779 "http://hausegger.activities.at/entry.php?id=10828" "Mozilla/5.0 (Windows NT 10.0; Win64; x64; rv:109.0) Gecko/20100101 Firefox/117.0"
91.141.70.191 - - [27/Sep/2023:14:49:50 +0200] "GET /gui/javascript/form_form.js?1695818990 HTTP/1.1" 200 16206 "http://hausegger.activities.at/entry.php?id=10828" "Mozilla/5.0 (Windows NT 10.0; Win64; x64; rv:109.0) Gecko/20100101 Firefox/117.0"
91.141.70.191 - - [27/Sep/2023:14:49:50 +0200] "GET /entry.php?id=10830&&object=10328794&account=&mode=documentdebitor HTTP/1.1" 200 3984 "http://hausegger.activities.at/entry.php?id=10828" "Mozilla/5.0 (Windows NT 10.0; Win64; x64; rv:109.0) Gecko/20100101 Firefox/117.0"
91.141.70.191 - - [27/Sep/2023:14:49:50 +0200] "GET /entry.php?id=10889&document_id=10328794& HTTP/1.1" 200 1509 "http://hausegger.activities.at/entry.php?id=10828" "Mozilla/5.0 (Windows NT 10.0; Win64; x64; rv:109.0) Gecko/20100101 Firefox/117.0"
91.141.70.191 - - [27/Sep/2023:14:49:51 +0200] "GET /gui/javascript/form_form.js?1695818991 HTTP/1.1" 200 16206 "http://hausegger.activities.at/entry.php?id=10830&&object=10328794&account=&mode=documentdebitor" "Mozilla/5.0 (Windows NT 10.0; Win64; x64; rv:109.0) Gecko/20100101 Firefox/117.0"
91.141.70.191 - - [27/Sep/2023:14:49:51 +0200] "GET /gui/javascript/form_form.js?1695818991 HTTP/1.1" 200 16206 "http://hausegger.activities.at/entry.php?id=10889&document_id=10328794&" "Mozilla/5.0 (Windows NT 10.0; Win64; x64; rv:109.0) Gecko/20100101 Firefox/117.0"
91.141.70.191 - - [27/Sep/2023:14:49:52 +0200] "GET /entry.php?id=11237&type=10665 HTTP/1.1" 200 276 "http://hausegger.activities.at/entry.php?id=10828" "Mozilla/5.0 (Windows NT 10.0; Win64; x64; rv:109.0) Gecko/20100101 Firefox/117.0"
91.141.70.191 - - [27/Sep/2023:14:49:52 +0200] "GET /entry.php?id=10676&&title=Belegsuche HTTP/1.1" 200 1392 "http://hausegger.activities.at/entry.php?id=11237&type=10665" "Mozilla/5.0 (Windows NT 10.0; Win64; x64; rv:109.0) Gecko/20100101 Firefox/117.0"
91.141.70.191 - - [27/Sep/2023:14:49:52 +0200] "GET /gui/javascript/form_form.js?1695818992 HTTP/1.1" 200 16206 "http://hausegger.activities.at/entry.php?id=10676&&title=Belegsuche" "Mozilla/5.0 (Windows NT 10.0; Win64; x64; rv:109.0) Gecko/20100101 Firefox/117.0"
91.141.70.191 - - [27/Sep/2023:14:49:52 +0200] "GET /entry.php?id=11239&mode=document&form=10665& HTTP/1.1" 200 2019 "http://hausegger.activities.at/entry.php?id=11237&type=10665" "Mozilla/5.0 (Windows NT 10.0; Win64; x64; rv:109.0) Gecko/20100101 Firefox/117.0"
91.141.70.191 - - [27/Sep/2023:14:49:52 +0200] "GET /gui/javascript/form_bu_document_workflow.js?1695818992 HTTP/1.1" 200 4900 "http://hausegger.activities.at/entry.php?id=11239&mode=document&form=10665&" "Mozilla/5.0 (Windows NT 10.0; Win64; x64; rv:109.0) Gecko/20100101 Firefox/117.0"
91.141.70.191 - - [27/Sep/2023:14:49:52 +0200] "GET /entry.php?id=11238&mode=document&form=10665& HTTP/1.1" 200 3304 "http://hausegger.activities.at/entry.php?id=11237&type=10665" "Mozilla/5.0 (Windows NT 10.0; Win64; x64; rv:109.0) Gecko/20100101 Firefox/117.0"
91.141.70.191 - - [27/Sep/2023:14:49:53 +0200] "GET /gui/javascript/form_bu_document_workflow.js?1695818993 HTTP/1.1" 200 4900 "http://hausegger.activities.at/entry.php?id=11238&mode=document&form=10665&" "Mozilla/5.0 (Windows NT 10.0; Win64; x64; rv:109.0) Gecko/20100101 Firefox/117.0"
91.141.70.191 - - [27/Sep/2023:14:49:53 +0200] "GET /gui/javascript/form_form.js?1695818993 HTTP/1.1" 200 16206 "http://hausegger.activities.at/entry.php?id=11238&mode=document&form=10665&" "Mozilla/5.0 (Windows NT 10.0; Win64; x64; rv:109.0) Gecko/20100101 Firefox/117.0"
91.141.70.191 - - [27/Sep/2023:14:49:52 +0200] "GET /entry.php?id=11240&mode=document&form=10665& HTTP/1.1" 200 2673 "http://hausegger.activities.at/entry.php?id=11237&type=10665" "Mozilla/5.0 (Windows NT 10.0; Win64; x64; rv:109.0) Gecko/20100101 Firefox/117.0"
91.141.70.191 - - [27/Sep/2023:14:49:53 +0200] "GET /entry.php?id=10778&form=11066&name=list& HTTP/1.1" 200 2586 "http://hausegger.activities.at/entry.php?id=11240&mode=document&form=10665&" "Mozilla/5.0 (Windows NT 10.0; Win64; x64; rv:109.0) Gecko/20100101 Firefox/117.0"
91.141.70.191 - - [27/Sep/2023:14:49:53 +0200] "GET /entry.php?id=10776&form=11066&name=list& HTTP/1.1" 200 1513 "http://hausegger.activities.at/entry.php?id=11240&mode=document&form=10665&" "Mozilla/5.0 (Windows NT 10.0; Win64; x64; rv:109.0) Gecko/20100101 Firefox/117.0"
91.141.70.191 - - [27/Sep/2023:14:49:53 +0200] "POST /entry.php?id=11240 HTTP/1.1" 200 2674 "http://hausegger.activities.at/entry.php?id=11240&mode=document&form=10665&" "Mozilla/5.0 (Windows NT 10.0; Win64; x64; rv:109.0) Gecko/20100101 Firefox/117.0"
91.141.70.191 - - [27/Sep/2023:14:49:53 +0200] "GET /entry.php?id=10776&form=11066&name=list& HTTP/1.1" 200 1513 "http://hausegger.activities.at/entry.php?id=11240" "Mozilla/5.0 (Windows NT 10.0; Win64; x64; rv:109.0) Gecko/20100101 Firefox/117.0"
91.141.70.191 - - [27/Sep/2023:14:49:53 +0200] "GET /entry.php?id=10778&form=11066&name=list& HTTP/1.1" 200 3013 "http://hausegger.activities.at/entry.php?id=11240" "Mozilla/5.0 (Windows NT 10.0; Win64; x64; rv:109.0) Gecko/20100101 Firefox/117.0"
91.141.70.191 - - [27/Sep/2023:14:49:55 +0200] "GET /entry.php?id=10271&&ser=818935 HTTP/1.1" 200 987 "http://hausegger.activities.at/entry.php?id=10271&&ser=818875" "Mozilla/5.0 (Windows NT 10.0; Win64; x64; rv:109.0) Gecko/20100101 Firefox/117.0"
91.141.70.191 - - [27/Sep/2023:14:49:56 +0200] "GET /gui/javascript/form_form.js?1695818995 HTTP/1.1" 200 16206 "http://hausegger.activities.at/entry.php?id=10271&&ser=818935" "Mozilla/5.0 (Windows NT 10.0; Win64; x64; rv:109.0) Gecko/20100101 Firefox/117.0"
91.141.70.191 - - [27/Sep/2023:14:49:57 +0200] "POST /entry.php?id=10828 HTTP/1.1" 200 8701 "http://hausegger.activities.at/entry.php?id=10828" "Mozilla/5.0 (Windows NT 10.0; Win64; x64; rv:109.0) Gecko/20100101 Firefox/117.0"
91.141.70.191 - - [27/Sep/2023:14:49:57 +0200] "GET /gui/javascript/form_form.js?1695818997 HTTP/1.1" 200 16206 "http://hausegger.activities.at/entry.php?id=10828" "Mozilla/5.0 (Windows NT 10.0; Win64; x64; rv:109.0) Gecko/20100101 Firefox/117.0"
91.141.70.191 - - [27/Sep/2023:14:49:57 +0200] "GET /entry.php?id=10889&document_id=10328756& HTTP/1.1" 200 1510 "http://hausegger.activities.at/entry.php?id=10828" "Mozilla/5.0 (Windows NT 10.0; Win64; x64; rv:109.0) Gecko/20100101 Firefox/117.0"
91.141.70.191 - - [27/Sep/2023:14:49:59 +0200] "POST /entry.php?id=10828 HTTP/1.1" 200 4787 "http://hausegger.activities.at/entry.php?id=10828" "Mozilla/5.0 (Windows NT 10.0; Win64; x64; rv:109.0) Gecko/20100101 Firefox/117.0"
91.141.70.191 - - [27/Sep/2023:14:49:59 +0200] "GET /gui/javascript/form_form.js?1695818999 HTTP/1.1" 200 16206 "http://hausegger.activities.at/entry.php?id=10828" "Mozilla/5.0 (Windows NT 10.0; Win64; x64; rv:109.0) Gecko/20100101 Firefox/117.0"
91.141.70.191 - - [27/Sep/2023:14:49:59 +0200] "GET /entry.php?id=10830&&object=10328756&account=&mode=documentdebitor HTTP/1.1" 200 4495 "http://hausegger.activities.at/entry.php?id=10828" "Mozilla/5.0 (Windows NT 10.0; Win64; x64; rv:109.0) Gecko/20100101 Firefox/117.0"
91.141.70.191 - - [27/Sep/2023:14:49:59 +0200] "GET /entry.php?id=10889&document_id=10328756& HTTP/1.1" 200 1510 "http://hausegger.activities.at/entry.php?id=10828" "Mozilla/5.0 (Windows NT 10.0; Win64; x64; rv:109.0) Gecko/20100101 Firefox/117.0"
156.59.198.135 - - [27/Sep/2023:14:50:01 +0200] "GET /renault.activities.at/htdocs/export/pdf/emuc_document/11076697.pdf HTTP/1.0" 404 322 "http://212.69.160.11:443/renault.activities.at/htdocs/export/pdf/emuc_document/" "Mozilla/5.0 (Linux; Android 5.0) AppleWebKit/537.36 (KHTML, like Gecko) Mobile Safari/537.36 (compatible; Bytespider; spider-feedback@bytedance.com)"
91.141.70.191 - - [27/Sep/2023:14:50:01 +0200] "POST /entry.php?id=10889 HTTP/1.1" 200 1763 "http://hausegger.activities.at/entry.php?id=10889&document_id=10328756&" "Mozilla/5.0 (Windows NT 10.0; Win64; x64; rv:109.0) Gecko/20100101 Firefox/117.0"
91.141.70.191 - - [27/Sep/2023:14:50:02 +0200] "GET /gui/javascript/form_form.js?1695819002 HTTP/1.1" 200 16206 "http://hausegger.activities.at/entry.php?id=10889" "Mozilla/5.0 (Windows NT 10.0; Win64; x64; rv:109.0) Gecko/20100101 Firefox/117.0"
156.59.198.135 - - [27/Sep/2023:14:50:25 +0200] "GET /renault.activities.at/htdocs/export/pdf/emuc_document/10459005.pdf HTTP/1.0" 404 322 "http://212.69.160.11:443/renault.activities.at/htdocs/export/pdf/emuc_document/" "Mozilla/5.0 (Linux; Android 5.0) AppleWebKit/537.36 (KHTML, like Gecko) Mobile Safari/537.36 (compatible; Bytespider; spider-feedback@bytedance.com)"
91.141.70.191 - - [27/Sep/2023:14:50:48 +0200] "GET /entry.php?id=10271&&ser=818987 HTTP/1.1" 200 986 "http://hausegger.activities.at/entry.php?id=10271&&ser=818926" "Mozilla/5.0 (Windows NT 10.0; Win64; x64) AppleWebKit/537.36 (KHTML, like Gecko) Chrome/117.0.0.0 Safari/537.36"
91.141.70.191 - - [27/Sep/2023:14:50:48 +0200] "GET /gui/javascript/form_form.js?1695819048 HTTP/1.1" 200 16206 "http://hausegger.activities.at/entry.php?id=10271&&ser=818987" "Mozilla/5.0 (Windows NT 10.0; Win64; x64) AppleWebKit/537.36 (KHTML, like Gecko) Chrome/117.0.0.0 Safari/537.36"
156.59.198.136 - - [27/Sep/2023:14:50:50 +0200] "GET /renault.activities.at/htdocs/export/pdf/emuc_document/10608262.pdf HTTP/1.0" 404 322 "http://212.69.160.11:443/renault.activities.at/htdocs/export/pdf/emuc_document/" "Mozilla/5.0 (Linux; Android 5.0) AppleWebKit/537.36 (KHTML, like Gecko) Mobile Safari/537.36 (compatible; Bytespider; spider-feedback@bytedance.com)"
91.141.70.191 - - [27/Sep/2023:14:50:56 +0200] "GET /entry.php?id=10271&&ser=818995 HTTP/1.1" 200 986 "http://hausegger.activities.at/entry.php?id=10271&&ser=818935" "Mozilla/5.0 (Windows NT 10.0; Win64; x64; rv:109.0) Gecko/20100101 Firefox/117.0"
91.141.70.191 - - [27/Sep/2023:14:50:56 +0200] "GET /gui/javascript/form_form.js?1695819056 HTTP/1.1" 200 16206 "http://hausegger.activities.at/entry.php?id=10271&&ser=818995" "Mozilla/5.0 (Windows NT 10.0; Win64; x64; rv:109.0) Gecko/20100101 Firefox/117.0"
156.59.198.135 - - [27/Sep/2023:14:51:14 +0200] "GET /renault.activities.at/htdocs/export/pdf/emuc_document/11890597.pdf HTTP/1.0" 404 322 "http://212.69.160.11:443/renault.activities.at/htdocs/export/pdf/emuc_document/" "Mozilla/5.0 (Linux; Android 5.0) AppleWebKit/537.36 (KHTML, like Gecko) Mobile Safari/537.36 (compatible; Bytespider; spider-feedback@bytedance.com)"
156.59.198.135 - - [27/Sep/2023:14:51:39 +0200] "GET /renault.activities.at/htdocs/export/pdf/emuc_document/10770683.pdf HTTP/1.0" 404 323 "http://212.69.160.11:443/renault.activities.at/htdocs/export/pdf/emuc_document/" "Mozilla/5.0 (Linux; Android 5.0) AppleWebKit/537.36 (KHTML, like Gecko) Mobile Safari/537.36 (compatible; Bytespider; spider-feedback@bytedance.com)"
91.141.70.191 - - [27/Sep/2023:14:51:49 +0200] "GET /entry.php?id=10271&&ser=819048 HTTP/1.1" 200 986 "http://hausegger.activities.at/entry.php?id=10271&&ser=818987" "Mozilla/5.0 (Windows NT 10.0; Win64; x64) AppleWebKit/537.36 (KHTML, like Gecko) Chrome/117.0.0.0 Safari/537.36"
91.141.70.191 - - [27/Sep/2023:14:51:49 +0200] "GET /gui/javascript/form_form.js?1695819109 HTTP/1.1" 200 16206 "http://hausegger.activities.at/entry.php?id=10271&&ser=819048" "Mozilla/5.0 (Windows NT 10.0; Win64; x64) AppleWebKit/537.36 (KHTML, like Gecko) Chrome/117.0.0.0 Safari/537.36"
91.141.70.191 - - [27/Sep/2023:14:51:56 +0200] "GET /entry.php?id=10271&&ser=819056 HTTP/1.1" 200 986 "http://hausegger.activities.at/entry.php?id=10271&&ser=818995" "Mozilla/5.0 (Windows NT 10.0; Win64; x64; rv:109.0) Gecko/20100101 Firefox/117.0"
91.141.70.191 - - [27/Sep/2023:14:51:56 +0200] "GET /gui/javascript/form_form.js?1695819116 HTTP/1.1" 200 16206 "http://hausegger.activities.at/entry.php?id=10271&&ser=819056" "Mozilla/5.0 (Windows NT 10.0; Win64; x64; rv:109.0) Gecko/20100101 Firefox/117.0"
156.59.198.135 - - [27/Sep/2023:14:52:04 +0200] "GET /renault.activities.at/htdocs/export/pdf/emuc_document/10847517.pdf HTTP/1.0" 404 322 "http://212.69.160.11:443/renault.activities.at/htdocs/export/pdf/emuc_document/" "Mozilla/5.0 (Linux; Android 5.0) AppleWebKit/537.36 (KHTML, like Gecko) Mobile Safari/537.36 (compatible; Bytespider; spider-feedback@bytedance.com)"
156.59.198.136 - - [27/Sep/2023:14:52:28 +0200] "GET /renault.activities.at/htdocs/export/pdf/emuc_document/10659979.pdf HTTP/1.0" 404 322 "http://212.69.160.11:443/renault.activities.at/htdocs/export/pdf/emuc_document/" "Mozilla/5.0 (Linux; Android 5.0) AppleWebKit/537.36 (KHTML, like Gecko) Mobile Safari/537.36 (compatible; Bytespider; spider-feedback@bytedance.com)"
91.141.70.191 - - [27/Sep/2023:14:52:50 +0200] "GET /entry.php?id=10271&&ser=819109 HTTP/1.1" 200 986 "http://hausegger.activities.at/entry.php?id=10271&&ser=819048" "Mozilla/5.0 (Windows NT 10.0; Win64; x64) AppleWebKit/537.36 (KHTML, like Gecko) Chrome/117.0.0.0 Safari/537.36"
91.141.70.191 - - [27/Sep/2023:14:52:50 +0200] "GET /gui/javascript/form_form.js?1695819170 HTTP/1.1" 200 16206 "http://hausegger.activities.at/entry.php?id=10271&&ser=819109" "Mozilla/5.0 (Windows NT 10.0; Win64; x64) AppleWebKit/537.36 (KHTML, like Gecko) Chrome/117.0.0.0 Safari/537.36"
156.59.198.135 - - [27/Sep/2023:14:52:53 +0200] "GET /renault.activities.at/htdocs/export/pdf/emuc_document/11581903.pdf HTTP/1.0" 404 322 "http://212.69.160.11:443/renault.activities.at/htdocs/export/pdf/emuc_document/" "Mozilla/5.0 (Linux; Android 5.0) AppleWebKit/537.36 (KHTML, like Gecko) Mobile Safari/537.36 (compatible; Bytespider; spider-feedback@bytedance.com)"
91.141.70.191 - - [27/Sep/2023:14:52:56 +0200] "GET /entry.php?id=10271&&ser=819116 HTTP/1.1" 200 986 "http://hausegger.activities.at/entry.php?id=10271&&ser=819056" "Mozilla/5.0 (Windows NT 10.0; Win64; x64; rv:109.0) Gecko/20100101 Firefox/117.0"
91.141.70.191 - - [27/Sep/2023:14:52:56 +0200] "GET /gui/javascript/form_form.js?1695819176 HTTP/1.1" 200 16206 "http://hausegger.activities.at/entry.php?id=10271&&ser=819116" "Mozilla/5.0 (Windows NT 10.0; Win64; x64; rv:109.0) Gecko/20100101 Firefox/117.0"
156.59.198.135 - - [27/Sep/2023:14:53:17 +0200] "GET /renault.activities.at/htdocs/binaries/10331571.pdf HTTP/1.0" 404 312 "http://212.69.160.11:443/renault.activities.at/htdocs/binaries/" "Mozilla/5.0 (Linux; Android 5.0) AppleWebKit/537.36 (KHTML, like Gecko) Mobile Safari/537.36 (compatible; Bytespider; spider-feedback@bytedance.com)"
156.59.198.136 - - [27/Sep/2023:14:53:43 +0200] "GET /renault.activities.at/htdocs/export/pdf/emuc_document/11089732.pdf HTTP/1.0" 404 322 "http://212.69.160.11:443/renault.activities.at/htdocs/export/pdf/emuc_document/" "Mozilla/5.0 (Linux; Android 5.0) AppleWebKit/537.36 (KHTML, like Gecko) Mobile Safari/537.36 (compatible; Bytespider; spider-feedback@bytedance.com)"
91.141.70.191 - - [27/Sep/2023:14:53:51 +0200] "GET /entry.php?id=10271&&ser=819170 HTTP/1.1" 200 986 "http://hausegger.activities.at/entry.php?id=10271&&ser=819109" "Mozilla/5.0 (Windows NT 10.0; Win64; x64) AppleWebKit/537.36 (KHTML, like Gecko) Chrome/117.0.0.0 Safari/537.36"
91.141.70.191 - - [27/Sep/2023:14:53:51 +0200] "GET /gui/javascript/form_form.js?1695819231 HTTP/1.1" 200 16206 "http://hausegger.activities.at/entry.php?id=10271&&ser=819170" "Mozilla/5.0 (Windows NT 10.0; Win64; x64) AppleWebKit/537.36 (KHTML, like Gecko) Chrome/117.0.0.0 Safari/537.36"
91.141.70.191 - - [27/Sep/2023:14:54:01 +0200] "GET /entry.php?id=10271&&ser=819176 HTTP/1.1" 200 986 "http://hausegger.activities.at/entry.php?id=10271&&ser=819116" "Mozilla/5.0 (Windows NT 10.0; Win64; x64; rv:109.0) Gecko/20100101 Firefox/117.0"
91.141.70.191 - - [27/Sep/2023:14:54:01 +0200] "GET /gui/javascript/form_form.js?1695819241 HTTP/1.1" 200 16206 "http://hausegger.activities.at/entry.php?id=10271&&ser=819176" "Mozilla/5.0 (Windows NT 10.0; Win64; x64; rv:109.0) Gecko/20100101 Firefox/117.0"
156.59.198.136 - - [27/Sep/2023:14:54:08 +0200] "GET /renault.activities.at/htdocs/export/pdf/emuc_document/10635780.pdf HTTP/1.0" 404 323 "http://212.69.160.11:443/renault.activities.at/htdocs/export/pdf/emuc_document/" "Mozilla/5.0 (Linux; Android 5.0) AppleWebKit/537.36 (KHTML, like Gecko) Mobile Safari/537.36 (compatible; Bytespider; spider-feedback@bytedance.com)"
156.59.198.135 - - [27/Sep/2023:14:54:32 +0200] "GET /renault.activities.at/htdocs/export/pdf/emuc_document/11907304.pdf HTTP/1.0" 404 322 "http://212.69.160.11:443/renault.activities.at/htdocs/export/pdf/emuc_document/" "Mozilla/5.0 (Linux; Android 5.0) AppleWebKit/537.36 (KHTML, like Gecko) Mobile Safari/537.36 (compatible; Bytespider; spider-feedback@bytedance.com)"
91.141.70.191 - - [27/Sep/2023:14:54:52 +0200] "GET /entry.php?id=10271&&ser=819231 HTTP/1.1" 200 986 "http://hausegger.activities.at/entry.php?id=10271&&ser=819170" "Mozilla/5.0 (Windows NT 10.0; Win64; x64) AppleWebKit/537.36 (KHTML, like Gecko) Chrome/117.0.0.0 Safari/537.36"
91.141.70.191 - - [27/Sep/2023:14:54:52 +0200] "GET /gui/javascript/form_form.js?1695819292 HTTP/1.1" 200 16206 "http://hausegger.activities.at/entry.php?id=10271&&ser=819231" "Mozilla/5.0 (Windows NT 10.0; Win64; x64) AppleWebKit/537.36 (KHTML, like Gecko) Chrome/117.0.0.0 Safari/537.36"
156.59.198.135 - - [27/Sep/2023:14:54:57 +0200] "GET /renault.activities.at/htdocs/export/pdf/emuc_document/10635800.pdf HTTP/1.0" 404 322 "http://212.69.160.11:443/renault.activities.at/htdocs/export/pdf/emuc_document/" "Mozilla/5.0 (Linux; Android 5.0) AppleWebKit/537.36 (KHTML, like Gecko) Mobile Safari/537.36 (compatible; Bytespider; spider-feedback@bytedance.com)"
91.141.70.191 - - [27/Sep/2023:14:55:05 +0200] "GET /entry.php?id=10271&&ser=819241 HTTP/1.1" 200 986 "http://hausegger.activities.at/entry.php?id=10271&&ser=819176" "Mozilla/5.0 (Windows NT 10.0; Win64; x64; rv:109.0) Gecko/20100101 Firefox/117.0"
91.141.70.191 - - [27/Sep/2023:14:55:05 +0200] "GET /gui/javascript/form_form.js?1695819305 HTTP/1.1" 200 16206 "http://hausegger.activities.at/entry.php?id=10271&&ser=819241" "Mozilla/5.0 (Windows NT 10.0; Win64; x64; rv:109.0) Gecko/20100101 Firefox/117.0"
156.59.198.136 - - [27/Sep/2023:14:55:22 +0200] "GET /renault.activities.at/htdocs/export/pdf/emuc_document/11753881.pdf HTTP/1.0" 404 322 "http://212.69.160.11:443/renault.activities.at/htdocs/export/pdf/emuc_document/" "Mozilla/5.0 (Linux; Android 5.0) AppleWebKit/537.36 (KHTML, like Gecko) Mobile Safari/537.36 (compatible; Bytespider; spider-feedback@bytedance.com)"
156.59.198.136 - - [27/Sep/2023:14:55:48 +0200] "GET /renault.activities.at/htdocs/export/pdf/emuc_document/11449385.pdf HTTP/1.0" 404 322 "http://212.69.160.11:443/renault.activities.at/htdocs/export/pdf/emuc_document/" "Mozilla/5.0 (Linux; Android 5.0) AppleWebKit/537.36 (KHTML, like Gecko) Mobile Safari/537.36 (compatible; Bytespider; spider-feedback@bytedance.com)"
91.141.70.191 - - [27/Sep/2023:14:55:52 +0200] "GET /entry.php?id=10271&&ser=819292 HTTP/1.1" 200 986 "http://hausegger.activities.at/entry.php?id=10271&&ser=819231" "Mozilla/5.0 (Windows NT 10.0; Win64; x64) AppleWebKit/537.36 (KHTML, like Gecko) Chrome/117.0.0.0 Safari/537.36"
91.141.70.191 - - [27/Sep/2023:14:55:53 +0200] "GET /gui/javascript/form_form.js?1695819352 HTTP/1.1" 200 16206 "http://hausegger.activities.at/entry.php?id=10271&&ser=819292" "Mozilla/5.0 (Windows NT 10.0; Win64; x64) AppleWebKit/537.36 (KHTML, like Gecko) Chrome/117.0.0.0 Safari/537.36"
91.141.70.191 - - [27/Sep/2023:14:56:10 +0200] "GET /entry.php?id=10271&&ser=819305 HTTP/1.1" 200 986 "http://hausegger.activities.at/entry.php?id=10271&&ser=819241" "Mozilla/5.0 (Windows NT 10.0; Win64; x64; rv:109.0) Gecko/20100101 Firefox/117.0"
91.141.70.191 - - [27/Sep/2023:14:56:10 +0200] "GET /gui/javascript/form_form.js?1695819370 HTTP/1.1" 200 16206 "http://hausegger.activities.at/entry.php?id=10271&&ser=819305" "Mozilla/5.0 (Windows NT 10.0; Win64; x64; rv:109.0) Gecko/20100101 Firefox/117.0"
156.59.198.136 - - [27/Sep/2023:14:56:11 +0200] "GET /renault.activities.at/htdocs/export/pdf/emuc_document/11423054.pdf HTTP/1.0" 404 322 "http://212.69.160.11:443/renault.activities.at/htdocs/export/pdf/emuc_document/" "Mozilla/5.0 (Linux; Android 5.0) AppleWebKit/537.36 (KHTML, like Gecko) Mobile Safari/537.36 (compatible; Bytespider; spider-feedback@bytedance.com)"
91.141.70.191 - - [27/Sep/2023:14:56:24 +0200] "POST /entry.php?id=10715 HTTP/1.1" 200 2610 "http://hausegger.activities.at/entry.php?id=10715&" "Mozilla/5.0 (Windows NT 10.0; Win64; x64) AppleWebKit/537.36 (KHTML, like Gecko) Chrome/117.0.0.0 Safari/537.36"
91.141.70.191 - - [27/Sep/2023:14:56:25 +0200] "GET /gui/javascript/form_form.js?1695819385 HTTP/1.1" 200 16206 "http://hausegger.activities.at/entry.php?id=10715" "Mozilla/5.0 (Windows NT 10.0; Win64; x64) AppleWebKit/537.36 (KHTML, like Gecko) Chrome/117.0.0.0 Safari/537.36"
91.141.70.191 - - [27/Sep/2023:14:56:25 +0200] "GET /entry.php?id=10776&form=10560&name=list& HTTP/1.1" 200 2311 "http://hausegger.activities.at/entry.php?id=10715" "Mozilla/5.0 (Windows NT 10.0; Win64; x64) AppleWebKit/537.36 (KHTML, like Gecko) Chrome/117.0.0.0 Safari/537.36"
91.141.70.191 - - [27/Sep/2023:14:56:25 +0200] "GET /entry.php?id=10778&form=10560&name=list& HTTP/1.1" 200 3031 "http://hausegger.activities.at/entry.php?id=10715" "Mozilla/5.0 (Windows NT 10.0; Win64; x64) AppleWebKit/537.36 (KHTML, like Gecko) Chrome/117.0.0.0 Safari/537.36"
156.59.198.135 - - [27/Sep/2023:14:56:35 +0200] "GET /renault.activities.at/htdocs/export/pdf/emuc_document/10981106.pdf HTTP/1.0" 404 321 "http://212.69.160.11:443/renault.activities.at/htdocs/export/pdf/emuc_document/" "Mozilla/5.0 (Linux; Android 5.0) AppleWebKit/537.36 (KHTML, like Gecko) Mobile Safari/537.36 (compatible; Bytespider; spider-feedback@bytedance.com)"
91.141.70.191 - - [27/Sep/2023:14:56:53 +0200] "GET /entry.php?id=10271&&ser=819352 HTTP/1.1" 200 986 "http://hausegger.activities.at/entry.php?id=10271&&ser=819292" "Mozilla/5.0 (Windows NT 10.0; Win64; x64) AppleWebKit/537.36 (KHTML, like Gecko) Chrome/117.0.0.0 Safari/537.36"
91.141.70.191 - - [27/Sep/2023:14:56:53 +0200] "GET /gui/javascript/form_form.js?1695819413 HTTP/1.1" 200 16206 "http://hausegger.activities.at/entry.php?id=10271&&ser=819352" "Mozilla/5.0 (Windows NT 10.0; Win64; x64) AppleWebKit/537.36 (KHTML, like Gecko) Chrome/117.0.0.0 Safari/537.36"
156.59.198.136 - - [27/Sep/2023:14:57:01 +0200] "GET /renault.activities.at/htdocs/export/pdf/emuc_document/10309909.pdf HTTP/1.0" 404 322 "http://212.69.160.11:443/renault.activities.at/htdocs/export/pdf/emuc_document/" "Mozilla/5.0 (Linux; Android 5.0) AppleWebKit/537.36 (KHTML, like Gecko) Mobile Safari/537.36 (compatible; Bytespider; spider-feedback@bytedance.com)"
91.141.70.191 - - [27/Sep/2023:14:57:14 +0200] "GET /entry.php?id=10271&&ser=819370 HTTP/1.1" 200 986 "http://hausegger.activities.at/entry.php?id=10271&&ser=819305" "Mozilla/5.0 (Windows NT 10.0; Win64; x64; rv:109.0) Gecko/20100101 Firefox/117.0"
91.141.70.191 - - [27/Sep/2023:14:57:14 +0200] "GET /gui/javascript/form_form.js?1695819434 HTTP/1.1" 200 16206 "http://hausegger.activities.at/entry.php?id=10271&&ser=819370" "Mozilla/5.0 (Windows NT 10.0; Win64; x64; rv:109.0) Gecko/20100101 Firefox/117.0"
156.59.198.136 - - [27/Sep/2023:14:57:26 +0200] "GET /renault.activities.at/htdocs/export/pdf/emuc_document/11809963.pdf HTTP/1.0" 404 322 "http://212.69.160.11:443/renault.activities.at/htdocs/export/pdf/emuc_document/" "Mozilla/5.0 (Linux; Android 5.0) AppleWebKit/537.36 (KHTML, like Gecko) Mobile Safari/537.36 (compatible; Bytespider; spider-feedback@bytedance.com)"
91.141.70.191 - - [27/Sep/2023:14:57:47 +0200] "POST /entry.php?id=10715 HTTP/1.1" 200 2610 "http://hausegger.activities.at/entry.php?id=10715" "Mozilla/5.0 (Windows NT 10.0; Win64; x64) AppleWebKit/537.36 (KHTML, like Gecko) Chrome/117.0.0.0 Safari/537.36"
91.141.70.191 - - [27/Sep/2023:14:57:47 +0200] "GET /gui/javascript/form_form.js?1695819467 HTTP/1.1" 200 16206 "http://hausegger.activities.at/entry.php?id=10715" "Mozilla/5.0 (Windows NT 10.0; Win64; x64) AppleWebKit/537.36 (KHTML, like Gecko) Chrome/117.0.0.0 Safari/537.36"
91.141.70.191 - - [27/Sep/2023:14:57:48 +0200] "GET /entry.php?id=10778&form=10560&name=list& HTTP/1.1" 200 3025 "http://hausegger.activities.at/entry.php?id=10715" "Mozilla/5.0 (Windows NT 10.0; Win64; x64) AppleWebKit/537.36 (KHTML, like Gecko) Chrome/117.0.0.0 Safari/537.36"
91.141.70.191 - - [27/Sep/2023:14:57:48 +0200] "GET /entry.php?id=10776&form=10560&name=list& HTTP/1.1" 200 2311 "http://hausegger.activities.at/entry.php?id=10715" "Mozilla/5.0 (Windows NT 10.0; Win64; x64) AppleWebKit/537.36 (KHTML, like Gecko) Chrome/117.0.0.0 Safari/537.36"
156.59.198.135 - - [27/Sep/2023:14:57:51 +0200] "GET /renault.activities.at/htdocs/export/pdf/emuc_document/11320934.pdf HTTP/1.0" 404 322 "http://212.69.160.11:443/renault.activities.at/htdocs/export/pdf/emuc_document/" "Mozilla/5.0 (Linux; Android 5.0) AppleWebKit/537.36 (KHTML, like Gecko) Mobile Safari/537.36 (compatible; Bytespider; spider-feedback@bytedance.com)"
91.141.70.191 - - [27/Sep/2023:14:57:53 +0200] "GET /entry.php?id=10271&&ser=819413 HTTP/1.1" 200 986 "http://hausegger.activities.at/entry.php?id=10271&&ser=819352" "Mozilla/5.0 (Windows NT 10.0; Win64; x64) AppleWebKit/537.36 (KHTML, like Gecko) Chrome/117.0.0.0 Safari/537.36"
91.141.70.191 - - [27/Sep/2023:14:57:53 +0200] "GET /gui/javascript/form_form.js?1695819473 HTTP/1.1" 200 16206 "http://hausegger.activities.at/entry.php?id=10271&&ser=819413" "Mozilla/5.0 (Windows NT 10.0; Win64; x64) AppleWebKit/537.36 (KHTML, like Gecko) Chrome/117.0.0.0 Safari/537.36"
91.141.70.191 - - [27/Sep/2023:14:58:14 +0200] "GET /entry.php?id=10271&&ser=819434 HTTP/1.1" 200 986 "http://hausegger.activities.at/entry.php?id=10271&&ser=819370" "Mozilla/5.0 (Windows NT 10.0; Win64; x64; rv:109.0) Gecko/20100101 Firefox/117.0"
91.141.70.191 - - [27/Sep/2023:14:58:14 +0200] "GET /gui/javascript/form_form.js?1695819494 HTTP/1.1" 200 16206 "http://hausegger.activities.at/entry.php?id=10271&&ser=819434" "Mozilla/5.0 (Windows NT 10.0; Win64; x64; rv:109.0) Gecko/20100101 Firefox/117.0"
156.59.198.135 - - [27/Sep/2023:14:58:15 +0200] "GET /renault.activities.at/htdocs/export/pdf/emuc_document/10672931.pdf HTTP/1.0" 404 322 "http://212.69.160.11:443/renault.activities.at/htdocs/export/pdf/emuc_document/" "Mozilla/5.0 (Linux; Android 5.0) AppleWebKit/537.36 (KHTML, like Gecko) Mobile Safari/537.36 (compatible; Bytespider; spider-feedback@bytedance.com)"
91.141.70.191 - - [27/Sep/2023:14:58:18 +0200] "POST /entry.php?id=10715 HTTP/1.1" 200 2610 "http://hausegger.activities.at/entry.php?id=10715" "Mozilla/5.0 (Windows NT 10.0; Win64; x64) AppleWebKit/537.36 (KHTML, like Gecko) Chrome/117.0.0.0 Safari/537.36"
91.141.70.191 - - [27/Sep/2023:14:58:18 +0200] "GET /gui/javascript/form_form.js?1695819498 HTTP/1.1" 200 16206 "http://hausegger.activities.at/entry.php?id=10715" "Mozilla/5.0 (Windows NT 10.0; Win64; x64) AppleWebKit/537.36 (KHTML, like Gecko) Chrome/117.0.0.0 Safari/537.36"
91.141.70.191 - - [27/Sep/2023:14:58:18 +0200] "GET /entry.php?id=10776&form=10560&name=list& HTTP/1.1" 200 2312 "http://hausegger.activities.at/entry.php?id=10715" "Mozilla/5.0 (Windows NT 10.0; Win64; x64) AppleWebKit/537.36 (KHTML, like Gecko) Chrome/117.0.0.0 Safari/537.36"
91.141.70.191 - - [27/Sep/2023:14:58:19 +0200] "GET /entry.php?id=10778&form=10560&name=list& HTTP/1.1" 200 3018 "http://hausegger.activities.at/entry.php?id=10715" "Mozilla/5.0 (Windows NT 10.0; Win64; x64) AppleWebKit/537.36 (KHTML, like Gecko) Chrome/117.0.0.0 Safari/537.36"
156.59.198.136 - - [27/Sep/2023:14:58:40 +0200] "GET /renault.activities.at/htdocs/export/pdf/emuc_document/11170394.pdf HTTP/1.0" 404 322 "http://212.69.160.11:443/renault.activities.at/htdocs/export/pdf/emuc_document/" "Mozilla/5.0 (Linux; Android 5.0) AppleWebKit/537.36 (KHTML, like Gecko) Mobile Safari/537.36 (compatible; Bytespider; spider-feedback@bytedance.com)"
91.141.70.191 - - [27/Sep/2023:14:58:47 +0200] "POST /entry.php?id=10715 HTTP/1.1" 200 2610 "http://hausegger.activities.at/entry.php?id=10715" "Mozilla/5.0 (Windows NT 10.0; Win64; x64) AppleWebKit/537.36 (KHTML, like Gecko) Chrome/117.0.0.0 Safari/537.36"
91.141.70.191 - - [27/Sep/2023:14:58:48 +0200] "GET /gui/javascript/form_form.js?1695819528 HTTP/1.1" 200 16206 "http://hausegger.activities.at/entry.php?id=10715" "Mozilla/5.0 (Windows NT 10.0; Win64; x64) AppleWebKit/537.36 (KHTML, like Gecko) Chrome/117.0.0.0 Safari/537.36"
91.141.70.191 - - [27/Sep/2023:14:58:48 +0200] "GET /entry.php?id=10776&form=10560&name=list& HTTP/1.1" 200 2311 "http://hausegger.activities.at/entry.php?id=10715" "Mozilla/5.0 (Windows NT 10.0; Win64; x64) AppleWebKit/537.36 (KHTML, like Gecko) Chrome/117.0.0.0 Safari/537.36"
91.141.70.191 - - [27/Sep/2023:14:58:48 +0200] "GET /entry.php?id=10778&form=10560&name=list& HTTP/1.1" 200 3030 "http://hausegger.activities.at/entry.php?id=10715" "Mozilla/5.0 (Windows NT 10.0; Win64; x64) AppleWebKit/537.36 (KHTML, like Gecko) Chrome/117.0.0.0 Safari/537.36"
91.141.70.191 - - [27/Sep/2023:14:58:53 +0200] "GET /entry.php?id=10271&&ser=819473 HTTP/1.1" 200 987 "http://hausegger.activities.at/entry.php?id=10271&&ser=819413" "Mozilla/5.0 (Windows NT 10.0; Win64; x64) AppleWebKit/537.36 (KHTML, like Gecko) Chrome/117.0.0.0 Safari/537.36"
91.141.70.191 - - [27/Sep/2023:14:58:54 +0200] "GET /gui/javascript/form_form.js?1695819533 HTTP/1.1" 200 16206 "http://hausegger.activities.at/entry.php?id=10271&&ser=819473" "Mozilla/5.0 (Windows NT 10.0; Win64; x64) AppleWebKit/537.36 (KHTML, like Gecko) Chrome/117.0.0.0 Safari/537.36"
156.59.198.136 - - [27/Sep/2023:14:59:05 +0200] "GET /renault.activities.at/htdocs/export/pdf/emuc_document/11792489.pdf HTTP/1.0" 404 322 "http://212.69.160.11:443/renault.activities.at/htdocs/export/pdf/emuc_document/" "Mozilla/5.0 (Linux; Android 5.0) AppleWebKit/537.36 (KHTML, like Gecko) Mobile Safari/537.36 (compatible; Bytespider; spider-feedback@bytedance.com)"
91.141.70.191 - - [27/Sep/2023:14:59:15 +0200] "GET /entry.php?id=10271&&ser=819494 HTTP/1.1" 200 987 "http://hausegger.activities.at/entry.php?id=10271&&ser=819434" "Mozilla/5.0 (Windows NT 10.0; Win64; x64; rv:109.0) Gecko/20100101 Firefox/117.0"
91.141.70.191 - - [27/Sep/2023:14:59:15 +0200] "GET /gui/javascript/form_form.js?1695819555 HTTP/1.1" 200 16206 "http://hausegger.activities.at/entry.php?id=10271&&ser=819494" "Mozilla/5.0 (Windows NT 10.0; Win64; x64; rv:109.0) Gecko/20100101 Firefox/117.0"
156.59.198.136 - - [27/Sep/2023:14:59:29 +0200] "GET /renault.activities.at/htdocs/export/pdf/emuc_document/11214706.pdf HTTP/1.0" 404 322 "http://212.69.160.11:443/renault.activities.at/htdocs/export/pdf/emuc_document/" "Mozilla/5.0 (Linux; Android 5.0) AppleWebKit/537.36 (KHTML, like Gecko) Mobile Safari/537.36 (compatible; Bytespider; spider-feedback@bytedance.com)"
91.141.70.191 - - [27/Sep/2023:14:59:39 +0200] "POST /entry.php?id=10715 HTTP/1.1" 200 2610 "http://hausegger.activities.at/entry.php?id=10715" "Mozilla/5.0 (Windows NT 10.0; Win64; x64) AppleWebKit/537.36 (KHTML, like Gecko) Chrome/117.0.0.0 Safari/537.36"
91.141.70.191 - - [27/Sep/2023:14:59:39 +0200] "GET /gui/javascript/form_form.js?1695819579 HTTP/1.1" 200 16206 "http://hausegger.activities.at/entry.php?id=10715" "Mozilla/5.0 (Windows NT 10.0; Win64; x64) AppleWebKit/537.36 (KHTML, like Gecko) Chrome/117.0.0.0 Safari/537.36"
91.141.70.191 - - [27/Sep/2023:14:59:39 +0200] "GET /entry.php?id=10776&form=10560&name=list& HTTP/1.1" 200 2312 "http://hausegger.activities.at/entry.php?id=10715" "Mozilla/5.0 (Windows NT 10.0; Win64; x64) AppleWebKit/537.36 (KHTML, like Gecko) Chrome/117.0.0.0 Safari/537.36"
91.141.70.191 - - [27/Sep/2023:14:59:39 +0200] "GET /entry.php?id=10778&form=10560&name=list& HTTP/1.1" 200 3020 "http://hausegger.activities.at/entry.php?id=10715" "Mozilla/5.0 (Windows NT 10.0; Win64; x64) AppleWebKit/537.36 (KHTML, like Gecko) Chrome/117.0.0.0 Safari/537.36"
156.59.198.135 - - [27/Sep/2023:14:59:53 +0200] "GET /renault.activities.at/htdocs/export/pdf/emuc_document/10916017.pdf HTTP/1.0" 404 322 "http://212.69.160.11:443/renault.activities.at/htdocs/export/pdf/emuc_document/" "Mozilla/5.0 (Linux; Android 5.0) AppleWebKit/537.36 (KHTML, like Gecko) Mobile Safari/537.36 (compatible; Bytespider; spider-feedback@bytedance.com)"
91.141.70.191 - - [27/Sep/2023:14:59:54 +0200] "GET /entry.php?id=10271&&ser=819533 HTTP/1.1" 200 986 "http://hausegger.activities.at/entry.php?id=10271&&ser=819473" "Mozilla/5.0 (Windows NT 10.0; Win64; x64) AppleWebKit/537.36 (KHTML, like Gecko) Chrome/117.0.0.0 Safari/537.36"
91.141.70.191 - - [27/Sep/2023:14:59:54 +0200] "GET /gui/javascript/form_form.js?1695819594 HTTP/1.1" 200 16206 "http://hausegger.activities.at/entry.php?id=10271&&ser=819533" "Mozilla/5.0 (Windows NT 10.0; Win64; x64) AppleWebKit/537.36 (KHTML, like Gecko) Chrome/117.0.0.0 Safari/537.36"
91.141.70.191 - - [27/Sep/2023:15:00:11 +0200] "POST /entry.php?id=10715 HTTP/1.1" 200 2609 "http://hausegger.activities.at/entry.php?id=10715" "Mozilla/5.0 (Windows NT 10.0; Win64; x64) AppleWebKit/537.36 (KHTML, like Gecko) Chrome/117.0.0.0 Safari/537.36"
91.141.70.191 - - [27/Sep/2023:15:00:11 +0200] "GET /gui/javascript/form_form.js?1695819611 HTTP/1.1" 200 16206 "http://hausegger.activities.at/entry.php?id=10715" "Mozilla/5.0 (Windows NT 10.0; Win64; x64) AppleWebKit/537.36 (KHTML, like Gecko) Chrome/117.0.0.0 Safari/537.36"
91.141.70.191 - - [27/Sep/2023:15:00:11 +0200] "GET /entry.php?id=10776&form=10560&name=list& HTTP/1.1" 200 2312 "http://hausegger.activities.at/entry.php?id=10715" "Mozilla/5.0 (Windows NT 10.0; Win64; x64) AppleWebKit/537.36 (KHTML, like Gecko) Chrome/117.0.0.0 Safari/537.36"
91.141.70.191 - - [27/Sep/2023:15:00:11 +0200] "GET /entry.php?id=10778&form=10560&name=list& HTTP/1.1" 200 3022 "http://hausegger.activities.at/entry.php?id=10715" "Mozilla/5.0 (Windows NT 10.0; Win64; x64) AppleWebKit/537.36 (KHTML, like Gecko) Chrome/117.0.0.0 Safari/537.36"
91.141.70.191 - - [27/Sep/2023:15:00:15 +0200] "GET /entry.php?id=10271&&ser=819555 HTTP/1.1" 200 986 "http://hausegger.activities.at/entry.php?id=10271&&ser=819494" "Mozilla/5.0 (Windows NT 10.0; Win64; x64; rv:109.0) Gecko/20100101 Firefox/117.0"
91.141.70.191 - - [27/Sep/2023:15:00:15 +0200] "GET /gui/javascript/form_form.js?1695819615 HTTP/1.1" 200 16206 "http://hausegger.activities.at/entry.php?id=10271&&ser=819555" "Mozilla/5.0 (Windows NT 10.0; Win64; x64; rv:109.0) Gecko/20100101 Firefox/117.0"
156.59.198.135 - - [27/Sep/2023:15:00:18 +0200] "GET /renault.activities.at/htdocs/export/pdf/emuc_document/11043558.pdf HTTP/1.0" 404 322 "http://212.69.160.11:443/renault.activities.at/htdocs/export/pdf/emuc_document/" "Mozilla/5.0 (Linux; Android 5.0) AppleWebKit/537.36 (KHTML, like Gecko) Mobile Safari/537.36 (compatible; Bytespider; spider-feedback@bytedance.com)"
156.59.198.135 - - [27/Sep/2023:15:00:42 +0200] "GET /renault.activities.at/htdocs/export/pdf/emuc_document/11763104.pdf HTTP/1.0" 404 322 "http://212.69.160.11:443/renault.activities.at/htdocs/export/pdf/emuc_document/" "Mozilla/5.0 (Linux; Android 5.0) AppleWebKit/537.36 (KHTML, like Gecko) Mobile Safari/537.36 (compatible; Bytespider; spider-feedback@bytedance.com)"
91.141.70.191 - - [27/Sep/2023:15:00:54 +0200] "GET /entry.php?id=10271&&ser=819594 HTTP/1.1" 200 986 "http://hausegger.activities.at/entry.php?id=10271&&ser=819533" "Mozilla/5.0 (Windows NT 10.0; Win64; x64) AppleWebKit/537.36 (KHTML, like Gecko) Chrome/117.0.0.0 Safari/537.36"
91.141.70.191 - - [27/Sep/2023:15:00:54 +0200] "GET /gui/javascript/form_form.js?1695819654 HTTP/1.1" 200 16206 "http://hausegger.activities.at/entry.php?id=10271&&ser=819594" "Mozilla/5.0 (Windows NT 10.0; Win64; x64) AppleWebKit/537.36 (KHTML, like Gecko) Chrome/117.0.0.0 Safari/537.36"
91.141.70.191 - - [27/Sep/2023:15:00:57 +0200] "POST /entry.php?id=10715 HTTP/1.1" 200 2610 "http://hausegger.activities.at/entry.php?id=10715" "Mozilla/5.0 (Windows NT 10.0; Win64; x64) AppleWebKit/537.36 (KHTML, like Gecko) Chrome/117.0.0.0 Safari/537.36"
91.141.70.191 - - [27/Sep/2023:15:00:58 +0200] "GET /gui/javascript/form_form.js?1695819658 HTTP/1.1" 200 16206 "http://hausegger.activities.at/entry.php?id=10715" "Mozilla/5.0 (Windows NT 10.0; Win64; x64) AppleWebKit/537.36 (KHTML, like Gecko) Chrome/117.0.0.0 Safari/537.36"
91.141.70.191 - - [27/Sep/2023:15:00:58 +0200] "GET /entry.php?id=10776&form=10560&name=list& HTTP/1.1" 200 2311 "http://hausegger.activities.at/entry.php?id=10715" "Mozilla/5.0 (Windows NT 10.0; Win64; x64) AppleWebKit/537.36 (KHTML, like Gecko) Chrome/117.0.0.0 Safari/537.36"
91.141.70.191 - - [27/Sep/2023:15:00:58 +0200] "GET /entry.php?id=10778&form=10560&name=list& HTTP/1.1" 200 3028 "http://hausegger.activities.at/entry.php?id=10715" "Mozilla/5.0 (Windows NT 10.0; Win64; x64) AppleWebKit/537.36 (KHTML, like Gecko) Chrome/117.0.0.0 Safari/537.36"
156.59.198.135 - - [27/Sep/2023:15:01:07 +0200] "GET /renault.activities.at/htdocs/export/pdf/emuc_document/11245487.pdf HTTP/1.0" 404 322 "http://212.69.160.11:443/renault.activities.at/htdocs/export/pdf/emuc_document/" "Mozilla/5.0 (Linux; Android 5.0) AppleWebKit/537.36 (KHTML, like Gecko) Mobile Safari/537.36 (compatible; Bytespider; spider-feedback@bytedance.com)"
91.141.70.191 - - [27/Sep/2023:15:01:15 +0200] "GET /entry.php?id=10271&&ser=819615 HTTP/1.1" 200 986 "http://hausegger.activities.at/entry.php?id=10271&&ser=819555" "Mozilla/5.0 (Windows NT 10.0; Win64; x64; rv:109.0) Gecko/20100101 Firefox/117.0"
91.141.70.191 - - [27/Sep/2023:15:01:15 +0200] "GET /gui/javascript/form_form.js?1695819675 HTTP/1.1" 200 16206 "http://hausegger.activities.at/entry.php?id=10271&&ser=819615" "Mozilla/5.0 (Windows NT 10.0; Win64; x64; rv:109.0) Gecko/20100101 Firefox/117.0"
91.141.70.191 - - [27/Sep/2023:15:01:15 +0200] "GET /entry.php?id=11049 HTTP/1.1" 200 2121 "http://hausegger.activities.at/entry.php?id=10270&__app__=10006038" "Mozilla/5.0 (Windows NT 10.0; Win64; x64) AppleWebKit/537.36 (KHTML, like Gecko) Chrome/117.0.0.0 Safari/537.36"
91.141.70.191 - - [27/Sep/2023:15:01:16 +0200] "GET /gui/javascript/form_lo_store_administration.js?1695819675 HTTP/1.1" 200 4261 "http://hausegger.activities.at/entry.php?id=11049" "Mozilla/5.0 (Windows NT 10.0; Win64; x64) AppleWebKit/537.36 (KHTML, like Gecko) Chrome/117.0.0.0 Safari/537.36"
91.141.70.191 - - [27/Sep/2023:15:01:16 +0200] "GET /gui/javascript/form_form.js?1695819675 HTTP/1.1" 200 16206 "http://hausegger.activities.at/entry.php?id=11049" "Mozilla/5.0 (Windows NT 10.0; Win64; x64) AppleWebKit/537.36 (KHTML, like Gecko) Chrome/117.0.0.0 Safari/537.36"
91.141.70.191 - - [27/Sep/2023:15:01:16 +0200] "GET /entry.php?id=11358&&hiddetitle=1 HTTP/1.1" 200 190 "http://hausegger.activities.at/entry.php?id=11049" "Mozilla/5.0 (Windows NT 10.0; Win64; x64) AppleWebKit/537.36 (KHTML, like Gecko) Chrome/117.0.0.0 Safari/537.36"
91.141.70.191 - - [27/Sep/2023:15:01:16 +0200] "GET /entry.php?id=11356&hiddetitle=1& HTTP/1.1" 200 3071 "http://hausegger.activities.at/entry.php?id=11358&&hiddetitle=1" "Mozilla/5.0 (Windows NT 10.0; Win64; x64) AppleWebKit/537.36 (KHTML, like Gecko) Chrome/117.0.0.0 Safari/537.36"
91.141.70.191 - - [27/Sep/2023:15:01:16 +0200] "GET /gui/javascript/form_lo_store_administration.js?1695819676 HTTP/1.1" 200 4261 "http://hausegger.activities.at/entry.php?id=11356&hiddetitle=1&" "Mozilla/5.0 (Windows NT 10.0; Win64; x64) AppleWebKit/537.36 (KHTML, like Gecko) Chrome/117.0.0.0 Safari/537.36"
91.141.70.191 - - [27/Sep/2023:15:01:16 +0200] "GET /gui/javascript/form_form.js?1695819676 HTTP/1.1" 200 16206 "http://hausegger.activities.at/entry.php?id=11356&hiddetitle=1&" "Mozilla/5.0 (Windows NT 10.0; Win64; x64) AppleWebKit/537.36 (KHTML, like Gecko) Chrome/117.0.0.0 Safari/537.36"
91.141.70.191 - - [27/Sep/2023:15:01:16 +0200] "GET /entry.php?id=11357&hiddetitle=1& HTTP/1.1" 200 2216 "http://hausegger.activities.at/entry.php?id=11358&&hiddetitle=1" "Mozilla/5.0 (Windows NT 10.0; Win64; x64) AppleWebKit/537.36 (KHTML, like Gecko) Chrome/117.0.0.0 Safari/537.36"
91.141.70.191 - - [27/Sep/2023:15:01:16 +0200] "GET /entry.php?id=10776&form=11185&name=list& HTTP/1.1" 200 1496 "http://hausegger.activities.at/entry.php?id=11357&hiddetitle=1&" "Mozilla/5.0 (Windows NT 10.0; Win64; x64) AppleWebKit/537.36 (KHTML, like Gecko) Chrome/117.0.0.0 Safari/537.36"
