91.141.70.191 - - [27/Sep/2023:17:35:14 +0200] "GET /entry.php?id=10271&&ser=828854 HTTP/1.1" 200 987 "http://hausegger.activities.at/entry.php?id=10271&&ser=828794" "Mozilla/5.0 (Windows NT 10.0; Win64; x64; rv:109.0) Gecko/20100101 Firefox/117.0"
91.141.70.191 - - [27/Sep/2023:17:35:15 +0200] "GET /gui/javascript/form_form.js?1695828914 HTTP/1.1" 200 16206 "http://hausegger.activities.at/entry.php?id=10271&&ser=828854" "Mozilla/5.0 (Windows NT 10.0; Win64; x64; rv:109.0) Gecko/20100101 Firefox/117.0"
91.141.70.191 - - [27/Sep/2023:17:35:21 +0200] "GET /entry.php?id=10271&&ser=828860 HTTP/1.1" 200 986 "http://hausegger.activities.at/entry.php?id=10271&&ser=828799" "Mozilla/5.0 (Windows NT 10.0; Win64; x64) AppleWebKit/537.36 (KHTML, like Gecko) Chrome/117.0.0.0 Safari/537.36"
91.141.70.191 - - [27/Sep/2023:17:35:21 +0200] "GET /gui/javascript/form_form.js?1695828921 HTTP/1.1" 200 16206 "http://hausegger.activities.at/entry.php?id=10271&&ser=828860" "Mozilla/5.0 (Windows NT 10.0; Win64; x64) AppleWebKit/537.36 (KHTML, like Gecko) Chrome/117.0.0.0 Safari/537.36"
156.59.198.136 - - [27/Sep/2023:17:35:34 +0200] "GET /renault.activities.at/htdocs/export/pdf/emuc_document/10452683.pdf HTTP/1.0" 404 322 "http://212.69.160.11:443/renault.activities.at/htdocs/export/pdf/emuc_document/" "Mozilla/5.0 (Linux; Android 5.0) AppleWebKit/537.36 (KHTML, like Gecko) Mobile Safari/537.36 (compatible; Bytespider; spider-feedback@bytedance.com)"
156.59.198.136 - - [27/Sep/2023:17:35:59 +0200] "GET /renault.activities.at/htdocs/export/pdf/emuc_document/11182002.pdf HTTP/1.0" 404 321 "http://212.69.160.11:443/renault.activities.at/htdocs/export/pdf/emuc_document/" "Mozilla/5.0 (Linux; Android 5.0) AppleWebKit/537.36 (KHTML, like Gecko) Mobile Safari/537.36 (compatible; Bytespider; spider-feedback@bytedance.com)"
91.141.70.191 - - [27/Sep/2023:17:36:15 +0200] "GET /entry.php?id=10271&&ser=828914 HTTP/1.1" 200 987 "http://hausegger.activities.at/entry.php?id=10271&&ser=828854" "Mozilla/5.0 (Windows NT 10.0; Win64; x64; rv:109.0) Gecko/20100101 Firefox/117.0"
91.141.70.191 - - [27/Sep/2023:17:36:15 +0200] "GET /gui/javascript/form_form.js?1695828975 HTTP/1.1" 200 16206 "http://hausegger.activities.at/entry.php?id=10271&&ser=828914" "Mozilla/5.0 (Windows NT 10.0; Win64; x64; rv:109.0) Gecko/20100101 Firefox/117.0"
91.141.70.191 - - [27/Sep/2023:17:36:22 +0200] "GET /entry.php?id=10271&&ser=828921 HTTP/1.1" 200 987 "http://hausegger.activities.at/entry.php?id=10271&&ser=828860" "Mozilla/5.0 (Windows NT 10.0; Win64; x64) AppleWebKit/537.36 (KHTML, like Gecko) Chrome/117.0.0.0 Safari/537.36"
91.141.70.191 - - [27/Sep/2023:17:36:22 +0200] "GET /gui/javascript/form_form.js?1695828982 HTTP/1.1" 200 16206 "http://hausegger.activities.at/entry.php?id=10271&&ser=828921" "Mozilla/5.0 (Windows NT 10.0; Win64; x64) AppleWebKit/537.36 (KHTML, like Gecko) Chrome/117.0.0.0 Safari/537.36"
156.59.198.135 - - [27/Sep/2023:17:36:23 +0200] "GET /renault.activities.at/htdocs/export/pdf/emuc_document/11795111.pdf HTTP/1.0" 404 321 "http://212.69.160.11:443/renault.activities.at/htdocs/export/pdf/emuc_document/" "Mozilla/5.0 (Linux; Android 5.0) AppleWebKit/537.36 (KHTML, like Gecko) Mobile Safari/537.36 (compatible; Bytespider; spider-feedback@bytedance.com)"
156.59.198.136 - - [27/Sep/2023:17:36:49 +0200] "GET /renault.activities.at/htdocs/export/pdf/emuc_document/11907251.pdf HTTP/1.0" 404 322 "http://212.69.160.11:443/renault.activities.at/htdocs/export/pdf/emuc_document/" "Mozilla/5.0 (Linux; Android 5.0) AppleWebKit/537.36 (KHTML, like Gecko) Mobile Safari/537.36 (compatible; Bytespider; spider-feedback@bytedance.com)"
156.59.198.135 - - [27/Sep/2023:17:37:12 +0200] "GET /renault.activities.at/htdocs/export/pdf/emuc_document/11789694.pdf HTTP/1.0" 404 322 "http://212.69.160.11:443/renault.activities.at/htdocs/export/pdf/emuc_document/" "Mozilla/5.0 (Linux; Android 5.0) AppleWebKit/537.36 (KHTML, like Gecko) Mobile Safari/537.36 (compatible; Bytespider; spider-feedback@bytedance.com)"
91.141.70.191 - - [27/Sep/2023:17:37:15 +0200] "GET /entry.php?id=10271&&ser=828975 HTTP/1.1" 200 987 "http://hausegger.activities.at/entry.php?id=10271&&ser=828914" "Mozilla/5.0 (Windows NT 10.0; Win64; x64; rv:109.0) Gecko/20100101 Firefox/117.0"
91.141.70.191 - - [27/Sep/2023:17:37:15 +0200] "GET /gui/javascript/form_form.js?1695829035 HTTP/1.1" 200 16206 "http://hausegger.activities.at/entry.php?id=10271&&ser=828975" "Mozilla/5.0 (Windows NT 10.0; Win64; x64; rv:109.0) Gecko/20100101 Firefox/117.0"
91.141.70.191 - - [27/Sep/2023:17:37:23 +0200] "GET /entry.php?id=10271&&ser=828982 HTTP/1.1" 200 987 "http://hausegger.activities.at/entry.php?id=10271&&ser=828921" "Mozilla/5.0 (Windows NT 10.0; Win64; x64) AppleWebKit/537.36 (KHTML, like Gecko) Chrome/117.0.0.0 Safari/537.36"
91.141.70.191 - - [27/Sep/2023:17:37:23 +0200] "GET /gui/javascript/form_form.js?1695829043 HTTP/1.1" 200 16206 "http://hausegger.activities.at/entry.php?id=10271&&ser=828982" "Mozilla/5.0 (Windows NT 10.0; Win64; x64) AppleWebKit/537.36 (KHTML, like Gecko) Chrome/117.0.0.0 Safari/537.36"
156.59.198.136 - - [27/Sep/2023:17:37:36 +0200] "GET /renault.activities.at/htdocs/export/pdf/emuc_document/11320941.pdf HTTP/1.0" 404 322 "http://212.69.160.11:443/renault.activities.at/htdocs/export/pdf/emuc_document/" "Mozilla/5.0 (Linux; Android 5.0) AppleWebKit/537.36 (KHTML, like Gecko) Mobile Safari/537.36 (compatible; Bytespider; spider-feedback@bytedance.com)"
156.59.198.136 - - [27/Sep/2023:17:38:01 +0200] "GET /renault.activities.at/htdocs/export/pdf/emuc_document/10554099.pdf HTTP/1.0" 404 322 "http://212.69.160.11:443/renault.activities.at/htdocs/export/pdf/emuc_document/" "Mozilla/5.0 (Linux; Android 5.0) AppleWebKit/537.36 (KHTML, like Gecko) Mobile Safari/537.36 (compatible; Bytespider; spider-feedback@bytedance.com)"
91.141.70.191 - - [27/Sep/2023:17:38:15 +0200] "GET /entry.php?id=10271&&ser=829035 HTTP/1.1" 200 987 "http://hausegger.activities.at/entry.php?id=10271&&ser=828975" "Mozilla/5.0 (Windows NT 10.0; Win64; x64; rv:109.0) Gecko/20100101 Firefox/117.0"
91.141.70.191 - - [27/Sep/2023:17:38:15 +0200] "GET /gui/javascript/form_form.js?1695829095 HTTP/1.1" 200 16206 "http://hausegger.activities.at/entry.php?id=10271&&ser=829035" "Mozilla/5.0 (Windows NT 10.0; Win64; x64; rv:109.0) Gecko/20100101 Firefox/117.0"
91.141.70.191 - - [27/Sep/2023:17:38:24 +0200] "GET /entry.php?id=10271&&ser=829043 HTTP/1.1" 200 987 "http://hausegger.activities.at/entry.php?id=10271&&ser=828982" "Mozilla/5.0 (Windows NT 10.0; Win64; x64) AppleWebKit/537.36 (KHTML, like Gecko) Chrome/117.0.0.0 Safari/537.36"
91.141.70.191 - - [27/Sep/2023:17:38:24 +0200] "GET /gui/javascript/form_form.js?1695829104 HTTP/1.1" 200 16206 "http://hausegger.activities.at/entry.php?id=10271&&ser=829043" "Mozilla/5.0 (Windows NT 10.0; Win64; x64) AppleWebKit/537.36 (KHTML, like Gecko) Chrome/117.0.0.0 Safari/537.36"
156.59.198.135 - - [27/Sep/2023:17:38:26 +0200] "GET /renault.activities.at/htdocs/export/pdf/emuc_document/11126920.pdf HTTP/1.0" 404 321 "http://212.69.160.11:443/renault.activities.at/htdocs/export/pdf/emuc_document/" "Mozilla/5.0 (Linux; Android 5.0) AppleWebKit/537.36 (KHTML, like Gecko) Mobile Safari/537.36 (compatible; Bytespider; spider-feedback@bytedance.com)"
156.59.198.136 - - [27/Sep/2023:17:38:50 +0200] "GET /renault.activities.at/htdocs/export/pdf/emuc_document/11659789.pdf HTTP/1.0" 404 322 "http://212.69.160.11:443/renault.activities.at/htdocs/export/pdf/emuc_document/" "Mozilla/5.0 (Linux; Android 5.0) AppleWebKit/537.36 (KHTML, like Gecko) Mobile Safari/537.36 (compatible; Bytespider; spider-feedback@bytedance.com)"
156.59.198.135 - - [27/Sep/2023:17:39:14 +0200] "GET /renault.activities.at/htdocs/export/pdf/emuc_document/11869543.pdf HTTP/1.0" 404 322 "http://212.69.160.11:443/renault.activities.at/htdocs/export/pdf/emuc_document/" "Mozilla/5.0 (Linux; Android 5.0) AppleWebKit/537.36 (KHTML, like Gecko) Mobile Safari/537.36 (compatible; Bytespider; spider-feedback@bytedance.com)"
91.141.70.191 - - [27/Sep/2023:17:39:16 +0200] "GET /entry.php?id=10271&&ser=829095 HTTP/1.1" 200 987 "http://hausegger.activities.at/entry.php?id=10271&&ser=829035" "Mozilla/5.0 (Windows NT 10.0; Win64; x64; rv:109.0) Gecko/20100101 Firefox/117.0"
91.141.70.191 - - [27/Sep/2023:17:39:16 +0200] "GET /gui/javascript/form_form.js?1695829156 HTTP/1.1" 200 16206 "http://hausegger.activities.at/entry.php?id=10271&&ser=829095" "Mozilla/5.0 (Windows NT 10.0; Win64; x64; rv:109.0) Gecko/20100101 Firefox/117.0"
91.141.70.191 - - [27/Sep/2023:17:39:25 +0200] "GET /entry.php?id=10271&&ser=829104 HTTP/1.1" 200 987 "http://hausegger.activities.at/entry.php?id=10271&&ser=829043" "Mozilla/5.0 (Windows NT 10.0; Win64; x64) AppleWebKit/537.36 (KHTML, like Gecko) Chrome/117.0.0.0 Safari/537.36"
91.141.70.191 - - [27/Sep/2023:17:39:26 +0200] "GET /gui/javascript/form_form.js?1695829165 HTTP/1.1" 200 16206 "http://hausegger.activities.at/entry.php?id=10271&&ser=829104" "Mozilla/5.0 (Windows NT 10.0; Win64; x64) AppleWebKit/537.36 (KHTML, like Gecko) Chrome/117.0.0.0 Safari/537.36"
156.59.198.136 - - [27/Sep/2023:17:39:38 +0200] "GET /renault.activities.at/htdocs/export/pdf/emuc_document/11177612.pdf HTTP/1.0" 404 322 "http://212.69.160.11:443/renault.activities.at/htdocs/export/pdf/emuc_document/" "Mozilla/5.0 (Linux; Android 5.0) AppleWebKit/537.36 (KHTML, like Gecko) Mobile Safari/537.36 (compatible; Bytespider; spider-feedback@bytedance.com)"
156.59.198.135 - - [27/Sep/2023:17:40:03 +0200] "GET /renault.activities.at/htdocs/export/pdf/emuc_document/10430437.pdf HTTP/1.0" 404 322 "http://212.69.160.11:443/renault.activities.at/htdocs/export/pdf/emuc_document/" "Mozilla/5.0 (Linux; Android 5.0) AppleWebKit/537.36 (KHTML, like Gecko) Mobile Safari/537.36 (compatible; Bytespider; spider-feedback@bytedance.com)"
91.141.70.191 - - [27/Sep/2023:17:40:16 +0200] "GET /entry.php?id=10271&&ser=829156 HTTP/1.1" 200 987 "http://hausegger.activities.at/entry.php?id=10271&&ser=829095" "Mozilla/5.0 (Windows NT 10.0; Win64; x64; rv:109.0) Gecko/20100101 Firefox/117.0"
91.141.70.191 - - [27/Sep/2023:17:40:16 +0200] "GET /gui/javascript/form_form.js?1695829216 HTTP/1.1" 200 16206 "http://hausegger.activities.at/entry.php?id=10271&&ser=829156" "Mozilla/5.0 (Windows NT 10.0; Win64; x64; rv:109.0) Gecko/20100101 Firefox/117.0"
91.141.70.191 - - [27/Sep/2023:17:40:26 +0200] "GET /entry.php?id=10271&&ser=829165 HTTP/1.1" 200 987 "http://hausegger.activities.at/entry.php?id=10271&&ser=829104" "Mozilla/5.0 (Windows NT 10.0; Win64; x64) AppleWebKit/537.36 (KHTML, like Gecko) Chrome/117.0.0.0 Safari/537.36"
91.141.70.191 - - [27/Sep/2023:17:40:26 +0200] "GET /gui/javascript/form_form.js?1695829226 HTTP/1.1" 200 16206 "http://hausegger.activities.at/entry.php?id=10271&&ser=829165" "Mozilla/5.0 (Windows NT 10.0; Win64; x64) AppleWebKit/537.36 (KHTML, like Gecko) Chrome/117.0.0.0 Safari/537.36"
156.59.198.136 - - [27/Sep/2023:17:40:27 +0200] "GET /renault.activities.at/htdocs/export/pdf/emuc_document/10354843.pdf HTTP/1.0" 404 322 "http://212.69.160.11:443/renault.activities.at/htdocs/export/pdf/emuc_document/" "Mozilla/5.0 (Linux; Android 5.0) AppleWebKit/537.36 (KHTML, like Gecko) Mobile Safari/537.36 (compatible; Bytespider; spider-feedback@bytedance.com)"
156.59.198.135 - - [27/Sep/2023:17:40:52 +0200] "GET /renault.activities.at/htdocs/export/pdf/emuc_document/10957362.pdf HTTP/1.0" 404 323 "http://212.69.160.11:443/renault.activities.at/htdocs/export/pdf/emuc_document/" "Mozilla/5.0 (Linux; Android 5.0) AppleWebKit/537.36 (KHTML, like Gecko) Mobile Safari/537.36 (compatible; Bytespider; spider-feedback@bytedance.com)"
156.59.198.135 - - [27/Sep/2023:17:41:16 +0200] "GET /renault.activities.at/htdocs/export/pdf/emuc_document/11379552.pdf HTTP/1.0" 404 322 "http://212.69.160.11:443/renault.activities.at/htdocs/export/pdf/emuc_document/" "Mozilla/5.0 (Linux; Android 5.0) AppleWebKit/537.36 (KHTML, like Gecko) Mobile Safari/537.36 (compatible; Bytespider; spider-feedback@bytedance.com)"
91.141.70.191 - - [27/Sep/2023:17:41:20 +0200] "GET /entry.php?id=10271&&ser=829216 HTTP/1.1" 200 987 "http://hausegger.activities.at/entry.php?id=10271&&ser=829156" "Mozilla/5.0 (Windows NT 10.0; Win64; x64; rv:109.0) Gecko/20100101 Firefox/117.0"
91.141.70.191 - - [27/Sep/2023:17:41:20 +0200] "GET /gui/javascript/form_form.js?1695829280 HTTP/1.1" 200 16206 "http://hausegger.activities.at/entry.php?id=10271&&ser=829216" "Mozilla/5.0 (Windows NT 10.0; Win64; x64; rv:109.0) Gecko/20100101 Firefox/117.0"
91.141.70.191 - - [27/Sep/2023:17:41:27 +0200] "GET /entry.php?id=10271&&ser=829226 HTTP/1.1" 200 987 "http://hausegger.activities.at/entry.php?id=10271&&ser=829165" "Mozilla/5.0 (Windows NT 10.0; Win64; x64) AppleWebKit/537.36 (KHTML, like Gecko) Chrome/117.0.0.0 Safari/537.36"
91.141.70.191 - - [27/Sep/2023:17:41:27 +0200] "GET /gui/javascript/form_form.js?1695829287 HTTP/1.1" 200 16206 "http://hausegger.activities.at/entry.php?id=10271&&ser=829226" "Mozilla/5.0 (Windows NT 10.0; Win64; x64) AppleWebKit/537.36 (KHTML, like Gecko) Chrome/117.0.0.0 Safari/537.36"
156.59.198.135 - - [27/Sep/2023:17:41:41 +0200] "GET /renault.activities.at/htdocs/export/pdf/emuc_document/10961102.pdf HTTP/1.0" 404 321 "http://212.69.160.11:443/renault.activities.at/htdocs/export/pdf/emuc_document/" "Mozilla/5.0 (Linux; Android 5.0) AppleWebKit/537.36 (KHTML, like Gecko) Mobile Safari/537.36 (compatible; Bytespider; spider-feedback@bytedance.com)"
91.141.70.191 - - [27/Sep/2023:17:41:44 +0200] "GET /entry.php?id=10828 HTTP/1.1" 200 9143 "http://hausegger.activities.at/entry.php?id=10270&__app__=10006038" "Mozilla/5.0 (Windows NT 10.0; Win64; x64; rv:109.0) Gecko/20100101 Firefox/117.0"
91.141.70.191 - - [27/Sep/2023:17:41:44 +0200] "GET /gui/javascript/form_form.js?1695829304 HTTP/1.1" 200 16206 "http://hausegger.activities.at/entry.php?id=10828" "Mozilla/5.0 (Windows NT 10.0; Win64; x64; rv:109.0) Gecko/20100101 Firefox/117.0"
91.141.70.191 - - [27/Sep/2023:17:41:45 +0200] "GET /entry.php?id=10889&document_id=& HTTP/1.1" 200 1509 "http://hausegger.activities.at/entry.php?id=10828" "Mozilla/5.0 (Windows NT 10.0; Win64; x64; rv:109.0) Gecko/20100101 Firefox/117.0"
91.141.70.191 - - [27/Sep/2023:17:41:45 +0200] "GET /gui/javascript/form_form.js?1695829305 HTTP/1.1" 200 16206 "http://hausegger.activities.at/entry.php?id=10889&document_id=&" "Mozilla/5.0 (Windows NT 10.0; Win64; x64; rv:109.0) Gecko/20100101 Firefox/117.0"
91.141.70.191 - - [27/Sep/2023:17:41:46 +0200] "POST /entry.php?id=10828 HTTP/1.1" 200 9333 "http://hausegger.activities.at/entry.php?id=10828" "Mozilla/5.0 (Windows NT 10.0; Win64; x64; rv:109.0) Gecko/20100101 Firefox/117.0"
91.141.70.191 - - [27/Sep/2023:17:41:47 +0200] "GET /gui/javascript/form_form.js?1695829307 HTTP/1.1" 200 16206 "http://hausegger.activities.at/entry.php?id=10828" "Mozilla/5.0 (Windows NT 10.0; Win64; x64; rv:109.0) Gecko/20100101 Firefox/117.0"
91.141.70.191 - - [27/Sep/2023:17:41:47 +0200] "GET /entry.php?id=10889&document_id=& HTTP/1.1" 200 1510 "http://hausegger.activities.at/entry.php?id=10828" "Mozilla/5.0 (Windows NT 10.0; Win64; x64; rv:109.0) Gecko/20100101 Firefox/117.0"
91.141.70.191 - - [27/Sep/2023:17:41:49 +0200] "GET /entry.php?id=11237&type=10665 HTTP/1.1" 200 276 "http://hausegger.activities.at/entry.php?id=10828" "Mozilla/5.0 (Windows NT 10.0; Win64; x64; rv:109.0) Gecko/20100101 Firefox/117.0"
91.141.70.191 - - [27/Sep/2023:17:41:49 +0200] "GET /entry.php?id=10676&&title=Belegsuche HTTP/1.1" 200 1392 "http://hausegger.activities.at/entry.php?id=11237&type=10665" "Mozilla/5.0 (Windows NT 10.0; Win64; x64; rv:109.0) Gecko/20100101 Firefox/117.0"
91.141.70.191 - - [27/Sep/2023:17:41:49 +0200] "GET /gui/javascript/form_form.js?1695829309 HTTP/1.1" 200 16206 "http://hausegger.activities.at/entry.php?id=10676&&title=Belegsuche" "Mozilla/5.0 (Windows NT 10.0; Win64; x64; rv:109.0) Gecko/20100101 Firefox/117.0"
91.141.70.191 - - [27/Sep/2023:17:41:49 +0200] "GET /entry.php?id=11240&mode=document&form=10665& HTTP/1.1" 200 2673 "http://hausegger.activities.at/entry.php?id=11237&type=10665" "Mozilla/5.0 (Windows NT 10.0; Win64; x64; rv:109.0) Gecko/20100101 Firefox/117.0"
91.141.70.191 - - [27/Sep/2023:17:41:49 +0200] "GET /gui/javascript/form_bu_document_workflow.js?1695829309 HTTP/1.1" 200 4900 "http://hausegger.activities.at/entry.php?id=11240&mode=document&form=10665&" "Mozilla/5.0 (Windows NT 10.0; Win64; x64; rv:109.0) Gecko/20100101 Firefox/117.0"
91.141.70.191 - - [27/Sep/2023:17:41:49 +0200] "GET /entry.php?id=11238&mode=document&form=10665& HTTP/1.1" 200 3305 "http://hausegger.activities.at/entry.php?id=11237&type=10665" "Mozilla/5.0 (Windows NT 10.0; Win64; x64; rv:109.0) Gecko/20100101 Firefox/117.0"
91.141.70.191 - - [27/Sep/2023:17:41:49 +0200] "GET /entry.php?id=11239&mode=document&form=10665& HTTP/1.1" 200 2019 "http://hausegger.activities.at/entry.php?id=11237&type=10665" "Mozilla/5.0 (Windows NT 10.0; Win64; x64; rv:109.0) Gecko/20100101 Firefox/117.0"
91.141.70.191 - - [27/Sep/2023:17:41:49 +0200] "GET /entry.php?id=10776&form=11066&name=list& HTTP/1.1" 200 1513 "http://hausegger.activities.at/entry.php?id=11240&mode=document&form=10665&" "Mozilla/5.0 (Windows NT 10.0; Win64; x64; rv:109.0) Gecko/20100101 Firefox/117.0"
91.141.70.191 - - [27/Sep/2023:17:41:49 +0200] "GET /entry.php?id=10778&form=11066&name=list& HTTP/1.1" 200 2586 "http://hausegger.activities.at/entry.php?id=11240&mode=document&form=10665&" "Mozilla/5.0 (Windows NT 10.0; Win64; x64; rv:109.0) Gecko/20100101 Firefox/117.0"
91.141.70.191 - - [27/Sep/2023:17:41:50 +0200] "POST /entry.php?id=11240 HTTP/1.1" 200 2673 "http://hausegger.activities.at/entry.php?id=11240&mode=document&form=10665&" "Mozilla/5.0 (Windows NT 10.0; Win64; x64; rv:109.0) Gecko/20100101 Firefox/117.0"
91.141.70.191 - - [27/Sep/2023:17:41:50 +0200] "GET /gui/javascript/form_bu_document_workflow.js?1695829310 HTTP/1.1" 200 4900 "http://hausegger.activities.at/entry.php?id=11240" "Mozilla/5.0 (Windows NT 10.0; Win64; x64; rv:109.0) Gecko/20100101 Firefox/117.0"
91.141.70.191 - - [27/Sep/2023:17:41:50 +0200] "GET /gui/javascript/form_form.js?1695829310 HTTP/1.1" 200 16206 "http://hausegger.activities.at/entry.php?id=11240" "Mozilla/5.0 (Windows NT 10.0; Win64; x64; rv:109.0) Gecko/20100101 Firefox/117.0"
91.141.70.191 - - [27/Sep/2023:17:41:50 +0200] "GET /entry.php?id=10778&form=11066&name=list& HTTP/1.1" 200 2805 "http://hausegger.activities.at/entry.php?id=11240" "Mozilla/5.0 (Windows NT 10.0; Win64; x64; rv:109.0) Gecko/20100101 Firefox/117.0"
91.141.70.191 - - [27/Sep/2023:17:41:50 +0200] "GET /entry.php?id=10776&form=11066&name=list& HTTP/1.1" 200 1513 "http://hausegger.activities.at/entry.php?id=11240" "Mozilla/5.0 (Windows NT 10.0; Win64; x64; rv:109.0) Gecko/20100101 Firefox/117.0"
91.141.70.191 - - [27/Sep/2023:17:41:55 +0200] "GET /entry.php?id=10828 HTTP/1.1" 200 9143 "http://hausegger.activities.at/entry.php?id=10270&__app__=10006038" "Mozilla/5.0 (Windows NT 10.0; Win64; x64; rv:109.0) Gecko/20100101 Firefox/117.0"
91.141.70.191 - - [27/Sep/2023:17:41:55 +0200] "GET /gui/javascript/form_form.js?1695829315 HTTP/1.1" 200 16206 "http://hausegger.activities.at/entry.php?id=10828" "Mozilla/5.0 (Windows NT 10.0; Win64; x64; rv:109.0) Gecko/20100101 Firefox/117.0"
91.141.70.191 - - [27/Sep/2023:17:41:55 +0200] "GET /entry.php?id=10889&document_id=& HTTP/1.1" 200 1509 "http://hausegger.activities.at/entry.php?id=10828" "Mozilla/5.0 (Windows NT 10.0; Win64; x64; rv:109.0) Gecko/20100101 Firefox/117.0"
156.59.198.135 - - [27/Sep/2023:17:42:06 +0200] "GET /renault.activities.at/htdocs/export/pdf/emuc_document/11907326.pdf HTTP/1.0" 404 322 "http://212.69.160.11:443/renault.activities.at/htdocs/export/pdf/emuc_document/" "Mozilla/5.0 (Linux; Android 5.0) AppleWebKit/537.36 (KHTML, like Gecko) Mobile Safari/537.36 (compatible; Bytespider; spider-feedback@bytedance.com)"
91.141.70.191 - - [27/Sep/2023:17:42:21 +0200] "GET /entry.php?id=10271&&ser=829280 HTTP/1.1" 200 987 "http://hausegger.activities.at/entry.php?id=10271&&ser=829216" "Mozilla/5.0 (Windows NT 10.0; Win64; x64; rv:109.0) Gecko/20100101 Firefox/117.0"
91.141.70.191 - - [27/Sep/2023:17:42:21 +0200] "GET /gui/javascript/form_form.js?1695829341 HTTP/1.1" 200 16206 "http://hausegger.activities.at/entry.php?id=10271&&ser=829280" "Mozilla/5.0 (Windows NT 10.0; Win64; x64; rv:109.0) Gecko/20100101 Firefox/117.0"
91.141.70.191 - - [27/Sep/2023:17:42:28 +0200] "GET /entry.php?id=10271&&ser=829287 HTTP/1.1" 200 987 "http://hausegger.activities.at/entry.php?id=10271&&ser=829226" "Mozilla/5.0 (Windows NT 10.0; Win64; x64) AppleWebKit/537.36 (KHTML, like Gecko) Chrome/117.0.0.0 Safari/537.36"
91.141.70.191 - - [27/Sep/2023:17:42:28 +0200] "GET /gui/javascript/form_form.js?1695829348 HTTP/1.1" 200 16206 "http://hausegger.activities.at/entry.php?id=10271&&ser=829287" "Mozilla/5.0 (Windows NT 10.0; Win64; x64) AppleWebKit/537.36 (KHTML, like Gecko) Chrome/117.0.0.0 Safari/537.36"
156.59.198.135 - - [27/Sep/2023:17:42:32 +0200] "GET /renault.activities.at/htdocs/export/pdf/emuc_document/11293670.pdf HTTP/1.0" 404 322 "http://212.69.160.11:443/renault.activities.at/htdocs/export/pdf/emuc_document/" "Mozilla/5.0 (Linux; Android 5.0) AppleWebKit/537.36 (KHTML, like Gecko) Mobile Safari/537.36 (compatible; Bytespider; spider-feedback@bytedance.com)"
156.59.198.135 - - [27/Sep/2023:17:42:56 +0200] "GET /renault.activities.at/htdocs/export/pdf/emuc_document/10426502.pdf HTTP/1.0" 404 321 "http://212.69.160.11:443/renault.activities.at/htdocs/export/pdf/emuc_document/" "Mozilla/5.0 (Linux; Android 5.0) AppleWebKit/537.36 (KHTML, like Gecko) Mobile Safari/537.36 (compatible; Bytespider; spider-feedback@bytedance.com)"
156.59.198.136 - - [27/Sep/2023:17:43:20 +0200] "GET /renault.activities.at/htdocs/export/pdf/emuc_document/11470886.pdf HTTP/1.0" 404 322 "http://212.69.160.11:443/renault.activities.at/htdocs/export/pdf/emuc_document/" "Mozilla/5.0 (Linux; Android 5.0) AppleWebKit/537.36 (KHTML, like Gecko) Mobile Safari/537.36 (compatible; Bytespider; spider-feedback@bytedance.com)"
91.141.70.191 - - [27/Sep/2023:17:43:22 +0200] "GET /entry.php?id=10271&&ser=829341 HTTP/1.1" 200 987 "http://hausegger.activities.at/entry.php?id=10271&&ser=829280" "Mozilla/5.0 (Windows NT 10.0; Win64; x64; rv:109.0) Gecko/20100101 Firefox/117.0"
91.141.70.191 - - [27/Sep/2023:17:43:22 +0200] "GET /gui/javascript/form_form.js?1695829402 HTTP/1.1" 200 16206 "http://hausegger.activities.at/entry.php?id=10271&&ser=829341" "Mozilla/5.0 (Windows NT 10.0; Win64; x64; rv:109.0) Gecko/20100101 Firefox/117.0"
91.141.70.191 - - [27/Sep/2023:17:43:29 +0200] "GET /entry.php?id=10271&&ser=829348 HTTP/1.1" 200 987 "http://hausegger.activities.at/entry.php?id=10271&&ser=829287" "Mozilla/5.0 (Windows NT 10.0; Win64; x64) AppleWebKit/537.36 (KHTML, like Gecko) Chrome/117.0.0.0 Safari/537.36"
91.141.70.191 - - [27/Sep/2023:17:43:30 +0200] "GET /gui/javascript/form_form.js?1695829409 HTTP/1.1" 200 16206 "http://hausegger.activities.at/entry.php?id=10271&&ser=829348" "Mozilla/5.0 (Windows NT 10.0; Win64; x64) AppleWebKit/537.36 (KHTML, like Gecko) Chrome/117.0.0.0 Safari/537.36"
156.59.198.135 - - [27/Sep/2023:17:43:45 +0200] "GET /renault.activities.at/htdocs/export/pdf/emuc_document/10553639.pdf HTTP/1.0" 404 322 "http://212.69.160.11:443/renault.activities.at/htdocs/export/pdf/emuc_document/" "Mozilla/5.0 (Linux; Android 5.0) AppleWebKit/537.36 (KHTML, like Gecko) Mobile Safari/537.36 (compatible; Bytespider; spider-feedback@bytedance.com)"
193.42.33.176 - - [27/Sep/2023:17:44:05 +0200] "POST /login HTTP/1.1" 404 350 "-" "Mozilla/5.0 (Windows NT 10.0; Win64; x64) AppleWebKit/537.36 (KHTML, like Gecko) Chrome/106.0.0.0 Safari/537.36"
156.59.198.135 - - [27/Sep/2023:17:44:09 +0200] "GET /renault.activities.at/htdocs/export/pdf/emuc_document/11430980.pdf HTTP/1.0" 404 322 "http://212.69.160.11:443/renault.activities.at/htdocs/export/pdf/emuc_document/" "Mozilla/5.0 (Linux; Android 5.0) AppleWebKit/537.36 (KHTML, like Gecko) Mobile Safari/537.36 (compatible; Bytespider; spider-feedback@bytedance.com)"
91.141.70.191 - - [27/Sep/2023:17:44:22 +0200] "GET /entry.php?id=10271&&ser=829402 HTTP/1.1" 200 987 "http://hausegger.activities.at/entry.php?id=10271&&ser=829341" "Mozilla/5.0 (Windows NT 10.0; Win64; x64; rv:109.0) Gecko/20100101 Firefox/117.0"
91.141.70.191 - - [27/Sep/2023:17:44:22 +0200] "GET /gui/javascript/form_form.js?1695829462 HTTP/1.1" 200 16206 "http://hausegger.activities.at/entry.php?id=10271&&ser=829402" "Mozilla/5.0 (Windows NT 10.0; Win64; x64; rv:109.0) Gecko/20100101 Firefox/117.0"
91.141.70.191 - - [27/Sep/2023:17:44:30 +0200] "GET /entry.php?id=10271&&ser=829409 HTTP/1.1" 200 987 "http://hausegger.activities.at/entry.php?id=10271&&ser=829348" "Mozilla/5.0 (Windows NT 10.0; Win64; x64) AppleWebKit/537.36 (KHTML, like Gecko) Chrome/117.0.0.0 Safari/537.36"
91.141.70.191 - - [27/Sep/2023:17:44:31 +0200] "GET /gui/javascript/form_form.js?1695829470 HTTP/1.1" 200 16206 "http://hausegger.activities.at/entry.php?id=10271&&ser=829409" "Mozilla/5.0 (Windows NT 10.0; Win64; x64) AppleWebKit/537.36 (KHTML, like Gecko) Chrome/117.0.0.0 Safari/537.36"
156.59.198.135 - - [27/Sep/2023:17:44:34 +0200] "GET /renault.activities.at/htdocs/export/pdf/emuc_document/11850934.pdf HTTP/1.0" 404 322 "http://212.69.160.11:443/renault.activities.at/htdocs/export/pdf/emuc_document/" "Mozilla/5.0 (Linux; Android 5.0) AppleWebKit/537.36 (KHTML, like Gecko) Mobile Safari/537.36 (compatible; Bytespider; spider-feedback@bytedance.com)"
156.59.198.135 - - [27/Sep/2023:17:44:59 +0200] "GET /renault.activities.at/htdocs/export/pdf/emuc_document/10425945.pdf HTTP/1.0" 404 322 "http://212.69.160.11:443/renault.activities.at/htdocs/export/pdf/emuc_document/" "Mozilla/5.0 (Linux; Android 5.0) AppleWebKit/537.36 (KHTML, like Gecko) Mobile Safari/537.36 (compatible; Bytespider; spider-feedback@bytedance.com)"
91.141.70.191 - - [27/Sep/2023:17:45:22 +0200] "GET /entry.php?id=10271&&ser=829462 HTTP/1.1" 200 987 "http://hausegger.activities.at/entry.php?id=10271&&ser=829402" "Mozilla/5.0 (Windows NT 10.0; Win64; x64; rv:109.0) Gecko/20100101 Firefox/117.0"
91.141.70.191 - - [27/Sep/2023:17:45:22 +0200] "GET /gui/javascript/form_form.js?1695829522 HTTP/1.1" 200 16206 "http://hausegger.activities.at/entry.php?id=10271&&ser=829462" "Mozilla/5.0 (Windows NT 10.0; Win64; x64; rv:109.0) Gecko/20100101 Firefox/117.0"
156.59.198.135 - - [27/Sep/2023:17:45:23 +0200] "GET /renault.activities.at/htdocs/export/pdf/emuc_document/11772815.pdf HTTP/1.0" 404 321 "http://212.69.160.11:443/renault.activities.at/htdocs/export/pdf/emuc_document/" "Mozilla/5.0 (Linux; Android 5.0) AppleWebKit/537.36 (KHTML, like Gecko) Mobile Safari/537.36 (compatible; Bytespider; spider-feedback@bytedance.com)"
91.141.70.191 - - [27/Sep/2023:17:45:31 +0200] "GET /entry.php?id=10271&&ser=829470 HTTP/1.1" 200 987 "http://hausegger.activities.at/entry.php?id=10271&&ser=829409" "Mozilla/5.0 (Windows NT 10.0; Win64; x64) AppleWebKit/537.36 (KHTML, like Gecko) Chrome/117.0.0.0 Safari/537.36"
91.141.70.191 - - [27/Sep/2023:17:45:31 +0200] "GET /gui/javascript/form_form.js?1695829531 HTTP/1.1" 200 16206 "http://hausegger.activities.at/entry.php?id=10271&&ser=829470" "Mozilla/5.0 (Windows NT 10.0; Win64; x64) AppleWebKit/537.36 (KHTML, like Gecko) Chrome/117.0.0.0 Safari/537.36"
156.59.198.135 - - [27/Sep/2023:17:45:47 +0200] "GET /renault.activities.at/htdocs/export/pdf/emuc_document/11782624.pdf HTTP/1.0" 404 322 "http://212.69.160.11:443/renault.activities.at/htdocs/export/pdf/emuc_document/" "Mozilla/5.0 (Linux; Android 5.0) AppleWebKit/537.36 (KHTML, like Gecko) Mobile Safari/537.36 (compatible; Bytespider; spider-feedback@bytedance.com)"
156.59.198.135 - - [27/Sep/2023:17:46:12 +0200] "GET /renault.activities.at/htdocs/export/pdf/emuc_document/11253963.pdf HTTP/1.0" 404 322 "http://212.69.160.11:443/renault.activities.at/htdocs/export/pdf/emuc_document/" "Mozilla/5.0 (Linux; Android 5.0) AppleWebKit/537.36 (KHTML, like Gecko) Mobile Safari/537.36 (compatible; Bytespider; spider-feedback@bytedance.com)"
91.141.70.191 - - [27/Sep/2023:17:46:22 +0200] "GET /entry.php?id=10271&&ser=829522 HTTP/1.1" 200 986 "http://hausegger.activities.at/entry.php?id=10271&&ser=829462" "Mozilla/5.0 (Windows NT 10.0; Win64; x64; rv:109.0) Gecko/20100101 Firefox/117.0"
91.141.70.191 - - [27/Sep/2023:17:46:23 +0200] "GET /gui/javascript/form_form.js?1695829582 HTTP/1.1" 200 16206 "http://hausegger.activities.at/entry.php?id=10271&&ser=829522" "Mozilla/5.0 (Windows NT 10.0; Win64; x64; rv:109.0) Gecko/20100101 Firefox/117.0"
91.141.70.191 - - [27/Sep/2023:17:46:32 +0200] "GET /entry.php?id=10271&&ser=829531 HTTP/1.1" 200 987 "http://hausegger.activities.at/entry.php?id=10271&&ser=829470" "Mozilla/5.0 (Windows NT 10.0; Win64; x64) AppleWebKit/537.36 (KHTML, like Gecko) Chrome/117.0.0.0 Safari/537.36"
91.141.70.191 - - [27/Sep/2023:17:46:33 +0200] "GET /gui/javascript/form_form.js?1695829592 HTTP/1.1" 200 16206 "http://hausegger.activities.at/entry.php?id=10271&&ser=829531" "Mozilla/5.0 (Windows NT 10.0; Win64; x64) AppleWebKit/537.36 (KHTML, like Gecko) Chrome/117.0.0.0 Safari/537.36"
156.59.198.136 - - [27/Sep/2023:17:46:37 +0200] "GET /renault.activities.at/htdocs/export/pdf/emuc_document/10396374.pdf HTTP/1.0" 404 323 "http://212.69.160.11:443/renault.activities.at/htdocs/export/pdf/emuc_document/" "Mozilla/5.0 (Linux; Android 5.0) AppleWebKit/537.36 (KHTML, like Gecko) Mobile Safari/537.36 (compatible; Bytespider; spider-feedback@bytedance.com)"
156.59.198.136 - - [27/Sep/2023:17:47:02 +0200] "GET /renault.activities.at/htdocs/export/pdf/emuc_document/11884365.pdf HTTP/1.0" 404 322 "http://212.69.160.11:443/renault.activities.at/htdocs/export/pdf/emuc_document/" "Mozilla/5.0 (Linux; Android 5.0) AppleWebKit/537.36 (KHTML, like Gecko) Mobile Safari/537.36 (compatible; Bytespider; spider-feedback@bytedance.com)"
95.214.55.115 - - [27/Sep/2023:17:47:16 +0200] "POST /boaform/admin/formLogin HTTP/1.1" 404 293 "http://212.69.160.11:80/admin/login.asp" "Mozilla/5.0 (X11; Ubuntu; Linux x86_64; rv:71.0) Gecko/20100101 Firefox/71.0"
91.141.70.191 - - [27/Sep/2023:17:47:23 +0200] "GET /entry.php?id=10271&&ser=829582 HTTP/1.1" 200 987 "http://hausegger.activities.at/entry.php?id=10271&&ser=829522" "Mozilla/5.0 (Windows NT 10.0; Win64; x64; rv:109.0) Gecko/20100101 Firefox/117.0"
91.141.70.191 - - [27/Sep/2023:17:47:23 +0200] "GET /gui/javascript/form_form.js?1695829643 HTTP/1.1" 200 16206 "http://hausegger.activities.at/entry.php?id=10271&&ser=829582" "Mozilla/5.0 (Windows NT 10.0; Win64; x64; rv:109.0) Gecko/20100101 Firefox/117.0"
156.59.198.135 - - [27/Sep/2023:17:47:26 +0200] "GET /renault.activities.at/htdocs/export/pdf/emuc_document/11534373.pdf HTTP/1.0" 404 322 "http://212.69.160.11:443/renault.activities.at/htdocs/export/pdf/emuc_document/" "Mozilla/5.0 (Linux; Android 5.0) AppleWebKit/537.36 (KHTML, like Gecko) Mobile Safari/537.36 (compatible; Bytespider; spider-feedback@bytedance.com)"
91.141.70.191 - - [27/Sep/2023:17:47:33 +0200] "GET /entry.php?id=10271&&ser=829592 HTTP/1.1" 200 987 "http://hausegger.activities.at/entry.php?id=10271&&ser=829531" "Mozilla/5.0 (Windows NT 10.0; Win64; x64) AppleWebKit/537.36 (KHTML, like Gecko) Chrome/117.0.0.0 Safari/537.36"
91.141.70.191 - - [27/Sep/2023:17:47:33 +0200] "GET /gui/javascript/form_form.js?1695829653 HTTP/1.1" 200 16206 "http://hausegger.activities.at/entry.php?id=10271&&ser=829592" "Mozilla/5.0 (Windows NT 10.0; Win64; x64) AppleWebKit/537.36 (KHTML, like Gecko) Chrome/117.0.0.0 Safari/537.36"
156.59.198.136 - - [27/Sep/2023:17:47:51 +0200] "GET /renault.activities.at/htdocs/export/pdf/emuc_document/10619234.pdf HTTP/1.0" 404 322 "http://212.69.160.11:443/renault.activities.at/htdocs/export/pdf/emuc_document/" "Mozilla/5.0 (Linux; Android 5.0) AppleWebKit/537.36 (KHTML, like Gecko) Mobile Safari/537.36 (compatible; Bytespider; spider-feedback@bytedance.com)"
156.59.198.136 - - [27/Sep/2023:17:48:15 +0200] "GET /renault.activities.at/htdocs/export/pdf/emuc_document/11629066.pdf HTTP/1.0" 404 321 "http://212.69.160.11:443/renault.activities.at/htdocs/export/pdf/emuc_document/" "Mozilla/5.0 (Linux; Android 5.0) AppleWebKit/537.36 (KHTML, like Gecko) Mobile Safari/537.36 (compatible; Bytespider; spider-feedback@bytedance.com)"
91.141.70.191 - - [27/Sep/2023:17:48:23 +0200] "GET /entry.php?id=10271&&ser=829643 HTTP/1.1" 200 987 "http://hausegger.activities.at/entry.php?id=10271&&ser=829582" "Mozilla/5.0 (Windows NT 10.0; Win64; x64; rv:109.0) Gecko/20100101 Firefox/117.0"
91.141.70.191 - - [27/Sep/2023:17:48:23 +0200] "GET /gui/javascript/form_form.js?1695829703 HTTP/1.1" 200 16206 "http://hausegger.activities.at/entry.php?id=10271&&ser=829643" "Mozilla/5.0 (Windows NT 10.0; Win64; x64; rv:109.0) Gecko/20100101 Firefox/117.0"
91.141.70.191 - - [27/Sep/2023:17:48:34 +0200] "GET /entry.php?id=10271&&ser=829653 HTTP/1.1" 200 987 "http://hausegger.activities.at/entry.php?id=10271&&ser=829592" "Mozilla/5.0 (Windows NT 10.0; Win64; x64) AppleWebKit/537.36 (KHTML, like Gecko) Chrome/117.0.0.0 Safari/537.36"
91.141.70.191 - - [27/Sep/2023:17:48:35 +0200] "GET /gui/javascript/form_form.js?1695829714 HTTP/1.1" 200 16206 "http://hausegger.activities.at/entry.php?id=10271&&ser=829653" "Mozilla/5.0 (Windows NT 10.0; Win64; x64) AppleWebKit/537.36 (KHTML, like Gecko) Chrome/117.0.0.0 Safari/537.36"
156.59.198.136 - - [27/Sep/2023:17:48:40 +0200] "GET /renault.activities.at/htdocs/export/pdf/emuc_document/10607017.pdf HTTP/1.0" 404 322 "http://212.69.160.11:443/renault.activities.at/htdocs/export/pdf/emuc_document/" "Mozilla/5.0 (Linux; Android 5.0) AppleWebKit/537.36 (KHTML, like Gecko) Mobile Safari/537.36 (compatible; Bytespider; spider-feedback@bytedance.com)"
156.59.198.136 - - [27/Sep/2023:17:49:05 +0200] "GET /renault.activities.at/htdocs/export/pdf/emuc_document/11320812.pdf HTTP/1.0" 404 322 "http://212.69.160.11:443/renault.activities.at/htdocs/export/pdf/emuc_document/" "Mozilla/5.0 (Linux; Android 5.0) AppleWebKit/537.36 (KHTML, like Gecko) Mobile Safari/537.36 (compatible; Bytespider; spider-feedback@bytedance.com)"
91.141.70.191 - - [27/Sep/2023:17:49:23 +0200] "GET /entry.php?id=10271&&ser=829703 HTTP/1.1" 200 987 "http://hausegger.activities.at/entry.php?id=10271&&ser=829643" "Mozilla/5.0 (Windows NT 10.0; Win64; x64; rv:109.0) Gecko/20100101 Firefox/117.0"
91.141.70.191 - - [27/Sep/2023:17:49:23 +0200] "GET /gui/javascript/form_form.js?1695829763 HTTP/1.1" 200 16206 "http://hausegger.activities.at/entry.php?id=10271&&ser=829703" "Mozilla/5.0 (Windows NT 10.0; Win64; x64; rv:109.0) Gecko/20100101 Firefox/117.0"
156.59.198.136 - - [27/Sep/2023:17:49:29 +0200] "GET /renault.activities.at/htdocs/export/pdf/emuc_document/10711334.pdf HTTP/1.0" 404 322 "http://212.69.160.11:443/renault.activities.at/htdocs/export/pdf/emuc_document/" "Mozilla/5.0 (Linux; Android 5.0) AppleWebKit/537.36 (KHTML, like Gecko) Mobile Safari/537.36 (compatible; Bytespider; spider-feedback@bytedance.com)"
91.141.70.191 - - [27/Sep/2023:17:49:35 +0200] "GET /entry.php?id=10271&&ser=829714 HTTP/1.1" 200 987 "http://hausegger.activities.at/entry.php?id=10271&&ser=829653" "Mozilla/5.0 (Windows NT 10.0; Win64; x64) AppleWebKit/537.36 (KHTML, like Gecko) Chrome/117.0.0.0 Safari/537.36"
91.141.70.191 - - [27/Sep/2023:17:49:35 +0200] "GET /gui/javascript/form_form.js?1695829775 HTTP/1.1" 200 16206 "http://hausegger.activities.at/entry.php?id=10271&&ser=829714" "Mozilla/5.0 (Windows NT 10.0; Win64; x64) AppleWebKit/537.36 (KHTML, like Gecko) Chrome/117.0.0.0 Safari/537.36"
156.59.198.135 - - [27/Sep/2023:17:49:53 +0200] "GET /renault.activities.at/htdocs/export/pdf/emuc_document/11430331.pdf HTTP/1.0" 404 322 "http://212.69.160.11:443/renault.activities.at/htdocs/export/pdf/emuc_document/" "Mozilla/5.0 (Linux; Android 5.0) AppleWebKit/537.36 (KHTML, like Gecko) Mobile Safari/537.36 (compatible; Bytespider; spider-feedback@bytedance.com)"
156.59.198.135 - - [27/Sep/2023:17:50:18 +0200] "GET /renault.activities.at/htdocs/export/pdf/emuc_document/10930963.pdf HTTP/1.0" 404 322 "http://212.69.160.11:443/renault.activities.at/htdocs/export/pdf/emuc_document/" "Mozilla/5.0 (Linux; Android 5.0) AppleWebKit/537.36 (KHTML, like Gecko) Mobile Safari/537.36 (compatible; Bytespider; spider-feedback@bytedance.com)"
91.141.70.191 - - [27/Sep/2023:17:50:23 +0200] "GET /entry.php?id=10271&&ser=829763 HTTP/1.1" 200 987 "http://hausegger.activities.at/entry.php?id=10271&&ser=829703" "Mozilla/5.0 (Windows NT 10.0; Win64; x64; rv:109.0) Gecko/20100101 Firefox/117.0"
91.141.70.191 - - [27/Sep/2023:17:50:24 +0200] "GET /gui/javascript/form_form.js?1695829824 HTTP/1.1" 200 16206 "http://hausegger.activities.at/entry.php?id=10271&&ser=829763" "Mozilla/5.0 (Windows NT 10.0; Win64; x64; rv:109.0) Gecko/20100101 Firefox/117.0"
91.141.70.191 - - [27/Sep/2023:17:50:36 +0200] "GET /entry.php?id=10271&&ser=829775 HTTP/1.1" 200 987 "http://hausegger.activities.at/entry.php?id=10271&&ser=829714" "Mozilla/5.0 (Windows NT 10.0; Win64; x64) AppleWebKit/537.36 (KHTML, like Gecko) Chrome/117.0.0.0 Safari/537.36"
91.141.70.191 - - [27/Sep/2023:17:50:37 +0200] "GET /gui/javascript/form_form.js?1695829836 HTTP/1.1" 200 16206 "http://hausegger.activities.at/entry.php?id=10271&&ser=829775" "Mozilla/5.0 (Windows NT 10.0; Win64; x64) AppleWebKit/537.36 (KHTML, like Gecko) Chrome/117.0.0.0 Safari/537.36"
156.59.198.135 - - [27/Sep/2023:17:50:42 +0200] "GET /renault.activities.at/htdocs/export/pdf/emuc_document/10969030.pdf HTTP/1.0" 404 322 "http://212.69.160.11:443/renault.activities.at/htdocs/export/pdf/emuc_document/" "Mozilla/5.0 (Linux; Android 5.0) AppleWebKit/537.36 (KHTML, like Gecko) Mobile Safari/537.36 (compatible; Bytespider; spider-feedback@bytedance.com)"
156.59.198.135 - - [27/Sep/2023:17:51:07 +0200] "GET /renault.activities.at/htdocs/export/pdf/emuc_document/11282231.pdf HTTP/1.0" 404 321 "http://212.69.160.11:443/renault.activities.at/htdocs/export/pdf/emuc_document/" "Mozilla/5.0 (Linux; Android 5.0) AppleWebKit/537.36 (KHTML, like Gecko) Mobile Safari/537.36 (compatible; Bytespider; spider-feedback@bytedance.com)"
91.141.70.191 - - [27/Sep/2023:17:51:24 +0200] "GET /entry.php?id=10271&&ser=829824 HTTP/1.1" 200 987 "http://hausegger.activities.at/entry.php?id=10271&&ser=829763" "Mozilla/5.0 (Windows NT 10.0; Win64; x64; rv:109.0) Gecko/20100101 Firefox/117.0"
91.141.70.191 - - [27/Sep/2023:17:51:24 +0200] "GET /gui/javascript/form_form.js?1695829884 HTTP/1.1" 200 16206 "http://hausegger.activities.at/entry.php?id=10271&&ser=829824" "Mozilla/5.0 (Windows NT 10.0; Win64; x64; rv:109.0) Gecko/20100101 Firefox/117.0"
156.59.198.135 - - [27/Sep/2023:17:51:32 +0200] "GET /renault.activities.at/htdocs/export/pdf/emuc_document/10936444.pdf HTTP/1.0" 404 322 "http://212.69.160.11:443/renault.activities.at/htdocs/export/pdf/emuc_document/" "Mozilla/5.0 (Linux; Android 5.0) AppleWebKit/537.36 (KHTML, like Gecko) Mobile Safari/537.36 (compatible; Bytespider; spider-feedback@bytedance.com)"
91.141.70.191 - - [27/Sep/2023:17:51:37 +0200] "GET /entry.php?id=10271&&ser=829836 HTTP/1.1" 200 987 "http://hausegger.activities.at/entry.php?id=10271&&ser=829775" "Mozilla/5.0 (Windows NT 10.0; Win64; x64) AppleWebKit/537.36 (KHTML, like Gecko) Chrome/117.0.0.0 Safari/537.36"
91.141.70.191 - - [27/Sep/2023:17:51:37 +0200] "GET /gui/javascript/form_form.js?1695829897 HTTP/1.1" 200 16206 "http://hausegger.activities.at/entry.php?id=10271&&ser=829836" "Mozilla/5.0 (Windows NT 10.0; Win64; x64) AppleWebKit/537.36 (KHTML, like Gecko) Chrome/117.0.0.0 Safari/537.36"
156.59.198.136 - - [27/Sep/2023:17:51:56 +0200] "GET /renault.activities.at/htdocs/export/pdf/emuc_document/11671624.pdf HTTP/1.0" 404 322 "http://212.69.160.11:443/renault.activities.at/htdocs/export/pdf/emuc_document/" "Mozilla/5.0 (Linux; Android 5.0) AppleWebKit/537.36 (KHTML, like Gecko) Mobile Safari/537.36 (compatible; Bytespider; spider-feedback@bytedance.com)"
156.59.198.136 - - [27/Sep/2023:17:52:21 +0200] "GET /renault.activities.at/htdocs/export/pdf/emuc_document/11646693.pdf HTTP/1.0" 404 322 "http://212.69.160.11:443/renault.activities.at/htdocs/export/pdf/emuc_document/" "Mozilla/5.0 (Linux; Android 5.0) AppleWebKit/537.36 (KHTML, like Gecko) Mobile Safari/537.36 (compatible; Bytespider; spider-feedback@bytedance.com)"
91.141.70.191 - - [27/Sep/2023:17:52:24 +0200] "GET /entry.php?id=10271&&ser=829884 HTTP/1.1" 200 987 "http://hausegger.activities.at/entry.php?id=10271&&ser=829824" "Mozilla/5.0 (Windows NT 10.0; Win64; x64; rv:109.0) Gecko/20100101 Firefox/117.0"
91.141.70.191 - - [27/Sep/2023:17:52:24 +0200] "GET /gui/javascript/form_form.js?1695829944 HTTP/1.1" 200 16206 "http://hausegger.activities.at/entry.php?id=10271&&ser=829884" "Mozilla/5.0 (Windows NT 10.0; Win64; x64; rv:109.0) Gecko/20100101 Firefox/117.0"
91.141.70.191 - - [27/Sep/2023:17:52:38 +0200] "GET /entry.php?id=10271&&ser=829897 HTTP/1.1" 200 986 "http://hausegger.activities.at/entry.php?id=10271&&ser=829836" "Mozilla/5.0 (Windows NT 10.0; Win64; x64) AppleWebKit/537.36 (KHTML, like Gecko) Chrome/117.0.0.0 Safari/537.36"
91.141.70.191 - - [27/Sep/2023:17:52:38 +0200] "GET /gui/javascript/form_form.js?1695829958 HTTP/1.1" 200 16206 "http://hausegger.activities.at/entry.php?id=10271&&ser=829897" "Mozilla/5.0 (Windows NT 10.0; Win64; x64) AppleWebKit/537.36 (KHTML, like Gecko) Chrome/117.0.0.0 Safari/537.36"
156.59.198.136 - - [27/Sep/2023:17:52:46 +0200] "GET /renault.activities.at/htdocs/export/pdf/emuc_document/11723522.pdf HTTP/1.0" 404 322 "http://212.69.160.11:443/renault.activities.at/htdocs/export/pdf/emuc_document/" "Mozilla/5.0 (Linux; Android 5.0) AppleWebKit/537.36 (KHTML, like Gecko) Mobile Safari/537.36 (compatible; Bytespider; spider-feedback@bytedance.com)"
156.59.198.136 - - [27/Sep/2023:17:53:11 +0200] "GET /renault.activities.at/htdocs/export/pdf/emuc_document/10892433.pdf HTTP/1.0" 404 322 "http://212.69.160.11:443/renault.activities.at/htdocs/export/pdf/emuc_document/" "Mozilla/5.0 (Linux; Android 5.0) AppleWebKit/537.36 (KHTML, like Gecko) Mobile Safari/537.36 (compatible; Bytespider; spider-feedback@bytedance.com)"
91.141.70.191 - - [27/Sep/2023:17:53:24 +0200] "GET /entry.php?id=10271&&ser=829944 HTTP/1.1" 200 987 "http://hausegger.activities.at/entry.php?id=10271&&ser=829884" "Mozilla/5.0 (Windows NT 10.0; Win64; x64; rv:109.0) Gecko/20100101 Firefox/117.0"
91.141.70.191 - - [27/Sep/2023:17:53:24 +0200] "GET /gui/javascript/form_form.js?1695830004 HTTP/1.1" 200 16206 "http://hausegger.activities.at/entry.php?id=10271&&ser=829944" "Mozilla/5.0 (Windows NT 10.0; Win64; x64; rv:109.0) Gecko/20100101 Firefox/117.0"
156.59.198.136 - - [27/Sep/2023:17:53:36 +0200] "GET /renault.activities.at/htdocs/export/pdf/emuc_document/10998585.pdf HTTP/1.0" 404 322 "http://212.69.160.11:443/renault.activities.at/htdocs/export/pdf/emuc_document/" "Mozilla/5.0 (Linux; Android 5.0) AppleWebKit/537.36 (KHTML, like Gecko) Mobile Safari/537.36 (compatible; Bytespider; spider-feedback@bytedance.com)"
91.141.70.191 - - [27/Sep/2023:17:53:39 +0200] "GET /entry.php?id=10271&&ser=829958 HTTP/1.1" 200 987 "http://hausegger.activities.at/entry.php?id=10271&&ser=829897" "Mozilla/5.0 (Windows NT 10.0; Win64; x64) AppleWebKit/537.36 (KHTML, like Gecko) Chrome/117.0.0.0 Safari/537.36"
91.141.70.191 - - [27/Sep/2023:17:53:40 +0200] "GET /gui/javascript/form_form.js?1695830019 HTTP/1.1" 200 16206 "http://hausegger.activities.at/entry.php?id=10271&&ser=829958" "Mozilla/5.0 (Windows NT 10.0; Win64; x64) AppleWebKit/537.36 (KHTML, like Gecko) Chrome/117.0.0.0 Safari/537.36"
156.59.198.135 - - [27/Sep/2023:17:54:02 +0200] "GET /renault.activities.at/htdocs/export/pdf/emuc_document/10711421.pdf HTTP/1.0" 404 322 "http://212.69.160.11:443/renault.activities.at/htdocs/export/pdf/emuc_document/" "Mozilla/5.0 (Linux; Android 5.0) AppleWebKit/537.36 (KHTML, like Gecko) Mobile Safari/537.36 (compatible; Bytespider; spider-feedback@bytedance.com)"
91.141.70.191 - - [27/Sep/2023:17:54:25 +0200] "GET /entry.php?id=10271&&ser=830004 HTTP/1.1" 200 987 "http://hausegger.activities.at/entry.php?id=10271&&ser=829944" "Mozilla/5.0 (Windows NT 10.0; Win64; x64; rv:109.0) Gecko/20100101 Firefox/117.0"
91.141.70.191 - - [27/Sep/2023:17:54:25 +0200] "GET /gui/javascript/form_form.js?1695830065 HTTP/1.1" 200 16206 "http://hausegger.activities.at/entry.php?id=10271&&ser=830004" "Mozilla/5.0 (Windows NT 10.0; Win64; x64; rv:109.0) Gecko/20100101 Firefox/117.0"
156.59.198.135 - - [27/Sep/2023:17:54:25 +0200] "GET /renault.activities.at/htdocs/export/pdf/emuc_document/11534390.pdf HTTP/1.0" 404 322 "http://212.69.160.11:443/renault.activities.at/htdocs/export/pdf/emuc_document/" "Mozilla/5.0 (Linux; Android 5.0) AppleWebKit/537.36 (KHTML, like Gecko) Mobile Safari/537.36 (compatible; Bytespider; spider-feedback@bytedance.com)"
91.141.70.191 - - [27/Sep/2023:17:54:40 +0200] "GET /entry.php?id=10271&&ser=830019 HTTP/1.1" 200 987 "http://hausegger.activities.at/entry.php?id=10271&&ser=829958" "Mozilla/5.0 (Windows NT 10.0; Win64; x64) AppleWebKit/537.36 (KHTML, like Gecko) Chrome/117.0.0.0 Safari/537.36"
91.141.70.191 - - [27/Sep/2023:17:54:41 +0200] "GET /gui/javascript/form_form.js?1695830080 HTTP/1.1" 200 16206 "http://hausegger.activities.at/entry.php?id=10271&&ser=830019" "Mozilla/5.0 (Windows NT 10.0; Win64; x64) AppleWebKit/537.36 (KHTML, like Gecko) Chrome/117.0.0.0 Safari/537.36"
156.59.198.135 - - [27/Sep/2023:17:54:50 +0200] "GET /renault.activities.at/htdocs/export/pdf/emuc_document/11379628.pdf HTTP/1.0" 404 322 "http://212.69.160.11:443/renault.activities.at/htdocs/export/pdf/emuc_document/" "Mozilla/5.0 (Linux; Android 5.0) AppleWebKit/537.36 (KHTML, like Gecko) Mobile Safari/537.36 (compatible; Bytespider; spider-feedback@bytedance.com)"
156.59.198.136 - - [27/Sep/2023:17:55:14 +0200] "GET /renault.activities.at/htdocs/export/pdf/emuc_document/11334897.pdf HTTP/1.0" 404 323 "http://212.69.160.11:443/renault.activities.at/htdocs/export/pdf/emuc_document/" "Mozilla/5.0 (Linux; Android 5.0) AppleWebKit/537.36 (KHTML, like Gecko) Mobile Safari/537.36 (compatible; Bytespider; spider-feedback@bytedance.com)"
91.141.70.191 - - [27/Sep/2023:17:55:25 +0200] "GET /entry.php?id=10271&&ser=830065 HTTP/1.1" 200 987 "http://hausegger.activities.at/entry.php?id=10271&&ser=830004" "Mozilla/5.0 (Windows NT 10.0; Win64; x64; rv:109.0) Gecko/20100101 Firefox/117.0"
91.141.70.191 - - [27/Sep/2023:17:55:25 +0200] "GET /gui/javascript/form_form.js?1695830125 HTTP/1.1" 200 16206 "http://hausegger.activities.at/entry.php?id=10271&&ser=830065" "Mozilla/5.0 (Windows NT 10.0; Win64; x64; rv:109.0) Gecko/20100101 Firefox/117.0"
156.59.198.136 - - [27/Sep/2023:17:55:39 +0200] "GET /renault.activities.at/htdocs/export/pdf/emuc_document/11170510.pdf HTTP/1.0" 404 321 "http://212.69.160.11:443/renault.activities.at/htdocs/export/pdf/emuc_document/" "Mozilla/5.0 (Linux; Android 5.0) AppleWebKit/537.36 (KHTML, like Gecko) Mobile Safari/537.36 (compatible; Bytespider; spider-feedback@bytedance.com)"
91.141.70.191 - - [27/Sep/2023:17:55:41 +0200] "GET /entry.php?id=10271&&ser=830080 HTTP/1.1" 200 986 "http://hausegger.activities.at/entry.php?id=10271&&ser=830019" "Mozilla/5.0 (Windows NT 10.0; Win64; x64) AppleWebKit/537.36 (KHTML, like Gecko) Chrome/117.0.0.0 Safari/537.36"
91.141.70.191 - - [27/Sep/2023:17:55:41 +0200] "GET /gui/javascript/form_form.js?1695830141 HTTP/1.1" 200 16206 "http://hausegger.activities.at/entry.php?id=10271&&ser=830080" "Mozilla/5.0 (Windows NT 10.0; Win64; x64) AppleWebKit/537.36 (KHTML, like Gecko) Chrome/117.0.0.0 Safari/537.36"
156.59.198.135 - - [27/Sep/2023:17:56:04 +0200] "GET /renault.activities.at/htdocs/export/pdf/emuc_document/11044959.pdf HTTP/1.0" 404 321 "http://212.69.160.11:443/renault.activities.at/htdocs/export/pdf/emuc_document/" "Mozilla/5.0 (Linux; Android 5.0) AppleWebKit/537.36 (KHTML, like Gecko) Mobile Safari/537.36 (compatible; Bytespider; spider-feedback@bytedance.com)"
91.141.70.191 - - [27/Sep/2023:17:56:25 +0200] "GET /entry.php?id=10271&&ser=830125 HTTP/1.1" 200 986 "http://hausegger.activities.at/entry.php?id=10271&&ser=830065" "Mozilla/5.0 (Windows NT 10.0; Win64; x64; rv:109.0) Gecko/20100101 Firefox/117.0"
91.141.70.191 - - [27/Sep/2023:17:56:25 +0200] "GET /gui/javascript/form_form.js?1695830185 HTTP/1.1" 200 16206 "http://hausegger.activities.at/entry.php?id=10271&&ser=830125" "Mozilla/5.0 (Windows NT 10.0; Win64; x64; rv:109.0) Gecko/20100101 Firefox/117.0"
156.59.198.135 - - [27/Sep/2023:17:56:29 +0200] "GET /renault.activities.at/htdocs/export/pdf/emuc_document/11214552.pdf HTTP/1.0" 404 321 "http://212.69.160.11:443/renault.activities.at/htdocs/export/pdf/emuc_document/" "Mozilla/5.0 (Linux; Android 5.0) AppleWebKit/537.36 (KHTML, like Gecko) Mobile Safari/537.36 (compatible; Bytespider; spider-feedback@bytedance.com)"
91.141.70.191 - - [27/Sep/2023:17:56:42 +0200] "GET /entry.php?id=10271&&ser=830141 HTTP/1.1" 200 986 "http://hausegger.activities.at/entry.php?id=10271&&ser=830080" "Mozilla/5.0 (Windows NT 10.0; Win64; x64) AppleWebKit/537.36 (KHTML, like Gecko) Chrome/117.0.0.0 Safari/537.36"
91.141.70.191 - - [27/Sep/2023:17:56:43 +0200] "GET /gui/javascript/form_form.js?1695830202 HTTP/1.1" 200 16206 "http://hausegger.activities.at/entry.php?id=10271&&ser=830141" "Mozilla/5.0 (Windows NT 10.0; Win64; x64) AppleWebKit/537.36 (KHTML, like Gecko) Chrome/117.0.0.0 Safari/537.36"
156.59.198.136 - - [27/Sep/2023:17:56:52 +0200] "GET /renault.activities.at/htdocs/export/pdf/emuc_document/10623742.pdf HTTP/1.0" 404 323 "http://212.69.160.11:443/renault.activities.at/htdocs/export/pdf/emuc_document/" "Mozilla/5.0 (Linux; Android 5.0) AppleWebKit/537.36 (KHTML, like Gecko) Mobile Safari/537.36 (compatible; Bytespider; spider-feedback@bytedance.com)"
