156.59.198.136 - - [27/Sep/2023:11:39:41 +0200] "GET /renault.activities.at/htdocs/export/pdf/emuc_document/11245441.pdf HTTP/1.0" 404 321 "http://212.69.160.11:443/renault.activities.at/htdocs/export/pdf/emuc_document/" "Mozilla/5.0 (Linux; Android 5.0) AppleWebKit/537.36 (KHTML, like Gecko) Mobile Safari/537.36 (compatible; Bytespider; spider-feedback@bytedance.com)"
91.141.70.191 - - [27/Sep/2023:11:39:53 +0200] "GET /entry.php?id=10271&&ser=807532 HTTP/1.1" 200 987 "http://hausegger.activities.at/entry.php?id=10271&&ser=807472" "Mozilla/5.0 (Windows NT 10.0; Win64; x64; rv:109.0) Gecko/20100101 Firefox/117.0"
91.141.70.191 - - [27/Sep/2023:11:39:53 +0200] "GET /gui/javascript/form_form.js?1695807593 HTTP/1.1" 200 16206 "http://hausegger.activities.at/entry.php?id=10271&&ser=807532" "Mozilla/5.0 (Windows NT 10.0; Win64; x64; rv:109.0) Gecko/20100101 Firefox/117.0"
156.59.198.135 - - [27/Sep/2023:11:40:06 +0200] "GET /renault.activities.at/htdocs/export/pdf/emuc_document/10883788.pdf HTTP/1.0" 404 323 "http://212.69.160.11:443/renault.activities.at/htdocs/export/pdf/emuc_document/" "Mozilla/5.0 (Linux; Android 5.0) AppleWebKit/537.36 (KHTML, like Gecko) Mobile Safari/537.36 (compatible; Bytespider; spider-feedback@bytedance.com)"
156.59.198.136 - - [27/Sep/2023:11:40:30 +0200] "GET /renault.activities.at/htdocs/export/pdf/emuc_document/10605727.pdf HTTP/1.0" 404 322 "http://212.69.160.11:443/renault.activities.at/htdocs/export/pdf/emuc_document/" "Mozilla/5.0 (Linux; Android 5.0) AppleWebKit/537.36 (KHTML, like Gecko) Mobile Safari/537.36 (compatible; Bytespider; spider-feedback@bytedance.com)"
91.141.70.191 - - [27/Sep/2023:11:40:53 +0200] "GET /entry.php?id=10271&&ser=807593 HTTP/1.1" 200 987 "http://hausegger.activities.at/entry.php?id=10271&&ser=807532" "Mozilla/5.0 (Windows NT 10.0; Win64; x64; rv:109.0) Gecko/20100101 Firefox/117.0"
91.141.70.191 - - [27/Sep/2023:11:40:53 +0200] "GET /gui/javascript/form_form.js?1695807653 HTTP/1.1" 200 16206 "http://hausegger.activities.at/entry.php?id=10271&&ser=807593" "Mozilla/5.0 (Windows NT 10.0; Win64; x64; rv:109.0) Gecko/20100101 Firefox/117.0"
156.59.198.135 - - [27/Sep/2023:11:40:54 +0200] "GET /default/cgi-bin/lang/awstats-en.txt HTTP/1.0" 404 302 "http://212.69.160.11:443/default/cgi-bin/lang/" "Mozilla/5.0 (Linux; Android 5.0) AppleWebKit/537.36 (KHTML, like Gecko) Mobile Safari/537.36 (compatible; Bytespider; spider-feedback@bytedance.com)"
156.59.198.136 - - [27/Sep/2023:11:41:18 +0200] "GET /renault.activities.at/htdocs/export/pdf/emuc_document/10355005.pdf HTTP/1.0" 404 322 "http://212.69.160.11:443/renault.activities.at/htdocs/export/pdf/emuc_document/" "Mozilla/5.0 (Linux; Android 5.0) AppleWebKit/537.36 (KHTML, like Gecko) Mobile Safari/537.36 (compatible; Bytespider; spider-feedback@bytedance.com)"
156.59.198.135 - - [27/Sep/2023:11:41:44 +0200] "GET /renault.activities.at/htdocs/export/pdf/emuc_document/10694226.pdf HTTP/1.0" 404 322 "http://212.69.160.11:443/renault.activities.at/htdocs/export/pdf/emuc_document/" "Mozilla/5.0 (Linux; Android 5.0) AppleWebKit/537.36 (KHTML, like Gecko) Mobile Safari/537.36 (compatible; Bytespider; spider-feedback@bytedance.com)"
91.141.70.191 - - [27/Sep/2023:11:41:53 +0200] "GET /entry.php?id=10271&&ser=807653 HTTP/1.1" 200 987 "http://hausegger.activities.at/entry.php?id=10271&&ser=807593" "Mozilla/5.0 (Windows NT 10.0; Win64; x64; rv:109.0) Gecko/20100101 Firefox/117.0"
91.141.70.191 - - [27/Sep/2023:11:41:53 +0200] "GET /gui/javascript/form_form.js?1695807713 HTTP/1.1" 200 16206 "http://hausegger.activities.at/entry.php?id=10271&&ser=807653" "Mozilla/5.0 (Windows NT 10.0; Win64; x64; rv:109.0) Gecko/20100101 Firefox/117.0"
156.59.198.135 - - [27/Sep/2023:11:42:09 +0200] "GET /renault.activities.at/htdocs/export/pdf/emuc_document/11537892.pdf HTTP/1.0" 404 322 "http://212.69.160.11:443/renault.activities.at/htdocs/export/pdf/emuc_document/" "Mozilla/5.0 (Linux; Android 5.0) AppleWebKit/537.36 (KHTML, like Gecko) Mobile Safari/537.36 (compatible; Bytespider; spider-feedback@bytedance.com)"
156.59.198.135 - - [27/Sep/2023:11:42:32 +0200] "GET /renault.activities.at/htdocs/export/pdf/emuc_document/10314932.pdf HTTP/1.0" 404 322 "http://212.69.160.11:443/renault.activities.at/htdocs/export/pdf/emuc_document/" "Mozilla/5.0 (Linux; Android 5.0) AppleWebKit/537.36 (KHTML, like Gecko) Mobile Safari/537.36 (compatible; Bytespider; spider-feedback@bytedance.com)"
91.141.70.191 - - [27/Sep/2023:11:42:57 +0200] "GET /entry.php?id=10271&&ser=807713 HTTP/1.1" 200 987 "http://hausegger.activities.at/entry.php?id=10271&&ser=807653" "Mozilla/5.0 (Windows NT 10.0; Win64; x64; rv:109.0) Gecko/20100101 Firefox/117.0"
91.141.70.191 - - [27/Sep/2023:11:42:58 +0200] "GET /gui/javascript/form_form.js?1695807778 HTTP/1.1" 200 16206 "http://hausegger.activities.at/entry.php?id=10271&&ser=807713" "Mozilla/5.0 (Windows NT 10.0; Win64; x64; rv:109.0) Gecko/20100101 Firefox/117.0"
156.59.198.136 - - [27/Sep/2023:11:42:58 +0200] "GET /renault.activities.at/htdocs/export/pdf/emuc_document/10981037.pdf HTTP/1.0" 404 322 "http://212.69.160.11:443/renault.activities.at/htdocs/export/pdf/emuc_document/" "Mozilla/5.0 (Linux; Android 5.0) AppleWebKit/537.36 (KHTML, like Gecko) Mobile Safari/537.36 (compatible; Bytespider; spider-feedback@bytedance.com)"
156.59.198.135 - - [27/Sep/2023:11:43:23 +0200] "GET /renault.activities.at/htdocs/export/pdf/emuc_document/11791237.pdf HTTP/1.0" 404 322 "http://212.69.160.11:443/renault.activities.at/htdocs/export/pdf/emuc_document/" "Mozilla/5.0 (Linux; Android 5.0) AppleWebKit/537.36 (KHTML, like Gecko) Mobile Safari/537.36 (compatible; Bytespider; spider-feedback@bytedance.com)"
156.59.198.135 - - [27/Sep/2023:11:43:47 +0200] "GET /renault.activities.at/htdocs/export/pdf/emuc_document/10625453.pdf HTTP/1.0" 404 322 "http://212.69.160.11:443/renault.activities.at/htdocs/export/pdf/emuc_document/" "Mozilla/5.0 (Linux; Android 5.0) AppleWebKit/537.36 (KHTML, like Gecko) Mobile Safari/537.36 (compatible; Bytespider; spider-feedback@bytedance.com)"
91.141.70.191 - - [27/Sep/2023:11:43:58 +0200] "GET /entry.php?id=10271&&ser=807778 HTTP/1.1" 200 987 "http://hausegger.activities.at/entry.php?id=10271&&ser=807713" "Mozilla/5.0 (Windows NT 10.0; Win64; x64; rv:109.0) Gecko/20100101 Firefox/117.0"
91.141.70.191 - - [27/Sep/2023:11:43:58 +0200] "GET /gui/javascript/form_form.js?1695807838 HTTP/1.1" 200 16206 "http://hausegger.activities.at/entry.php?id=10271&&ser=807778" "Mozilla/5.0 (Windows NT 10.0; Win64; x64; rv:109.0) Gecko/20100101 Firefox/117.0"
156.59.198.136 - - [27/Sep/2023:11:44:11 +0200] "GET /renault.activities.at/htdocs/export/pdf/emuc_document/10619288.pdf HTTP/1.0" 404 321 "http://212.69.160.11:443/renault.activities.at/htdocs/export/pdf/emuc_document/" "Mozilla/5.0 (Linux; Android 5.0) AppleWebKit/537.36 (KHTML, like Gecko) Mobile Safari/537.36 (compatible; Bytespider; spider-feedback@bytedance.com)"
156.59.198.136 - - [27/Sep/2023:11:44:36 +0200] "GET /renault.activities.at/htdocs/export/pdf/emuc_document/11901421.pdf HTTP/1.0" 404 321 "http://212.69.160.11:443/renault.activities.at/htdocs/export/pdf/emuc_document/" "Mozilla/5.0 (Linux; Android 5.0) AppleWebKit/537.36 (KHTML, like Gecko) Mobile Safari/537.36 (compatible; Bytespider; spider-feedback@bytedance.com)"
192.99.108.88 - - [27/Sep/2023:11:44:54 +0200] "GET /wp-content/plugins/ioptimization/IOptimize.php?rchk HTTP/1.1" 404 319 "www.google.com" "Mozlila/5.0 (Linux; Android 7.0; SM-G892A Bulid/NRD90M; wv) AppleWebKit/537.36 (KHTML, like Gecko) Version/4.0 Chrome/60.0.3112.107 Moblie Safari/537.36"
91.141.70.191 - - [27/Sep/2023:11:44:58 +0200] "GET /entry.php?id=10271&&ser=807838 HTTP/1.1" 200 987 "http://hausegger.activities.at/entry.php?id=10271&&ser=807778" "Mozilla/5.0 (Windows NT 10.0; Win64; x64; rv:109.0) Gecko/20100101 Firefox/117.0"
91.141.70.191 - - [27/Sep/2023:11:44:58 +0200] "GET /gui/javascript/form_form.js?1695807898 HTTP/1.1" 200 16206 "http://hausegger.activities.at/entry.php?id=10271&&ser=807838" "Mozilla/5.0 (Windows NT 10.0; Win64; x64; rv:109.0) Gecko/20100101 Firefox/117.0"
156.59.198.135 - - [27/Sep/2023:11:45:01 +0200] "GET /renault.activities.at/htdocs/export/pdf/emuc_document/10659792.pdf HTTP/1.0" 404 322 "http://212.69.160.11:443/renault.activities.at/htdocs/export/pdf/emuc_document/" "Mozilla/5.0 (Linux; Android 5.0) AppleWebKit/537.36 (KHTML, like Gecko) Mobile Safari/537.36 (compatible; Bytespider; spider-feedback@bytedance.com)"
156.59.198.136 - - [27/Sep/2023:11:45:25 +0200] "GET /renault.activities.at/htdocs/export/pdf/emuc_document/10404987.pdf HTTP/1.0" 404 321 "http://212.69.160.11:443/renault.activities.at/htdocs/export/pdf/emuc_document/" "Mozilla/5.0 (Linux; Android 5.0) AppleWebKit/537.36 (KHTML, like Gecko) Mobile Safari/537.36 (compatible; Bytespider; spider-feedback@bytedance.com)"
156.59.198.136 - - [27/Sep/2023:11:45:49 +0200] "GET /renault.activities.at/htdocs/export/pdf/emuc_document/10711479.pdf HTTP/1.0" 404 322 "http://212.69.160.11:443/renault.activities.at/htdocs/export/pdf/emuc_document/" "Mozilla/5.0 (Linux; Android 5.0) AppleWebKit/537.36 (KHTML, like Gecko) Mobile Safari/537.36 (compatible; Bytespider; spider-feedback@bytedance.com)"
91.141.70.191 - - [27/Sep/2023:11:45:58 +0200] "GET /entry.php?id=10271&&ser=807898 HTTP/1.1" 200 986 "http://hausegger.activities.at/entry.php?id=10271&&ser=807838" "Mozilla/5.0 (Windows NT 10.0; Win64; x64; rv:109.0) Gecko/20100101 Firefox/117.0"
91.141.70.191 - - [27/Sep/2023:11:45:58 +0200] "GET /gui/javascript/form_form.js?1695807958 HTTP/1.1" 200 16206 "http://hausegger.activities.at/entry.php?id=10271&&ser=807898" "Mozilla/5.0 (Windows NT 10.0; Win64; x64; rv:109.0) Gecko/20100101 Firefox/117.0"
156.59.198.135 - - [27/Sep/2023:11:46:14 +0200] "GET /renault.activities.at/htdocs/export/pdf/emuc_document/11869259.pdf HTTP/1.0" 404 322 "http://212.69.160.11:443/renault.activities.at/htdocs/export/pdf/emuc_document/" "Mozilla/5.0 (Linux; Android 5.0) AppleWebKit/537.36 (KHTML, like Gecko) Mobile Safari/537.36 (compatible; Bytespider; spider-feedback@bytedance.com)"
35.203.210.165 - - [27/Sep/2023:11:46:15 +0200] "GET / HTTP/1.1" 200 423 "-" "Expanse, a Palo Alto Networks company, searches across the global IPv4 space multiple times per day to identify customers' presences on the Internet. If you would like to be excluded from our scans, please send IP addresses/domains to: scaninfo@paloaltonetworks.com"
156.59.198.135 - - [27/Sep/2023:11:46:39 +0200] "GET /renault.activities.at/htdocs/export/pdf/emuc_document/11503848.pdf HTTP/1.0" 404 322 "http://212.69.160.11:443/renault.activities.at/htdocs/export/pdf/emuc_document/" "Mozilla/5.0 (Linux; Android 5.0) AppleWebKit/537.36 (KHTML, like Gecko) Mobile Safari/537.36 (compatible; Bytespider; spider-feedback@bytedance.com)"
91.141.70.191 - - [27/Sep/2023:11:46:59 +0200] "GET /entry.php?id=10271&&ser=807958 HTTP/1.1" 200 987 "http://hausegger.activities.at/entry.php?id=10271&&ser=807898" "Mozilla/5.0 (Windows NT 10.0; Win64; x64; rv:109.0) Gecko/20100101 Firefox/117.0"
91.141.70.191 - - [27/Sep/2023:11:46:59 +0200] "GET /gui/javascript/form_form.js?1695808019 HTTP/1.1" 200 16206 "http://hausegger.activities.at/entry.php?id=10271&&ser=807958" "Mozilla/5.0 (Windows NT 10.0; Win64; x64; rv:109.0) Gecko/20100101 Firefox/117.0"
156.59.198.136 - - [27/Sep/2023:11:47:04 +0200] "GET /renault.activities.at/htdocs/export/pdf/emuc_document/10403714.pdf HTTP/1.0" 404 322 "http://212.69.160.11:443/renault.activities.at/htdocs/export/pdf/emuc_document/" "Mozilla/5.0 (Linux; Android 5.0) AppleWebKit/537.36 (KHTML, like Gecko) Mobile Safari/537.36 (compatible; Bytespider; spider-feedback@bytedance.com)"
156.59.198.136 - - [27/Sep/2023:11:47:28 +0200] "GET /renault.activities.at/htdocs/export/pdf/emuc_document/11626542.pdf HTTP/1.0" 404 322 "http://212.69.160.11:443/renault.activities.at/htdocs/export/pdf/emuc_document/" "Mozilla/5.0 (Linux; Android 5.0) AppleWebKit/537.36 (KHTML, like Gecko) Mobile Safari/537.36 (compatible; Bytespider; spider-feedback@bytedance.com)"
156.59.198.136 - - [27/Sep/2023:11:47:54 +0200] "GET /renault.activities.at/htdocs/export/pdf/emuc_document/10936669.pdf HTTP/1.0" 404 322 "http://212.69.160.11:443/renault.activities.at/htdocs/export/pdf/emuc_document/" "Mozilla/5.0 (Linux; Android 5.0) AppleWebKit/537.36 (KHTML, like Gecko) Mobile Safari/537.36 (compatible; Bytespider; spider-feedback@bytedance.com)"
91.141.70.191 - - [27/Sep/2023:11:47:59 +0200] "GET /entry.php?id=10271&&ser=808019 HTTP/1.1" 200 987 "http://hausegger.activities.at/entry.php?id=10271&&ser=807958" "Mozilla/5.0 (Windows NT 10.0; Win64; x64; rv:109.0) Gecko/20100101 Firefox/117.0"
91.141.70.191 - - [27/Sep/2023:11:47:59 +0200] "GET /gui/javascript/form_form.js?1695808079 HTTP/1.1" 200 16206 "http://hausegger.activities.at/entry.php?id=10271&&ser=808019" "Mozilla/5.0 (Windows NT 10.0; Win64; x64; rv:109.0) Gecko/20100101 Firefox/117.0"
156.59.198.135 - - [27/Sep/2023:11:48:18 +0200] "GET /renault.activities.at/htdocs/export/pdf/emuc_document/10430454.pdf HTTP/1.0" 404 322 "http://212.69.160.11:443/renault.activities.at/htdocs/export/pdf/emuc_document/" "Mozilla/5.0 (Linux; Android 5.0) AppleWebKit/537.36 (KHTML, like Gecko) Mobile Safari/537.36 (compatible; Bytespider; spider-feedback@bytedance.com)"
156.59.198.136 - - [27/Sep/2023:11:48:42 +0200] "GET /renault.activities.at/htdocs/export/pdf/emuc_document/10883764.pdf HTTP/1.0" 404 323 "http://212.69.160.11:443/renault.activities.at/htdocs/export/pdf/emuc_document/" "Mozilla/5.0 (Linux; Android 5.0) AppleWebKit/537.36 (KHTML, like Gecko) Mobile Safari/537.36 (compatible; Bytespider; spider-feedback@bytedance.com)"
91.141.70.191 - - [27/Sep/2023:11:48:59 +0200] "GET /entry.php?id=10271&&ser=808079 HTTP/1.1" 200 987 "http://hausegger.activities.at/entry.php?id=10271&&ser=808019" "Mozilla/5.0 (Windows NT 10.0; Win64; x64; rv:109.0) Gecko/20100101 Firefox/117.0"
91.141.70.191 - - [27/Sep/2023:11:48:59 +0200] "GET /gui/javascript/form_form.js?1695808139 HTTP/1.1" 200 16206 "http://hausegger.activities.at/entry.php?id=10271&&ser=808079" "Mozilla/5.0 (Windows NT 10.0; Win64; x64; rv:109.0) Gecko/20100101 Firefox/117.0"
156.59.198.135 - - [27/Sep/2023:11:49:07 +0200] "GET /renault.activities.at/htdocs/export/pdf/emuc_document/11549158.pdf HTTP/1.0" 404 321 "http://212.69.160.11:443/renault.activities.at/htdocs/export/pdf/emuc_document/" "Mozilla/5.0 (Linux; Android 5.0) AppleWebKit/537.36 (KHTML, like Gecko) Mobile Safari/537.36 (compatible; Bytespider; spider-feedback@bytedance.com)"
156.59.198.135 - - [27/Sep/2023:11:49:31 +0200] "GET /renault.activities.at/htdocs/export/pdf/emuc_document/11201465.pdf HTTP/1.0" 404 321 "http://212.69.160.11:443/renault.activities.at/htdocs/export/pdf/emuc_document/" "Mozilla/5.0 (Linux; Android 5.0) AppleWebKit/537.36 (KHTML, like Gecko) Mobile Safari/537.36 (compatible; Bytespider; spider-feedback@bytedance.com)"
156.59.198.135 - - [27/Sep/2023:11:49:55 +0200] "GET /renault.activities.at/htdocs/export/pdf/emuc_document/11829384.pdf HTTP/1.0" 404 322 "http://212.69.160.11:443/renault.activities.at/htdocs/export/pdf/emuc_document/" "Mozilla/5.0 (Linux; Android 5.0) AppleWebKit/537.36 (KHTML, like Gecko) Mobile Safari/537.36 (compatible; Bytespider; spider-feedback@bytedance.com)"
91.141.70.191 - - [27/Sep/2023:11:50:00 +0200] "GET /entry.php?id=10271&&ser=808139 HTTP/1.1" 200 987 "http://hausegger.activities.at/entry.php?id=10271&&ser=808079" "Mozilla/5.0 (Windows NT 10.0; Win64; x64; rv:109.0) Gecko/20100101 Firefox/117.0"
91.141.70.191 - - [27/Sep/2023:11:50:00 +0200] "GET /gui/javascript/form_form.js?1695808200 HTTP/1.1" 200 16206 "http://hausegger.activities.at/entry.php?id=10271&&ser=808139" "Mozilla/5.0 (Windows NT 10.0; Win64; x64; rv:109.0) Gecko/20100101 Firefox/117.0"
156.59.198.136 - - [27/Sep/2023:11:50:20 +0200] "GET /renault.activities.at/htdocs/export/pdf/emuc_document/11224899.pdf HTTP/1.0" 404 321 "http://212.69.160.11:443/renault.activities.at/htdocs/export/pdf/emuc_document/" "Mozilla/5.0 (Linux; Android 5.0) AppleWebKit/537.36 (KHTML, like Gecko) Mobile Safari/537.36 (compatible; Bytespider; spider-feedback@bytedance.com)"
156.59.198.136 - - [27/Sep/2023:11:50:45 +0200] "GET /renault.activities.at/htdocs/export/pdf/emuc_document/11379336.pdf HTTP/1.0" 404 322 "http://212.69.160.11:443/renault.activities.at/htdocs/export/pdf/emuc_document/" "Mozilla/5.0 (Linux; Android 5.0) AppleWebKit/537.36 (KHTML, like Gecko) Mobile Safari/537.36 (compatible; Bytespider; spider-feedback@bytedance.com)"
91.141.70.191 - - [27/Sep/2023:11:51:00 +0200] "GET /entry.php?id=10271&&ser=808200 HTTP/1.1" 200 987 "http://hausegger.activities.at/entry.php?id=10271&&ser=808139" "Mozilla/5.0 (Windows NT 10.0; Win64; x64; rv:109.0) Gecko/20100101 Firefox/117.0"
91.141.70.191 - - [27/Sep/2023:11:51:00 +0200] "GET /gui/javascript/form_form.js?1695808260 HTTP/1.1" 200 16206 "http://hausegger.activities.at/entry.php?id=10271&&ser=808200" "Mozilla/5.0 (Windows NT 10.0; Win64; x64; rv:109.0) Gecko/20100101 Firefox/117.0"
156.59.198.136 - - [27/Sep/2023:11:51:10 +0200] "GET /renault.activities.at/htdocs/export/pdf/emuc_document/11791292.pdf HTTP/1.0" 404 322 "http://212.69.160.11:443/renault.activities.at/htdocs/export/pdf/emuc_document/" "Mozilla/5.0 (Linux; Android 5.0) AppleWebKit/537.36 (KHTML, like Gecko) Mobile Safari/537.36 (compatible; Bytespider; spider-feedback@bytedance.com)"
156.59.198.135 - - [27/Sep/2023:11:51:34 +0200] "GET /renault.activities.at/htdocs/export/pdf/emuc_document/11536877.pdf HTTP/1.0" 404 322 "http://212.69.160.11:443/renault.activities.at/htdocs/export/pdf/emuc_document/" "Mozilla/5.0 (Linux; Android 5.0) AppleWebKit/537.36 (KHTML, like Gecko) Mobile Safari/537.36 (compatible; Bytespider; spider-feedback@bytedance.com)"
156.59.198.135 - - [27/Sep/2023:11:51:59 +0200] "GET /renault.activities.at/htdocs/export/pdf/emuc_document/11824074.pdf HTTP/1.0" 404 322 "http://212.69.160.11:443/renault.activities.at/htdocs/export/pdf/emuc_document/" "Mozilla/5.0 (Linux; Android 5.0) AppleWebKit/537.36 (KHTML, like Gecko) Mobile Safari/537.36 (compatible; Bytespider; spider-feedback@bytedance.com)"
91.141.70.191 - - [27/Sep/2023:11:52:00 +0200] "GET /entry.php?id=10271&&ser=808260 HTTP/1.1" 200 987 "http://hausegger.activities.at/entry.php?id=10271&&ser=808200" "Mozilla/5.0 (Windows NT 10.0; Win64; x64; rv:109.0) Gecko/20100101 Firefox/117.0"
91.141.70.191 - - [27/Sep/2023:11:52:00 +0200] "GET /gui/javascript/form_form.js?1695808320 HTTP/1.1" 200 16206 "http://hausegger.activities.at/entry.php?id=10271&&ser=808260" "Mozilla/5.0 (Windows NT 10.0; Win64; x64; rv:109.0) Gecko/20100101 Firefox/117.0"
156.59.198.135 - - [27/Sep/2023:11:52:24 +0200] "GET /renault.activities.at/htdocs/export/pdf/emuc_document/11354015.pdf HTTP/1.0" 404 322 "http://212.69.160.11:443/renault.activities.at/htdocs/export/pdf/emuc_document/" "Mozilla/5.0 (Linux; Android 5.0) AppleWebKit/537.36 (KHTML, like Gecko) Mobile Safari/537.36 (compatible; Bytespider; spider-feedback@bytedance.com)"
156.59.198.136 - - [27/Sep/2023:11:52:48 +0200] "GET /renault.activities.at/htdocs/export/pdf/emuc_document/10371256.pdf HTTP/1.0" 404 322 "http://212.69.160.11:443/renault.activities.at/htdocs/export/pdf/emuc_document/" "Mozilla/5.0 (Linux; Android 5.0) AppleWebKit/537.36 (KHTML, like Gecko) Mobile Safari/537.36 (compatible; Bytespider; spider-feedback@bytedance.com)"
209.159.153.74 - - [27/Sep/2023:11:52:52 +0200] "GET / HTTP/1.1" 200 423 "-" "-"
91.141.70.191 - - [27/Sep/2023:11:53:01 +0200] "GET /entry.php?id=10271&&ser=808320 HTTP/1.1" 200 986 "http://hausegger.activities.at/entry.php?id=10271&&ser=808260" "Mozilla/5.0 (Windows NT 10.0; Win64; x64; rv:109.0) Gecko/20100101 Firefox/117.0"
91.141.70.191 - - [27/Sep/2023:11:53:01 +0200] "GET /gui/javascript/form_form.js?1695808381 HTTP/1.1" 200 16206 "http://hausegger.activities.at/entry.php?id=10271&&ser=808320" "Mozilla/5.0 (Windows NT 10.0; Win64; x64; rv:109.0) Gecko/20100101 Firefox/117.0"
156.59.198.135 - - [27/Sep/2023:11:53:13 +0200] "GET /renault.activities.at/htdocs/export/pdf/emuc_document/11379617.pdf HTTP/1.0" 404 322 "http://212.69.160.11:443/renault.activities.at/htdocs/export/pdf/emuc_document/" "Mozilla/5.0 (Linux; Android 5.0) AppleWebKit/537.36 (KHTML, like Gecko) Mobile Safari/537.36 (compatible; Bytespider; spider-feedback@bytedance.com)"
156.59.198.136 - - [27/Sep/2023:11:53:37 +0200] "GET /renault.activities.at/htdocs/export/pdf/emuc_document/10533414.pdf HTTP/1.0" 404 322 "http://212.69.160.11:443/renault.activities.at/htdocs/export/pdf/emuc_document/" "Mozilla/5.0 (Linux; Android 5.0) AppleWebKit/537.36 (KHTML, like Gecko) Mobile Safari/537.36 (compatible; Bytespider; spider-feedback@bytedance.com)"
91.141.70.191 - - [27/Sep/2023:11:54:01 +0200] "GET /entry.php?id=10271&&ser=808381 HTTP/1.1" 200 986 "http://hausegger.activities.at/entry.php?id=10271&&ser=808320" "Mozilla/5.0 (Windows NT 10.0; Win64; x64; rv:109.0) Gecko/20100101 Firefox/117.0"
91.141.70.191 - - [27/Sep/2023:11:54:02 +0200] "GET /gui/javascript/form_form.js?1695808441 HTTP/1.1" 200 16206 "http://hausegger.activities.at/entry.php?id=10271&&ser=808381" "Mozilla/5.0 (Windows NT 10.0; Win64; x64; rv:109.0) Gecko/20100101 Firefox/117.0"
156.59.198.135 - - [27/Sep/2023:11:54:02 +0200] "GET /renault.activities.at/htdocs/export/pdf/emuc_document/11851275.pdf HTTP/1.0" 404 322 "http://212.69.160.11:443/renault.activities.at/htdocs/export/pdf/emuc_document/" "Mozilla/5.0 (Linux; Android 5.0) AppleWebKit/537.36 (KHTML, like Gecko) Mobile Safari/537.36 (compatible; Bytespider; spider-feedback@bytedance.com)"
156.59.198.136 - - [27/Sep/2023:11:54:26 +0200] "GET /renault.activities.at/htdocs/export/pdf/emuc_document/10790150.pdf HTTP/1.0" 404 322 "http://212.69.160.11:443/renault.activities.at/htdocs/export/pdf/emuc_document/" "Mozilla/5.0 (Linux; Android 5.0) AppleWebKit/537.36 (KHTML, like Gecko) Mobile Safari/537.36 (compatible; Bytespider; spider-feedback@bytedance.com)"
156.59.198.135 - - [27/Sep/2023:11:54:51 +0200] "GET /renault.activities.at/htdocs/export/pdf/emuc_document/11072186.pdf HTTP/1.0" 404 322 "http://212.69.160.11:443/renault.activities.at/htdocs/export/pdf/emuc_document/" "Mozilla/5.0 (Linux; Android 5.0) AppleWebKit/537.36 (KHTML, like Gecko) Mobile Safari/537.36 (compatible; Bytespider; spider-feedback@bytedance.com)"
91.141.70.191 - - [27/Sep/2023:11:55:02 +0200] "GET /entry.php?id=10271&&ser=808441 HTTP/1.1" 200 987 "http://hausegger.activities.at/entry.php?id=10271&&ser=808381" "Mozilla/5.0 (Windows NT 10.0; Win64; x64; rv:109.0) Gecko/20100101 Firefox/117.0"
91.141.70.191 - - [27/Sep/2023:11:55:02 +0200] "GET /gui/javascript/form_form.js?1695808502 HTTP/1.1" 200 16206 "http://hausegger.activities.at/entry.php?id=10271&&ser=808441" "Mozilla/5.0 (Windows NT 10.0; Win64; x64; rv:109.0) Gecko/20100101 Firefox/117.0"
156.59.198.135 - - [27/Sep/2023:11:55:15 +0200] "GET /renault.activities.at/htdocs/export/pdf/emuc_document/11333433.pdf HTTP/1.0" 404 322 "http://212.69.160.11:443/renault.activities.at/htdocs/export/pdf/emuc_document/" "Mozilla/5.0 (Linux; Android 5.0) AppleWebKit/537.36 (KHTML, like Gecko) Mobile Safari/537.36 (compatible; Bytespider; spider-feedback@bytedance.com)"
156.59.198.135 - - [27/Sep/2023:11:55:41 +0200] "GET /renault.activities.at/htdocs/export/pdf/emuc_document/10424834.pdf HTTP/1.0" 404 322 "http://212.69.160.11:443/renault.activities.at/htdocs/export/pdf/emuc_document/" "Mozilla/5.0 (Linux; Android 5.0) AppleWebKit/537.36 (KHTML, like Gecko) Mobile Safari/537.36 (compatible; Bytespider; spider-feedback@bytedance.com)"
91.141.70.191 - - [27/Sep/2023:11:56:03 +0200] "GET /entry.php?id=10271&&ser=808502 HTTP/1.1" 200 987 "http://hausegger.activities.at/entry.php?id=10271&&ser=808441" "Mozilla/5.0 (Windows NT 10.0; Win64; x64; rv:109.0) Gecko/20100101 Firefox/117.0"
91.141.70.191 - - [27/Sep/2023:11:56:03 +0200] "GET /gui/javascript/form_form.js?1695808563 HTTP/1.1" 200 16206 "http://hausegger.activities.at/entry.php?id=10271&&ser=808502" "Mozilla/5.0 (Windows NT 10.0; Win64; x64; rv:109.0) Gecko/20100101 Firefox/117.0"
156.59.198.135 - - [27/Sep/2023:11:56:04 +0200] "GET /renault.activities.at/htdocs/binaries/10135517.pdf HTTP/1.0" 404 312 "http://212.69.160.11:443/renault.activities.at/htdocs/binaries/" "Mozilla/5.0 (Linux; Android 5.0) AppleWebKit/537.36 (KHTML, like Gecko) Mobile Safari/537.36 (compatible; Bytespider; spider-feedback@bytedance.com)"
156.59.198.135 - - [27/Sep/2023:11:56:29 +0200] "GET /renault.activities.at/htdocs/export/pdf/emuc_document/11169060.pdf HTTP/1.0" 404 321 "http://212.69.160.11:443/renault.activities.at/htdocs/export/pdf/emuc_document/" "Mozilla/5.0 (Linux; Android 5.0) AppleWebKit/537.36 (KHTML, like Gecko) Mobile Safari/537.36 (compatible; Bytespider; spider-feedback@bytedance.com)"
156.59.198.135 - - [27/Sep/2023:11:56:53 +0200] "GET /renault.activities.at/htdocs/export/pdf/emuc_document/10957397.pdf HTTP/1.0" 404 323 "http://212.69.160.11:443/renault.activities.at/htdocs/export/pdf/emuc_document/" "Mozilla/5.0 (Linux; Android 5.0) AppleWebKit/537.36 (KHTML, like Gecko) Mobile Safari/537.36 (compatible; Bytespider; spider-feedback@bytedance.com)"
91.141.70.191 - - [27/Sep/2023:11:57:03 +0200] "GET /entry.php?id=10271&&ser=808563 HTTP/1.1" 200 987 "http://hausegger.activities.at/entry.php?id=10271&&ser=808502" "Mozilla/5.0 (Windows NT 10.0; Win64; x64; rv:109.0) Gecko/20100101 Firefox/117.0"
91.141.70.191 - - [27/Sep/2023:11:57:03 +0200] "GET /gui/javascript/form_form.js?1695808623 HTTP/1.1" 200 16206 "http://hausegger.activities.at/entry.php?id=10271&&ser=808563" "Mozilla/5.0 (Windows NT 10.0; Win64; x64; rv:109.0) Gecko/20100101 Firefox/117.0"
156.59.198.135 - - [27/Sep/2023:11:57:18 +0200] "GET /renault.activities.at/htdocs/export/pdf/emuc_document/11214601.pdf HTTP/1.0" 404 321 "http://212.69.160.11:443/renault.activities.at/htdocs/export/pdf/emuc_document/" "Mozilla/5.0 (Linux; Android 5.0) AppleWebKit/537.36 (KHTML, like Gecko) Mobile Safari/537.36 (compatible; Bytespider; spider-feedback@bytedance.com)"
156.59.198.135 - - [27/Sep/2023:11:57:43 +0200] "GET /renault.activities.at/htdocs/export/pdf/emuc_document/11274278.pdf HTTP/1.0" 404 322 "http://212.69.160.11:443/renault.activities.at/htdocs/export/pdf/emuc_document/" "Mozilla/5.0 (Linux; Android 5.0) AppleWebKit/537.36 (KHTML, like Gecko) Mobile Safari/537.36 (compatible; Bytespider; spider-feedback@bytedance.com)"
91.141.70.191 - - [27/Sep/2023:11:58:03 +0200] "GET /entry.php?id=10271&&ser=808623 HTTP/1.1" 200 987 "http://hausegger.activities.at/entry.php?id=10271&&ser=808563" "Mozilla/5.0 (Windows NT 10.0; Win64; x64; rv:109.0) Gecko/20100101 Firefox/117.0"
91.141.70.191 - - [27/Sep/2023:11:58:04 +0200] "GET /gui/javascript/form_form.js?1695808683 HTTP/1.1" 200 16206 "http://hausegger.activities.at/entry.php?id=10271&&ser=808623" "Mozilla/5.0 (Windows NT 10.0; Win64; x64; rv:109.0) Gecko/20100101 Firefox/117.0"
156.59.198.136 - - [27/Sep/2023:11:58:07 +0200] "GET /renault.activities.at/htdocs/export/pdf/emuc_document/10432164.pdf HTTP/1.0" 404 322 "http://212.69.160.11:443/renault.activities.at/htdocs/export/pdf/emuc_document/" "Mozilla/5.0 (Linux; Android 5.0) AppleWebKit/537.36 (KHTML, like Gecko) Mobile Safari/537.36 (compatible; Bytespider; spider-feedback@bytedance.com)"
156.59.198.135 - - [27/Sep/2023:11:58:32 +0200] "GET /renault.activities.at/htdocs/export/pdf/emuc_document/10709256.pdf HTTP/1.0" 404 322 "http://212.69.160.11:443/renault.activities.at/htdocs/export/pdf/emuc_document/" "Mozilla/5.0 (Linux; Android 5.0) AppleWebKit/537.36 (KHTML, like Gecko) Mobile Safari/537.36 (compatible; Bytespider; spider-feedback@bytedance.com)"
156.59.198.136 - - [27/Sep/2023:11:58:56 +0200] "GET /renault.activities.at/htdocs/export/pdf/emuc_document/11076823.pdf HTTP/1.0" 404 322 "http://212.69.160.11:443/renault.activities.at/htdocs/export/pdf/emuc_document/" "Mozilla/5.0 (Linux; Android 5.0) AppleWebKit/537.36 (KHTML, like Gecko) Mobile Safari/537.36 (compatible; Bytespider; spider-feedback@bytedance.com)"
91.141.70.191 - - [27/Sep/2023:11:59:04 +0200] "GET /entry.php?id=10271&&ser=808683 HTTP/1.1" 200 987 "http://hausegger.activities.at/entry.php?id=10271&&ser=808623" "Mozilla/5.0 (Windows NT 10.0; Win64; x64; rv:109.0) Gecko/20100101 Firefox/117.0"
91.141.70.191 - - [27/Sep/2023:11:59:04 +0200] "GET /gui/javascript/form_form.js?1695808744 HTTP/1.1" 200 16206 "http://hausegger.activities.at/entry.php?id=10271&&ser=808683" "Mozilla/5.0 (Windows NT 10.0; Win64; x64; rv:109.0) Gecko/20100101 Firefox/117.0"
156.59.198.135 - - [27/Sep/2023:11:59:20 +0200] "GET /renault.activities.at/htdocs/export/pdf/emuc_document/10672798.pdf HTTP/1.0" 404 322 "http://212.69.160.11:443/renault.activities.at/htdocs/export/pdf/emuc_document/" "Mozilla/5.0 (Linux; Android 5.0) AppleWebKit/537.36 (KHTML, like Gecko) Mobile Safari/537.36 (compatible; Bytespider; spider-feedback@bytedance.com)"
156.59.198.135 - - [27/Sep/2023:11:59:45 +0200] "GET /renault.activities.at/htdocs/export/pdf/emuc_document/11549041.pdf HTTP/1.0" 404 321 "http://212.69.160.11:443/renault.activities.at/htdocs/export/pdf/emuc_document/" "Mozilla/5.0 (Linux; Android 5.0) AppleWebKit/537.36 (KHTML, like Gecko) Mobile Safari/537.36 (compatible; Bytespider; spider-feedback@bytedance.com)"
91.141.70.191 - - [27/Sep/2023:12:00:04 +0200] "GET /entry.php?id=10271&&ser=808744 HTTP/1.1" 200 988 "http://hausegger.activities.at/entry.php?id=10271&&ser=808683" "Mozilla/5.0 (Windows NT 10.0; Win64; x64; rv:109.0) Gecko/20100101 Firefox/117.0"
91.141.70.191 - - [27/Sep/2023:12:00:05 +0200] "GET /gui/javascript/form_form.js?1695808805 HTTP/1.1" 200 16206 "http://hausegger.activities.at/entry.php?id=10271&&ser=808744" "Mozilla/5.0 (Windows NT 10.0; Win64; x64; rv:109.0) Gecko/20100101 Firefox/117.0"
156.59.198.136 - - [27/Sep/2023:12:00:09 +0200] "GET /renault.activities.at/htdocs/export/pdf/emuc_document/10659843.pdf HTTP/1.0" 404 322 "http://212.69.160.11:443/renault.activities.at/htdocs/export/pdf/emuc_document/" "Mozilla/5.0 (Linux; Android 5.0) AppleWebKit/537.36 (KHTML, like Gecko) Mobile Safari/537.36 (compatible; Bytespider; spider-feedback@bytedance.com)"
156.59.198.136 - - [27/Sep/2023:12:00:34 +0200] "GET /renault.activities.at/htdocs/export/pdf/emuc_document/11331620.pdf HTTP/1.0" 404 322 "http://212.69.160.11:443/renault.activities.at/htdocs/export/pdf/emuc_document/" "Mozilla/5.0 (Linux; Android 5.0) AppleWebKit/537.36 (KHTML, like Gecko) Mobile Safari/537.36 (compatible; Bytespider; spider-feedback@bytedance.com)"
156.59.198.136 - - [27/Sep/2023:12:00:58 +0200] "GET /renault.activities.at/htdocs/export/pdf/emuc_document/11359000.pdf HTTP/1.0" 404 322 "http://212.69.160.11:443/renault.activities.at/htdocs/export/pdf/emuc_document/" "Mozilla/5.0 (Linux; Android 5.0) AppleWebKit/537.36 (KHTML, like Gecko) Mobile Safari/537.36 (compatible; Bytespider; spider-feedback@bytedance.com)"
91.141.70.191 - - [27/Sep/2023:12:01:05 +0200] "GET /entry.php?id=10271&&ser=808804 HTTP/1.1" 200 987 "http://hausegger.activities.at/entry.php?id=10271&&ser=808744" "Mozilla/5.0 (Windows NT 10.0; Win64; x64; rv:109.0) Gecko/20100101 Firefox/117.0"
91.141.70.191 - - [27/Sep/2023:12:01:05 +0200] "GET /gui/javascript/form_form.js?1695808865 HTTP/1.1" 200 16206 "http://hausegger.activities.at/entry.php?id=10271&&ser=808804" "Mozilla/5.0 (Windows NT 10.0; Win64; x64; rv:109.0) Gecko/20100101 Firefox/117.0"
156.59.198.136 - - [27/Sep/2023:12:01:23 +0200] "GET /renault.activities.at/htdocs/binaries/10442911.pdf HTTP/1.0" 404 311 "http://212.69.160.11:443/renault.activities.at/htdocs/binaries/" "Mozilla/5.0 (Linux; Android 5.0) AppleWebKit/537.36 (KHTML, like Gecko) Mobile Safari/537.36 (compatible; Bytespider; spider-feedback@bytedance.com)"
156.59.198.135 - - [27/Sep/2023:12:01:47 +0200] "GET /renault.activities.at/htdocs/export/pdf/emuc_document/11133586.pdf HTTP/1.0" 404 322 "http://212.69.160.11:443/renault.activities.at/htdocs/export/pdf/emuc_document/" "Mozilla/5.0 (Linux; Android 5.0) AppleWebKit/537.36 (KHTML, like Gecko) Mobile Safari/537.36 (compatible; Bytespider; spider-feedback@bytedance.com)"
91.141.70.191 - - [27/Sep/2023:12:02:06 +0200] "GET /entry.php?id=10271&&ser=808865 HTTP/1.1" 200 987 "http://hausegger.activities.at/entry.php?id=10271&&ser=808804" "Mozilla/5.0 (Windows NT 10.0; Win64; x64; rv:109.0) Gecko/20100101 Firefox/117.0"
91.141.70.191 - - [27/Sep/2023:12:02:06 +0200] "GET /gui/javascript/form_form.js?1695808926 HTTP/1.1" 200 16206 "http://hausegger.activities.at/entry.php?id=10271&&ser=808865" "Mozilla/5.0 (Windows NT 10.0; Win64; x64; rv:109.0) Gecko/20100101 Firefox/117.0"
156.59.198.136 - - [27/Sep/2023:12:02:12 +0200] "GET /renault.activities.at/htdocs/export/pdf/emuc_document/10744896.pdf HTTP/1.0" 404 322 "http://212.69.160.11:443/renault.activities.at/htdocs/export/pdf/emuc_document/" "Mozilla/5.0 (Linux; Android 5.0) AppleWebKit/537.36 (KHTML, like Gecko) Mobile Safari/537.36 (compatible; Bytespider; spider-feedback@bytedance.com)"
156.59.198.135 - - [27/Sep/2023:12:02:37 +0200] "GET /renault.activities.at/htdocs/export/pdf/emuc_document/10608493.pdf HTTP/1.0" 404 322 "http://212.69.160.11:443/renault.activities.at/htdocs/export/pdf/emuc_document/" "Mozilla/5.0 (Linux; Android 5.0) AppleWebKit/537.36 (KHTML, like Gecko) Mobile Safari/537.36 (compatible; Bytespider; spider-feedback@bytedance.com)"
156.59.198.136 - - [27/Sep/2023:12:03:02 +0200] "GET /renault.activities.at/htdocs/export/pdf/emuc_document/10252768.pdf HTTP/1.0" 404 322 "http://212.69.160.11:443/renault.activities.at/htdocs/export/pdf/emuc_document/" "Mozilla/5.0 (Linux; Android 5.0) AppleWebKit/537.36 (KHTML, like Gecko) Mobile Safari/537.36 (compatible; Bytespider; spider-feedback@bytedance.com)"
91.141.70.191 - - [27/Sep/2023:12:03:06 +0200] "GET /entry.php?id=10271&&ser=808926 HTTP/1.1" 200 987 "http://hausegger.activities.at/entry.php?id=10271&&ser=808865" "Mozilla/5.0 (Windows NT 10.0; Win64; x64; rv:109.0) Gecko/20100101 Firefox/117.0"
91.141.70.191 - - [27/Sep/2023:12:03:06 +0200] "GET /gui/javascript/form_form.js?1695808986 HTTP/1.1" 200 16206 "http://hausegger.activities.at/entry.php?id=10271&&ser=808926" "Mozilla/5.0 (Windows NT 10.0; Win64; x64; rv:109.0) Gecko/20100101 Firefox/117.0"
156.59.198.136 - - [27/Sep/2023:12:03:25 +0200] "GET /renault.activities.at/htdocs/export/pdf/emuc_document/11792536.pdf HTTP/1.0" 404 322 "http://212.69.160.11:443/renault.activities.at/htdocs/export/pdf/emuc_document/" "Mozilla/5.0 (Linux; Android 5.0) AppleWebKit/537.36 (KHTML, like Gecko) Mobile Safari/537.36 (compatible; Bytespider; spider-feedback@bytedance.com)"
156.59.198.136 - - [27/Sep/2023:12:03:50 +0200] "GET /renault.activities.at/htdocs/export/pdf/emuc_document/11868056.pdf HTTP/1.0" 404 321 "http://212.69.160.11:443/renault.activities.at/htdocs/export/pdf/emuc_document/" "Mozilla/5.0 (Linux; Android 5.0) AppleWebKit/537.36 (KHTML, like Gecko) Mobile Safari/537.36 (compatible; Bytespider; spider-feedback@bytedance.com)"
91.141.70.191 - - [27/Sep/2023:12:04:06 +0200] "GET /entry.php?id=10271&&ser=808986 HTTP/1.1" 200 987 "http://hausegger.activities.at/entry.php?id=10271&&ser=808926" "Mozilla/5.0 (Windows NT 10.0; Win64; x64; rv:109.0) Gecko/20100101 Firefox/117.0"
91.141.70.191 - - [27/Sep/2023:12:04:06 +0200] "GET /gui/javascript/form_form.js?1695809046 HTTP/1.1" 200 16206 "http://hausegger.activities.at/entry.php?id=10271&&ser=808986" "Mozilla/5.0 (Windows NT 10.0; Win64; x64; rv:109.0) Gecko/20100101 Firefox/117.0"
156.59.198.135 - - [27/Sep/2023:12:04:14 +0200] "GET /renault.activities.at/htdocs/export/pdf/emuc_document/11483523.pdf HTTP/1.0" 404 322 "http://212.69.160.11:443/renault.activities.at/htdocs/export/pdf/emuc_document/" "Mozilla/5.0 (Linux; Android 5.0) AppleWebKit/537.36 (KHTML, like Gecko) Mobile Safari/537.36 (compatible; Bytespider; spider-feedback@bytedance.com)"
156.59.198.136 - - [27/Sep/2023:12:04:38 +0200] "GET /renault.activities.at/htdocs/export/pdf/emuc_document/10482244.pdf HTTP/1.0" 404 322 "http://212.69.160.11:443/renault.activities.at/htdocs/export/pdf/emuc_document/" "Mozilla/5.0 (Linux; Android 5.0) AppleWebKit/537.36 (KHTML, like Gecko) Mobile Safari/537.36 (compatible; Bytespider; spider-feedback@bytedance.com)"
156.59.198.135 - - [27/Sep/2023:12:05:04 +0200] "GET /renault.activities.at/htdocs/export/pdf/emuc_document/11250519.pdf HTTP/1.0" 404 321 "http://212.69.160.11:443/renault.activities.at/htdocs/export/pdf/emuc_document/" "Mozilla/5.0 (Linux; Android 5.0) AppleWebKit/537.36 (KHTML, like Gecko) Mobile Safari/537.36 (compatible; Bytespider; spider-feedback@bytedance.com)"
91.141.70.191 - - [27/Sep/2023:12:05:07 +0200] "GET /entry.php?id=10271&&ser=809046 HTTP/1.1" 200 987 "http://hausegger.activities.at/entry.php?id=10271&&ser=808986" "Mozilla/5.0 (Windows NT 10.0; Win64; x64; rv:109.0) Gecko/20100101 Firefox/117.0"
91.141.70.191 - - [27/Sep/2023:12:05:07 +0200] "GET /gui/javascript/form_form.js?1695809107 HTTP/1.1" 200 16206 "http://hausegger.activities.at/entry.php?id=10271&&ser=809046" "Mozilla/5.0 (Windows NT 10.0; Win64; x64; rv:109.0) Gecko/20100101 Firefox/117.0"
156.59.198.135 - - [27/Sep/2023:12:05:27 +0200] "GET /renault.activities.at/htdocs/export/pdf/emuc_document/11177631.pdf HTTP/1.0" 404 322 "http://212.69.160.11:443/renault.activities.at/htdocs/export/pdf/emuc_document/" "Mozilla/5.0 (Linux; Android 5.0) AppleWebKit/537.36 (KHTML, like Gecko) Mobile Safari/537.36 (compatible; Bytespider; spider-feedback@bytedance.com)"
216.244.66.248 - - [27/Sep/2023:12:05:50 +0200] "GET /robots.txt HTTP/1.1" 404 359 "-" "Mozilla/5.0 (compatible; DotBot/1.2; +https://opensiteexplorer.org/dotbot; help@moz.com)"
156.59.198.136 - - [27/Sep/2023:12:05:51 +0200] "GET /renault.activities.at/htdocs/export/pdf/emuc_document/10673106.pdf HTTP/1.0" 404 322 "http://212.69.160.11:443/renault.activities.at/htdocs/export/pdf/emuc_document/" "Mozilla/5.0 (Linux; Android 5.0) AppleWebKit/537.36 (KHTML, like Gecko) Mobile Safari/537.36 (compatible; Bytespider; spider-feedback@bytedance.com)"
91.141.70.191 - - [27/Sep/2023:12:06:07 +0200] "GET /entry.php?id=10271&&ser=809107 HTTP/1.1" 200 987 "http://hausegger.activities.at/entry.php?id=10271&&ser=809046" "Mozilla/5.0 (Windows NT 10.0; Win64; x64; rv:109.0) Gecko/20100101 Firefox/117.0"
91.141.70.191 - - [27/Sep/2023:12:06:07 +0200] "GET /gui/javascript/form_form.js?1695809167 HTTP/1.1" 200 16206 "http://hausegger.activities.at/entry.php?id=10271&&ser=809107" "Mozilla/5.0 (Windows NT 10.0; Win64; x64; rv:109.0) Gecko/20100101 Firefox/117.0"
156.59.198.135 - - [27/Sep/2023:12:06:15 +0200] "GET /renault.activities.at/htdocs/export/pdf/emuc_document/11331598.pdf HTTP/1.0" 404 322 "http://212.69.160.11:443/renault.activities.at/htdocs/export/pdf/emuc_document/" "Mozilla/5.0 (Linux; Android 5.0) AppleWebKit/537.36 (KHTML, like Gecko) Mobile Safari/537.36 (compatible; Bytespider; spider-feedback@bytedance.com)"
156.59.198.135 - - [27/Sep/2023:12:06:40 +0200] "GET /renault.activities.at/htdocs/export/pdf/emuc_document/11818833.pdf HTTP/1.0" 404 322 "http://212.69.160.11:443/renault.activities.at/htdocs/export/pdf/emuc_document/" "Mozilla/5.0 (Linux; Android 5.0) AppleWebKit/537.36 (KHTML, like Gecko) Mobile Safari/537.36 (compatible; Bytespider; spider-feedback@bytedance.com)"
156.59.198.135 - - [27/Sep/2023:12:07:04 +0200] "GET /renault.activities.at/htdocs/export/pdf/emuc_document/11358856.pdf HTTP/1.0" 404 322 "http://212.69.160.11:443/renault.activities.at/htdocs/export/pdf/emuc_document/" "Mozilla/5.0 (Linux; Android 5.0) AppleWebKit/537.36 (KHTML, like Gecko) Mobile Safari/537.36 (compatible; Bytespider; spider-feedback@bytedance.com)"
91.141.70.191 - - [27/Sep/2023:12:07:07 +0200] "GET /entry.php?id=10271&&ser=809167 HTTP/1.1" 200 987 "http://hausegger.activities.at/entry.php?id=10271&&ser=809107" "Mozilla/5.0 (Windows NT 10.0; Win64; x64; rv:109.0) Gecko/20100101 Firefox/117.0"
91.141.70.191 - - [27/Sep/2023:12:07:08 +0200] "GET /gui/javascript/form_form.js?1695809228 HTTP/1.1" 200 16206 "http://hausegger.activities.at/entry.php?id=10271&&ser=809167" "Mozilla/5.0 (Windows NT 10.0; Win64; x64; rv:109.0) Gecko/20100101 Firefox/117.0"
156.59.198.136 - - [27/Sep/2023:12:07:28 +0200] "GET /renault.activities.at/htdocs/export/pdf/emuc_document/11182081.pdf HTTP/1.0" 404 321 "http://212.69.160.11:443/renault.activities.at/htdocs/export/pdf/emuc_document/" "Mozilla/5.0 (Linux; Android 5.0) AppleWebKit/537.36 (KHTML, like Gecko) Mobile Safari/537.36 (compatible; Bytespider; spider-feedback@bytedance.com)"
156.59.198.136 - - [27/Sep/2023:12:07:53 +0200] "GET /renault.activities.at/htdocs/export/pdf/emuc_document/10619239.pdf HTTP/1.0" 404 322 "http://212.69.160.11:443/renault.activities.at/htdocs/export/pdf/emuc_document/" "Mozilla/5.0 (Linux; Android 5.0) AppleWebKit/537.36 (KHTML, like Gecko) Mobile Safari/537.36 (compatible; Bytespider; spider-feedback@bytedance.com)"
91.141.70.191 - - [27/Sep/2023:12:08:09 +0200] "GET /entry.php?id=10271&&ser=809228 HTTP/1.1" 200 987 "http://hausegger.activities.at/entry.php?id=10271&&ser=809167" "Mozilla/5.0 (Windows NT 10.0; Win64; x64; rv:109.0) Gecko/20100101 Firefox/117.0"
91.141.70.191 - - [27/Sep/2023:12:08:09 +0200] "GET /gui/javascript/form_form.js?1695809289 HTTP/1.1" 200 16206 "http://hausegger.activities.at/entry.php?id=10271&&ser=809228" "Mozilla/5.0 (Windows NT 10.0; Win64; x64; rv:109.0) Gecko/20100101 Firefox/117.0"
156.59.198.135 - - [27/Sep/2023:12:08:17 +0200] "GET /renault.activities.at/htdocs/export/pdf/emuc_document/11044918.pdf HTTP/1.0" 404 321 "http://212.69.160.11:443/renault.activities.at/htdocs/export/pdf/emuc_document/" "Mozilla/5.0 (Linux; Android 5.0) AppleWebKit/537.36 (KHTML, like Gecko) Mobile Safari/537.36 (compatible; Bytespider; spider-feedback@bytedance.com)"
156.59.198.136 - - [27/Sep/2023:12:08:41 +0200] "GET /renault.activities.at/htdocs/export/pdf/emuc_document/11054514.pdf HTTP/1.0" 404 321 "http://212.69.160.11:443/renault.activities.at/htdocs/export/pdf/emuc_document/" "Mozilla/5.0 (Linux; Android 5.0) AppleWebKit/537.36 (KHTML, like Gecko) Mobile Safari/537.36 (compatible; Bytespider; spider-feedback@bytedance.com)"
156.59.198.136 - - [27/Sep/2023:12:09:06 +0200] "GET /renault.activities.at/htdocs/export/pdf/emuc_document/11867999.pdf HTTP/1.0" 404 322 "http://212.69.160.11:443/renault.activities.at/htdocs/export/pdf/emuc_document/" "Mozilla/5.0 (Linux; Android 5.0) AppleWebKit/537.36 (KHTML, like Gecko) Mobile Safari/537.36 (compatible; Bytespider; spider-feedback@bytedance.com)"
91.141.70.191 - - [27/Sep/2023:12:09:09 +0200] "GET /entry.php?id=10271&&ser=809289 HTTP/1.1" 200 987 "http://hausegger.activities.at/entry.php?id=10271&&ser=809228" "Mozilla/5.0 (Windows NT 10.0; Win64; x64; rv:109.0) Gecko/20100101 Firefox/117.0"
91.141.70.191 - - [27/Sep/2023:12:09:09 +0200] "GET /gui/javascript/form_form.js?1695809349 HTTP/1.1" 200 16206 "http://hausegger.activities.at/entry.php?id=10271&&ser=809289" "Mozilla/5.0 (Windows NT 10.0; Win64; x64; rv:109.0) Gecko/20100101 Firefox/117.0"
156.59.198.136 - - [27/Sep/2023:12:09:30 +0200] "GET /renault.activities.at/htdocs/export/pdf/emuc_document/11358900.pdf HTTP/1.0" 404 322 "http://212.69.160.11:443/renault.activities.at/htdocs/export/pdf/emuc_document/" "Mozilla/5.0 (Linux; Android 5.0) AppleWebKit/537.36 (KHTML, like Gecko) Mobile Safari/537.36 (compatible; Bytespider; spider-feedback@bytedance.com)"
156.59.198.135 - - [27/Sep/2023:12:09:55 +0200] "GET /renault.activities.at/htdocs/export/pdf/emuc_document/11037446.pdf HTTP/1.0" 404 322 "http://212.69.160.11:443/renault.activities.at/htdocs/export/pdf/emuc_document/" "Mozilla/5.0 (Linux; Android 5.0) AppleWebKit/537.36 (KHTML, like Gecko) Mobile Safari/537.36 (compatible; Bytespider; spider-feedback@bytedance.com)"
91.141.70.191 - - [27/Sep/2023:12:10:09 +0200] "GET /entry.php?id=10271&&ser=809349 HTTP/1.1" 200 989 "http://hausegger.activities.at/entry.php?id=10271&&ser=809289" "Mozilla/5.0 (Windows NT 10.0; Win64; x64; rv:109.0) Gecko/20100101 Firefox/117.0"
91.141.70.191 - - [27/Sep/2023:12:10:10 +0200] "GET /gui/javascript/form_form.js?1695809410 HTTP/1.1" 200 16206 "http://hausegger.activities.at/entry.php?id=10271&&ser=809349" "Mozilla/5.0 (Windows NT 10.0; Win64; x64; rv:109.0) Gecko/20100101 Firefox/117.0"
156.59.198.135 - - [27/Sep/2023:12:10:19 +0200] "GET /renault.activities.at/htdocs/export/pdf/emuc_document/11331568.pdf HTTP/1.0" 404 322 "http://212.69.160.11:443/renault.activities.at/htdocs/export/pdf/emuc_document/" "Mozilla/5.0 (Linux; Android 5.0) AppleWebKit/537.36 (KHTML, like Gecko) Mobile Safari/537.36 (compatible; Bytespider; spider-feedback@bytedance.com)"
156.59.198.136 - - [27/Sep/2023:12:10:43 +0200] "GET /renault.activities.at/htdocs/export/pdf/emuc_document/10314937.pdf HTTP/1.0" 404 322 "http://212.69.160.11:443/renault.activities.at/htdocs/export/pdf/emuc_document/" "Mozilla/5.0 (Linux; Android 5.0) AppleWebKit/537.36 (KHTML, like Gecko) Mobile Safari/537.36 (compatible; Bytespider; spider-feedback@bytedance.com)"
216.244.66.248 - - [27/Sep/2023:12:10:52 +0200] "GET /?page_id=215 HTTP/1.1" 200 423 "-" "Mozilla/5.0 (compatible; DotBot/1.2; +https://opensiteexplorer.org/dotbot; help@moz.com)"
156.59.198.136 - - [27/Sep/2023:12:11:08 +0200] "GET /renault.activities.at/htdocs/export/pdf/emuc_document/10403609.pdf HTTP/1.0" 404 322 "http://212.69.160.11:443/renault.activities.at/htdocs/export/pdf/emuc_document/" "Mozilla/5.0 (Linux; Android 5.0) AppleWebKit/537.36 (KHTML, like Gecko) Mobile Safari/537.36 (compatible; Bytespider; spider-feedback@bytedance.com)"
91.141.70.191 - - [27/Sep/2023:12:11:10 +0200] "GET /entry.php?id=10271&&ser=809409 HTTP/1.1" 200 987 "http://hausegger.activities.at/entry.php?id=10271&&ser=809349" "Mozilla/5.0 (Windows NT 10.0; Win64; x64; rv:109.0) Gecko/20100101 Firefox/117.0"
91.141.70.191 - - [27/Sep/2023:12:11:10 +0200] "GET /gui/javascript/form_form.js?1695809470 HTTP/1.1" 200 16206 "http://hausegger.activities.at/entry.php?id=10271&&ser=809409" "Mozilla/5.0 (Windows NT 10.0; Win64; x64; rv:109.0) Gecko/20100101 Firefox/117.0"
156.59.198.135 - - [27/Sep/2023:12:11:32 +0200] "GET /renault.activities.at/htdocs/export/pdf/emuc_document/10619324.pdf HTTP/1.0" 404 322 "http://212.69.160.11:443/renault.activities.at/htdocs/export/pdf/emuc_document/" "Mozilla/5.0 (Linux; Android 5.0) AppleWebKit/537.36 (KHTML, like Gecko) Mobile Safari/537.36 (compatible; Bytespider; spider-feedback@bytedance.com)"
156.59.198.136 - - [27/Sep/2023:12:11:56 +0200] "GET /renault.activities.at/htdocs/export/pdf/emuc_document/11038610.pdf HTTP/1.0" 404 322 "http://212.69.160.11:443/renault.activities.at/htdocs/export/pdf/emuc_document/" "Mozilla/5.0 (Linux; Android 5.0) AppleWebKit/537.36 (KHTML, like Gecko) Mobile Safari/537.36 (compatible; Bytespider; spider-feedback@bytedance.com)"
91.141.70.191 - - [27/Sep/2023:12:12:10 +0200] "GET /entry.php?id=10271&&ser=809470 HTTP/1.1" 200 987 "http://hausegger.activities.at/entry.php?id=10271&&ser=809409" "Mozilla/5.0 (Windows NT 10.0; Win64; x64; rv:109.0) Gecko/20100101 Firefox/117.0"
91.141.70.191 - - [27/Sep/2023:12:12:10 +0200] "GET /gui/javascript/form_form.js?1695809530 HTTP/1.1" 200 16206 "http://hausegger.activities.at/entry.php?id=10271&&ser=809470" "Mozilla/5.0 (Windows NT 10.0; Win64; x64; rv:109.0) Gecko/20100101 Firefox/117.0"
156.59.198.136 - - [27/Sep/2023:12:12:21 +0200] "GET /renault.activities.at/htdocs/export/pdf/emuc_document/11213605.pdf HTTP/1.0" 404 322 "http://212.69.160.11:443/renault.activities.at/htdocs/export/pdf/emuc_document/" "Mozilla/5.0 (Linux; Android 5.0) AppleWebKit/537.36 (KHTML, like Gecko) Mobile Safari/537.36 (compatible; Bytespider; spider-feedback@bytedance.com)"
156.59.198.136 - - [27/Sep/2023:12:12:45 +0200] "GET /renault.activities.at/htdocs/export/pdf/emuc_document/10668923.pdf HTTP/1.0" 404 322 "http://212.69.160.11:443/renault.activities.at/htdocs/export/pdf/emuc_document/" "Mozilla/5.0 (Linux; Android 5.0) AppleWebKit/537.36 (KHTML, like Gecko) Mobile Safari/537.36 (compatible; Bytespider; spider-feedback@bytedance.com)"
156.59.198.136 - - [27/Sep/2023:12:13:10 +0200] "GET /renault.activities.at/htdocs/export/pdf/emuc_document/11725071.pdf HTTP/1.0" 404 322 "http://212.69.160.11:443/renault.activities.at/htdocs/export/pdf/emuc_document/" "Mozilla/5.0 (Linux; Android 5.0) AppleWebKit/537.36 (KHTML, like Gecko) Mobile Safari/537.36 (compatible; Bytespider; spider-feedback@bytedance.com)"
91.141.70.191 - - [27/Sep/2023:12:13:10 +0200] "GET /entry.php?id=10271&&ser=809530 HTTP/1.1" 200 987 "http://hausegger.activities.at/entry.php?id=10271&&ser=809470" "Mozilla/5.0 (Windows NT 10.0; Win64; x64; rv:109.0) Gecko/20100101 Firefox/117.0"
91.141.70.191 - - [27/Sep/2023:12:13:10 +0200] "GET /gui/javascript/form_form.js?1695809590 HTTP/1.1" 200 16206 "http://hausegger.activities.at/entry.php?id=10271&&ser=809530" "Mozilla/5.0 (Windows NT 10.0; Win64; x64; rv:109.0) Gecko/20100101 Firefox/117.0"
156.59.198.136 - - [27/Sep/2023:12:13:34 +0200] "GET /renault.activities.at/htdocs/export/pdf/emuc_document/11423104.pdf HTTP/1.0" 404 322 "http://212.69.160.11:443/renault.activities.at/htdocs/export/pdf/emuc_document/" "Mozilla/5.0 (Linux; Android 5.0) AppleWebKit/537.36 (KHTML, like Gecko) Mobile Safari/537.36 (compatible; Bytespider; spider-feedback@bytedance.com)"
156.59.198.135 - - [27/Sep/2023:12:13:59 +0200] "GET /renault.activities.at/htdocs/export/pdf/emuc_document/11306534.pdf HTTP/1.0" 404 322 "http://212.69.160.11:443/renault.activities.at/htdocs/export/pdf/emuc_document/" "Mozilla/5.0 (Linux; Android 5.0) AppleWebKit/537.36 (KHTML, like Gecko) Mobile Safari/537.36 (compatible; Bytespider; spider-feedback@bytedance.com)"
