91.141.70.191 - - [27/Sep/2023:12:14:11 +0200] "GET /entry.php?id=10271&&ser=809590 HTTP/1.1" 200 987 "http://hausegger.activities.at/entry.php?id=10271&&ser=809530" "Mozilla/5.0 (Windows NT 10.0; Win64; x64; rv:109.0) Gecko/20100101 Firefox/117.0"
91.141.70.191 - - [27/Sep/2023:12:14:11 +0200] "GET /gui/javascript/form_form.js?1695809651 HTTP/1.1" 200 16206 "http://hausegger.activities.at/entry.php?id=10271&&ser=809590" "Mozilla/5.0 (Windows NT 10.0; Win64; x64; rv:109.0) Gecko/20100101 Firefox/117.0"
156.59.198.135 - - [27/Sep/2023:12:14:24 +0200] "GET /renault.activities.at/htdocs/export/pdf/emuc_document/11333408.pdf HTTP/1.0" 404 322 "http://212.69.160.11:443/renault.activities.at/htdocs/export/pdf/emuc_document/" "Mozilla/5.0 (Linux; Android 5.0) AppleWebKit/537.36 (KHTML, like Gecko) Mobile Safari/537.36 (compatible; Bytespider; spider-feedback@bytedance.com)"
156.59.198.135 - - [27/Sep/2023:12:14:47 +0200] "GET /renault.activities.at/htdocs/export/pdf/emuc_document/10659820.pdf HTTP/1.0" 404 321 "http://212.69.160.11:443/renault.activities.at/htdocs/export/pdf/emuc_document/" "Mozilla/5.0 (Linux; Android 5.0) AppleWebKit/537.36 (KHTML, like Gecko) Mobile Safari/537.36 (compatible; Bytespider; spider-feedback@bytedance.com)"
91.141.70.191 - - [27/Sep/2023:12:15:11 +0200] "GET /entry.php?id=10271&&ser=809651 HTTP/1.1" 200 986 "http://hausegger.activities.at/entry.php?id=10271&&ser=809590" "Mozilla/5.0 (Windows NT 10.0; Win64; x64; rv:109.0) Gecko/20100101 Firefox/117.0"
91.141.70.191 - - [27/Sep/2023:12:15:11 +0200] "GET /gui/javascript/form_form.js?1695809711 HTTP/1.1" 200 16206 "http://hausegger.activities.at/entry.php?id=10271&&ser=809651" "Mozilla/5.0 (Windows NT 10.0; Win64; x64; rv:109.0) Gecko/20100101 Firefox/117.0"
156.59.198.135 - - [27/Sep/2023:12:15:13 +0200] "GET /renault.activities.at/htdocs/export/pdf/emuc_document/10458818.pdf HTTP/1.0" 404 321 "http://212.69.160.11:443/renault.activities.at/htdocs/export/pdf/emuc_document/" "Mozilla/5.0 (Linux; Android 5.0) AppleWebKit/537.36 (KHTML, like Gecko) Mobile Safari/537.36 (compatible; Bytespider; spider-feedback@bytedance.com)"
156.59.198.136 - - [27/Sep/2023:12:15:37 +0200] "GET /renault.activities.at/htdocs/export/pdf/emuc_document/11430878.pdf HTTP/1.0" 404 323 "http://212.69.160.11:443/renault.activities.at/htdocs/export/pdf/emuc_document/" "Mozilla/5.0 (Linux; Android 5.0) AppleWebKit/537.36 (KHTML, like Gecko) Mobile Safari/537.36 (compatible; Bytespider; spider-feedback@bytedance.com)"
156.59.198.136 - - [27/Sep/2023:12:16:01 +0200] "GET /renault.activities.at/htdocs/export/pdf/emuc_document/10413435.pdf HTTP/1.0" 404 322 "http://212.69.160.11:443/renault.activities.at/htdocs/export/pdf/emuc_document/" "Mozilla/5.0 (Linux; Android 5.0) AppleWebKit/537.36 (KHTML, like Gecko) Mobile Safari/537.36 (compatible; Bytespider; spider-feedback@bytedance.com)"
91.141.70.191 - - [27/Sep/2023:12:16:12 +0200] "GET /entry.php?id=10271&&ser=809711 HTTP/1.1" 200 987 "http://hausegger.activities.at/entry.php?id=10271&&ser=809651" "Mozilla/5.0 (Windows NT 10.0; Win64; x64; rv:109.0) Gecko/20100101 Firefox/117.0"
91.141.70.191 - - [27/Sep/2023:12:16:12 +0200] "GET /gui/javascript/form_form.js?1695809772 HTTP/1.1" 200 16206 "http://hausegger.activities.at/entry.php?id=10271&&ser=809711" "Mozilla/5.0 (Windows NT 10.0; Win64; x64; rv:109.0) Gecko/20100101 Firefox/117.0"
156.59.198.135 - - [27/Sep/2023:12:16:26 +0200] "GET /renault.activities.at/htdocs/export/pdf/emuc_document/10635449.pdf HTTP/1.0" 404 322 "http://212.69.160.11:443/renault.activities.at/htdocs/export/pdf/emuc_document/" "Mozilla/5.0 (Linux; Android 5.0) AppleWebKit/537.36 (KHTML, like Gecko) Mobile Safari/537.36 (compatible; Bytespider; spider-feedback@bytedance.com)"
156.59.198.135 - - [27/Sep/2023:12:16:50 +0200] "GET /renault.activities.at/htdocs/export/pdf/emuc_document/11829641.pdf HTTP/1.0" 404 321 "http://212.69.160.11:443/renault.activities.at/htdocs/export/pdf/emuc_document/" "Mozilla/5.0 (Linux; Android 5.0) AppleWebKit/537.36 (KHTML, like Gecko) Mobile Safari/537.36 (compatible; Bytespider; spider-feedback@bytedance.com)"
91.141.70.191 - - [27/Sep/2023:12:17:12 +0200] "GET /entry.php?id=10271&&ser=809772 HTTP/1.1" 200 987 "http://hausegger.activities.at/entry.php?id=10271&&ser=809711" "Mozilla/5.0 (Windows NT 10.0; Win64; x64; rv:109.0) Gecko/20100101 Firefox/117.0"
91.141.70.191 - - [27/Sep/2023:12:17:12 +0200] "GET /gui/javascript/form_form.js?1695809832 HTTP/1.1" 200 16206 "http://hausegger.activities.at/entry.php?id=10271&&ser=809772" "Mozilla/5.0 (Windows NT 10.0; Win64; x64; rv:109.0) Gecko/20100101 Firefox/117.0"
156.59.198.136 - - [27/Sep/2023:12:17:15 +0200] "GET /renault.activities.at/htdocs/export/pdf/emuc_document/10922418.pdf HTTP/1.0" 404 321 "http://212.69.160.11:443/renault.activities.at/htdocs/export/pdf/emuc_document/" "Mozilla/5.0 (Linux; Android 5.0) AppleWebKit/537.36 (KHTML, like Gecko) Mobile Safari/537.36 (compatible; Bytespider; spider-feedback@bytedance.com)"
156.59.198.135 - - [27/Sep/2023:12:17:39 +0200] "GET /renault.activities.at/htdocs/export/pdf/emuc_document/11537846.pdf HTTP/1.0" 404 322 "http://212.69.160.11:443/renault.activities.at/htdocs/export/pdf/emuc_document/" "Mozilla/5.0 (Linux; Android 5.0) AppleWebKit/537.36 (KHTML, like Gecko) Mobile Safari/537.36 (compatible; Bytespider; spider-feedback@bytedance.com)"
156.59.198.136 - - [27/Sep/2023:12:18:04 +0200] "GET /renault.activities.at/htdocs/export/pdf/emuc_document/10554063.pdf HTTP/1.0" 404 322 "http://212.69.160.11:443/renault.activities.at/htdocs/export/pdf/emuc_document/" "Mozilla/5.0 (Linux; Android 5.0) AppleWebKit/537.36 (KHTML, like Gecko) Mobile Safari/537.36 (compatible; Bytespider; spider-feedback@bytedance.com)"
91.141.70.191 - - [27/Sep/2023:12:18:13 +0200] "GET /entry.php?id=10271&&ser=809832 HTTP/1.1" 200 987 "http://hausegger.activities.at/entry.php?id=10271&&ser=809772" "Mozilla/5.0 (Windows NT 10.0; Win64; x64; rv:109.0) Gecko/20100101 Firefox/117.0"
91.141.70.191 - - [27/Sep/2023:12:18:13 +0200] "GET /gui/javascript/form_form.js?1695809893 HTTP/1.1" 200 16206 "http://hausegger.activities.at/entry.php?id=10271&&ser=809832" "Mozilla/5.0 (Windows NT 10.0; Win64; x64; rv:109.0) Gecko/20100101 Firefox/117.0"
156.59.198.136 - - [27/Sep/2023:12:18:28 +0200] "GET /renault.activities.at/htdocs/export/pdf/emuc_document/10770619.pdf HTTP/1.0" 404 322 "http://212.69.160.11:443/renault.activities.at/htdocs/export/pdf/emuc_document/" "Mozilla/5.0 (Linux; Android 5.0) AppleWebKit/537.36 (KHTML, like Gecko) Mobile Safari/537.36 (compatible; Bytespider; spider-feedback@bytedance.com)"
156.59.198.135 - - [27/Sep/2023:12:18:53 +0200] "GET /renault.activities.at/htdocs/export/pdf/emuc_document/11184995.pdf HTTP/1.0" 404 321 "http://212.69.160.11:443/renault.activities.at/htdocs/export/pdf/emuc_document/" "Mozilla/5.0 (Linux; Android 5.0) AppleWebKit/537.36 (KHTML, like Gecko) Mobile Safari/537.36 (compatible; Bytespider; spider-feedback@bytedance.com)"
91.141.70.191 - - [27/Sep/2023:12:19:13 +0200] "GET /entry.php?id=10271&&ser=809893 HTTP/1.1" 200 987 "http://hausegger.activities.at/entry.php?id=10271&&ser=809832" "Mozilla/5.0 (Windows NT 10.0; Win64; x64; rv:109.0) Gecko/20100101 Firefox/117.0"
91.141.70.191 - - [27/Sep/2023:12:19:13 +0200] "GET /gui/javascript/form_form.js?1695809953 HTTP/1.1" 200 16206 "http://hausegger.activities.at/entry.php?id=10271&&ser=809893" "Mozilla/5.0 (Windows NT 10.0; Win64; x64; rv:109.0) Gecko/20100101 Firefox/117.0"
156.59.198.136 - - [27/Sep/2023:12:19:18 +0200] "GET /renault.activities.at/htdocs/export/pdf/emuc_document/11898893.pdf HTTP/1.0" 404 322 "http://212.69.160.11:443/renault.activities.at/htdocs/export/pdf/emuc_document/" "Mozilla/5.0 (Linux; Android 5.0) AppleWebKit/537.36 (KHTML, like Gecko) Mobile Safari/537.36 (compatible; Bytespider; spider-feedback@bytedance.com)"
156.59.198.136 - - [27/Sep/2023:12:19:41 +0200] "GET /renault.activities.at/htdocs/export/pdf/emuc_document/11072133.pdf HTTP/1.0" 404 322 "http://212.69.160.11:443/renault.activities.at/htdocs/export/pdf/emuc_document/" "Mozilla/5.0 (Linux; Android 5.0) AppleWebKit/537.36 (KHTML, like Gecko) Mobile Safari/537.36 (compatible; Bytespider; spider-feedback@bytedance.com)"
146.190.124.115 - - [27/Sep/2023:12:20:00 +0200] "GET / HTTP/1.1" 200 274 "-" "Mozilla/5.0 (X11; Linux x86_64) AppleWebKit/537.36 (KHTML, like Gecko) Chrome/108.0.0.0 Safari/537.36"
156.59.198.135 - - [27/Sep/2023:12:20:06 +0200] "GET /renault.activities.at/htdocs/export/pdf/emuc_document/10915908.pdf HTTP/1.0" 404 321 "http://212.69.160.11:443/renault.activities.at/htdocs/export/pdf/emuc_document/" "Mozilla/5.0 (Linux; Android 5.0) AppleWebKit/537.36 (KHTML, like Gecko) Mobile Safari/537.36 (compatible; Bytespider; spider-feedback@bytedance.com)"
91.141.70.191 - - [27/Sep/2023:12:20:14 +0200] "GET /entry.php?id=10271&&ser=809953 HTTP/1.1" 200 986 "http://hausegger.activities.at/entry.php?id=10271&&ser=809893" "Mozilla/5.0 (Windows NT 10.0; Win64; x64; rv:109.0) Gecko/20100101 Firefox/117.0"
91.141.70.191 - - [27/Sep/2023:12:20:14 +0200] "GET /gui/javascript/form_form.js?1695810014 HTTP/1.1" 200 16206 "http://hausegger.activities.at/entry.php?id=10271&&ser=809953" "Mozilla/5.0 (Windows NT 10.0; Win64; x64; rv:109.0) Gecko/20100101 Firefox/117.0"
156.59.198.135 - - [27/Sep/2023:12:20:30 +0200] "GET /renault.activities.at/htdocs/export/pdf/emuc_document/10259641.pdf HTTP/1.0" 404 321 "http://212.69.160.11:443/renault.activities.at/htdocs/export/pdf/emuc_document/" "Mozilla/5.0 (Linux; Android 5.0) AppleWebKit/537.36 (KHTML, like Gecko) Mobile Safari/537.36 (compatible; Bytespider; spider-feedback@bytedance.com)"
156.59.198.136 - - [27/Sep/2023:12:20:54 +0200] "GET /renault.activities.at/htdocs/export/pdf/emuc_document/11503884.pdf HTTP/1.0" 404 322 "http://212.69.160.11:443/renault.activities.at/htdocs/export/pdf/emuc_document/" "Mozilla/5.0 (Linux; Android 5.0) AppleWebKit/537.36 (KHTML, like Gecko) Mobile Safari/537.36 (compatible; Bytespider; spider-feedback@bytedance.com)"
109.237.98.53 - - [27/Sep/2023:12:20:54 +0200] "GET / HTTP/1.1" 200 274 "-" "Mozilla/5.0 (Linux; Android 7.0; LGMP450 Build/NRD90U) AppleWebKit/537.36 (KHTML, like Gecko) Chrome/63.0.3239.111 Mobile Safari/537.36"
109.237.98.53 - - [27/Sep/2023:12:20:55 +0200] "GET /admin/config.php HTTP/1.1" 404 289 "-" "Mozilla/5.0 (iPhone; U; CPU like Mac OS X; en) AppleWebKit/420+ (KHTML, like Gecko) Version/3.0 Mobile/1A543a Safari/419.3 3gpp-gba"
91.141.70.191 - - [27/Sep/2023:12:21:14 +0200] "GET /entry.php?id=10271&&ser=810014 HTTP/1.1" 200 986 "http://hausegger.activities.at/entry.php?id=10271&&ser=809953" "Mozilla/5.0 (Windows NT 10.0; Win64; x64; rv:109.0) Gecko/20100101 Firefox/117.0"
91.141.70.191 - - [27/Sep/2023:12:21:14 +0200] "GET /gui/javascript/form_form.js?1695810074 HTTP/1.1" 200 16206 "http://hausegger.activities.at/entry.php?id=10271&&ser=810014" "Mozilla/5.0 (Windows NT 10.0; Win64; x64; rv:109.0) Gecko/20100101 Firefox/117.0"
156.59.198.135 - - [27/Sep/2023:12:21:19 +0200] "GET /renault.activities.at/htdocs/export/pdf/emuc_document/11054563.pdf HTTP/1.0" 404 322 "http://212.69.160.11:443/renault.activities.at/htdocs/export/pdf/emuc_document/" "Mozilla/5.0 (Linux; Android 5.0) AppleWebKit/537.36 (KHTML, like Gecko) Mobile Safari/537.36 (compatible; Bytespider; spider-feedback@bytedance.com)"
156.59.198.135 - - [27/Sep/2023:12:21:43 +0200] "GET /renault.activities.at/htdocs/export/pdf/emuc_document/10430427.pdf HTTP/1.0" 404 322 "http://212.69.160.11:443/renault.activities.at/htdocs/export/pdf/emuc_document/" "Mozilla/5.0 (Linux; Android 5.0) AppleWebKit/537.36 (KHTML, like Gecko) Mobile Safari/537.36 (compatible; Bytespider; spider-feedback@bytedance.com)"
156.59.198.135 - - [27/Sep/2023:12:22:07 +0200] "GET /renault.activities.at/htdocs/export/pdf/emuc_document/11772819.pdf HTTP/1.0" 404 322 "http://212.69.160.11:443/renault.activities.at/htdocs/export/pdf/emuc_document/" "Mozilla/5.0 (Linux; Android 5.0) AppleWebKit/537.36 (KHTML, like Gecko) Mobile Safari/537.36 (compatible; Bytespider; spider-feedback@bytedance.com)"
91.141.70.191 - - [27/Sep/2023:12:22:14 +0200] "GET /entry.php?id=10271&&ser=810074 HTTP/1.1" 200 988 "http://hausegger.activities.at/entry.php?id=10271&&ser=810014" "Mozilla/5.0 (Windows NT 10.0; Win64; x64; rv:109.0) Gecko/20100101 Firefox/117.0"
91.141.70.191 - - [27/Sep/2023:12:22:15 +0200] "GET /gui/javascript/form_form.js?1695810135 HTTP/1.1" 200 16206 "http://hausegger.activities.at/entry.php?id=10271&&ser=810074" "Mozilla/5.0 (Windows NT 10.0; Win64; x64; rv:109.0) Gecko/20100101 Firefox/117.0"
156.59.198.135 - - [27/Sep/2023:12:22:32 +0200] "GET /renault.activities.at/htdocs/export/pdf/emuc_document/10425991.pdf HTTP/1.0" 404 321 "http://212.69.160.11:443/renault.activities.at/htdocs/export/pdf/emuc_document/" "Mozilla/5.0 (Linux; Android 5.0) AppleWebKit/537.36 (KHTML, like Gecko) Mobile Safari/537.36 (compatible; Bytespider; spider-feedback@bytedance.com)"
156.59.198.136 - - [27/Sep/2023:12:22:56 +0200] "GET /renault.activities.at/htdocs/export/pdf/emuc_document/10754166.pdf HTTP/1.0" 404 322 "http://212.69.160.11:443/renault.activities.at/htdocs/export/pdf/emuc_document/" "Mozilla/5.0 (Linux; Android 5.0) AppleWebKit/537.36 (KHTML, like Gecko) Mobile Safari/537.36 (compatible; Bytespider; spider-feedback@bytedance.com)"
91.141.70.191 - - [27/Sep/2023:12:23:15 +0200] "GET /entry.php?id=10271&&ser=810134 HTTP/1.1" 200 986 "http://hausegger.activities.at/entry.php?id=10271&&ser=810074" "Mozilla/5.0 (Windows NT 10.0; Win64; x64; rv:109.0) Gecko/20100101 Firefox/117.0"
91.141.70.191 - - [27/Sep/2023:12:23:15 +0200] "GET /gui/javascript/form_form.js?1695810195 HTTP/1.1" 200 16206 "http://hausegger.activities.at/entry.php?id=10271&&ser=810134" "Mozilla/5.0 (Windows NT 10.0; Win64; x64; rv:109.0) Gecko/20100101 Firefox/117.0"
156.59.198.136 - - [27/Sep/2023:12:23:21 +0200] "GET /renault.activities.at/htdocs/export/pdf/emuc_document/10961452.pdf HTTP/1.0" 404 321 "http://212.69.160.11:443/renault.activities.at/htdocs/export/pdf/emuc_document/" "Mozilla/5.0 (Linux; Android 5.0) AppleWebKit/537.36 (KHTML, like Gecko) Mobile Safari/537.36 (compatible; Bytespider; spider-feedback@bytedance.com)"
156.59.198.136 - - [27/Sep/2023:12:23:45 +0200] "GET /renault.activities.at/htdocs/export/pdf/emuc_document/10252969.pdf HTTP/1.0" 404 321 "http://212.69.160.11:443/renault.activities.at/htdocs/export/pdf/emuc_document/" "Mozilla/5.0 (Linux; Android 5.0) AppleWebKit/537.36 (KHTML, like Gecko) Mobile Safari/537.36 (compatible; Bytespider; spider-feedback@bytedance.com)"
156.59.198.135 - - [27/Sep/2023:12:24:09 +0200] "GET /renault.activities.at/htdocs/export/pdf/emuc_document/11824110.pdf HTTP/1.0" 404 321 "http://212.69.160.11:443/renault.activities.at/htdocs/export/pdf/emuc_document/" "Mozilla/5.0 (Linux; Android 5.0) AppleWebKit/537.36 (KHTML, like Gecko) Mobile Safari/537.36 (compatible; Bytespider; spider-feedback@bytedance.com)"
91.141.70.191 - - [27/Sep/2023:12:24:15 +0200] "GET /entry.php?id=10271&&ser=810195 HTTP/1.1" 200 986 "http://hausegger.activities.at/entry.php?id=10271&&ser=810134" "Mozilla/5.0 (Windows NT 10.0; Win64; x64; rv:109.0) Gecko/20100101 Firefox/117.0"
91.141.70.191 - - [27/Sep/2023:12:24:16 +0200] "GET /gui/javascript/form_form.js?1695810256 HTTP/1.1" 200 16206 "http://hausegger.activities.at/entry.php?id=10271&&ser=810195" "Mozilla/5.0 (Windows NT 10.0; Win64; x64; rv:109.0) Gecko/20100101 Firefox/117.0"
156.59.198.135 - - [27/Sep/2023:12:24:33 +0200] "GET /renault.activities.at/htdocs/export/pdf/emuc_document/10433525.pdf HTTP/1.0" 404 322 "http://212.69.160.11:443/renault.activities.at/htdocs/export/pdf/emuc_document/" "Mozilla/5.0 (Linux; Android 5.0) AppleWebKit/537.36 (KHTML, like Gecko) Mobile Safari/537.36 (compatible; Bytespider; spider-feedback@bytedance.com)"
156.59.198.136 - - [27/Sep/2023:12:24:58 +0200] "GET /renault.activities.at/htdocs/export/pdf/emuc_document/10430381.pdf HTTP/1.0" 404 322 "http://212.69.160.11:443/renault.activities.at/htdocs/export/pdf/emuc_document/" "Mozilla/5.0 (Linux; Android 5.0) AppleWebKit/537.36 (KHTML, like Gecko) Mobile Safari/537.36 (compatible; Bytespider; spider-feedback@bytedance.com)"
91.141.70.191 - - [27/Sep/2023:12:25:16 +0200] "GET /entry.php?id=10271&&ser=810256 HTTP/1.1" 200 987 "http://hausegger.activities.at/entry.php?id=10271&&ser=810195" "Mozilla/5.0 (Windows NT 10.0; Win64; x64; rv:109.0) Gecko/20100101 Firefox/117.0"
91.141.70.191 - - [27/Sep/2023:12:25:16 +0200] "GET /gui/javascript/form_form.js?1695810316 HTTP/1.1" 200 16206 "http://hausegger.activities.at/entry.php?id=10271&&ser=810256" "Mozilla/5.0 (Windows NT 10.0; Win64; x64; rv:109.0) Gecko/20100101 Firefox/117.0"
156.59.198.136 - - [27/Sep/2023:12:25:22 +0200] "GET /renault.activities.at/htdocs/export/pdf/emuc_document/11898941.pdf HTTP/1.0" 404 321 "http://212.69.160.11:443/renault.activities.at/htdocs/export/pdf/emuc_document/" "Mozilla/5.0 (Linux; Android 5.0) AppleWebKit/537.36 (KHTML, like Gecko) Mobile Safari/537.36 (compatible; Bytespider; spider-feedback@bytedance.com)"
205.210.31.103 - - [27/Sep/2023:12:25:42 +0200] "GET / HTTP/1.1" 200 423 "-" "Expanse, a Palo Alto Networks company, searches across the global IPv4 space multiple times per day to identify customers' presences on the Internet. If you would like to be excluded from our scans, please send IP addresses/domains to: scaninfo@paloaltonetworks.com"
156.59.198.135 - - [27/Sep/2023:12:25:46 +0200] "GET /renault.activities.at/htdocs/export/pdf/emuc_document/11483403.pdf HTTP/1.0" 404 322 "http://212.69.160.11:443/renault.activities.at/htdocs/export/pdf/emuc_document/" "Mozilla/5.0 (Linux; Android 5.0) AppleWebKit/537.36 (KHTML, like Gecko) Mobile Safari/537.36 (compatible; Bytespider; spider-feedback@bytedance.com)"
156.59.198.135 - - [27/Sep/2023:12:26:11 +0200] "GET /renault.activities.at/htdocs/export/pdf/emuc_document/11126941.pdf HTTP/1.0" 404 321 "http://212.69.160.11:443/renault.activities.at/htdocs/export/pdf/emuc_document/" "Mozilla/5.0 (Linux; Android 5.0) AppleWebKit/537.36 (KHTML, like Gecko) Mobile Safari/537.36 (compatible; Bytespider; spider-feedback@bytedance.com)"
91.141.70.191 - - [27/Sep/2023:12:26:17 +0200] "GET /entry.php?id=10271&&ser=810316 HTTP/1.1" 200 987 "http://hausegger.activities.at/entry.php?id=10271&&ser=810256" "Mozilla/5.0 (Windows NT 10.0; Win64; x64; rv:109.0) Gecko/20100101 Firefox/117.0"
91.141.70.191 - - [27/Sep/2023:12:26:17 +0200] "GET /gui/javascript/form_form.js?1695810377 HTTP/1.1" 200 16206 "http://hausegger.activities.at/entry.php?id=10271&&ser=810316" "Mozilla/5.0 (Windows NT 10.0; Win64; x64; rv:109.0) Gecko/20100101 Firefox/117.0"
156.59.198.135 - - [27/Sep/2023:12:26:35 +0200] "GET /renault.activities.at/htdocs/export/pdf/emuc_document/10259149.pdf HTTP/1.0" 404 321 "http://212.69.160.11:443/renault.activities.at/htdocs/export/pdf/emuc_document/" "Mozilla/5.0 (Linux; Android 5.0) AppleWebKit/537.36 (KHTML, like Gecko) Mobile Safari/537.36 (compatible; Bytespider; spider-feedback@bytedance.com)"
156.59.198.136 - - [27/Sep/2023:12:26:59 +0200] "GET /renault.activities.at/htdocs/export/pdf/emuc_document/11013177.pdf HTTP/1.0" 404 322 "http://212.69.160.11:443/renault.activities.at/htdocs/export/pdf/emuc_document/" "Mozilla/5.0 (Linux; Android 5.0) AppleWebKit/537.36 (KHTML, like Gecko) Mobile Safari/537.36 (compatible; Bytespider; spider-feedback@bytedance.com)"
91.141.70.191 - - [27/Sep/2023:12:27:17 +0200] "GET /entry.php?id=10271&&ser=810377 HTTP/1.1" 200 987 "http://hausegger.activities.at/entry.php?id=10271&&ser=810316" "Mozilla/5.0 (Windows NT 10.0; Win64; x64; rv:109.0) Gecko/20100101 Firefox/117.0"
91.141.70.191 - - [27/Sep/2023:12:27:17 +0200] "GET /gui/javascript/form_form.js?1695810437 HTTP/1.1" 200 16206 "http://hausegger.activities.at/entry.php?id=10271&&ser=810377" "Mozilla/5.0 (Windows NT 10.0; Win64; x64; rv:109.0) Gecko/20100101 Firefox/117.0"
156.59.198.136 - - [27/Sep/2023:12:27:24 +0200] "GET /renault.activities.at/htdocs/export/pdf/emuc_document/10557086.pdf HTTP/1.0" 404 322 "http://212.69.160.11:443/renault.activities.at/htdocs/export/pdf/emuc_document/" "Mozilla/5.0 (Linux; Android 5.0) AppleWebKit/537.36 (KHTML, like Gecko) Mobile Safari/537.36 (compatible; Bytespider; spider-feedback@bytedance.com)"
156.59.198.136 - - [27/Sep/2023:12:27:48 +0200] "GET /renault.activities.at/htdocs/export/pdf/emuc_document/10452733.pdf HTTP/1.0" 404 323 "http://212.69.160.11:443/renault.activities.at/htdocs/export/pdf/emuc_document/" "Mozilla/5.0 (Linux; Android 5.0) AppleWebKit/537.36 (KHTML, like Gecko) Mobile Safari/537.36 (compatible; Bytespider; spider-feedback@bytedance.com)"
156.59.198.136 - - [27/Sep/2023:12:28:12 +0200] "GET /renault.activities.at/htdocs/export/pdf/emuc_document/11201474.pdf HTTP/1.0" 404 322 "http://212.69.160.11:443/renault.activities.at/htdocs/export/pdf/emuc_document/" "Mozilla/5.0 (Linux; Android 5.0) AppleWebKit/537.36 (KHTML, like Gecko) Mobile Safari/537.36 (compatible; Bytespider; spider-feedback@bytedance.com)"
91.141.70.191 - - [27/Sep/2023:12:28:17 +0200] "GET /entry.php?id=10271&&ser=810437 HTTP/1.1" 200 987 "http://hausegger.activities.at/entry.php?id=10271&&ser=810377" "Mozilla/5.0 (Windows NT 10.0; Win64; x64; rv:109.0) Gecko/20100101 Firefox/117.0"
91.141.70.191 - - [27/Sep/2023:12:28:17 +0200] "GET /gui/javascript/form_form.js?1695810497 HTTP/1.1" 200 16206 "http://hausegger.activities.at/entry.php?id=10271&&ser=810437" "Mozilla/5.0 (Windows NT 10.0; Win64; x64; rv:109.0) Gecko/20100101 Firefox/117.0"
156.59.198.135 - - [27/Sep/2023:12:28:37 +0200] "GET /renault.activities.at/htdocs/export/pdf/emuc_document/10610913.pdf HTTP/1.0" 404 322 "http://212.69.160.11:443/renault.activities.at/htdocs/export/pdf/emuc_document/" "Mozilla/5.0 (Linux; Android 5.0) AppleWebKit/537.36 (KHTML, like Gecko) Mobile Safari/537.36 (compatible; Bytespider; spider-feedback@bytedance.com)"
156.59.198.135 - - [27/Sep/2023:12:29:01 +0200] "GET /renault.activities.at/htdocs/export/pdf/emuc_document/10426520.pdf HTTP/1.0" 404 321 "http://212.69.160.11:443/renault.activities.at/htdocs/export/pdf/emuc_document/" "Mozilla/5.0 (Linux; Android 5.0) AppleWebKit/537.36 (KHTML, like Gecko) Mobile Safari/537.36 (compatible; Bytespider; spider-feedback@bytedance.com)"
91.141.70.191 - - [27/Sep/2023:12:29:18 +0200] "GET /entry.php?id=10271&&ser=810497 HTTP/1.1" 200 988 "http://hausegger.activities.at/entry.php?id=10271&&ser=810437" "Mozilla/5.0 (Windows NT 10.0; Win64; x64; rv:109.0) Gecko/20100101 Firefox/117.0"
91.141.70.191 - - [27/Sep/2023:12:29:18 +0200] "GET /gui/javascript/form_form.js?1695810558 HTTP/1.1" 200 16206 "http://hausegger.activities.at/entry.php?id=10271&&ser=810497" "Mozilla/5.0 (Windows NT 10.0; Win64; x64; rv:109.0) Gecko/20100101 Firefox/117.0"
156.59.198.136 - - [27/Sep/2023:12:29:26 +0200] "GET /renault.activities.at/htdocs/export/pdf/emuc_document/10892188.pdf HTTP/1.0" 404 321 "http://212.69.160.11:443/renault.activities.at/htdocs/export/pdf/emuc_document/" "Mozilla/5.0 (Linux; Android 5.0) AppleWebKit/537.36 (KHTML, like Gecko) Mobile Safari/537.36 (compatible; Bytespider; spider-feedback@bytedance.com)"
156.59.198.135 - - [27/Sep/2023:12:29:50 +0200] "GET /renault.activities.at/htdocs/export/pdf/emuc_document/10530874.pdf HTTP/1.0" 404 323 "http://212.69.160.11:443/renault.activities.at/htdocs/export/pdf/emuc_document/" "Mozilla/5.0 (Linux; Android 5.0) AppleWebKit/537.36 (KHTML, like Gecko) Mobile Safari/537.36 (compatible; Bytespider; spider-feedback@bytedance.com)"
156.59.198.135 - - [27/Sep/2023:12:30:15 +0200] "GET /renault.activities.at/htdocs/export/pdf/emuc_document/11133313.pdf HTTP/1.0" 404 322 "http://212.69.160.11:443/renault.activities.at/htdocs/export/pdf/emuc_document/" "Mozilla/5.0 (Linux; Android 5.0) AppleWebKit/537.36 (KHTML, like Gecko) Mobile Safari/537.36 (compatible; Bytespider; spider-feedback@bytedance.com)"
91.141.70.191 - - [27/Sep/2023:12:30:18 +0200] "GET /entry.php?id=10271&&ser=810558 HTTP/1.1" 200 986 "http://hausegger.activities.at/entry.php?id=10271&&ser=810497" "Mozilla/5.0 (Windows NT 10.0; Win64; x64; rv:109.0) Gecko/20100101 Firefox/117.0"
91.141.70.191 - - [27/Sep/2023:12:30:18 +0200] "GET /gui/javascript/form_form.js?1695810618 HTTP/1.1" 200 16206 "http://hausegger.activities.at/entry.php?id=10271&&ser=810558" "Mozilla/5.0 (Windows NT 10.0; Win64; x64; rv:109.0) Gecko/20100101 Firefox/117.0"
156.59.198.136 - - [27/Sep/2023:12:30:39 +0200] "GET /renault.activities.at/htdocs/export/pdf/emuc_document/10533264.pdf HTTP/1.0" 404 322 "http://212.69.160.11:443/renault.activities.at/htdocs/export/pdf/emuc_document/" "Mozilla/5.0 (Linux; Android 5.0) AppleWebKit/537.36 (KHTML, like Gecko) Mobile Safari/537.36 (compatible; Bytespider; spider-feedback@bytedance.com)"
156.59.198.136 - - [27/Sep/2023:12:31:04 +0200] "GET /renault.activities.at/htdocs/export/pdf/emuc_document/10839817.pdf HTTP/1.0" 404 322 "http://212.69.160.11:443/renault.activities.at/htdocs/export/pdf/emuc_document/" "Mozilla/5.0 (Linux; Android 5.0) AppleWebKit/537.36 (KHTML, like Gecko) Mobile Safari/537.36 (compatible; Bytespider; spider-feedback@bytedance.com)"
91.141.70.191 - - [27/Sep/2023:12:31:18 +0200] "GET /entry.php?id=10271&&ser=810618 HTTP/1.1" 200 987 "http://hausegger.activities.at/entry.php?id=10271&&ser=810558" "Mozilla/5.0 (Windows NT 10.0; Win64; x64; rv:109.0) Gecko/20100101 Firefox/117.0"
91.141.70.191 - - [27/Sep/2023:12:31:19 +0200] "GET /gui/javascript/form_form.js?1695810679 HTTP/1.1" 200 16206 "http://hausegger.activities.at/entry.php?id=10271&&ser=810618" "Mozilla/5.0 (Windows NT 10.0; Win64; x64; rv:109.0) Gecko/20100101 Firefox/117.0"
156.59.198.135 - - [27/Sep/2023:12:31:28 +0200] "GET /renault.activities.at/htdocs/export/pdf/emuc_document/10309879.pdf HTTP/1.0" 404 323 "http://212.69.160.11:443/renault.activities.at/htdocs/export/pdf/emuc_document/" "Mozilla/5.0 (Linux; Android 5.0) AppleWebKit/537.36 (KHTML, like Gecko) Mobile Safari/537.36 (compatible; Bytespider; spider-feedback@bytedance.com)"
156.59.198.136 - - [27/Sep/2023:12:31:52 +0200] "GET /renault.activities.at/htdocs/export/pdf/emuc_document/11274476.pdf HTTP/1.0" 404 322 "http://212.69.160.11:443/renault.activities.at/htdocs/export/pdf/emuc_document/" "Mozilla/5.0 (Linux; Android 5.0) AppleWebKit/537.36 (KHTML, like Gecko) Mobile Safari/537.36 (compatible; Bytespider; spider-feedback@bytedance.com)"
156.59.198.135 - - [27/Sep/2023:12:32:17 +0200] "GET /renault.activities.at/htdocs/export/pdf/emuc_document/10635416.pdf HTTP/1.0" 404 322 "http://212.69.160.11:443/renault.activities.at/htdocs/export/pdf/emuc_document/" "Mozilla/5.0 (Linux; Android 5.0) AppleWebKit/537.36 (KHTML, like Gecko) Mobile Safari/537.36 (compatible; Bytespider; spider-feedback@bytedance.com)"
91.141.70.191 - - [27/Sep/2023:12:32:19 +0200] "GET /entry.php?id=10271&&ser=810679 HTTP/1.1" 200 987 "http://hausegger.activities.at/entry.php?id=10271&&ser=810618" "Mozilla/5.0 (Windows NT 10.0; Win64; x64; rv:109.0) Gecko/20100101 Firefox/117.0"
91.141.70.191 - - [27/Sep/2023:12:32:19 +0200] "GET /gui/javascript/form_form.js?1695810739 HTTP/1.1" 200 16206 "http://hausegger.activities.at/entry.php?id=10271&&ser=810679" "Mozilla/5.0 (Windows NT 10.0; Win64; x64; rv:109.0) Gecko/20100101 Firefox/117.0"
156.59.198.135 - - [27/Sep/2023:12:32:41 +0200] "GET /renault.activities.at/htdocs/export/pdf/emuc_document/11184973.pdf HTTP/1.0" 404 322 "http://212.69.160.11:443/renault.activities.at/htdocs/export/pdf/emuc_document/" "Mozilla/5.0 (Linux; Android 5.0) AppleWebKit/537.36 (KHTML, like Gecko) Mobile Safari/537.36 (compatible; Bytespider; spider-feedback@bytedance.com)"
156.59.198.136 - - [27/Sep/2023:12:33:06 +0200] "GET /renault.activities.at/htdocs/export/pdf/emuc_document/10915913.pdf HTTP/1.0" 404 322 "http://212.69.160.11:443/renault.activities.at/htdocs/export/pdf/emuc_document/" "Mozilla/5.0 (Linux; Android 5.0) AppleWebKit/537.36 (KHTML, like Gecko) Mobile Safari/537.36 (compatible; Bytespider; spider-feedback@bytedance.com)"
91.141.70.191 - - [27/Sep/2023:12:33:19 +0200] "GET /entry.php?id=10271&&ser=810739 HTTP/1.1" 200 987 "http://hausegger.activities.at/entry.php?id=10271&&ser=810679" "Mozilla/5.0 (Windows NT 10.0; Win64; x64; rv:109.0) Gecko/20100101 Firefox/117.0"
91.141.70.191 - - [27/Sep/2023:12:33:19 +0200] "GET /gui/javascript/form_form.js?1695810799 HTTP/1.1" 200 16206 "http://hausegger.activities.at/entry.php?id=10271&&ser=810739" "Mozilla/5.0 (Windows NT 10.0; Win64; x64; rv:109.0) Gecko/20100101 Firefox/117.0"
156.59.198.136 - - [27/Sep/2023:12:33:30 +0200] "GET /renault.activities.at/htdocs/export/pdf/emuc_document/11035118.pdf HTTP/1.0" 404 322 "http://212.69.160.11:443/renault.activities.at/htdocs/export/pdf/emuc_document/" "Mozilla/5.0 (Linux; Android 5.0) AppleWebKit/537.36 (KHTML, like Gecko) Mobile Safari/537.36 (compatible; Bytespider; spider-feedback@bytedance.com)"
156.59.198.136 - - [27/Sep/2023:12:33:55 +0200] "GET /renault.activities.at/htdocs/binaries/10225299.pdf HTTP/1.0" 404 311 "http://212.69.160.11:443/renault.activities.at/htdocs/binaries/" "Mozilla/5.0 (Linux; Android 5.0) AppleWebKit/537.36 (KHTML, like Gecko) Mobile Safari/537.36 (compatible; Bytespider; spider-feedback@bytedance.com)"
91.141.70.191 - - [27/Sep/2023:12:34:19 +0200] "GET /entry.php?id=10271&&ser=810799 HTTP/1.1" 200 987 "http://hausegger.activities.at/entry.php?id=10271&&ser=810739" "Mozilla/5.0 (Windows NT 10.0; Win64; x64; rv:109.0) Gecko/20100101 Firefox/117.0"
91.141.70.191 - - [27/Sep/2023:12:34:19 +0200] "GET /gui/javascript/form_form.js?1695810859 HTTP/1.1" 200 16206 "http://hausegger.activities.at/entry.php?id=10271&&ser=810799" "Mozilla/5.0 (Windows NT 10.0; Win64; x64; rv:109.0) Gecko/20100101 Firefox/117.0"
156.59.198.135 - - [27/Sep/2023:12:34:20 +0200] "GET /renault.activities.at/htdocs/export/pdf/emuc_document/10252897.pdf HTTP/1.0" 404 322 "http://212.69.160.11:443/renault.activities.at/htdocs/export/pdf/emuc_document/" "Mozilla/5.0 (Linux; Android 5.0) AppleWebKit/537.36 (KHTML, like Gecko) Mobile Safari/537.36 (compatible; Bytespider; spider-feedback@bytedance.com)"
156.59.198.135 - - [27/Sep/2023:12:34:43 +0200] "GET /renault.activities.at/htdocs/export/pdf/emuc_document/10711436.pdf HTTP/1.0" 404 322 "http://212.69.160.11:443/renault.activities.at/htdocs/export/pdf/emuc_document/" "Mozilla/5.0 (Linux; Android 5.0) AppleWebKit/537.36 (KHTML, like Gecko) Mobile Safari/537.36 (compatible; Bytespider; spider-feedback@bytedance.com)"
156.59.198.135 - - [27/Sep/2023:12:35:08 +0200] "GET /renault.activities.at/htdocs/export/pdf/emuc_document/10748921.pdf HTTP/1.0" 404 322 "http://212.69.160.11:443/renault.activities.at/htdocs/export/pdf/emuc_document/" "Mozilla/5.0 (Linux; Android 5.0) AppleWebKit/537.36 (KHTML, like Gecko) Mobile Safari/537.36 (compatible; Bytespider; spider-feedback@bytedance.com)"
91.141.70.191 - - [27/Sep/2023:12:35:20 +0200] "GET /entry.php?id=10271&&ser=810859 HTTP/1.1" 200 987 "http://hausegger.activities.at/entry.php?id=10271&&ser=810799" "Mozilla/5.0 (Windows NT 10.0; Win64; x64; rv:109.0) Gecko/20100101 Firefox/117.0"
91.141.70.191 - - [27/Sep/2023:12:35:20 +0200] "GET /gui/javascript/form_form.js?1695810920 HTTP/1.1" 200 16206 "http://hausegger.activities.at/entry.php?id=10271&&ser=810859" "Mozilla/5.0 (Windows NT 10.0; Win64; x64; rv:109.0) Gecko/20100101 Firefox/117.0"
156.59.198.135 - - [27/Sep/2023:12:35:32 +0200] "GET /renault.activities.at/htdocs/export/pdf/emuc_document/11824144.pdf HTTP/1.0" 404 321 "http://212.69.160.11:443/renault.activities.at/htdocs/export/pdf/emuc_document/" "Mozilla/5.0 (Linux; Android 5.0) AppleWebKit/537.36 (KHTML, like Gecko) Mobile Safari/537.36 (compatible; Bytespider; spider-feedback@bytedance.com)"
156.59.198.135 - - [27/Sep/2023:12:35:57 +0200] "GET /renault.activities.at/htdocs/export/pdf/emuc_document/11452336.pdf HTTP/1.0" 404 322 "http://212.69.160.11:443/renault.activities.at/htdocs/export/pdf/emuc_document/" "Mozilla/5.0 (Linux; Android 5.0) AppleWebKit/537.36 (KHTML, like Gecko) Mobile Safari/537.36 (compatible; Bytespider; spider-feedback@bytedance.com)"
91.141.70.191 - - [27/Sep/2023:12:36:20 +0200] "GET /entry.php?id=10271&&ser=810920 HTTP/1.1" 200 987 "http://hausegger.activities.at/entry.php?id=10271&&ser=810859" "Mozilla/5.0 (Windows NT 10.0; Win64; x64; rv:109.0) Gecko/20100101 Firefox/117.0"
91.141.70.191 - - [27/Sep/2023:12:36:20 +0200] "GET /gui/javascript/form_form.js?1695810980 HTTP/1.1" 200 16206 "http://hausegger.activities.at/entry.php?id=10271&&ser=810920" "Mozilla/5.0 (Windows NT 10.0; Win64; x64; rv:109.0) Gecko/20100101 Firefox/117.0"
156.59.198.135 - - [27/Sep/2023:12:36:21 +0200] "GET /renault.activities.at/htdocs/export/pdf/emuc_document/10637300.pdf HTTP/1.0" 404 322 "http://212.69.160.11:443/renault.activities.at/htdocs/export/pdf/emuc_document/" "Mozilla/5.0 (Linux; Android 5.0) AppleWebKit/537.36 (KHTML, like Gecko) Mobile Safari/537.36 (compatible; Bytespider; spider-feedback@bytedance.com)"
156.59.198.135 - - [27/Sep/2023:12:36:45 +0200] "GET /renault.activities.at/htdocs/export/pdf/emuc_document/10709268.pdf HTTP/1.0" 404 322 "http://212.69.160.11:443/renault.activities.at/htdocs/export/pdf/emuc_document/" "Mozilla/5.0 (Linux; Android 5.0) AppleWebKit/537.36 (KHTML, like Gecko) Mobile Safari/537.36 (compatible; Bytespider; spider-feedback@bytedance.com)"
91.141.70.191 - - [27/Sep/2023:12:37:21 +0200] "GET /entry.php?id=10271&&ser=810980 HTTP/1.1" 200 986 "http://hausegger.activities.at/entry.php?id=10271&&ser=810920" "Mozilla/5.0 (Windows NT 10.0; Win64; x64; rv:109.0) Gecko/20100101 Firefox/117.0"
91.141.70.191 - - [27/Sep/2023:12:37:21 +0200] "GET /gui/javascript/form_form.js?1695811041 HTTP/1.1" 200 16206 "http://hausegger.activities.at/entry.php?id=10271&&ser=810980" "Mozilla/5.0 (Windows NT 10.0; Win64; x64; rv:109.0) Gecko/20100101 Firefox/117.0"
156.59.198.136 - - [27/Sep/2023:12:37:34 +0200] "GET /renault.activities.at/htdocs/export/pdf/emuc_document/11810916.pdf HTTP/1.0" 404 321 "http://212.69.160.11:443/renault.activities.at/htdocs/export/pdf/emuc_document/" "Mozilla/5.0 (Linux; Android 5.0) AppleWebKit/537.36 (KHTML, like Gecko) Mobile Safari/537.36 (compatible; Bytespider; spider-feedback@bytedance.com)"
156.59.198.135 - - [27/Sep/2023:12:37:58 +0200] "GET /renault.activities.at/htdocs/export/pdf/emuc_document/10623523.pdf HTTP/1.0" 404 322 "http://212.69.160.11:443/renault.activities.at/htdocs/export/pdf/emuc_document/" "Mozilla/5.0 (Linux; Android 5.0) AppleWebKit/537.36 (KHTML, like Gecko) Mobile Safari/537.36 (compatible; Bytespider; spider-feedback@bytedance.com)"
91.141.70.191 - - [27/Sep/2023:12:38:21 +0200] "GET /entry.php?id=10271&&ser=811041 HTTP/1.1" 200 986 "http://hausegger.activities.at/entry.php?id=10271&&ser=810980" "Mozilla/5.0 (Windows NT 10.0; Win64; x64; rv:109.0) Gecko/20100101 Firefox/117.0"
91.141.70.191 - - [27/Sep/2023:12:38:21 +0200] "GET /gui/javascript/form_form.js?1695811101 HTTP/1.1" 200 16206 "http://hausegger.activities.at/entry.php?id=10271&&ser=811041" "Mozilla/5.0 (Windows NT 10.0; Win64; x64; rv:109.0) Gecko/20100101 Firefox/117.0"
156.59.198.136 - - [27/Sep/2023:12:38:23 +0200] "GET /renault.activities.at/htdocs/export/pdf/emuc_document/10433570.pdf HTTP/1.0" 404 323 "http://212.69.160.11:443/renault.activities.at/htdocs/export/pdf/emuc_document/" "Mozilla/5.0 (Linux; Android 5.0) AppleWebKit/537.36 (KHTML, like Gecko) Mobile Safari/537.36 (compatible; Bytespider; spider-feedback@bytedance.com)"
156.59.198.135 - - [27/Sep/2023:12:38:47 +0200] "GET /renault.activities.at/htdocs/export/pdf/emuc_document/11124919.pdf HTTP/1.0" 404 321 "http://212.69.160.11:443/renault.activities.at/htdocs/export/pdf/emuc_document/" "Mozilla/5.0 (Linux; Android 5.0) AppleWebKit/537.36 (KHTML, like Gecko) Mobile Safari/537.36 (compatible; Bytespider; spider-feedback@bytedance.com)"
156.59.198.136 - - [27/Sep/2023:12:39:11 +0200] "GET /renault.activities.at/htdocs/export/pdf/emuc_document/11730125.pdf HTTP/1.0" 404 322 "http://212.69.160.11:443/renault.activities.at/htdocs/export/pdf/emuc_document/" "Mozilla/5.0 (Linux; Android 5.0) AppleWebKit/537.36 (KHTML, like Gecko) Mobile Safari/537.36 (compatible; Bytespider; spider-feedback@bytedance.com)"
91.141.70.191 - - [27/Sep/2023:12:39:22 +0200] "GET /entry.php?id=10271&&ser=811101 HTTP/1.1" 200 987 "http://hausegger.activities.at/entry.php?id=10271&&ser=811041" "Mozilla/5.0 (Windows NT 10.0; Win64; x64; rv:109.0) Gecko/20100101 Firefox/117.0"
91.141.70.191 - - [27/Sep/2023:12:39:22 +0200] "GET /gui/javascript/form_form.js?1695811162 HTTP/1.1" 200 16206 "http://hausegger.activities.at/entry.php?id=10271&&ser=811101" "Mozilla/5.0 (Windows NT 10.0; Win64; x64; rv:109.0) Gecko/20100101 Firefox/117.0"
156.59.198.136 - - [27/Sep/2023:12:39:36 +0200] "GET /renault.activities.at/htdocs/export/pdf/emuc_document/11076707.pdf HTTP/1.0" 404 322 "http://212.69.160.11:443/renault.activities.at/htdocs/export/pdf/emuc_document/" "Mozilla/5.0 (Linux; Android 5.0) AppleWebKit/537.36 (KHTML, like Gecko) Mobile Safari/537.36 (compatible; Bytespider; spider-feedback@bytedance.com)"
156.59.198.136 - - [27/Sep/2023:12:40:00 +0200] "GET /renault.activities.at/htdocs/export/pdf/emuc_document/10608447.pdf HTTP/1.0" 404 322 "http://212.69.160.11:443/renault.activities.at/htdocs/export/pdf/emuc_document/" "Mozilla/5.0 (Linux; Android 5.0) AppleWebKit/537.36 (KHTML, like Gecko) Mobile Safari/537.36 (compatible; Bytespider; spider-feedback@bytedance.com)"
91.141.70.191 - - [27/Sep/2023:12:40:22 +0200] "GET /entry.php?id=10271&&ser=811162 HTTP/1.1" 200 987 "http://hausegger.activities.at/entry.php?id=10271&&ser=811101" "Mozilla/5.0 (Windows NT 10.0; Win64; x64; rv:109.0) Gecko/20100101 Firefox/117.0"
91.141.70.191 - - [27/Sep/2023:12:40:22 +0200] "GET /gui/javascript/form_form.js?1695811222 HTTP/1.1" 200 16206 "http://hausegger.activities.at/entry.php?id=10271&&ser=811162" "Mozilla/5.0 (Windows NT 10.0; Win64; x64; rv:109.0) Gecko/20100101 Firefox/117.0"
156.59.198.136 - - [27/Sep/2023:12:40:25 +0200] "GET /renault.activities.at/htdocs/export/pdf/emuc_document/10354848.pdf HTTP/1.0" 404 322 "http://212.69.160.11:443/renault.activities.at/htdocs/export/pdf/emuc_document/" "Mozilla/5.0 (Linux; Android 5.0) AppleWebKit/537.36 (KHTML, like Gecko) Mobile Safari/537.36 (compatible; Bytespider; spider-feedback@bytedance.com)"
156.59.198.136 - - [27/Sep/2023:12:40:49 +0200] "GET /renault.activities.at/htdocs/export/pdf/emuc_document/11582005.pdf HTTP/1.0" 404 321 "http://212.69.160.11:443/renault.activities.at/htdocs/export/pdf/emuc_document/" "Mozilla/5.0 (Linux; Android 5.0) AppleWebKit/537.36 (KHTML, like Gecko) Mobile Safari/537.36 (compatible; Bytespider; spider-feedback@bytedance.com)"
156.59.198.136 - - [27/Sep/2023:12:41:13 +0200] "GET /renault.activities.at/htdocs/export/pdf/emuc_document/11177621.pdf HTTP/1.0" 404 321 "http://212.69.160.11:443/renault.activities.at/htdocs/export/pdf/emuc_document/" "Mozilla/5.0 (Linux; Android 5.0) AppleWebKit/537.36 (KHTML, like Gecko) Mobile Safari/537.36 (compatible; Bytespider; spider-feedback@bytedance.com)"
91.141.70.191 - - [27/Sep/2023:12:41:22 +0200] "GET /entry.php?id=10271&&ser=811222 HTTP/1.1" 200 987 "http://hausegger.activities.at/entry.php?id=10271&&ser=811162" "Mozilla/5.0 (Windows NT 10.0; Win64; x64; rv:109.0) Gecko/20100101 Firefox/117.0"
91.141.70.191 - - [27/Sep/2023:12:41:22 +0200] "GET /gui/javascript/form_form.js?1695811282 HTTP/1.1" 200 16206 "http://hausegger.activities.at/entry.php?id=10271&&ser=811222" "Mozilla/5.0 (Windows NT 10.0; Win64; x64; rv:109.0) Gecko/20100101 Firefox/117.0"
156.59.198.136 - - [27/Sep/2023:12:41:38 +0200] "GET /renault.activities.at/htdocs/export/pdf/emuc_document/11660681.pdf HTTP/1.0" 404 321 "http://212.69.160.11:443/renault.activities.at/htdocs/export/pdf/emuc_document/" "Mozilla/5.0 (Linux; Android 5.0) AppleWebKit/537.36 (KHTML, like Gecko) Mobile Safari/537.36 (compatible; Bytespider; spider-feedback@bytedance.com)"
156.59.198.135 - - [27/Sep/2023:12:42:03 +0200] "GET /renault.activities.at/htdocs/export/pdf/emuc_document/10981059.pdf HTTP/1.0" 404 321 "http://212.69.160.11:443/renault.activities.at/htdocs/export/pdf/emuc_document/" "Mozilla/5.0 (Linux; Android 5.0) AppleWebKit/537.36 (KHTML, like Gecko) Mobile Safari/537.36 (compatible; Bytespider; spider-feedback@bytedance.com)"
91.141.70.191 - - [27/Sep/2023:12:42:23 +0200] "GET /entry.php?id=10271&&ser=811282 HTTP/1.1" 200 987 "http://hausegger.activities.at/entry.php?id=10271&&ser=811222" "Mozilla/5.0 (Windows NT 10.0; Win64; x64; rv:109.0) Gecko/20100101 Firefox/117.0"
91.141.70.191 - - [27/Sep/2023:12:42:23 +0200] "GET /gui/javascript/form_form.js?1695811343 HTTP/1.1" 200 16206 "http://hausegger.activities.at/entry.php?id=10271&&ser=811282" "Mozilla/5.0 (Windows NT 10.0; Win64; x64; rv:109.0) Gecko/20100101 Firefox/117.0"
156.59.198.136 - - [27/Sep/2023:12:42:27 +0200] "GET /renault.activities.at/htdocs/export/pdf/emuc_document/10998606.pdf HTTP/1.0" 404 322 "http://212.69.160.11:443/renault.activities.at/htdocs/export/pdf/emuc_document/" "Mozilla/5.0 (Linux; Android 5.0) AppleWebKit/537.36 (KHTML, like Gecko) Mobile Safari/537.36 (compatible; Bytespider; spider-feedback@bytedance.com)"
156.59.198.135 - - [27/Sep/2023:12:42:51 +0200] "GET /renault.activities.at/htdocs/export/pdf/emuc_document/10711509.pdf HTTP/1.0" 404 322 "http://212.69.160.11:443/renault.activities.at/htdocs/export/pdf/emuc_document/" "Mozilla/5.0 (Linux; Android 5.0) AppleWebKit/537.36 (KHTML, like Gecko) Mobile Safari/537.36 (compatible; Bytespider; spider-feedback@bytedance.com)"
156.59.198.135 - - [27/Sep/2023:12:43:16 +0200] "GET /renault.activities.at/htdocs/export/pdf/emuc_document/10610843.pdf HTTP/1.0" 404 322 "http://212.69.160.11:443/renault.activities.at/htdocs/export/pdf/emuc_document/" "Mozilla/5.0 (Linux; Android 5.0) AppleWebKit/537.36 (KHTML, like Gecko) Mobile Safari/537.36 (compatible; Bytespider; spider-feedback@bytedance.com)"
91.141.70.191 - - [27/Sep/2023:12:43:23 +0200] "GET /entry.php?id=10271&&ser=811343 HTTP/1.1" 200 987 "http://hausegger.activities.at/entry.php?id=10271&&ser=811282" "Mozilla/5.0 (Windows NT 10.0; Win64; x64; rv:109.0) Gecko/20100101 Firefox/117.0"
91.141.70.191 - - [27/Sep/2023:12:43:24 +0200] "GET /gui/javascript/form_form.js?1695811404 HTTP/1.1" 200 16206 "http://hausegger.activities.at/entry.php?id=10271&&ser=811343" "Mozilla/5.0 (Windows NT 10.0; Win64; x64; rv:109.0) Gecko/20100101 Firefox/117.0"
156.59.198.136 - - [27/Sep/2023:12:43:40 +0200] "GET /renault.activities.at/htdocs/export/pdf/emuc_document/10776191.pdf HTTP/1.0" 404 322 "http://212.69.160.11:443/renault.activities.at/htdocs/export/pdf/emuc_document/" "Mozilla/5.0 (Linux; Android 5.0) AppleWebKit/537.36 (KHTML, like Gecko) Mobile Safari/537.36 (compatible; Bytespider; spider-feedback@bytedance.com)"
156.59.198.135 - - [27/Sep/2023:12:44:05 +0200] "GET /renault.activities.at/htdocs/export/pdf/emuc_document/10762316.pdf HTTP/1.0" 404 322 "http://212.69.160.11:443/renault.activities.at/htdocs/export/pdf/emuc_document/" "Mozilla/5.0 (Linux; Android 5.0) AppleWebKit/537.36 (KHTML, like Gecko) Mobile Safari/537.36 (compatible; Bytespider; spider-feedback@bytedance.com)"
91.141.70.191 - - [27/Sep/2023:12:44:24 +0200] "GET /entry.php?id=10271&&ser=811404 HTTP/1.1" 200 987 "http://hausegger.activities.at/entry.php?id=10271&&ser=811343" "Mozilla/5.0 (Windows NT 10.0; Win64; x64; rv:109.0) Gecko/20100101 Firefox/117.0"
91.141.70.191 - - [27/Sep/2023:12:44:24 +0200] "GET /gui/javascript/form_form.js?1695811464 HTTP/1.1" 200 16206 "http://hausegger.activities.at/entry.php?id=10271&&ser=811404" "Mozilla/5.0 (Windows NT 10.0; Win64; x64; rv:109.0) Gecko/20100101 Firefox/117.0"
156.59.198.135 - - [27/Sep/2023:12:44:29 +0200] "GET /renault.activities.at/htdocs/export/pdf/emuc_document/10694161.pdf HTTP/1.0" 404 321 "http://212.69.160.11:443/renault.activities.at/htdocs/export/pdf/emuc_document/" "Mozilla/5.0 (Linux; Android 5.0) AppleWebKit/537.36 (KHTML, like Gecko) Mobile Safari/537.36 (compatible; Bytespider; spider-feedback@bytedance.com)"
156.59.198.136 - - [27/Sep/2023:12:44:53 +0200] "GET /renault.activities.at/htdocs/export/pdf/emuc_document/10610861.pdf HTTP/1.0" 404 321 "http://212.69.160.11:443/renault.activities.at/htdocs/export/pdf/emuc_document/" "Mozilla/5.0 (Linux; Android 5.0) AppleWebKit/537.36 (KHTML, like Gecko) Mobile Safari/537.36 (compatible; Bytespider; spider-feedback@bytedance.com)"
156.59.198.135 - - [27/Sep/2023:12:45:18 +0200] "GET /renault.activities.at/htdocs/export/pdf/emuc_document/11642177.pdf HTTP/1.0" 404 322 "http://212.69.160.11:443/renault.activities.at/htdocs/export/pdf/emuc_document/" "Mozilla/5.0 (Linux; Android 5.0) AppleWebKit/537.36 (KHTML, like Gecko) Mobile Safari/537.36 (compatible; Bytespider; spider-feedback@bytedance.com)"
91.141.70.191 - - [27/Sep/2023:12:45:24 +0200] "GET /entry.php?id=10271&&ser=811464 HTTP/1.1" 200 987 "http://hausegger.activities.at/entry.php?id=10271&&ser=811404" "Mozilla/5.0 (Windows NT 10.0; Win64; x64; rv:109.0) Gecko/20100101 Firefox/117.0"
91.141.70.191 - - [27/Sep/2023:12:45:24 +0200] "GET /gui/javascript/jquery/css/gui-themes/custom.min.css HTTP/1.1" 304 - "http://hausegger.activities.at/entry.php?id=10271&&ser=811464" "Mozilla/5.0 (Windows NT 10.0; Win64; x64; rv:109.0) Gecko/20100101 Firefox/117.0"
91.141.70.191 - - [27/Sep/2023:12:45:24 +0200] "GET /gui/javascript/jquery/css/gui-themes/jquery.tooltip.css HTTP/1.1" 304 - "http://hausegger.activities.at/entry.php?id=10271&&ser=811464" "Mozilla/5.0 (Windows NT 10.0; Win64; x64; rv:109.0) Gecko/20100101 Firefox/117.0"
91.141.70.191 - - [27/Sep/2023:12:45:24 +0200] "GET /gui/javascript/jquery/css/gui-themes/ui.spinner.css HTTP/1.1" 304 - "http://hausegger.activities.at/entry.php?id=10271&&ser=811464" "Mozilla/5.0 (Windows NT 10.0; Win64; x64; rv:109.0) Gecko/20100101 Firefox/117.0"
91.141.70.191 - - [27/Sep/2023:12:45:24 +0200] "GET /gui/styles/tmplDefault.css HTTP/1.1" 304 - "http://hausegger.activities.at/entry.php?id=10271&&ser=811464" "Mozilla/5.0 (Windows NT 10.0; Win64; x64; rv:109.0) Gecko/20100101 Firefox/117.0"
91.141.70.191 - - [27/Sep/2023:12:45:24 +0200] "GET /gui/javascript/jquery/js/jquery-1.8.2.js HTTP/1.1" 304 - "http://hausegger.activities.at/entry.php?id=10271&&ser=811464" "Mozilla/5.0 (Windows NT 10.0; Win64; x64; rv:109.0) Gecko/20100101 Firefox/117.0"
91.141.70.191 - - [27/Sep/2023:12:45:24 +0200] "GET /gui/javascript/form_form.js?1695811524 HTTP/1.1" 200 16206 "http://hausegger.activities.at/entry.php?id=10271&&ser=811464" "Mozilla/5.0 (Windows NT 10.0; Win64; x64; rv:109.0) Gecko/20100101 Firefox/117.0"
91.141.70.191 - - [27/Sep/2023:12:45:24 +0200] "GET /gui/javascript/jquery/js/jquery-ui-1.9.0.custom.min.js HTTP/1.1" 304 - "http://hausegger.activities.at/entry.php?id=10271&&ser=811464" "Mozilla/5.0 (Windows NT 10.0; Win64; x64; rv:109.0) Gecko/20100101 Firefox/117.0"
91.141.70.191 - - [27/Sep/2023:12:45:24 +0200] "GET /gui/javascript/jquery/jquery-tooltip/jquery.tooltip.min.js HTTP/1.1" 304 - "http://hausegger.activities.at/entry.php?id=10271&&ser=811464" "Mozilla/5.0 (Windows NT 10.0; Win64; x64; rv:109.0) Gecko/20100101 Firefox/117.0"
156.59.198.136 - - [27/Sep/2023:12:45:42 +0200] "GET /renault.activities.at/htdocs/export/pdf/emuc_document/11358938.pdf HTTP/1.0" 404 322 "http://212.69.160.11:443/renault.activities.at/htdocs/export/pdf/emuc_document/" "Mozilla/5.0 (Linux; Android 5.0) AppleWebKit/537.36 (KHTML, like Gecko) Mobile Safari/537.36 (compatible; Bytespider; spider-feedback@bytedance.com)"
156.59.198.136 - - [27/Sep/2023:12:46:06 +0200] "GET /renault.activities.at/htdocs/export/pdf/emuc_document/11334856.pdf HTTP/1.0" 404 322 "http://212.69.160.11:443/renault.activities.at/htdocs/export/pdf/emuc_document/" "Mozilla/5.0 (Linux; Android 5.0) AppleWebKit/537.36 (KHTML, like Gecko) Mobile Safari/537.36 (compatible; Bytespider; spider-feedback@bytedance.com)"
91.141.70.191 - - [27/Sep/2023:12:46:25 +0200] "GET /entry.php?id=10271&&ser=811524 HTTP/1.1" 200 988 "http://hausegger.activities.at/entry.php?id=10271&&ser=811464" "Mozilla/5.0 (Windows NT 10.0; Win64; x64; rv:109.0) Gecko/20100101 Firefox/117.0"
91.141.70.191 - - [27/Sep/2023:12:46:25 +0200] "GET /gui/javascript/form_form.js?1695811585 HTTP/1.1" 200 16206 "http://hausegger.activities.at/entry.php?id=10271&&ser=811524" "Mozilla/5.0 (Windows NT 10.0; Win64; x64; rv:109.0) Gecko/20100101 Firefox/117.0"
156.59.198.135 - - [27/Sep/2023:12:46:31 +0200] "GET /renault.activities.at/htdocs/export/pdf/emuc_document/10533217.pdf HTTP/1.0" 404 322 "http://212.69.160.11:443/renault.activities.at/htdocs/export/pdf/emuc_document/" "Mozilla/5.0 (Linux; Android 5.0) AppleWebKit/537.36 (KHTML, like Gecko) Mobile Safari/537.36 (compatible; Bytespider; spider-feedback@bytedance.com)"
156.59.198.135 - - [27/Sep/2023:12:46:55 +0200] "GET /renault.activities.at/htdocs/export/pdf/emuc_document/11046219.pdf HTTP/1.0" 404 321 "http://212.69.160.11:443/renault.activities.at/htdocs/export/pdf/emuc_document/" "Mozilla/5.0 (Linux; Android 5.0) AppleWebKit/537.36 (KHTML, like Gecko) Mobile Safari/537.36 (compatible; Bytespider; spider-feedback@bytedance.com)"
156.59.198.136 - - [27/Sep/2023:12:47:20 +0200] "GET /renault.activities.at/htdocs/export/pdf/emuc_document/10916013.pdf HTTP/1.0" 404 322 "http://212.69.160.11:443/renault.activities.at/htdocs/export/pdf/emuc_document/" "Mozilla/5.0 (Linux; Android 5.0) AppleWebKit/537.36 (KHTML, like Gecko) Mobile Safari/537.36 (compatible; Bytespider; spider-feedback@bytedance.com)"
91.141.70.191 - - [27/Sep/2023:12:47:25 +0200] "GET /entry.php?id=10271&&ser=811585 HTTP/1.1" 200 987 "http://hausegger.activities.at/entry.php?id=10271&&ser=811524" "Mozilla/5.0 (Windows NT 10.0; Win64; x64; rv:109.0) Gecko/20100101 Firefox/117.0"
