178.115.70.110 - - [29/Sep/2023:05:07:53 +0200] "GET /gui/javascript/form_form.js?1695956873 HTTP/1.1" 200 16206 "http://hausegger.activities.at/entry.php?id=10271&&ser=956812" "Mozilla/5.0 (Windows NT 10.0; Win64; x64; rv:109.0) Gecko/20100101 Firefox/118.0"
216.244.66.248 - - [29/Sep/2023:05:08:39 +0200] "GET /robots.txt HTTP/1.1" 404 359 "-" "Mozilla/5.0 (compatible; DotBot/1.2; +https://opensiteexplorer.org/dotbot; help@moz.com)"
178.115.70.110 - - [29/Sep/2023:05:08:53 +0200] "GET /entry.php?id=10271&&ser=956873 HTTP/1.1" 200 988 "http://hausegger.activities.at/entry.php?id=10271&&ser=956812" "Mozilla/5.0 (Windows NT 10.0; Win64; x64; rv:109.0) Gecko/20100101 Firefox/118.0"
178.115.70.110 - - [29/Sep/2023:05:08:53 +0200] "GET /gui/javascript/form_form.js?1695956933 HTTP/1.1" 200 16206 "http://hausegger.activities.at/entry.php?id=10271&&ser=956873" "Mozilla/5.0 (Windows NT 10.0; Win64; x64; rv:109.0) Gecko/20100101 Firefox/118.0"
185.102.219.38 - - [29/Sep/2023:05:09:23 +0200] "GET / HTTP/1.1" 200 274 "-" "Mozilla/5.0 (X11; FreeBSD i386; rv:28.0) Gecko/20100101 Firefox/28.0 SeaMonkey/2.25"
178.165.190.55 - - [29/Sep/2023:05:09:53 +0200] "GET /entry.php?id=10271&&ser=956933 HTTP/1.1" 200 987 "http://hausegger.activities.at/entry.php?id=10271&&ser=956873" "Mozilla/5.0 (Windows NT 10.0; Win64; x64; rv:109.0) Gecko/20100101 Firefox/118.0"
178.165.190.55 - - [29/Sep/2023:05:09:53 +0200] "GET /gui/javascript/form_form.js?1695956993 HTTP/1.1" 200 16206 "http://hausegger.activities.at/entry.php?id=10271&&ser=956933" "Mozilla/5.0 (Windows NT 10.0; Win64; x64; rv:109.0) Gecko/20100101 Firefox/118.0"
178.165.190.55 - - [29/Sep/2023:05:10:54 +0200] "GET /entry.php?id=10271&&ser=956993 HTTP/1.1" 200 988 "http://hausegger.activities.at/entry.php?id=10271&&ser=956933" "Mozilla/5.0 (Windows NT 10.0; Win64; x64; rv:109.0) Gecko/20100101 Firefox/118.0"
178.165.190.55 - - [29/Sep/2023:05:10:54 +0200] "GET /gui/javascript/form_form.js?1695957054 HTTP/1.1" 200 16206 "http://hausegger.activities.at/entry.php?id=10271&&ser=956993" "Mozilla/5.0 (Windows NT 10.0; Win64; x64; rv:109.0) Gecko/20100101 Firefox/118.0"
178.165.190.55 - - [29/Sep/2023:05:11:54 +0200] "GET /entry.php?id=10271&&ser=957054 HTTP/1.1" 200 987 "http://hausegger.activities.at/entry.php?id=10271&&ser=956993" "Mozilla/5.0 (Windows NT 10.0; Win64; x64; rv:109.0) Gecko/20100101 Firefox/118.0"
178.165.190.55 - - [29/Sep/2023:05:11:54 +0200] "GET /gui/javascript/form_form.js?1695957114 HTTP/1.1" 200 16206 "http://hausegger.activities.at/entry.php?id=10271&&ser=957054" "Mozilla/5.0 (Windows NT 10.0; Win64; x64; rv:109.0) Gecko/20100101 Firefox/118.0"
178.165.190.55 - - [29/Sep/2023:05:12:54 +0200] "GET /entry.php?id=10271&&ser=957114 HTTP/1.1" 200 988 "http://hausegger.activities.at/entry.php?id=10271&&ser=957054" "Mozilla/5.0 (Windows NT 10.0; Win64; x64; rv:109.0) Gecko/20100101 Firefox/118.0"
178.165.190.55 - - [29/Sep/2023:05:12:55 +0200] "GET /gui/javascript/form_form.js?1695957175 HTTP/1.1" 200 16206 "http://hausegger.activities.at/entry.php?id=10271&&ser=957114" "Mozilla/5.0 (Windows NT 10.0; Win64; x64; rv:109.0) Gecko/20100101 Firefox/118.0"
178.165.190.55 - - [29/Sep/2023:05:13:55 +0200] "GET /entry.php?id=10271&&ser=957175 HTTP/1.1" 200 987 "http://hausegger.activities.at/entry.php?id=10271&&ser=957114" "Mozilla/5.0 (Windows NT 10.0; Win64; x64; rv:109.0) Gecko/20100101 Firefox/118.0"
178.165.190.55 - - [29/Sep/2023:05:13:55 +0200] "GET /gui/javascript/form_form.js?1695957235 HTTP/1.1" 200 16206 "http://hausegger.activities.at/entry.php?id=10271&&ser=957175" "Mozilla/5.0 (Windows NT 10.0; Win64; x64; rv:109.0) Gecko/20100101 Firefox/118.0"
216.244.66.248 - - [29/Sep/2023:05:14:53 +0200] "GET /?plugin=all-in-one-event-calendar&controller=ai1ec_exporter_controller&action=export_events&ai1ec_post_ids=470&no_html=true HTTP/1.1" 200 423 "-" "Mozilla/5.0 (compatible; DotBot/1.2; +https://opensiteexplorer.org/dotbot; help@moz.com)"
178.165.190.55 - - [29/Sep/2023:05:14:55 +0200] "GET /entry.php?id=10271&&ser=957235 HTTP/1.1" 200 988 "http://hausegger.activities.at/entry.php?id=10271&&ser=957175" "Mozilla/5.0 (Windows NT 10.0; Win64; x64; rv:109.0) Gecko/20100101 Firefox/118.0"
178.165.190.55 - - [29/Sep/2023:05:14:55 +0200] "GET /gui/javascript/form_form.js?1695957295 HTTP/1.1" 200 16206 "http://hausegger.activities.at/entry.php?id=10271&&ser=957235" "Mozilla/5.0 (Windows NT 10.0; Win64; x64; rv:109.0) Gecko/20100101 Firefox/118.0"
178.165.190.55 - - [29/Sep/2023:05:15:55 +0200] "GET /entry.php?id=10271&&ser=957295 HTTP/1.1" 200 988 "http://hausegger.activities.at/entry.php?id=10271&&ser=957235" "Mozilla/5.0 (Windows NT 10.0; Win64; x64; rv:109.0) Gecko/20100101 Firefox/118.0"
178.165.190.55 - - [29/Sep/2023:05:15:55 +0200] "GET /gui/javascript/form_form.js?1695957355 HTTP/1.1" 200 16206 "http://hausegger.activities.at/entry.php?id=10271&&ser=957295" "Mozilla/5.0 (Windows NT 10.0; Win64; x64; rv:109.0) Gecko/20100101 Firefox/118.0"
178.165.190.55 - - [29/Sep/2023:05:16:56 +0200] "GET /entry.php?id=10271&&ser=957355 HTTP/1.1" 200 987 "http://hausegger.activities.at/entry.php?id=10271&&ser=957295" "Mozilla/5.0 (Windows NT 10.0; Win64; x64; rv:109.0) Gecko/20100101 Firefox/118.0"
178.165.190.55 - - [29/Sep/2023:05:16:56 +0200] "GET /gui/javascript/form_form.js?1695957416 HTTP/1.1" 200 16206 "http://hausegger.activities.at/entry.php?id=10271&&ser=957355" "Mozilla/5.0 (Windows NT 10.0; Win64; x64; rv:109.0) Gecko/20100101 Firefox/118.0"
178.165.190.55 - - [29/Sep/2023:05:17:56 +0200] "GET /entry.php?id=10271&&ser=957416 HTTP/1.1" 200 987 "http://hausegger.activities.at/entry.php?id=10271&&ser=957355" "Mozilla/5.0 (Windows NT 10.0; Win64; x64; rv:109.0) Gecko/20100101 Firefox/118.0"
178.165.190.55 - - [29/Sep/2023:05:17:56 +0200] "GET /gui/javascript/form_form.js?1695957476 HTTP/1.1" 200 16206 "http://hausegger.activities.at/entry.php?id=10271&&ser=957416" "Mozilla/5.0 (Windows NT 10.0; Win64; x64; rv:109.0) Gecko/20100101 Firefox/118.0"
156.59.198.135 - - [29/Sep/2023:05:18:26 +0200] "GET /renault.activities.at/htdocs/activities/gui/javascript/jquery/jquery-tooltip/demo/karte.png HTTP/1.0" 404 331 "http://212.69.160.11:443/renault.activities.at/htdocs/activities/gui/javascript/jquery/jquery-tooltip/demo/" "Mozilla/5.0 (Linux; Android 5.0) AppleWebKit/537.36 (KHTML, like Gecko) Mobile Safari/537.36 (compatible; Bytespider; spider-feedback@bytedance.com)"
156.59.198.136 - - [29/Sep/2023:05:18:51 +0200] "GET /renault.activities.at/htdocs/activities/gui/javascript/jquery/jquery-tooltip/demo/image.png HTTP/1.0" 404 331 "http://212.69.160.11:443/renault.activities.at/htdocs/activities/gui/javascript/jquery/jquery-tooltip/demo/" "Mozilla/5.0 (Linux; Android 5.0) AppleWebKit/537.36 (KHTML, like Gecko) Mobile Safari/537.36 (compatible; Bytespider; spider-feedback@bytedance.com)"
178.165.190.55 - - [29/Sep/2023:05:18:56 +0200] "GET /entry.php?id=10271&&ser=957476 HTTP/1.1" 200 988 "http://hausegger.activities.at/entry.php?id=10271&&ser=957416" "Mozilla/5.0 (Windows NT 10.0; Win64; x64; rv:109.0) Gecko/20100101 Firefox/118.0"
178.165.190.55 - - [29/Sep/2023:05:18:56 +0200] "GET /gui/javascript/form_form.js?1695957536 HTTP/1.1" 200 16206 "http://hausegger.activities.at/entry.php?id=10271&&ser=957476" "Mozilla/5.0 (Windows NT 10.0; Win64; x64; rv:109.0) Gecko/20100101 Firefox/118.0"
178.165.190.55 - - [29/Sep/2023:05:19:56 +0200] "GET /entry.php?id=10271&&ser=957536 HTTP/1.1" 200 988 "http://hausegger.activities.at/entry.php?id=10271&&ser=957476" "Mozilla/5.0 (Windows NT 10.0; Win64; x64; rv:109.0) Gecko/20100101 Firefox/118.0"
178.165.190.55 - - [29/Sep/2023:05:19:57 +0200] "GET /gui/javascript/form_form.js?1695957597 HTTP/1.1" 200 16206 "http://hausegger.activities.at/entry.php?id=10271&&ser=957536" "Mozilla/5.0 (Windows NT 10.0; Win64; x64; rv:109.0) Gecko/20100101 Firefox/118.0"
178.165.190.55 - - [29/Sep/2023:05:20:57 +0200] "GET /entry.php?id=10271&&ser=957597 HTTP/1.1" 200 987 "http://hausegger.activities.at/entry.php?id=10271&&ser=957536" "Mozilla/5.0 (Windows NT 10.0; Win64; x64; rv:109.0) Gecko/20100101 Firefox/118.0"
178.165.190.55 - - [29/Sep/2023:05:20:57 +0200] "GET /gui/javascript/form_form.js?1695957657 HTTP/1.1" 200 16206 "http://hausegger.activities.at/entry.php?id=10271&&ser=957597" "Mozilla/5.0 (Windows NT 10.0; Win64; x64; rv:109.0) Gecko/20100101 Firefox/118.0"
178.165.190.55 - - [29/Sep/2023:05:21:57 +0200] "GET /entry.php?id=10271&&ser=957657 HTTP/1.1" 200 987 "http://hausegger.activities.at/entry.php?id=10271&&ser=957597" "Mozilla/5.0 (Windows NT 10.0; Win64; x64; rv:109.0) Gecko/20100101 Firefox/118.0"
178.165.190.55 - - [29/Sep/2023:05:21:57 +0200] "GET /gui/javascript/form_form.js?1695957717 HTTP/1.1" 200 16206 "http://hausegger.activities.at/entry.php?id=10271&&ser=957657" "Mozilla/5.0 (Windows NT 10.0; Win64; x64; rv:109.0) Gecko/20100101 Firefox/118.0"
156.59.198.135 - - [29/Sep/2023:05:22:30 +0200] "GET /ed-test.2web.at/stats/lang/awstats-cz.txt HTTP/1.0" 404 303 "http://212.69.160.11:443/ed-test.2web.at/stats/lang/?C=M%3BO=A" "Mozilla/5.0 (Linux; Android 5.0) AppleWebKit/537.36 (KHTML, like Gecko) Mobile Safari/537.36 (compatible; Bytespider; spider-feedback@bytedance.com)"
156.59.198.136 - - [29/Sep/2023:05:22:55 +0200] "GET /ed-test.2web.at/stats/lang/awstats-pt.txt HTTP/1.0" 404 302 "http://212.69.160.11:443/ed-test.2web.at/stats/lang/?C=M%3BO=A" "Mozilla/5.0 (Linux; Android 5.0) AppleWebKit/537.36 (KHTML, like Gecko) Mobile Safari/537.36 (compatible; Bytespider; spider-feedback@bytedance.com)"
178.165.190.55 - - [29/Sep/2023:05:22:57 +0200] "GET /entry.php?id=10271&&ser=957717 HTTP/1.1" 200 986 "http://hausegger.activities.at/entry.php?id=10271&&ser=957657" "Mozilla/5.0 (Windows NT 10.0; Win64; x64; rv:109.0) Gecko/20100101 Firefox/118.0"
178.165.190.55 - - [29/Sep/2023:05:22:57 +0200] "GET /gui/javascript/form_form.js?1695957777 HTTP/1.1" 200 16206 "http://hausegger.activities.at/entry.php?id=10271&&ser=957717" "Mozilla/5.0 (Windows NT 10.0; Win64; x64; rv:109.0) Gecko/20100101 Firefox/118.0"
156.59.198.135 - - [29/Sep/2023:05:23:20 +0200] "GET /ed-test.2web.at/stats/lang/awstats-se.txt HTTP/1.0" 404 302 "http://212.69.160.11:443/ed-test.2web.at/stats/lang/?C=M%3BO=A" "Mozilla/5.0 (Linux; Android 5.0) AppleWebKit/537.36 (KHTML, like Gecko) Mobile Safari/537.36 (compatible; Bytespider; spider-feedback@bytedance.com)"
156.59.198.135 - - [29/Sep/2023:05:23:44 +0200] "GET /ed-test.2web.at/stats/lang/awstats-ko.txt HTTP/1.0" 404 303 "http://212.69.160.11:443/ed-test.2web.at/stats/lang/?C=M%3BO=A" "Mozilla/5.0 (Linux; Android 5.0) AppleWebKit/537.36 (KHTML, like Gecko) Mobile Safari/537.36 (compatible; Bytespider; spider-feedback@bytedance.com)"
178.165.190.55 - - [29/Sep/2023:05:23:58 +0200] "GET /entry.php?id=10271&&ser=957777 HTTP/1.1" 200 987 "http://hausegger.activities.at/entry.php?id=10271&&ser=957717" "Mozilla/5.0 (Windows NT 10.0; Win64; x64; rv:109.0) Gecko/20100101 Firefox/118.0"
178.165.190.55 - - [29/Sep/2023:05:23:58 +0200] "GET /gui/javascript/form_form.js?1695957838 HTTP/1.1" 200 16206 "http://hausegger.activities.at/entry.php?id=10271&&ser=957777" "Mozilla/5.0 (Windows NT 10.0; Win64; x64; rv:109.0) Gecko/20100101 Firefox/118.0"
156.59.198.136 - - [29/Sep/2023:05:24:09 +0200] "GET /ed-test.2web.at/stats/lang/awstats-fi.txt HTTP/1.0" 404 303 "http://212.69.160.11:443/ed-test.2web.at/stats/lang/?C=M%3BO=A" "Mozilla/5.0 (Linux; Android 5.0) AppleWebKit/537.36 (KHTML, like Gecko) Mobile Safari/537.36 (compatible; Bytespider; spider-feedback@bytedance.com)"
156.59.198.136 - - [29/Sep/2023:05:24:36 +0200] "GET /ed-test.2web.at/stats/lang/awstats-th.txt HTTP/1.0" 404 302 "http://212.69.160.11:443/ed-test.2web.at/stats/lang/?C=M%3BO=A" "Mozilla/5.0 (Linux; Android 5.0) AppleWebKit/537.36 (KHTML, like Gecko) Mobile Safari/537.36 (compatible; Bytespider; spider-feedback@bytedance.com)"
178.165.190.55 - - [29/Sep/2023:05:24:58 +0200] "GET /entry.php?id=10271&&ser=957838 HTTP/1.1" 200 987 "http://hausegger.activities.at/entry.php?id=10271&&ser=957777" "Mozilla/5.0 (Windows NT 10.0; Win64; x64; rv:109.0) Gecko/20100101 Firefox/118.0"
178.165.190.55 - - [29/Sep/2023:05:24:58 +0200] "GET /gui/javascript/form_form.js?1695957898 HTTP/1.1" 200 16206 "http://hausegger.activities.at/entry.php?id=10271&&ser=957838" "Mozilla/5.0 (Windows NT 10.0; Win64; x64; rv:109.0) Gecko/20100101 Firefox/118.0"
156.59.198.136 - - [29/Sep/2023:05:24:59 +0200] "GET /ed-test.2web.at/stats/lang/awstats-is.txt HTTP/1.0" 404 302 "http://212.69.160.11:443/ed-test.2web.at/stats/lang/?C=M%3BO=A" "Mozilla/5.0 (Linux; Android 5.0) AppleWebKit/537.36 (KHTML, like Gecko) Mobile Safari/537.36 (compatible; Bytespider; spider-feedback@bytedance.com)"
156.59.198.135 - - [29/Sep/2023:05:25:25 +0200] "GET /ed-test.2web.at/stats/lang/awstats-bg.txt HTTP/1.0" 404 303 "http://212.69.160.11:443/ed-test.2web.at/stats/lang/?C=M%3BO=A" "Mozilla/5.0 (Linux; Android 5.0) AppleWebKit/537.36 (KHTML, like Gecko) Mobile Safari/537.36 (compatible; Bytespider; spider-feedback@bytedance.com)"
156.59.198.136 - - [29/Sep/2023:05:25:48 +0200] "GET /ed-test.2web.at/stats/lang/awstats-hu.txt HTTP/1.0" 404 302 "http://212.69.160.11:443/ed-test.2web.at/stats/lang/?C=M%3BO=A" "Mozilla/5.0 (Linux; Android 5.0) AppleWebKit/537.36 (KHTML, like Gecko) Mobile Safari/537.36 (compatible; Bytespider; spider-feedback@bytedance.com)"
178.165.190.55 - - [29/Sep/2023:05:25:58 +0200] "GET /entry.php?id=10271&&ser=957898 HTTP/1.1" 200 986 "http://hausegger.activities.at/entry.php?id=10271&&ser=957838" "Mozilla/5.0 (Windows NT 10.0; Win64; x64; rv:109.0) Gecko/20100101 Firefox/118.0"
178.165.190.55 - - [29/Sep/2023:05:25:59 +0200] "GET /gui/javascript/form_form.js?1695957959 HTTP/1.1" 200 16206 "http://hausegger.activities.at/entry.php?id=10271&&ser=957898" "Mozilla/5.0 (Windows NT 10.0; Win64; x64; rv:109.0) Gecko/20100101 Firefox/118.0"
156.59.198.135 - - [29/Sep/2023:05:26:13 +0200] "GET /ed-test.2web.at/stats/lang/awstats-he.txt HTTP/1.0" 404 302 "http://212.69.160.11:443/ed-test.2web.at/stats/lang/?C=M%3BO=A" "Mozilla/5.0 (Linux; Android 5.0) AppleWebKit/537.36 (KHTML, like Gecko) Mobile Safari/537.36 (compatible; Bytespider; spider-feedback@bytedance.com)"
156.59.198.136 - - [29/Sep/2023:05:26:39 +0200] "GET /ed-test.2web.at/stats/lang/awstats-lv.txt HTTP/1.0" 404 303 "http://212.69.160.11:443/ed-test.2web.at/stats/lang/?C=M%3BO=A" "Mozilla/5.0 (Linux; Android 5.0) AppleWebKit/537.36 (KHTML, like Gecko) Mobile Safari/537.36 (compatible; Bytespider; spider-feedback@bytedance.com)"
178.165.190.55 - - [29/Sep/2023:05:26:59 +0200] "GET /entry.php?id=10271&&ser=957959 HTTP/1.1" 200 987 "http://hausegger.activities.at/entry.php?id=10271&&ser=957898" "Mozilla/5.0 (Windows NT 10.0; Win64; x64; rv:109.0) Gecko/20100101 Firefox/118.0"
178.165.190.55 - - [29/Sep/2023:05:26:59 +0200] "GET /gui/javascript/form_form.js?1695958019 HTTP/1.1" 200 16206 "http://hausegger.activities.at/entry.php?id=10271&&ser=957959" "Mozilla/5.0 (Windows NT 10.0; Win64; x64; rv:109.0) Gecko/20100101 Firefox/118.0"
156.59.198.135 - - [29/Sep/2023:05:27:02 +0200] "GET /ed-test.2web.at/stats/lang/awstats-al.txt HTTP/1.0" 404 302 "http://212.69.160.11:443/ed-test.2web.at/stats/lang/?C=M%3BO=A" "Mozilla/5.0 (Linux; Android 5.0) AppleWebKit/537.36 (KHTML, like Gecko) Mobile Safari/537.36 (compatible; Bytespider; spider-feedback@bytedance.com)"
156.59.198.136 - - [29/Sep/2023:05:27:26 +0200] "GET /ed-test.2web.at/stats/lang/awstats-ru.txt HTTP/1.0" 404 302 "http://212.69.160.11:443/ed-test.2web.at/stats/lang/?C=M%3BO=A" "Mozilla/5.0 (Linux; Android 5.0) AppleWebKit/537.36 (KHTML, like Gecko) Mobile Safari/537.36 (compatible; Bytespider; spider-feedback@bytedance.com)"
178.165.190.55 - - [29/Sep/2023:05:27:59 +0200] "GET /entry.php?id=10271&&ser=958019 HTTP/1.1" 200 987 "http://hausegger.activities.at/entry.php?id=10271&&ser=957959" "Mozilla/5.0 (Windows NT 10.0; Win64; x64; rv:109.0) Gecko/20100101 Firefox/118.0"
178.165.190.55 - - [29/Sep/2023:05:27:59 +0200] "GET /gui/javascript/form_form.js?1695958079 HTTP/1.1" 200 16206 "http://hausegger.activities.at/entry.php?id=10271&&ser=958019" "Mozilla/5.0 (Windows NT 10.0; Win64; x64; rv:109.0) Gecko/20100101 Firefox/118.0"
156.59.198.136 - - [29/Sep/2023:05:28:16 +0200] "GET /ed-test.2web.at/stats/lang/awstats-pl.txt HTTP/1.0" 404 302 "http://212.69.160.11:443/ed-test.2web.at/stats/lang/?C=M%3BO=A" "Mozilla/5.0 (Linux; Android 5.0) AppleWebKit/537.36 (KHTML, like Gecko) Mobile Safari/537.36 (compatible; Bytespider; spider-feedback@bytedance.com)"
156.59.198.136 - - [29/Sep/2023:05:28:40 +0200] "GET /ed-test.2web.at/stats/lang/awstats-ca.txt HTTP/1.0" 404 302 "http://212.69.160.11:443/ed-test.2web.at/stats/lang/?C=M%3BO=A" "Mozilla/5.0 (Linux; Android 5.0) AppleWebKit/537.36 (KHTML, like Gecko) Mobile Safari/537.36 (compatible; Bytespider; spider-feedback@bytedance.com)"
178.165.190.55 - - [29/Sep/2023:05:28:59 +0200] "GET /entry.php?id=10271&&ser=958079 HTTP/1.1" 200 987 "http://hausegger.activities.at/entry.php?id=10271&&ser=958019" "Mozilla/5.0 (Windows NT 10.0; Win64; x64; rv:109.0) Gecko/20100101 Firefox/118.0"
178.165.190.55 - - [29/Sep/2023:05:28:59 +0200] "GET /gui/javascript/form_form.js?1695958139 HTTP/1.1" 200 16206 "http://hausegger.activities.at/entry.php?id=10271&&ser=958079" "Mozilla/5.0 (Windows NT 10.0; Win64; x64; rv:109.0) Gecko/20100101 Firefox/118.0"
156.59.198.135 - - [29/Sep/2023:05:29:04 +0200] "GET /ed-test.2web.at/stats/lang/awstats-gl.txt HTTP/1.0" 404 303 "http://212.69.160.11:443/ed-test.2web.at/stats/lang/?C=M%3BO=A" "Mozilla/5.0 (Linux; Android 5.0) AppleWebKit/537.36 (KHTML, like Gecko) Mobile Safari/537.36 (compatible; Bytespider; spider-feedback@bytedance.com)"
156.59.198.136 - - [29/Sep/2023:05:29:28 +0200] "GET /ed-test.2web.at/stats/lang/awstats-hr.txt HTTP/1.0" 404 302 "http://212.69.160.11:443/ed-test.2web.at/stats/lang/?C=M%3BO=A" "Mozilla/5.0 (Linux; Android 5.0) AppleWebKit/537.36 (KHTML, like Gecko) Mobile Safari/537.36 (compatible; Bytespider; spider-feedback@bytedance.com)"
178.165.190.55 - - [29/Sep/2023:05:30:00 +0200] "GET /entry.php?id=10271&&ser=958139 HTTP/1.1" 200 987 "http://hausegger.activities.at/entry.php?id=10271&&ser=958079" "Mozilla/5.0 (Windows NT 10.0; Win64; x64; rv:109.0) Gecko/20100101 Firefox/118.0"
178.165.190.55 - - [29/Sep/2023:05:30:00 +0200] "GET /gui/javascript/form_form.js?1695958200 HTTP/1.1" 200 16206 "http://hausegger.activities.at/entry.php?id=10271&&ser=958139" "Mozilla/5.0 (Windows NT 10.0; Win64; x64; rv:109.0) Gecko/20100101 Firefox/118.0"
156.59.198.136 - - [29/Sep/2023:05:30:18 +0200] "GET /ed-test.2web.at/stats/lang/awstats-ba.txt HTTP/1.0" 404 302 "http://212.69.160.11:443/ed-test.2web.at/stats/lang/?C=M%3BO=A" "Mozilla/5.0 (Linux; Android 5.0) AppleWebKit/537.36 (KHTML, like Gecko) Mobile Safari/537.36 (compatible; Bytespider; spider-feedback@bytedance.com)"
156.59.198.135 - - [29/Sep/2023:05:30:42 +0200] "GET /ed-test.2web.at/stats/lang/awstats-ro.txt HTTP/1.0" 404 302 "http://212.69.160.11:443/ed-test.2web.at/stats/lang/?C=M%3BO=A" "Mozilla/5.0 (Linux; Android 5.0) AppleWebKit/537.36 (KHTML, like Gecko) Mobile Safari/537.36 (compatible; Bytespider; spider-feedback@bytedance.com)"
178.165.190.55 - - [29/Sep/2023:05:31:00 +0200] "GET /entry.php?id=10271&&ser=958200 HTTP/1.1" 200 987 "http://hausegger.activities.at/entry.php?id=10271&&ser=958139" "Mozilla/5.0 (Windows NT 10.0; Win64; x64; rv:109.0) Gecko/20100101 Firefox/118.0"
178.165.190.55 - - [29/Sep/2023:05:31:00 +0200] "GET /gui/javascript/form_form.js?1695958260 HTTP/1.1" 200 16206 "http://hausegger.activities.at/entry.php?id=10271&&ser=958200" "Mozilla/5.0 (Windows NT 10.0; Win64; x64; rv:109.0) Gecko/20100101 Firefox/118.0"
156.59.198.135 - - [29/Sep/2023:05:31:08 +0200] "GET /ed-test.2web.at/stats/lang/awstats-de.txt HTTP/1.0" 404 302 "http://212.69.160.11:443/ed-test.2web.at/stats/lang/?C=M%3BO=A" "Mozilla/5.0 (Linux; Android 5.0) AppleWebKit/537.36 (KHTML, like Gecko) Mobile Safari/537.36 (compatible; Bytespider; spider-feedback@bytedance.com)"
156.59.198.135 - - [29/Sep/2023:05:31:33 +0200] "GET /ed-test.2web.at/stats/lang/awstats-mk.txt HTTP/1.0" 404 303 "http://212.69.160.11:443/ed-test.2web.at/stats/lang/?C=M%3BO=A" "Mozilla/5.0 (Linux; Android 5.0) AppleWebKit/537.36 (KHTML, like Gecko) Mobile Safari/537.36 (compatible; Bytespider; spider-feedback@bytedance.com)"
156.59.198.135 - - [29/Sep/2023:05:31:57 +0200] "GET /ed-test.2web.at/stats/lang/awstats-dk.txt HTTP/1.0" 404 303 "http://212.69.160.11:443/ed-test.2web.at/stats/lang/?C=M%3BO=A" "Mozilla/5.0 (Linux; Android 5.0) AppleWebKit/537.36 (KHTML, like Gecko) Mobile Safari/537.36 (compatible; Bytespider; spider-feedback@bytedance.com)"
178.165.190.55 - - [29/Sep/2023:05:32:00 +0200] "GET /entry.php?id=10271&&ser=958260 HTTP/1.1" 200 987 "http://hausegger.activities.at/entry.php?id=10271&&ser=958200" "Mozilla/5.0 (Windows NT 10.0; Win64; x64; rv:109.0) Gecko/20100101 Firefox/118.0"
178.165.190.55 - - [29/Sep/2023:05:32:00 +0200] "GET /gui/javascript/form_form.js?1695958320 HTTP/1.1" 200 16206 "http://hausegger.activities.at/entry.php?id=10271&&ser=958260" "Mozilla/5.0 (Windows NT 10.0; Win64; x64; rv:109.0) Gecko/20100101 Firefox/118.0"
156.59.198.135 - - [29/Sep/2023:05:32:21 +0200] "GET /ed-test.2web.at/stats/lang/awstats-it.txt HTTP/1.0" 404 302 "http://212.69.160.11:443/ed-test.2web.at/stats/lang/?C=M%3BO=A" "Mozilla/5.0 (Linux; Android 5.0) AppleWebKit/537.36 (KHTML, like Gecko) Mobile Safari/537.36 (compatible; Bytespider; spider-feedback@bytedance.com)"
156.59.198.135 - - [29/Sep/2023:05:32:45 +0200] "GET /ed-test.2web.at/stats/lang/awstats-tr.txt HTTP/1.0" 404 302 "http://212.69.160.11:443/ed-test.2web.at/stats/lang/?C=M%3BO=A" "Mozilla/5.0 (Linux; Android 5.0) AppleWebKit/537.36 (KHTML, like Gecko) Mobile Safari/537.36 (compatible; Bytespider; spider-feedback@bytedance.com)"
178.165.190.55 - - [29/Sep/2023:05:33:00 +0200] "GET /entry.php?id=10271&&ser=958320 HTTP/1.1" 200 987 "http://hausegger.activities.at/entry.php?id=10271&&ser=958260" "Mozilla/5.0 (Windows NT 10.0; Win64; x64; rv:109.0) Gecko/20100101 Firefox/118.0"
178.165.190.55 - - [29/Sep/2023:05:33:00 +0200] "GET /gui/javascript/form_form.js?1695958380 HTTP/1.1" 200 16206 "http://hausegger.activities.at/entry.php?id=10271&&ser=958320" "Mozilla/5.0 (Windows NT 10.0; Win64; x64; rv:109.0) Gecko/20100101 Firefox/118.0"
156.59.198.135 - - [29/Sep/2023:05:33:11 +0200] "GET /ed-test.2web.at/stats/lang/awstats-gr.txt HTTP/1.0" 404 303 "http://212.69.160.11:443/ed-test.2web.at/stats/lang/?C=M%3BO=A" "Mozilla/5.0 (Linux; Android 5.0) AppleWebKit/537.36 (KHTML, like Gecko) Mobile Safari/537.36 (compatible; Bytespider; spider-feedback@bytedance.com)"
156.59.198.135 - - [29/Sep/2023:05:33:35 +0200] "GET /ed-test.2web.at/stats/lang/awstats-si.txt HTTP/1.0" 404 302 "http://212.69.160.11:443/ed-test.2web.at/stats/lang/?C=M%3BO=A" "Mozilla/5.0 (Linux; Android 5.0) AppleWebKit/537.36 (KHTML, like Gecko) Mobile Safari/537.36 (compatible; Bytespider; spider-feedback@bytedance.com)"
156.59.198.136 - - [29/Sep/2023:05:34:00 +0200] "GET /ed-test.2web.at/stats/lang/awstats-nb.txt HTTP/1.0" 404 302 "http://212.69.160.11:443/ed-test.2web.at/stats/lang/?C=M%3BO=A" "Mozilla/5.0 (Linux; Android 5.0) AppleWebKit/537.36 (KHTML, like Gecko) Mobile Safari/537.36 (compatible; Bytespider; spider-feedback@bytedance.com)"
178.165.190.55 - - [29/Sep/2023:05:34:01 +0200] "GET /entry.php?id=10271&&ser=958380 HTTP/1.1" 200 987 "http://hausegger.activities.at/entry.php?id=10271&&ser=958320" "Mozilla/5.0 (Windows NT 10.0; Win64; x64; rv:109.0) Gecko/20100101 Firefox/118.0"
178.165.190.55 - - [29/Sep/2023:05:34:01 +0200] "GET /gui/javascript/form_form.js?1695958441 HTTP/1.1" 200 16206 "http://hausegger.activities.at/entry.php?id=10271&&ser=958380" "Mozilla/5.0 (Windows NT 10.0; Win64; x64; rv:109.0) Gecko/20100101 Firefox/118.0"
193.35.18.31 - - [29/Sep/2023:05:34:22 +0200] "POST /boaform/admin/formLogin HTTP/1.1" 404 293 "http://212.69.160.11:80/admin/login.asp" "Mozilla/5.0 (X11; Ubuntu; Linux x86_64; rv:71.0) Gecko/20100101 Firefox/71.0"
156.59.198.135 - - [29/Sep/2023:05:34:24 +0200] "GET /ed-test.2web.at/stats/lang/awstats-sr.txt HTTP/1.0" 404 302 "http://212.69.160.11:443/ed-test.2web.at/stats/lang/?C=M%3BO=A" "Mozilla/5.0 (Linux; Android 5.0) AppleWebKit/537.36 (KHTML, like Gecko) Mobile Safari/537.36 (compatible; Bytespider; spider-feedback@bytedance.com)"
156.59.198.135 - - [29/Sep/2023:05:34:48 +0200] "GET /ed-test.2web.at/stats/lang/awstats-ar.txt HTTP/1.0" 404 302 "http://212.69.160.11:443/ed-test.2web.at/stats/lang/?C=M%3BO=A" "Mozilla/5.0 (Linux; Android 5.0) AppleWebKit/537.36 (KHTML, like Gecko) Mobile Safari/537.36 (compatible; Bytespider; spider-feedback@bytedance.com)"
178.165.190.55 - - [29/Sep/2023:05:35:01 +0200] "GET /entry.php?id=10271&&ser=958441 HTTP/1.1" 200 987 "http://hausegger.activities.at/entry.php?id=10271&&ser=958380" "Mozilla/5.0 (Windows NT 10.0; Win64; x64; rv:109.0) Gecko/20100101 Firefox/118.0"
178.165.190.55 - - [29/Sep/2023:05:35:01 +0200] "GET /gui/javascript/form_form.js?1695958501 HTTP/1.1" 200 16206 "http://hausegger.activities.at/entry.php?id=10271&&ser=958441" "Mozilla/5.0 (Windows NT 10.0; Win64; x64; rv:109.0) Gecko/20100101 Firefox/118.0"
156.59.198.136 - - [29/Sep/2023:05:35:12 +0200] "GET /ed-test.2web.at/stats/lang/awstats-lt.txt HTTP/1.0" 404 302 "http://212.69.160.11:443/ed-test.2web.at/stats/lang/?C=M%3BO=A" "Mozilla/5.0 (Linux; Android 5.0) AppleWebKit/537.36 (KHTML, like Gecko) Mobile Safari/537.36 (compatible; Bytespider; spider-feedback@bytedance.com)"
156.59.198.136 - - [29/Sep/2023:05:35:37 +0200] "GET /ed-test.2web.at/stats/lang/awstats-es.txt HTTP/1.0" 404 302 "http://212.69.160.11:443/ed-test.2web.at/stats/lang/?C=M%3BO=A" "Mozilla/5.0 (Linux; Android 5.0) AppleWebKit/537.36 (KHTML, like Gecko) Mobile Safari/537.36 (compatible; Bytespider; spider-feedback@bytedance.com)"
178.165.190.55 - - [29/Sep/2023:05:36:02 +0200] "GET /entry.php?id=10271&&ser=958501 HTTP/1.1" 200 988 "http://hausegger.activities.at/entry.php?id=10271&&ser=958441" "Mozilla/5.0 (Windows NT 10.0; Win64; x64; rv:109.0) Gecko/20100101 Firefox/118.0"
178.165.190.55 - - [29/Sep/2023:05:36:02 +0200] "GET /gui/javascript/form_form.js?1695958562 HTTP/1.1" 200 16206 "http://hausegger.activities.at/entry.php?id=10271&&ser=958501" "Mozilla/5.0 (Windows NT 10.0; Win64; x64; rv:109.0) Gecko/20100101 Firefox/118.0"
156.59.198.135 - - [29/Sep/2023:05:36:03 +0200] "GET /ed-test.2web.at/stats/lang/awstats-en.txt HTTP/1.0" 404 302 "http://212.69.160.11:443/ed-test.2web.at/stats/lang/?C=M%3BO=A" "Mozilla/5.0 (Linux; Android 5.0) AppleWebKit/537.36 (KHTML, like Gecko) Mobile Safari/537.36 (compatible; Bytespider; spider-feedback@bytedance.com)"
156.59.198.136 - - [29/Sep/2023:05:36:26 +0200] "GET /ed-test.2web.at/stats/lang/awstats-br.txt HTTP/1.0" 404 302 "http://212.69.160.11:443/ed-test.2web.at/stats/lang/?C=M%3BO=A" "Mozilla/5.0 (Linux; Android 5.0) AppleWebKit/537.36 (KHTML, like Gecko) Mobile Safari/537.36 (compatible; Bytespider; spider-feedback@bytedance.com)"
156.59.198.135 - - [29/Sep/2023:05:36:51 +0200] "GET /ed-test.2web.at/stats/lang/awstats-tw.txt HTTP/1.0" 404 302 "http://212.69.160.11:443/ed-test.2web.at/stats/lang/?C=M%3BO=A" "Mozilla/5.0 (Linux; Android 5.0) AppleWebKit/537.36 (KHTML, like Gecko) Mobile Safari/537.36 (compatible; Bytespider; spider-feedback@bytedance.com)"
178.165.190.55 - - [29/Sep/2023:05:37:02 +0200] "GET /entry.php?id=10271&&ser=958562 HTTP/1.1" 200 987 "http://hausegger.activities.at/entry.php?id=10271&&ser=958501" "Mozilla/5.0 (Windows NT 10.0; Win64; x64; rv:109.0) Gecko/20100101 Firefox/118.0"
178.165.190.55 - - [29/Sep/2023:05:37:02 +0200] "GET /gui/javascript/form_form.js?1695958622 HTTP/1.1" 200 16206 "http://hausegger.activities.at/entry.php?id=10271&&ser=958562" "Mozilla/5.0 (Windows NT 10.0; Win64; x64; rv:109.0) Gecko/20100101 Firefox/118.0"
156.59.198.136 - - [29/Sep/2023:05:37:16 +0200] "GET /ed-test.2web.at/stats/lang/awstats-cn.txt HTTP/1.0" 404 302 "http://212.69.160.11:443/ed-test.2web.at/stats/lang/?C=M%3BO=A" "Mozilla/5.0 (Linux; Android 5.0) AppleWebKit/537.36 (KHTML, like Gecko) Mobile Safari/537.36 (compatible; Bytespider; spider-feedback@bytedance.com)"
156.59.198.135 - - [29/Sep/2023:05:37:40 +0200] "GET /ed-test.2web.at/stats/lang/awstats-ua.txt HTTP/1.0" 404 302 "http://212.69.160.11:443/ed-test.2web.at/stats/lang/?C=M%3BO=A" "Mozilla/5.0 (Linux; Android 5.0) AppleWebKit/537.36 (KHTML, like Gecko) Mobile Safari/537.36 (compatible; Bytespider; spider-feedback@bytedance.com)"
178.165.190.55 - - [29/Sep/2023:05:38:03 +0200] "GET /entry.php?id=10271&&ser=958622 HTTP/1.1" 200 987 "http://hausegger.activities.at/entry.php?id=10271&&ser=958562" "Mozilla/5.0 (Windows NT 10.0; Win64; x64; rv:109.0) Gecko/20100101 Firefox/118.0"
178.165.190.55 - - [29/Sep/2023:05:38:03 +0200] "GET /gui/javascript/form_form.js?1695958683 HTTP/1.1" 200 16206 "http://hausegger.activities.at/entry.php?id=10271&&ser=958622" "Mozilla/5.0 (Windows NT 10.0; Win64; x64; rv:109.0) Gecko/20100101 Firefox/118.0"
156.59.198.136 - - [29/Sep/2023:05:38:30 +0200] "GET /ed-test.2web.at/stats/lang/awstats-eu.txt HTTP/1.0" 404 302 "http://212.69.160.11:443/ed-test.2web.at/stats/lang/?C=M%3BO=A" "Mozilla/5.0 (Linux; Android 5.0) AppleWebKit/537.36 (KHTML, like Gecko) Mobile Safari/537.36 (compatible; Bytespider; spider-feedback@bytedance.com)"
156.59.198.135 - - [29/Sep/2023:05:38:54 +0200] "GET /ed-test.2web.at/stats/lang/awstats-fr.txt HTTP/1.0" 404 303 "http://212.69.160.11:443/ed-test.2web.at/stats/lang/?C=M%3BO=A" "Mozilla/5.0 (Linux; Android 5.0) AppleWebKit/537.36 (KHTML, like Gecko) Mobile Safari/537.36 (compatible; Bytespider; spider-feedback@bytedance.com)"
178.165.190.55 - - [29/Sep/2023:05:39:03 +0200] "GET /entry.php?id=10271&&ser=958683 HTTP/1.1" 200 987 "http://hausegger.activities.at/entry.php?id=10271&&ser=958622" "Mozilla/5.0 (Windows NT 10.0; Win64; x64; rv:109.0) Gecko/20100101 Firefox/118.0"
178.165.190.55 - - [29/Sep/2023:05:39:03 +0200] "GET /gui/javascript/form_form.js?1695958743 HTTP/1.1" 200 16206 "http://hausegger.activities.at/entry.php?id=10271&&ser=958683" "Mozilla/5.0 (Windows NT 10.0; Win64; x64; rv:109.0) Gecko/20100101 Firefox/118.0"
156.59.198.135 - - [29/Sep/2023:05:39:19 +0200] "GET /ed-test.2web.at/stats/lang/awstats-et.txt HTTP/1.0" 404 302 "http://212.69.160.11:443/ed-test.2web.at/stats/lang/?C=M%3BO=A" "Mozilla/5.0 (Linux; Android 5.0) AppleWebKit/537.36 (KHTML, like Gecko) Mobile Safari/537.36 (compatible; Bytespider; spider-feedback@bytedance.com)"
156.59.198.136 - - [29/Sep/2023:05:39:44 +0200] "GET /ed-test.2web.at/stats/lang/awstats-cy.txt HTTP/1.0" 404 303 "http://212.69.160.11:443/ed-test.2web.at/stats/lang/?C=M%3BO=A" "Mozilla/5.0 (Linux; Android 5.0) AppleWebKit/537.36 (KHTML, like Gecko) Mobile Safari/537.36 (compatible; Bytespider; spider-feedback@bytedance.com)"
178.165.190.55 - - [29/Sep/2023:05:40:03 +0200] "GET /entry.php?id=10271&&ser=958743 HTTP/1.1" 200 987 "http://hausegger.activities.at/entry.php?id=10271&&ser=958683" "Mozilla/5.0 (Windows NT 10.0; Win64; x64; rv:109.0) Gecko/20100101 Firefox/118.0"
178.165.190.55 - - [29/Sep/2023:05:40:03 +0200] "GET /gui/javascript/form_form.js?1695958803 HTTP/1.1" 200 16206 "http://hausegger.activities.at/entry.php?id=10271&&ser=958743" "Mozilla/5.0 (Windows NT 10.0; Win64; x64; rv:109.0) Gecko/20100101 Firefox/118.0"
156.59.198.136 - - [29/Sep/2023:05:40:33 +0200] "GET /ed-test.2web.at/stats/lang/awstats-nl.txt HTTP/1.0" 404 302 "http://212.69.160.11:443/ed-test.2web.at/stats/lang/?C=M%3BO=A" "Mozilla/5.0 (Linux; Android 5.0) AppleWebKit/537.36 (KHTML, like Gecko) Mobile Safari/537.36 (compatible; Bytespider; spider-feedback@bytedance.com)"
156.59.198.135 - - [29/Sep/2023:05:40:57 +0200] "GET /ed-test.2web.at/stats/lang/awstats-nn.txt HTTP/1.0" 404 302 "http://212.69.160.11:443/ed-test.2web.at/stats/lang/?C=M%3BO=A" "Mozilla/5.0 (Linux; Android 5.0) AppleWebKit/537.36 (KHTML, like Gecko) Mobile Safari/537.36 (compatible; Bytespider; spider-feedback@bytedance.com)"
178.165.190.55 - - [29/Sep/2023:05:41:03 +0200] "GET /entry.php?id=10271&&ser=958803 HTTP/1.1" 200 987 "http://hausegger.activities.at/entry.php?id=10271&&ser=958743" "Mozilla/5.0 (Windows NT 10.0; Win64; x64; rv:109.0) Gecko/20100101 Firefox/118.0"
178.165.190.55 - - [29/Sep/2023:05:41:04 +0200] "GET /gui/javascript/form_form.js?1695958864 HTTP/1.1" 200 16206 "http://hausegger.activities.at/entry.php?id=10271&&ser=958803" "Mozilla/5.0 (Windows NT 10.0; Win64; x64; rv:109.0) Gecko/20100101 Firefox/118.0"
156.59.198.136 - - [29/Sep/2023:05:41:23 +0200] "GET /ed-test.2web.at/stats/lang/awstats-id.txt HTTP/1.0" 404 302 "http://212.69.160.11:443/ed-test.2web.at/stats/lang/?C=M%3BO=A" "Mozilla/5.0 (Linux; Android 5.0) AppleWebKit/537.36 (KHTML, like Gecko) Mobile Safari/537.36 (compatible; Bytespider; spider-feedback@bytedance.com)"
178.165.190.55 - - [29/Sep/2023:05:42:04 +0200] "GET /entry.php?id=10271&&ser=958864 HTTP/1.1" 200 987 "http://hausegger.activities.at/entry.php?id=10271&&ser=958803" "Mozilla/5.0 (Windows NT 10.0; Win64; x64; rv:109.0) Gecko/20100101 Firefox/118.0"
178.165.190.55 - - [29/Sep/2023:05:42:04 +0200] "GET /gui/javascript/form_form.js?1695958924 HTTP/1.1" 200 16206 "http://hausegger.activities.at/entry.php?id=10271&&ser=958864" "Mozilla/5.0 (Windows NT 10.0; Win64; x64; rv:109.0) Gecko/20100101 Firefox/118.0"
45.79.163.53 - - [29/Sep/2023:05:42:28 +0200] "GET / HTTP/1.1" 200 274 "-" "Mozilla/5.0 zgrab/0.x"
172.104.11.51 - - [29/Sep/2023:05:42:29 +0200] "\x16\x03\x01" 400 383 "-" "-"
172.105.128.13 - - [29/Sep/2023:05:42:38 +0200] "GET / HTTP/1.1" 200 274 "-" "Mozilla/5.0 (Macintosh; Intel Mac OS X 13_1) AppleWebKit/537.36 (KHTML, like Gecko) Chrome/108.0.0.0 Safari/537.36"
178.165.190.55 - - [29/Sep/2023:05:43:04 +0200] "GET /entry.php?id=10271&&ser=958924 HTTP/1.1" 200 987 "http://hausegger.activities.at/entry.php?id=10271&&ser=958864" "Mozilla/5.0 (Windows NT 10.0; Win64; x64; rv:109.0) Gecko/20100101 Firefox/118.0"
178.165.190.55 - - [29/Sep/2023:05:43:04 +0200] "GET /gui/javascript/form_form.js?1695958984 HTTP/1.1" 200 16206 "http://hausegger.activities.at/entry.php?id=10271&&ser=958924" "Mozilla/5.0 (Windows NT 10.0; Win64; x64; rv:109.0) Gecko/20100101 Firefox/118.0"
178.165.190.55 - - [29/Sep/2023:05:44:04 +0200] "GET /entry.php?id=10271&&ser=958984 HTTP/1.1" 200 986 "http://hausegger.activities.at/entry.php?id=10271&&ser=958924" "Mozilla/5.0 (Windows NT 10.0; Win64; x64; rv:109.0) Gecko/20100101 Firefox/118.0"
178.165.190.55 - - [29/Sep/2023:05:44:04 +0200] "GET /gui/javascript/form_form.js?1695959044 HTTP/1.1" 200 16206 "http://hausegger.activities.at/entry.php?id=10271&&ser=958984" "Mozilla/5.0 (Windows NT 10.0; Win64; x64; rv:109.0) Gecko/20100101 Firefox/118.0"
178.165.190.55 - - [29/Sep/2023:05:45:05 +0200] "GET /entry.php?id=10271&&ser=959044 HTTP/1.1" 200 986 "http://hausegger.activities.at/entry.php?id=10271&&ser=958984" "Mozilla/5.0 (Windows NT 10.0; Win64; x64; rv:109.0) Gecko/20100101 Firefox/118.0"
178.165.190.55 - - [29/Sep/2023:05:45:05 +0200] "GET /gui/javascript/form_form.js?1695959105 HTTP/1.1" 200 16206 "http://hausegger.activities.at/entry.php?id=10271&&ser=959044" "Mozilla/5.0 (Windows NT 10.0; Win64; x64; rv:109.0) Gecko/20100101 Firefox/118.0"
178.165.190.55 - - [29/Sep/2023:05:46:05 +0200] "GET /entry.php?id=10271&&ser=959105 HTTP/1.1" 200 986 "http://hausegger.activities.at/entry.php?id=10271&&ser=959044" "Mozilla/5.0 (Windows NT 10.0; Win64; x64; rv:109.0) Gecko/20100101 Firefox/118.0"
178.165.190.55 - - [29/Sep/2023:05:46:05 +0200] "GET /gui/javascript/form_form.js?1695959165 HTTP/1.1" 200 16206 "http://hausegger.activities.at/entry.php?id=10271&&ser=959105" "Mozilla/5.0 (Windows NT 10.0; Win64; x64; rv:109.0) Gecko/20100101 Firefox/118.0"
178.165.190.55 - - [29/Sep/2023:05:47:05 +0200] "GET /entry.php?id=10271&&ser=959165 HTTP/1.1" 200 986 "http://hausegger.activities.at/entry.php?id=10271&&ser=959105" "Mozilla/5.0 (Windows NT 10.0; Win64; x64; rv:109.0) Gecko/20100101 Firefox/118.0"
178.165.190.55 - - [29/Sep/2023:05:47:05 +0200] "GET /gui/javascript/form_form.js?1695959225 HTTP/1.1" 200 16206 "http://hausegger.activities.at/entry.php?id=10271&&ser=959165" "Mozilla/5.0 (Windows NT 10.0; Win64; x64; rv:109.0) Gecko/20100101 Firefox/118.0"
178.165.190.55 - - [29/Sep/2023:05:48:05 +0200] "GET /entry.php?id=10271&&ser=959225 HTTP/1.1" 200 986 "http://hausegger.activities.at/entry.php?id=10271&&ser=959165" "Mozilla/5.0 (Windows NT 10.0; Win64; x64; rv:109.0) Gecko/20100101 Firefox/118.0"
178.165.190.55 - - [29/Sep/2023:05:48:06 +0200] "GET /gui/javascript/form_form.js?1695959285 HTTP/1.1" 200 16206 "http://hausegger.activities.at/entry.php?id=10271&&ser=959225" "Mozilla/5.0 (Windows NT 10.0; Win64; x64; rv:109.0) Gecko/20100101 Firefox/118.0"
178.165.190.55 - - [29/Sep/2023:05:49:06 +0200] "GET /entry.php?id=10271&&ser=959285 HTTP/1.1" 200 986 "http://hausegger.activities.at/entry.php?id=10271&&ser=959225" "Mozilla/5.0 (Windows NT 10.0; Win64; x64; rv:109.0) Gecko/20100101 Firefox/118.0"
178.165.190.55 - - [29/Sep/2023:05:49:06 +0200] "GET /gui/javascript/form_form.js?1695959346 HTTP/1.1" 200 16206 "http://hausegger.activities.at/entry.php?id=10271&&ser=959285" "Mozilla/5.0 (Windows NT 10.0; Win64; x64; rv:109.0) Gecko/20100101 Firefox/118.0"
178.165.190.55 - - [29/Sep/2023:05:50:06 +0200] "GET /entry.php?id=10271&&ser=959346 HTTP/1.1" 200 986 "http://hausegger.activities.at/entry.php?id=10271&&ser=959285" "Mozilla/5.0 (Windows NT 10.0; Win64; x64; rv:109.0) Gecko/20100101 Firefox/118.0"
178.165.190.55 - - [29/Sep/2023:05:50:06 +0200] "GET /gui/javascript/form_form.js?1695959406 HTTP/1.1" 200 16206 "http://hausegger.activities.at/entry.php?id=10271&&ser=959346" "Mozilla/5.0 (Windows NT 10.0; Win64; x64; rv:109.0) Gecko/20100101 Firefox/118.0"
178.165.190.55 - - [29/Sep/2023:05:51:06 +0200] "GET /entry.php?id=10271&&ser=959406 HTTP/1.1" 200 986 "http://hausegger.activities.at/entry.php?id=10271&&ser=959346" "Mozilla/5.0 (Windows NT 10.0; Win64; x64; rv:109.0) Gecko/20100101 Firefox/118.0"
178.165.190.55 - - [29/Sep/2023:05:51:06 +0200] "GET /gui/javascript/form_form.js?1695959466 HTTP/1.1" 200 16206 "http://hausegger.activities.at/entry.php?id=10271&&ser=959406" "Mozilla/5.0 (Windows NT 10.0; Win64; x64; rv:109.0) Gecko/20100101 Firefox/118.0"
178.165.190.55 - - [29/Sep/2023:05:52:07 +0200] "GET /entry.php?id=10271&&ser=959466 HTTP/1.1" 200 986 "http://hausegger.activities.at/entry.php?id=10271&&ser=959406" "Mozilla/5.0 (Windows NT 10.0; Win64; x64; rv:109.0) Gecko/20100101 Firefox/118.0"
178.165.190.55 - - [29/Sep/2023:05:52:07 +0200] "GET /gui/javascript/form_form.js?1695959527 HTTP/1.1" 200 16206 "http://hausegger.activities.at/entry.php?id=10271&&ser=959466" "Mozilla/5.0 (Windows NT 10.0; Win64; x64; rv:109.0) Gecko/20100101 Firefox/118.0"
178.165.190.55 - - [29/Sep/2023:05:53:07 +0200] "GET /entry.php?id=10271&&ser=959527 HTTP/1.1" 200 986 "http://hausegger.activities.at/entry.php?id=10271&&ser=959466" "Mozilla/5.0 (Windows NT 10.0; Win64; x64; rv:109.0) Gecko/20100101 Firefox/118.0"
178.165.190.55 - - [29/Sep/2023:05:53:07 +0200] "GET /gui/javascript/form_form.js?1695959587 HTTP/1.1" 200 16206 "http://hausegger.activities.at/entry.php?id=10271&&ser=959527" "Mozilla/5.0 (Windows NT 10.0; Win64; x64; rv:109.0) Gecko/20100101 Firefox/118.0"
178.165.190.55 - - [29/Sep/2023:05:54:07 +0200] "GET /entry.php?id=10271&&ser=959587 HTTP/1.1" 200 986 "http://hausegger.activities.at/entry.php?id=10271&&ser=959527" "Mozilla/5.0 (Windows NT 10.0; Win64; x64; rv:109.0) Gecko/20100101 Firefox/118.0"
178.165.190.55 - - [29/Sep/2023:05:54:07 +0200] "GET /gui/javascript/form_form.js?1695959647 HTTP/1.1" 200 16206 "http://hausegger.activities.at/entry.php?id=10271&&ser=959587" "Mozilla/5.0 (Windows NT 10.0; Win64; x64; rv:109.0) Gecko/20100101 Firefox/118.0"
178.165.190.55 - - [29/Sep/2023:05:55:07 +0200] "GET /entry.php?id=10271&&ser=959647 HTTP/1.1" 200 986 "http://hausegger.activities.at/entry.php?id=10271&&ser=959587" "Mozilla/5.0 (Windows NT 10.0; Win64; x64; rv:109.0) Gecko/20100101 Firefox/118.0"
178.165.190.55 - - [29/Sep/2023:05:55:08 +0200] "GET /gui/javascript/form_form.js?1695959707 HTTP/1.1" 200 16206 "http://hausegger.activities.at/entry.php?id=10271&&ser=959647" "Mozilla/5.0 (Windows NT 10.0; Win64; x64; rv:109.0) Gecko/20100101 Firefox/118.0"
93.51.210.146 - - [29/Sep/2023:05:55:10 +0200] "HEAD /robots.txt HTTP/1.0" 404 - "-" "-"
178.165.190.55 - - [29/Sep/2023:05:56:08 +0200] "GET /entry.php?id=10271&&ser=959707 HTTP/1.1" 200 986 "http://hausegger.activities.at/entry.php?id=10271&&ser=959647" "Mozilla/5.0 (Windows NT 10.0; Win64; x64; rv:109.0) Gecko/20100101 Firefox/118.0"
178.165.190.55 - - [29/Sep/2023:05:56:08 +0200] "GET /gui/javascript/form_form.js?1695959768 HTTP/1.1" 200 16206 "http://hausegger.activities.at/entry.php?id=10271&&ser=959707" "Mozilla/5.0 (Windows NT 10.0; Win64; x64; rv:109.0) Gecko/20100101 Firefox/118.0"
178.165.190.55 - - [29/Sep/2023:05:57:08 +0200] "GET /entry.php?id=10271&&ser=959768 HTTP/1.1" 200 987 "http://hausegger.activities.at/entry.php?id=10271&&ser=959707" "Mozilla/5.0 (Windows NT 10.0; Win64; x64; rv:109.0) Gecko/20100101 Firefox/118.0"
178.165.190.55 - - [29/Sep/2023:05:57:08 +0200] "GET /gui/javascript/form_form.js?1695959828 HTTP/1.1" 200 16206 "http://hausegger.activities.at/entry.php?id=10271&&ser=959768" "Mozilla/5.0 (Windows NT 10.0; Win64; x64; rv:109.0) Gecko/20100101 Firefox/118.0"
178.165.190.55 - - [29/Sep/2023:05:58:08 +0200] "GET /entry.php?id=10271&&ser=959828 HTTP/1.1" 200 986 "http://hausegger.activities.at/entry.php?id=10271&&ser=959768" "Mozilla/5.0 (Windows NT 10.0; Win64; x64; rv:109.0) Gecko/20100101 Firefox/118.0"
178.165.190.55 - - [29/Sep/2023:05:58:08 +0200] "GET /gui/javascript/form_form.js?1695959888 HTTP/1.1" 200 16206 "http://hausegger.activities.at/entry.php?id=10271&&ser=959828" "Mozilla/5.0 (Windows NT 10.0; Win64; x64; rv:109.0) Gecko/20100101 Firefox/118.0"
178.165.190.55 - - [29/Sep/2023:05:59:08 +0200] "GET /entry.php?id=10271&&ser=959888 HTTP/1.1" 200 986 "http://hausegger.activities.at/entry.php?id=10271&&ser=959828" "Mozilla/5.0 (Windows NT 10.0; Win64; x64; rv:109.0) Gecko/20100101 Firefox/118.0"
178.165.190.55 - - [29/Sep/2023:05:59:09 +0200] "GET /gui/javascript/form_form.js?1695959949 HTTP/1.1" 200 16206 "http://hausegger.activities.at/entry.php?id=10271&&ser=959888" "Mozilla/5.0 (Windows NT 10.0; Win64; x64; rv:109.0) Gecko/20100101 Firefox/118.0"
178.165.190.55 - - [29/Sep/2023:06:00:09 +0200] "GET /entry.php?id=10271&&ser=959949 HTTP/1.1" 200 987 "http://hausegger.activities.at/entry.php?id=10271&&ser=959888" "Mozilla/5.0 (Windows NT 10.0; Win64; x64; rv:109.0) Gecko/20100101 Firefox/118.0"
178.165.190.55 - - [29/Sep/2023:06:00:09 +0200] "GET /gui/javascript/form_form.js?1695960009 HTTP/1.1" 200 16206 "http://hausegger.activities.at/entry.php?id=10271&&ser=959949" "Mozilla/5.0 (Windows NT 10.0; Win64; x64; rv:109.0) Gecko/20100101 Firefox/118.0"
178.165.190.55 - - [29/Sep/2023:06:01:09 +0200] "GET /entry.php?id=10271&&ser=960009 HTTP/1.1" 200 987 "http://hausegger.activities.at/entry.php?id=10271&&ser=959949" "Mozilla/5.0 (Windows NT 10.0; Win64; x64; rv:109.0) Gecko/20100101 Firefox/118.0"
178.165.190.55 - - [29/Sep/2023:06:01:09 +0200] "GET /gui/javascript/form_form.js?1695960069 HTTP/1.1" 200 16206 "http://hausegger.activities.at/entry.php?id=10271&&ser=960009" "Mozilla/5.0 (Windows NT 10.0; Win64; x64; rv:109.0) Gecko/20100101 Firefox/118.0"
178.165.190.55 - - [29/Sep/2023:06:02:09 +0200] "GET /entry.php?id=10271&&ser=960069 HTTP/1.1" 200 987 "http://hausegger.activities.at/entry.php?id=10271&&ser=960009" "Mozilla/5.0 (Windows NT 10.0; Win64; x64; rv:109.0) Gecko/20100101 Firefox/118.0"
178.165.190.55 - - [29/Sep/2023:06:02:10 +0200] "GET /gui/javascript/form_form.js?1695960130 HTTP/1.1" 200 16206 "http://hausegger.activities.at/entry.php?id=10271&&ser=960069" "Mozilla/5.0 (Windows NT 10.0; Win64; x64; rv:109.0) Gecko/20100101 Firefox/118.0"
178.165.190.55 - - [29/Sep/2023:06:03:10 +0200] "GET /entry.php?id=10271&&ser=960130 HTTP/1.1" 200 987 "http://hausegger.activities.at/entry.php?id=10271&&ser=960069" "Mozilla/5.0 (Windows NT 10.0; Win64; x64; rv:109.0) Gecko/20100101 Firefox/118.0"
178.165.190.55 - - [29/Sep/2023:06:03:10 +0200] "GET /gui/javascript/form_form.js?1695960190 HTTP/1.1" 200 16206 "http://hausegger.activities.at/entry.php?id=10271&&ser=960130" "Mozilla/5.0 (Windows NT 10.0; Win64; x64; rv:109.0) Gecko/20100101 Firefox/118.0"
178.165.190.55 - - [29/Sep/2023:06:04:10 +0200] "GET /entry.php?id=10271&&ser=960190 HTTP/1.1" 200 986 "http://hausegger.activities.at/entry.php?id=10271&&ser=960130" "Mozilla/5.0 (Windows NT 10.0; Win64; x64; rv:109.0) Gecko/20100101 Firefox/118.0"
178.165.190.55 - - [29/Sep/2023:06:04:10 +0200] "GET /gui/javascript/form_form.js?1695960250 HTTP/1.1" 200 16206 "http://hausegger.activities.at/entry.php?id=10271&&ser=960190" "Mozilla/5.0 (Windows NT 10.0; Win64; x64; rv:109.0) Gecko/20100101 Firefox/118.0"
178.165.190.55 - - [29/Sep/2023:06:05:10 +0200] "GET /entry.php?id=10271&&ser=960250 HTTP/1.1" 200 987 "http://hausegger.activities.at/entry.php?id=10271&&ser=960190" "Mozilla/5.0 (Windows NT 10.0; Win64; x64; rv:109.0) Gecko/20100101 Firefox/118.0"
178.165.190.55 - - [29/Sep/2023:06:05:10 +0200] "GET /gui/javascript/form_form.js?1695960310 HTTP/1.1" 200 16206 "http://hausegger.activities.at/entry.php?id=10271&&ser=960250" "Mozilla/5.0 (Windows NT 10.0; Win64; x64; rv:109.0) Gecko/20100101 Firefox/118.0"
178.165.190.55 - - [29/Sep/2023:06:06:10 +0200] "GET /entry.php?id=10271&&ser=960310 HTTP/1.1" 200 987 "http://hausegger.activities.at/entry.php?id=10271&&ser=960250" "Mozilla/5.0 (Windows NT 10.0; Win64; x64; rv:109.0) Gecko/20100101 Firefox/118.0"
178.165.190.55 - - [29/Sep/2023:06:06:11 +0200] "GET /gui/javascript/form_form.js?1695960371 HTTP/1.1" 200 16206 "http://hausegger.activities.at/entry.php?id=10271&&ser=960310" "Mozilla/5.0 (Windows NT 10.0; Win64; x64; rv:109.0) Gecko/20100101 Firefox/118.0"
178.165.190.55 - - [29/Sep/2023:06:07:11 +0200] "GET /entry.php?id=10271&&ser=960371 HTTP/1.1" 200 987 "http://hausegger.activities.at/entry.php?id=10271&&ser=960310" "Mozilla/5.0 (Windows NT 10.0; Win64; x64; rv:109.0) Gecko/20100101 Firefox/118.0"
178.165.190.55 - - [29/Sep/2023:06:07:11 +0200] "GET /gui/javascript/form_form.js?1695960431 HTTP/1.1" 200 16206 "http://hausegger.activities.at/entry.php?id=10271&&ser=960371" "Mozilla/5.0 (Windows NT 10.0; Win64; x64; rv:109.0) Gecko/20100101 Firefox/118.0"
178.165.190.55 - - [29/Sep/2023:06:08:11 +0200] "GET /entry.php?id=10271&&ser=960431 HTTP/1.1" 200 987 "http://hausegger.activities.at/entry.php?id=10271&&ser=960371" "Mozilla/5.0 (Windows NT 10.0; Win64; x64; rv:109.0) Gecko/20100101 Firefox/118.0"
178.165.190.55 - - [29/Sep/2023:06:08:11 +0200] "GET /gui/javascript/form_form.js?1695960491 HTTP/1.1" 200 16206 "http://hausegger.activities.at/entry.php?id=10271&&ser=960431" "Mozilla/5.0 (Windows NT 10.0; Win64; x64; rv:109.0) Gecko/20100101 Firefox/118.0"
178.165.190.55 - - [29/Sep/2023:06:09:11 +0200] "GET /entry.php?id=10271&&ser=960491 HTTP/1.1" 200 987 "http://hausegger.activities.at/entry.php?id=10271&&ser=960431" "Mozilla/5.0 (Windows NT 10.0; Win64; x64; rv:109.0) Gecko/20100101 Firefox/118.0"
178.165.190.55 - - [29/Sep/2023:06:09:11 +0200] "GET /gui/javascript/form_form.js?1695960551 HTTP/1.1" 200 16206 "http://hausegger.activities.at/entry.php?id=10271&&ser=960491" "Mozilla/5.0 (Windows NT 10.0; Win64; x64; rv:109.0) Gecko/20100101 Firefox/118.0"
178.165.190.55 - - [29/Sep/2023:06:10:12 +0200] "GET /entry.php?id=10271&&ser=960551 HTTP/1.1" 200 987 "http://hausegger.activities.at/entry.php?id=10271&&ser=960491" "Mozilla/5.0 (Windows NT 10.0; Win64; x64; rv:109.0) Gecko/20100101 Firefox/118.0"
178.165.190.55 - - [29/Sep/2023:06:10:12 +0200] "GET /gui/javascript/form_form.js?1695960612 HTTP/1.1" 200 16206 "http://hausegger.activities.at/entry.php?id=10271&&ser=960551" "Mozilla/5.0 (Windows NT 10.0; Win64; x64; rv:109.0) Gecko/20100101 Firefox/118.0"
178.165.190.55 - - [29/Sep/2023:06:11:12 +0200] "GET /entry.php?id=10271&&ser=960612 HTTP/1.1" 200 987 "http://hausegger.activities.at/entry.php?id=10271&&ser=960551" "Mozilla/5.0 (Windows NT 10.0; Win64; x64; rv:109.0) Gecko/20100101 Firefox/118.0"
178.165.190.55 - - [29/Sep/2023:06:11:12 +0200] "GET /gui/javascript/form_form.js?1695960672 HTTP/1.1" 200 16206 "http://hausegger.activities.at/entry.php?id=10271&&ser=960612" "Mozilla/5.0 (Windows NT 10.0; Win64; x64; rv:109.0) Gecko/20100101 Firefox/118.0"
162.216.150.149 - - [29/Sep/2023:06:11:31 +0200] "GET / HTTP/1.1" 200 423 "-" "Expanse, a Palo Alto Networks company, searches across the global IPv4 space multiple times per day to identify customers' presences on the Internet. If you would like to be excluded from our scans, please send IP addresses/domains to: scaninfo@paloaltonetworks.com"
178.165.190.55 - - [29/Sep/2023:06:12:12 +0200] "GET /entry.php?id=10271&&ser=960672 HTTP/1.1" 200 987 "http://hausegger.activities.at/entry.php?id=10271&&ser=960612" "Mozilla/5.0 (Windows NT 10.0; Win64; x64; rv:109.0) Gecko/20100101 Firefox/118.0"
178.165.190.55 - - [29/Sep/2023:06:12:12 +0200] "GET /gui/javascript/form_form.js?1695960732 HTTP/1.1" 200 16206 "http://hausegger.activities.at/entry.php?id=10271&&ser=960672" "Mozilla/5.0 (Windows NT 10.0; Win64; x64; rv:109.0) Gecko/20100101 Firefox/118.0"
178.165.190.55 - - [29/Sep/2023:06:13:12 +0200] "GET /entry.php?id=10271&&ser=960732 HTTP/1.1" 200 987 "http://hausegger.activities.at/entry.php?id=10271&&ser=960672" "Mozilla/5.0 (Windows NT 10.0; Win64; x64; rv:109.0) Gecko/20100101 Firefox/118.0"
