178.115.69.135 - - [02/Oct/2023:18:49:42 +0200] "GET /gui/javascript/form_form.js?1696265382 HTTP/1.1" 200 16206 "http://hausegger.activities.at/entry.php?id=10271&&ser=265321" "Mozilla/5.0 (Windows NT 10.0; Win64; x64) AppleWebKit/537.36 (KHTML, like Gecko) Chrome/117.0.0.0 Safari/537.36"
156.59.198.136 - - [02/Oct/2023:18:50:00 +0200] "GET /renault.2web.at/htdocs/binaries/10015817.pdf HTTP/1.0" 404 308 "http://212.69.160.11:443/renault.2web.at/htdocs/binaries/?C=M%3BO=A" "Mozilla/5.0 (Linux; Android 5.0) AppleWebKit/537.36 (KHTML, like Gecko) Mobile Safari/537.36 (compatible; Bytespider; spider-feedback@bytedance.com)"
156.59.198.136 - - [02/Oct/2023:18:50:23 +0200] "GET /renault.2web.at/htdocs/binaries/10449712.doc HTTP/1.0" 404 308 "http://212.69.160.11:443/renault.2web.at/htdocs/binaries/?C=M%3BO=A" "Mozilla/5.0 (Linux; Android 5.0) AppleWebKit/537.36 (KHTML, like Gecko) Mobile Safari/537.36 (compatible; Bytespider; spider-feedback@bytedance.com)"
178.115.69.135 - - [02/Oct/2023:18:50:34 +0200] "GET /entry.php?id=10271&&ser=265374 HTTP/1.1" 200 987 "http://hausegger.activities.at/entry.php?id=10271&&ser=265314" "Mozilla/5.0 (Windows NT 10.0; Win64; x64; rv:109.0) Gecko/20100101 Firefox/118.0"
178.115.69.135 - - [02/Oct/2023:18:50:35 +0200] "GET /gui/javascript/form_form.js?1696265435 HTTP/1.1" 200 16206 "http://hausegger.activities.at/entry.php?id=10271&&ser=265374" "Mozilla/5.0 (Windows NT 10.0; Win64; x64; rv:109.0) Gecko/20100101 Firefox/118.0"
178.115.69.135 - - [02/Oct/2023:18:50:43 +0200] "GET /entry.php?id=10271&&ser=265382 HTTP/1.1" 200 987 "http://hausegger.activities.at/entry.php?id=10271&&ser=265321" "Mozilla/5.0 (Windows NT 10.0; Win64; x64) AppleWebKit/537.36 (KHTML, like Gecko) Chrome/117.0.0.0 Safari/537.36"
178.115.69.135 - - [02/Oct/2023:18:50:43 +0200] "GET /gui/javascript/form_form.js?1696265443 HTTP/1.1" 200 16206 "http://hausegger.activities.at/entry.php?id=10271&&ser=265382" "Mozilla/5.0 (Windows NT 10.0; Win64; x64) AppleWebKit/537.36 (KHTML, like Gecko) Chrome/117.0.0.0 Safari/537.36"
156.59.198.135 - - [02/Oct/2023:18:50:49 +0200] "GET /renault.2web.at/htdocs/binaries/10277440.pdf HTTP/1.0" 404 308 "http://212.69.160.11:443/renault.2web.at/htdocs/binaries/?C=M%3BO=A" "Mozilla/5.0 (Linux; Android 5.0) AppleWebKit/537.36 (KHTML, like Gecko) Mobile Safari/537.36 (compatible; Bytespider; spider-feedback@bytedance.com)"
156.59.198.135 - - [02/Oct/2023:18:51:13 +0200] "GET /renault.2web.at/htdocs/binaries/10008643.pdf HTTP/1.0" 404 308 "http://212.69.160.11:443/renault.2web.at/htdocs/binaries/?C=M%3BO=A" "Mozilla/5.0 (Linux; Android 5.0) AppleWebKit/537.36 (KHTML, like Gecko) Mobile Safari/537.36 (compatible; Bytespider; spider-feedback@bytedance.com)"
178.115.69.135 - - [02/Oct/2023:18:51:35 +0200] "GET /entry.php?id=10271&&ser=265435 HTTP/1.1" 200 987 "http://hausegger.activities.at/entry.php?id=10271&&ser=265374" "Mozilla/5.0 (Windows NT 10.0; Win64; x64; rv:109.0) Gecko/20100101 Firefox/118.0"
178.115.69.135 - - [02/Oct/2023:18:51:35 +0200] "GET /gui/javascript/form_form.js?1696265495 HTTP/1.1" 200 16206 "http://hausegger.activities.at/entry.php?id=10271&&ser=265435" "Mozilla/5.0 (Windows NT 10.0; Win64; x64; rv:109.0) Gecko/20100101 Firefox/118.0"
178.115.69.135 - - [02/Oct/2023:18:51:44 +0200] "GET /entry.php?id=10271&&ser=265443 HTTP/1.1" 200 987 "http://hausegger.activities.at/entry.php?id=10271&&ser=265382" "Mozilla/5.0 (Windows NT 10.0; Win64; x64) AppleWebKit/537.36 (KHTML, like Gecko) Chrome/117.0.0.0 Safari/537.36"
178.115.69.135 - - [02/Oct/2023:18:51:44 +0200] "GET /gui/javascript/form_form.js?1696265504 HTTP/1.1" 200 16206 "http://hausegger.activities.at/entry.php?id=10271&&ser=265443" "Mozilla/5.0 (Windows NT 10.0; Win64; x64) AppleWebKit/537.36 (KHTML, like Gecko) Chrome/117.0.0.0 Safari/537.36"
156.59.198.135 - - [02/Oct/2023:18:52:01 +0200] "GET /renault.2web.at/htdocs/binaries/10231944.pdf HTTP/1.0" 404 308 "http://212.69.160.11:443/renault.2web.at/htdocs/binaries/?C=M%3BO=A" "Mozilla/5.0 (Linux; Android 5.0) AppleWebKit/537.36 (KHTML, like Gecko) Mobile Safari/537.36 (compatible; Bytespider; spider-feedback@bytedance.com)"
156.59.198.135 - - [02/Oct/2023:18:52:27 +0200] "GET /renault.2web.at/htdocs/binaries/10462869.pdf HTTP/1.0" 404 308 "http://212.69.160.11:443/renault.2web.at/htdocs/binaries/?C=M%3BO=A" "Mozilla/5.0 (Linux; Android 5.0) AppleWebKit/537.36 (KHTML, like Gecko) Mobile Safari/537.36 (compatible; Bytespider; spider-feedback@bytedance.com)"
178.115.69.135 - - [02/Oct/2023:18:52:35 +0200] "GET /entry.php?id=10271&&ser=265495 HTTP/1.1" 200 986 "http://hausegger.activities.at/entry.php?id=10271&&ser=265435" "Mozilla/5.0 (Windows NT 10.0; Win64; x64; rv:109.0) Gecko/20100101 Firefox/118.0"
178.115.69.135 - - [02/Oct/2023:18:52:35 +0200] "GET /gui/javascript/form_form.js?1696265555 HTTP/1.1" 200 16206 "http://hausegger.activities.at/entry.php?id=10271&&ser=265495" "Mozilla/5.0 (Windows NT 10.0; Win64; x64; rv:109.0) Gecko/20100101 Firefox/118.0"
178.115.69.135 - - [02/Oct/2023:18:52:45 +0200] "GET /entry.php?id=10271&&ser=265504 HTTP/1.1" 200 988 "http://hausegger.activities.at/entry.php?id=10271&&ser=265443" "Mozilla/5.0 (Windows NT 10.0; Win64; x64) AppleWebKit/537.36 (KHTML, like Gecko) Chrome/117.0.0.0 Safari/537.36"
178.115.69.135 - - [02/Oct/2023:18:52:45 +0200] "GET /gui/javascript/form_form.js?1696265565 HTTP/1.1" 200 16206 "http://hausegger.activities.at/entry.php?id=10271&&ser=265504" "Mozilla/5.0 (Windows NT 10.0; Win64; x64) AppleWebKit/537.36 (KHTML, like Gecko) Chrome/117.0.0.0 Safari/537.36"
156.59.198.136 - - [02/Oct/2023:18:52:51 +0200] "GET /renault.2web.at/htdocs/binaries/10019518.pdf HTTP/1.0" 404 307 "http://212.69.160.11:443/renault.2web.at/htdocs/binaries/?C=M%3BO=A" "Mozilla/5.0 (Linux; Android 5.0) AppleWebKit/537.36 (KHTML, like Gecko) Mobile Safari/537.36 (compatible; Bytespider; spider-feedback@bytedance.com)"
103.156.93.45 - - [02/Oct/2023:18:53:13 +0200] "GET /.env HTTP/1.1" 404 280 "-" "Mozilla/5.0 (X11; Linux x86_64) AppleWebKit/537.36 (KHTML, like Gecko) Chrome/81.0.4044.129 Safari/537.36"
103.156.93.45 - - [02/Oct/2023:18:53:14 +0200] "POST / HTTP/1.1" 200 274 "-" "Mozilla/5.0 (X11; Linux x86_64) AppleWebKit/537.36 (KHTML, like Gecko) Chrome/81.0.4044.129 Safari/537.36"
156.59.198.136 - - [02/Oct/2023:18:53:15 +0200] "GET /renault.2web.at/htdocs/binaries/10311644.doc HTTP/1.0" 404 307 "http://212.69.160.11:443/renault.2web.at/htdocs/binaries/?C=M%3BO=A" "Mozilla/5.0 (Linux; Android 5.0) AppleWebKit/537.36 (KHTML, like Gecko) Mobile Safari/537.36 (compatible; Bytespider; spider-feedback@bytedance.com)"
178.115.69.135 - - [02/Oct/2023:18:53:35 +0200] "GET /entry.php?id=10271&&ser=265555 HTTP/1.1" 200 987 "http://hausegger.activities.at/entry.php?id=10271&&ser=265495" "Mozilla/5.0 (Windows NT 10.0; Win64; x64; rv:109.0) Gecko/20100101 Firefox/118.0"
178.115.69.135 - - [02/Oct/2023:18:53:35 +0200] "GET /gui/javascript/form_form.js?1696265615 HTTP/1.1" 200 16206 "http://hausegger.activities.at/entry.php?id=10271&&ser=265555" "Mozilla/5.0 (Windows NT 10.0; Win64; x64; rv:109.0) Gecko/20100101 Firefox/118.0"
156.59.198.136 - - [02/Oct/2023:18:53:39 +0200] "GET /renault.2web.at/htdocs/binaries/10656106.doc HTTP/1.0" 404 306 "http://212.69.160.11:443/renault.2web.at/htdocs/binaries/?C=M%3BO=A" "Mozilla/5.0 (Linux; Android 5.0) AppleWebKit/537.36 (KHTML, like Gecko) Mobile Safari/537.36 (compatible; Bytespider; spider-feedback@bytedance.com)"
178.115.69.135 - - [02/Oct/2023:18:53:46 +0200] "GET /entry.php?id=10271&&ser=265565 HTTP/1.1" 200 986 "http://hausegger.activities.at/entry.php?id=10271&&ser=265504" "Mozilla/5.0 (Windows NT 10.0; Win64; x64) AppleWebKit/537.36 (KHTML, like Gecko) Chrome/117.0.0.0 Safari/537.36"
178.115.69.135 - - [02/Oct/2023:18:53:46 +0200] "GET /gui/javascript/form_form.js?1696265626 HTTP/1.1" 200 16206 "http://hausegger.activities.at/entry.php?id=10271&&ser=265565" "Mozilla/5.0 (Windows NT 10.0; Win64; x64) AppleWebKit/537.36 (KHTML, like Gecko) Chrome/117.0.0.0 Safari/537.36"
156.59.198.135 - - [02/Oct/2023:18:54:04 +0200] "GET /renault.2web.at/htdocs/binaries/10243625.pdf HTTP/1.0" 404 308 "http://212.69.160.11:443/renault.2web.at/htdocs/binaries/?C=M%3BO=A" "Mozilla/5.0 (Linux; Android 5.0) AppleWebKit/537.36 (KHTML, like Gecko) Mobile Safari/537.36 (compatible; Bytespider; spider-feedback@bytedance.com)"
156.59.198.136 - - [02/Oct/2023:18:54:29 +0200] "GET /renault.2web.at/htdocs/binaries/10489094.pdf HTTP/1.0" 404 308 "http://212.69.160.11:443/renault.2web.at/htdocs/binaries/?C=M%3BO=A" "Mozilla/5.0 (Linux; Android 5.0) AppleWebKit/537.36 (KHTML, like Gecko) Mobile Safari/537.36 (compatible; Bytespider; spider-feedback@bytedance.com)"
178.115.69.135 - - [02/Oct/2023:18:54:39 +0200] "GET /entry.php?id=10271&&ser=265615 HTTP/1.1" 200 987 "http://hausegger.activities.at/entry.php?id=10271&&ser=265555" "Mozilla/5.0 (Windows NT 10.0; Win64; x64; rv:109.0) Gecko/20100101 Firefox/118.0"
178.115.69.135 - - [02/Oct/2023:18:54:39 +0200] "GET /gui/javascript/form_form.js?1696265679 HTTP/1.1" 200 16206 "http://hausegger.activities.at/entry.php?id=10271&&ser=265615" "Mozilla/5.0 (Windows NT 10.0; Win64; x64; rv:109.0) Gecko/20100101 Firefox/118.0"
178.115.69.135 - - [02/Oct/2023:18:54:47 +0200] "GET /entry.php?id=10271&&ser=265626 HTTP/1.1" 200 987 "http://hausegger.activities.at/entry.php?id=10271&&ser=265565" "Mozilla/5.0 (Windows NT 10.0; Win64; x64) AppleWebKit/537.36 (KHTML, like Gecko) Chrome/117.0.0.0 Safari/537.36"
178.115.69.135 - - [02/Oct/2023:18:54:47 +0200] "GET /gui/javascript/form_form.js?1696265687 HTTP/1.1" 200 16206 "http://hausegger.activities.at/entry.php?id=10271&&ser=265626" "Mozilla/5.0 (Windows NT 10.0; Win64; x64) AppleWebKit/537.36 (KHTML, like Gecko) Chrome/117.0.0.0 Safari/537.36"
156.59.198.136 - - [02/Oct/2023:18:54:53 +0200] "GET /renault.2web.at/htdocs/binaries/10004943.pdf HTTP/1.0" 404 308 "http://212.69.160.11:443/renault.2web.at/htdocs/binaries/?C=M%3BO=A" "Mozilla/5.0 (Linux; Android 5.0) AppleWebKit/537.36 (KHTML, like Gecko) Mobile Safari/537.36 (compatible; Bytespider; spider-feedback@bytedance.com)"
156.59.198.136 - - [02/Oct/2023:18:55:17 +0200] "GET /renault.2web.at/htdocs/binaries/10331571.pdf HTTP/1.0" 404 309 "http://212.69.160.11:443/renault.2web.at/htdocs/binaries/?C=M%3BO=A" "Mozilla/5.0 (Linux; Android 5.0) AppleWebKit/537.36 (KHTML, like Gecko) Mobile Safari/537.36 (compatible; Bytespider; spider-feedback@bytedance.com)"
178.115.69.135 - - [02/Oct/2023:18:55:39 +0200] "GET /entry.php?id=10271&&ser=265679 HTTP/1.1" 200 987 "http://hausegger.activities.at/entry.php?id=10271&&ser=265615" "Mozilla/5.0 (Windows NT 10.0; Win64; x64; rv:109.0) Gecko/20100101 Firefox/118.0"
178.115.69.135 - - [02/Oct/2023:18:55:40 +0200] "GET /gui/javascript/form_form.js?1696265740 HTTP/1.1" 200 16206 "http://hausegger.activities.at/entry.php?id=10271&&ser=265679" "Mozilla/5.0 (Windows NT 10.0; Win64; x64; rv:109.0) Gecko/20100101 Firefox/118.0"
156.59.198.136 - - [02/Oct/2023:18:55:42 +0200] "GET /renault.2web.at/htdocs/binaries/10009029.pdf HTTP/1.0" 404 307 "http://212.69.160.11:443/renault.2web.at/htdocs/binaries/?C=M%3BO=A" "Mozilla/5.0 (Linux; Android 5.0) AppleWebKit/537.36 (KHTML, like Gecko) Mobile Safari/537.36 (compatible; Bytespider; spider-feedback@bytedance.com)"
178.115.69.135 - - [02/Oct/2023:18:55:48 +0200] "GET /entry.php?id=10271&&ser=265687 HTTP/1.1" 200 987 "http://hausegger.activities.at/entry.php?id=10271&&ser=265626" "Mozilla/5.0 (Windows NT 10.0; Win64; x64) AppleWebKit/537.36 (KHTML, like Gecko) Chrome/117.0.0.0 Safari/537.36"
178.115.69.135 - - [02/Oct/2023:18:55:48 +0200] "GET /gui/javascript/form_form.js?1696265748 HTTP/1.1" 200 16206 "http://hausegger.activities.at/entry.php?id=10271&&ser=265687" "Mozilla/5.0 (Windows NT 10.0; Win64; x64) AppleWebKit/537.36 (KHTML, like Gecko) Chrome/117.0.0.0 Safari/537.36"
156.59.198.135 - - [02/Oct/2023:18:56:06 +0200] "GET /renault.2web.at/htdocs/binaries/10188912.pdf HTTP/1.0" 404 308 "http://212.69.160.11:443/renault.2web.at/htdocs/binaries/?C=M%3BO=A" "Mozilla/5.0 (Linux; Android 5.0) AppleWebKit/537.36 (KHTML, like Gecko) Mobile Safari/537.36 (compatible; Bytespider; spider-feedback@bytedance.com)"
156.59.198.135 - - [02/Oct/2023:18:56:31 +0200] "GET /renault.2web.at/htdocs/binaries/10485654.pdf HTTP/1.0" 404 308 "http://212.69.160.11:443/renault.2web.at/htdocs/binaries/?C=M%3BO=A" "Mozilla/5.0 (Linux; Android 5.0) AppleWebKit/537.36 (KHTML, like Gecko) Mobile Safari/537.36 (compatible; Bytespider; spider-feedback@bytedance.com)"
178.115.69.135 - - [02/Oct/2023:18:56:40 +0200] "GET /entry.php?id=10271&&ser=265740 HTTP/1.1" 200 987 "http://hausegger.activities.at/entry.php?id=10271&&ser=265679" "Mozilla/5.0 (Windows NT 10.0; Win64; x64; rv:109.0) Gecko/20100101 Firefox/118.0"
178.115.69.135 - - [02/Oct/2023:18:56:40 +0200] "GET /gui/javascript/form_form.js?1696265800 HTTP/1.1" 200 16206 "http://hausegger.activities.at/entry.php?id=10271&&ser=265740" "Mozilla/5.0 (Windows NT 10.0; Win64; x64; rv:109.0) Gecko/20100101 Firefox/118.0"
178.115.69.135 - - [02/Oct/2023:18:56:49 +0200] "GET /entry.php?id=10271&&ser=265748 HTTP/1.1" 200 987 "http://hausegger.activities.at/entry.php?id=10271&&ser=265687" "Mozilla/5.0 (Windows NT 10.0; Win64; x64) AppleWebKit/537.36 (KHTML, like Gecko) Chrome/117.0.0.0 Safari/537.36"
178.115.69.135 - - [02/Oct/2023:18:56:49 +0200] "GET /gui/javascript/form_form.js?1696265809 HTTP/1.1" 200 16206 "http://hausegger.activities.at/entry.php?id=10271&&ser=265748" "Mozilla/5.0 (Windows NT 10.0; Win64; x64) AppleWebKit/537.36 (KHTML, like Gecko) Chrome/117.0.0.0 Safari/537.36"
156.59.198.136 - - [02/Oct/2023:18:56:55 +0200] "GET /renault.2web.at/htdocs/binaries/10069856.pdf HTTP/1.0" 404 308 "http://212.69.160.11:443/renault.2web.at/htdocs/binaries/?C=M%3BO=A" "Mozilla/5.0 (Linux; Android 5.0) AppleWebKit/537.36 (KHTML, like Gecko) Mobile Safari/537.36 (compatible; Bytespider; spider-feedback@bytedance.com)"
156.59.198.135 - - [02/Oct/2023:18:57:20 +0200] "GET /renault.2web.at/htdocs/binaries/10089015.pdf HTTP/1.0" 404 307 "http://212.69.160.11:443/renault.2web.at/htdocs/binaries/?C=M%3BO=A" "Mozilla/5.0 (Linux; Android 5.0) AppleWebKit/537.36 (KHTML, like Gecko) Mobile Safari/537.36 (compatible; Bytespider; spider-feedback@bytedance.com)"
178.115.69.135 - - [02/Oct/2023:18:57:40 +0200] "GET /entry.php?id=10271&&ser=265800 HTTP/1.1" 200 987 "http://hausegger.activities.at/entry.php?id=10271&&ser=265740" "Mozilla/5.0 (Windows NT 10.0; Win64; x64; rv:109.0) Gecko/20100101 Firefox/118.0"
178.115.69.135 - - [02/Oct/2023:18:57:40 +0200] "GET /gui/javascript/form_form.js?1696265860 HTTP/1.1" 200 16206 "http://hausegger.activities.at/entry.php?id=10271&&ser=265800" "Mozilla/5.0 (Windows NT 10.0; Win64; x64; rv:109.0) Gecko/20100101 Firefox/118.0"
156.59.198.135 - - [02/Oct/2023:18:57:44 +0200] "GET /renault.2web.at/htdocs/binaries/10267451.pdf HTTP/1.0" 404 308 "http://212.69.160.11:443/renault.2web.at/htdocs/binaries/?C=M%3BO=A" "Mozilla/5.0 (Linux; Android 5.0) AppleWebKit/537.36 (KHTML, like Gecko) Mobile Safari/537.36 (compatible; Bytespider; spider-feedback@bytedance.com)"
178.115.69.135 - - [02/Oct/2023:18:57:50 +0200] "GET /entry.php?id=10271&&ser=265809 HTTP/1.1" 200 987 "http://hausegger.activities.at/entry.php?id=10271&&ser=265748" "Mozilla/5.0 (Windows NT 10.0; Win64; x64) AppleWebKit/537.36 (KHTML, like Gecko) Chrome/117.0.0.0 Safari/537.36"
178.115.69.135 - - [02/Oct/2023:18:57:50 +0200] "GET /gui/javascript/form_form.js?1696265870 HTTP/1.1" 200 16206 "http://hausegger.activities.at/entry.php?id=10271&&ser=265809" "Mozilla/5.0 (Windows NT 10.0; Win64; x64) AppleWebKit/537.36 (KHTML, like Gecko) Chrome/117.0.0.0 Safari/537.36"
156.59.198.136 - - [02/Oct/2023:18:58:08 +0200] "GET /renault.2web.at/htdocs/binaries/10661427.pdf HTTP/1.0" 404 308 "http://212.69.160.11:443/renault.2web.at/htdocs/binaries/?C=M%3BO=A" "Mozilla/5.0 (Linux; Android 5.0) AppleWebKit/537.36 (KHTML, like Gecko) Mobile Safari/537.36 (compatible; Bytespider; spider-feedback@bytedance.com)"
156.59.198.136 - - [02/Oct/2023:18:58:34 +0200] "GET /renault.2web.at/htdocs/binaries/10073812.pdf HTTP/1.0" 404 309 "http://212.69.160.11:443/renault.2web.at/htdocs/binaries/?C=M%3BO=A" "Mozilla/5.0 (Linux; Android 5.0) AppleWebKit/537.36 (KHTML, like Gecko) Mobile Safari/537.36 (compatible; Bytespider; spider-feedback@bytedance.com)"
178.115.69.135 - - [02/Oct/2023:18:58:40 +0200] "GET /entry.php?id=10271&&ser=265860 HTTP/1.1" 200 987 "http://hausegger.activities.at/entry.php?id=10271&&ser=265800" "Mozilla/5.0 (Windows NT 10.0; Win64; x64; rv:109.0) Gecko/20100101 Firefox/118.0"
178.115.69.135 - - [02/Oct/2023:18:58:41 +0200] "GET /gui/javascript/form_form.js?1696265920 HTTP/1.1" 200 16206 "http://hausegger.activities.at/entry.php?id=10271&&ser=265860" "Mozilla/5.0 (Windows NT 10.0; Win64; x64; rv:109.0) Gecko/20100101 Firefox/118.0"
178.115.69.135 - - [02/Oct/2023:18:58:51 +0200] "GET /entry.php?id=10271&&ser=265870 HTTP/1.1" 200 987 "http://hausegger.activities.at/entry.php?id=10271&&ser=265809" "Mozilla/5.0 (Windows NT 10.0; Win64; x64) AppleWebKit/537.36 (KHTML, like Gecko) Chrome/117.0.0.0 Safari/537.36"
178.115.69.135 - - [02/Oct/2023:18:58:51 +0200] "GET /gui/javascript/form_form.js?1696265931 HTTP/1.1" 200 16206 "http://hausegger.activities.at/entry.php?id=10271&&ser=265870" "Mozilla/5.0 (Windows NT 10.0; Win64; x64) AppleWebKit/537.36 (KHTML, like Gecko) Chrome/117.0.0.0 Safari/537.36"
156.59.198.135 - - [02/Oct/2023:18:59:00 +0200] "GET /renault.2web.at/htdocs/binaries/10044339.pdf HTTP/1.0" 404 308 "http://212.69.160.11:443/renault.2web.at/htdocs/binaries/?C=M%3BO=A" "Mozilla/5.0 (Linux; Android 5.0) AppleWebKit/537.36 (KHTML, like Gecko) Mobile Safari/537.36 (compatible; Bytespider; spider-feedback@bytedance.com)"
156.59.198.135 - - [02/Oct/2023:18:59:25 +0200] "GET /renault.2web.at/htdocs/binaries/10269838.pdf HTTP/1.0" 404 308 "http://212.69.160.11:443/renault.2web.at/htdocs/binaries/?C=M%3BO=A" "Mozilla/5.0 (Linux; Android 5.0) AppleWebKit/537.36 (KHTML, like Gecko) Mobile Safari/537.36 (compatible; Bytespider; spider-feedback@bytedance.com)"
178.115.69.135 - - [02/Oct/2023:18:59:41 +0200] "GET /entry.php?id=10271&&ser=265920 HTTP/1.1" 200 987 "http://hausegger.activities.at/entry.php?id=10271&&ser=265860" "Mozilla/5.0 (Windows NT 10.0; Win64; x64; rv:109.0) Gecko/20100101 Firefox/118.0"
178.115.69.135 - - [02/Oct/2023:18:59:41 +0200] "GET /gui/javascript/form_form.js?1696265981 HTTP/1.1" 200 16206 "http://hausegger.activities.at/entry.php?id=10271&&ser=265920" "Mozilla/5.0 (Windows NT 10.0; Win64; x64; rv:109.0) Gecko/20100101 Firefox/118.0"
156.59.198.135 - - [02/Oct/2023:18:59:48 +0200] "GET /renault.2web.at/htdocs/binaries/10019519.pdf HTTP/1.0" 404 307 "http://212.69.160.11:443/renault.2web.at/htdocs/binaries/?C=M%3BO=A" "Mozilla/5.0 (Linux; Android 5.0) AppleWebKit/537.36 (KHTML, like Gecko) Mobile Safari/537.36 (compatible; Bytespider; spider-feedback@bytedance.com)"
178.115.69.135 - - [02/Oct/2023:18:59:52 +0200] "GET /entry.php?id=10271&&ser=265931 HTTP/1.1" 200 987 "http://hausegger.activities.at/entry.php?id=10271&&ser=265870" "Mozilla/5.0 (Windows NT 10.0; Win64; x64) AppleWebKit/537.36 (KHTML, like Gecko) Chrome/117.0.0.0 Safari/537.36"
178.115.69.135 - - [02/Oct/2023:18:59:52 +0200] "GET /gui/javascript/form_form.js?1696265992 HTTP/1.1" 200 16206 "http://hausegger.activities.at/entry.php?id=10271&&ser=265931" "Mozilla/5.0 (Windows NT 10.0; Win64; x64) AppleWebKit/537.36 (KHTML, like Gecko) Chrome/117.0.0.0 Safari/537.36"
156.59.198.135 - - [02/Oct/2023:19:00:13 +0200] "GET /renault.2web.at/htdocs/binaries/10009028.pdf HTTP/1.0" 404 307 "http://212.69.160.11:443/renault.2web.at/htdocs/binaries/?C=M%3BO=A" "Mozilla/5.0 (Linux; Android 5.0) AppleWebKit/537.36 (KHTML, like Gecko) Mobile Safari/537.36 (compatible; Bytespider; spider-feedback@bytedance.com)"
156.59.198.136 - - [02/Oct/2023:19:00:39 +0200] "GET /renault.activities.at/htdocs/pinEdit/include/readme.txt HTTP/1.0" 404 313 "http://212.69.160.11:443/renault.activities.at/htdocs/pinEdit/include/?C=M%3BO=A" "Mozilla/5.0 (Linux; Android 5.0) AppleWebKit/537.36 (KHTML, like Gecko) Mobile Safari/537.36 (compatible; Bytespider; spider-feedback@bytedance.com)"
178.115.69.135 - - [02/Oct/2023:19:00:41 +0200] "GET /entry.php?id=10271&&ser=265981 HTTP/1.1" 200 987 "http://hausegger.activities.at/entry.php?id=10271&&ser=265920" "Mozilla/5.0 (Windows NT 10.0; Win64; x64; rv:109.0) Gecko/20100101 Firefox/118.0"
178.115.69.135 - - [02/Oct/2023:19:00:41 +0200] "GET /gui/javascript/form_form.js?1696266041 HTTP/1.1" 200 16206 "http://hausegger.activities.at/entry.php?id=10271&&ser=265981" "Mozilla/5.0 (Windows NT 10.0; Win64; x64; rv:109.0) Gecko/20100101 Firefox/118.0"
178.115.69.135 - - [02/Oct/2023:19:00:53 +0200] "GET /entry.php?id=10271&&ser=265992 HTTP/1.1" 200 987 "http://hausegger.activities.at/entry.php?id=10271&&ser=265931" "Mozilla/5.0 (Windows NT 10.0; Win64; x64) AppleWebKit/537.36 (KHTML, like Gecko) Chrome/117.0.0.0 Safari/537.36"
178.115.69.135 - - [02/Oct/2023:19:00:53 +0200] "GET /gui/javascript/form_form.js?1696266053 HTTP/1.1" 200 16206 "http://hausegger.activities.at/entry.php?id=10271&&ser=265992" "Mozilla/5.0 (Windows NT 10.0; Win64; x64) AppleWebKit/537.36 (KHTML, like Gecko) Chrome/117.0.0.0 Safari/537.36"
178.115.69.135 - - [02/Oct/2023:19:00:55 +0200] "GET /entry.php?id=10287&login=1 HTTP/1.1" 200 1879 "http://hausegger.activities.at/entry.php?id=10273&" "Mozilla/5.0 (Windows NT 10.0; Win64; x64) AppleWebKit/537.36 (KHTML, like Gecko) Chrome/117.0.0.0 Safari/537.36"
178.115.69.135 - - [02/Oct/2023:19:00:55 +0200] "GET /gui/javascript/form_form.js?1696266055 HTTP/1.1" 200 16206 "http://hausegger.activities.at/entry.php?id=10287&login=1" "Mozilla/5.0 (Windows NT 10.0; Win64; x64) AppleWebKit/537.36 (KHTML, like Gecko) Chrome/117.0.0.0 Safari/537.36"
178.115.69.135 - - [02/Oct/2023:19:00:57 +0200] "POST /entry.php?id=10287& HTTP/1.1" 200 2433 "http://hausegger.activities.at/entry.php?id=10287&login=1" "Mozilla/5.0 (Windows NT 10.0; Win64; x64) AppleWebKit/537.36 (KHTML, like Gecko) Chrome/117.0.0.0 Safari/537.36"
178.115.69.135 - - [02/Oct/2023:19:00:57 +0200] "GET /gui/javascript/form_form.js?1696266057 HTTP/1.1" 200 16206 "http://hausegger.activities.at/entry.php?id=10287&" "Mozilla/5.0 (Windows NT 10.0; Win64; x64) AppleWebKit/537.36 (KHTML, like Gecko) Chrome/117.0.0.0 Safari/537.36"
178.115.69.135 - - [02/Oct/2023:19:00:57 +0200] "GET /entry.php?id=10270& HTTP/1.1" 200 909 "http://hausegger.activities.at/entry.php?id=10287&" "Mozilla/5.0 (Windows NT 10.0; Win64; x64) AppleWebKit/537.36 (KHTML, like Gecko) Chrome/117.0.0.0 Safari/537.36"
178.115.69.135 - - [02/Oct/2023:19:00:57 +0200] "GET /entry.php?id=10273&logout=true& HTTP/1.1" 200 1912 "http://hausegger.activities.at/entry.php?id=10287&" "Mozilla/5.0 (Windows NT 10.0; Win64; x64) AppleWebKit/537.36 (KHTML, like Gecko) Chrome/117.0.0.0 Safari/537.36"
156.59.198.136 - - [02/Oct/2023:19:01:02 +0200] "GET /renault.2web.at/htdocs/binaries/10122735.pdf HTTP/1.0" 404 308 "http://212.69.160.11:443/renault.2web.at/htdocs/binaries/?C=M%3BO=A" "Mozilla/5.0 (Linux; Android 5.0) AppleWebKit/537.36 (KHTML, like Gecko) Mobile Safari/537.36 (compatible; Bytespider; spider-feedback@bytedance.com)"
156.59.198.136 - - [02/Oct/2023:19:01:27 +0200] "GET /renault.2web.at/htdocs/binaries/10228523.pdf HTTP/1.0" 404 308 "http://212.69.160.11:443/renault.2web.at/htdocs/binaries/?C=M%3BO=A" "Mozilla/5.0 (Linux; Android 5.0) AppleWebKit/537.36 (KHTML, like Gecko) Mobile Safari/537.36 (compatible; Bytespider; spider-feedback@bytedance.com)"
178.115.69.135 - - [02/Oct/2023:19:01:41 +0200] "GET /entry.php?id=10271&&ser=266041 HTTP/1.1" 200 986 "http://hausegger.activities.at/entry.php?id=10271&&ser=265981" "Mozilla/5.0 (Windows NT 10.0; Win64; x64; rv:109.0) Gecko/20100101 Firefox/118.0"
178.115.69.135 - - [02/Oct/2023:19:01:41 +0200] "GET /gui/javascript/form_form.js?1696266101 HTTP/1.1" 200 16206 "http://hausegger.activities.at/entry.php?id=10271&&ser=266041" "Mozilla/5.0 (Windows NT 10.0; Win64; x64; rv:109.0) Gecko/20100101 Firefox/118.0"
156.59.198.136 - - [02/Oct/2023:19:01:52 +0200] "GET /renault.2web.at/htdocs/binaries/10223416.pdf HTTP/1.0" 404 308 "http://212.69.160.11:443/renault.2web.at/htdocs/binaries/?C=M%3BO=A" "Mozilla/5.0 (Linux; Android 5.0) AppleWebKit/537.36 (KHTML, like Gecko) Mobile Safari/537.36 (compatible; Bytespider; spider-feedback@bytedance.com)"
178.115.69.135 - - [02/Oct/2023:19:01:54 +0200] "GET /entry.php?id=10271&&ser=266053 HTTP/1.1" 200 934 "http://hausegger.activities.at/entry.php?id=10271&&ser=265992" "Mozilla/5.0 (Windows NT 10.0; Win64; x64) AppleWebKit/537.36 (KHTML, like Gecko) Chrome/117.0.0.0 Safari/537.36"
178.115.69.135 - - [02/Oct/2023:19:01:54 +0200] "GET /gui/javascript/form_form.js?1696266114 HTTP/1.1" 200 16206 "http://hausegger.activities.at/entry.php?id=10271&&ser=266053" "Mozilla/5.0 (Windows NT 10.0; Win64; x64) AppleWebKit/537.36 (KHTML, like Gecko) Chrome/117.0.0.0 Safari/537.36"
156.59.198.135 - - [02/Oct/2023:19:02:17 +0200] "GET /renault.2web.at/htdocs/binaries/10451228.pdf HTTP/1.0" 404 308 "http://212.69.160.11:443/renault.2web.at/htdocs/binaries/?C=M%3BO=A" "Mozilla/5.0 (Linux; Android 5.0) AppleWebKit/537.36 (KHTML, like Gecko) Mobile Safari/537.36 (compatible; Bytespider; spider-feedback@bytedance.com)"
156.59.198.135 - - [02/Oct/2023:19:02:41 +0200] "GET /renault.2web.at/htdocs/binaries/10006727.doc HTTP/1.0" 404 307 "http://212.69.160.11:443/renault.2web.at/htdocs/binaries/?C=M%3BO=A" "Mozilla/5.0 (Linux; Android 5.0) AppleWebKit/537.36 (KHTML, like Gecko) Mobile Safari/537.36 (compatible; Bytespider; spider-feedback@bytedance.com)"
178.115.69.135 - - [02/Oct/2023:19:02:42 +0200] "GET /entry.php?id=10271&&ser=266101 HTTP/1.1" 200 987 "http://hausegger.activities.at/entry.php?id=10271&&ser=266041" "Mozilla/5.0 (Windows NT 10.0; Win64; x64; rv:109.0) Gecko/20100101 Firefox/118.0"
178.115.69.135 - - [02/Oct/2023:19:02:42 +0200] "GET /gui/javascript/form_form.js?1696266162 HTTP/1.1" 200 16206 "http://hausegger.activities.at/entry.php?id=10271&&ser=266101" "Mozilla/5.0 (Windows NT 10.0; Win64; x64; rv:109.0) Gecko/20100101 Firefox/118.0"
156.59.198.135 - - [02/Oct/2023:19:03:06 +0200] "GET /renault.2web.at/htdocs/binaries/10225298.pdf HTTP/1.0" 404 307 "http://212.69.160.11:443/renault.2web.at/htdocs/binaries/?C=M%3BO=A" "Mozilla/5.0 (Linux; Android 5.0) AppleWebKit/537.36 (KHTML, like Gecko) Mobile Safari/537.36 (compatible; Bytespider; spider-feedback@bytedance.com)"
156.59.198.135 - - [02/Oct/2023:19:03:31 +0200] "GET /renault.activities.at/htdocs/pdftest/help/UML/Fetchers.PNG HTTP/1.0" 404 315 "http://212.69.160.11:443/renault.activities.at/htdocs/pdftest/help/api.html" "Mozilla/5.0 (Linux; Android 5.0) AppleWebKit/537.36 (KHTML, like Gecko) Mobile Safari/537.36 (compatible; Bytespider; spider-feedback@bytedance.com)"
178.115.69.135 - - [02/Oct/2023:19:03:42 +0200] "GET /entry.php?id=10271&&ser=266162 HTTP/1.1" 200 987 "http://hausegger.activities.at/entry.php?id=10271&&ser=266101" "Mozilla/5.0 (Windows NT 10.0; Win64; x64; rv:109.0) Gecko/20100101 Firefox/118.0"
178.115.69.135 - - [02/Oct/2023:19:03:42 +0200] "GET /gui/javascript/form_form.js?1696266222 HTTP/1.1" 200 16206 "http://hausegger.activities.at/entry.php?id=10271&&ser=266162" "Mozilla/5.0 (Windows NT 10.0; Win64; x64; rv:109.0) Gecko/20100101 Firefox/118.0"
156.59.198.135 - - [02/Oct/2023:19:03:56 +0200] "GET /renault.2web.at/htdocs/binaries/10665041.pdf HTTP/1.0" 404 308 "http://212.69.160.11:443/renault.2web.at/htdocs/binaries/?C=M%3BO=A" "Mozilla/5.0 (Linux; Android 5.0) AppleWebKit/537.36 (KHTML, like Gecko) Mobile Safari/537.36 (compatible; Bytespider; spider-feedback@bytedance.com)"
156.59.198.136 - - [02/Oct/2023:19:04:21 +0200] "GET /renault.2web.at/htdocs/binaries/10085151.pdf HTTP/1.0" 404 307 "http://212.69.160.11:443/renault.2web.at/htdocs/binaries/?C=M%3BO=A" "Mozilla/5.0 (Linux; Android 5.0) AppleWebKit/537.36 (KHTML, like Gecko) Mobile Safari/537.36 (compatible; Bytespider; spider-feedback@bytedance.com)"
178.115.69.135 - - [02/Oct/2023:19:04:42 +0200] "GET /entry.php?id=10271&&ser=266222 HTTP/1.1" 200 987 "http://hausegger.activities.at/entry.php?id=10271&&ser=266162" "Mozilla/5.0 (Windows NT 10.0; Win64; x64; rv:109.0) Gecko/20100101 Firefox/118.0"
178.115.69.135 - - [02/Oct/2023:19:04:42 +0200] "GET /gui/javascript/form_form.js?1696266282 HTTP/1.1" 200 16206 "http://hausegger.activities.at/entry.php?id=10271&&ser=266222" "Mozilla/5.0 (Windows NT 10.0; Win64; x64; rv:109.0) Gecko/20100101 Firefox/118.0"
156.59.198.136 - - [02/Oct/2023:19:04:46 +0200] "GET /renault.2web.at/htdocs/binaries/10197159.pdf HTTP/1.0" 404 308 "http://212.69.160.11:443/renault.2web.at/htdocs/binaries/?C=M%3BO=A" "Mozilla/5.0 (Linux; Android 5.0) AppleWebKit/537.36 (KHTML, like Gecko) Mobile Safari/537.36 (compatible; Bytespider; spider-feedback@bytedance.com)"
156.59.198.136 - - [02/Oct/2023:19:05:10 +0200] "GET /renault.2web.at/htdocs/binaries/10267576.pdf HTTP/1.0" 404 308 "http://212.69.160.11:443/renault.2web.at/htdocs/binaries/?C=M%3BO=A" "Mozilla/5.0 (Linux; Android 5.0) AppleWebKit/537.36 (KHTML, like Gecko) Mobile Safari/537.36 (compatible; Bytespider; spider-feedback@bytedance.com)"
156.59.198.135 - - [02/Oct/2023:19:05:34 +0200] "GET /renault.2web.at/htdocs/binaries/10047536.pdf HTTP/1.0" 404 309 "http://212.69.160.11:443/renault.2web.at/htdocs/binaries/?C=M%3BO=A" "Mozilla/5.0 (Linux; Android 5.0) AppleWebKit/537.36 (KHTML, like Gecko) Mobile Safari/537.36 (compatible; Bytespider; spider-feedback@bytedance.com)"
178.115.69.135 - - [02/Oct/2023:19:05:44 +0200] "GET /entry.php?id=10271&&ser=266282 HTTP/1.1" 200 987 "http://hausegger.activities.at/entry.php?id=10271&&ser=266222" "Mozilla/5.0 (Windows NT 10.0; Win64; x64; rv:109.0) Gecko/20100101 Firefox/118.0"
178.115.69.135 - - [02/Oct/2023:19:05:44 +0200] "GET /gui/javascript/form_form.js?1696266344 HTTP/1.1" 200 16206 "http://hausegger.activities.at/entry.php?id=10271&&ser=266282" "Mozilla/5.0 (Windows NT 10.0; Win64; x64; rv:109.0) Gecko/20100101 Firefox/118.0"
178.115.69.135 - - [02/Oct/2023:19:05:45 +0200] "GET /entry.php?id=10287&login=1 HTTP/1.1" 200 1880 "http://hausegger.activities.at/entry.php?id=10273&" "Mozilla/5.0 (Windows NT 10.0; Win64; x64; rv:109.0) Gecko/20100101 Firefox/118.0"
178.115.69.135 - - [02/Oct/2023:19:05:45 +0200] "GET /gui/javascript/form_form.js?1696266345 HTTP/1.1" 200 16206 "http://hausegger.activities.at/entry.php?id=10287&login=1" "Mozilla/5.0 (Windows NT 10.0; Win64; x64; rv:109.0) Gecko/20100101 Firefox/118.0"
178.115.69.135 - - [02/Oct/2023:19:05:47 +0200] "GET /gui/images/progressbar.gif HTTP/1.1" 200 2157 "http://hausegger.activities.at/entry.php?id=10272" "Mozilla/5.0 (Windows NT 10.0; Win64; x64; rv:109.0) Gecko/20100101 Firefox/118.0"
178.115.69.135 - - [02/Oct/2023:19:05:47 +0200] "POST /entry.php?id=10287& HTTP/1.1" 200 2433 "http://hausegger.activities.at/entry.php?id=10287&login=1" "Mozilla/5.0 (Windows NT 10.0; Win64; x64; rv:109.0) Gecko/20100101 Firefox/118.0"
178.115.69.135 - - [02/Oct/2023:19:05:47 +0200] "GET /gui/javascript/form_form.js?1696266347 HTTP/1.1" 200 16206 "http://hausegger.activities.at/entry.php?id=10287&" "Mozilla/5.0 (Windows NT 10.0; Win64; x64; rv:109.0) Gecko/20100101 Firefox/118.0"
178.115.69.135 - - [02/Oct/2023:19:05:47 +0200] "GET /entry.php?id=10273&logout=true& HTTP/1.1" 200 1912 "http://hausegger.activities.at/entry.php?id=10287&" "Mozilla/5.0 (Windows NT 10.0; Win64; x64; rv:109.0) Gecko/20100101 Firefox/118.0"
178.115.69.135 - - [02/Oct/2023:19:05:47 +0200] "GET /entry.php?id=10270& HTTP/1.1" 200 909 "http://hausegger.activities.at/entry.php?id=10287&" "Mozilla/5.0 (Windows NT 10.0; Win64; x64; rv:109.0) Gecko/20100101 Firefox/118.0"
156.59.198.136 - - [02/Oct/2023:19:05:59 +0200] "GET /renault.2web.at/htdocs/binaries/10008563.pdf HTTP/1.0" 404 308 "http://212.69.160.11:443/renault.2web.at/htdocs/binaries/?C=M%3BO=A" "Mozilla/5.0 (Linux; Android 5.0) AppleWebKit/537.36 (KHTML, like Gecko) Mobile Safari/537.36 (compatible; Bytespider; spider-feedback@bytedance.com)"
31.146.158.58 - - [02/Oct/2023:19:06:09 +0200] "GET / HTTP/1.0" 200 423 "-" "-"
156.59.198.135 - - [02/Oct/2023:19:06:24 +0200] "GET /renault.2web.at/htdocs/binaries/10462863.pdf HTTP/1.0" 404 308 "http://212.69.160.11:443/renault.2web.at/htdocs/binaries/?C=M%3BO=A" "Mozilla/5.0 (Linux; Android 5.0) AppleWebKit/537.36 (KHTML, like Gecko) Mobile Safari/537.36 (compatible; Bytespider; spider-feedback@bytedance.com)"
156.59.198.136 - - [02/Oct/2023:19:06:50 +0200] "GET /ed-test.activities.at/stats/lang/tooltips_w/awstats-tt-ba.txt HTTP/1.0" 404 315 "http://212.69.160.11:443/ed-test.activities.at/stats/lang/tooltips_w/?C=S%3BO=A" "Mozilla/5.0 (Linux; Android 5.0) AppleWebKit/537.36 (KHTML, like Gecko) Mobile Safari/537.36 (compatible; Bytespider; spider-feedback@bytedance.com)"
156.59.198.135 - - [02/Oct/2023:19:07:15 +0200] "GET /renault.2web.at/htdocs/binaries/10117642.pdf HTTP/1.0" 404 308 "http://212.69.160.11:443/renault.2web.at/htdocs/binaries/?C=M%3BO=A" "Mozilla/5.0 (Linux; Android 5.0) AppleWebKit/537.36 (KHTML, like Gecko) Mobile Safari/537.36 (compatible; Bytespider; spider-feedback@bytedance.com)"
156.59.198.136 - - [02/Oct/2023:19:07:39 +0200] "GET /renault.2web.at/htdocs/binaries/10015819.pdf HTTP/1.0" 404 307 "http://212.69.160.11:443/renault.2web.at/htdocs/binaries/?C=M%3BO=A" "Mozilla/5.0 (Linux; Android 5.0) AppleWebKit/537.36 (KHTML, like Gecko) Mobile Safari/537.36 (compatible; Bytespider; spider-feedback@bytedance.com)"
156.59.198.136 - - [02/Oct/2023:19:08:03 +0200] "GET /renault.2web.at/htdocs/binaries/10623060.pdf HTTP/1.0" 404 308 "http://212.69.160.11:443/renault.2web.at/htdocs/binaries/?C=M%3BO=A" "Mozilla/5.0 (Linux; Android 5.0) AppleWebKit/537.36 (KHTML, like Gecko) Mobile Safari/537.36 (compatible; Bytespider; spider-feedback@bytedance.com)"
156.59.198.135 - - [02/Oct/2023:19:08:28 +0200] "GET /renault.2web.at/htdocs/binaries/10017496.pdf HTTP/1.0" 404 308 "http://212.69.160.11:443/renault.2web.at/htdocs/binaries/?C=M%3BO=A" "Mozilla/5.0 (Linux; Android 5.0) AppleWebKit/537.36 (KHTML, like Gecko) Mobile Safari/537.36 (compatible; Bytespider; spider-feedback@bytedance.com)"
156.59.198.136 - - [02/Oct/2023:19:08:52 +0200] "GET /renault.2web.at/htdocs/binaries/10130681.pdf HTTP/1.0" 404 308 "http://212.69.160.11:443/renault.2web.at/htdocs/binaries/?C=M%3BO=A" "Mozilla/5.0 (Linux; Android 5.0) AppleWebKit/537.36 (KHTML, like Gecko) Mobile Safari/537.36 (compatible; Bytespider; spider-feedback@bytedance.com)"
156.59.198.136 - - [02/Oct/2023:19:09:19 +0200] "GET /ed-test.activities.at/stats/lang/tooltips_w/awstats-tt-dk.txt HTTP/1.0" 404 316 "http://212.69.160.11:443/ed-test.activities.at/stats/lang/tooltips_w/?C=S%3BO=A" "Mozilla/5.0 (Linux; Android 5.0) AppleWebKit/537.36 (KHTML, like Gecko) Mobile Safari/537.36 (compatible; Bytespider; spider-feedback@bytedance.com)"
156.59.198.136 - - [02/Oct/2023:19:09:41 +0200] "GET /renault.2web.at/htdocs/binaries/10135517.pdf HTTP/1.0" 404 308 "http://212.69.160.11:443/renault.2web.at/htdocs/binaries/?C=M%3BO=A" "Mozilla/5.0 (Linux; Android 5.0) AppleWebKit/537.36 (KHTML, like Gecko) Mobile Safari/537.36 (compatible; Bytespider; spider-feedback@bytedance.com)"
156.59.198.136 - - [02/Oct/2023:19:10:06 +0200] "GET /renault.2web.at/htdocs/binaries/10017492.pdf HTTP/1.0" 404 308 "http://212.69.160.11:443/renault.2web.at/htdocs/binaries/?C=M%3BO=A" "Mozilla/5.0 (Linux; Android 5.0) AppleWebKit/537.36 (KHTML, like Gecko) Mobile Safari/537.36 (compatible; Bytespider; spider-feedback@bytedance.com)"
156.59.198.136 - - [02/Oct/2023:19:10:30 +0200] "GET /renault.2web.at/htdocs/binaries/10122841.pdf HTTP/1.0" 404 307 "http://212.69.160.11:443/renault.2web.at/htdocs/binaries/?C=M%3BO=A" "Mozilla/5.0 (Linux; Android 5.0) AppleWebKit/537.36 (KHTML, like Gecko) Mobile Safari/537.36 (compatible; Bytespider; spider-feedback@bytedance.com)"
156.59.198.136 - - [02/Oct/2023:19:10:56 +0200] "GET /renault.2web.at/htdocs/binaries/10377529.pdf HTTP/1.0" 404 309 "http://212.69.160.11:443/renault.2web.at/htdocs/binaries/?C=M%3BO=A" "Mozilla/5.0 (Linux; Android 5.0) AppleWebKit/537.36 (KHTML, like Gecko) Mobile Safari/537.36 (compatible; Bytespider; spider-feedback@bytedance.com)"
156.59.198.135 - - [02/Oct/2023:19:11:20 +0200] "GET /renault.2web.at/htdocs/binaries/10279221.pdf HTTP/1.0" 404 308 "http://212.69.160.11:443/renault.2web.at/htdocs/binaries/?C=M%3BO=A" "Mozilla/5.0 (Linux; Android 5.0) AppleWebKit/537.36 (KHTML, like Gecko) Mobile Safari/537.36 (compatible; Bytespider; spider-feedback@bytedance.com)"
156.59.198.135 - - [02/Oct/2023:19:12:09 +0200] "GET /renault.2web.at/htdocs/binaries/10052852.pdf HTTP/1.0" 404 308 "http://212.69.160.11:443/renault.2web.at/htdocs/binaries/?C=M%3BO=A" "Mozilla/5.0 (Linux; Android 5.0) AppleWebKit/537.36 (KHTML, like Gecko) Mobile Safari/537.36 (compatible; Bytespider; spider-feedback@bytedance.com)"
156.59.198.136 - - [02/Oct/2023:19:12:33 +0200] "GET /renault.2web.at/htdocs/binaries/10171423_1.pdf HTTP/1.0" 404 310 "http://212.69.160.11:443/renault.2web.at/htdocs/binaries/?C=M%3BO=A" "Mozilla/5.0 (Linux; Android 5.0) AppleWebKit/537.36 (KHTML, like Gecko) Mobile Safari/537.36 (compatible; Bytespider; spider-feedback@bytedance.com)"
156.59.198.136 - - [02/Oct/2023:19:12:57 +0200] "GET /renault.2web.at/htdocs/binaries/10044340.pdf HTTP/1.0" 404 308 "http://212.69.160.11:443/renault.2web.at/htdocs/binaries/?C=M%3BO=A" "Mozilla/5.0 (Linux; Android 5.0) AppleWebKit/537.36 (KHTML, like Gecko) Mobile Safari/537.36 (compatible; Bytespider; spider-feedback@bytedance.com)"
156.59.198.135 - - [02/Oct/2023:19:13:22 +0200] "GET /ed-test.activities.at/stats/lang/tooltips_w/awstats-tt-bg.txt HTTP/1.0" 404 316 "http://212.69.160.11:443/ed-test.activities.at/stats/lang/tooltips_w/?C=S%3BO=A" "Mozilla/5.0 (Linux; Android 5.0) AppleWebKit/537.36 (KHTML, like Gecko) Mobile Safari/537.36 (compatible; Bytespider; spider-feedback@bytedance.com)"
156.59.198.136 - - [02/Oct/2023:19:13:46 +0200] "GET /renault.2web.at/htdocs/binaries/10197031.doc HTTP/1.0" 404 307 "http://212.69.160.11:443/renault.2web.at/htdocs/binaries/?C=M%3BO=A" "Mozilla/5.0 (Linux; Android 5.0) AppleWebKit/537.36 (KHTML, like Gecko) Mobile Safari/537.36 (compatible; Bytespider; spider-feedback@bytedance.com)"
156.59.198.135 - - [02/Oct/2023:19:14:11 +0200] "GET /renault.2web.at/htdocs/binaries/10231946.doc HTTP/1.0" 404 307 "http://212.69.160.11:443/renault.2web.at/htdocs/binaries/?C=M%3BO=A" "Mozilla/5.0 (Linux; Android 5.0) AppleWebKit/537.36 (KHTML, like Gecko) Mobile Safari/537.36 (compatible; Bytespider; spider-feedback@bytedance.com)"
156.59.198.136 - - [02/Oct/2023:19:14:35 +0200] "GET /renault.2web.at/htdocs/binaries/10004287.pdf HTTP/1.0" 404 308 "http://212.69.160.11:443/renault.2web.at/htdocs/binaries/?C=M%3BO=A" "Mozilla/5.0 (Linux; Android 5.0) AppleWebKit/537.36 (KHTML, like Gecko) Mobile Safari/537.36 (compatible; Bytespider; spider-feedback@bytedance.com)"
156.59.198.136 - - [02/Oct/2023:19:15:00 +0200] "GET /ed-test.activities.at/stats/lang/tooltips_w/awstats-tt-gl.txt HTTP/1.0" 404 316 "http://212.69.160.11:443/ed-test.activities.at/stats/lang/tooltips_w/?C=S%3BO=A" "Mozilla/5.0 (Linux; Android 5.0) AppleWebKit/537.36 (KHTML, like Gecko) Mobile Safari/537.36 (compatible; Bytespider; spider-feedback@bytedance.com)"
156.59.198.136 - - [02/Oct/2023:19:15:26 +0200] "GET /ed-test.activities.at/stats/lang/tooltips_w/awstats-tt-cz.txt HTTP/1.0" 404 316 "http://212.69.160.11:443/ed-test.activities.at/stats/lang/tooltips_w/?C=S%3BO=A" "Mozilla/5.0 (Linux; Android 5.0) AppleWebKit/537.36 (KHTML, like Gecko) Mobile Safari/537.36 (compatible; Bytespider; spider-feedback@bytedance.com)"
156.59.198.136 - - [02/Oct/2023:19:15:50 +0200] "GET /ed-test.activities.at/stats/lang/tooltips_w/awstats-tt-sk.txt HTTP/1.0" 404 316 "http://212.69.160.11:443/ed-test.activities.at/stats/lang/tooltips_w/?C=S%3BO=A" "Mozilla/5.0 (Linux; Android 5.0) AppleWebKit/537.36 (KHTML, like Gecko) Mobile Safari/537.36 (compatible; Bytespider; spider-feedback@bytedance.com)"
156.59.198.136 - - [02/Oct/2023:19:16:15 +0200] "GET /ed-test.activities.at/stats/lang/tooltips_w/awstats-tt-ca.txt HTTP/1.0" 404 315 "http://212.69.160.11:443/ed-test.activities.at/stats/lang/tooltips_w/?C=S%3BO=A" "Mozilla/5.0 (Linux; Android 5.0) AppleWebKit/537.36 (KHTML, like Gecko) Mobile Safari/537.36 (compatible; Bytespider; spider-feedback@bytedance.com)"
156.59.198.136 - - [02/Oct/2023:19:16:41 +0200] "GET /ed-test.activities.at/stats/lang/tooltips_w/awstats-tt-de.txt HTTP/1.0" 404 315 "http://212.69.160.11:443/ed-test.activities.at/stats/lang/tooltips_w/?C=S%3BO=A" "Mozilla/5.0 (Linux; Android 5.0) AppleWebKit/537.36 (KHTML, like Gecko) Mobile Safari/537.36 (compatible; Bytespider; spider-feedback@bytedance.com)"
156.59.198.136 - - [02/Oct/2023:19:17:04 +0200] "GET /ed-test.activities.at/stats/lang/tooltips_w/awstats-tt-es.txt HTTP/1.0" 404 315 "http://212.69.160.11:443/ed-test.activities.at/stats/lang/tooltips_w/?C=S%3BO=A" "Mozilla/5.0 (Linux; Android 5.0) AppleWebKit/537.36 (KHTML, like Gecko) Mobile Safari/537.36 (compatible; Bytespider; spider-feedback@bytedance.com)"
156.59.198.136 - - [02/Oct/2023:19:17:29 +0200] "GET /ed-test.activities.at/stats/lang/tooltips_w/awstats-tt-kr.txt HTTP/1.0" 404 316 "http://212.69.160.11:443/ed-test.activities.at/stats/lang/tooltips_w/?C=S%3BO=A" "Mozilla/5.0 (Linux; Android 5.0) AppleWebKit/537.36 (KHTML, like Gecko) Mobile Safari/537.36 (compatible; Bytespider; spider-feedback@bytedance.com)"
156.59.198.135 - - [02/Oct/2023:19:17:56 +0200] "GET /ed-test.activities.at/stats/lang/tooltips_w/awstats-tt-hu.txt HTTP/1.0" 404 315 "http://212.69.160.11:443/ed-test.activities.at/stats/lang/tooltips_w/?C=S%3BO=A" "Mozilla/5.0 (Linux; Android 5.0) AppleWebKit/537.36 (KHTML, like Gecko) Mobile Safari/537.36 (compatible; Bytespider; spider-feedback@bytedance.com)"
156.59.198.135 - - [02/Oct/2023:19:18:19 +0200] "GET /ed-test.activities.at/stats/lang/tooltips_w/awstats-tt-tr.txt HTTP/1.0" 404 315 "http://212.69.160.11:443/ed-test.activities.at/stats/lang/tooltips_w/?C=S%3BO=A" "Mozilla/5.0 (Linux; Android 5.0) AppleWebKit/537.36 (KHTML, like Gecko) Mobile Safari/537.36 (compatible; Bytespider; spider-feedback@bytedance.com)"
156.59.198.135 - - [02/Oct/2023:19:18:43 +0200] "GET /ed-test.activities.at/stats/lang/tooltips_w/awstats-tt-cn.txt HTTP/1.0" 404 315 "http://212.69.160.11:443/ed-test.activities.at/stats/lang/tooltips_w/?C=S%3BO=A" "Mozilla/5.0 (Linux; Android 5.0) AppleWebKit/537.36 (KHTML, like Gecko) Mobile Safari/537.36 (compatible; Bytespider; spider-feedback@bytedance.com)"
156.59.198.136 - - [02/Oct/2023:19:19:08 +0200] "GET /ed-test.activities.at/stats/lang/tooltips_w/awstats-tt-tw.txt HTTP/1.0" 404 315 "http://212.69.160.11:443/ed-test.activities.at/stats/lang/tooltips_w/?C=S%3BO=A" "Mozilla/5.0 (Linux; Android 5.0) AppleWebKit/537.36 (KHTML, like Gecko) Mobile Safari/537.36 (compatible; Bytespider; spider-feedback@bytedance.com)"
156.59.198.136 - - [02/Oct/2023:19:19:32 +0200] "GET /renault.activities.at/htdocs/activities/gui/javascript/jquery/jquery-tooltip/changelog.txt HTTP/1.0" 404 331 "http://212.69.160.11:443/renault.activities.at/htdocs/activities/gui/javascript/jquery/jquery-tooltip/" "Mozilla/5.0 (Linux; Android 5.0) AppleWebKit/537.36 (KHTML, like Gecko) Mobile Safari/537.36 (compatible; Bytespider; spider-feedback@bytedance.com)"
45.227.254.8 - - [02/Oct/2023:19:19:49 +0200] "\x03" 400 383 "-" "-"
156.59.198.135 - - [02/Oct/2023:19:19:57 +0200] "GET /ed-test.activities.at/stats/lang/tooltips_w/awstats-tt-br.txt HTTP/1.0" 404 315 "http://212.69.160.11:443/ed-test.activities.at/stats/lang/tooltips_w/?C=S%3BO=A" "Mozilla/5.0 (Linux; Android 5.0) AppleWebKit/537.36 (KHTML, like Gecko) Mobile Safari/537.36 (compatible; Bytespider; spider-feedback@bytedance.com)"
156.59.198.135 - - [02/Oct/2023:19:20:21 +0200] "GET /ed-test.activities.at/stats/lang/tooltips_w/awstats-tt-is.txt HTTP/1.0" 404 315 "http://212.69.160.11:443/ed-test.activities.at/stats/lang/tooltips_w/?C=S%3BO=A" "Mozilla/5.0 (Linux; Android 5.0) AppleWebKit/537.36 (KHTML, like Gecko) Mobile Safari/537.36 (compatible; Bytespider; spider-feedback@bytedance.com)"
156.59.198.136 - - [02/Oct/2023:19:20:45 +0200] "GET /ed-test.activities.at/stats/lang/tooltips_w/awstats-tt-en.txt HTTP/1.0" 404 315 "http://212.69.160.11:443/ed-test.activities.at/stats/lang/tooltips_w/?C=S%3BO=A" "Mozilla/5.0 (Linux; Android 5.0) AppleWebKit/537.36 (KHTML, like Gecko) Mobile Safari/537.36 (compatible; Bytespider; spider-feedback@bytedance.com)"
156.59.198.135 - - [02/Oct/2023:19:21:10 +0200] "GET /ed-test.activities.at/stats/lang/tooltips_w/awstats-tt-nn.txt HTTP/1.0" 404 315 "http://212.69.160.11:443/ed-test.activities.at/stats/lang/tooltips_w/?C=S%3BO=A" "Mozilla/5.0 (Linux; Android 5.0) AppleWebKit/537.36 (KHTML, like Gecko) Mobile Safari/537.36 (compatible; Bytespider; spider-feedback@bytedance.com)"
156.59.198.136 - - [02/Oct/2023:19:21:34 +0200] "GET /ed-test.activities.at/stats/lang/tooltips_w/awstats-tt-ru.txt HTTP/1.0" 404 315 "http://212.69.160.11:443/ed-test.activities.at/stats/lang/tooltips_w/?C=S%3BO=A" "Mozilla/5.0 (Linux; Android 5.0) AppleWebKit/537.36 (KHTML, like Gecko) Mobile Safari/537.36 (compatible; Bytespider; spider-feedback@bytedance.com)"
156.59.198.136 - - [02/Oct/2023:19:21:58 +0200] "GET /ed-test.activities.at/stats/lang/tooltips_w/awstats-tt-fi.txt HTTP/1.0" 404 315 "http://212.69.160.11:443/ed-test.activities.at/stats/lang/tooltips_w/?C=S%3BO=A" "Mozilla/5.0 (Linux; Android 5.0) AppleWebKit/537.36 (KHTML, like Gecko) Mobile Safari/537.36 (compatible; Bytespider; spider-feedback@bytedance.com)"
156.59.198.136 - - [02/Oct/2023:19:22:23 +0200] "GET /ed-test.activities.at/stats/lang/tooltips_w/awstats-tt-fr.txt HTTP/1.0" 404 316 "http://212.69.160.11:443/ed-test.activities.at/stats/lang/tooltips_w/?C=S%3BO=A" "Mozilla/5.0 (Linux; Android 5.0) AppleWebKit/537.36 (KHTML, like Gecko) Mobile Safari/537.36 (compatible; Bytespider; spider-feedback@bytedance.com)"
156.59.198.135 - - [02/Oct/2023:19:22:47 +0200] "GET /ed-test.activities.at/stats/lang/tooltips_w/awstats-tt-pl.txt HTTP/1.0" 404 315 "http://212.69.160.11:443/ed-test.activities.at/stats/lang/tooltips_w/?C=S%3BO=A" "Mozilla/5.0 (Linux; Android 5.0) AppleWebKit/537.36 (KHTML, like Gecko) Mobile Safari/537.36 (compatible; Bytespider; spider-feedback@bytedance.com)"
156.59.198.135 - - [02/Oct/2023:19:23:12 +0200] "GET /ed-test.activities.at/stats/lang/tooltips_w/awstats-tt-nb.txt HTTP/1.0" 404 315 "http://212.69.160.11:443/ed-test.activities.at/stats/lang/tooltips_w/?C=S%3BO=A" "Mozilla/5.0 (Linux; Android 5.0) AppleWebKit/537.36 (KHTML, like Gecko) Mobile Safari/537.36 (compatible; Bytespider; spider-feedback@bytedance.com)"
156.59.198.135 - - [02/Oct/2023:19:23:36 +0200] "GET /ed-test.activities.at/stats/lang/tooltips_w/awstats-tt-ua.txt HTTP/1.0" 404 315 "http://212.69.160.11:443/ed-test.activities.at/stats/lang/tooltips_w/?C=S%3BO=A" "Mozilla/5.0 (Linux; Android 5.0) AppleWebKit/537.36 (KHTML, like Gecko) Mobile Safari/537.36 (compatible; Bytespider; spider-feedback@bytedance.com)"
156.59.198.136 - - [02/Oct/2023:19:24:01 +0200] "GET /ed-test.activities.at/stats/lang/tooltips_w/awstats-tt-jp.txt HTTP/1.0" 404 316 "http://212.69.160.11:443/ed-test.activities.at/stats/lang/tooltips_w/?C=S%3BO=A" "Mozilla/5.0 (Linux; Android 5.0) AppleWebKit/537.36 (KHTML, like Gecko) Mobile Safari/537.36 (compatible; Bytespider; spider-feedback@bytedance.com)"
156.59.198.135 - - [02/Oct/2023:19:24:25 +0200] "GET /ed-test.activities.at/stats/lang/tooltips_w/awstats-tt-se.txt HTTP/1.0" 404 315 "http://212.69.160.11:443/ed-test.activities.at/stats/lang/tooltips_w/?C=S%3BO=A" "Mozilla/5.0 (Linux; Android 5.0) AppleWebKit/537.36 (KHTML, like Gecko) Mobile Safari/537.36 (compatible; Bytespider; spider-feedback@bytedance.com)"
156.59.198.136 - - [02/Oct/2023:19:24:49 +0200] "GET /ed-test.activities.at/stats/lang/tooltips_w/awstats-tt-nl.txt HTTP/1.0" 404 315 "http://212.69.160.11:443/ed-test.activities.at/stats/lang/tooltips_w/?C=S%3BO=A" "Mozilla/5.0 (Linux; Android 5.0) AppleWebKit/537.36 (KHTML, like Gecko) Mobile Safari/537.36 (compatible; Bytespider; spider-feedback@bytedance.com)"
156.59.198.135 - - [02/Oct/2023:19:25:14 +0200] "GET /renault.activities.at/htdocs/activities/framework/webfx/javascript/treeview/readme.txt HTTP/1.0" 404 331 "http://212.69.160.11:443/renault.activities.at/htdocs/activities/framework/webfx/javascript/treeview/" "Mozilla/5.0 (Linux; Android 5.0) AppleWebKit/537.36 (KHTML, like Gecko) Mobile Safari/537.36 (compatible; Bytespider; spider-feedback@bytedance.com)"
156.59.198.135 - - [02/Oct/2023:19:25:39 +0200] "GET /ed-test.activities.at/stats/lang/tooltips_w/awstats-tt-sr.txt HTTP/1.0" 404 315 "http://212.69.160.11:443/ed-test.activities.at/stats/lang/tooltips_w/?C=S%3BO=A" "Mozilla/5.0 (Linux; Android 5.0) AppleWebKit/537.36 (KHTML, like Gecko) Mobile Safari/537.36 (compatible; Bytespider; spider-feedback@bytedance.com)"
156.59.198.136 - - [02/Oct/2023:19:26:03 +0200] "GET /ed-test.activities.at/stats/lang/tooltips_w/awstats-tt-al.txt HTTP/1.0" 404 315 "http://212.69.160.11:443/ed-test.activities.at/stats/lang/tooltips_w/?C=S%3BO=A" "Mozilla/5.0 (Linux; Android 5.0) AppleWebKit/537.36 (KHTML, like Gecko) Mobile Safari/537.36 (compatible; Bytespider; spider-feedback@bytedance.com)"
156.59.198.136 - - [02/Oct/2023:19:26:29 +0200] "GET /ed-test.activities.at/stats/lang/tooltips_w/awstats-tt-ro.txt HTTP/1.0" 404 315 "http://212.69.160.11:443/ed-test.activities.at/stats/lang/tooltips_w/?C=S%3BO=A" "Mozilla/5.0 (Linux; Android 5.0) AppleWebKit/537.36 (KHTML, like Gecko) Mobile Safari/537.36 (compatible; Bytespider; spider-feedback@bytedance.com)"
