178.115.69.135 - - [02/Oct/2023:17:12:04 +0200] "GET /gui/javascript/form_form.js?1696259524 HTTP/1.1" 200 16206 "http://hausegger.activities.at/entry.php?id=10271&&ser=259460" "Mozilla/5.0 (Windows NT 10.0; Win64; x64; rv:109.0) Gecko/20100101 Firefox/118.0"
178.115.69.135 - - [02/Oct/2023:17:12:06 +0200] "GET /entry.php?id=10271&&ser=259465 HTTP/1.1" 200 987 "http://hausegger.activities.at/entry.php?id=10271&&ser=259404" "Mozilla/5.0 (Windows NT 10.0; Win64; x64) AppleWebKit/537.36 (KHTML, like Gecko) Chrome/117.0.0.0 Safari/537.36"
178.115.69.135 - - [02/Oct/2023:17:12:06 +0200] "GET /gui/javascript/form_form.js?1696259526 HTTP/1.1" 200 16206 "http://hausegger.activities.at/entry.php?id=10271&&ser=259465" "Mozilla/5.0 (Windows NT 10.0; Win64; x64) AppleWebKit/537.36 (KHTML, like Gecko) Chrome/117.0.0.0 Safari/537.36"
35.195.93.98 - - [02/Oct/2023:17:12:26 +0200] "GET / HTTP/1.1" 200 274 "-" "python-requests/2.31.0"
178.115.69.135 - - [02/Oct/2023:17:13:07 +0200] "GET /entry.php?id=10271&&ser=259526 HTTP/1.1" 200 987 "http://hausegger.activities.at/entry.php?id=10271&&ser=259465" "Mozilla/5.0 (Windows NT 10.0; Win64; x64) AppleWebKit/537.36 (KHTML, like Gecko) Chrome/117.0.0.0 Safari/537.36"
178.115.69.135 - - [02/Oct/2023:17:13:07 +0200] "GET /gui/javascript/form_form.js?1696259587 HTTP/1.1" 200 16206 "http://hausegger.activities.at/entry.php?id=10271&&ser=259526" "Mozilla/5.0 (Windows NT 10.0; Win64; x64) AppleWebKit/537.36 (KHTML, like Gecko) Chrome/117.0.0.0 Safari/537.36"
178.115.69.135 - - [02/Oct/2023:17:13:08 +0200] "GET /entry.php?id=10271&&ser=259524 HTTP/1.1" 200 987 "http://hausegger.activities.at/entry.php?id=10271&&ser=259460" "Mozilla/5.0 (Windows NT 10.0; Win64; x64; rv:109.0) Gecko/20100101 Firefox/118.0"
178.115.69.135 - - [02/Oct/2023:17:13:08 +0200] "GET /gui/javascript/form_form.js?1696259588 HTTP/1.1" 200 16206 "http://hausegger.activities.at/entry.php?id=10271&&ser=259524" "Mozilla/5.0 (Windows NT 10.0; Win64; x64; rv:109.0) Gecko/20100101 Firefox/118.0"
178.115.69.135 - - [02/Oct/2023:17:14:08 +0200] "GET /entry.php?id=10271&&ser=259587 HTTP/1.1" 200 987 "http://hausegger.activities.at/entry.php?id=10271&&ser=259526" "Mozilla/5.0 (Windows NT 10.0; Win64; x64) AppleWebKit/537.36 (KHTML, like Gecko) Chrome/117.0.0.0 Safari/537.36"
178.115.69.135 - - [02/Oct/2023:17:14:08 +0200] "GET /gui/javascript/form_form.js?1696259648 HTTP/1.1" 200 16206 "http://hausegger.activities.at/entry.php?id=10271&&ser=259587" "Mozilla/5.0 (Windows NT 10.0; Win64; x64) AppleWebKit/537.36 (KHTML, like Gecko) Chrome/117.0.0.0 Safari/537.36"
178.115.69.135 - - [02/Oct/2023:17:14:13 +0200] "GET /entry.php?id=10271&&ser=259588 HTTP/1.1" 200 987 "http://hausegger.activities.at/entry.php?id=10271&&ser=259524" "Mozilla/5.0 (Windows NT 10.0; Win64; x64; rv:109.0) Gecko/20100101 Firefox/118.0"
178.115.69.135 - - [02/Oct/2023:17:14:13 +0200] "GET /gui/javascript/form_form.js?1696259653 HTTP/1.1" 200 16206 "http://hausegger.activities.at/entry.php?id=10271&&ser=259588" "Mozilla/5.0 (Windows NT 10.0; Win64; x64; rv:109.0) Gecko/20100101 Firefox/118.0"
178.115.69.135 - - [02/Oct/2023:17:15:09 +0200] "GET /entry.php?id=10271&&ser=259648 HTTP/1.1" 200 987 "http://hausegger.activities.at/entry.php?id=10271&&ser=259587" "Mozilla/5.0 (Windows NT 10.0; Win64; x64) AppleWebKit/537.36 (KHTML, like Gecko) Chrome/117.0.0.0 Safari/537.36"
178.115.69.135 - - [02/Oct/2023:17:15:09 +0200] "GET /gui/javascript/form_form.js?1696259709 HTTP/1.1" 200 16206 "http://hausegger.activities.at/entry.php?id=10271&&ser=259648" "Mozilla/5.0 (Windows NT 10.0; Win64; x64) AppleWebKit/537.36 (KHTML, like Gecko) Chrome/117.0.0.0 Safari/537.36"
178.115.69.135 - - [02/Oct/2023:17:15:17 +0200] "GET /entry.php?id=10271&&ser=259653 HTTP/1.1" 200 987 "http://hausegger.activities.at/entry.php?id=10271&&ser=259588" "Mozilla/5.0 (Windows NT 10.0; Win64; x64; rv:109.0) Gecko/20100101 Firefox/118.0"
178.115.69.135 - - [02/Oct/2023:17:15:17 +0200] "GET /gui/javascript/form_form.js?1696259717 HTTP/1.1" 200 16206 "http://hausegger.activities.at/entry.php?id=10271&&ser=259653" "Mozilla/5.0 (Windows NT 10.0; Win64; x64; rv:109.0) Gecko/20100101 Firefox/118.0"
178.115.69.135 - - [02/Oct/2023:17:16:10 +0200] "GET /entry.php?id=10271&&ser=259709 HTTP/1.1" 200 987 "http://hausegger.activities.at/entry.php?id=10271&&ser=259648" "Mozilla/5.0 (Windows NT 10.0; Win64; x64) AppleWebKit/537.36 (KHTML, like Gecko) Chrome/117.0.0.0 Safari/537.36"
178.115.69.135 - - [02/Oct/2023:17:16:10 +0200] "GET /gui/javascript/form_form.js?1696259770 HTTP/1.1" 200 16206 "http://hausegger.activities.at/entry.php?id=10271&&ser=259709" "Mozilla/5.0 (Windows NT 10.0; Win64; x64) AppleWebKit/537.36 (KHTML, like Gecko) Chrome/117.0.0.0 Safari/537.36"
178.115.69.135 - - [02/Oct/2023:17:16:21 +0200] "GET /entry.php?id=10271&&ser=259717 HTTP/1.1" 200 987 "http://hausegger.activities.at/entry.php?id=10271&&ser=259653" "Mozilla/5.0 (Windows NT 10.0; Win64; x64; rv:109.0) Gecko/20100101 Firefox/118.0"
178.115.69.135 - - [02/Oct/2023:17:16:21 +0200] "GET /gui/javascript/form_form.js?1696259781 HTTP/1.1" 200 16206 "http://hausegger.activities.at/entry.php?id=10271&&ser=259717" "Mozilla/5.0 (Windows NT 10.0; Win64; x64; rv:109.0) Gecko/20100101 Firefox/118.0"
178.115.69.135 - - [02/Oct/2023:17:17:11 +0200] "GET /entry.php?id=10271&&ser=259770 HTTP/1.1" 200 987 "http://hausegger.activities.at/entry.php?id=10271&&ser=259709" "Mozilla/5.0 (Windows NT 10.0; Win64; x64) AppleWebKit/537.36 (KHTML, like Gecko) Chrome/117.0.0.0 Safari/537.36"
178.115.69.135 - - [02/Oct/2023:17:17:11 +0200] "GET /gui/javascript/form_form.js?1696259831 HTTP/1.1" 200 16206 "http://hausegger.activities.at/entry.php?id=10271&&ser=259770" "Mozilla/5.0 (Windows NT 10.0; Win64; x64) AppleWebKit/537.36 (KHTML, like Gecko) Chrome/117.0.0.0 Safari/537.36"
178.115.69.135 - - [02/Oct/2023:17:17:26 +0200] "GET /entry.php?id=10271&&ser=259781 HTTP/1.1" 200 987 "http://hausegger.activities.at/entry.php?id=10271&&ser=259717" "Mozilla/5.0 (Windows NT 10.0; Win64; x64; rv:109.0) Gecko/20100101 Firefox/118.0"
178.115.69.135 - - [02/Oct/2023:17:17:26 +0200] "GET /gui/javascript/form_form.js?1696259846 HTTP/1.1" 200 16206 "http://hausegger.activities.at/entry.php?id=10271&&ser=259781" "Mozilla/5.0 (Windows NT 10.0; Win64; x64; rv:109.0) Gecko/20100101 Firefox/118.0"
178.115.69.135 - - [02/Oct/2023:17:18:12 +0200] "GET /entry.php?id=10271&&ser=259831 HTTP/1.1" 200 987 "http://hausegger.activities.at/entry.php?id=10271&&ser=259770" "Mozilla/5.0 (Windows NT 10.0; Win64; x64) AppleWebKit/537.36 (KHTML, like Gecko) Chrome/117.0.0.0 Safari/537.36"
178.115.69.135 - - [02/Oct/2023:17:18:12 +0200] "GET /gui/javascript/form_form.js?1696259892 HTTP/1.1" 200 16206 "http://hausegger.activities.at/entry.php?id=10271&&ser=259831" "Mozilla/5.0 (Windows NT 10.0; Win64; x64) AppleWebKit/537.36 (KHTML, like Gecko) Chrome/117.0.0.0 Safari/537.36"
178.115.69.135 - - [02/Oct/2023:17:18:26 +0200] "GET /entry.php?id=10271&&ser=259846 HTTP/1.1" 200 987 "http://hausegger.activities.at/entry.php?id=10271&&ser=259781" "Mozilla/5.0 (Windows NT 10.0; Win64; x64; rv:109.0) Gecko/20100101 Firefox/118.0"
178.115.69.135 - - [02/Oct/2023:17:18:26 +0200] "GET /gui/javascript/form_form.js?1696259906 HTTP/1.1" 200 16206 "http://hausegger.activities.at/entry.php?id=10271&&ser=259846" "Mozilla/5.0 (Windows NT 10.0; Win64; x64; rv:109.0) Gecko/20100101 Firefox/118.0"
178.115.69.135 - - [02/Oct/2023:17:19:13 +0200] "GET /entry.php?id=10271&&ser=259892 HTTP/1.1" 200 987 "http://hausegger.activities.at/entry.php?id=10271&&ser=259831" "Mozilla/5.0 (Windows NT 10.0; Win64; x64) AppleWebKit/537.36 (KHTML, like Gecko) Chrome/117.0.0.0 Safari/537.36"
178.115.69.135 - - [02/Oct/2023:17:19:13 +0200] "GET /gui/javascript/form_form.js?1696259953 HTTP/1.1" 200 16206 "http://hausegger.activities.at/entry.php?id=10271&&ser=259892" "Mozilla/5.0 (Windows NT 10.0; Win64; x64) AppleWebKit/537.36 (KHTML, like Gecko) Chrome/117.0.0.0 Safari/537.36"
178.115.69.135 - - [02/Oct/2023:17:19:26 +0200] "GET /entry.php?id=10271&&ser=259906 HTTP/1.1" 200 987 "http://hausegger.activities.at/entry.php?id=10271&&ser=259846" "Mozilla/5.0 (Windows NT 10.0; Win64; x64; rv:109.0) Gecko/20100101 Firefox/118.0"
178.115.69.135 - - [02/Oct/2023:17:19:26 +0200] "GET /gui/javascript/form_form.js?1696259966 HTTP/1.1" 200 16206 "http://hausegger.activities.at/entry.php?id=10271&&ser=259906" "Mozilla/5.0 (Windows NT 10.0; Win64; x64; rv:109.0) Gecko/20100101 Firefox/118.0"
156.59.198.135 - - [02/Oct/2023:17:19:47 +0200] "GET /default/cgi-bin/lang/tooltips_m/awstats-tt-en.txt HTTP/1.0" 404 311 "http://212.69.160.11:443/default/cgi-bin/lang/tooltips_m/?C=S%3BO=A" "Mozilla/5.0 (Linux; Android 5.0) AppleWebKit/537.36 (KHTML, like Gecko) Mobile Safari/537.36 (compatible; Bytespider; spider-feedback@bytedance.com)"
156.59.198.135 - - [02/Oct/2023:17:20:12 +0200] "GET /default/cgi-bin/lang/tooltips_m/awstats-tt-fr.txt HTTP/1.0" 404 311 "http://212.69.160.11:443/default/cgi-bin/lang/tooltips_m/?C=S%3BO=A" "Mozilla/5.0 (Linux; Android 5.0) AppleWebKit/537.36 (KHTML, like Gecko) Mobile Safari/537.36 (compatible; Bytespider; spider-feedback@bytedance.com)"
178.115.69.135 - - [02/Oct/2023:17:20:14 +0200] "GET /entry.php?id=10271&&ser=259953 HTTP/1.1" 200 987 "http://hausegger.activities.at/entry.php?id=10271&&ser=259892" "Mozilla/5.0 (Windows NT 10.0; Win64; x64) AppleWebKit/537.36 (KHTML, like Gecko) Chrome/117.0.0.0 Safari/537.36"
178.115.69.135 - - [02/Oct/2023:17:20:14 +0200] "GET /gui/javascript/form_form.js?1696260014 HTTP/1.1" 200 16206 "http://hausegger.activities.at/entry.php?id=10271&&ser=259953" "Mozilla/5.0 (Windows NT 10.0; Win64; x64) AppleWebKit/537.36 (KHTML, like Gecko) Chrome/117.0.0.0 Safari/537.36"
178.115.69.135 - - [02/Oct/2023:17:20:26 +0200] "GET /entry.php?id=10271&&ser=259966 HTTP/1.1" 200 987 "http://hausegger.activities.at/entry.php?id=10271&&ser=259906" "Mozilla/5.0 (Windows NT 10.0; Win64; x64; rv:109.0) Gecko/20100101 Firefox/118.0"
178.115.69.135 - - [02/Oct/2023:17:20:27 +0200] "GET /gui/javascript/form_form.js?1696260026 HTTP/1.1" 200 16206 "http://hausegger.activities.at/entry.php?id=10271&&ser=259966" "Mozilla/5.0 (Windows NT 10.0; Win64; x64; rv:109.0) Gecko/20100101 Firefox/118.0"
156.59.198.136 - - [02/Oct/2023:17:20:36 +0200] "GET /default/cgi-bin/lang/tooltips_m/awstats-tt-it.txt HTTP/1.0" 404 311 "http://212.69.160.11:443/default/cgi-bin/lang/tooltips_m/?C=S%3BO=A" "Mozilla/5.0 (Linux; Android 5.0) AppleWebKit/537.36 (KHTML, like Gecko) Mobile Safari/537.36 (compatible; Bytespider; spider-feedback@bytedance.com)"
156.59.198.136 - - [02/Oct/2023:17:21:01 +0200] "GET /default/cgi-bin/lang/tooltips_m/awstats-tt-is.txt HTTP/1.0" 404 311 "http://212.69.160.11:443/default/cgi-bin/lang/tooltips_m/?C=S%3BO=A" "Mozilla/5.0 (Linux; Android 5.0) AppleWebKit/537.36 (KHTML, like Gecko) Mobile Safari/537.36 (compatible; Bytespider; spider-feedback@bytedance.com)"
178.115.69.135 - - [02/Oct/2023:17:21:15 +0200] "GET /entry.php?id=10271&&ser=260014 HTTP/1.1" 200 987 "http://hausegger.activities.at/entry.php?id=10271&&ser=259953" "Mozilla/5.0 (Windows NT 10.0; Win64; x64) AppleWebKit/537.36 (KHTML, like Gecko) Chrome/117.0.0.0 Safari/537.36"
178.115.69.135 - - [02/Oct/2023:17:21:15 +0200] "GET /gui/javascript/form_form.js?1696260075 HTTP/1.1" 200 16206 "http://hausegger.activities.at/entry.php?id=10271&&ser=260014" "Mozilla/5.0 (Windows NT 10.0; Win64; x64) AppleWebKit/537.36 (KHTML, like Gecko) Chrome/117.0.0.0 Safari/537.36"
156.59.198.135 - - [02/Oct/2023:17:21:26 +0200] "GET /default/cgi-bin/lang/tooltips_m/awstats-tt-br.txt HTTP/1.0" 404 311 "http://212.69.160.11:443/default/cgi-bin/lang/tooltips_m/?C=S%3BO=A" "Mozilla/5.0 (Linux; Android 5.0) AppleWebKit/537.36 (KHTML, like Gecko) Mobile Safari/537.36 (compatible; Bytespider; spider-feedback@bytedance.com)"
178.115.69.135 - - [02/Oct/2023:17:21:27 +0200] "GET /entry.php?id=10271&&ser=260026 HTTP/1.1" 200 987 "http://hausegger.activities.at/entry.php?id=10271&&ser=259966" "Mozilla/5.0 (Windows NT 10.0; Win64; x64; rv:109.0) Gecko/20100101 Firefox/118.0"
178.115.69.135 - - [02/Oct/2023:17:21:27 +0200] "GET /gui/javascript/form_form.js?1696260087 HTTP/1.1" 200 16206 "http://hausegger.activities.at/entry.php?id=10271&&ser=260026" "Mozilla/5.0 (Windows NT 10.0; Win64; x64; rv:109.0) Gecko/20100101 Firefox/118.0"
156.59.198.136 - - [02/Oct/2023:17:21:50 +0200] "GET /renault.activities.at/htdocs/dompdf-master/www/test/images/dompdf_simple.png HTTP/1.0" 404 325 "http://212.69.160.11:443/renault.activities.at/htdocs/dompdf-master/www/test/css_position_fixed.html" "Mozilla/5.0 (Linux; Android 5.0) AppleWebKit/537.36 (KHTML, like Gecko) Mobile Safari/537.36 (compatible; Bytespider; spider-feedback@bytedance.com)"
156.59.198.135 - - [02/Oct/2023:17:22:15 +0200] "GET /ed-test.2web.at/stats/lib/blacklist.txt HTTP/1.0" 404 303 "http://212.69.160.11:443/ed-test.2web.at/stats/lib/" "Mozilla/5.0 (Linux; Android 5.0) AppleWebKit/537.36 (KHTML, like Gecko) Mobile Safari/537.36 (compatible; Bytespider; spider-feedback@bytedance.com)"
178.115.69.135 - - [02/Oct/2023:17:22:16 +0200] "GET /entry.php?id=10271&&ser=260075 HTTP/1.1" 200 987 "http://hausegger.activities.at/entry.php?id=10271&&ser=260014" "Mozilla/5.0 (Windows NT 10.0; Win64; x64) AppleWebKit/537.36 (KHTML, like Gecko) Chrome/117.0.0.0 Safari/537.36"
178.115.69.135 - - [02/Oct/2023:17:22:16 +0200] "GET /gui/javascript/form_form.js?1696260136 HTTP/1.1" 200 16206 "http://hausegger.activities.at/entry.php?id=10271&&ser=260075" "Mozilla/5.0 (Windows NT 10.0; Win64; x64) AppleWebKit/537.36 (KHTML, like Gecko) Chrome/117.0.0.0 Safari/537.36"
178.115.69.135 - - [02/Oct/2023:17:22:27 +0200] "GET /entry.php?id=10271&&ser=260087 HTTP/1.1" 200 987 "http://hausegger.activities.at/entry.php?id=10271&&ser=260026" "Mozilla/5.0 (Windows NT 10.0; Win64; x64; rv:109.0) Gecko/20100101 Firefox/118.0"
178.115.69.135 - - [02/Oct/2023:17:22:27 +0200] "GET /gui/javascript/form_form.js?1696260147 HTTP/1.1" 200 16206 "http://hausegger.activities.at/entry.php?id=10271&&ser=260087" "Mozilla/5.0 (Windows NT 10.0; Win64; x64; rv:109.0) Gecko/20100101 Firefox/118.0"
178.115.69.135 - - [02/Oct/2023:17:23:17 +0200] "GET /entry.php?id=10271&&ser=260136 HTTP/1.1" 200 987 "http://hausegger.activities.at/entry.php?id=10271&&ser=260075" "Mozilla/5.0 (Windows NT 10.0; Win64; x64) AppleWebKit/537.36 (KHTML, like Gecko) Chrome/117.0.0.0 Safari/537.36"
178.115.69.135 - - [02/Oct/2023:17:23:17 +0200] "GET /gui/javascript/form_form.js?1696260197 HTTP/1.1" 200 16206 "http://hausegger.activities.at/entry.php?id=10271&&ser=260136" "Mozilla/5.0 (Windows NT 10.0; Win64; x64) AppleWebKit/537.36 (KHTML, like Gecko) Chrome/117.0.0.0 Safari/537.36"
178.115.69.135 - - [02/Oct/2023:17:23:27 +0200] "GET /entry.php?id=10271&&ser=260147 HTTP/1.1" 200 987 "http://hausegger.activities.at/entry.php?id=10271&&ser=260087" "Mozilla/5.0 (Windows NT 10.0; Win64; x64; rv:109.0) Gecko/20100101 Firefox/118.0"
178.115.69.135 - - [02/Oct/2023:17:23:27 +0200] "GET /gui/javascript/form_form.js?1696260207 HTTP/1.1" 200 16206 "http://hausegger.activities.at/entry.php?id=10271&&ser=260147" "Mozilla/5.0 (Windows NT 10.0; Win64; x64; rv:109.0) Gecko/20100101 Firefox/118.0"
156.59.198.135 - - [02/Oct/2023:17:23:52 +0200] "GET /renault.activities.at/htdocs/log/emu/warning.txt HTTP/1.0" 404 310 "http://212.69.160.11:443/renault.activities.at/htdocs/log/emu/?C=M%3BO=A" "Mozilla/5.0 (Linux; Android 5.0) AppleWebKit/537.36 (KHTML, like Gecko) Mobile Safari/537.36 (compatible; Bytespider; spider-feedback@bytedance.com)"
156.59.198.135 - - [02/Oct/2023:17:24:17 +0200] "GET /renault.activities.at/htdocs/log/emu/debug.txt HTTP/1.0" 404 309 "http://212.69.160.11:443/renault.activities.at/htdocs/log/emu/?C=M%3BO=A" "Mozilla/5.0 (Linux; Android 5.0) AppleWebKit/537.36 (KHTML, like Gecko) Mobile Safari/537.36 (compatible; Bytespider; spider-feedback@bytedance.com)"
178.115.69.135 - - [02/Oct/2023:17:24:18 +0200] "GET /entry.php?id=10271&&ser=260197 HTTP/1.1" 200 986 "http://hausegger.activities.at/entry.php?id=10271&&ser=260136" "Mozilla/5.0 (Windows NT 10.0; Win64; x64) AppleWebKit/537.36 (KHTML, like Gecko) Chrome/117.0.0.0 Safari/537.36"
178.115.69.135 - - [02/Oct/2023:17:24:18 +0200] "GET /gui/javascript/form_form.js?1696260258 HTTP/1.1" 200 16206 "http://hausegger.activities.at/entry.php?id=10271&&ser=260197" "Mozilla/5.0 (Windows NT 10.0; Win64; x64) AppleWebKit/537.36 (KHTML, like Gecko) Chrome/117.0.0.0 Safari/537.36"
178.115.69.135 - - [02/Oct/2023:17:24:28 +0200] "GET /entry.php?id=10271&&ser=260207 HTTP/1.1" 200 987 "http://hausegger.activities.at/entry.php?id=10271&&ser=260147" "Mozilla/5.0 (Windows NT 10.0; Win64; x64; rv:109.0) Gecko/20100101 Firefox/118.0"
178.115.69.135 - - [02/Oct/2023:17:24:28 +0200] "GET /gui/javascript/form_form.js?1696260268 HTTP/1.1" 200 16206 "http://hausegger.activities.at/entry.php?id=10271&&ser=260207" "Mozilla/5.0 (Windows NT 10.0; Win64; x64; rv:109.0) Gecko/20100101 Firefox/118.0"
156.59.198.136 - - [02/Oct/2023:17:24:41 +0200] "GET /renault.activities.at/htdocs/log/emu/export_articles.txt HTTP/1.0" 404 315 "http://212.69.160.11:443/renault.activities.at/htdocs/log/emu/?C=M%3BO=A" "Mozilla/5.0 (Linux; Android 5.0) AppleWebKit/537.36 (KHTML, like Gecko) Mobile Safari/537.36 (compatible; Bytespider; spider-feedback@bytedance.com)"
156.59.198.135 - - [02/Oct/2023:17:25:06 +0200] "GET /renault.activities.at/htdocs/log/emu/error.txt HTTP/1.0" 404 308 "http://212.69.160.11:443/renault.activities.at/htdocs/log/emu/?C=M%3BO=A" "Mozilla/5.0 (Linux; Android 5.0) AppleWebKit/537.36 (KHTML, like Gecko) Mobile Safari/537.36 (compatible; Bytespider; spider-feedback@bytedance.com)"
178.115.69.135 - - [02/Oct/2023:17:25:19 +0200] "GET /entry.php?id=10271&&ser=260258 HTTP/1.1" 200 987 "http://hausegger.activities.at/entry.php?id=10271&&ser=260197" "Mozilla/5.0 (Windows NT 10.0; Win64; x64) AppleWebKit/537.36 (KHTML, like Gecko) Chrome/117.0.0.0 Safari/537.36"
178.115.69.135 - - [02/Oct/2023:17:25:19 +0200] "GET /gui/javascript/form_form.js?1696260319 HTTP/1.1" 200 16206 "http://hausegger.activities.at/entry.php?id=10271&&ser=260258" "Mozilla/5.0 (Windows NT 10.0; Win64; x64) AppleWebKit/537.36 (KHTML, like Gecko) Chrome/117.0.0.0 Safari/537.36"
178.115.69.135 - - [02/Oct/2023:17:25:28 +0200] "GET /entry.php?id=10271&&ser=260268 HTTP/1.1" 200 988 "http://hausegger.activities.at/entry.php?id=10271&&ser=260207" "Mozilla/5.0 (Windows NT 10.0; Win64; x64; rv:109.0) Gecko/20100101 Firefox/118.0"
178.115.69.135 - - [02/Oct/2023:17:25:28 +0200] "GET /gui/javascript/form_form.js?1696260328 HTTP/1.1" 200 16206 "http://hausegger.activities.at/entry.php?id=10271&&ser=260268" "Mozilla/5.0 (Windows NT 10.0; Win64; x64; rv:109.0) Gecko/20100101 Firefox/118.0"
52.167.144.55 - - [02/Oct/2023:17:26:04 +0200] "GET /robots.txt HTTP/1.1" 404 288 "-" "Mozilla/5.0 AppleWebKit/537.36 (KHTML, like Gecko; compatible; bingbot/2.0; +http://www.bing.com/bingbot.htm) Chrome/103.0.5060.134 Safari/537.36"
178.115.69.135 - - [02/Oct/2023:17:26:20 +0200] "GET /entry.php?id=10271&&ser=260319 HTTP/1.1" 200 987 "http://hausegger.activities.at/entry.php?id=10271&&ser=260258" "Mozilla/5.0 (Windows NT 10.0; Win64; x64) AppleWebKit/537.36 (KHTML, like Gecko) Chrome/117.0.0.0 Safari/537.36"
178.115.69.135 - - [02/Oct/2023:17:26:20 +0200] "GET /gui/javascript/form_form.js?1696260380 HTTP/1.1" 200 16206 "http://hausegger.activities.at/entry.php?id=10271&&ser=260319" "Mozilla/5.0 (Windows NT 10.0; Win64; x64) AppleWebKit/537.36 (KHTML, like Gecko) Chrome/117.0.0.0 Safari/537.36"
178.115.69.135 - - [02/Oct/2023:17:26:28 +0200] "GET /entry.php?id=10271&&ser=260328 HTTP/1.1" 200 987 "http://hausegger.activities.at/entry.php?id=10271&&ser=260268" "Mozilla/5.0 (Windows NT 10.0; Win64; x64; rv:109.0) Gecko/20100101 Firefox/118.0"
178.115.69.135 - - [02/Oct/2023:17:26:28 +0200] "GET /gui/javascript/form_form.js?1696260388 HTTP/1.1" 200 16206 "http://hausegger.activities.at/entry.php?id=10271&&ser=260328" "Mozilla/5.0 (Windows NT 10.0; Win64; x64; rv:109.0) Gecko/20100101 Firefox/118.0"
52.167.144.225 - - [02/Oct/2023:17:26:42 +0200] "GET / HTTP/1.1" 200 274 "-" "Mozilla/5.0 AppleWebKit/537.36 (KHTML, like Gecko; compatible; bingbot/2.0; +http://www.bing.com/bingbot.htm) Chrome/103.0.5060.134 Safari/537.36"
178.115.69.135 - - [02/Oct/2023:17:27:21 +0200] "GET /entry.php?id=10271&&ser=260380 HTTP/1.1" 200 987 "http://hausegger.activities.at/entry.php?id=10271&&ser=260319" "Mozilla/5.0 (Windows NT 10.0; Win64; x64) AppleWebKit/537.36 (KHTML, like Gecko) Chrome/117.0.0.0 Safari/537.36"
178.115.69.135 - - [02/Oct/2023:17:27:21 +0200] "GET /gui/javascript/form_form.js?1696260441 HTTP/1.1" 200 16206 "http://hausegger.activities.at/entry.php?id=10271&&ser=260380" "Mozilla/5.0 (Windows NT 10.0; Win64; x64) AppleWebKit/537.36 (KHTML, like Gecko) Chrome/117.0.0.0 Safari/537.36"
178.115.69.135 - - [02/Oct/2023:17:27:29 +0200] "GET /entry.php?id=10271&&ser=260388 HTTP/1.1" 200 987 "http://hausegger.activities.at/entry.php?id=10271&&ser=260328" "Mozilla/5.0 (Windows NT 10.0; Win64; x64; rv:109.0) Gecko/20100101 Firefox/118.0"
178.115.69.135 - - [02/Oct/2023:17:27:29 +0200] "GET /gui/javascript/form_form.js?1696260449 HTTP/1.1" 200 16206 "http://hausegger.activities.at/entry.php?id=10271&&ser=260388" "Mozilla/5.0 (Windows NT 10.0; Win64; x64; rv:109.0) Gecko/20100101 Firefox/118.0"
178.115.69.135 - - [02/Oct/2023:17:28:22 +0200] "GET /entry.php?id=10271&&ser=260441 HTTP/1.1" 200 987 "http://hausegger.activities.at/entry.php?id=10271&&ser=260380" "Mozilla/5.0 (Windows NT 10.0; Win64; x64) AppleWebKit/537.36 (KHTML, like Gecko) Chrome/117.0.0.0 Safari/537.36"
178.115.69.135 - - [02/Oct/2023:17:28:22 +0200] "GET /gui/javascript/form_form.js?1696260502 HTTP/1.1" 200 16206 "http://hausegger.activities.at/entry.php?id=10271&&ser=260441" "Mozilla/5.0 (Windows NT 10.0; Win64; x64) AppleWebKit/537.36 (KHTML, like Gecko) Chrome/117.0.0.0 Safari/537.36"
178.115.69.135 - - [02/Oct/2023:17:28:29 +0200] "GET /entry.php?id=10271&&ser=260449 HTTP/1.1" 200 987 "http://hausegger.activities.at/entry.php?id=10271&&ser=260388" "Mozilla/5.0 (Windows NT 10.0; Win64; x64; rv:109.0) Gecko/20100101 Firefox/118.0"
178.115.69.135 - - [02/Oct/2023:17:28:29 +0200] "GET /gui/javascript/form_form.js?1696260509 HTTP/1.1" 200 16206 "http://hausegger.activities.at/entry.php?id=10271&&ser=260449" "Mozilla/5.0 (Windows NT 10.0; Win64; x64; rv:109.0) Gecko/20100101 Firefox/118.0"
178.115.69.135 - - [02/Oct/2023:17:29:23 +0200] "GET /entry.php?id=10271&&ser=260502 HTTP/1.1" 200 987 "http://hausegger.activities.at/entry.php?id=10271&&ser=260441" "Mozilla/5.0 (Windows NT 10.0; Win64; x64) AppleWebKit/537.36 (KHTML, like Gecko) Chrome/117.0.0.0 Safari/537.36"
178.115.69.135 - - [02/Oct/2023:17:29:23 +0200] "GET /gui/javascript/form_form.js?1696260563 HTTP/1.1" 200 16206 "http://hausegger.activities.at/entry.php?id=10271&&ser=260502" "Mozilla/5.0 (Windows NT 10.0; Win64; x64) AppleWebKit/537.36 (KHTML, like Gecko) Chrome/117.0.0.0 Safari/537.36"
178.115.69.135 - - [02/Oct/2023:17:29:33 +0200] "GET /entry.php?id=10271&&ser=260509 HTTP/1.1" 200 987 "http://hausegger.activities.at/entry.php?id=10271&&ser=260449" "Mozilla/5.0 (Windows NT 10.0; Win64; x64; rv:109.0) Gecko/20100101 Firefox/118.0"
178.115.69.135 - - [02/Oct/2023:17:29:33 +0200] "GET /gui/javascript/form_form.js?1696260573 HTTP/1.1" 200 16206 "http://hausegger.activities.at/entry.php?id=10271&&ser=260509" "Mozilla/5.0 (Windows NT 10.0; Win64; x64; rv:109.0) Gecko/20100101 Firefox/118.0"
178.115.69.135 - - [02/Oct/2023:17:30:24 +0200] "GET /entry.php?id=10271&&ser=260563 HTTP/1.1" 200 987 "http://hausegger.activities.at/entry.php?id=10271&&ser=260502" "Mozilla/5.0 (Windows NT 10.0; Win64; x64) AppleWebKit/537.36 (KHTML, like Gecko) Chrome/117.0.0.0 Safari/537.36"
178.115.69.135 - - [02/Oct/2023:17:30:24 +0200] "GET /gui/javascript/form_form.js?1696260624 HTTP/1.1" 200 16206 "http://hausegger.activities.at/entry.php?id=10271&&ser=260563" "Mozilla/5.0 (Windows NT 10.0; Win64; x64) AppleWebKit/537.36 (KHTML, like Gecko) Chrome/117.0.0.0 Safari/537.36"
178.115.69.135 - - [02/Oct/2023:17:30:37 +0200] "GET /entry.php?id=10271&&ser=260573 HTTP/1.1" 200 987 "http://hausegger.activities.at/entry.php?id=10271&&ser=260509" "Mozilla/5.0 (Windows NT 10.0; Win64; x64; rv:109.0) Gecko/20100101 Firefox/118.0"
178.115.69.135 - - [02/Oct/2023:17:30:38 +0200] "GET /gui/javascript/form_form.js?1696260638 HTTP/1.1" 200 16206 "http://hausegger.activities.at/entry.php?id=10271&&ser=260573" "Mozilla/5.0 (Windows NT 10.0; Win64; x64; rv:109.0) Gecko/20100101 Firefox/118.0"
178.115.69.135 - - [02/Oct/2023:17:31:25 +0200] "GET /entry.php?id=10271&&ser=260624 HTTP/1.1" 200 987 "http://hausegger.activities.at/entry.php?id=10271&&ser=260563" "Mozilla/5.0 (Windows NT 10.0; Win64; x64) AppleWebKit/537.36 (KHTML, like Gecko) Chrome/117.0.0.0 Safari/537.36"
178.115.69.135 - - [02/Oct/2023:17:31:25 +0200] "GET /gui/javascript/form_form.js?1696260685 HTTP/1.1" 200 16206 "http://hausegger.activities.at/entry.php?id=10271&&ser=260624" "Mozilla/5.0 (Windows NT 10.0; Win64; x64) AppleWebKit/537.36 (KHTML, like Gecko) Chrome/117.0.0.0 Safari/537.36"
178.115.69.135 - - [02/Oct/2023:17:31:42 +0200] "GET /entry.php?id=10271&&ser=260638 HTTP/1.1" 200 987 "http://hausegger.activities.at/entry.php?id=10271&&ser=260573" "Mozilla/5.0 (Windows NT 10.0; Win64; x64; rv:109.0) Gecko/20100101 Firefox/118.0"
178.115.69.135 - - [02/Oct/2023:17:31:42 +0200] "GET /gui/javascript/form_form.js?1696260702 HTTP/1.1" 200 16206 "http://hausegger.activities.at/entry.php?id=10271&&ser=260638" "Mozilla/5.0 (Windows NT 10.0; Win64; x64; rv:109.0) Gecko/20100101 Firefox/118.0"
178.115.69.135 - - [02/Oct/2023:17:32:26 +0200] "GET /entry.php?id=10271&&ser=260685 HTTP/1.1" 200 987 "http://hausegger.activities.at/entry.php?id=10271&&ser=260624" "Mozilla/5.0 (Windows NT 10.0; Win64; x64) AppleWebKit/537.36 (KHTML, like Gecko) Chrome/117.0.0.0 Safari/537.36"
178.115.69.135 - - [02/Oct/2023:17:32:26 +0200] "GET /gui/javascript/form_form.js?1696260746 HTTP/1.1" 200 16206 "http://hausegger.activities.at/entry.php?id=10271&&ser=260685" "Mozilla/5.0 (Windows NT 10.0; Win64; x64) AppleWebKit/537.36 (KHTML, like Gecko) Chrome/117.0.0.0 Safari/537.36"
178.115.69.135 - - [02/Oct/2023:17:32:46 +0200] "GET /entry.php?id=10271&&ser=260702 HTTP/1.1" 200 988 "http://hausegger.activities.at/entry.php?id=10271&&ser=260638" "Mozilla/5.0 (Windows NT 10.0; Win64; x64; rv:109.0) Gecko/20100101 Firefox/118.0"
178.115.69.135 - - [02/Oct/2023:17:32:46 +0200] "GET /gui/javascript/form_form.js?1696260766 HTTP/1.1" 200 16206 "http://hausegger.activities.at/entry.php?id=10271&&ser=260702" "Mozilla/5.0 (Windows NT 10.0; Win64; x64; rv:109.0) Gecko/20100101 Firefox/118.0"
178.115.69.135 - - [02/Oct/2023:17:33:27 +0200] "GET /entry.php?id=10271&&ser=260746 HTTP/1.1" 200 987 "http://hausegger.activities.at/entry.php?id=10271&&ser=260685" "Mozilla/5.0 (Windows NT 10.0; Win64; x64) AppleWebKit/537.36 (KHTML, like Gecko) Chrome/117.0.0.0 Safari/537.36"
178.115.69.135 - - [02/Oct/2023:17:33:27 +0200] "GET /gui/javascript/form_form.js?1696260807 HTTP/1.1" 200 16206 "http://hausegger.activities.at/entry.php?id=10271&&ser=260746" "Mozilla/5.0 (Windows NT 10.0; Win64; x64) AppleWebKit/537.36 (KHTML, like Gecko) Chrome/117.0.0.0 Safari/537.36"
156.59.198.135 - - [02/Oct/2023:17:33:36 +0200] "GET /docs/contadino/ANGEBOT/AG17-000005.pdf HTTP/1.0" 404 305 "http://212.69.160.11:443/docs/contadino/ANGEBOT/?C=M;O=A" "Mozilla/5.0 (Linux; Android 5.0) AppleWebKit/537.36 (KHTML, like Gecko) Mobile Safari/537.36 (compatible; Bytespider; spider-feedback@bytedance.com)"
178.115.69.135 - - [02/Oct/2023:17:33:50 +0200] "GET /entry.php?id=10271&&ser=260766 HTTP/1.1" 200 987 "http://hausegger.activities.at/entry.php?id=10271&&ser=260702" "Mozilla/5.0 (Windows NT 10.0; Win64; x64; rv:109.0) Gecko/20100101 Firefox/118.0"
178.115.69.135 - - [02/Oct/2023:17:33:51 +0200] "GET /gui/javascript/form_form.js?1696260831 HTTP/1.1" 200 16206 "http://hausegger.activities.at/entry.php?id=10271&&ser=260766" "Mozilla/5.0 (Windows NT 10.0; Win64; x64; rv:109.0) Gecko/20100101 Firefox/118.0"
156.59.198.136 - - [02/Oct/2023:17:34:00 +0200] "GET /docs/contadino/ANGEBOT/AG17-000004.pdf HTTP/1.0" 404 305 "http://212.69.160.11:443/docs/contadino/ANGEBOT/?C=M;O=A" "Mozilla/5.0 (Linux; Android 5.0) AppleWebKit/537.36 (KHTML, like Gecko) Mobile Safari/537.36 (compatible; Bytespider; spider-feedback@bytedance.com)"
156.59.198.135 - - [02/Oct/2023:17:34:25 +0200] "GET /renault.activities.at/htdocs/activities/framework/webfx/javascript/LICENSE.TXT HTTP/1.0" 404 327 "http://212.69.160.11:443/renault.activities.at/htdocs/activities/framework/webfx/javascript/LICENSE.TXT" "Mozilla/5.0 (Linux; Android 5.0) AppleWebKit/537.36 (KHTML, like Gecko) Mobile Safari/537.36 (compatible; Bytespider; spider-feedback@bytedance.com)"
178.115.69.135 - - [02/Oct/2023:17:34:28 +0200] "GET /entry.php?id=10271&&ser=260807 HTTP/1.1" 200 987 "http://hausegger.activities.at/entry.php?id=10271&&ser=260746" "Mozilla/5.0 (Windows NT 10.0; Win64; x64) AppleWebKit/537.36 (KHTML, like Gecko) Chrome/117.0.0.0 Safari/537.36"
178.115.69.135 - - [02/Oct/2023:17:34:28 +0200] "GET /gui/javascript/form_form.js?1696260868 HTTP/1.1" 200 16206 "http://hausegger.activities.at/entry.php?id=10271&&ser=260807" "Mozilla/5.0 (Windows NT 10.0; Win64; x64) AppleWebKit/537.36 (KHTML, like Gecko) Chrome/117.0.0.0 Safari/537.36"
156.59.198.135 - - [02/Oct/2023:17:34:49 +0200] "GET /docs/contadino/ANGEBOT/AG17-000003.pdf HTTP/1.0" 404 305 "http://212.69.160.11:443/docs/contadino/ANGEBOT/?C=M;O=A" "Mozilla/5.0 (Linux; Android 5.0) AppleWebKit/537.36 (KHTML, like Gecko) Mobile Safari/537.36 (compatible; Bytespider; spider-feedback@bytedance.com)"
178.115.69.135 - - [02/Oct/2023:17:34:55 +0200] "GET /entry.php?id=10271&&ser=260831 HTTP/1.1" 200 987 "http://hausegger.activities.at/entry.php?id=10271&&ser=260766" "Mozilla/5.0 (Windows NT 10.0; Win64; x64; rv:109.0) Gecko/20100101 Firefox/118.0"
178.115.69.135 - - [02/Oct/2023:17:34:55 +0200] "GET /gui/javascript/form_form.js?1696260895 HTTP/1.1" 200 16206 "http://hausegger.activities.at/entry.php?id=10271&&ser=260831" "Mozilla/5.0 (Windows NT 10.0; Win64; x64; rv:109.0) Gecko/20100101 Firefox/118.0"
178.115.69.135 - - [02/Oct/2023:17:35:29 +0200] "GET /entry.php?id=10271&&ser=260868 HTTP/1.1" 200 987 "http://hausegger.activities.at/entry.php?id=10271&&ser=260807" "Mozilla/5.0 (Windows NT 10.0; Win64; x64) AppleWebKit/537.36 (KHTML, like Gecko) Chrome/117.0.0.0 Safari/537.36"
178.115.69.135 - - [02/Oct/2023:17:35:29 +0200] "GET /gui/javascript/form_form.js?1696260929 HTTP/1.1" 200 16206 "http://hausegger.activities.at/entry.php?id=10271&&ser=260868" "Mozilla/5.0 (Windows NT 10.0; Win64; x64) AppleWebKit/537.36 (KHTML, like Gecko) Chrome/117.0.0.0 Safari/537.36"
178.115.69.135 - - [02/Oct/2023:17:35:59 +0200] "GET /entry.php?id=10271&&ser=260895 HTTP/1.1" 200 987 "http://hausegger.activities.at/entry.php?id=10271&&ser=260831" "Mozilla/5.0 (Windows NT 10.0; Win64; x64; rv:109.0) Gecko/20100101 Firefox/118.0"
178.115.69.135 - - [02/Oct/2023:17:35:59 +0200] "GET /gui/javascript/form_form.js?1696260959 HTTP/1.1" 200 16206 "http://hausegger.activities.at/entry.php?id=10271&&ser=260895" "Mozilla/5.0 (Windows NT 10.0; Win64; x64; rv:109.0) Gecko/20100101 Firefox/118.0"
178.115.69.135 - - [02/Oct/2023:17:36:30 +0200] "GET /entry.php?id=10271&&ser=260929 HTTP/1.1" 200 987 "http://hausegger.activities.at/entry.php?id=10271&&ser=260868" "Mozilla/5.0 (Windows NT 10.0; Win64; x64) AppleWebKit/537.36 (KHTML, like Gecko) Chrome/117.0.0.0 Safari/537.36"
178.115.69.135 - - [02/Oct/2023:17:36:30 +0200] "GET /gui/javascript/form_form.js?1696260990 HTTP/1.1" 200 16206 "http://hausegger.activities.at/entry.php?id=10271&&ser=260929" "Mozilla/5.0 (Windows NT 10.0; Win64; x64) AppleWebKit/537.36 (KHTML, like Gecko) Chrome/117.0.0.0 Safari/537.36"
178.115.69.135 - - [02/Oct/2023:17:37:03 +0200] "GET /entry.php?id=10271&&ser=260959 HTTP/1.1" 200 988 "http://hausegger.activities.at/entry.php?id=10271&&ser=260895" "Mozilla/5.0 (Windows NT 10.0; Win64; x64; rv:109.0) Gecko/20100101 Firefox/118.0"
178.115.69.135 - - [02/Oct/2023:17:37:04 +0200] "GET /gui/javascript/form_form.js?1696261024 HTTP/1.1" 200 16206 "http://hausegger.activities.at/entry.php?id=10271&&ser=260959" "Mozilla/5.0 (Windows NT 10.0; Win64; x64; rv:109.0) Gecko/20100101 Firefox/118.0"
178.115.69.135 - - [02/Oct/2023:17:37:31 +0200] "GET /entry.php?id=10271&&ser=260990 HTTP/1.1" 200 987 "http://hausegger.activities.at/entry.php?id=10271&&ser=260929" "Mozilla/5.0 (Windows NT 10.0; Win64; x64) AppleWebKit/537.36 (KHTML, like Gecko) Chrome/117.0.0.0 Safari/537.36"
178.115.69.135 - - [02/Oct/2023:17:37:31 +0200] "GET /gui/javascript/form_form.js?1696261051 HTTP/1.1" 200 16206 "http://hausegger.activities.at/entry.php?id=10271&&ser=260990" "Mozilla/5.0 (Windows NT 10.0; Win64; x64) AppleWebKit/537.36 (KHTML, like Gecko) Chrome/117.0.0.0 Safari/537.36"
156.59.198.135 - - [02/Oct/2023:17:37:39 +0200] "GET /renault.activities.at/htdocs/activities/framework/webfx/javascript/tinymce/license.txt HTTP/1.0" 404 331 "http://212.69.160.11:443/renault.activities.at/htdocs/activities/framework/webfx/javascript/tinymce/" "Mozilla/5.0 (Linux; Android 5.0) AppleWebKit/537.36 (KHTML, like Gecko) Mobile Safari/537.36 (compatible; Bytespider; spider-feedback@bytedance.com)"
178.115.69.135 - - [02/Oct/2023:17:38:08 +0200] "GET /entry.php?id=10271&&ser=261023 HTTP/1.1" 200 987 "http://hausegger.activities.at/entry.php?id=10271&&ser=260959" "Mozilla/5.0 (Windows NT 10.0; Win64; x64; rv:109.0) Gecko/20100101 Firefox/118.0"
178.115.69.135 - - [02/Oct/2023:17:38:08 +0200] "GET /gui/javascript/form_form.js?1696261088 HTTP/1.1" 200 16206 "http://hausegger.activities.at/entry.php?id=10271&&ser=261023" "Mozilla/5.0 (Windows NT 10.0; Win64; x64; rv:109.0) Gecko/20100101 Firefox/118.0"
178.115.69.135 - - [02/Oct/2023:17:38:32 +0200] "GET /entry.php?id=10271&&ser=261051 HTTP/1.1" 200 988 "http://hausegger.activities.at/entry.php?id=10271&&ser=260990" "Mozilla/5.0 (Windows NT 10.0; Win64; x64) AppleWebKit/537.36 (KHTML, like Gecko) Chrome/117.0.0.0 Safari/537.36"
178.115.69.135 - - [02/Oct/2023:17:38:32 +0200] "GET /gui/javascript/form_form.js?1696261112 HTTP/1.1" 200 16206 "http://hausegger.activities.at/entry.php?id=10271&&ser=261051" "Mozilla/5.0 (Windows NT 10.0; Win64; x64) AppleWebKit/537.36 (KHTML, like Gecko) Chrome/117.0.0.0 Safari/537.36"
178.115.69.135 - - [02/Oct/2023:17:39:12 +0200] "GET /entry.php?id=10271&&ser=261088 HTTP/1.1" 200 987 "http://hausegger.activities.at/entry.php?id=10271&&ser=261023" "Mozilla/5.0 (Windows NT 10.0; Win64; x64; rv:109.0) Gecko/20100101 Firefox/118.0"
178.115.69.135 - - [02/Oct/2023:17:39:12 +0200] "GET /gui/javascript/form_form.js?1696261152 HTTP/1.1" 200 16206 "http://hausegger.activities.at/entry.php?id=10271&&ser=261088" "Mozilla/5.0 (Windows NT 10.0; Win64; x64; rv:109.0) Gecko/20100101 Firefox/118.0"
178.115.69.135 - - [02/Oct/2023:17:39:33 +0200] "GET /entry.php?id=10271&&ser=261112 HTTP/1.1" 200 987 "http://hausegger.activities.at/entry.php?id=10271&&ser=261051" "Mozilla/5.0 (Windows NT 10.0; Win64; x64) AppleWebKit/537.36 (KHTML, like Gecko) Chrome/117.0.0.0 Safari/537.36"
178.115.69.135 - - [02/Oct/2023:17:39:33 +0200] "GET /gui/javascript/form_form.js?1696261173 HTTP/1.1" 200 16206 "http://hausegger.activities.at/entry.php?id=10271&&ser=261112" "Mozilla/5.0 (Windows NT 10.0; Win64; x64) AppleWebKit/537.36 (KHTML, like Gecko) Chrome/117.0.0.0 Safari/537.36"
95.214.55.115 - - [02/Oct/2023:17:39:39 +0200] "POST /boaform/admin/formLogin HTTP/1.1" 404 293 "http://212.69.160.11:80/admin/login.asp" "Mozilla/5.0 (X11; Ubuntu; Linux x86_64; rv:71.0) Gecko/20100101 Firefox/71.0"
178.115.69.135 - - [02/Oct/2023:17:40:16 +0200] "GET /entry.php?id=10271&&ser=261152 HTTP/1.1" 200 987 "http://hausegger.activities.at/entry.php?id=10271&&ser=261088" "Mozilla/5.0 (Windows NT 10.0; Win64; x64; rv:109.0) Gecko/20100101 Firefox/118.0"
178.115.69.135 - - [02/Oct/2023:17:40:17 +0200] "GET /gui/javascript/form_form.js?1696261217 HTTP/1.1" 200 16206 "http://hausegger.activities.at/entry.php?id=10271&&ser=261152" "Mozilla/5.0 (Windows NT 10.0; Win64; x64; rv:109.0) Gecko/20100101 Firefox/118.0"
178.115.69.135 - - [02/Oct/2023:17:40:34 +0200] "GET /entry.php?id=10271&&ser=261173 HTTP/1.1" 200 987 "http://hausegger.activities.at/entry.php?id=10271&&ser=261112" "Mozilla/5.0 (Windows NT 10.0; Win64; x64) AppleWebKit/537.36 (KHTML, like Gecko) Chrome/117.0.0.0 Safari/537.36"
178.115.69.135 - - [02/Oct/2023:17:40:34 +0200] "GET /gui/javascript/form_form.js?1696261234 HTTP/1.1" 200 16206 "http://hausegger.activities.at/entry.php?id=10271&&ser=261173" "Mozilla/5.0 (Windows NT 10.0; Win64; x64) AppleWebKit/537.36 (KHTML, like Gecko) Chrome/117.0.0.0 Safari/537.36"
178.115.69.135 - - [02/Oct/2023:17:41:21 +0200] "GET /entry.php?id=10271&&ser=261217 HTTP/1.1" 200 986 "http://hausegger.activities.at/entry.php?id=10271&&ser=261152" "Mozilla/5.0 (Windows NT 10.0; Win64; x64; rv:109.0) Gecko/20100101 Firefox/118.0"
178.115.69.135 - - [02/Oct/2023:17:41:21 +0200] "GET /gui/javascript/form_form.js?1696261281 HTTP/1.1" 200 16206 "http://hausegger.activities.at/entry.php?id=10271&&ser=261217" "Mozilla/5.0 (Windows NT 10.0; Win64; x64; rv:109.0) Gecko/20100101 Firefox/118.0"
178.115.69.135 - - [02/Oct/2023:17:41:35 +0200] "GET /entry.php?id=10271&&ser=261234 HTTP/1.1" 200 987 "http://hausegger.activities.at/entry.php?id=10271&&ser=261173" "Mozilla/5.0 (Windows NT 10.0; Win64; x64) AppleWebKit/537.36 (KHTML, like Gecko) Chrome/117.0.0.0 Safari/537.36"
178.115.69.135 - - [02/Oct/2023:17:41:35 +0200] "GET /gui/javascript/form_form.js?1696261295 HTTP/1.1" 200 16206 "http://hausegger.activities.at/entry.php?id=10271&&ser=261234" "Mozilla/5.0 (Windows NT 10.0; Win64; x64) AppleWebKit/537.36 (KHTML, like Gecko) Chrome/117.0.0.0 Safari/537.36"
178.115.69.135 - - [02/Oct/2023:17:42:21 +0200] "GET /entry.php?id=10271&&ser=261281 HTTP/1.1" 200 987 "http://hausegger.activities.at/entry.php?id=10271&&ser=261217" "Mozilla/5.0 (Windows NT 10.0; Win64; x64; rv:109.0) Gecko/20100101 Firefox/118.0"
178.115.69.135 - - [02/Oct/2023:17:42:21 +0200] "GET /gui/javascript/form_form.js?1696261341 HTTP/1.1" 200 16206 "http://hausegger.activities.at/entry.php?id=10271&&ser=261281" "Mozilla/5.0 (Windows NT 10.0; Win64; x64; rv:109.0) Gecko/20100101 Firefox/118.0"
178.115.69.135 - - [02/Oct/2023:17:42:36 +0200] "GET /entry.php?id=10271&&ser=261295 HTTP/1.1" 200 987 "http://hausegger.activities.at/entry.php?id=10271&&ser=261234" "Mozilla/5.0 (Windows NT 10.0; Win64; x64) AppleWebKit/537.36 (KHTML, like Gecko) Chrome/117.0.0.0 Safari/537.36"
178.115.69.135 - - [02/Oct/2023:17:42:36 +0200] "GET /gui/javascript/form_form.js?1696261356 HTTP/1.1" 200 16206 "http://hausegger.activities.at/entry.php?id=10271&&ser=261295" "Mozilla/5.0 (Windows NT 10.0; Win64; x64) AppleWebKit/537.36 (KHTML, like Gecko) Chrome/117.0.0.0 Safari/537.36"
178.115.69.135 - - [02/Oct/2023:17:43:21 +0200] "GET /entry.php?id=10271&&ser=261341 HTTP/1.1" 200 987 "http://hausegger.activities.at/entry.php?id=10271&&ser=261281" "Mozilla/5.0 (Windows NT 10.0; Win64; x64; rv:109.0) Gecko/20100101 Firefox/118.0"
178.115.69.135 - - [02/Oct/2023:17:43:21 +0200] "GET /gui/javascript/form_form.js?1696261401 HTTP/1.1" 200 16206 "http://hausegger.activities.at/entry.php?id=10271&&ser=261341" "Mozilla/5.0 (Windows NT 10.0; Win64; x64; rv:109.0) Gecko/20100101 Firefox/118.0"
178.115.69.135 - - [02/Oct/2023:17:43:37 +0200] "GET /entry.php?id=10271&&ser=261356 HTTP/1.1" 200 987 "http://hausegger.activities.at/entry.php?id=10271&&ser=261295" "Mozilla/5.0 (Windows NT 10.0; Win64; x64) AppleWebKit/537.36 (KHTML, like Gecko) Chrome/117.0.0.0 Safari/537.36"
178.115.69.135 - - [02/Oct/2023:17:43:37 +0200] "GET /gui/javascript/form_form.js?1696261417 HTTP/1.1" 200 16206 "http://hausegger.activities.at/entry.php?id=10271&&ser=261356" "Mozilla/5.0 (Windows NT 10.0; Win64; x64) AppleWebKit/537.36 (KHTML, like Gecko) Chrome/117.0.0.0 Safari/537.36"
178.115.69.135 - - [02/Oct/2023:17:44:22 +0200] "GET /entry.php?id=10271&&ser=261401 HTTP/1.1" 200 987 "http://hausegger.activities.at/entry.php?id=10271&&ser=261341" "Mozilla/5.0 (Windows NT 10.0; Win64; x64; rv:109.0) Gecko/20100101 Firefox/118.0"
178.115.69.135 - - [02/Oct/2023:17:44:22 +0200] "GET /gui/javascript/form_form.js?1696261462 HTTP/1.1" 200 16206 "http://hausegger.activities.at/entry.php?id=10271&&ser=261401" "Mozilla/5.0 (Windows NT 10.0; Win64; x64; rv:109.0) Gecko/20100101 Firefox/118.0"
178.115.69.135 - - [02/Oct/2023:17:44:38 +0200] "GET /entry.php?id=10271&&ser=261417 HTTP/1.1" 200 987 "http://hausegger.activities.at/entry.php?id=10271&&ser=261356" "Mozilla/5.0 (Windows NT 10.0; Win64; x64) AppleWebKit/537.36 (KHTML, like Gecko) Chrome/117.0.0.0 Safari/537.36"
178.115.69.135 - - [02/Oct/2023:17:44:38 +0200] "GET /gui/javascript/form_form.js?1696261478 HTTP/1.1" 200 16206 "http://hausegger.activities.at/entry.php?id=10271&&ser=261417" "Mozilla/5.0 (Windows NT 10.0; Win64; x64) AppleWebKit/537.36 (KHTML, like Gecko) Chrome/117.0.0.0 Safari/537.36"
178.115.69.135 - - [02/Oct/2023:17:45:22 +0200] "GET /entry.php?id=10271&&ser=261462 HTTP/1.1" 200 987 "http://hausegger.activities.at/entry.php?id=10271&&ser=261401" "Mozilla/5.0 (Windows NT 10.0; Win64; x64; rv:109.0) Gecko/20100101 Firefox/118.0"
178.115.69.135 - - [02/Oct/2023:17:45:22 +0200] "GET /gui/javascript/form_form.js?1696261522 HTTP/1.1" 200 16206 "http://hausegger.activities.at/entry.php?id=10271&&ser=261462" "Mozilla/5.0 (Windows NT 10.0; Win64; x64; rv:109.0) Gecko/20100101 Firefox/118.0"
178.115.69.135 - - [02/Oct/2023:17:45:39 +0200] "GET /entry.php?id=10271&&ser=261478 HTTP/1.1" 200 987 "http://hausegger.activities.at/entry.php?id=10271&&ser=261417" "Mozilla/5.0 (Windows NT 10.0; Win64; x64) AppleWebKit/537.36 (KHTML, like Gecko) Chrome/117.0.0.0 Safari/537.36"
178.115.69.135 - - [02/Oct/2023:17:45:39 +0200] "GET /gui/javascript/form_form.js?1696261539 HTTP/1.1" 200 16206 "http://hausegger.activities.at/entry.php?id=10271&&ser=261478" "Mozilla/5.0 (Windows NT 10.0; Win64; x64) AppleWebKit/537.36 (KHTML, like Gecko) Chrome/117.0.0.0 Safari/537.36"
156.59.198.136 - - [02/Oct/2023:17:45:44 +0200] "GET /renault.activities.at/htdocs/log/page_access.txt HTTP/1.0" 404 310 "http://212.69.160.11:443/renault.activities.at/htdocs/log/?C=S%3BO=A" "Mozilla/5.0 (Linux; Android 5.0) AppleWebKit/537.36 (KHTML, like Gecko) Mobile Safari/537.36 (compatible; Bytespider; spider-feedback@bytedance.com)"
156.59.198.135 - - [02/Oct/2023:17:46:09 +0200] "GET /renault.activities.at/htdocs/log/login.txt HTTP/1.0" 404 305 "http://212.69.160.11:443/renault.activities.at/htdocs/log/?C=S%3BO=A" "Mozilla/5.0 (Linux; Android 5.0) AppleWebKit/537.36 (KHTML, like Gecko) Mobile Safari/537.36 (compatible; Bytespider; spider-feedback@bytedance.com)"
178.115.69.135 - - [02/Oct/2023:17:46:22 +0200] "GET /entry.php?id=10271&&ser=261522 HTTP/1.1" 200 987 "http://hausegger.activities.at/entry.php?id=10271&&ser=261462" "Mozilla/5.0 (Windows NT 10.0; Win64; x64; rv:109.0) Gecko/20100101 Firefox/118.0"
178.115.69.135 - - [02/Oct/2023:17:46:22 +0200] "GET /gui/javascript/form_form.js?1696261582 HTTP/1.1" 200 16206 "http://hausegger.activities.at/entry.php?id=10271&&ser=261522" "Mozilla/5.0 (Windows NT 10.0; Win64; x64; rv:109.0) Gecko/20100101 Firefox/118.0"
178.115.69.135 - - [02/Oct/2023:17:46:40 +0200] "GET /entry.php?id=10271&&ser=261539 HTTP/1.1" 200 987 "http://hausegger.activities.at/entry.php?id=10271&&ser=261478" "Mozilla/5.0 (Windows NT 10.0; Win64; x64) AppleWebKit/537.36 (KHTML, like Gecko) Chrome/117.0.0.0 Safari/537.36"
178.115.69.135 - - [02/Oct/2023:17:46:40 +0200] "GET /gui/javascript/form_form.js?1696261600 HTTP/1.1" 200 16206 "http://hausegger.activities.at/entry.php?id=10271&&ser=261539" "Mozilla/5.0 (Windows NT 10.0; Win64; x64) AppleWebKit/537.36 (KHTML, like Gecko) Chrome/117.0.0.0 Safari/537.36"
178.115.69.135 - - [02/Oct/2023:17:47:23 +0200] "GET /entry.php?id=10271&&ser=261582 HTTP/1.1" 200 987 "http://hausegger.activities.at/entry.php?id=10271&&ser=261522" "Mozilla/5.0 (Windows NT 10.0; Win64; x64; rv:109.0) Gecko/20100101 Firefox/118.0"
178.115.69.135 - - [02/Oct/2023:17:47:23 +0200] "GET /gui/javascript/form_form.js?1696261643 HTTP/1.1" 200 16206 "http://hausegger.activities.at/entry.php?id=10271&&ser=261582" "Mozilla/5.0 (Windows NT 10.0; Win64; x64; rv:109.0) Gecko/20100101 Firefox/118.0"
178.115.69.135 - - [02/Oct/2023:17:47:41 +0200] "GET /entry.php?id=10271&&ser=261600 HTTP/1.1" 200 987 "http://hausegger.activities.at/entry.php?id=10271&&ser=261539" "Mozilla/5.0 (Windows NT 10.0; Win64; x64) AppleWebKit/537.36 (KHTML, like Gecko) Chrome/117.0.0.0 Safari/537.36"
178.115.69.135 - - [02/Oct/2023:17:47:41 +0200] "GET /gui/javascript/form_form.js?1696261661 HTTP/1.1" 200 16206 "http://hausegger.activities.at/entry.php?id=10271&&ser=261600" "Mozilla/5.0 (Windows NT 10.0; Win64; x64) AppleWebKit/537.36 (KHTML, like Gecko) Chrome/117.0.0.0 Safari/537.36"
156.59.198.136 - - [02/Oct/2023:17:48:10 +0200] "GET /renault.2web.at/stats/lang/tooltips_w/awstats-tt-ua.txt HTTP/1.0" 404 313 "http://212.69.160.11:443/renault.2web.at/stats/lang/tooltips_w/?C=N%3BO=D" "Mozilla/5.0 (Linux; Android 5.0) AppleWebKit/537.36 (KHTML, like Gecko) Mobile Safari/537.36 (compatible; Bytespider; spider-feedback@bytedance.com)"
178.115.69.135 - - [02/Oct/2023:17:48:23 +0200] "GET /entry.php?id=10271&&ser=261643 HTTP/1.1" 200 987 "http://hausegger.activities.at/entry.php?id=10271&&ser=261582" "Mozilla/5.0 (Windows NT 10.0; Win64; x64; rv:109.0) Gecko/20100101 Firefox/118.0"
178.115.69.135 - - [02/Oct/2023:17:48:23 +0200] "GET /gui/javascript/form_form.js?1696261703 HTTP/1.1" 200 16206 "http://hausegger.activities.at/entry.php?id=10271&&ser=261643" "Mozilla/5.0 (Windows NT 10.0; Win64; x64; rv:109.0) Gecko/20100101 Firefox/118.0"
156.59.198.136 - - [02/Oct/2023:17:48:35 +0200] "GET /renault.2web.at/stats/lang/tooltips_w/awstats-tt-is.txt HTTP/1.0" 404 313 "http://212.69.160.11:443/renault.2web.at/stats/lang/tooltips_w/?C=N%3BO=D" "Mozilla/5.0 (Linux; Android 5.0) AppleWebKit/537.36 (KHTML, like Gecko) Mobile Safari/537.36 (compatible; Bytespider; spider-feedback@bytedance.com)"
178.115.69.135 - - [02/Oct/2023:17:48:42 +0200] "GET /entry.php?id=10271&&ser=261661 HTTP/1.1" 200 987 "http://hausegger.activities.at/entry.php?id=10271&&ser=261600" "Mozilla/5.0 (Windows NT 10.0; Win64; x64) AppleWebKit/537.36 (KHTML, like Gecko) Chrome/117.0.0.0 Safari/537.36"
178.115.69.135 - - [02/Oct/2023:17:48:42 +0200] "GET /gui/javascript/form_form.js?1696261722 HTTP/1.1" 200 16206 "http://hausegger.activities.at/entry.php?id=10271&&ser=261661" "Mozilla/5.0 (Windows NT 10.0; Win64; x64) AppleWebKit/537.36 (KHTML, like Gecko) Chrome/117.0.0.0 Safari/537.36"
156.59.198.136 - - [02/Oct/2023:17:48:59 +0200] "GET /renault.2web.at/stats/lang/tooltips_w/awstats-tt-en.txt HTTP/1.0" 404 312 "http://212.69.160.11:443/renault.2web.at/stats/lang/tooltips_w/?C=N%3BO=D" "Mozilla/5.0 (Linux; Android 5.0) AppleWebKit/537.36 (KHTML, like Gecko) Mobile Safari/537.36 (compatible; Bytespider; spider-feedback@bytedance.com)"
178.115.69.135 - - [02/Oct/2023:17:49:23 +0200] "GET /entry.php?id=10271&&ser=261703 HTTP/1.1" 200 987 "http://hausegger.activities.at/entry.php?id=10271&&ser=261643" "Mozilla/5.0 (Windows NT 10.0; Win64; x64; rv:109.0) Gecko/20100101 Firefox/118.0"
178.115.69.135 - - [02/Oct/2023:17:49:23 +0200] "GET /gui/javascript/form_form.js?1696261763 HTTP/1.1" 200 16206 "http://hausegger.activities.at/entry.php?id=10271&&ser=261703" "Mozilla/5.0 (Windows NT 10.0; Win64; x64; rv:109.0) Gecko/20100101 Firefox/118.0"
156.59.198.136 - - [02/Oct/2023:17:49:24 +0200] "GET /renault.2web.at/stats/lang/tooltips_w/awstats-tt-jp.txt HTTP/1.0" 404 313 "http://212.69.160.11:443/renault.2web.at/stats/lang/tooltips_w/?C=N%3BO=D" "Mozilla/5.0 (Linux; Android 5.0) AppleWebKit/537.36 (KHTML, like Gecko) Mobile Safari/537.36 (compatible; Bytespider; spider-feedback@bytedance.com)"
178.115.69.135 - - [02/Oct/2023:17:49:43 +0200] "GET /entry.php?id=10271&&ser=261722 HTTP/1.1" 200 987 "http://hausegger.activities.at/entry.php?id=10271&&ser=261661" "Mozilla/5.0 (Windows NT 10.0; Win64; x64) AppleWebKit/537.36 (KHTML, like Gecko) Chrome/117.0.0.0 Safari/537.36"
178.115.69.135 - - [02/Oct/2023:17:49:43 +0200] "GET /gui/javascript/form_form.js?1696261783 HTTP/1.1" 200 16206 "http://hausegger.activities.at/entry.php?id=10271&&ser=261722" "Mozilla/5.0 (Windows NT 10.0; Win64; x64) AppleWebKit/537.36 (KHTML, like Gecko) Chrome/117.0.0.0 Safari/537.36"
156.59.198.136 - - [02/Oct/2023:17:49:49 +0200] "GET /renault.2web.at/stats/lang/tooltips_w/awstats-tt-se.txt HTTP/1.0" 404 312 "http://212.69.160.11:443/renault.2web.at/stats/lang/tooltips_w/?C=N%3BO=D" "Mozilla/5.0 (Linux; Android 5.0) AppleWebKit/537.36 (KHTML, like Gecko) Mobile Safari/537.36 (compatible; Bytespider; spider-feedback@bytedance.com)"
156.59.198.136 - - [02/Oct/2023:17:50:13 +0200] "GET /renault.2web.at/stats/lang/tooltips_w/awstats-tt-al.txt HTTP/1.0" 404 313 "http://212.69.160.11:443/renault.2web.at/stats/lang/tooltips_w/?C=N%3BO=D" "Mozilla/5.0 (Linux; Android 5.0) AppleWebKit/537.36 (KHTML, like Gecko) Mobile Safari/537.36 (compatible; Bytespider; spider-feedback@bytedance.com)"
178.115.69.135 - - [02/Oct/2023:17:50:23 +0200] "GET /entry.php?id=10271&&ser=261763 HTTP/1.1" 200 988 "http://hausegger.activities.at/entry.php?id=10271&&ser=261703" "Mozilla/5.0 (Windows NT 10.0; Win64; x64; rv:109.0) Gecko/20100101 Firefox/118.0"
