178.115.69.135 - - [02/Oct/2023:16:44:42 +0200] "GET /gui/javascript/form_form.js?1696257882 HTTP/1.1" 200 16206 "http://hausegger.activities.at/entry.php?id=10271&&ser=257822" "Mozilla/5.0 (Windows NT 10.0; Win64; x64) AppleWebKit/537.36 (KHTML, like Gecko) Chrome/117.0.0.0 Safari/537.36"
178.115.69.135 - - [02/Oct/2023:16:44:44 +0200] "GET /entry.php?id=10271&&ser=257824 HTTP/1.1" 200 987 "http://hausegger.activities.at/entry.php?id=10271&&ser=257763" "Mozilla/5.0 (Windows NT 10.0; Win64; x64; rv:109.0) Gecko/20100101 Firefox/118.0"
178.115.69.135 - - [02/Oct/2023:16:44:44 +0200] "GET /gui/javascript/form_form.js?1696257884 HTTP/1.1" 200 16206 "http://hausegger.activities.at/entry.php?id=10271&&ser=257824" "Mozilla/5.0 (Windows NT 10.0; Win64; x64; rv:109.0) Gecko/20100101 Firefox/118.0"
156.59.198.136 - - [02/Oct/2023:16:45:06 +0200] "GET /ed.activities.at/stats/lang/tooltips_w/awstats-tt-nb.txt HTTP/1.0" 404 313 "http://212.69.160.11:443/ed.activities.at/stats/lang/tooltips_w/?C=D%3BO=A" "Mozilla/5.0 (Linux; Android 5.0) AppleWebKit/537.36 (KHTML, like Gecko) Mobile Safari/537.36 (compatible; Bytespider; spider-feedback@bytedance.com)"
156.59.198.135 - - [02/Oct/2023:16:45:30 +0200] "GET /ed.activities.at/stats/lang/tooltips_w/awstats-tt-tr.txt HTTP/1.0" 404 313 "http://212.69.160.11:443/ed.activities.at/stats/lang/tooltips_w/?C=D%3BO=A" "Mozilla/5.0 (Linux; Android 5.0) AppleWebKit/537.36 (KHTML, like Gecko) Mobile Safari/537.36 (compatible; Bytespider; spider-feedback@bytedance.com)"
178.115.69.135 - - [02/Oct/2023:16:45:43 +0200] "GET /entry.php?id=10271&&ser=257882 HTTP/1.1" 200 987 "http://hausegger.activities.at/entry.php?id=10271&&ser=257822" "Mozilla/5.0 (Windows NT 10.0; Win64; x64) AppleWebKit/537.36 (KHTML, like Gecko) Chrome/117.0.0.0 Safari/537.36"
178.115.69.135 - - [02/Oct/2023:16:45:43 +0200] "GET /gui/javascript/form_form.js?1696257943 HTTP/1.1" 200 16206 "http://hausegger.activities.at/entry.php?id=10271&&ser=257882" "Mozilla/5.0 (Windows NT 10.0; Win64; x64) AppleWebKit/537.36 (KHTML, like Gecko) Chrome/117.0.0.0 Safari/537.36"
178.115.69.135 - - [02/Oct/2023:16:45:44 +0200] "GET /entry.php?id=10271&&ser=257884 HTTP/1.1" 200 987 "http://hausegger.activities.at/entry.php?id=10271&&ser=257824" "Mozilla/5.0 (Windows NT 10.0; Win64; x64; rv:109.0) Gecko/20100101 Firefox/118.0"
178.115.69.135 - - [02/Oct/2023:16:45:44 +0200] "GET /gui/javascript/form_form.js?1696257944 HTTP/1.1" 200 16206 "http://hausegger.activities.at/entry.php?id=10271&&ser=257884" "Mozilla/5.0 (Windows NT 10.0; Win64; x64; rv:109.0) Gecko/20100101 Firefox/118.0"
156.59.198.135 - - [02/Oct/2023:16:45:55 +0200] "GET /ed.activities.at/stats/lang/tooltips_w/awstats-tt-al.txt HTTP/1.0" 404 313 "http://212.69.160.11:443/ed.activities.at/stats/lang/tooltips_w/?C=D%3BO=A" "Mozilla/5.0 (Linux; Android 5.0) AppleWebKit/537.36 (KHTML, like Gecko) Mobile Safari/537.36 (compatible; Bytespider; spider-feedback@bytedance.com)"
156.59.198.136 - - [02/Oct/2023:16:46:19 +0200] "GET /ed.activities.at/stats/lang/tooltips_w/awstats-tt-kr.txt HTTP/1.0" 404 314 "http://212.69.160.11:443/ed.activities.at/stats/lang/tooltips_w/?C=D%3BO=A" "Mozilla/5.0 (Linux; Android 5.0) AppleWebKit/537.36 (KHTML, like Gecko) Mobile Safari/537.36 (compatible; Bytespider; spider-feedback@bytedance.com)"
178.115.69.135 - - [02/Oct/2023:16:46:43 +0200] "GET /entry.php?id=10271&&ser=257943 HTTP/1.1" 200 987 "http://hausegger.activities.at/entry.php?id=10271&&ser=257882" "Mozilla/5.0 (Windows NT 10.0; Win64; x64) AppleWebKit/537.36 (KHTML, like Gecko) Chrome/117.0.0.0 Safari/537.36"
178.115.69.135 - - [02/Oct/2023:16:46:43 +0200] "GET /gui/javascript/form_form.js?1696258003 HTTP/1.1" 200 16206 "http://hausegger.activities.at/entry.php?id=10271&&ser=257943" "Mozilla/5.0 (Windows NT 10.0; Win64; x64) AppleWebKit/537.36 (KHTML, like Gecko) Chrome/117.0.0.0 Safari/537.36"
156.59.198.136 - - [02/Oct/2023:16:46:44 +0200] "GET /ed.activities.at/stats/lang/tooltips_w/awstats-tt-ba.txt HTTP/1.0" 404 313 "http://212.69.160.11:443/ed.activities.at/stats/lang/tooltips_w/?C=D%3BO=A" "Mozilla/5.0 (Linux; Android 5.0) AppleWebKit/537.36 (KHTML, like Gecko) Mobile Safari/537.36 (compatible; Bytespider; spider-feedback@bytedance.com)"
178.115.69.135 - - [02/Oct/2023:16:46:44 +0200] "GET /entry.php?id=10271&&ser=257944 HTTP/1.1" 200 987 "http://hausegger.activities.at/entry.php?id=10271&&ser=257884" "Mozilla/5.0 (Windows NT 10.0; Win64; x64; rv:109.0) Gecko/20100101 Firefox/118.0"
178.115.69.135 - - [02/Oct/2023:16:46:44 +0200] "GET /gui/javascript/form_form.js?1696258004 HTTP/1.1" 200 16206 "http://hausegger.activities.at/entry.php?id=10271&&ser=257944" "Mozilla/5.0 (Windows NT 10.0; Win64; x64; rv:109.0) Gecko/20100101 Firefox/118.0"
156.59.198.135 - - [02/Oct/2023:16:47:08 +0200] "GET /ed.activities.at/stats/lang/tooltips_w/awstats-tt-nl.txt HTTP/1.0" 404 313 "http://212.69.160.11:443/ed.activities.at/stats/lang/tooltips_w/?C=D%3BO=A" "Mozilla/5.0 (Linux; Android 5.0) AppleWebKit/537.36 (KHTML, like Gecko) Mobile Safari/537.36 (compatible; Bytespider; spider-feedback@bytedance.com)"
156.59.198.136 - - [02/Oct/2023:16:47:32 +0200] "GET /ed.activities.at/stats/lang/tooltips_w/awstats-tt-sr.txt HTTP/1.0" 404 313 "http://212.69.160.11:443/ed.activities.at/stats/lang/tooltips_w/?C=D%3BO=A" "Mozilla/5.0 (Linux; Android 5.0) AppleWebKit/537.36 (KHTML, like Gecko) Mobile Safari/537.36 (compatible; Bytespider; spider-feedback@bytedance.com)"
178.115.69.135 - - [02/Oct/2023:16:47:43 +0200] "GET /entry.php?id=10271&&ser=258003 HTTP/1.1" 200 987 "http://hausegger.activities.at/entry.php?id=10271&&ser=257943" "Mozilla/5.0 (Windows NT 10.0; Win64; x64) AppleWebKit/537.36 (KHTML, like Gecko) Chrome/117.0.0.0 Safari/537.36"
178.115.69.135 - - [02/Oct/2023:16:47:43 +0200] "GET /gui/javascript/form_form.js?1696258063 HTTP/1.1" 200 16206 "http://hausegger.activities.at/entry.php?id=10271&&ser=258003" "Mozilla/5.0 (Windows NT 10.0; Win64; x64) AppleWebKit/537.36 (KHTML, like Gecko) Chrome/117.0.0.0 Safari/537.36"
178.115.69.135 - - [02/Oct/2023:16:47:45 +0200] "GET /entry.php?id=10271&&ser=258004 HTTP/1.1" 200 987 "http://hausegger.activities.at/entry.php?id=10271&&ser=257944" "Mozilla/5.0 (Windows NT 10.0; Win64; x64; rv:109.0) Gecko/20100101 Firefox/118.0"
178.115.69.135 - - [02/Oct/2023:16:47:45 +0200] "GET /gui/javascript/form_form.js?1696258065 HTTP/1.1" 200 16206 "http://hausegger.activities.at/entry.php?id=10271&&ser=258004" "Mozilla/5.0 (Windows NT 10.0; Win64; x64; rv:109.0) Gecko/20100101 Firefox/118.0"
156.59.198.136 - - [02/Oct/2023:16:47:57 +0200] "GET /renault.2web.at/stats/lang/tooltips_f/awstats-tt-br.txt HTTP/1.0" 404 313 "http://212.69.160.11:443/renault.2web.at/stats/lang/tooltips_f/?C=M%3BO=A" "Mozilla/5.0 (Linux; Android 5.0) AppleWebKit/537.36 (KHTML, like Gecko) Mobile Safari/537.36 (compatible; Bytespider; spider-feedback@bytedance.com)"
156.59.198.136 - - [02/Oct/2023:16:48:22 +0200] "GET /ed.activities.at/stats/lang/tooltips_w/awstats-tt-it.txt HTTP/1.0" 404 313 "http://212.69.160.11:443/ed.activities.at/stats/lang/tooltips_w/?C=D%3BO=A" "Mozilla/5.0 (Linux; Android 5.0) AppleWebKit/537.36 (KHTML, like Gecko) Mobile Safari/537.36 (compatible; Bytespider; spider-feedback@bytedance.com)"
178.115.69.135 - - [02/Oct/2023:16:48:43 +0200] "GET /entry.php?id=10271&&ser=258063 HTTP/1.1" 200 987 "http://hausegger.activities.at/entry.php?id=10271&&ser=258003" "Mozilla/5.0 (Windows NT 10.0; Win64; x64) AppleWebKit/537.36 (KHTML, like Gecko) Chrome/117.0.0.0 Safari/537.36"
178.115.69.135 - - [02/Oct/2023:16:48:44 +0200] "GET /gui/javascript/form_form.js?1696258123 HTTP/1.1" 200 16206 "http://hausegger.activities.at/entry.php?id=10271&&ser=258063" "Mozilla/5.0 (Windows NT 10.0; Win64; x64) AppleWebKit/537.36 (KHTML, like Gecko) Chrome/117.0.0.0 Safari/537.36"
178.115.69.135 - - [02/Oct/2023:16:48:45 +0200] "GET /entry.php?id=10271&&ser=258065 HTTP/1.1" 200 987 "http://hausegger.activities.at/entry.php?id=10271&&ser=258004" "Mozilla/5.0 (Windows NT 10.0; Win64; x64; rv:109.0) Gecko/20100101 Firefox/118.0"
178.115.69.135 - - [02/Oct/2023:16:48:45 +0200] "GET /gui/javascript/form_form.js?1696258125 HTTP/1.1" 200 16206 "http://hausegger.activities.at/entry.php?id=10271&&ser=258065" "Mozilla/5.0 (Windows NT 10.0; Win64; x64; rv:109.0) Gecko/20100101 Firefox/118.0"
156.59.198.135 - - [02/Oct/2023:16:48:46 +0200] "GET /ed.activities.at/stats/lang/tooltips_w/awstats-tt-hu.txt HTTP/1.0" 404 313 "http://212.69.160.11:443/ed.activities.at/stats/lang/tooltips_w/?C=D%3BO=A" "Mozilla/5.0 (Linux; Android 5.0) AppleWebKit/537.36 (KHTML, like Gecko) Mobile Safari/537.36 (compatible; Bytespider; spider-feedback@bytedance.com)"
156.59.198.135 - - [02/Oct/2023:16:49:10 +0200] "GET /renault.2web.at/stats/lang/tooltips_f/awstats-tt-it.txt HTTP/1.0" 404 313 "http://212.69.160.11:443/renault.2web.at/stats/lang/tooltips_f/?C=M%3BO=A" "Mozilla/5.0 (Linux; Android 5.0) AppleWebKit/537.36 (KHTML, like Gecko) Mobile Safari/537.36 (compatible; Bytespider; spider-feedback@bytedance.com)"
156.59.198.135 - - [02/Oct/2023:16:49:35 +0200] "GET /ed.activities.at/stats/lang/tooltips_w/awstats-tt-se.txt HTTP/1.0" 404 313 "http://212.69.160.11:443/ed.activities.at/stats/lang/tooltips_w/?C=D%3BO=A" "Mozilla/5.0 (Linux; Android 5.0) AppleWebKit/537.36 (KHTML, like Gecko) Mobile Safari/537.36 (compatible; Bytespider; spider-feedback@bytedance.com)"
178.115.69.135 - - [02/Oct/2023:16:49:44 +0200] "GET /entry.php?id=10271&&ser=258123 HTTP/1.1" 200 987 "http://hausegger.activities.at/entry.php?id=10271&&ser=258063" "Mozilla/5.0 (Windows NT 10.0; Win64; x64) AppleWebKit/537.36 (KHTML, like Gecko) Chrome/117.0.0.0 Safari/537.36"
178.115.69.135 - - [02/Oct/2023:16:49:44 +0200] "GET /gui/javascript/form_form.js?1696258184 HTTP/1.1" 200 16206 "http://hausegger.activities.at/entry.php?id=10271&&ser=258123" "Mozilla/5.0 (Windows NT 10.0; Win64; x64) AppleWebKit/537.36 (KHTML, like Gecko) Chrome/117.0.0.0 Safari/537.36"
178.115.69.135 - - [02/Oct/2023:16:49:45 +0200] "GET /entry.php?id=10271&&ser=258125 HTTP/1.1" 200 987 "http://hausegger.activities.at/entry.php?id=10271&&ser=258065" "Mozilla/5.0 (Windows NT 10.0; Win64; x64; rv:109.0) Gecko/20100101 Firefox/118.0"
178.115.69.135 - - [02/Oct/2023:16:49:45 +0200] "GET /gui/javascript/form_form.js?1696258185 HTTP/1.1" 200 16206 "http://hausegger.activities.at/entry.php?id=10271&&ser=258125" "Mozilla/5.0 (Windows NT 10.0; Win64; x64; rv:109.0) Gecko/20100101 Firefox/118.0"
156.59.198.135 - - [02/Oct/2023:16:50:00 +0200] "GET /ed.activities.at/stats/lang/tooltips_w/awstats-tt-bg.txt HTTP/1.0" 404 313 "http://212.69.160.11:443/ed.activities.at/stats/lang/tooltips_w/?C=D%3BO=A" "Mozilla/5.0 (Linux; Android 5.0) AppleWebKit/537.36 (KHTML, like Gecko) Mobile Safari/537.36 (compatible; Bytespider; spider-feedback@bytedance.com)"
156.59.198.136 - - [02/Oct/2023:16:50:24 +0200] "GET /ed.activities.at/stats/lang/tooltips_w/awstats-tt-gl.txt HTTP/1.0" 404 313 "http://212.69.160.11:443/ed.activities.at/stats/lang/tooltips_w/?C=D%3BO=A" "Mozilla/5.0 (Linux; Android 5.0) AppleWebKit/537.36 (KHTML, like Gecko) Mobile Safari/537.36 (compatible; Bytespider; spider-feedback@bytedance.com)"
178.115.69.135 - - [02/Oct/2023:16:50:45 +0200] "GET /entry.php?id=10271&&ser=258184 HTTP/1.1" 200 987 "http://hausegger.activities.at/entry.php?id=10271&&ser=258123" "Mozilla/5.0 (Windows NT 10.0; Win64; x64) AppleWebKit/537.36 (KHTML, like Gecko) Chrome/117.0.0.0 Safari/537.36"
178.115.69.135 - - [02/Oct/2023:16:50:45 +0200] "GET /gui/javascript/form_form.js?1696258245 HTTP/1.1" 200 16206 "http://hausegger.activities.at/entry.php?id=10271&&ser=258184" "Mozilla/5.0 (Windows NT 10.0; Win64; x64) AppleWebKit/537.36 (KHTML, like Gecko) Chrome/117.0.0.0 Safari/537.36"
178.115.69.135 - - [02/Oct/2023:16:50:46 +0200] "GET /entry.php?id=10271&&ser=258185 HTTP/1.1" 200 987 "http://hausegger.activities.at/entry.php?id=10271&&ser=258125" "Mozilla/5.0 (Windows NT 10.0; Win64; x64; rv:109.0) Gecko/20100101 Firefox/118.0"
178.115.69.135 - - [02/Oct/2023:16:50:46 +0200] "GET /gui/javascript/form_form.js?1696258246 HTTP/1.1" 200 16206 "http://hausegger.activities.at/entry.php?id=10271&&ser=258185" "Mozilla/5.0 (Windows NT 10.0; Win64; x64; rv:109.0) Gecko/20100101 Firefox/118.0"
156.59.198.136 - - [02/Oct/2023:16:50:48 +0200] "GET /ed.activities.at/stats/lang/tooltips_w/awstats-tt-jp.txt HTTP/1.0" 404 314 "http://212.69.160.11:443/ed.activities.at/stats/lang/tooltips_w/?C=D%3BO=A" "Mozilla/5.0 (Linux; Android 5.0) AppleWebKit/537.36 (KHTML, like Gecko) Mobile Safari/537.36 (compatible; Bytespider; spider-feedback@bytedance.com)"
156.59.198.135 - - [02/Oct/2023:16:51:13 +0200] "GET /ed.activities.at/stats/lang/tooltips_w/awstats-tt-de.txt HTTP/1.0" 404 313 "http://212.69.160.11:443/ed.activities.at/stats/lang/tooltips_w/?C=D%3BO=A" "Mozilla/5.0 (Linux; Android 5.0) AppleWebKit/537.36 (KHTML, like Gecko) Mobile Safari/537.36 (compatible; Bytespider; spider-feedback@bytedance.com)"
178.115.69.135 - - [02/Oct/2023:16:51:46 +0200] "GET /entry.php?id=10271&&ser=258245 HTTP/1.1" 200 987 "http://hausegger.activities.at/entry.php?id=10271&&ser=258184" "Mozilla/5.0 (Windows NT 10.0; Win64; x64) AppleWebKit/537.36 (KHTML, like Gecko) Chrome/117.0.0.0 Safari/537.36"
178.115.69.135 - - [02/Oct/2023:16:51:46 +0200] "GET /entry.php?id=10271&&ser=258246 HTTP/1.1" 200 987 "http://hausegger.activities.at/entry.php?id=10271&&ser=258185" "Mozilla/5.0 (Windows NT 10.0; Win64; x64; rv:109.0) Gecko/20100101 Firefox/118.0"
178.115.69.135 - - [02/Oct/2023:16:51:46 +0200] "GET /gui/javascript/form_form.js?1696258306 HTTP/1.1" 200 16206 "http://hausegger.activities.at/entry.php?id=10271&&ser=258245" "Mozilla/5.0 (Windows NT 10.0; Win64; x64) AppleWebKit/537.36 (KHTML, like Gecko) Chrome/117.0.0.0 Safari/537.36"
178.115.69.135 - - [02/Oct/2023:16:51:46 +0200] "GET /gui/javascript/form_form.js?1696258306 HTTP/1.1" 200 16206 "http://hausegger.activities.at/entry.php?id=10271&&ser=258246" "Mozilla/5.0 (Windows NT 10.0; Win64; x64; rv:109.0) Gecko/20100101 Firefox/118.0"
156.59.198.135 - - [02/Oct/2023:16:52:01 +0200] "GET /ed.activities.at/stats/lang/tooltips_w/awstats-tt-en.txt HTTP/1.0" 404 313 "http://212.69.160.11:443/ed.activities.at/stats/lang/tooltips_w/?C=D%3BO=A" "Mozilla/5.0 (Linux; Android 5.0) AppleWebKit/537.36 (KHTML, like Gecko) Mobile Safari/537.36 (compatible; Bytespider; spider-feedback@bytedance.com)"
156.59.198.135 - - [02/Oct/2023:16:52:28 +0200] "GET /ed.activities.at/stats/lang/tooltips_w/awstats-tt-nn.txt HTTP/1.0" 404 313 "http://212.69.160.11:443/ed.activities.at/stats/lang/tooltips_w/?C=D%3BO=A" "Mozilla/5.0 (Linux; Android 5.0) AppleWebKit/537.36 (KHTML, like Gecko) Mobile Safari/537.36 (compatible; Bytespider; spider-feedback@bytedance.com)"
178.115.69.135 - - [02/Oct/2023:16:52:46 +0200] "GET /entry.php?id=10271&&ser=258306 HTTP/1.1" 200 987 "http://hausegger.activities.at/entry.php?id=10271&&ser=258246" "Mozilla/5.0 (Windows NT 10.0; Win64; x64; rv:109.0) Gecko/20100101 Firefox/118.0"
178.115.69.135 - - [02/Oct/2023:16:52:46 +0200] "GET /gui/javascript/form_form.js?1696258366 HTTP/1.1" 200 16206 "http://hausegger.activities.at/entry.php?id=10271&&ser=258306" "Mozilla/5.0 (Windows NT 10.0; Win64; x64; rv:109.0) Gecko/20100101 Firefox/118.0"
178.115.69.135 - - [02/Oct/2023:16:52:47 +0200] "GET /entry.php?id=10271&&ser=258306 HTTP/1.1" 200 987 "http://hausegger.activities.at/entry.php?id=10271&&ser=258245" "Mozilla/5.0 (Windows NT 10.0; Win64; x64) AppleWebKit/537.36 (KHTML, like Gecko) Chrome/117.0.0.0 Safari/537.36"
178.115.69.135 - - [02/Oct/2023:16:52:47 +0200] "GET /gui/javascript/form_form.js?1696258367 HTTP/1.1" 200 16206 "http://hausegger.activities.at/entry.php?id=10271&&ser=258306" "Mozilla/5.0 (Windows NT 10.0; Win64; x64) AppleWebKit/537.36 (KHTML, like Gecko) Chrome/117.0.0.0 Safari/537.36"
156.59.198.136 - - [02/Oct/2023:16:52:52 +0200] "GET /hausegger.activities.at/stats/lang/tooltips_f/awstats-tt-it.txt HTTP/1.0" 404 318 "http://212.69.160.11:443/hausegger.activities.at/stats/lang/tooltips_f/?C=N%3BO=D" "Mozilla/5.0 (Linux; Android 5.0) AppleWebKit/537.36 (KHTML, like Gecko) Mobile Safari/537.36 (compatible; Bytespider; spider-feedback@bytedance.com)"
156.59.198.135 - - [02/Oct/2023:16:53:17 +0200] "GET /ed.activities.at/stats/lang/tooltips_w/awstats-tt-fr.txt HTTP/1.0" 404 313 "http://212.69.160.11:443/ed.activities.at/stats/lang/tooltips_w/?C=D%3BO=A" "Mozilla/5.0 (Linux; Android 5.0) AppleWebKit/537.36 (KHTML, like Gecko) Mobile Safari/537.36 (compatible; Bytespider; spider-feedback@bytedance.com)"
156.59.198.136 - - [02/Oct/2023:16:53:42 +0200] "GET /renault.2web.at/stats/lang/tooltips_f/awstats-tt-cz.txt HTTP/1.0" 404 314 "http://212.69.160.11:443/renault.2web.at/stats/lang/tooltips_f/?C=M%3BO=A" "Mozilla/5.0 (Linux; Android 5.0) AppleWebKit/537.36 (KHTML, like Gecko) Mobile Safari/537.36 (compatible; Bytespider; spider-feedback@bytedance.com)"
178.115.69.135 - - [02/Oct/2023:16:53:48 +0200] "GET /entry.php?id=10271&&ser=258367 HTTP/1.1" 200 988 "http://hausegger.activities.at/entry.php?id=10271&&ser=258306" "Mozilla/5.0 (Windows NT 10.0; Win64; x64) AppleWebKit/537.36 (KHTML, like Gecko) Chrome/117.0.0.0 Safari/537.36"
178.115.69.135 - - [02/Oct/2023:16:53:48 +0200] "GET /gui/javascript/form_form.js?1696258428 HTTP/1.1" 200 16206 "http://hausegger.activities.at/entry.php?id=10271&&ser=258367" "Mozilla/5.0 (Windows NT 10.0; Win64; x64) AppleWebKit/537.36 (KHTML, like Gecko) Chrome/117.0.0.0 Safari/537.36"
178.115.69.135 - - [02/Oct/2023:16:53:50 +0200] "GET /entry.php?id=10271&&ser=258366 HTTP/1.1" 200 987 "http://hausegger.activities.at/entry.php?id=10271&&ser=258306" "Mozilla/5.0 (Windows NT 10.0; Win64; x64; rv:109.0) Gecko/20100101 Firefox/118.0"
178.115.69.135 - - [02/Oct/2023:16:53:51 +0200] "GET /gui/javascript/form_form.js?1696258430 HTTP/1.1" 200 16206 "http://hausegger.activities.at/entry.php?id=10271&&ser=258366" "Mozilla/5.0 (Windows NT 10.0; Win64; x64; rv:109.0) Gecko/20100101 Firefox/118.0"
156.59.198.135 - - [02/Oct/2023:16:54:07 +0200] "GET /renault.2web.at/stats/lang/tooltips_f/awstats-tt-en.txt HTTP/1.0" 404 313 "http://212.69.160.11:443/renault.2web.at/stats/lang/tooltips_f/?C=M%3BO=A" "Mozilla/5.0 (Linux; Android 5.0) AppleWebKit/537.36 (KHTML, like Gecko) Mobile Safari/537.36 (compatible; Bytespider; spider-feedback@bytedance.com)"
156.59.198.135 - - [02/Oct/2023:16:54:32 +0200] "GET /ed.activities.at/stats/lang/tooltips_w/awstats-tt-cz.txt HTTP/1.0" 404 314 "http://212.69.160.11:443/ed.activities.at/stats/lang/tooltips_w/?C=D%3BO=A" "Mozilla/5.0 (Linux; Android 5.0) AppleWebKit/537.36 (KHTML, like Gecko) Mobile Safari/537.36 (compatible; Bytespider; spider-feedback@bytedance.com)"
178.115.69.135 - - [02/Oct/2023:16:54:49 +0200] "GET /entry.php?id=10271&&ser=258428 HTTP/1.1" 200 987 "http://hausegger.activities.at/entry.php?id=10271&&ser=258367" "Mozilla/5.0 (Windows NT 10.0; Win64; x64) AppleWebKit/537.36 (KHTML, like Gecko) Chrome/117.0.0.0 Safari/537.36"
178.115.69.135 - - [02/Oct/2023:16:54:49 +0200] "GET /gui/javascript/form_form.js?1696258489 HTTP/1.1" 200 16206 "http://hausegger.activities.at/entry.php?id=10271&&ser=258428" "Mozilla/5.0 (Windows NT 10.0; Win64; x64) AppleWebKit/537.36 (KHTML, like Gecko) Chrome/117.0.0.0 Safari/537.36"
178.115.69.135 - - [02/Oct/2023:16:54:55 +0200] "GET /entry.php?id=10271&&ser=258430 HTTP/1.1" 200 987 "http://hausegger.activities.at/entry.php?id=10271&&ser=258366" "Mozilla/5.0 (Windows NT 10.0; Win64; x64; rv:109.0) Gecko/20100101 Firefox/118.0"
178.115.69.135 - - [02/Oct/2023:16:54:55 +0200] "GET /gui/javascript/form_form.js?1696258495 HTTP/1.1" 200 16206 "http://hausegger.activities.at/entry.php?id=10271&&ser=258430" "Mozilla/5.0 (Windows NT 10.0; Win64; x64; rv:109.0) Gecko/20100101 Firefox/118.0"
156.59.198.135 - - [02/Oct/2023:16:54:57 +0200] "GET /ed.activities.at/stats/lang/tooltips_w/awstats-tt-es.txt HTTP/1.0" 404 312 "http://212.69.160.11:443/ed.activities.at/stats/lang/tooltips_w/?C=D%3BO=A" "Mozilla/5.0 (Linux; Android 5.0) AppleWebKit/537.36 (KHTML, like Gecko) Mobile Safari/537.36 (compatible; Bytespider; spider-feedback@bytedance.com)"
156.59.198.135 - - [02/Oct/2023:16:55:21 +0200] "GET /ed.activities.at/stats/lang/tooltips_w/awstats-tt-tw.txt HTTP/1.0" 404 313 "http://212.69.160.11:443/ed.activities.at/stats/lang/tooltips_w/?C=D%3BO=A" "Mozilla/5.0 (Linux; Android 5.0) AppleWebKit/537.36 (KHTML, like Gecko) Mobile Safari/537.36 (compatible; Bytespider; spider-feedback@bytedance.com)"
156.59.198.135 - - [02/Oct/2023:16:55:46 +0200] "GET /ed.activities.at/stats/lang/tooltips_w/awstats-tt-ua.txt HTTP/1.0" 404 313 "http://212.69.160.11:443/ed.activities.at/stats/lang/tooltips_w/?C=D%3BO=A" "Mozilla/5.0 (Linux; Android 5.0) AppleWebKit/537.36 (KHTML, like Gecko) Mobile Safari/537.36 (compatible; Bytespider; spider-feedback@bytedance.com)"
178.115.69.135 - - [02/Oct/2023:16:55:50 +0200] "GET /entry.php?id=10271&&ser=258489 HTTP/1.1" 200 988 "http://hausegger.activities.at/entry.php?id=10271&&ser=258428" "Mozilla/5.0 (Windows NT 10.0; Win64; x64) AppleWebKit/537.36 (KHTML, like Gecko) Chrome/117.0.0.0 Safari/537.36"
178.115.69.135 - - [02/Oct/2023:16:55:50 +0200] "GET /gui/javascript/form_form.js?1696258550 HTTP/1.1" 200 16206 "http://hausegger.activities.at/entry.php?id=10271&&ser=258489" "Mozilla/5.0 (Windows NT 10.0; Win64; x64) AppleWebKit/537.36 (KHTML, like Gecko) Chrome/117.0.0.0 Safari/537.36"
178.115.69.135 - - [02/Oct/2023:16:55:59 +0200] "GET /entry.php?id=10271&&ser=258495 HTTP/1.1" 200 988 "http://hausegger.activities.at/entry.php?id=10271&&ser=258430" "Mozilla/5.0 (Windows NT 10.0; Win64; x64; rv:109.0) Gecko/20100101 Firefox/118.0"
178.115.69.135 - - [02/Oct/2023:16:55:59 +0200] "GET /gui/javascript/form_form.js?1696258559 HTTP/1.1" 200 16206 "http://hausegger.activities.at/entry.php?id=10271&&ser=258495" "Mozilla/5.0 (Windows NT 10.0; Win64; x64; rv:109.0) Gecko/20100101 Firefox/118.0"
156.59.198.135 - - [02/Oct/2023:16:56:11 +0200] "GET /renault.2web.at/stats/lang/tooltips_f/awstats-tt-is.txt HTTP/1.0" 404 313 "http://212.69.160.11:443/renault.2web.at/stats/lang/tooltips_f/?C=M%3BO=A" "Mozilla/5.0 (Linux; Android 5.0) AppleWebKit/537.36 (KHTML, like Gecko) Mobile Safari/537.36 (compatible; Bytespider; spider-feedback@bytedance.com)"
156.59.198.136 - - [02/Oct/2023:16:56:36 +0200] "GET /ed.activities.at/stats/lang/tooltips_w/awstats-tt-cn.txt HTTP/1.0" 404 313 "http://212.69.160.11:443/ed.activities.at/stats/lang/tooltips_w/?C=D%3BO=A" "Mozilla/5.0 (Linux; Android 5.0) AppleWebKit/537.36 (KHTML, like Gecko) Mobile Safari/537.36 (compatible; Bytespider; spider-feedback@bytedance.com)"
178.115.69.135 - - [02/Oct/2023:16:56:51 +0200] "GET /entry.php?id=10271&&ser=258550 HTTP/1.1" 200 987 "http://hausegger.activities.at/entry.php?id=10271&&ser=258489" "Mozilla/5.0 (Windows NT 10.0; Win64; x64) AppleWebKit/537.36 (KHTML, like Gecko) Chrome/117.0.0.0 Safari/537.36"
178.115.69.135 - - [02/Oct/2023:16:56:51 +0200] "GET /gui/javascript/form_form.js?1696258611 HTTP/1.1" 200 16206 "http://hausegger.activities.at/entry.php?id=10271&&ser=258550" "Mozilla/5.0 (Windows NT 10.0; Win64; x64) AppleWebKit/537.36 (KHTML, like Gecko) Chrome/117.0.0.0 Safari/537.36"
156.59.198.135 - - [02/Oct/2023:16:57:01 +0200] "GET /ed.activities.at/stats/lang/tooltips_w/awstats-tt-dk.txt HTTP/1.0" 404 314 "http://212.69.160.11:443/ed.activities.at/stats/lang/tooltips_w/?C=D%3BO=A" "Mozilla/5.0 (Linux; Android 5.0) AppleWebKit/537.36 (KHTML, like Gecko) Mobile Safari/537.36 (compatible; Bytespider; spider-feedback@bytedance.com)"
178.115.69.135 - - [02/Oct/2023:16:57:03 +0200] "GET /entry.php?id=10271&&ser=258559 HTTP/1.1" 200 987 "http://hausegger.activities.at/entry.php?id=10271&&ser=258495" "Mozilla/5.0 (Windows NT 10.0; Win64; x64; rv:109.0) Gecko/20100101 Firefox/118.0"
178.115.69.135 - - [02/Oct/2023:16:57:03 +0200] "GET /gui/javascript/form_form.js?1696258623 HTTP/1.1" 200 16206 "http://hausegger.activities.at/entry.php?id=10271&&ser=258559" "Mozilla/5.0 (Windows NT 10.0; Win64; x64; rv:109.0) Gecko/20100101 Firefox/118.0"
156.59.198.135 - - [02/Oct/2023:16:57:25 +0200] "GET /ed.activities.at/stats/lang/tooltips_w/awstats-tt-ru.txt HTTP/1.0" 404 313 "http://212.69.160.11:443/ed.activities.at/stats/lang/tooltips_w/?C=D%3BO=A" "Mozilla/5.0 (Linux; Android 5.0) AppleWebKit/537.36 (KHTML, like Gecko) Mobile Safari/537.36 (compatible; Bytespider; spider-feedback@bytedance.com)"
156.59.198.135 - - [02/Oct/2023:16:57:49 +0200] "GET /hausegger.activities.at/stats/lang/tooltips_f/awstats-tt-is.txt HTTP/1.0" 404 318 "http://212.69.160.11:443/hausegger.activities.at/stats/lang/tooltips_f/?C=N%3BO=D" "Mozilla/5.0 (Linux; Android 5.0) AppleWebKit/537.36 (KHTML, like Gecko) Mobile Safari/537.36 (compatible; Bytespider; spider-feedback@bytedance.com)"
178.115.69.135 - - [02/Oct/2023:16:57:52 +0200] "GET /entry.php?id=10271&&ser=258611 HTTP/1.1" 200 987 "http://hausegger.activities.at/entry.php?id=10271&&ser=258550" "Mozilla/5.0 (Windows NT 10.0; Win64; x64) AppleWebKit/537.36 (KHTML, like Gecko) Chrome/117.0.0.0 Safari/537.36"
178.115.69.135 - - [02/Oct/2023:16:57:52 +0200] "GET /gui/javascript/form_form.js?1696258672 HTTP/1.1" 200 16206 "http://hausegger.activities.at/entry.php?id=10271&&ser=258611" "Mozilla/5.0 (Windows NT 10.0; Win64; x64) AppleWebKit/537.36 (KHTML, like Gecko) Chrome/117.0.0.0 Safari/537.36"
178.115.69.135 - - [02/Oct/2023:16:58:08 +0200] "GET /entry.php?id=10271&&ser=258623 HTTP/1.1" 200 987 "http://hausegger.activities.at/entry.php?id=10271&&ser=258559" "Mozilla/5.0 (Windows NT 10.0; Win64; x64; rv:109.0) Gecko/20100101 Firefox/118.0"
178.115.69.135 - - [02/Oct/2023:16:58:08 +0200] "GET /gui/javascript/form_form.js?1696258688 HTTP/1.1" 200 16206 "http://hausegger.activities.at/entry.php?id=10271&&ser=258623" "Mozilla/5.0 (Windows NT 10.0; Win64; x64; rv:109.0) Gecko/20100101 Firefox/118.0"
156.59.198.136 - - [02/Oct/2023:16:58:14 +0200] "GET /hausegger.activities.at/stats/lang/tooltips_f/awstats-tt-en.txt HTTP/1.0" 404 318 "http://212.69.160.11:443/hausegger.activities.at/stats/lang/tooltips_f/?C=N%3BO=D" "Mozilla/5.0 (Linux; Android 5.0) AppleWebKit/537.36 (KHTML, like Gecko) Mobile Safari/537.36 (compatible; Bytespider; spider-feedback@bytedance.com)"
156.59.198.135 - - [02/Oct/2023:16:58:39 +0200] "GET /ed.activities.at/stats/lang/tooltips_m/awstats-tt-en.txt HTTP/1.0" 404 313 "http://212.69.160.11:443/ed.activities.at/stats/lang/tooltips_m/" "Mozilla/5.0 (Linux; Android 5.0) AppleWebKit/537.36 (KHTML, like Gecko) Mobile Safari/537.36 (compatible; Bytespider; spider-feedback@bytedance.com)"
178.115.69.135 - - [02/Oct/2023:16:58:53 +0200] "GET /entry.php?id=10271&&ser=258672 HTTP/1.1" 200 987 "http://hausegger.activities.at/entry.php?id=10271&&ser=258611" "Mozilla/5.0 (Windows NT 10.0; Win64; x64) AppleWebKit/537.36 (KHTML, like Gecko) Chrome/117.0.0.0 Safari/537.36"
178.115.69.135 - - [02/Oct/2023:16:58:53 +0200] "GET /gui/javascript/form_form.js?1696258733 HTTP/1.1" 200 16206 "http://hausegger.activities.at/entry.php?id=10271&&ser=258672" "Mozilla/5.0 (Windows NT 10.0; Win64; x64) AppleWebKit/537.36 (KHTML, like Gecko) Chrome/117.0.0.0 Safari/537.36"
156.59.198.135 - - [02/Oct/2023:16:59:03 +0200] "GET /ed.activities.at/stats/lang/tooltips_w/awstats-tt-fi.txt HTTP/1.0" 404 313 "http://212.69.160.11:443/ed.activities.at/stats/lang/tooltips_w/?C=D%3BO=A" "Mozilla/5.0 (Linux; Android 5.0) AppleWebKit/537.36 (KHTML, like Gecko) Mobile Safari/537.36 (compatible; Bytespider; spider-feedback@bytedance.com)"
178.115.69.135 - - [02/Oct/2023:16:59:12 +0200] "GET /entry.php?id=10271&&ser=258688 HTTP/1.1" 200 987 "http://hausegger.activities.at/entry.php?id=10271&&ser=258623" "Mozilla/5.0 (Windows NT 10.0; Win64; x64; rv:109.0) Gecko/20100101 Firefox/118.0"
178.115.69.135 - - [02/Oct/2023:16:59:12 +0200] "GET /gui/javascript/form_form.js?1696258752 HTTP/1.1" 200 16206 "http://hausegger.activities.at/entry.php?id=10271&&ser=258688" "Mozilla/5.0 (Windows NT 10.0; Win64; x64; rv:109.0) Gecko/20100101 Firefox/118.0"
156.59.198.135 - - [02/Oct/2023:16:59:27 +0200] "GET /ed.activities.at/stats/lang/tooltips_w/awstats-tt-ro.txt HTTP/1.0" 404 313 "http://212.69.160.11:443/ed.activities.at/stats/lang/tooltips_w/?C=D%3BO=A" "Mozilla/5.0 (Linux; Android 5.0) AppleWebKit/537.36 (KHTML, like Gecko) Mobile Safari/537.36 (compatible; Bytespider; spider-feedback@bytedance.com)"
156.59.198.135 - - [02/Oct/2023:16:59:51 +0200] "GET /ed.activities.at/stats/lang/tooltips_m/awstats-tt-br.txt HTTP/1.0" 404 313 "http://212.69.160.11:443/ed.activities.at/stats/lang/tooltips_m/" "Mozilla/5.0 (Linux; Android 5.0) AppleWebKit/537.36 (KHTML, like Gecko) Mobile Safari/537.36 (compatible; Bytespider; spider-feedback@bytedance.com)"
178.115.69.135 - - [02/Oct/2023:16:59:54 +0200] "GET /entry.php?id=10271&&ser=258733 HTTP/1.1" 200 987 "http://hausegger.activities.at/entry.php?id=10271&&ser=258672" "Mozilla/5.0 (Windows NT 10.0; Win64; x64) AppleWebKit/537.36 (KHTML, like Gecko) Chrome/117.0.0.0 Safari/537.36"
178.115.69.135 - - [02/Oct/2023:16:59:54 +0200] "GET /gui/javascript/form_form.js?1696258794 HTTP/1.1" 200 16206 "http://hausegger.activities.at/entry.php?id=10271&&ser=258733" "Mozilla/5.0 (Windows NT 10.0; Win64; x64) AppleWebKit/537.36 (KHTML, like Gecko) Chrome/117.0.0.0 Safari/537.36"
156.59.198.136 - - [02/Oct/2023:17:00:16 +0200] "GET /renault.2web.at/htdocs/binaries/renault-/rs-74-2016winter-check-und-service-tageanmeldungdoc.doc HTTP/1.0" 404 338 "http://212.69.160.11:443/renault.2web.at/htdocs/binaries/renault-/?C=D%3BO=A" "Mozilla/5.0 (Linux; Android 5.0) AppleWebKit/537.36 (KHTML, like Gecko) Mobile Safari/537.36 (compatible; Bytespider; spider-feedback@bytedance.com)"
178.115.69.135 - - [02/Oct/2023:17:00:16 +0200] "GET /entry.php?id=10271&&ser=258752 HTTP/1.1" 200 986 "http://hausegger.activities.at/entry.php?id=10271&&ser=258688" "Mozilla/5.0 (Windows NT 10.0; Win64; x64; rv:109.0) Gecko/20100101 Firefox/118.0"
178.115.69.135 - - [02/Oct/2023:17:00:16 +0200] "GET /gui/javascript/form_form.js?1696258816 HTTP/1.1" 200 16206 "http://hausegger.activities.at/entry.php?id=10271&&ser=258752" "Mozilla/5.0 (Windows NT 10.0; Win64; x64; rv:109.0) Gecko/20100101 Firefox/118.0"
156.59.198.135 - - [02/Oct/2023:17:00:41 +0200] "GET /renault.2web.at/htdocs/binaries/renault-/rs-1342018-fr.pdf HTTP/1.0" 404 314 "http://212.69.160.11:443/renault.2web.at/htdocs/binaries/renault-/?C=D%3BO=A" "Mozilla/5.0 (Linux; Android 5.0) AppleWebKit/537.36 (KHTML, like Gecko) Mobile Safari/537.36 (compatible; Bytespider; spider-feedback@bytedance.com)"
178.115.69.135 - - [02/Oct/2023:17:00:55 +0200] "GET /entry.php?id=10271&&ser=258794 HTTP/1.1" 200 987 "http://hausegger.activities.at/entry.php?id=10271&&ser=258733" "Mozilla/5.0 (Windows NT 10.0; Win64; x64) AppleWebKit/537.36 (KHTML, like Gecko) Chrome/117.0.0.0 Safari/537.36"
178.115.69.135 - - [02/Oct/2023:17:00:55 +0200] "GET /gui/javascript/form_form.js?1696258855 HTTP/1.1" 200 16206 "http://hausegger.activities.at/entry.php?id=10271&&ser=258794" "Mozilla/5.0 (Windows NT 10.0; Win64; x64) AppleWebKit/537.36 (KHTML, like Gecko) Chrome/117.0.0.0 Safari/537.36"
156.59.198.135 - - [02/Oct/2023:17:01:05 +0200] "GET /renault.2web.at/htdocs/binaries/renault-/rs-129-fr.doc HTTP/1.0" 404 310 "http://212.69.160.11:443/renault.2web.at/htdocs/binaries/renault-/?C=D%3BO=A" "Mozilla/5.0 (Linux; Android 5.0) AppleWebKit/537.36 (KHTML, like Gecko) Mobile Safari/537.36 (compatible; Bytespider; spider-feedback@bytedance.com)"
178.115.69.135 - - [02/Oct/2023:17:01:21 +0200] "GET /entry.php?id=10271&&ser=258816 HTTP/1.1" 200 986 "http://hausegger.activities.at/entry.php?id=10271&&ser=258752" "Mozilla/5.0 (Windows NT 10.0; Win64; x64; rv:109.0) Gecko/20100101 Firefox/118.0"
178.115.69.135 - - [02/Oct/2023:17:01:21 +0200] "GET /gui/javascript/form_form.js?1696258881 HTTP/1.1" 200 16206 "http://hausegger.activities.at/entry.php?id=10271&&ser=258816" "Mozilla/5.0 (Windows NT 10.0; Win64; x64; rv:109.0) Gecko/20100101 Firefox/118.0"
156.59.198.135 - - [02/Oct/2023:17:01:30 +0200] "GET /renault.2web.at/htdocs/binaries/renault-/rs-1232017-fr.pdf HTTP/1.0" 404 314 "http://212.69.160.11:443/renault.2web.at/htdocs/binaries/renault-/?C=D%3BO=A" "Mozilla/5.0 (Linux; Android 5.0) AppleWebKit/537.36 (KHTML, like Gecko) Mobile Safari/537.36 (compatible; Bytespider; spider-feedback@bytedance.com)"
178.115.69.135 - - [02/Oct/2023:17:01:56 +0200] "GET /entry.php?id=10271&&ser=258855 HTTP/1.1" 200 987 "http://hausegger.activities.at/entry.php?id=10271&&ser=258794" "Mozilla/5.0 (Windows NT 10.0; Win64; x64) AppleWebKit/537.36 (KHTML, like Gecko) Chrome/117.0.0.0 Safari/537.36"
156.59.198.135 - - [02/Oct/2023:17:01:56 +0200] "GET /hausegger.activities.at/stats/lang/tooltips_f/awstats-tt-cz.txt HTTP/1.0" 404 319 "http://212.69.160.11:443/hausegger.activities.at/stats/lang/tooltips_f/?C=N%3BO=D" "Mozilla/5.0 (Linux; Android 5.0) AppleWebKit/537.36 (KHTML, like Gecko) Mobile Safari/537.36 (compatible; Bytespider; spider-feedback@bytedance.com)"
178.115.69.135 - - [02/Oct/2023:17:01:56 +0200] "GET /gui/javascript/form_form.js?1696258916 HTTP/1.1" 200 16206 "http://hausegger.activities.at/entry.php?id=10271&&ser=258855" "Mozilla/5.0 (Windows NT 10.0; Win64; x64) AppleWebKit/537.36 (KHTML, like Gecko) Chrome/117.0.0.0 Safari/537.36"
156.59.198.135 - - [02/Oct/2023:17:02:19 +0200] "GET /hausegger.activities.at/stats/lang/tooltips_f/awstats-tt-br.txt HTTP/1.0" 404 318 "http://212.69.160.11:443/hausegger.activities.at/stats/lang/tooltips_f/?C=N%3BO=D" "Mozilla/5.0 (Linux; Android 5.0) AppleWebKit/537.36 (KHTML, like Gecko) Mobile Safari/537.36 (compatible; Bytespider; spider-feedback@bytedance.com)"
178.115.69.135 - - [02/Oct/2023:17:02:25 +0200] "GET /entry.php?id=10271&&ser=258881 HTTP/1.1" 200 987 "http://hausegger.activities.at/entry.php?id=10271&&ser=258816" "Mozilla/5.0 (Windows NT 10.0; Win64; x64; rv:109.0) Gecko/20100101 Firefox/118.0"
178.115.69.135 - - [02/Oct/2023:17:02:25 +0200] "GET /gui/javascript/form_form.js?1696258945 HTTP/1.1" 200 16206 "http://hausegger.activities.at/entry.php?id=10271&&ser=258881" "Mozilla/5.0 (Windows NT 10.0; Win64; x64; rv:109.0) Gecko/20100101 Firefox/118.0"
156.59.198.135 - - [02/Oct/2023:17:02:44 +0200] "GET /ed.activities.at/stats/lang/tooltips_m/awstats-tt-it.txt HTTP/1.0" 404 313 "http://212.69.160.11:443/ed.activities.at/stats/lang/tooltips_m/" "Mozilla/5.0 (Linux; Android 5.0) AppleWebKit/537.36 (KHTML, like Gecko) Mobile Safari/537.36 (compatible; Bytespider; spider-feedback@bytedance.com)"
178.115.69.135 - - [02/Oct/2023:17:02:57 +0200] "GET /entry.php?id=10271&&ser=258916 HTTP/1.1" 200 987 "http://hausegger.activities.at/entry.php?id=10271&&ser=258855" "Mozilla/5.0 (Windows NT 10.0; Win64; x64) AppleWebKit/537.36 (KHTML, like Gecko) Chrome/117.0.0.0 Safari/537.36"
178.115.69.135 - - [02/Oct/2023:17:02:57 +0200] "GET /gui/javascript/form_form.js?1696258977 HTTP/1.1" 200 16206 "http://hausegger.activities.at/entry.php?id=10271&&ser=258916" "Mozilla/5.0 (Windows NT 10.0; Win64; x64) AppleWebKit/537.36 (KHTML, like Gecko) Chrome/117.0.0.0 Safari/537.36"
156.59.198.135 - - [02/Oct/2023:17:03:08 +0200] "GET /ed.activities.at/stats/lang/tooltips_m/awstats-tt-is.txt HTTP/1.0" 404 313 "http://212.69.160.11:443/ed.activities.at/stats/lang/tooltips_m/" "Mozilla/5.0 (Linux; Android 5.0) AppleWebKit/537.36 (KHTML, like Gecko) Mobile Safari/537.36 (compatible; Bytespider; spider-feedback@bytedance.com)"
178.115.69.135 - - [02/Oct/2023:17:03:29 +0200] "GET /entry.php?id=10271&&ser=258945 HTTP/1.1" 200 987 "http://hausegger.activities.at/entry.php?id=10271&&ser=258881" "Mozilla/5.0 (Windows NT 10.0; Win64; x64; rv:109.0) Gecko/20100101 Firefox/118.0"
178.115.69.135 - - [02/Oct/2023:17:03:29 +0200] "GET /gui/javascript/form_form.js?1696259009 HTTP/1.1" 200 16206 "http://hausegger.activities.at/entry.php?id=10271&&ser=258945" "Mozilla/5.0 (Windows NT 10.0; Win64; x64; rv:109.0) Gecko/20100101 Firefox/118.0"
156.59.198.136 - - [02/Oct/2023:17:03:33 +0200] "GET /ed-test.activities.at/stats/lib/blacklist.txt HTTP/1.0" 404 307 "http://212.69.160.11:443/ed-test.activities.at/stats/lib/?C=N%3BO=D" "Mozilla/5.0 (Linux; Android 5.0) AppleWebKit/537.36 (KHTML, like Gecko) Mobile Safari/537.36 (compatible; Bytespider; spider-feedback@bytedance.com)"
156.59.198.135 - - [02/Oct/2023:17:03:57 +0200] "GET /renault.2web.at/htdocs/binaries/renault-/rs-155-fr.doc HTTP/1.0" 404 310 "http://212.69.160.11:443/renault.2web.at/htdocs/binaries/renault-/?C=D%3BO=A" "Mozilla/5.0 (Linux; Android 5.0) AppleWebKit/537.36 (KHTML, like Gecko) Mobile Safari/537.36 (compatible; Bytespider; spider-feedback@bytedance.com)"
178.115.69.135 - - [02/Oct/2023:17:03:58 +0200] "GET /entry.php?id=10271&&ser=258977 HTTP/1.1" 200 987 "http://hausegger.activities.at/entry.php?id=10271&&ser=258916" "Mozilla/5.0 (Windows NT 10.0; Win64; x64) AppleWebKit/537.36 (KHTML, like Gecko) Chrome/117.0.0.0 Safari/537.36"
178.115.69.135 - - [02/Oct/2023:17:03:58 +0200] "GET /gui/javascript/form_form.js?1696259038 HTTP/1.1" 200 16206 "http://hausegger.activities.at/entry.php?id=10271&&ser=258977" "Mozilla/5.0 (Windows NT 10.0; Win64; x64) AppleWebKit/537.36 (KHTML, like Gecko) Chrome/117.0.0.0 Safari/537.36"
156.59.198.136 - - [02/Oct/2023:17:04:22 +0200] "GET /docs/contadino/2018/ANGEBOT/AG18-00003.pdf HTTP/1.0" 404 308 "http://212.69.160.11:443/docs/contadino/2018/ANGEBOT/" "Mozilla/5.0 (Linux; Android 5.0) AppleWebKit/537.36 (KHTML, like Gecko) Mobile Safari/537.36 (compatible; Bytespider; spider-feedback@bytedance.com)"
178.115.69.135 - - [02/Oct/2023:17:04:34 +0200] "GET /entry.php?id=10271&&ser=259009 HTTP/1.1" 200 987 "http://hausegger.activities.at/entry.php?id=10271&&ser=258945" "Mozilla/5.0 (Windows NT 10.0; Win64; x64; rv:109.0) Gecko/20100101 Firefox/118.0"
178.115.69.135 - - [02/Oct/2023:17:04:34 +0200] "GET /gui/javascript/form_form.js?1696259074 HTTP/1.1" 200 16206 "http://hausegger.activities.at/entry.php?id=10271&&ser=259009" "Mozilla/5.0 (Windows NT 10.0; Win64; x64; rv:109.0) Gecko/20100101 Firefox/118.0"
156.59.198.136 - - [02/Oct/2023:17:04:46 +0200] "GET /ed.activities.at/stats/lang/tooltips_m/awstats-tt-fr.txt HTTP/1.0" 404 313 "http://212.69.160.11:443/ed.activities.at/stats/lang/tooltips_m/" "Mozilla/5.0 (Linux; Android 5.0) AppleWebKit/537.36 (KHTML, like Gecko) Mobile Safari/537.36 (compatible; Bytespider; spider-feedback@bytedance.com)"
178.115.69.135 - - [02/Oct/2023:17:04:59 +0200] "GET /entry.php?id=10271&&ser=259038 HTTP/1.1" 200 987 "http://hausegger.activities.at/entry.php?id=10271&&ser=258977" "Mozilla/5.0 (Windows NT 10.0; Win64; x64) AppleWebKit/537.36 (KHTML, like Gecko) Chrome/117.0.0.0 Safari/537.36"
178.115.69.135 - - [02/Oct/2023:17:04:59 +0200] "GET /gui/javascript/form_form.js?1696259099 HTTP/1.1" 200 16206 "http://hausegger.activities.at/entry.php?id=10271&&ser=259038" "Mozilla/5.0 (Windows NT 10.0; Win64; x64) AppleWebKit/537.36 (KHTML, like Gecko) Chrome/117.0.0.0 Safari/537.36"
156.59.198.136 - - [02/Oct/2023:17:05:11 +0200] "GET /renault.2web.at/htdocs/binaries/renault-/stellwaende03280x150finalpdf.pdf HTTP/1.0" 404 324 "http://212.69.160.11:443/renault.2web.at/htdocs/binaries/renault-/?C=D%3BO=A" "Mozilla/5.0 (Linux; Android 5.0) AppleWebKit/537.36 (KHTML, like Gecko) Mobile Safari/537.36 (compatible; Bytespider; spider-feedback@bytedance.com)"
156.59.198.136 - - [02/Oct/2023:17:05:36 +0200] "GET /docs/contadino/2018/ANGEBOT/AG18-00006.pdf HTTP/1.0" 404 308 "http://212.69.160.11:443/docs/contadino/2018/ANGEBOT/" "Mozilla/5.0 (Linux; Android 5.0) AppleWebKit/537.36 (KHTML, like Gecko) Mobile Safari/537.36 (compatible; Bytespider; spider-feedback@bytedance.com)"
178.115.69.135 - - [02/Oct/2023:17:05:38 +0200] "GET /entry.php?id=10271&&ser=259074 HTTP/1.1" 200 987 "http://hausegger.activities.at/entry.php?id=10271&&ser=259009" "Mozilla/5.0 (Windows NT 10.0; Win64; x64; rv:109.0) Gecko/20100101 Firefox/118.0"
178.115.69.135 - - [02/Oct/2023:17:05:38 +0200] "GET /gui/javascript/form_form.js?1696259138 HTTP/1.1" 200 16206 "http://hausegger.activities.at/entry.php?id=10271&&ser=259074" "Mozilla/5.0 (Windows NT 10.0; Win64; x64; rv:109.0) Gecko/20100101 Firefox/118.0"
178.115.69.135 - - [02/Oct/2023:17:06:00 +0200] "GET /entry.php?id=10271&&ser=259099 HTTP/1.1" 200 987 "http://hausegger.activities.at/entry.php?id=10271&&ser=259038" "Mozilla/5.0 (Windows NT 10.0; Win64; x64) AppleWebKit/537.36 (KHTML, like Gecko) Chrome/117.0.0.0 Safari/537.36"
178.115.69.135 - - [02/Oct/2023:17:06:00 +0200] "GET /gui/javascript/form_form.js?1696259160 HTTP/1.1" 200 16206 "http://hausegger.activities.at/entry.php?id=10271&&ser=259099" "Mozilla/5.0 (Windows NT 10.0; Win64; x64) AppleWebKit/537.36 (KHTML, like Gecko) Chrome/117.0.0.0 Safari/537.36"
156.59.198.136 - - [02/Oct/2023:17:06:00 +0200] "GET /docs/contadino/2018/ANGEBOT/AG18-00002.pdf HTTP/1.0" 404 308 "http://212.69.160.11:443/docs/contadino/2018/ANGEBOT/" "Mozilla/5.0 (Linux; Android 5.0) AppleWebKit/537.36 (KHTML, like Gecko) Mobile Safari/537.36 (compatible; Bytespider; spider-feedback@bytedance.com)"
156.59.198.136 - - [02/Oct/2023:17:06:24 +0200] "GET /renault.2web.at/stats/lang/tooltips_m/awstats-tt-it.txt HTTP/1.0" 404 313 "http://212.69.160.11:443/renault.2web.at/stats/lang/tooltips_m/?C=S%3BO=A" "Mozilla/5.0 (Linux; Android 5.0) AppleWebKit/537.36 (KHTML, like Gecko) Mobile Safari/537.36 (compatible; Bytespider; spider-feedback@bytedance.com)"
178.115.69.135 - - [02/Oct/2023:17:06:42 +0200] "GET /entry.php?id=10271&&ser=259138 HTTP/1.1" 200 987 "http://hausegger.activities.at/entry.php?id=10271&&ser=259074" "Mozilla/5.0 (Windows NT 10.0; Win64; x64; rv:109.0) Gecko/20100101 Firefox/118.0"
178.115.69.135 - - [02/Oct/2023:17:06:42 +0200] "GET /gui/javascript/form_form.js?1696259202 HTTP/1.1" 200 16206 "http://hausegger.activities.at/entry.php?id=10271&&ser=259138" "Mozilla/5.0 (Windows NT 10.0; Win64; x64; rv:109.0) Gecko/20100101 Firefox/118.0"
156.59.198.135 - - [02/Oct/2023:17:06:49 +0200] "GET /renault.2web.at/stats/lang/tooltips_m/awstats-tt-br.txt HTTP/1.0" 404 313 "http://212.69.160.11:443/renault.2web.at/stats/lang/tooltips_m/?C=S%3BO=A" "Mozilla/5.0 (Linux; Android 5.0) AppleWebKit/537.36 (KHTML, like Gecko) Mobile Safari/537.36 (compatible; Bytespider; spider-feedback@bytedance.com)"
178.115.69.135 - - [02/Oct/2023:17:07:01 +0200] "GET /entry.php?id=10271&&ser=259160 HTTP/1.1" 200 987 "http://hausegger.activities.at/entry.php?id=10271&&ser=259099" "Mozilla/5.0 (Windows NT 10.0; Win64; x64) AppleWebKit/537.36 (KHTML, like Gecko) Chrome/117.0.0.0 Safari/537.36"
178.115.69.135 - - [02/Oct/2023:17:07:01 +0200] "GET /gui/javascript/form_form.js?1696259221 HTTP/1.1" 200 16206 "http://hausegger.activities.at/entry.php?id=10271&&ser=259160" "Mozilla/5.0 (Windows NT 10.0; Win64; x64) AppleWebKit/537.36 (KHTML, like Gecko) Chrome/117.0.0.0 Safari/537.36"
156.59.198.135 - - [02/Oct/2023:17:07:14 +0200] "GET /renault.2web.at/stats/lang/tooltips_m/awstats-tt-fr.txt HTTP/1.0" 404 313 "http://212.69.160.11:443/renault.2web.at/stats/lang/tooltips_m/?C=S%3BO=A" "Mozilla/5.0 (Linux; Android 5.0) AppleWebKit/537.36 (KHTML, like Gecko) Mobile Safari/537.36 (compatible; Bytespider; spider-feedback@bytedance.com)"
86.106.74.124 - - [02/Oct/2023:17:07:36 +0200] "GET /~ridersde/joomla/index.php?option=com_xijc&view=captcha HTTP/1.1" 404 309 "https://www.google.com/" "Mozilla/5.0 (Macintosh; Intel Mac OS X 10.11; rv:76.0) Gecko/20100101 Firefox/76.0"
156.59.198.135 - - [02/Oct/2023:17:07:38 +0200] "GET /renault.2web.at/stats/lang/tooltips_m/awstats-tt-en.txt HTTP/1.0" 404 312 "http://212.69.160.11:443/renault.2web.at/stats/lang/tooltips_m/?C=S%3BO=A" "Mozilla/5.0 (Linux; Android 5.0) AppleWebKit/537.36 (KHTML, like Gecko) Mobile Safari/537.36 (compatible; Bytespider; spider-feedback@bytedance.com)"
178.115.69.135 - - [02/Oct/2023:17:07:47 +0200] "GET /entry.php?id=10271&&ser=259202 HTTP/1.1" 200 987 "http://hausegger.activities.at/entry.php?id=10271&&ser=259138" "Mozilla/5.0 (Windows NT 10.0; Win64; x64; rv:109.0) Gecko/20100101 Firefox/118.0"
178.115.69.135 - - [02/Oct/2023:17:07:47 +0200] "GET /gui/javascript/form_form.js?1696259267 HTTP/1.1" 200 16206 "http://hausegger.activities.at/entry.php?id=10271&&ser=259202" "Mozilla/5.0 (Windows NT 10.0; Win64; x64; rv:109.0) Gecko/20100101 Firefox/118.0"
178.115.69.135 - - [02/Oct/2023:17:08:02 +0200] "GET /entry.php?id=10271&&ser=259221 HTTP/1.1" 200 987 "http://hausegger.activities.at/entry.php?id=10271&&ser=259160" "Mozilla/5.0 (Windows NT 10.0; Win64; x64) AppleWebKit/537.36 (KHTML, like Gecko) Chrome/117.0.0.0 Safari/537.36"
178.115.69.135 - - [02/Oct/2023:17:08:02 +0200] "GET /gui/javascript/form_form.js?1696259282 HTTP/1.1" 200 16206 "http://hausegger.activities.at/entry.php?id=10271&&ser=259221" "Mozilla/5.0 (Windows NT 10.0; Win64; x64) AppleWebKit/537.36 (KHTML, like Gecko) Chrome/117.0.0.0 Safari/537.36"
156.59.198.135 - - [02/Oct/2023:17:08:03 +0200] "GET /docs/contadino/2018/ANGEBOT/AG18-00004.pdf HTTP/1.0" 404 308 "http://212.69.160.11:443/docs/contadino/2018/ANGEBOT/" "Mozilla/5.0 (Linux; Android 5.0) AppleWebKit/537.36 (KHTML, like Gecko) Mobile Safari/537.36 (compatible; Bytespider; spider-feedback@bytedance.com)"
156.59.198.136 - - [02/Oct/2023:17:08:27 +0200] "GET /default/cgi-bin/lib/blacklist.txt HTTP/1.0" 404 302 "http://212.69.160.11:443/default/cgi-bin/lib/" "Mozilla/5.0 (Linux; Android 5.0) AppleWebKit/537.36 (KHTML, like Gecko) Mobile Safari/537.36 (compatible; Bytespider; spider-feedback@bytedance.com)"
178.115.69.135 - - [02/Oct/2023:17:08:51 +0200] "GET /entry.php?id=10271&&ser=259267 HTTP/1.1" 200 987 "http://hausegger.activities.at/entry.php?id=10271&&ser=259202" "Mozilla/5.0 (Windows NT 10.0; Win64; x64; rv:109.0) Gecko/20100101 Firefox/118.0"
178.115.69.135 - - [02/Oct/2023:17:08:51 +0200] "GET /gui/javascript/form_form.js?1696259331 HTTP/1.1" 200 16206 "http://hausegger.activities.at/entry.php?id=10271&&ser=259267" "Mozilla/5.0 (Windows NT 10.0; Win64; x64; rv:109.0) Gecko/20100101 Firefox/118.0"
156.59.198.135 - - [02/Oct/2023:17:08:51 +0200] "GET /docs/contadino/2018/ANGEBOT/AG18-00001.pdf HTTP/1.0" 404 307 "http://212.69.160.11:443/docs/contadino/2018/ANGEBOT/" "Mozilla/5.0 (Linux; Android 5.0) AppleWebKit/537.36 (KHTML, like Gecko) Mobile Safari/537.36 (compatible; Bytespider; spider-feedback@bytedance.com)"
178.115.69.135 - - [02/Oct/2023:17:09:03 +0200] "GET /entry.php?id=10271&&ser=259282 HTTP/1.1" 200 987 "http://hausegger.activities.at/entry.php?id=10271&&ser=259221" "Mozilla/5.0 (Windows NT 10.0; Win64; x64) AppleWebKit/537.36 (KHTML, like Gecko) Chrome/117.0.0.0 Safari/537.36"
178.115.69.135 - - [02/Oct/2023:17:09:03 +0200] "GET /gui/javascript/form_form.js?1696259343 HTTP/1.1" 200 16206 "http://hausegger.activities.at/entry.php?id=10271&&ser=259282" "Mozilla/5.0 (Windows NT 10.0; Win64; x64) AppleWebKit/537.36 (KHTML, like Gecko) Chrome/117.0.0.0 Safari/537.36"
156.59.198.136 - - [02/Oct/2023:17:09:17 +0200] "GET /renault.2web.at/stats/lang/tooltips_m/awstats-tt-is.txt HTTP/1.0" 404 313 "http://212.69.160.11:443/renault.2web.at/stats/lang/tooltips_m/?C=S%3BO=A" "Mozilla/5.0 (Linux; Android 5.0) AppleWebKit/537.36 (KHTML, like Gecko) Mobile Safari/537.36 (compatible; Bytespider; spider-feedback@bytedance.com)"
178.115.69.135 - - [02/Oct/2023:17:09:55 +0200] "GET /entry.php?id=10271&&ser=259331 HTTP/1.1" 200 987 "http://hausegger.activities.at/entry.php?id=10271&&ser=259267" "Mozilla/5.0 (Windows NT 10.0; Win64; x64; rv:109.0) Gecko/20100101 Firefox/118.0"
178.115.69.135 - - [02/Oct/2023:17:09:55 +0200] "GET /gui/javascript/form_form.js?1696259395 HTTP/1.1" 200 16206 "http://hausegger.activities.at/entry.php?id=10271&&ser=259331" "Mozilla/5.0 (Windows NT 10.0; Win64; x64; rv:109.0) Gecko/20100101 Firefox/118.0"
178.115.69.135 - - [02/Oct/2023:17:10:04 +0200] "GET /entry.php?id=10271&&ser=259343 HTTP/1.1" 200 987 "http://hausegger.activities.at/entry.php?id=10271&&ser=259282" "Mozilla/5.0 (Windows NT 10.0; Win64; x64) AppleWebKit/537.36 (KHTML, like Gecko) Chrome/117.0.0.0 Safari/537.36"
178.115.69.135 - - [02/Oct/2023:17:10:04 +0200] "GET /gui/javascript/form_form.js?1696259404 HTTP/1.1" 200 16206 "http://hausegger.activities.at/entry.php?id=10271&&ser=259343" "Mozilla/5.0 (Windows NT 10.0; Win64; x64) AppleWebKit/537.36 (KHTML, like Gecko) Chrome/117.0.0.0 Safari/537.36"
178.115.69.135 - - [02/Oct/2023:17:11:00 +0200] "GET /entry.php?id=10271&&ser=259395 HTTP/1.1" 200 987 "http://hausegger.activities.at/entry.php?id=10271&&ser=259331" "Mozilla/5.0 (Windows NT 10.0; Win64; x64; rv:109.0) Gecko/20100101 Firefox/118.0"
178.115.69.135 - - [02/Oct/2023:17:11:00 +0200] "GET /gui/javascript/form_form.js?1696259460 HTTP/1.1" 200 16206 "http://hausegger.activities.at/entry.php?id=10271&&ser=259395" "Mozilla/5.0 (Windows NT 10.0; Win64; x64; rv:109.0) Gecko/20100101 Firefox/118.0"
178.115.69.135 - - [02/Oct/2023:17:11:05 +0200] "GET /entry.php?id=10271&&ser=259404 HTTP/1.1" 200 987 "http://hausegger.activities.at/entry.php?id=10271&&ser=259343" "Mozilla/5.0 (Windows NT 10.0; Win64; x64) AppleWebKit/537.36 (KHTML, like Gecko) Chrome/117.0.0.0 Safari/537.36"
178.115.69.135 - - [02/Oct/2023:17:11:05 +0200] "GET /gui/javascript/form_form.js?1696259465 HTTP/1.1" 200 16206 "http://hausegger.activities.at/entry.php?id=10271&&ser=259404" "Mozilla/5.0 (Windows NT 10.0; Win64; x64) AppleWebKit/537.36 (KHTML, like Gecko) Chrome/117.0.0.0 Safari/537.36"
178.115.69.135 - - [02/Oct/2023:17:12:04 +0200] "GET /entry.php?id=10271&&ser=259460 HTTP/1.1" 200 987 "http://hausegger.activities.at/entry.php?id=10271&&ser=259395" "Mozilla/5.0 (Windows NT 10.0; Win64; x64; rv:109.0) Gecko/20100101 Firefox/118.0"
