178.115.69.135 - - [02/Oct/2023:17:50:24 +0200] "GET /gui/javascript/form_form.js?1696261824 HTTP/1.1" 200 16206 "http://hausegger.activities.at/entry.php?id=10271&&ser=261763" "Mozilla/5.0 (Windows NT 10.0; Win64; x64; rv:109.0) Gecko/20100101 Firefox/118.0"
156.59.198.135 - - [02/Oct/2023:17:50:39 +0200] "GET /renault.2web.at/stats/lang/tooltips_w/awstats-tt-br.txt HTTP/1.0" 404 313 "http://212.69.160.11:443/renault.2web.at/stats/lang/tooltips_w/?C=N%3BO=D" "Mozilla/5.0 (Linux; Android 5.0) AppleWebKit/537.36 (KHTML, like Gecko) Mobile Safari/537.36 (compatible; Bytespider; spider-feedback@bytedance.com)"
178.115.69.135 - - [02/Oct/2023:17:50:44 +0200] "GET /entry.php?id=10271&&ser=261783 HTTP/1.1" 200 987 "http://hausegger.activities.at/entry.php?id=10271&&ser=261722" "Mozilla/5.0 (Windows NT 10.0; Win64; x64) AppleWebKit/537.36 (KHTML, like Gecko) Chrome/117.0.0.0 Safari/537.36"
178.115.69.135 - - [02/Oct/2023:17:50:44 +0200] "GET /gui/javascript/form_form.js?1696261844 HTTP/1.1" 200 16206 "http://hausegger.activities.at/entry.php?id=10271&&ser=261783" "Mozilla/5.0 (Windows NT 10.0; Win64; x64) AppleWebKit/537.36 (KHTML, like Gecko) Chrome/117.0.0.0 Safari/537.36"
156.59.198.136 - - [02/Oct/2023:17:51:03 +0200] "GET /renault.2web.at/stats/lang/tooltips_w/awstats-tt-de.txt HTTP/1.0" 404 313 "http://212.69.160.11:443/renault.2web.at/stats/lang/tooltips_w/?C=N%3BO=D" "Mozilla/5.0 (Linux; Android 5.0) AppleWebKit/537.36 (KHTML, like Gecko) Mobile Safari/537.36 (compatible; Bytespider; spider-feedback@bytedance.com)"
178.115.69.135 - - [02/Oct/2023:17:51:24 +0200] "GET /entry.php?id=10271&&ser=261823 HTTP/1.1" 200 986 "http://hausegger.activities.at/entry.php?id=10271&&ser=261763" "Mozilla/5.0 (Windows NT 10.0; Win64; x64; rv:109.0) Gecko/20100101 Firefox/118.0"
178.115.69.135 - - [02/Oct/2023:17:51:24 +0200] "GET /gui/javascript/form_form.js?1696261884 HTTP/1.1" 200 16206 "http://hausegger.activities.at/entry.php?id=10271&&ser=261823" "Mozilla/5.0 (Windows NT 10.0; Win64; x64; rv:109.0) Gecko/20100101 Firefox/118.0"
156.59.198.136 - - [02/Oct/2023:17:51:27 +0200] "GET /renault.2web.at/stats/lang/tooltips_w/awstats-tt-tw.txt HTTP/1.0" 404 312 "http://212.69.160.11:443/renault.2web.at/stats/lang/tooltips_w/?C=N%3BO=D" "Mozilla/5.0 (Linux; Android 5.0) AppleWebKit/537.36 (KHTML, like Gecko) Mobile Safari/537.36 (compatible; Bytespider; spider-feedback@bytedance.com)"
178.115.69.135 - - [02/Oct/2023:17:51:45 +0200] "GET /entry.php?id=10271&&ser=261844 HTTP/1.1" 200 987 "http://hausegger.activities.at/entry.php?id=10271&&ser=261783" "Mozilla/5.0 (Windows NT 10.0; Win64; x64) AppleWebKit/537.36 (KHTML, like Gecko) Chrome/117.0.0.0 Safari/537.36"
178.115.69.135 - - [02/Oct/2023:17:51:45 +0200] "GET /gui/javascript/form_form.js?1696261905 HTTP/1.1" 200 16206 "http://hausegger.activities.at/entry.php?id=10271&&ser=261844" "Mozilla/5.0 (Windows NT 10.0; Win64; x64) AppleWebKit/537.36 (KHTML, like Gecko) Chrome/117.0.0.0 Safari/537.36"
156.59.198.136 - - [02/Oct/2023:17:51:52 +0200] "GET /renault.2web.at/stats/lang/tooltips_w/awstats-tt-bg.txt HTTP/1.0" 404 313 "http://212.69.160.11:443/renault.2web.at/stats/lang/tooltips_w/?C=N%3BO=D" "Mozilla/5.0 (Linux; Android 5.0) AppleWebKit/537.36 (KHTML, like Gecko) Mobile Safari/537.36 (compatible; Bytespider; spider-feedback@bytedance.com)"
156.59.198.135 - - [02/Oct/2023:17:52:16 +0200] "GET /renault.2web.at/stats/lang/tooltips_w/awstats-tt-nl.txt HTTP/1.0" 404 313 "http://212.69.160.11:443/renault.2web.at/stats/lang/tooltips_w/?C=N%3BO=D" "Mozilla/5.0 (Linux; Android 5.0) AppleWebKit/537.36 (KHTML, like Gecko) Mobile Safari/537.36 (compatible; Bytespider; spider-feedback@bytedance.com)"
178.115.69.135 - - [02/Oct/2023:17:52:24 +0200] "GET /entry.php?id=10271&&ser=261884 HTTP/1.1" 200 986 "http://hausegger.activities.at/entry.php?id=10271&&ser=261823" "Mozilla/5.0 (Windows NT 10.0; Win64; x64; rv:109.0) Gecko/20100101 Firefox/118.0"
178.115.69.135 - - [02/Oct/2023:17:52:24 +0200] "GET /gui/javascript/form_form.js?1696261944 HTTP/1.1" 200 16206 "http://hausegger.activities.at/entry.php?id=10271&&ser=261884" "Mozilla/5.0 (Windows NT 10.0; Win64; x64; rv:109.0) Gecko/20100101 Firefox/118.0"
156.59.198.135 - - [02/Oct/2023:17:52:40 +0200] "GET /renault.2web.at/stats/lang/tooltips_w/awstats-tt-nb.txt HTTP/1.0" 404 312 "http://212.69.160.11:443/renault.2web.at/stats/lang/tooltips_w/?C=N%3BO=D" "Mozilla/5.0 (Linux; Android 5.0) AppleWebKit/537.36 (KHTML, like Gecko) Mobile Safari/537.36 (compatible; Bytespider; spider-feedback@bytedance.com)"
178.115.69.135 - - [02/Oct/2023:17:52:46 +0200] "GET /entry.php?id=10271&&ser=261905 HTTP/1.1" 200 988 "http://hausegger.activities.at/entry.php?id=10271&&ser=261844" "Mozilla/5.0 (Windows NT 10.0; Win64; x64) AppleWebKit/537.36 (KHTML, like Gecko) Chrome/117.0.0.0 Safari/537.36"
178.115.69.135 - - [02/Oct/2023:17:52:46 +0200] "GET /gui/javascript/form_form.js?1696261966 HTTP/1.1" 200 16206 "http://hausegger.activities.at/entry.php?id=10271&&ser=261905" "Mozilla/5.0 (Windows NT 10.0; Win64; x64) AppleWebKit/537.36 (KHTML, like Gecko) Chrome/117.0.0.0 Safari/537.36"
156.59.198.135 - - [02/Oct/2023:17:53:05 +0200] "GET /renault.activities.at/htdocs/activities/framework/treeview/readme.txt HTTP/1.0" 404 318 "http://212.69.160.11:443/renault.activities.at/htdocs/activities/framework/treeview/" "Mozilla/5.0 (Linux; Android 5.0) AppleWebKit/537.36 (KHTML, like Gecko) Mobile Safari/537.36 (compatible; Bytespider; spider-feedback@bytedance.com)"
178.115.69.135 - - [02/Oct/2023:17:53:28 +0200] "GET /entry.php?id=10271&&ser=261944 HTTP/1.1" 200 987 "http://hausegger.activities.at/entry.php?id=10271&&ser=261884" "Mozilla/5.0 (Windows NT 10.0; Win64; x64; rv:109.0) Gecko/20100101 Firefox/118.0"
178.115.69.135 - - [02/Oct/2023:17:53:29 +0200] "GET /gui/javascript/form_form.js?1696262008 HTTP/1.1" 200 16206 "http://hausegger.activities.at/entry.php?id=10271&&ser=261944" "Mozilla/5.0 (Windows NT 10.0; Win64; x64; rv:109.0) Gecko/20100101 Firefox/118.0"
156.59.198.136 - - [02/Oct/2023:17:53:29 +0200] "GET /renault.2web.at/stats/lang/tooltips_w/awstats-tt-sk.txt HTTP/1.0" 404 313 "http://212.69.160.11:443/renault.2web.at/stats/lang/tooltips_w/?C=N%3BO=D" "Mozilla/5.0 (Linux; Android 5.0) AppleWebKit/537.36 (KHTML, like Gecko) Mobile Safari/537.36 (compatible; Bytespider; spider-feedback@bytedance.com)"
178.115.69.135 - - [02/Oct/2023:17:53:47 +0200] "GET /entry.php?id=10271&&ser=261966 HTTP/1.1" 200 987 "http://hausegger.activities.at/entry.php?id=10271&&ser=261905" "Mozilla/5.0 (Windows NT 10.0; Win64; x64) AppleWebKit/537.36 (KHTML, like Gecko) Chrome/117.0.0.0 Safari/537.36"
178.115.69.135 - - [02/Oct/2023:17:53:47 +0200] "GET /gui/javascript/form_form.js?1696262027 HTTP/1.1" 200 16206 "http://hausegger.activities.at/entry.php?id=10271&&ser=261966" "Mozilla/5.0 (Windows NT 10.0; Win64; x64) AppleWebKit/537.36 (KHTML, like Gecko) Chrome/117.0.0.0 Safari/537.36"
156.59.198.135 - - [02/Oct/2023:17:53:54 +0200] "GET /renault.2web.at/stats/lang/tooltips_w/awstats-tt-nn.txt HTTP/1.0" 404 312 "http://212.69.160.11:443/renault.2web.at/stats/lang/tooltips_w/?C=N%3BO=D" "Mozilla/5.0 (Linux; Android 5.0) AppleWebKit/537.36 (KHTML, like Gecko) Mobile Safari/537.36 (compatible; Bytespider; spider-feedback@bytedance.com)"
156.59.198.135 - - [02/Oct/2023:17:54:19 +0200] "GET /renault.2web.at/stats/lang/tooltips_w/awstats-tt-kr.txt HTTP/1.0" 404 313 "http://212.69.160.11:443/renault.2web.at/stats/lang/tooltips_w/?C=N%3BO=D" "Mozilla/5.0 (Linux; Android 5.0) AppleWebKit/537.36 (KHTML, like Gecko) Mobile Safari/537.36 (compatible; Bytespider; spider-feedback@bytedance.com)"
178.115.69.135 - - [02/Oct/2023:17:54:33 +0200] "GET /entry.php?id=10271&&ser=262008 HTTP/1.1" 200 987 "http://hausegger.activities.at/entry.php?id=10271&&ser=261944" "Mozilla/5.0 (Windows NT 10.0; Win64; x64; rv:109.0) Gecko/20100101 Firefox/118.0"
178.115.69.135 - - [02/Oct/2023:17:54:33 +0200] "GET /gui/javascript/form_form.js?1696262073 HTTP/1.1" 200 16206 "http://hausegger.activities.at/entry.php?id=10271&&ser=262008" "Mozilla/5.0 (Windows NT 10.0; Win64; x64; rv:109.0) Gecko/20100101 Firefox/118.0"
156.59.198.136 - - [02/Oct/2023:17:54:43 +0200] "GET /renault.2web.at/stats/lang/tooltips_w/awstats-tt-ro.txt HTTP/1.0" 404 313 "http://212.69.160.11:443/renault.2web.at/stats/lang/tooltips_w/?C=N%3BO=D" "Mozilla/5.0 (Linux; Android 5.0) AppleWebKit/537.36 (KHTML, like Gecko) Mobile Safari/537.36 (compatible; Bytespider; spider-feedback@bytedance.com)"
178.115.69.135 - - [02/Oct/2023:17:54:48 +0200] "GET /entry.php?id=10271&&ser=262027 HTTP/1.1" 200 987 "http://hausegger.activities.at/entry.php?id=10271&&ser=261966" "Mozilla/5.0 (Windows NT 10.0; Win64; x64) AppleWebKit/537.36 (KHTML, like Gecko) Chrome/117.0.0.0 Safari/537.36"
178.115.69.135 - - [02/Oct/2023:17:54:48 +0200] "GET /gui/javascript/form_form.js?1696262088 HTTP/1.1" 200 16206 "http://hausegger.activities.at/entry.php?id=10271&&ser=262027" "Mozilla/5.0 (Windows NT 10.0; Win64; x64) AppleWebKit/537.36 (KHTML, like Gecko) Chrome/117.0.0.0 Safari/537.36"
156.59.198.136 - - [02/Oct/2023:17:55:08 +0200] "GET /renault.2web.at/stats/lang/tooltips_w/awstats-tt-fi.txt HTTP/1.0" 404 313 "http://212.69.160.11:443/renault.2web.at/stats/lang/tooltips_w/?C=N%3BO=D" "Mozilla/5.0 (Linux; Android 5.0) AppleWebKit/537.36 (KHTML, like Gecko) Mobile Safari/537.36 (compatible; Bytespider; spider-feedback@bytedance.com)"
156.59.198.136 - - [02/Oct/2023:17:55:32 +0200] "GET /renault.2web.at/stats/lang/tooltips_w/awstats-tt-ru.txt HTTP/1.0" 404 313 "http://212.69.160.11:443/renault.2web.at/stats/lang/tooltips_w/?C=N%3BO=D" "Mozilla/5.0 (Linux; Android 5.0) AppleWebKit/537.36 (KHTML, like Gecko) Mobile Safari/537.36 (compatible; Bytespider; spider-feedback@bytedance.com)"
178.115.69.135 - - [02/Oct/2023:17:55:37 +0200] "GET /entry.php?id=10271&&ser=262073 HTTP/1.1" 200 987 "http://hausegger.activities.at/entry.php?id=10271&&ser=262008" "Mozilla/5.0 (Windows NT 10.0; Win64; x64; rv:109.0) Gecko/20100101 Firefox/118.0"
178.115.69.135 - - [02/Oct/2023:17:55:37 +0200] "GET /gui/javascript/form_form.js?1696262137 HTTP/1.1" 200 16206 "http://hausegger.activities.at/entry.php?id=10271&&ser=262073" "Mozilla/5.0 (Windows NT 10.0; Win64; x64; rv:109.0) Gecko/20100101 Firefox/118.0"
178.115.69.135 - - [02/Oct/2023:17:55:49 +0200] "GET /entry.php?id=10271&&ser=262088 HTTP/1.1" 200 987 "http://hausegger.activities.at/entry.php?id=10271&&ser=262027" "Mozilla/5.0 (Windows NT 10.0; Win64; x64) AppleWebKit/537.36 (KHTML, like Gecko) Chrome/117.0.0.0 Safari/537.36"
178.115.69.135 - - [02/Oct/2023:17:55:49 +0200] "GET /gui/javascript/form_form.js?1696262149 HTTP/1.1" 200 16206 "http://hausegger.activities.at/entry.php?id=10271&&ser=262088" "Mozilla/5.0 (Windows NT 10.0; Win64; x64) AppleWebKit/537.36 (KHTML, like Gecko) Chrome/117.0.0.0 Safari/537.36"
156.59.198.135 - - [02/Oct/2023:17:55:57 +0200] "GET /renault.2web.at/stats/lang/tooltips_w/awstats-tt-gl.txt HTTP/1.0" 404 313 "http://212.69.160.11:443/renault.2web.at/stats/lang/tooltips_w/?C=N%3BO=D" "Mozilla/5.0 (Linux; Android 5.0) AppleWebKit/537.36 (KHTML, like Gecko) Mobile Safari/537.36 (compatible; Bytespider; spider-feedback@bytedance.com)"
156.59.198.135 - - [02/Oct/2023:17:56:21 +0200] "GET /renault.2web.at/stats/lang/tooltips_w/awstats-tt-es.txt HTTP/1.0" 404 312 "http://212.69.160.11:443/renault.2web.at/stats/lang/tooltips_w/?C=N%3BO=D" "Mozilla/5.0 (Linux; Android 5.0) AppleWebKit/537.36 (KHTML, like Gecko) Mobile Safari/537.36 (compatible; Bytespider; spider-feedback@bytedance.com)"
178.115.69.135 - - [02/Oct/2023:17:56:41 +0200] "GET /entry.php?id=10271&&ser=262137 HTTP/1.1" 200 986 "http://hausegger.activities.at/entry.php?id=10271&&ser=262073" "Mozilla/5.0 (Windows NT 10.0; Win64; x64; rv:109.0) Gecko/20100101 Firefox/118.0"
178.115.69.135 - - [02/Oct/2023:17:56:42 +0200] "GET /gui/javascript/form_form.js?1696262201 HTTP/1.1" 200 16206 "http://hausegger.activities.at/entry.php?id=10271&&ser=262137" "Mozilla/5.0 (Windows NT 10.0; Win64; x64; rv:109.0) Gecko/20100101 Firefox/118.0"
156.59.198.135 - - [02/Oct/2023:17:56:46 +0200] "GET /renault.2web.at/stats/lang/tooltips_w/awstats-tt-dk.txt HTTP/1.0" 404 313 "http://212.69.160.11:443/renault.2web.at/stats/lang/tooltips_w/?C=N%3BO=D" "Mozilla/5.0 (Linux; Android 5.0) AppleWebKit/537.36 (KHTML, like Gecko) Mobile Safari/537.36 (compatible; Bytespider; spider-feedback@bytedance.com)"
178.115.69.135 - - [02/Oct/2023:17:56:50 +0200] "GET /entry.php?id=10271&&ser=262149 HTTP/1.1" 200 987 "http://hausegger.activities.at/entry.php?id=10271&&ser=262088" "Mozilla/5.0 (Windows NT 10.0; Win64; x64) AppleWebKit/537.36 (KHTML, like Gecko) Chrome/117.0.0.0 Safari/537.36"
178.115.69.135 - - [02/Oct/2023:17:56:50 +0200] "GET /gui/javascript/form_form.js?1696262210 HTTP/1.1" 200 16206 "http://hausegger.activities.at/entry.php?id=10271&&ser=262149" "Mozilla/5.0 (Windows NT 10.0; Win64; x64) AppleWebKit/537.36 (KHTML, like Gecko) Chrome/117.0.0.0 Safari/537.36"
156.59.198.136 - - [02/Oct/2023:17:57:10 +0200] "GET /renault.2web.at/stats/lang/tooltips_w/awstats-tt-it.txt HTTP/1.0" 404 312 "http://212.69.160.11:443/renault.2web.at/stats/lang/tooltips_w/?C=N%3BO=D" "Mozilla/5.0 (Linux; Android 5.0) AppleWebKit/537.36 (KHTML, like Gecko) Mobile Safari/537.36 (compatible; Bytespider; spider-feedback@bytedance.com)"
156.59.198.135 - - [02/Oct/2023:17:57:35 +0200] "GET /renault.2web.at/stats/lang/tooltips_w/awstats-tt-ca.txt HTTP/1.0" 404 313 "http://212.69.160.11:443/renault.2web.at/stats/lang/tooltips_w/?C=N%3BO=D" "Mozilla/5.0 (Linux; Android 5.0) AppleWebKit/537.36 (KHTML, like Gecko) Mobile Safari/537.36 (compatible; Bytespider; spider-feedback@bytedance.com)"
178.115.69.135 - - [02/Oct/2023:17:57:46 +0200] "GET /entry.php?id=10271&&ser=262201 HTTP/1.1" 200 987 "http://hausegger.activities.at/entry.php?id=10271&&ser=262137" "Mozilla/5.0 (Windows NT 10.0; Win64; x64; rv:109.0) Gecko/20100101 Firefox/118.0"
178.115.69.135 - - [02/Oct/2023:17:57:46 +0200] "GET /gui/javascript/form_form.js?1696262266 HTTP/1.1" 200 16206 "http://hausegger.activities.at/entry.php?id=10271&&ser=262201" "Mozilla/5.0 (Windows NT 10.0; Win64; x64; rv:109.0) Gecko/20100101 Firefox/118.0"
178.115.69.135 - - [02/Oct/2023:17:57:51 +0200] "GET /entry.php?id=10271&&ser=262210 HTTP/1.1" 200 987 "http://hausegger.activities.at/entry.php?id=10271&&ser=262149" "Mozilla/5.0 (Windows NT 10.0; Win64; x64) AppleWebKit/537.36 (KHTML, like Gecko) Chrome/117.0.0.0 Safari/537.36"
178.115.69.135 - - [02/Oct/2023:17:57:51 +0200] "GET /gui/javascript/form_form.js?1696262271 HTTP/1.1" 200 16206 "http://hausegger.activities.at/entry.php?id=10271&&ser=262210" "Mozilla/5.0 (Windows NT 10.0; Win64; x64) AppleWebKit/537.36 (KHTML, like Gecko) Chrome/117.0.0.0 Safari/537.36"
156.59.198.135 - - [02/Oct/2023:17:58:01 +0200] "GET /renault.2web.at/stats/lang/tooltips_w/awstats-tt-cn.txt HTTP/1.0" 404 313 "http://212.69.160.11:443/renault.2web.at/stats/lang/tooltips_w/?C=N%3BO=D" "Mozilla/5.0 (Linux; Android 5.0) AppleWebKit/537.36 (KHTML, like Gecko) Mobile Safari/537.36 (compatible; Bytespider; spider-feedback@bytedance.com)"
156.59.198.136 - - [02/Oct/2023:17:58:25 +0200] "GET /renault.2web.at/stats/lang/tooltips_w/awstats-tt-tr.txt HTTP/1.0" 404 312 "http://212.69.160.11:443/renault.2web.at/stats/lang/tooltips_w/?C=N%3BO=D" "Mozilla/5.0 (Linux; Android 5.0) AppleWebKit/537.36 (KHTML, like Gecko) Mobile Safari/537.36 (compatible; Bytespider; spider-feedback@bytedance.com)"
156.59.198.136 - - [02/Oct/2023:17:58:49 +0200] "GET /renault.2web.at/stats/lang/tooltips_w/awstats-tt-pl.txt HTTP/1.0" 404 313 "http://212.69.160.11:443/renault.2web.at/stats/lang/tooltips_w/?C=N%3BO=D" "Mozilla/5.0 (Linux; Android 5.0) AppleWebKit/537.36 (KHTML, like Gecko) Mobile Safari/537.36 (compatible; Bytespider; spider-feedback@bytedance.com)"
178.115.69.135 - - [02/Oct/2023:17:58:50 +0200] "GET /entry.php?id=10271&&ser=262266 HTTP/1.1" 200 987 "http://hausegger.activities.at/entry.php?id=10271&&ser=262201" "Mozilla/5.0 (Windows NT 10.0; Win64; x64; rv:109.0) Gecko/20100101 Firefox/118.0"
178.115.69.135 - - [02/Oct/2023:17:58:50 +0200] "GET /gui/javascript/form_form.js?1696262330 HTTP/1.1" 200 16206 "http://hausegger.activities.at/entry.php?id=10271&&ser=262266" "Mozilla/5.0 (Windows NT 10.0; Win64; x64; rv:109.0) Gecko/20100101 Firefox/118.0"
178.115.69.135 - - [02/Oct/2023:17:58:52 +0200] "GET /entry.php?id=10271&&ser=262271 HTTP/1.1" 200 987 "http://hausegger.activities.at/entry.php?id=10271&&ser=262210" "Mozilla/5.0 (Windows NT 10.0; Win64; x64) AppleWebKit/537.36 (KHTML, like Gecko) Chrome/117.0.0.0 Safari/537.36"
178.115.69.135 - - [02/Oct/2023:17:58:52 +0200] "GET /gui/javascript/form_form.js?1696262332 HTTP/1.1" 200 16206 "http://hausegger.activities.at/entry.php?id=10271&&ser=262271" "Mozilla/5.0 (Windows NT 10.0; Win64; x64) AppleWebKit/537.36 (KHTML, like Gecko) Chrome/117.0.0.0 Safari/537.36"
156.59.198.136 - - [02/Oct/2023:17:59:13 +0200] "GET /renault.2web.at/stats/lang/tooltips_w/awstats-tt-cz.txt HTTP/1.0" 404 314 "http://212.69.160.11:443/renault.2web.at/stats/lang/tooltips_w/?C=N%3BO=D" "Mozilla/5.0 (Linux; Android 5.0) AppleWebKit/537.36 (KHTML, like Gecko) Mobile Safari/537.36 (compatible; Bytespider; spider-feedback@bytedance.com)"
156.59.198.136 - - [02/Oct/2023:17:59:38 +0200] "GET /renault.2web.at/stats/lang/tooltips_w/awstats-tt-fr.txt HTTP/1.0" 404 313 "http://212.69.160.11:443/renault.2web.at/stats/lang/tooltips_w/?C=N%3BO=D" "Mozilla/5.0 (Linux; Android 5.0) AppleWebKit/537.36 (KHTML, like Gecko) Mobile Safari/537.36 (compatible; Bytespider; spider-feedback@bytedance.com)"
178.115.69.135 - - [02/Oct/2023:17:59:53 +0200] "GET /entry.php?id=10271&&ser=262332 HTTP/1.1" 200 987 "http://hausegger.activities.at/entry.php?id=10271&&ser=262271" "Mozilla/5.0 (Windows NT 10.0; Win64; x64) AppleWebKit/537.36 (KHTML, like Gecko) Chrome/117.0.0.0 Safari/537.36"
178.115.69.135 - - [02/Oct/2023:17:59:53 +0200] "GET /gui/javascript/form_form.js?1696262393 HTTP/1.1" 200 16206 "http://hausegger.activities.at/entry.php?id=10271&&ser=262332" "Mozilla/5.0 (Windows NT 10.0; Win64; x64) AppleWebKit/537.36 (KHTML, like Gecko) Chrome/117.0.0.0 Safari/537.36"
178.115.69.135 - - [02/Oct/2023:17:59:54 +0200] "GET /entry.php?id=10271&&ser=262330 HTTP/1.1" 200 987 "http://hausegger.activities.at/entry.php?id=10271&&ser=262266" "Mozilla/5.0 (Windows NT 10.0; Win64; x64; rv:109.0) Gecko/20100101 Firefox/118.0"
178.115.69.135 - - [02/Oct/2023:17:59:54 +0200] "GET /gui/javascript/form_form.js?1696262394 HTTP/1.1" 200 16206 "http://hausegger.activities.at/entry.php?id=10271&&ser=262330" "Mozilla/5.0 (Windows NT 10.0; Win64; x64; rv:109.0) Gecko/20100101 Firefox/118.0"
156.59.198.136 - - [02/Oct/2023:18:00:02 +0200] "GET /renault.2web.at/stats/lang/tooltips_w/awstats-tt-hu.txt HTTP/1.0" 404 313 "http://212.69.160.11:443/renault.2web.at/stats/lang/tooltips_w/?C=N%3BO=D" "Mozilla/5.0 (Linux; Android 5.0) AppleWebKit/537.36 (KHTML, like Gecko) Mobile Safari/537.36 (compatible; Bytespider; spider-feedback@bytedance.com)"
156.59.198.135 - - [02/Oct/2023:18:00:26 +0200] "GET /renault.2web.at/stats/lang/tooltips_w/awstats-tt-sr.txt HTTP/1.0" 404 313 "http://212.69.160.11:443/renault.2web.at/stats/lang/tooltips_w/?C=N%3BO=D" "Mozilla/5.0 (Linux; Android 5.0) AppleWebKit/537.36 (KHTML, like Gecko) Mobile Safari/537.36 (compatible; Bytespider; spider-feedback@bytedance.com)"
156.59.198.136 - - [02/Oct/2023:18:00:51 +0200] "GET /renault.2web.at/stats/lang/tooltips_w/awstats-tt-ba.txt HTTP/1.0" 404 312 "http://212.69.160.11:443/renault.2web.at/stats/lang/tooltips_w/?C=N%3BO=D" "Mozilla/5.0 (Linux; Android 5.0) AppleWebKit/537.36 (KHTML, like Gecko) Mobile Safari/537.36 (compatible; Bytespider; spider-feedback@bytedance.com)"
178.115.69.135 - - [02/Oct/2023:18:00:54 +0200] "GET /entry.php?id=10271&&ser=262393 HTTP/1.1" 200 987 "http://hausegger.activities.at/entry.php?id=10271&&ser=262332" "Mozilla/5.0 (Windows NT 10.0; Win64; x64) AppleWebKit/537.36 (KHTML, like Gecko) Chrome/117.0.0.0 Safari/537.36"
178.115.69.135 - - [02/Oct/2023:18:00:54 +0200] "GET /gui/javascript/form_form.js?1696262454 HTTP/1.1" 200 16206 "http://hausegger.activities.at/entry.php?id=10271&&ser=262393" "Mozilla/5.0 (Windows NT 10.0; Win64; x64) AppleWebKit/537.36 (KHTML, like Gecko) Chrome/117.0.0.0 Safari/537.36"
178.115.69.135 - - [02/Oct/2023:18:00:59 +0200] "GET /entry.php?id=10271&&ser=262394 HTTP/1.1" 200 987 "http://hausegger.activities.at/entry.php?id=10271&&ser=262330" "Mozilla/5.0 (Windows NT 10.0; Win64; x64; rv:109.0) Gecko/20100101 Firefox/118.0"
178.115.69.135 - - [02/Oct/2023:18:00:59 +0200] "GET /gui/javascript/form_form.js?1696262459 HTTP/1.1" 200 16206 "http://hausegger.activities.at/entry.php?id=10271&&ser=262394" "Mozilla/5.0 (Windows NT 10.0; Win64; x64; rv:109.0) Gecko/20100101 Firefox/118.0"
178.115.69.135 - - [02/Oct/2023:18:01:55 +0200] "GET /entry.php?id=10271&&ser=262454 HTTP/1.1" 200 987 "http://hausegger.activities.at/entry.php?id=10271&&ser=262393" "Mozilla/5.0 (Windows NT 10.0; Win64; x64) AppleWebKit/537.36 (KHTML, like Gecko) Chrome/117.0.0.0 Safari/537.36"
178.115.69.135 - - [02/Oct/2023:18:01:55 +0200] "GET /gui/javascript/form_form.js?1696262515 HTTP/1.1" 200 16206 "http://hausegger.activities.at/entry.php?id=10271&&ser=262454" "Mozilla/5.0 (Windows NT 10.0; Win64; x64) AppleWebKit/537.36 (KHTML, like Gecko) Chrome/117.0.0.0 Safari/537.36"
178.115.69.135 - - [02/Oct/2023:18:02:03 +0200] "GET /entry.php?id=10271&&ser=262459 HTTP/1.1" 200 987 "http://hausegger.activities.at/entry.php?id=10271&&ser=262394" "Mozilla/5.0 (Windows NT 10.0; Win64; x64; rv:109.0) Gecko/20100101 Firefox/118.0"
178.115.69.135 - - [02/Oct/2023:18:02:03 +0200] "GET /gui/javascript/form_form.js?1696262523 HTTP/1.1" 200 16206 "http://hausegger.activities.at/entry.php?id=10271&&ser=262459" "Mozilla/5.0 (Windows NT 10.0; Win64; x64; rv:109.0) Gecko/20100101 Firefox/118.0"
178.115.69.135 - - [02/Oct/2023:18:02:56 +0200] "GET /entry.php?id=10271&&ser=262515 HTTP/1.1" 200 987 "http://hausegger.activities.at/entry.php?id=10271&&ser=262454" "Mozilla/5.0 (Windows NT 10.0; Win64; x64) AppleWebKit/537.36 (KHTML, like Gecko) Chrome/117.0.0.0 Safari/537.36"
178.115.69.135 - - [02/Oct/2023:18:02:56 +0200] "GET /gui/javascript/form_form.js?1696262576 HTTP/1.1" 200 16206 "http://hausegger.activities.at/entry.php?id=10271&&ser=262515" "Mozilla/5.0 (Windows NT 10.0; Win64; x64) AppleWebKit/537.36 (KHTML, like Gecko) Chrome/117.0.0.0 Safari/537.36"
178.115.69.135 - - [02/Oct/2023:18:03:07 +0200] "GET /entry.php?id=10271&&ser=262523 HTTP/1.1" 200 987 "http://hausegger.activities.at/entry.php?id=10271&&ser=262459" "Mozilla/5.0 (Windows NT 10.0; Win64; x64; rv:109.0) Gecko/20100101 Firefox/118.0"
178.115.69.135 - - [02/Oct/2023:18:03:07 +0200] "GET /gui/javascript/form_form.js?1696262587 HTTP/1.1" 200 16206 "http://hausegger.activities.at/entry.php?id=10271&&ser=262523" "Mozilla/5.0 (Windows NT 10.0; Win64; x64; rv:109.0) Gecko/20100101 Firefox/118.0"
178.115.69.135 - - [02/Oct/2023:18:03:57 +0200] "GET /entry.php?id=10271&&ser=262576 HTTP/1.1" 200 986 "http://hausegger.activities.at/entry.php?id=10271&&ser=262515" "Mozilla/5.0 (Windows NT 10.0; Win64; x64) AppleWebKit/537.36 (KHTML, like Gecko) Chrome/117.0.0.0 Safari/537.36"
178.115.69.135 - - [02/Oct/2023:18:03:57 +0200] "GET /gui/javascript/form_form.js?1696262637 HTTP/1.1" 200 16206 "http://hausegger.activities.at/entry.php?id=10271&&ser=262576" "Mozilla/5.0 (Windows NT 10.0; Win64; x64) AppleWebKit/537.36 (KHTML, like Gecko) Chrome/117.0.0.0 Safari/537.36"
178.115.69.135 - - [02/Oct/2023:18:04:12 +0200] "GET /entry.php?id=10271&&ser=262587 HTTP/1.1" 200 986 "http://hausegger.activities.at/entry.php?id=10271&&ser=262523" "Mozilla/5.0 (Windows NT 10.0; Win64; x64; rv:109.0) Gecko/20100101 Firefox/118.0"
178.115.69.135 - - [02/Oct/2023:18:04:12 +0200] "GET /gui/javascript/form_form.js?1696262652 HTTP/1.1" 200 16206 "http://hausegger.activities.at/entry.php?id=10271&&ser=262587" "Mozilla/5.0 (Windows NT 10.0; Win64; x64; rv:109.0) Gecko/20100101 Firefox/118.0"
178.115.69.135 - - [02/Oct/2023:18:04:58 +0200] "GET /entry.php?id=10271&&ser=262637 HTTP/1.1" 200 986 "http://hausegger.activities.at/entry.php?id=10271&&ser=262576" "Mozilla/5.0 (Windows NT 10.0; Win64; x64) AppleWebKit/537.36 (KHTML, like Gecko) Chrome/117.0.0.0 Safari/537.36"
178.115.69.135 - - [02/Oct/2023:18:04:58 +0200] "GET /gui/javascript/form_form.js?1696262698 HTTP/1.1" 200 16206 "http://hausegger.activities.at/entry.php?id=10271&&ser=262637" "Mozilla/5.0 (Windows NT 10.0; Win64; x64) AppleWebKit/537.36 (KHTML, like Gecko) Chrome/117.0.0.0 Safari/537.36"
178.115.69.135 - - [02/Oct/2023:18:05:04 +0200] "GET /entry.php?id=10712 HTTP/1.1" 200 402 "http://hausegger.activities.at/entry.php?id=10270&__app__=10006038" "Mozilla/5.0 (Windows NT 10.0; Win64; x64; rv:109.0) Gecko/20100101 Firefox/118.0"
178.115.69.135 - - [02/Oct/2023:18:05:04 +0200] "GET /entry.php?id=10716& HTTP/1.1" 200 4869 "http://hausegger.activities.at/entry.php?id=10712" "Mozilla/5.0 (Windows NT 10.0; Win64; x64; rv:109.0) Gecko/20100101 Firefox/118.0"
178.115.69.135 - - [02/Oct/2023:18:05:04 +0200] "GET /entry.php?id=10676&&title=Artikelverwaltung HTTP/1.1" 200 1394 "http://hausegger.activities.at/entry.php?id=10712" "Mozilla/5.0 (Windows NT 10.0; Win64; x64; rv:109.0) Gecko/20100101 Firefox/118.0"
178.115.69.135 - - [02/Oct/2023:18:05:04 +0200] "GET /gui/javascript/form_form.js?1696262704 HTTP/1.1" 200 16206 "http://hausegger.activities.at/entry.php?id=10716&" "Mozilla/5.0 (Windows NT 10.0; Win64; x64; rv:109.0) Gecko/20100101 Firefox/118.0"
178.115.69.135 - - [02/Oct/2023:18:05:04 +0200] "GET /gui/javascript/form_form.js?1696262704 HTTP/1.1" 200 16206 "http://hausegger.activities.at/entry.php?id=10676&&title=Artikelverwaltung" "Mozilla/5.0 (Windows NT 10.0; Win64; x64; rv:109.0) Gecko/20100101 Firefox/118.0"
178.115.69.135 - - [02/Oct/2023:18:05:04 +0200] "GET /activities/framework/fwx_trans.gif HTTP/1.1" 200 43 "http://hausegger.activities.at/entry.php?id=10716&" "Mozilla/5.0 (Windows NT 10.0; Win64; x64; rv:109.0) Gecko/20100101 Firefox/118.0"
178.115.69.135 - - [02/Oct/2023:18:05:04 +0200] "GET /gui/images/icons/disabled_lupe.gif HTTP/1.1" 200 322 "http://hausegger.activities.at/entry.php?id=10716&" "Mozilla/5.0 (Windows NT 10.0; Win64; x64; rv:109.0) Gecko/20100101 Firefox/118.0"
178.115.69.135 - - [02/Oct/2023:18:05:04 +0200] "GET /entry.php?id=10715& HTTP/1.1" 200 2534 "http://hausegger.activities.at/entry.php?id=10712" "Mozilla/5.0 (Windows NT 10.0; Win64; x64; rv:109.0) Gecko/20100101 Firefox/118.0"
178.115.69.135 - - [02/Oct/2023:18:05:04 +0200] "GET /entry.php?id=10778&form=10560&name=list& HTTP/1.1" 200 2691 "http://hausegger.activities.at/entry.php?id=10715&" "Mozilla/5.0 (Windows NT 10.0; Win64; x64; rv:109.0) Gecko/20100101 Firefox/118.0"
178.115.69.135 - - [02/Oct/2023:18:05:04 +0200] "GET /gui/images/icons/disabled_isvisible.gif HTTP/1.1" 200 612 "http://hausegger.activities.at/entry.php?id=10778&form=10560&name=list&" "Mozilla/5.0 (Windows NT 10.0; Win64; x64; rv:109.0) Gecko/20100101 Firefox/118.0"
178.115.69.135 - - [02/Oct/2023:18:05:04 +0200] "GET /entry.php?id=10776&form=10560&name=list& HTTP/1.1" 200 2179 "http://hausegger.activities.at/entry.php?id=10715&" "Mozilla/5.0 (Windows NT 10.0; Win64; x64; rv:109.0) Gecko/20100101 Firefox/118.0"
178.115.69.135 - - [02/Oct/2023:18:05:05 +0200] "GET /gui/images/icons/export.gif HTTP/1.1" 200 968 "http://hausegger.activities.at/entry.php?id=10776&form=10560&name=list&" "Mozilla/5.0 (Windows NT 10.0; Win64; x64; rv:109.0) Gecko/20100101 Firefox/118.0"
178.115.69.135 - - [02/Oct/2023:18:05:05 +0200] "GET /gui/images/icons/filter_off.gif HTTP/1.1" 200 309 "http://hausegger.activities.at/entry.php?id=10776&form=10560&name=list&" "Mozilla/5.0 (Windows NT 10.0; Win64; x64; rv:109.0) Gecko/20100101 Firefox/118.0"
178.115.69.135 - - [02/Oct/2023:18:05:05 +0200] "GET /gui/images/icons/lupe.gif HTTP/1.1" 304 - "http://hausegger.activities.at/entry.php?id=10776&form=10560&name=list&" "Mozilla/5.0 (Windows NT 10.0; Win64; x64; rv:109.0) Gecko/20100101 Firefox/118.0"
178.115.69.135 - - [02/Oct/2023:18:05:05 +0200] "GET /entry.php?id=10714&checksegmentation=false& HTTP/1.1" 200 4122 "http://hausegger.activities.at/entry.php?id=10712" "Mozilla/5.0 (Windows NT 10.0; Win64; x64; rv:109.0) Gecko/20100101 Firefox/118.0"
178.115.69.135 - - [02/Oct/2023:18:05:05 +0200] "GET /activities/framework/KoolControls/KoolAjax/koolajax.php?8436e354c842500aba3cbaf0584c0c24 HTTP/1.1" 200 4079 "http://hausegger.activities.at/entry.php?id=10714&checksegmentation=false&" "Mozilla/5.0 (Windows NT 10.0; Win64; x64; rv:109.0) Gecko/20100101 Firefox/118.0"
178.115.69.135 - - [02/Oct/2023:18:05:05 +0200] "GET /gui/javascript/form_form.js?1696262705 HTTP/1.1" 200 16206 "http://hausegger.activities.at/entry.php?id=10714&checksegmentation=false&" "Mozilla/5.0 (Windows NT 10.0; Win64; x64; rv:109.0) Gecko/20100101 Firefox/118.0"
178.115.69.135 - - [02/Oct/2023:18:05:05 +0200] "GET /activities/framework/KoolControls/KoolTreeView/icons/square_greyS.gif HTTP/1.1" 304 - "http://hausegger.activities.at/entry.php?id=10714&checksegmentation=false&" "Mozilla/5.0 (Windows NT 10.0; Win64; x64; rv:109.0) Gecko/20100101 Firefox/118.0"
178.115.69.135 - - [02/Oct/2023:18:05:05 +0200] "GET /activities/framework/KoolControls/KoolTreeView/kooltreeview.php?c7cd9180e88ffef8e70f13526bb4f5f7 HTTP/1.1" 200 5055 "http://hausegger.activities.at/entry.php?id=10714&checksegmentation=false&" "Mozilla/5.0 (Windows NT 10.0; Win64; x64; rv:109.0) Gecko/20100101 Firefox/118.0"
178.115.69.135 - - [02/Oct/2023:18:05:12 +0200] "GET /entry.php?id=10271&&ser=262652 HTTP/1.1" 200 987 "http://hausegger.activities.at/entry.php?id=10271&&ser=262587" "Mozilla/5.0 (Windows NT 10.0; Win64; x64; rv:109.0) Gecko/20100101 Firefox/118.0"
178.115.69.135 - - [02/Oct/2023:18:05:12 +0200] "GET /gui/javascript/form_form.js?1696262712 HTTP/1.1" 200 16206 "http://hausegger.activities.at/entry.php?id=10271&&ser=262652" "Mozilla/5.0 (Windows NT 10.0; Win64; x64; rv:109.0) Gecko/20100101 Firefox/118.0"
178.115.69.135 - - [02/Oct/2023:18:05:15 +0200] "POST /entry.php?id=10715 HTTP/1.1" 200 2611 "http://hausegger.activities.at/entry.php?id=10715&" "Mozilla/5.0 (Windows NT 10.0; Win64; x64; rv:109.0) Gecko/20100101 Firefox/118.0"
178.115.69.135 - - [02/Oct/2023:18:05:16 +0200] "GET /gui/javascript/form_form.js?1696262716 HTTP/1.1" 200 16206 "http://hausegger.activities.at/entry.php?id=10715" "Mozilla/5.0 (Windows NT 10.0; Win64; x64; rv:109.0) Gecko/20100101 Firefox/118.0"
178.115.69.135 - - [02/Oct/2023:18:05:16 +0200] "GET /entry.php?id=10776&form=10560&name=list& HTTP/1.1" 200 2311 "http://hausegger.activities.at/entry.php?id=10715" "Mozilla/5.0 (Windows NT 10.0; Win64; x64; rv:109.0) Gecko/20100101 Firefox/118.0"
178.115.69.135 - - [02/Oct/2023:18:05:16 +0200] "GET /entry.php?id=10778&form=10560&name=list& HTTP/1.1" 200 3030 "http://hausegger.activities.at/entry.php?id=10715" "Mozilla/5.0 (Windows NT 10.0; Win64; x64; rv:109.0) Gecko/20100101 Firefox/118.0"
178.115.69.135 - - [02/Oct/2023:18:05:16 +0200] "GET /gui/images/no_image_de.jpg HTTP/1.1" 200 73407 "http://hausegger.activities.at/entry.php?id=10778&form=10560&name=list&" "Mozilla/5.0 (Windows NT 10.0; Win64; x64; rv:109.0) Gecko/20100101 Firefox/118.0"
178.115.69.135 - - [02/Oct/2023:18:05:59 +0200] "GET /entry.php?id=10271&&ser=262698 HTTP/1.1" 200 987 "http://hausegger.activities.at/entry.php?id=10271&&ser=262637" "Mozilla/5.0 (Windows NT 10.0; Win64; x64) AppleWebKit/537.36 (KHTML, like Gecko) Chrome/117.0.0.0 Safari/537.36"
178.115.69.135 - - [02/Oct/2023:18:05:59 +0200] "GET /gui/javascript/form_form.js?1696262759 HTTP/1.1" 200 16206 "http://hausegger.activities.at/entry.php?id=10271&&ser=262698" "Mozilla/5.0 (Windows NT 10.0; Win64; x64) AppleWebKit/537.36 (KHTML, like Gecko) Chrome/117.0.0.0 Safari/537.36"
178.115.69.135 - - [02/Oct/2023:18:06:13 +0200] "GET /entry.php?id=10271&&ser=262712 HTTP/1.1" 200 987 "http://hausegger.activities.at/entry.php?id=10271&&ser=262652" "Mozilla/5.0 (Windows NT 10.0; Win64; x64; rv:109.0) Gecko/20100101 Firefox/118.0"
178.115.69.135 - - [02/Oct/2023:18:06:13 +0200] "GET /gui/javascript/form_form.js?1696262773 HTTP/1.1" 200 16206 "http://hausegger.activities.at/entry.php?id=10271&&ser=262712" "Mozilla/5.0 (Windows NT 10.0; Win64; x64; rv:109.0) Gecko/20100101 Firefox/118.0"
178.115.69.135 - - [02/Oct/2023:18:06:15 +0200] "POST /entry.php?id=10715 HTTP/1.1" 200 2611 "http://hausegger.activities.at/entry.php?id=10715" "Mozilla/5.0 (Windows NT 10.0; Win64; x64; rv:109.0) Gecko/20100101 Firefox/118.0"
178.115.69.135 - - [02/Oct/2023:18:06:16 +0200] "GET /gui/javascript/form_form.js?1696262776 HTTP/1.1" 200 16206 "http://hausegger.activities.at/entry.php?id=10715" "Mozilla/5.0 (Windows NT 10.0; Win64; x64; rv:109.0) Gecko/20100101 Firefox/118.0"
178.115.69.135 - - [02/Oct/2023:18:06:16 +0200] "GET /entry.php?id=10776&form=10560&name=list& HTTP/1.1" 200 2311 "http://hausegger.activities.at/entry.php?id=10715" "Mozilla/5.0 (Windows NT 10.0; Win64; x64; rv:109.0) Gecko/20100101 Firefox/118.0"
178.115.69.135 - - [02/Oct/2023:18:06:16 +0200] "GET /entry.php?id=10778&form=10560&name=list& HTTP/1.1" 200 3022 "http://hausegger.activities.at/entry.php?id=10715" "Mozilla/5.0 (Windows NT 10.0; Win64; x64; rv:109.0) Gecko/20100101 Firefox/118.0"
178.115.69.135 - - [02/Oct/2023:18:07:00 +0200] "GET /entry.php?id=10271&&ser=262759 HTTP/1.1" 200 987 "http://hausegger.activities.at/entry.php?id=10271&&ser=262698" "Mozilla/5.0 (Windows NT 10.0; Win64; x64) AppleWebKit/537.36 (KHTML, like Gecko) Chrome/117.0.0.0 Safari/537.36"
178.115.69.135 - - [02/Oct/2023:18:07:00 +0200] "GET /gui/javascript/form_form.js?1696262820 HTTP/1.1" 200 16206 "http://hausegger.activities.at/entry.php?id=10271&&ser=262759" "Mozilla/5.0 (Windows NT 10.0; Win64; x64) AppleWebKit/537.36 (KHTML, like Gecko) Chrome/117.0.0.0 Safari/537.36"
178.115.69.135 - - [02/Oct/2023:18:07:07 +0200] "POST /entry.php?id=10715 HTTP/1.1" 200 2610 "http://hausegger.activities.at/entry.php?id=10715" "Mozilla/5.0 (Windows NT 10.0; Win64; x64; rv:109.0) Gecko/20100101 Firefox/118.0"
178.115.69.135 - - [02/Oct/2023:18:07:08 +0200] "GET /gui/javascript/form_form.js?1696262828 HTTP/1.1" 200 16206 "http://hausegger.activities.at/entry.php?id=10715" "Mozilla/5.0 (Windows NT 10.0; Win64; x64; rv:109.0) Gecko/20100101 Firefox/118.0"
178.115.69.135 - - [02/Oct/2023:18:07:08 +0200] "GET /entry.php?id=10776&form=10560&name=list& HTTP/1.1" 200 2312 "http://hausegger.activities.at/entry.php?id=10715" "Mozilla/5.0 (Windows NT 10.0; Win64; x64; rv:109.0) Gecko/20100101 Firefox/118.0"
178.115.69.135 - - [02/Oct/2023:18:07:08 +0200] "GET /entry.php?id=10778&form=10560&name=list& HTTP/1.1" 200 3021 "http://hausegger.activities.at/entry.php?id=10715" "Mozilla/5.0 (Windows NT 10.0; Win64; x64; rv:109.0) Gecko/20100101 Firefox/118.0"
178.115.69.135 - - [02/Oct/2023:18:07:13 +0200] "GET /entry.php?id=10271&&ser=262773 HTTP/1.1" 200 987 "http://hausegger.activities.at/entry.php?id=10271&&ser=262712" "Mozilla/5.0 (Windows NT 10.0; Win64; x64; rv:109.0) Gecko/20100101 Firefox/118.0"
178.115.69.135 - - [02/Oct/2023:18:07:13 +0200] "GET /gui/javascript/form_form.js?1696262833 HTTP/1.1" 200 16206 "http://hausegger.activities.at/entry.php?id=10271&&ser=262773" "Mozilla/5.0 (Windows NT 10.0; Win64; x64; rv:109.0) Gecko/20100101 Firefox/118.0"
178.115.69.135 - - [02/Oct/2023:18:07:53 +0200] "POST /entry.php?id=10715 HTTP/1.1" 200 2610 "http://hausegger.activities.at/entry.php?id=10715" "Mozilla/5.0 (Windows NT 10.0; Win64; x64; rv:109.0) Gecko/20100101 Firefox/118.0"
178.115.69.135 - - [02/Oct/2023:18:07:53 +0200] "GET /gui/javascript/form_form.js?1696262873 HTTP/1.1" 200 16206 "http://hausegger.activities.at/entry.php?id=10715" "Mozilla/5.0 (Windows NT 10.0; Win64; x64; rv:109.0) Gecko/20100101 Firefox/118.0"
178.115.69.135 - - [02/Oct/2023:18:07:53 +0200] "GET /entry.php?id=10776&form=10560&name=list& HTTP/1.1" 200 2311 "http://hausegger.activities.at/entry.php?id=10715" "Mozilla/5.0 (Windows NT 10.0; Win64; x64; rv:109.0) Gecko/20100101 Firefox/118.0"
178.115.69.135 - - [02/Oct/2023:18:07:53 +0200] "GET /entry.php?id=10778&form=10560&name=list& HTTP/1.1" 200 3010 "http://hausegger.activities.at/entry.php?id=10715" "Mozilla/5.0 (Windows NT 10.0; Win64; x64; rv:109.0) Gecko/20100101 Firefox/118.0"
178.115.69.135 - - [02/Oct/2023:18:08:01 +0200] "GET /entry.php?id=10271&&ser=262820 HTTP/1.1" 200 986 "http://hausegger.activities.at/entry.php?id=10271&&ser=262759" "Mozilla/5.0 (Windows NT 10.0; Win64; x64) AppleWebKit/537.36 (KHTML, like Gecko) Chrome/117.0.0.0 Safari/537.36"
178.115.69.135 - - [02/Oct/2023:18:08:01 +0200] "GET /gui/javascript/form_form.js?1696262881 HTTP/1.1" 200 16206 "http://hausegger.activities.at/entry.php?id=10271&&ser=262820" "Mozilla/5.0 (Windows NT 10.0; Win64; x64) AppleWebKit/537.36 (KHTML, like Gecko) Chrome/117.0.0.0 Safari/537.36"
178.115.69.135 - - [02/Oct/2023:18:08:13 +0200] "GET /entry.php?id=10271&&ser=262833 HTTP/1.1" 200 987 "http://hausegger.activities.at/entry.php?id=10271&&ser=262773" "Mozilla/5.0 (Windows NT 10.0; Win64; x64; rv:109.0) Gecko/20100101 Firefox/118.0"
178.115.69.135 - - [02/Oct/2023:18:08:13 +0200] "GET /gui/javascript/form_form.js?1696262893 HTTP/1.1" 200 16206 "http://hausegger.activities.at/entry.php?id=10271&&ser=262833" "Mozilla/5.0 (Windows NT 10.0; Win64; x64; rv:109.0) Gecko/20100101 Firefox/118.0"
178.115.69.135 - - [02/Oct/2023:18:08:34 +0200] "POST /entry.php?id=10715 HTTP/1.1" 200 2611 "http://hausegger.activities.at/entry.php?id=10715" "Mozilla/5.0 (Windows NT 10.0; Win64; x64; rv:109.0) Gecko/20100101 Firefox/118.0"
178.115.69.135 - - [02/Oct/2023:18:08:34 +0200] "GET /gui/javascript/form_form.js?1696262914 HTTP/1.1" 200 16206 "http://hausegger.activities.at/entry.php?id=10715" "Mozilla/5.0 (Windows NT 10.0; Win64; x64; rv:109.0) Gecko/20100101 Firefox/118.0"
178.115.69.135 - - [02/Oct/2023:18:08:34 +0200] "GET /entry.php?id=10776&form=10560&name=list& HTTP/1.1" 200 2312 "http://hausegger.activities.at/entry.php?id=10715" "Mozilla/5.0 (Windows NT 10.0; Win64; x64; rv:109.0) Gecko/20100101 Firefox/118.0"
178.115.69.135 - - [02/Oct/2023:18:08:34 +0200] "GET /entry.php?id=10778&form=10560&name=list& HTTP/1.1" 200 3027 "http://hausegger.activities.at/entry.php?id=10715" "Mozilla/5.0 (Windows NT 10.0; Win64; x64; rv:109.0) Gecko/20100101 Firefox/118.0"
178.115.69.135 - - [02/Oct/2023:18:09:02 +0200] "GET /entry.php?id=10271&&ser=262881 HTTP/1.1" 200 987 "http://hausegger.activities.at/entry.php?id=10271&&ser=262820" "Mozilla/5.0 (Windows NT 10.0; Win64; x64) AppleWebKit/537.36 (KHTML, like Gecko) Chrome/117.0.0.0 Safari/537.36"
178.115.69.135 - - [02/Oct/2023:18:09:02 +0200] "GET /gui/javascript/form_form.js?1696262942 HTTP/1.1" 200 16206 "http://hausegger.activities.at/entry.php?id=10271&&ser=262881" "Mozilla/5.0 (Windows NT 10.0; Win64; x64) AppleWebKit/537.36 (KHTML, like Gecko) Chrome/117.0.0.0 Safari/537.36"
178.115.69.135 - - [02/Oct/2023:18:09:14 +0200] "GET /entry.php?id=10271&&ser=262893 HTTP/1.1" 200 987 "http://hausegger.activities.at/entry.php?id=10271&&ser=262833" "Mozilla/5.0 (Windows NT 10.0; Win64; x64; rv:109.0) Gecko/20100101 Firefox/118.0"
178.115.69.135 - - [02/Oct/2023:18:09:14 +0200] "GET /gui/javascript/form_form.js?1696262954 HTTP/1.1" 200 16206 "http://hausegger.activities.at/entry.php?id=10271&&ser=262893" "Mozilla/5.0 (Windows NT 10.0; Win64; x64; rv:109.0) Gecko/20100101 Firefox/118.0"
178.115.69.135 - - [02/Oct/2023:18:09:21 +0200] "POST /entry.php?id=10715 HTTP/1.1" 200 2609 "http://hausegger.activities.at/entry.php?id=10715" "Mozilla/5.0 (Windows NT 10.0; Win64; x64; rv:109.0) Gecko/20100101 Firefox/118.0"
178.115.69.135 - - [02/Oct/2023:18:09:21 +0200] "GET /gui/javascript/form_form.js?1696262961 HTTP/1.1" 200 16206 "http://hausegger.activities.at/entry.php?id=10715" "Mozilla/5.0 (Windows NT 10.0; Win64; x64; rv:109.0) Gecko/20100101 Firefox/118.0"
178.115.69.135 - - [02/Oct/2023:18:09:21 +0200] "GET /entry.php?id=10776&form=10560&name=list& HTTP/1.1" 200 2311 "http://hausegger.activities.at/entry.php?id=10715" "Mozilla/5.0 (Windows NT 10.0; Win64; x64; rv:109.0) Gecko/20100101 Firefox/118.0"
178.115.69.135 - - [02/Oct/2023:18:09:21 +0200] "GET /entry.php?id=10778&form=10560&name=list& HTTP/1.1" 200 3015 "http://hausegger.activities.at/entry.php?id=10715" "Mozilla/5.0 (Windows NT 10.0; Win64; x64; rv:109.0) Gecko/20100101 Firefox/118.0"
143.110.168.131 - - [02/Oct/2023:18:09:56 +0200] "GET / HTTP/1.1" 200 274 "-" "Mozilla/5.0 (X11; Linux x86_64) AppleWebKit/537.36 (KHTML, like Gecko) Chrome/108.0.0.0 Safari/537.36"
178.115.69.135 - - [02/Oct/2023:18:10:03 +0200] "GET /entry.php?id=10271&&ser=262942 HTTP/1.1" 200 987 "http://hausegger.activities.at/entry.php?id=10271&&ser=262881" "Mozilla/5.0 (Windows NT 10.0; Win64; x64) AppleWebKit/537.36 (KHTML, like Gecko) Chrome/117.0.0.0 Safari/537.36"
178.115.69.135 - - [02/Oct/2023:18:10:03 +0200] "GET /gui/javascript/form_form.js?1696263003 HTTP/1.1" 200 16206 "http://hausegger.activities.at/entry.php?id=10271&&ser=262942" "Mozilla/5.0 (Windows NT 10.0; Win64; x64) AppleWebKit/537.36 (KHTML, like Gecko) Chrome/117.0.0.0 Safari/537.36"
178.115.69.135 - - [02/Oct/2023:18:10:14 +0200] "GET /entry.php?id=10271&&ser=262954 HTTP/1.1" 200 987 "http://hausegger.activities.at/entry.php?id=10271&&ser=262893" "Mozilla/5.0 (Windows NT 10.0; Win64; x64; rv:109.0) Gecko/20100101 Firefox/118.0"
178.115.69.135 - - [02/Oct/2023:18:10:14 +0200] "GET /gui/javascript/form_form.js?1696263014 HTTP/1.1" 200 16206 "http://hausegger.activities.at/entry.php?id=10271&&ser=262954" "Mozilla/5.0 (Windows NT 10.0; Win64; x64; rv:109.0) Gecko/20100101 Firefox/118.0"
178.115.69.135 - - [02/Oct/2023:18:11:04 +0200] "GET /entry.php?id=10271&&ser=263003 HTTP/1.1" 200 987 "http://hausegger.activities.at/entry.php?id=10271&&ser=262942" "Mozilla/5.0 (Windows NT 10.0; Win64; x64) AppleWebKit/537.36 (KHTML, like Gecko) Chrome/117.0.0.0 Safari/537.36"
178.115.69.135 - - [02/Oct/2023:18:11:04 +0200] "GET /gui/javascript/form_form.js?1696263064 HTTP/1.1" 200 16206 "http://hausegger.activities.at/entry.php?id=10271&&ser=263003" "Mozilla/5.0 (Windows NT 10.0; Win64; x64) AppleWebKit/537.36 (KHTML, like Gecko) Chrome/117.0.0.0 Safari/537.36"
178.115.69.135 - - [02/Oct/2023:18:11:14 +0200] "GET /entry.php?id=10271&&ser=263014 HTTP/1.1" 200 987 "http://hausegger.activities.at/entry.php?id=10271&&ser=262954" "Mozilla/5.0 (Windows NT 10.0; Win64; x64; rv:109.0) Gecko/20100101 Firefox/118.0"
178.115.69.135 - - [02/Oct/2023:18:11:14 +0200] "GET /gui/javascript/form_form.js?1696263074 HTTP/1.1" 200 16206 "http://hausegger.activities.at/entry.php?id=10271&&ser=263014" "Mozilla/5.0 (Windows NT 10.0; Win64; x64; rv:109.0) Gecko/20100101 Firefox/118.0"
178.115.69.135 - - [02/Oct/2023:18:12:05 +0200] "GET /entry.php?id=10271&&ser=263064 HTTP/1.1" 200 987 "http://hausegger.activities.at/entry.php?id=10271&&ser=263003" "Mozilla/5.0 (Windows NT 10.0; Win64; x64) AppleWebKit/537.36 (KHTML, like Gecko) Chrome/117.0.0.0 Safari/537.36"
178.115.69.135 - - [02/Oct/2023:18:12:05 +0200] "GET /gui/javascript/form_form.js?1696263125 HTTP/1.1" 200 16206 "http://hausegger.activities.at/entry.php?id=10271&&ser=263064" "Mozilla/5.0 (Windows NT 10.0; Win64; x64) AppleWebKit/537.36 (KHTML, like Gecko) Chrome/117.0.0.0 Safari/537.36"
178.115.69.135 - - [02/Oct/2023:18:12:14 +0200] "GET /entry.php?id=10271&&ser=263074 HTTP/1.1" 200 987 "http://hausegger.activities.at/entry.php?id=10271&&ser=263014" "Mozilla/5.0 (Windows NT 10.0; Win64; x64; rv:109.0) Gecko/20100101 Firefox/118.0"
178.115.69.135 - - [02/Oct/2023:18:12:15 +0200] "GET /gui/javascript/form_form.js?1696263134 HTTP/1.1" 200 16206 "http://hausegger.activities.at/entry.php?id=10271&&ser=263074" "Mozilla/5.0 (Windows NT 10.0; Win64; x64; rv:109.0) Gecko/20100101 Firefox/118.0"
178.115.69.135 - - [02/Oct/2023:18:12:27 +0200] "POST /entry.php?id=10715 HTTP/1.1" 200 2610 "http://hausegger.activities.at/entry.php?id=10715" "Mozilla/5.0 (Windows NT 10.0; Win64; x64; rv:109.0) Gecko/20100101 Firefox/118.0"
178.115.69.135 - - [02/Oct/2023:18:12:28 +0200] "GET /gui/javascript/form_form.js?1696263147 HTTP/1.1" 200 16206 "http://hausegger.activities.at/entry.php?id=10715" "Mozilla/5.0 (Windows NT 10.0; Win64; x64; rv:109.0) Gecko/20100101 Firefox/118.0"
178.115.69.135 - - [02/Oct/2023:18:12:28 +0200] "GET /entry.php?id=10778&form=10560&name=list& HTTP/1.1" 200 3008 "http://hausegger.activities.at/entry.php?id=10715" "Mozilla/5.0 (Windows NT 10.0; Win64; x64; rv:109.0) Gecko/20100101 Firefox/118.0"
178.115.69.135 - - [02/Oct/2023:18:12:28 +0200] "GET /entry.php?id=10776&form=10560&name=list& HTTP/1.1" 200 2312 "http://hausegger.activities.at/entry.php?id=10715" "Mozilla/5.0 (Windows NT 10.0; Win64; x64; rv:109.0) Gecko/20100101 Firefox/118.0"
178.115.69.135 - - [02/Oct/2023:18:13:06 +0200] "GET /entry.php?id=10271&&ser=263125 HTTP/1.1" 200 987 "http://hausegger.activities.at/entry.php?id=10271&&ser=263064" "Mozilla/5.0 (Windows NT 10.0; Win64; x64) AppleWebKit/537.36 (KHTML, like Gecko) Chrome/117.0.0.0 Safari/537.36"
178.115.69.135 - - [02/Oct/2023:18:13:06 +0200] "GET /gui/javascript/form_form.js?1696263186 HTTP/1.1" 200 16206 "http://hausegger.activities.at/entry.php?id=10271&&ser=263125" "Mozilla/5.0 (Windows NT 10.0; Win64; x64) AppleWebKit/537.36 (KHTML, like Gecko) Chrome/117.0.0.0 Safari/537.36"
178.115.69.135 - - [02/Oct/2023:18:13:15 +0200] "GET /entry.php?id=10271&&ser=263134 HTTP/1.1" 200 987 "http://hausegger.activities.at/entry.php?id=10271&&ser=263074" "Mozilla/5.0 (Windows NT 10.0; Win64; x64; rv:109.0) Gecko/20100101 Firefox/118.0"
178.115.69.135 - - [02/Oct/2023:18:13:15 +0200] "GET /gui/javascript/form_form.js?1696263195 HTTP/1.1" 200 16206 "http://hausegger.activities.at/entry.php?id=10271&&ser=263134" "Mozilla/5.0 (Windows NT 10.0; Win64; x64; rv:109.0) Gecko/20100101 Firefox/118.0"
178.115.69.135 - - [02/Oct/2023:18:13:45 +0200] "POST /entry.php?id=10715 HTTP/1.1" 200 2553 "http://hausegger.activities.at/entry.php?id=10715" "Mozilla/5.0 (Windows NT 10.0; Win64; x64; rv:109.0) Gecko/20100101 Firefox/118.0"
178.115.69.135 - - [02/Oct/2023:18:13:45 +0200] "GET /gui/javascript/form_form.js?1696263225 HTTP/1.1" 200 16206 "http://hausegger.activities.at/entry.php?id=10715" "Mozilla/5.0 (Windows NT 10.0; Win64; x64; rv:109.0) Gecko/20100101 Firefox/118.0"
178.115.69.135 - - [02/Oct/2023:18:13:45 +0200] "GET /entry.php?id=10776&form=10560&name=list& HTTP/1.1" 200 2186 "http://hausegger.activities.at/entry.php?id=10715" "Mozilla/5.0 (Windows NT 10.0; Win64; x64; rv:109.0) Gecko/20100101 Firefox/118.0"
178.115.69.135 - - [02/Oct/2023:18:13:45 +0200] "GET /entry.php?id=10778&form=10560&name=list& HTTP/1.1" 200 2689 "http://hausegger.activities.at/entry.php?id=10715" "Mozilla/5.0 (Windows NT 10.0; Win64; x64; rv:109.0) Gecko/20100101 Firefox/118.0"
178.115.69.135 - - [02/Oct/2023:18:13:47 +0200] "GET /gui/images/icons/filter_on.gif HTTP/1.1" 200 316 "http://hausegger.activities.at/entry.php?id=10776&form=10560&name=list&" "Mozilla/5.0 (Windows NT 10.0; Win64; x64; rv:109.0) Gecko/20100101 Firefox/118.0"
178.115.69.135 - - [02/Oct/2023:18:13:48 +0200] "POST /entry.php?id=10715 HTTP/1.1" 200 2643 "http://hausegger.activities.at/entry.php?id=10715" "Mozilla/5.0 (Windows NT 10.0; Win64; x64; rv:109.0) Gecko/20100101 Firefox/118.0"
178.115.69.135 - - [02/Oct/2023:18:13:49 +0200] "GET /gui/javascript/form_form.js?1696263229 HTTP/1.1" 200 16206 "http://hausegger.activities.at/entry.php?id=10715" "Mozilla/5.0 (Windows NT 10.0; Win64; x64; rv:109.0) Gecko/20100101 Firefox/118.0"
178.115.69.135 - - [02/Oct/2023:18:13:49 +0200] "GET /entry.php?id=10777&form=10560&name=list& HTTP/1.1" 200 1341 "http://hausegger.activities.at/entry.php?id=10715" "Mozilla/5.0 (Windows NT 10.0; Win64; x64; rv:109.0) Gecko/20100101 Firefox/118.0"
178.115.69.135 - - [02/Oct/2023:18:13:49 +0200] "GET /entry.php?id=10778&form=10560&name=list& HTTP/1.1" 200 42000 "http://hausegger.activities.at/entry.php?id=10715" "Mozilla/5.0 (Windows NT 10.0; Win64; x64; rv:109.0) Gecko/20100101 Firefox/118.0"
178.115.69.135 - - [02/Oct/2023:18:13:50 +0200] "GET /gui/images/icons/paging_firstpage_disabled.gif HTTP/1.1" 200 79 "http://hausegger.activities.at/entry.php?id=10777&form=10560&name=list&" "Mozilla/5.0 (Windows NT 10.0; Win64; x64; rv:109.0) Gecko/20100101 Firefox/118.0"
178.115.69.135 - - [02/Oct/2023:18:13:50 +0200] "GET /gui/images/icons/paging_preview_disabled.gif HTTP/1.1" 200 75 "http://hausegger.activities.at/entry.php?id=10777&form=10560&name=list&" "Mozilla/5.0 (Windows NT 10.0; Win64; x64; rv:109.0) Gecko/20100101 Firefox/118.0"
178.115.69.135 - - [02/Oct/2023:18:13:50 +0200] "GET /gui/images/icons/paging_next.gif HTTP/1.1" 304 - "http://hausegger.activities.at/entry.php?id=10777&form=10560&name=list&" "Mozilla/5.0 (Windows NT 10.0; Win64; x64; rv:109.0) Gecko/20100101 Firefox/118.0"
178.115.69.135 - - [02/Oct/2023:18:13:50 +0200] "GET /gui/images/icons/paging_lastpage.gif HTTP/1.1" 200 78 "http://hausegger.activities.at/entry.php?id=10777&form=10560&name=list&" "Mozilla/5.0 (Windows NT 10.0; Win64; x64; rv:109.0) Gecko/20100101 Firefox/118.0"
178.115.69.135 - - [02/Oct/2023:18:13:49 +0200] "GET /entry.php?id=10776&form=10560&name=list& HTTP/1.1" 200 2310 "http://hausegger.activities.at/entry.php?id=10715" "Mozilla/5.0 (Windows NT 10.0; Win64; x64; rv:109.0) Gecko/20100101 Firefox/118.0"
178.115.69.135 - - [02/Oct/2023:18:13:50 +0200] "GET /gui/images/icons/filter_on.gif HTTP/1.1" 304 - "http://hausegger.activities.at/entry.php?id=10776&form=10560&name=list&" "Mozilla/5.0 (Windows NT 10.0; Win64; x64; rv:109.0) Gecko/20100101 Firefox/118.0"
