178.165.193.62 - - [11/Oct/2023:13:58:25 +0200] "GET /entry.php?id=10877&mode=loadSearchArticle&obj=article_1&tag=debit&refobject=10329300&value=16016009&ser=1697021279415 HTTP/1.1" 200 347 "http://hausegger.activities.at/entry.php?id=10830&&object=10329300&account=&mode=documentdebitor" "Mozilla/5.0 (Windows NT 10.0; Win64; x64; rv:109.0) Gecko/20100101 Firefox/118.0"
178.165.193.62 - - [11/Oct/2023:13:58:25 +0200] "GET /entry.php?id=10877&mode=loadSearchArticle&obj=article_1&tag=debit&refobject=10329300&value=160160090&ser=1697021279535 HTTP/1.1" 200 283 "http://hausegger.activities.at/entry.php?id=10830&&object=10329300&account=&mode=documentdebitor" "Mozilla/5.0 (Windows NT 10.0; Win64; x64; rv:109.0) Gecko/20100101 Firefox/118.0"
178.165.193.62 - - [11/Oct/2023:13:58:27 +0200] "POST /entry.php?id=10889 HTTP/1.1" 200 1935 "http://hausegger.activities.at/entry.php?id=10889" "Mozilla/5.0 (Windows NT 10.0; Win64; x64; rv:109.0) Gecko/20100101 Firefox/118.0"
178.165.193.62 - - [11/Oct/2023:13:58:27 +0200] "GET /gui/javascript/form_form.js?1697025507 HTTP/1.1" 200 16206 "http://hausegger.activities.at/entry.php?id=10889" "Mozilla/5.0 (Windows NT 10.0; Win64; x64; rv:109.0) Gecko/20100101 Firefox/118.0"
178.165.193.62 - - [11/Oct/2023:13:58:27 +0200] "POST /entry.php?id=10889 HTTP/1.1" 200 1678 "http://hausegger.activities.at/entry.php?id=10889" "Mozilla/5.0 (Windows NT 10.0; Win64; x64; rv:109.0) Gecko/20100101 Firefox/118.0"
178.165.193.62 - - [11/Oct/2023:13:58:28 +0200] "GET /gui/javascript/form_form.js?1697025508 HTTP/1.1" 200 16206 "http://hausegger.activities.at/entry.php?id=10889" "Mozilla/5.0 (Windows NT 10.0; Win64; x64; rv:109.0) Gecko/20100101 Firefox/118.0"
178.165.193.62 - - [11/Oct/2023:13:58:29 +0200] "POST /entry.php?id=10889 HTTP/1.1" 200 1856 "http://hausegger.activities.at/entry.php?id=10889" "Mozilla/5.0 (Windows NT 10.0; Win64; x64; rv:109.0) Gecko/20100101 Firefox/118.0"
178.165.193.62 - - [11/Oct/2023:13:58:30 +0200] "GET /gui/javascript/form_form.js?1697025510 HTTP/1.1" 200 16206 "http://hausegger.activities.at/entry.php?id=10889" "Mozilla/5.0 (Windows NT 10.0; Win64; x64; rv:109.0) Gecko/20100101 Firefox/118.0"
178.165.193.62 - - [11/Oct/2023:13:58:32 +0200] "POST /entry.php?id=10889 HTTP/1.1" 200 1673 "http://hausegger.activities.at/entry.php?id=10889" "Mozilla/5.0 (Windows NT 10.0; Win64; x64; rv:109.0) Gecko/20100101 Firefox/118.0"
178.165.193.62 - - [11/Oct/2023:13:58:32 +0200] "GET /gui/javascript/form_form.js?1697025512 HTTP/1.1" 200 16206 "http://hausegger.activities.at/entry.php?id=10889" "Mozilla/5.0 (Windows NT 10.0; Win64; x64; rv:109.0) Gecko/20100101 Firefox/118.0"
178.165.193.62 - - [11/Oct/2023:13:58:33 +0200] "GET /entry.php?id=10877&mode=loadSearchArticle&obj=article_2&tag=debit&refobject=10329300&value=1&ser=1697021287519 HTTP/1.1" 200 33289 "http://hausegger.activities.at/entry.php?id=10830&&object=10329300&account=&mode=documentdebitor" "Mozilla/5.0 (Windows NT 10.0; Win64; x64; rv:109.0) Gecko/20100101 Firefox/118.0"
178.165.193.62 - - [11/Oct/2023:13:58:33 +0200] "GET /entry.php?id=10877&mode=loadSearchArticle&obj=article_2&tag=debit&refobject=10329300&value=16&ser=1697021287783 HTTP/1.1" 200 3843 "http://hausegger.activities.at/entry.php?id=10830&&object=10329300&account=&mode=documentdebitor" "Mozilla/5.0 (Windows NT 10.0; Win64; x64; rv:109.0) Gecko/20100101 Firefox/118.0"
178.165.193.62 - - [11/Oct/2023:13:58:34 +0200] "GET /entry.php?id=10877&mode=loadSearchArticle&obj=article_2&tag=debit&refobject=10329300&value=160&ser=1697021287911 HTTP/1.1" 200 1625 "http://hausegger.activities.at/entry.php?id=10830&&object=10329300&account=&mode=documentdebitor" "Mozilla/5.0 (Windows NT 10.0; Win64; x64; rv:109.0) Gecko/20100101 Firefox/118.0"
178.165.193.62 - - [11/Oct/2023:13:58:34 +0200] "GET /entry.php?id=10877&mode=loadSearchArticle&obj=article_2&tag=debit&refobject=10329300&value=1601&ser=1697021288095 HTTP/1.1" 200 1195 "http://hausegger.activities.at/entry.php?id=10830&&object=10329300&account=&mode=documentdebitor" "Mozilla/5.0 (Windows NT 10.0; Win64; x64; rv:109.0) Gecko/20100101 Firefox/118.0"
178.165.193.62 - - [11/Oct/2023:13:58:34 +0200] "GET /entry.php?id=10877&mode=loadSearchArticle&obj=article_2&tag=debit&refobject=10329300&value=16016&ser=1697021288351 HTTP/1.1" 200 1080 "http://hausegger.activities.at/entry.php?id=10830&&object=10329300&account=&mode=documentdebitor" "Mozilla/5.0 (Windows NT 10.0; Win64; x64; rv:109.0) Gecko/20100101 Firefox/118.0"
178.165.193.62 - - [11/Oct/2023:13:58:34 +0200] "GET /entry.php?id=10877&mode=loadSearchArticle&obj=article_2&tag=debit&refobject=10329300&value=160160&ser=1697021288511 HTTP/1.1" 200 1080 "http://hausegger.activities.at/entry.php?id=10830&&object=10329300&account=&mode=documentdebitor" "Mozilla/5.0 (Windows NT 10.0; Win64; x64; rv:109.0) Gecko/20100101 Firefox/118.0"
178.165.193.62 - - [11/Oct/2023:13:58:36 +0200] "GET /entry.php?id=10877&mode=loadSearchArticle&obj=article_2&tag=debit&refobject=10329300&value=1601600&ser=1697021289815 HTTP/1.1" 200 783 "http://hausegger.activities.at/entry.php?id=10830&&object=10329300&account=&mode=documentdebitor" "Mozilla/5.0 (Windows NT 10.0; Win64; x64; rv:109.0) Gecko/20100101 Firefox/118.0"
178.165.193.62 - - [11/Oct/2023:13:58:36 +0200] "GET /entry.php?id=10877&mode=loadSearchArticle&obj=article_2&tag=debit&refobject=10329300&value=16016008&ser=1697021289983 HTTP/1.1" 200 452 "http://hausegger.activities.at/entry.php?id=10830&&object=10329300&account=&mode=documentdebitor" "Mozilla/5.0 (Windows NT 10.0; Win64; x64; rv:109.0) Gecko/20100101 Firefox/118.0"
178.165.193.62 - - [11/Oct/2023:13:58:36 +0200] "GET /entry.php?id=10877&mode=loadSearchArticle&obj=article_2&tag=debit&refobject=10329300&value=160160081&ser=1697021290519 HTTP/1.1" 200 276 "http://hausegger.activities.at/entry.php?id=10830&&object=10329300&account=&mode=documentdebitor" "Mozilla/5.0 (Windows NT 10.0; Win64; x64; rv:109.0) Gecko/20100101 Firefox/118.0"
178.165.193.62 - - [11/Oct/2023:13:58:38 +0200] "POST /entry.php?id=10889 HTTP/1.1" 200 1981 "http://hausegger.activities.at/entry.php?id=10889" "Mozilla/5.0 (Windows NT 10.0; Win64; x64; rv:109.0) Gecko/20100101 Firefox/118.0"
178.165.193.62 - - [11/Oct/2023:13:58:38 +0200] "GET /gui/javascript/form_form.js?1697025518 HTTP/1.1" 200 16206 "http://hausegger.activities.at/entry.php?id=10889" "Mozilla/5.0 (Windows NT 10.0; Win64; x64; rv:109.0) Gecko/20100101 Firefox/118.0"
178.165.193.62 - - [11/Oct/2023:13:58:38 +0200] "POST /entry.php?id=10889 HTTP/1.1" 200 1751 "http://hausegger.activities.at/entry.php?id=10889" "Mozilla/5.0 (Windows NT 10.0; Win64; x64; rv:109.0) Gecko/20100101 Firefox/118.0"
178.165.193.62 - - [11/Oct/2023:13:58:39 +0200] "GET /gui/javascript/form_form.js?1697025519 HTTP/1.1" 200 16206 "http://hausegger.activities.at/entry.php?id=10889" "Mozilla/5.0 (Windows NT 10.0; Win64; x64; rv:109.0) Gecko/20100101 Firefox/118.0"
178.165.193.62 - - [11/Oct/2023:13:58:40 +0200] "POST /entry.php?id=10889 HTTP/1.1" 200 1850 "http://hausegger.activities.at/entry.php?id=10889" "Mozilla/5.0 (Windows NT 10.0; Win64; x64; rv:109.0) Gecko/20100101 Firefox/118.0"
178.165.193.62 - - [11/Oct/2023:13:58:40 +0200] "GET /gui/javascript/form_form.js?1697025520 HTTP/1.1" 200 16206 "http://hausegger.activities.at/entry.php?id=10889" "Mozilla/5.0 (Windows NT 10.0; Win64; x64; rv:109.0) Gecko/20100101 Firefox/118.0"
178.165.193.62 - - [11/Oct/2023:13:58:41 +0200] "POST /entry.php?id=10889 HTTP/1.1" 200 1666 "http://hausegger.activities.at/entry.php?id=10889" "Mozilla/5.0 (Windows NT 10.0; Win64; x64; rv:109.0) Gecko/20100101 Firefox/118.0"
178.165.193.62 - - [11/Oct/2023:13:58:41 +0200] "GET /gui/javascript/form_form.js?1697025521 HTTP/1.1" 200 16206 "http://hausegger.activities.at/entry.php?id=10889" "Mozilla/5.0 (Windows NT 10.0; Win64; x64; rv:109.0) Gecko/20100101 Firefox/118.0"
178.165.193.62 - - [11/Oct/2023:13:58:42 +0200] "GET /entry.php?id=10877&mode=loadSearchArticle&obj=article_3&tag=debit&refobject=10329300&value=1&ser=1697021296184 HTTP/1.1" 200 33289 "http://hausegger.activities.at/entry.php?id=10830&&object=10329300&account=&mode=documentdebitor" "Mozilla/5.0 (Windows NT 10.0; Win64; x64; rv:109.0) Gecko/20100101 Firefox/118.0"
178.165.193.62 - - [11/Oct/2023:13:58:42 +0200] "GET /entry.php?id=10877&mode=loadSearchArticle&obj=article_3&tag=debit&refobject=10329300&value=16&ser=1697021296463 HTTP/1.1" 200 3843 "http://hausegger.activities.at/entry.php?id=10830&&object=10329300&account=&mode=documentdebitor" "Mozilla/5.0 (Windows NT 10.0; Win64; x64; rv:109.0) Gecko/20100101 Firefox/118.0"
178.165.193.62 - - [11/Oct/2023:13:58:42 +0200] "GET /entry.php?id=10877&mode=loadSearchArticle&obj=article_3&tag=debit&refobject=10329300&value=160&ser=1697021296639 HTTP/1.1" 200 1625 "http://hausegger.activities.at/entry.php?id=10830&&object=10329300&account=&mode=documentdebitor" "Mozilla/5.0 (Windows NT 10.0; Win64; x64; rv:109.0) Gecko/20100101 Firefox/118.0"
178.165.193.62 - - [11/Oct/2023:13:58:43 +0200] "GET /entry.php?id=10877&mode=loadSearchArticle&obj=article_3&tag=debit&refobject=10329300&value=1601&ser=1697021296855 HTTP/1.1" 200 1195 "http://hausegger.activities.at/entry.php?id=10830&&object=10329300&account=&mode=documentdebitor" "Mozilla/5.0 (Windows NT 10.0; Win64; x64; rv:109.0) Gecko/20100101 Firefox/118.0"
178.165.193.62 - - [11/Oct/2023:13:58:43 +0200] "GET /entry.php?id=10877&mode=loadSearchArticle&obj=article_3&tag=debit&refobject=10329300&value=16016&ser=1697021297151 HTTP/1.1" 200 1081 "http://hausegger.activities.at/entry.php?id=10830&&object=10329300&account=&mode=documentdebitor" "Mozilla/5.0 (Windows NT 10.0; Win64; x64; rv:109.0) Gecko/20100101 Firefox/118.0"
178.165.193.62 - - [11/Oct/2023:13:58:43 +0200] "GET /entry.php?id=10877&mode=loadSearchArticle&obj=article_3&tag=debit&refobject=10329300&value=160160&ser=1697021297303 HTTP/1.1" 200 1081 "http://hausegger.activities.at/entry.php?id=10830&&object=10329300&account=&mode=documentdebitor" "Mozilla/5.0 (Windows NT 10.0; Win64; x64; rv:109.0) Gecko/20100101 Firefox/118.0"
156.59.198.135 - - [11/Oct/2023:13:58:44 +0200] "GET /renault.2web.at/htdocs/export/pdf/emuc_document/11013188.pdf HTTP/1.0" 404 318 "http://212.69.160.11:443/renault.2web.at/htdocs/export/pdf/emuc_document/" "Mozilla/5.0 (Linux; Android 5.0) AppleWebKit/537.36 (KHTML, like Gecko) Mobile Safari/537.36 (compatible; Bytespider; spider-feedback@bytedance.com)"
178.165.193.62 - - [11/Oct/2023:13:58:46 +0200] "GET /entry.php?id=10877&mode=loadSearchArticle&obj=article_3&tag=debit&refobject=10329300&value=1601600&ser=1697021299823 HTTP/1.1" 200 783 "http://hausegger.activities.at/entry.php?id=10830&&object=10329300&account=&mode=documentdebitor" "Mozilla/5.0 (Windows NT 10.0; Win64; x64; rv:109.0) Gecko/20100101 Firefox/118.0"
178.165.193.62 - - [11/Oct/2023:13:58:46 +0200] "GET /entry.php?id=10877&mode=loadSearchArticle&obj=article_3&tag=debit&refobject=10329300&value=16016009&ser=1697021300295 HTTP/1.1" 200 347 "http://hausegger.activities.at/entry.php?id=10830&&object=10329300&account=&mode=documentdebitor" "Mozilla/5.0 (Windows NT 10.0; Win64; x64; rv:109.0) Gecko/20100101 Firefox/118.0"
178.165.193.62 - - [11/Oct/2023:13:58:47 +0200] "GET /entry.php?id=10877&mode=loadSearchArticle&obj=article_3&tag=debit&refobject=10329300&value=160160090&ser=1697021300791 HTTP/1.1" 200 283 "http://hausegger.activities.at/entry.php?id=10830&&object=10329300&account=&mode=documentdebitor" "Mozilla/5.0 (Windows NT 10.0; Win64; x64; rv:109.0) Gecko/20100101 Firefox/118.0"
178.165.193.62 - - [11/Oct/2023:13:58:49 +0200] "GET /entry.php?id=10877&mode=loadSearchArticle&obj=article_3&tag=debit&refobject=10329300&value=16016009&ser=1697021303064 HTTP/1.1" 200 347 "http://hausegger.activities.at/entry.php?id=10830&&object=10329300&account=&mode=documentdebitor" "Mozilla/5.0 (Windows NT 10.0; Win64; x64; rv:109.0) Gecko/20100101 Firefox/118.0"
178.165.193.62 - - [11/Oct/2023:13:58:49 +0200] "GET /entry.php?id=10877&mode=loadSearchArticle&obj=article_3&tag=debit&refobject=10329300&value=160160091&ser=1697021303623 HTTP/1.1" 200 288 "http://hausegger.activities.at/entry.php?id=10830&&object=10329300&account=&mode=documentdebitor" "Mozilla/5.0 (Windows NT 10.0; Win64; x64; rv:109.0) Gecko/20100101 Firefox/118.0"
178.165.193.62 - - [11/Oct/2023:13:58:51 +0200] "POST /entry.php?id=10889 HTTP/1.1" 200 1981 "http://hausegger.activities.at/entry.php?id=10889" "Mozilla/5.0 (Windows NT 10.0; Win64; x64; rv:109.0) Gecko/20100101 Firefox/118.0"
178.165.193.62 - - [11/Oct/2023:13:58:51 +0200] "GET /gui/javascript/form_form.js?1697025531 HTTP/1.1" 200 16206 "http://hausegger.activities.at/entry.php?id=10889" "Mozilla/5.0 (Windows NT 10.0; Win64; x64; rv:109.0) Gecko/20100101 Firefox/118.0"
178.165.193.62 - - [11/Oct/2023:13:58:51 +0200] "POST /entry.php?id=10889 HTTP/1.1" 200 1743 "http://hausegger.activities.at/entry.php?id=10889" "Mozilla/5.0 (Windows NT 10.0; Win64; x64; rv:109.0) Gecko/20100101 Firefox/118.0"
178.165.193.62 - - [11/Oct/2023:13:58:52 +0200] "GET /gui/javascript/form_form.js?1697025532 HTTP/1.1" 200 16206 "http://hausegger.activities.at/entry.php?id=10889" "Mozilla/5.0 (Windows NT 10.0; Win64; x64; rv:109.0) Gecko/20100101 Firefox/118.0"
178.165.193.62 - - [11/Oct/2023:13:58:57 +0200] "POST /entry.php?id=10889 HTTP/1.1" 200 1861 "http://hausegger.activities.at/entry.php?id=10889" "Mozilla/5.0 (Windows NT 10.0; Win64; x64; rv:109.0) Gecko/20100101 Firefox/118.0"
178.165.193.62 - - [11/Oct/2023:13:58:57 +0200] "GET /gui/javascript/form_form.js?1697025537 HTTP/1.1" 200 16206 "http://hausegger.activities.at/entry.php?id=10889" "Mozilla/5.0 (Windows NT 10.0; Win64; x64; rv:109.0) Gecko/20100101 Firefox/118.0"
178.165.193.62 - - [11/Oct/2023:13:59:00 +0200] "POST /entry.php?id=10889 HTTP/1.1" 200 1673 "http://hausegger.activities.at/entry.php?id=10889" "Mozilla/5.0 (Windows NT 10.0; Win64; x64; rv:109.0) Gecko/20100101 Firefox/118.0"
178.165.193.62 - - [11/Oct/2023:13:59:00 +0200] "GET /gui/javascript/form_form.js?1697025540 HTTP/1.1" 200 16206 "http://hausegger.activities.at/entry.php?id=10889" "Mozilla/5.0 (Windows NT 10.0; Win64; x64; rv:109.0) Gecko/20100101 Firefox/118.0"
178.165.193.62 - - [11/Oct/2023:13:59:01 +0200] "GET /entry.php?id=10877&mode=loadSearchArticle&obj=article_4&tag=debit&refobject=10329300&value=1&ser=1697021314879 HTTP/1.1" 200 33289 "http://hausegger.activities.at/entry.php?id=10830&&object=10329300&account=&mode=documentdebitor" "Mozilla/5.0 (Windows NT 10.0; Win64; x64; rv:109.0) Gecko/20100101 Firefox/118.0"
178.165.193.62 - - [11/Oct/2023:13:59:01 +0200] "GET /entry.php?id=10877&mode=loadSearchArticle&obj=article_4&tag=debit&refobject=10329300&value=16&ser=1697021315159 HTTP/1.1" 200 3843 "http://hausegger.activities.at/entry.php?id=10830&&object=10329300&account=&mode=documentdebitor" "Mozilla/5.0 (Windows NT 10.0; Win64; x64; rv:109.0) Gecko/20100101 Firefox/118.0"
178.165.193.62 - - [11/Oct/2023:13:59:01 +0200] "GET /entry.php?id=10271&&ser=25480 HTTP/1.1" 200 986 "http://hausegger.activities.at/entry.php?id=10271&&ser=25419" "Mozilla/5.0 (Windows NT 10.0; Win64; x64) AppleWebKit/537.36 (KHTML, like Gecko) Chrome/117.0.0.0 Safari/537.36"
178.165.193.62 - - [11/Oct/2023:13:59:01 +0200] "GET /gui/javascript/form_form.js?1697025541 HTTP/1.1" 200 16206 "http://hausegger.activities.at/entry.php?id=10271&&ser=25480" "Mozilla/5.0 (Windows NT 10.0; Win64; x64) AppleWebKit/537.36 (KHTML, like Gecko) Chrome/117.0.0.0 Safari/537.36"
178.165.193.62 - - [11/Oct/2023:13:59:01 +0200] "GET /entry.php?id=10877&mode=loadSearchArticle&obj=article_4&tag=debit&refobject=10329300&value=161&ser=1697021315591 HTTP/1.1" 200 528 "http://hausegger.activities.at/entry.php?id=10830&&object=10329300&account=&mode=documentdebitor" "Mozilla/5.0 (Windows NT 10.0; Win64; x64; rv:109.0) Gecko/20100101 Firefox/118.0"
178.165.193.62 - - [11/Oct/2023:13:59:02 +0200] "GET /entry.php?id=10877&mode=loadSearchArticle&obj=article_4&tag=debit&refobject=10329300&value=1616&ser=1697021315863 HTTP/1.1" 200 20 "http://hausegger.activities.at/entry.php?id=10830&&object=10329300&account=&mode=documentdebitor" "Mozilla/5.0 (Windows NT 10.0; Win64; x64; rv:109.0) Gecko/20100101 Firefox/118.0"
178.165.193.62 - - [11/Oct/2023:13:59:02 +0200] "GET /entry.php?id=10877&mode=loadSearchArticle&obj=article_4&tag=debit&refobject=10329300&value=16160&ser=1697021316079 HTTP/1.1" 200 20 "http://hausegger.activities.at/entry.php?id=10830&&object=10329300&account=&mode=documentdebitor" "Mozilla/5.0 (Windows NT 10.0; Win64; x64; rv:109.0) Gecko/20100101 Firefox/118.0"
156.59.198.136 - - [11/Oct/2023:13:59:08 +0200] "GET /renault.2web.at/htdocs/export/pdf/emuc_document/11424541.pdf HTTP/1.0" 404 318 "http://212.69.160.11:443/renault.2web.at/htdocs/export/pdf/emuc_document/" "Mozilla/5.0 (Linux; Android 5.0) AppleWebKit/537.36 (KHTML, like Gecko) Mobile Safari/537.36 (compatible; Bytespider; spider-feedback@bytedance.com)"
178.165.193.62 - - [11/Oct/2023:13:59:11 +0200] "GET /entry.php?id=10877&mode=loadSearchArticle&obj=article_4&tag=debit&refobject=10329300&value=161600&ser=1697021325191 HTTP/1.1" 200 20 "http://hausegger.activities.at/entry.php?id=10830&&object=10329300&account=&mode=documentdebitor" "Mozilla/5.0 (Windows NT 10.0; Win64; x64; rv:109.0) Gecko/20100101 Firefox/118.0"
178.165.193.62 - - [11/Oct/2023:13:59:12 +0200] "GET /entry.php?id=10877&mode=loadSearchArticle&obj=article_4&tag=debit&refobject=10329300&value=1616004&ser=1697021326311 HTTP/1.1" 200 20 "http://hausegger.activities.at/entry.php?id=10830&&object=10329300&account=&mode=documentdebitor" "Mozilla/5.0 (Windows NT 10.0; Win64; x64; rv:109.0) Gecko/20100101 Firefox/118.0"
178.165.193.62 - - [11/Oct/2023:13:59:15 +0200] "GET /entry.php?id=10877&mode=loadSearchArticle&obj=article_4&tag=debit&refobject=10329300&value=161600&ser=1697021328847 HTTP/1.1" 200 20 "http://hausegger.activities.at/entry.php?id=10830&&object=10329300&account=&mode=documentdebitor" "Mozilla/5.0 (Windows NT 10.0; Win64; x64; rv:109.0) Gecko/20100101 Firefox/118.0"
178.165.193.62 - - [11/Oct/2023:13:59:16 +0200] "GET /entry.php?id=10877&mode=loadSearchArticle&obj=article_4&tag=debit&refobject=10329300&value=16160&ser=1697021330247 HTTP/1.1" 200 20 "http://hausegger.activities.at/entry.php?id=10830&&object=10329300&account=&mode=documentdebitor" "Mozilla/5.0 (Windows NT 10.0; Win64; x64; rv:109.0) Gecko/20100101 Firefox/118.0"
178.165.193.62 - - [11/Oct/2023:13:59:19 +0200] "GET /entry.php?id=10271&&ser=25498 HTTP/1.1" 200 987 "http://hausegger.activities.at/entry.php?id=10271&&ser=25438" "Mozilla/5.0 (Windows NT 10.0; Win64; x64; rv:109.0) Gecko/20100101 Firefox/118.0"
178.165.193.62 - - [11/Oct/2023:13:59:19 +0200] "GET /gui/javascript/form_form.js?1697025559 HTTP/1.1" 200 16206 "http://hausegger.activities.at/entry.php?id=10271&&ser=25498" "Mozilla/5.0 (Windows NT 10.0; Win64; x64; rv:109.0) Gecko/20100101 Firefox/118.0"
178.165.193.62 - - [11/Oct/2023:13:59:20 +0200] "GET /entry.php?id=10877&mode=loadSearchArticle&obj=article_4&tag=debit&refobject=10329300&value=1&ser=1697021334535 HTTP/1.1" 200 33289 "http://hausegger.activities.at/entry.php?id=10830&&object=10329300&account=&mode=documentdebitor" "Mozilla/5.0 (Windows NT 10.0; Win64; x64; rv:109.0) Gecko/20100101 Firefox/118.0"
178.165.193.62 - - [11/Oct/2023:13:59:21 +0200] "GET /entry.php?id=10877&mode=loadSearchArticle&obj=article_4&tag=debit&refobject=10329300&value=16&ser=1697021334807 HTTP/1.1" 200 3843 "http://hausegger.activities.at/entry.php?id=10830&&object=10329300&account=&mode=documentdebitor" "Mozilla/5.0 (Windows NT 10.0; Win64; x64; rv:109.0) Gecko/20100101 Firefox/118.0"
178.165.193.62 - - [11/Oct/2023:13:59:21 +0200] "GET /entry.php?id=10877&mode=loadSearchArticle&obj=article_4&tag=debit&refobject=10329300&value=160&ser=1697021334983 HTTP/1.1" 200 1625 "http://hausegger.activities.at/entry.php?id=10830&&object=10329300&account=&mode=documentdebitor" "Mozilla/5.0 (Windows NT 10.0; Win64; x64; rv:109.0) Gecko/20100101 Firefox/118.0"
178.165.193.62 - - [11/Oct/2023:13:59:21 +0200] "GET /entry.php?id=10877&mode=loadSearchArticle&obj=article_4&tag=debit&refobject=10329300&value=1601&ser=1697021335167 HTTP/1.1" 200 1195 "http://hausegger.activities.at/entry.php?id=10830&&object=10329300&account=&mode=documentdebitor" "Mozilla/5.0 (Windows NT 10.0; Win64; x64; rv:109.0) Gecko/20100101 Firefox/118.0"
178.165.193.62 - - [11/Oct/2023:13:59:21 +0200] "GET /entry.php?id=10877&mode=loadSearchArticle&obj=article_4&tag=debit&refobject=10329300&value=16016&ser=1697021335439 HTTP/1.1" 200 1080 "http://hausegger.activities.at/entry.php?id=10830&&object=10329300&account=&mode=documentdebitor" "Mozilla/5.0 (Windows NT 10.0; Win64; x64; rv:109.0) Gecko/20100101 Firefox/118.0"
178.165.193.62 - - [11/Oct/2023:13:59:21 +0200] "GET /entry.php?id=10877&mode=loadSearchArticle&obj=article_4&tag=debit&refobject=10329300&value=160160&ser=1697021335551 HTTP/1.1" 200 1080 "http://hausegger.activities.at/entry.php?id=10830&&object=10329300&account=&mode=documentdebitor" "Mozilla/5.0 (Windows NT 10.0; Win64; x64; rv:109.0) Gecko/20100101 Firefox/118.0"
156.59.198.136 - - [11/Oct/2023:13:59:33 +0200] "GET /renault.2web.at/htdocs/export/pdf/emuc_document/11184267.pdf HTTP/1.0" 404 318 "http://212.69.160.11:443/renault.2web.at/htdocs/export/pdf/emuc_document/" "Mozilla/5.0 (Linux; Android 5.0) AppleWebKit/537.36 (KHTML, like Gecko) Mobile Safari/537.36 (compatible; Bytespider; spider-feedback@bytedance.com)"
178.165.193.62 - - [11/Oct/2023:13:59:36 +0200] "POST /entry.php?id=10889 HTTP/1.1" 200 1990 "http://hausegger.activities.at/entry.php?id=10889" "Mozilla/5.0 (Windows NT 10.0; Win64; x64; rv:109.0) Gecko/20100101 Firefox/118.0"
178.165.193.62 - - [11/Oct/2023:13:59:36 +0200] "GET /gui/javascript/form_form.js?1697025576 HTTP/1.1" 200 16206 "http://hausegger.activities.at/entry.php?id=10889" "Mozilla/5.0 (Windows NT 10.0; Win64; x64; rv:109.0) Gecko/20100101 Firefox/118.0"
178.165.193.62 - - [11/Oct/2023:13:59:36 +0200] "POST /entry.php?id=10889 HTTP/1.1" 200 1753 "http://hausegger.activities.at/entry.php?id=10889" "Mozilla/5.0 (Windows NT 10.0; Win64; x64; rv:109.0) Gecko/20100101 Firefox/118.0"
178.165.193.62 - - [11/Oct/2023:13:59:37 +0200] "GET /gui/javascript/form_form.js?1697025577 HTTP/1.1" 200 16206 "http://hausegger.activities.at/entry.php?id=10889" "Mozilla/5.0 (Windows NT 10.0; Win64; x64; rv:109.0) Gecko/20100101 Firefox/118.0"
178.165.193.62 - - [11/Oct/2023:13:59:44 +0200] "POST /entry.php?id=10889 HTTP/1.1" 200 1848 "http://hausegger.activities.at/entry.php?id=10889" "Mozilla/5.0 (Windows NT 10.0; Win64; x64; rv:109.0) Gecko/20100101 Firefox/118.0"
178.165.193.62 - - [11/Oct/2023:13:59:44 +0200] "GET /gui/javascript/form_form.js?1697025584 HTTP/1.1" 200 16206 "http://hausegger.activities.at/entry.php?id=10889" "Mozilla/5.0 (Windows NT 10.0; Win64; x64; rv:109.0) Gecko/20100101 Firefox/118.0"
178.165.193.62 - - [11/Oct/2023:13:59:53 +0200] "GET /entry.php?id=11270&document=10329300 HTTP/1.1" 200 1974 "http://hausegger.activities.at/entry.php?id=10828" "Mozilla/5.0 (Windows NT 10.0; Win64; x64; rv:109.0) Gecko/20100101 Firefox/118.0"
178.165.193.62 - - [11/Oct/2023:13:59:53 +0200] "GET /gui/javascript/form_bu_document.js?1697025593 HTTP/1.1" 200 2675 "http://hausegger.activities.at/entry.php?id=11270&document=10329300" "Mozilla/5.0 (Windows NT 10.0; Win64; x64; rv:109.0) Gecko/20100101 Firefox/118.0"
178.165.193.62 - - [11/Oct/2023:13:59:53 +0200] "GET /gui/javascript/form_form.js?1697025593 HTTP/1.1" 200 16206 "http://hausegger.activities.at/entry.php?id=11270&document=10329300" "Mozilla/5.0 (Windows NT 10.0; Win64; x64; rv:109.0) Gecko/20100101 Firefox/118.0"
178.165.193.62 - - [11/Oct/2023:13:59:53 +0200] "GET /framework/icons/ajax-loader-trans.gif HTTP/1.1" 200 3208 "http://hausegger.activities.at/gui/styles/tmplDefault.css" "Mozilla/5.0 (Windows NT 10.0; Win64; x64; rv:109.0) Gecko/20100101 Firefox/118.0"
178.165.193.62 - - [11/Oct/2023:13:59:53 +0200] "GET /entry.php?id=10877&mode=observePrint HTTP/1.1" 200 55 "http://hausegger.activities.at/entry.php?id=11270&document=10329300" "Mozilla/5.0 (Windows NT 10.0; Win64; x64; rv:109.0) Gecko/20100101 Firefox/118.0"
178.165.193.62 - - [11/Oct/2023:13:59:53 +0200] "GET /entry.php?id=11241&images=false&document=10329300 HTTP/1.1" 200 2374 "http://hausegger.activities.at/entry.php?id=11270&document=10329300" "Mozilla/5.0 (Windows NT 10.0; Win64; x64; rv:109.0) Gecko/20100101 Firefox/118.0"
156.59.198.136 - - [11/Oct/2023:13:59:58 +0200] "GET /renault.2web.at/htdocs/export/pdf/emuc_document/10748585.pdf HTTP/1.0" 404 319 "http://212.69.160.11:443/renault.2web.at/htdocs/export/pdf/emuc_document/" "Mozilla/5.0 (Linux; Android 5.0) AppleWebKit/537.36 (KHTML, like Gecko) Mobile Safari/537.36 (compatible; Bytespider; spider-feedback@bytedance.com)"
178.165.193.62 - - [11/Oct/2023:14:00:02 +0200] "GET /entry.php?id=10271&&ser=25541 HTTP/1.1" 200 986 "http://hausegger.activities.at/entry.php?id=10271&&ser=25480" "Mozilla/5.0 (Windows NT 10.0; Win64; x64) AppleWebKit/537.36 (KHTML, like Gecko) Chrome/117.0.0.0 Safari/537.36"
178.165.193.62 - - [11/Oct/2023:14:00:02 +0200] "GET /gui/javascript/form_form.js?1697025602 HTTP/1.1" 200 16206 "http://hausegger.activities.at/entry.php?id=10271&&ser=25541" "Mozilla/5.0 (Windows NT 10.0; Win64; x64) AppleWebKit/537.36 (KHTML, like Gecko) Chrome/117.0.0.0 Safari/537.36"
178.165.193.62 - - [11/Oct/2023:14:00:17 +0200] "POST /entry.php?id=10828 HTTP/1.1" 200 9331 "http://hausegger.activities.at/entry.php?id=10828" "Mozilla/5.0 (Windows NT 10.0; Win64; x64; rv:109.0) Gecko/20100101 Firefox/118.0"
178.165.193.62 - - [11/Oct/2023:14:00:18 +0200] "GET /gui/javascript/form_form.js?1697025618 HTTP/1.1" 200 16206 "http://hausegger.activities.at/entry.php?id=10828" "Mozilla/5.0 (Windows NT 10.0; Win64; x64; rv:109.0) Gecko/20100101 Firefox/118.0"
178.165.193.62 - - [11/Oct/2023:14:00:18 +0200] "GET /entry.php?id=10889&document_id=& HTTP/1.1" 200 1509 "http://hausegger.activities.at/entry.php?id=10828" "Mozilla/5.0 (Windows NT 10.0; Win64; x64; rv:109.0) Gecko/20100101 Firefox/118.0"
178.165.193.62 - - [11/Oct/2023:14:00:19 +0200] "GET /entry.php?id=10271&&ser=25559 HTTP/1.1" 200 986 "http://hausegger.activities.at/entry.php?id=10271&&ser=25498" "Mozilla/5.0 (Windows NT 10.0; Win64; x64; rv:109.0) Gecko/20100101 Firefox/118.0"
178.165.193.62 - - [11/Oct/2023:14:00:19 +0200] "GET /gui/javascript/form_form.js?1697025619 HTTP/1.1" 200 16206 "http://hausegger.activities.at/entry.php?id=10271&&ser=25559" "Mozilla/5.0 (Windows NT 10.0; Win64; x64; rv:109.0) Gecko/20100101 Firefox/118.0"
156.59.198.135 - - [11/Oct/2023:14:00:22 +0200] "GET /renault.2web.at/htdocs/export/pdf/emuc_document/11600418.pdf HTTP/1.0" 404 318 "http://212.69.160.11:443/renault.2web.at/htdocs/export/pdf/emuc_document/" "Mozilla/5.0 (Linux; Android 5.0) AppleWebKit/537.36 (KHTML, like Gecko) Mobile Safari/537.36 (compatible; Bytespider; spider-feedback@bytedance.com)"
178.165.193.62 - - [11/Oct/2023:14:00:22 +0200] "GET /entry.php?id=10877&mode=loadSearchCustomer&obj=number&tag=debitor&value=f&ser=1697021396551 HTTP/1.1" 200 325 "http://hausegger.activities.at/entry.php?id=10828" "Mozilla/5.0 (Windows NT 10.0; Win64; x64; rv:109.0) Gecko/20100101 Firefox/118.0"
178.165.193.62 - - [11/Oct/2023:14:00:23 +0200] "GET /entry.php?id=10877&mode=loadSearchCustomer&obj=number&tag=debitor&value=f.&ser=1697021397047 HTTP/1.1" 200 175 "http://hausegger.activities.at/entry.php?id=10828" "Mozilla/5.0 (Windows NT 10.0; Win64; x64; rv:109.0) Gecko/20100101 Firefox/118.0"
178.165.193.62 - - [11/Oct/2023:14:00:23 +0200] "POST /entry.php?id=10889 HTTP/1.1" 200 1760 "http://hausegger.activities.at/entry.php?id=10889&document_id=&" "Mozilla/5.0 (Windows NT 10.0; Win64; x64; rv:109.0) Gecko/20100101 Firefox/118.0"
178.165.193.62 - - [11/Oct/2023:14:00:24 +0200] "GET /gui/javascript/form_form.js?1697025624 HTTP/1.1" 200 16206 "http://hausegger.activities.at/entry.php?id=10889" "Mozilla/5.0 (Windows NT 10.0; Win64; x64; rv:109.0) Gecko/20100101 Firefox/118.0"
178.165.193.62 - - [11/Oct/2023:14:00:34 +0200] "POST /entry.php?id=10828 HTTP/1.1" 200 8732 "http://hausegger.activities.at/entry.php?id=10828" "Mozilla/5.0 (Windows NT 10.0; Win64; x64; rv:109.0) Gecko/20100101 Firefox/118.0"
178.165.193.62 - - [11/Oct/2023:14:00:34 +0200] "GET /gui/javascript/form_form.js?1697025634 HTTP/1.1" 200 16206 "http://hausegger.activities.at/entry.php?id=10828" "Mozilla/5.0 (Windows NT 10.0; Win64; x64; rv:109.0) Gecko/20100101 Firefox/118.0"
178.165.193.62 - - [11/Oct/2023:14:00:34 +0200] "GET /entry.php?id=10889&document_id=10329306& HTTP/1.1" 200 1509 "http://hausegger.activities.at/entry.php?id=10828" "Mozilla/5.0 (Windows NT 10.0; Win64; x64; rv:109.0) Gecko/20100101 Firefox/118.0"
178.165.193.62 - - [11/Oct/2023:14:00:35 +0200] "GET /gui/javascript/form_form.js?1697025635 HTTP/1.1" 200 16206 "http://hausegger.activities.at/entry.php?id=10889&document_id=10329306&" "Mozilla/5.0 (Windows NT 10.0; Win64; x64; rv:109.0) Gecko/20100101 Firefox/118.0"
178.165.193.62 - - [11/Oct/2023:14:00:35 +0200] "POST /entry.php?id=10828 HTTP/1.1" 200 4990 "http://hausegger.activities.at/entry.php?id=10828" "Mozilla/5.0 (Windows NT 10.0; Win64; x64; rv:109.0) Gecko/20100101 Firefox/118.0"
178.165.193.62 - - [11/Oct/2023:14:00:35 +0200] "GET /entry.php?id=10889&document_id=10329306& HTTP/1.1" 200 1509 "http://hausegger.activities.at/entry.php?id=10828" "Mozilla/5.0 (Windows NT 10.0; Win64; x64; rv:109.0) Gecko/20100101 Firefox/118.0"
178.165.193.62 - - [11/Oct/2023:14:00:40 +0200] "POST /entry.php?id=10828 HTTP/1.1" 200 5007 "http://hausegger.activities.at/entry.php?id=10828" "Mozilla/5.0 (Windows NT 10.0; Win64; x64; rv:109.0) Gecko/20100101 Firefox/118.0"
178.165.193.62 - - [11/Oct/2023:14:00:40 +0200] "GET /gui/javascript/form_form.js?1697025640 HTTP/1.1" 200 16206 "http://hausegger.activities.at/entry.php?id=10828" "Mozilla/5.0 (Windows NT 10.0; Win64; x64; rv:109.0) Gecko/20100101 Firefox/118.0"
178.165.193.62 - - [11/Oct/2023:14:00:40 +0200] "GET /entry.php?id=10889&document_id=10329306& HTTP/1.1" 200 1509 "http://hausegger.activities.at/entry.php?id=10828" "Mozilla/5.0 (Windows NT 10.0; Win64; x64; rv:109.0) Gecko/20100101 Firefox/118.0"
178.165.193.62 - - [11/Oct/2023:14:00:41 +0200] "POST /entry.php?id=10828 HTTP/1.1" 200 4793 "http://hausegger.activities.at/entry.php?id=10828" "Mozilla/5.0 (Windows NT 10.0; Win64; x64; rv:109.0) Gecko/20100101 Firefox/118.0"
178.165.193.62 - - [11/Oct/2023:14:00:41 +0200] "GET /gui/javascript/form_form.js?1697025641 HTTP/1.1" 200 16206 "http://hausegger.activities.at/entry.php?id=10828" "Mozilla/5.0 (Windows NT 10.0; Win64; x64; rv:109.0) Gecko/20100101 Firefox/118.0"
178.165.193.62 - - [11/Oct/2023:14:00:41 +0200] "GET /entry.php?id=10830&&object=10329306&account=&mode=documentdebitor HTTP/1.1" 200 3132 "http://hausegger.activities.at/entry.php?id=10828" "Mozilla/5.0 (Windows NT 10.0; Win64; x64; rv:109.0) Gecko/20100101 Firefox/118.0"
178.165.193.62 - - [11/Oct/2023:14:00:42 +0200] "GET /gui/javascript/form_form.js?1697025642 HTTP/1.1" 200 16206 "http://hausegger.activities.at/entry.php?id=10830&&object=10329306&account=&mode=documentdebitor" "Mozilla/5.0 (Windows NT 10.0; Win64; x64; rv:109.0) Gecko/20100101 Firefox/118.0"
178.165.193.62 - - [11/Oct/2023:14:00:42 +0200] "GET /entry.php?id=10889&document_id=10329306& HTTP/1.1" 200 1509 "http://hausegger.activities.at/entry.php?id=10828" "Mozilla/5.0 (Windows NT 10.0; Win64; x64; rv:109.0) Gecko/20100101 Firefox/118.0"
178.165.193.62 - - [11/Oct/2023:14:00:43 +0200] "POST /entry.php?id=10889 HTTP/1.1" 200 1581 "http://hausegger.activities.at/entry.php?id=10889&document_id=10329306&" "Mozilla/5.0 (Windows NT 10.0; Win64; x64; rv:109.0) Gecko/20100101 Firefox/118.0"
178.165.193.62 - - [11/Oct/2023:14:00:43 +0200] "GET /gui/javascript/form_form.js?1697025643 HTTP/1.1" 200 16206 "http://hausegger.activities.at/entry.php?id=10889" "Mozilla/5.0 (Windows NT 10.0; Win64; x64; rv:109.0) Gecko/20100101 Firefox/118.0"
178.165.193.62 - - [11/Oct/2023:14:00:44 +0200] "GET /entry.php?id=10877&mode=loadSearchArticle&obj=article_1&tag=debit&refobject=10329306&value=5&ser=1697021418495 HTTP/1.1" 200 3086 "http://hausegger.activities.at/entry.php?id=10830&&object=10329306&account=&mode=documentdebitor" "Mozilla/5.0 (Windows NT 10.0; Win64; x64; rv:109.0) Gecko/20100101 Firefox/118.0"
178.165.193.62 - - [11/Oct/2023:14:00:45 +0200] "GET /entry.php?id=10877&mode=loadSearchArticle&obj=article_1&tag=debit&refobject=10329306&value=59&ser=1697021419071 HTTP/1.1" 200 669 "http://hausegger.activities.at/entry.php?id=10830&&object=10329306&account=&mode=documentdebitor" "Mozilla/5.0 (Windows NT 10.0; Win64; x64; rv:109.0) Gecko/20100101 Firefox/118.0"
178.165.193.62 - - [11/Oct/2023:14:00:45 +0200] "GET /entry.php?id=10877&mode=loadSearchArticle&obj=article_1&tag=debit&refobject=10329306&value=598&ser=1697021419246 HTTP/1.1" 200 268 "http://hausegger.activities.at/entry.php?id=10830&&object=10329306&account=&mode=documentdebitor" "Mozilla/5.0 (Windows NT 10.0; Win64; x64; rv:109.0) Gecko/20100101 Firefox/118.0"
178.165.193.62 - - [11/Oct/2023:14:00:47 +0200] "POST /entry.php?id=10889 HTTP/1.1" 200 1898 "http://hausegger.activities.at/entry.php?id=10889" "Mozilla/5.0 (Windows NT 10.0; Win64; x64; rv:109.0) Gecko/20100101 Firefox/118.0"
178.165.193.62 - - [11/Oct/2023:14:00:47 +0200] "GET /gui/javascript/form_form.js?1697025647 HTTP/1.1" 200 16206 "http://hausegger.activities.at/entry.php?id=10889" "Mozilla/5.0 (Windows NT 10.0; Win64; x64; rv:109.0) Gecko/20100101 Firefox/118.0"
156.59.198.135 - - [11/Oct/2023:14:00:47 +0200] "GET /renault.2web.at/htdocs/export/pdf/emuc_document/11851296.pdf HTTP/1.0" 404 318 "http://212.69.160.11:443/renault.2web.at/htdocs/export/pdf/emuc_document/" "Mozilla/5.0 (Linux; Android 5.0) AppleWebKit/537.36 (KHTML, like Gecko) Mobile Safari/537.36 (compatible; Bytespider; spider-feedback@bytedance.com)"
178.165.193.62 - - [11/Oct/2023:14:00:47 +0200] "POST /entry.php?id=10889 HTTP/1.1" 200 1677 "http://hausegger.activities.at/entry.php?id=10889" "Mozilla/5.0 (Windows NT 10.0; Win64; x64; rv:109.0) Gecko/20100101 Firefox/118.0"
178.165.193.62 - - [11/Oct/2023:14:00:48 +0200] "GET /gui/javascript/form_form.js?1697025648 HTTP/1.1" 200 16206 "http://hausegger.activities.at/entry.php?id=10889" "Mozilla/5.0 (Windows NT 10.0; Win64; x64; rv:109.0) Gecko/20100101 Firefox/118.0"
178.165.193.62 - - [11/Oct/2023:14:00:50 +0200] "POST /entry.php?id=10889 HTTP/1.1" 200 1820 "http://hausegger.activities.at/entry.php?id=10889" "Mozilla/5.0 (Windows NT 10.0; Win64; x64; rv:109.0) Gecko/20100101 Firefox/118.0"
178.165.193.62 - - [11/Oct/2023:14:00:50 +0200] "GET /gui/javascript/form_form.js?1697025650 HTTP/1.1" 200 16206 "http://hausegger.activities.at/entry.php?id=10889" "Mozilla/5.0 (Windows NT 10.0; Win64; x64; rv:109.0) Gecko/20100101 Firefox/118.0"
178.165.193.62 - - [11/Oct/2023:14:00:51 +0200] "GET /entry.php?id=11270&document=10329306 HTTP/1.1" 200 1975 "http://hausegger.activities.at/entry.php?id=10828" "Mozilla/5.0 (Windows NT 10.0; Win64; x64; rv:109.0) Gecko/20100101 Firefox/118.0"
178.165.193.62 - - [11/Oct/2023:14:00:52 +0200] "GET /gui/javascript/form_bu_document.js?1697025652 HTTP/1.1" 200 2675 "http://hausegger.activities.at/entry.php?id=11270&document=10329306" "Mozilla/5.0 (Windows NT 10.0; Win64; x64; rv:109.0) Gecko/20100101 Firefox/118.0"
178.165.193.62 - - [11/Oct/2023:14:00:52 +0200] "GET /gui/javascript/form_form.js?1697025652 HTTP/1.1" 200 16206 "http://hausegger.activities.at/entry.php?id=11270&document=10329306" "Mozilla/5.0 (Windows NT 10.0; Win64; x64; rv:109.0) Gecko/20100101 Firefox/118.0"
178.165.193.62 - - [11/Oct/2023:14:00:52 +0200] "GET /entry.php?id=10877&mode=observePrint HTTP/1.1" 200 55 "http://hausegger.activities.at/entry.php?id=11270&document=10329306" "Mozilla/5.0 (Windows NT 10.0; Win64; x64; rv:109.0) Gecko/20100101 Firefox/118.0"
178.165.193.62 - - [11/Oct/2023:14:00:52 +0200] "GET /entry.php?id=11241&images=false&document=10329306 HTTP/1.1" 200 2200 "http://hausegger.activities.at/entry.php?id=11270&document=10329306" "Mozilla/5.0 (Windows NT 10.0; Win64; x64; rv:109.0) Gecko/20100101 Firefox/118.0"
178.165.193.62 - - [11/Oct/2023:14:01:03 +0200] "GET /entry.php?id=10271&&ser=25602 HTTP/1.1" 200 987 "http://hausegger.activities.at/entry.php?id=10271&&ser=25541" "Mozilla/5.0 (Windows NT 10.0; Win64; x64) AppleWebKit/537.36 (KHTML, like Gecko) Chrome/117.0.0.0 Safari/537.36"
178.165.193.62 - - [11/Oct/2023:14:01:03 +0200] "GET /gui/javascript/form_form.js?1697025663 HTTP/1.1" 200 16206 "http://hausegger.activities.at/entry.php?id=10271&&ser=25602" "Mozilla/5.0 (Windows NT 10.0; Win64; x64) AppleWebKit/537.36 (KHTML, like Gecko) Chrome/117.0.0.0 Safari/537.36"
156.59.198.135 - - [11/Oct/2023:14:01:12 +0200] "GET /renault.2web.at/htdocs/export/pdf/emuc_document/11753923.pdf HTTP/1.0" 404 319 "http://212.69.160.11:443/renault.2web.at/htdocs/export/pdf/emuc_document/" "Mozilla/5.0 (Linux; Android 5.0) AppleWebKit/537.36 (KHTML, like Gecko) Mobile Safari/537.36 (compatible; Bytespider; spider-feedback@bytedance.com)"
178.165.193.62 - - [11/Oct/2023:14:01:20 +0200] "GET /entry.php?id=10271&&ser=25619 HTTP/1.1" 200 986 "http://hausegger.activities.at/entry.php?id=10271&&ser=25559" "Mozilla/5.0 (Windows NT 10.0; Win64; x64; rv:109.0) Gecko/20100101 Firefox/118.0"
178.165.193.62 - - [11/Oct/2023:14:01:20 +0200] "GET /gui/javascript/form_form.js?1697025680 HTTP/1.1" 200 16206 "http://hausegger.activities.at/entry.php?id=10271&&ser=25619" "Mozilla/5.0 (Windows NT 10.0; Win64; x64; rv:109.0) Gecko/20100101 Firefox/118.0"
156.59.198.136 - - [11/Oct/2023:14:01:39 +0200] "GET /renault.2web.at/htdocs/export/pdf/emuc_document/11890062.pdf HTTP/1.0" 404 318 "http://212.69.160.11:443/renault.2web.at/htdocs/export/pdf/emuc_document/" "Mozilla/5.0 (Linux; Android 5.0) AppleWebKit/537.36 (KHTML, like Gecko) Mobile Safari/537.36 (compatible; Bytespider; spider-feedback@bytedance.com)"
156.59.198.136 - - [11/Oct/2023:14:02:02 +0200] "GET /renault.2web.at/htdocs/export/pdf/emuc_document/11536906.pdf HTTP/1.0" 404 319 "http://212.69.160.11:443/renault.2web.at/htdocs/export/pdf/emuc_document/" "Mozilla/5.0 (Linux; Android 5.0) AppleWebKit/537.36 (KHTML, like Gecko) Mobile Safari/537.36 (compatible; Bytespider; spider-feedback@bytedance.com)"
178.165.193.62 - - [11/Oct/2023:14:02:04 +0200] "GET /entry.php?id=10271&&ser=25663 HTTP/1.1" 200 987 "http://hausegger.activities.at/entry.php?id=10271&&ser=25602" "Mozilla/5.0 (Windows NT 10.0; Win64; x64) AppleWebKit/537.36 (KHTML, like Gecko) Chrome/117.0.0.0 Safari/537.36"
178.165.193.62 - - [11/Oct/2023:14:02:04 +0200] "GET /gui/javascript/form_form.js?1697025724 HTTP/1.1" 200 16206 "http://hausegger.activities.at/entry.php?id=10271&&ser=25663" "Mozilla/5.0 (Windows NT 10.0; Win64; x64) AppleWebKit/537.36 (KHTML, like Gecko) Chrome/117.0.0.0 Safari/537.36"
178.165.193.62 - - [11/Oct/2023:14:02:20 +0200] "GET /entry.php?id=10271&&ser=25680 HTTP/1.1" 200 986 "http://hausegger.activities.at/entry.php?id=10271&&ser=25619" "Mozilla/5.0 (Windows NT 10.0; Win64; x64; rv:109.0) Gecko/20100101 Firefox/118.0"
178.165.193.62 - - [11/Oct/2023:14:02:20 +0200] "GET /gui/javascript/form_form.js?1697025740 HTTP/1.1" 200 16206 "http://hausegger.activities.at/entry.php?id=10271&&ser=25680" "Mozilla/5.0 (Windows NT 10.0; Win64; x64; rv:109.0) Gecko/20100101 Firefox/118.0"
156.59.198.136 - - [11/Oct/2023:14:02:27 +0200] "GET /renault.2web.at/htdocs/export/pdf/emuc_document/10424409.pdf HTTP/1.0" 404 318 "http://212.69.160.11:443/renault.2web.at/htdocs/export/pdf/emuc_document/" "Mozilla/5.0 (Linux; Android 5.0) AppleWebKit/537.36 (KHTML, like Gecko) Mobile Safari/537.36 (compatible; Bytespider; spider-feedback@bytedance.com)"
156.59.198.136 - - [11/Oct/2023:14:02:52 +0200] "GET /renault.2web.at/htdocs/export/pdf/emuc_document/10635396.pdf HTTP/1.0" 404 319 "http://212.69.160.11:443/renault.2web.at/htdocs/export/pdf/emuc_document/" "Mozilla/5.0 (Linux; Android 5.0) AppleWebKit/537.36 (KHTML, like Gecko) Mobile Safari/537.36 (compatible; Bytespider; spider-feedback@bytedance.com)"
178.165.193.62 - - [11/Oct/2023:14:03:05 +0200] "GET /entry.php?id=10271&&ser=25724 HTTP/1.1" 200 986 "http://hausegger.activities.at/entry.php?id=10271&&ser=25663" "Mozilla/5.0 (Windows NT 10.0; Win64; x64) AppleWebKit/537.36 (KHTML, like Gecko) Chrome/117.0.0.0 Safari/537.36"
178.165.193.62 - - [11/Oct/2023:14:03:05 +0200] "GET /gui/javascript/form_form.js?1697025785 HTTP/1.1" 200 16206 "http://hausegger.activities.at/entry.php?id=10271&&ser=25724" "Mozilla/5.0 (Windows NT 10.0; Win64; x64) AppleWebKit/537.36 (KHTML, like Gecko) Chrome/117.0.0.0 Safari/537.36"
156.59.198.136 - - [11/Oct/2023:14:03:17 +0200] "GET /renault.2web.at/htdocs/export/pdf/emuc_document/11054451.pdf HTTP/1.0" 404 318 "http://212.69.160.11:443/renault.2web.at/htdocs/export/pdf/emuc_document/" "Mozilla/5.0 (Linux; Android 5.0) AppleWebKit/537.36 (KHTML, like Gecko) Mobile Safari/537.36 (compatible; Bytespider; spider-feedback@bytedance.com)"
178.165.193.62 - - [11/Oct/2023:14:03:20 +0200] "GET /entry.php?id=10271&&ser=25740 HTTP/1.1" 200 986 "http://hausegger.activities.at/entry.php?id=10271&&ser=25680" "Mozilla/5.0 (Windows NT 10.0; Win64; x64; rv:109.0) Gecko/20100101 Firefox/118.0"
178.165.193.62 - - [11/Oct/2023:14:03:20 +0200] "GET /gui/javascript/form_form.js?1697025800 HTTP/1.1" 200 16206 "http://hausegger.activities.at/entry.php?id=10271&&ser=25740" "Mozilla/5.0 (Windows NT 10.0; Win64; x64; rv:109.0) Gecko/20100101 Firefox/118.0"
178.165.193.62 - - [11/Oct/2023:14:03:36 +0200] "GET /entry.php?id=10831 HTTP/1.1" 200 8822 "http://hausegger.activities.at/entry.php?id=10270&__app__=10006038" "Mozilla/5.0 (Windows NT 10.0; Win64; x64; rv:109.0) Gecko/20100101 Firefox/118.0"
178.165.193.62 - - [11/Oct/2023:14:03:36 +0200] "GET /gui/javascript/form_bu_job_processing.js HTTP/1.1" 304 - "http://hausegger.activities.at/entry.php?id=10831" "Mozilla/5.0 (Windows NT 10.0; Win64; x64; rv:109.0) Gecko/20100101 Firefox/118.0"
178.165.193.62 - - [11/Oct/2023:14:03:36 +0200] "GET /framework/webfx/javascript/popupcalendar/popcalendar.js HTTP/1.1" 304 - "http://hausegger.activities.at/entry.php?id=10831" "Mozilla/5.0 (Windows NT 10.0; Win64; x64; rv:109.0) Gecko/20100101 Firefox/118.0"
178.165.193.62 - - [11/Oct/2023:14:03:36 +0200] "GET /gui/javascript/form_form.js?1697025816 HTTP/1.1" 200 16206 "http://hausegger.activities.at/entry.php?id=10831" "Mozilla/5.0 (Windows NT 10.0; Win64; x64; rv:109.0) Gecko/20100101 Firefox/118.0"
178.165.193.62 - - [11/Oct/2023:14:03:36 +0200] "GET /framework/icons/popupcalendar/drop1.gif HTTP/1.1" 304 - "http://hausegger.activities.at/entry.php?id=10831" "Mozilla/5.0 (Windows NT 10.0; Win64; x64; rv:109.0) Gecko/20100101 Firefox/118.0"
178.165.193.62 - - [11/Oct/2023:14:03:36 +0200] "GET /framework/icons/popupcalendar/drop2.gif HTTP/1.1" 304 - "http://hausegger.activities.at/entry.php?id=10831" "Mozilla/5.0 (Windows NT 10.0; Win64; x64; rv:109.0) Gecko/20100101 Firefox/118.0"
178.165.193.62 - - [11/Oct/2023:14:03:36 +0200] "GET /framework/icons/popupcalendar/left1.gif HTTP/1.1" 304 - "http://hausegger.activities.at/entry.php?id=10831" "Mozilla/5.0 (Windows NT 10.0; Win64; x64; rv:109.0) Gecko/20100101 Firefox/118.0"
178.165.193.62 - - [11/Oct/2023:14:03:36 +0200] "GET /framework/icons/popupcalendar/close.gif HTTP/1.1" 304 - "http://hausegger.activities.at/entry.php?id=10831" "Mozilla/5.0 (Windows NT 10.0; Win64; x64; rv:109.0) Gecko/20100101 Firefox/118.0"
178.165.193.62 - - [11/Oct/2023:14:03:36 +0200] "GET /framework/icons/popupcalendar/right1.gif HTTP/1.1" 304 - "http://hausegger.activities.at/entry.php?id=10831" "Mozilla/5.0 (Windows NT 10.0; Win64; x64; rv:109.0) Gecko/20100101 Firefox/118.0"
178.165.193.62 - - [11/Oct/2023:14:03:36 +0200] "GET /framework/icons/popupcalendar/right2.gif HTTP/1.1" 304 - "http://hausegger.activities.at/entry.php?id=10831" "Mozilla/5.0 (Windows NT 10.0; Win64; x64; rv:109.0) Gecko/20100101 Firefox/118.0"
178.165.193.62 - - [11/Oct/2023:14:03:36 +0200] "GET /framework/icons/popupcalendar/left2.gif HTTP/1.1" 304 - "http://hausegger.activities.at/entry.php?id=10831" "Mozilla/5.0 (Windows NT 10.0; Win64; x64; rv:109.0) Gecko/20100101 Firefox/118.0"
178.165.193.62 - - [11/Oct/2023:14:03:36 +0200] "GET /entry.php?id=10889&document_id=& HTTP/1.1" 200 1509 "http://hausegger.activities.at/entry.php?id=10831" "Mozilla/5.0 (Windows NT 10.0; Win64; x64; rv:109.0) Gecko/20100101 Firefox/118.0"
178.165.193.62 - - [11/Oct/2023:14:03:38 +0200] "POST /entry.php?id=10831 HTTP/1.1" 200 8905 "http://hausegger.activities.at/entry.php?id=10831" "Mozilla/5.0 (Windows NT 10.0; Win64; x64; rv:109.0) Gecko/20100101 Firefox/118.0"
178.165.193.62 - - [11/Oct/2023:14:03:38 +0200] "GET /gui/javascript/form_form.js?1697025818 HTTP/1.1" 200 16206 "http://hausegger.activities.at/entry.php?id=10831" "Mozilla/5.0 (Windows NT 10.0; Win64; x64; rv:109.0) Gecko/20100101 Firefox/118.0"
178.165.193.62 - - [11/Oct/2023:14:03:38 +0200] "GET /entry.php?id=10889&document_id=& HTTP/1.1" 200 1509 "http://hausegger.activities.at/entry.php?id=10831" "Mozilla/5.0 (Windows NT 10.0; Win64; x64; rv:109.0) Gecko/20100101 Firefox/118.0"
178.165.193.62 - - [11/Oct/2023:14:03:41 +0200] "GET /entry.php?id=10877&mode=loadSearchCustomer&obj=number&tag=kreditor&value=f&ser=1697021595567 HTTP/1.1" 200 325 "http://hausegger.activities.at/entry.php?id=10831" "Mozilla/5.0 (Windows NT 10.0; Win64; x64; rv:109.0) Gecko/20100101 Firefox/118.0"
178.165.193.62 - - [11/Oct/2023:14:03:42 +0200] "GET /entry.php?id=10877&mode=loadSearchCustomer&obj=number&tag=kreditor&value=f.&ser=1697021596047 HTTP/1.1" 200 175 "http://hausegger.activities.at/entry.php?id=10831" "Mozilla/5.0 (Windows NT 10.0; Win64; x64; rv:109.0) Gecko/20100101 Firefox/118.0"
156.59.198.136 - - [11/Oct/2023:14:03:42 +0200] "GET /renault.2web.at/htdocs/export/pdf/emuc_document/11818814.pdf HTTP/1.0" 404 318 "http://212.69.160.11:443/renault.2web.at/htdocs/export/pdf/emuc_document/" "Mozilla/5.0 (Linux; Android 5.0) AppleWebKit/537.36 (KHTML, like Gecko) Mobile Safari/537.36 (compatible; Bytespider; spider-feedback@bytedance.com)"
178.165.193.62 - - [11/Oct/2023:14:03:43 +0200] "POST /entry.php?id=10889 HTTP/1.1" 200 1761 "http://hausegger.activities.at/entry.php?id=10889&document_id=&" "Mozilla/5.0 (Windows NT 10.0; Win64; x64; rv:109.0) Gecko/20100101 Firefox/118.0"
178.165.193.62 - - [11/Oct/2023:14:03:43 +0200] "GET /gui/javascript/form_form.js?1697025823 HTTP/1.1" 200 16206 "http://hausegger.activities.at/entry.php?id=10889" "Mozilla/5.0 (Windows NT 10.0; Win64; x64; rv:109.0) Gecko/20100101 Firefox/118.0"
178.165.193.62 - - [11/Oct/2023:14:03:58 +0200] "POST /entry.php?id=10831 HTTP/1.1" 200 8340 "http://hausegger.activities.at/entry.php?id=10831" "Mozilla/5.0 (Windows NT 10.0; Win64; x64; rv:109.0) Gecko/20100101 Firefox/118.0"
178.165.193.62 - - [11/Oct/2023:14:03:59 +0200] "GET /gui/javascript/form_form.js?1697025839 HTTP/1.1" 200 16206 "http://hausegger.activities.at/entry.php?id=10831" "Mozilla/5.0 (Windows NT 10.0; Win64; x64; rv:109.0) Gecko/20100101 Firefox/118.0"
178.165.193.62 - - [11/Oct/2023:14:03:59 +0200] "GET /entry.php?id=10889&document_id=10329309& HTTP/1.1" 200 1509 "http://hausegger.activities.at/entry.php?id=10831" "Mozilla/5.0 (Windows NT 10.0; Win64; x64; rv:109.0) Gecko/20100101 Firefox/118.0"
178.165.193.62 - - [11/Oct/2023:14:04:00 +0200] "POST /entry.php?id=10831 HTTP/1.1" 200 4677 "http://hausegger.activities.at/entry.php?id=10831" "Mozilla/5.0 (Windows NT 10.0; Win64; x64; rv:109.0) Gecko/20100101 Firefox/118.0"
178.165.193.62 - - [11/Oct/2023:14:04:00 +0200] "GET /gui/javascript/form_form.js?1697025840 HTTP/1.1" 200 16206 "http://hausegger.activities.at/entry.php?id=10831" "Mozilla/5.0 (Windows NT 10.0; Win64; x64; rv:109.0) Gecko/20100101 Firefox/118.0"
178.165.193.62 - - [11/Oct/2023:14:04:00 +0200] "GET /entry.php?id=10889&document_id=10329309& HTTP/1.1" 200 1509 "http://hausegger.activities.at/entry.php?id=10831" "Mozilla/5.0 (Windows NT 10.0; Win64; x64; rv:109.0) Gecko/20100101 Firefox/118.0"
178.165.193.62 - - [11/Oct/2023:14:04:00 +0200] "GET /entry.php?id=10830&&object=10329309&account=&mode=documentkreditor HTTP/1.1" 200 3136 "http://hausegger.activities.at/entry.php?id=10831" "Mozilla/5.0 (Windows NT 10.0; Win64; x64; rv:109.0) Gecko/20100101 Firefox/118.0"
178.165.193.62 - - [11/Oct/2023:14:04:01 +0200] "POST /entry.php?id=10889 HTTP/1.1" 200 1580 "http://hausegger.activities.at/entry.php?id=10889&document_id=10329309&" "Mozilla/5.0 (Windows NT 10.0; Win64; x64; rv:109.0) Gecko/20100101 Firefox/118.0"
178.165.193.62 - - [11/Oct/2023:14:04:01 +0200] "GET /gui/javascript/form_form.js?1697025841 HTTP/1.1" 200 16206 "http://hausegger.activities.at/entry.php?id=10889" "Mozilla/5.0 (Windows NT 10.0; Win64; x64; rv:109.0) Gecko/20100101 Firefox/118.0"
178.165.193.62 - - [11/Oct/2023:14:04:03 +0200] "GET /entry.php?id=10877&mode=loadSearchArticle&obj=article_1&tag=kredit&refobject=10329309&value=1&ser=1697021617623 HTTP/1.1" 200 33289 "http://hausegger.activities.at/entry.php?id=10830&&object=10329309&account=&mode=documentkreditor" "Mozilla/5.0 (Windows NT 10.0; Win64; x64; rv:109.0) Gecko/20100101 Firefox/118.0"
178.165.193.62 - - [11/Oct/2023:14:04:04 +0200] "GET /entry.php?id=10877&mode=loadSearchArticle&obj=article_1&tag=kredit&refobject=10329309&value=12&ser=1697021617807 HTTP/1.1" 200 13200 "http://hausegger.activities.at/entry.php?id=10830&&object=10329309&account=&mode=documentkreditor" "Mozilla/5.0 (Windows NT 10.0; Win64; x64; rv:109.0) Gecko/20100101 Firefox/118.0"
