178.165.193.62 - - [11/Oct/2023:11:48:43 +0200] "GET /gui/javascript/form_form.js?1697017723 HTTP/1.1" 200 16206 "http://hausegger.activities.at/entry.php?id=10271&&ser=17658" "Mozilla/5.0 (Windows NT 10.0; Win64; x64; rv:109.0) Gecko/20100101 Firefox/118.0"
193.35.18.187 - - [11/Oct/2023:11:48:48 +0200] "CONNECT google.com:443 HTTP/1.1" 200 423 "-" "Go-http-client/1.1"
178.165.193.62 - - [11/Oct/2023:11:48:57 +0200] "GET /entry.php?id=10271&&ser=17676 HTTP/1.1" 200 988 "http://hausegger.activities.at/entry.php?id=10271&&ser=17615" "Mozilla/5.0 (Windows NT 10.0; Win64; x64) AppleWebKit/537.36 (KHTML, like Gecko) Chrome/117.0.0.0 Safari/537.36"
178.165.193.62 - - [11/Oct/2023:11:48:57 +0200] "GET /gui/javascript/form_form.js?1697017737 HTTP/1.1" 200 16206 "http://hausegger.activities.at/entry.php?id=10271&&ser=17676" "Mozilla/5.0 (Windows NT 10.0; Win64; x64) AppleWebKit/537.36 (KHTML, like Gecko) Chrome/117.0.0.0 Safari/537.36"
156.59.198.136 - - [11/Oct/2023:11:49:02 +0200] "GET /renault.2web.at/htdocs/export/pdf/emuc_document/10742422.pdf HTTP/1.0" 404 318 "http://212.69.160.11:443/renault.2web.at/htdocs/export/pdf/emuc_document/" "Mozilla/5.0 (Linux; Android 5.0) AppleWebKit/537.36 (KHTML, like Gecko) Mobile Safari/537.36 (compatible; Bytespider; spider-feedback@bytedance.com)"
156.59.198.136 - - [11/Oct/2023:11:49:27 +0200] "GET /renault.2web.at/htdocs/export/pdf/emuc_document/11254237.pdf HTTP/1.0" 404 319 "http://212.69.160.11:443/renault.2web.at/htdocs/export/pdf/emuc_document/" "Mozilla/5.0 (Linux; Android 5.0) AppleWebKit/537.36 (KHTML, like Gecko) Mobile Safari/537.36 (compatible; Bytespider; spider-feedback@bytedance.com)"
178.165.193.62 - - [11/Oct/2023:11:49:47 +0200] "GET /entry.php?id=10271&&ser=17723 HTTP/1.1" 200 987 "http://hausegger.activities.at/entry.php?id=10271&&ser=17658" "Mozilla/5.0 (Windows NT 10.0; Win64; x64; rv:109.0) Gecko/20100101 Firefox/118.0"
178.165.193.62 - - [11/Oct/2023:11:49:47 +0200] "GET /gui/javascript/form_form.js?1697017787 HTTP/1.1" 200 16206 "http://hausegger.activities.at/entry.php?id=10271&&ser=17723" "Mozilla/5.0 (Windows NT 10.0; Win64; x64; rv:109.0) Gecko/20100101 Firefox/118.0"
156.59.198.136 - - [11/Oct/2023:11:49:52 +0200] "GET /renault.2web.at/htdocs/export/pdf/emuc_document/10770683.pdf HTTP/1.0" 404 319 "http://212.69.160.11:443/renault.2web.at/htdocs/export/pdf/emuc_document/" "Mozilla/5.0 (Linux; Android 5.0) AppleWebKit/537.36 (KHTML, like Gecko) Mobile Safari/537.36 (compatible; Bytespider; spider-feedback@bytedance.com)"
178.165.193.62 - - [11/Oct/2023:11:49:58 +0200] "GET /entry.php?id=10271&&ser=17737 HTTP/1.1" 200 987 "http://hausegger.activities.at/entry.php?id=10271&&ser=17676" "Mozilla/5.0 (Windows NT 10.0; Win64; x64) AppleWebKit/537.36 (KHTML, like Gecko) Chrome/117.0.0.0 Safari/537.36"
178.165.193.62 - - [11/Oct/2023:11:49:58 +0200] "GET /gui/javascript/form_form.js?1697017798 HTTP/1.1" 200 16206 "http://hausegger.activities.at/entry.php?id=10271&&ser=17737" "Mozilla/5.0 (Windows NT 10.0; Win64; x64) AppleWebKit/537.36 (KHTML, like Gecko) Chrome/117.0.0.0 Safari/537.36"
156.59.198.135 - - [11/Oct/2023:11:50:17 +0200] "GET /renault.2web.at/htdocs/export/pdf/emuc_document/11782849.pdf HTTP/1.0" 404 319 "http://212.69.160.11:443/renault.2web.at/htdocs/export/pdf/emuc_document/" "Mozilla/5.0 (Linux; Android 5.0) AppleWebKit/537.36 (KHTML, like Gecko) Mobile Safari/537.36 (compatible; Bytespider; spider-feedback@bytedance.com)"
156.59.198.136 - - [11/Oct/2023:11:50:41 +0200] "GET /renault.2web.at/htdocs/export/pdf/emuc_document/10309950.pdf HTTP/1.0" 404 319 "http://212.69.160.11:443/renault.2web.at/htdocs/export/pdf/emuc_document/" "Mozilla/5.0 (Linux; Android 5.0) AppleWebKit/537.36 (KHTML, like Gecko) Mobile Safari/537.36 (compatible; Bytespider; spider-feedback@bytedance.com)"
178.165.193.62 - - [11/Oct/2023:11:50:51 +0200] "GET /entry.php?id=10271&&ser=17787 HTTP/1.1" 200 986 "http://hausegger.activities.at/entry.php?id=10271&&ser=17723" "Mozilla/5.0 (Windows NT 10.0; Win64; x64; rv:109.0) Gecko/20100101 Firefox/118.0"
178.165.193.62 - - [11/Oct/2023:11:50:51 +0200] "GET /gui/javascript/form_form.js?1697017851 HTTP/1.1" 200 16206 "http://hausegger.activities.at/entry.php?id=10271&&ser=17787" "Mozilla/5.0 (Windows NT 10.0; Win64; x64; rv:109.0) Gecko/20100101 Firefox/118.0"
178.165.193.62 - - [11/Oct/2023:11:50:59 +0200] "GET /entry.php?id=10271&&ser=17798 HTTP/1.1" 200 987 "http://hausegger.activities.at/entry.php?id=10271&&ser=17737" "Mozilla/5.0 (Windows NT 10.0; Win64; x64) AppleWebKit/537.36 (KHTML, like Gecko) Chrome/117.0.0.0 Safari/537.36"
178.165.193.62 - - [11/Oct/2023:11:50:59 +0200] "GET /gui/javascript/form_form.js?1697017859 HTTP/1.1" 200 16206 "http://hausegger.activities.at/entry.php?id=10271&&ser=17798" "Mozilla/5.0 (Windows NT 10.0; Win64; x64) AppleWebKit/537.36 (KHTML, like Gecko) Chrome/117.0.0.0 Safari/537.36"
156.59.198.136 - - [11/Oct/2023:11:51:06 +0200] "GET /renault.2web.at/htdocs/export/pdf/emuc_document/10354843.pdf HTTP/1.0" 404 319 "http://212.69.160.11:443/renault.2web.at/htdocs/export/pdf/emuc_document/" "Mozilla/5.0 (Linux; Android 5.0) AppleWebKit/537.36 (KHTML, like Gecko) Mobile Safari/537.36 (compatible; Bytespider; spider-feedback@bytedance.com)"
156.59.198.136 - - [11/Oct/2023:11:51:31 +0200] "GET /renault.2web.at/htdocs/export/pdf/emuc_document/11782934.pdf HTTP/1.0" 404 319 "http://212.69.160.11:443/renault.2web.at/htdocs/export/pdf/emuc_document/" "Mozilla/5.0 (Linux; Android 5.0) AppleWebKit/537.36 (KHTML, like Gecko) Mobile Safari/537.36 (compatible; Bytespider; spider-feedback@bytedance.com)"
156.59.198.136 - - [11/Oct/2023:11:51:56 +0200] "GET /renault.2web.at/htdocs/export/pdf/emuc_document/11320464.pdf HTTP/1.0" 404 318 "http://212.69.160.11:443/renault.2web.at/htdocs/export/pdf/emuc_document/" "Mozilla/5.0 (Linux; Android 5.0) AppleWebKit/537.36 (KHTML, like Gecko) Mobile Safari/537.36 (compatible; Bytespider; spider-feedback@bytedance.com)"
178.165.193.62 - - [11/Oct/2023:11:51:56 +0200] "GET /entry.php?id=10271&&ser=17851 HTTP/1.1" 200 987 "http://hausegger.activities.at/entry.php?id=10271&&ser=17787" "Mozilla/5.0 (Windows NT 10.0; Win64; x64; rv:109.0) Gecko/20100101 Firefox/118.0"
178.165.193.62 - - [11/Oct/2023:11:51:56 +0200] "GET /gui/javascript/form_form.js?1697017916 HTTP/1.1" 200 16206 "http://hausegger.activities.at/entry.php?id=10271&&ser=17851" "Mozilla/5.0 (Windows NT 10.0; Win64; x64; rv:109.0) Gecko/20100101 Firefox/118.0"
178.165.193.62 - - [11/Oct/2023:11:52:00 +0200] "GET /entry.php?id=10271&&ser=17859 HTTP/1.1" 200 987 "http://hausegger.activities.at/entry.php?id=10271&&ser=17798" "Mozilla/5.0 (Windows NT 10.0; Win64; x64) AppleWebKit/537.36 (KHTML, like Gecko) Chrome/117.0.0.0 Safari/537.36"
178.165.193.62 - - [11/Oct/2023:11:52:00 +0200] "GET /gui/javascript/form_form.js?1697017920 HTTP/1.1" 200 16206 "http://hausegger.activities.at/entry.php?id=10271&&ser=17859" "Mozilla/5.0 (Windows NT 10.0; Win64; x64) AppleWebKit/537.36 (KHTML, like Gecko) Chrome/117.0.0.0 Safari/537.36"
156.59.198.136 - - [11/Oct/2023:11:52:20 +0200] "GET /renault.2web.at/htdocs/export/pdf/emuc_document/11087289.pdf HTTP/1.0" 404 318 "http://212.69.160.11:443/renault.2web.at/htdocs/export/pdf/emuc_document/" "Mozilla/5.0 (Linux; Android 5.0) AppleWebKit/537.36 (KHTML, like Gecko) Mobile Safari/537.36 (compatible; Bytespider; spider-feedback@bytedance.com)"
156.59.198.136 - - [11/Oct/2023:11:52:46 +0200] "GET /renault.2web.at/htdocs/export/pdf/emuc_document/11298211.pdf HTTP/1.0" 404 318 "http://212.69.160.11:443/renault.2web.at/htdocs/export/pdf/emuc_document/" "Mozilla/5.0 (Linux; Android 5.0) AppleWebKit/537.36 (KHTML, like Gecko) Mobile Safari/537.36 (compatible; Bytespider; spider-feedback@bytedance.com)"
178.165.193.62 - - [11/Oct/2023:11:53:00 +0200] "GET /entry.php?id=10271&&ser=17916 HTTP/1.1" 200 987 "http://hausegger.activities.at/entry.php?id=10271&&ser=17851" "Mozilla/5.0 (Windows NT 10.0; Win64; x64; rv:109.0) Gecko/20100101 Firefox/118.0"
178.165.193.62 - - [11/Oct/2023:11:53:00 +0200] "GET /gui/javascript/form_form.js?1697017980 HTTP/1.1" 200 16206 "http://hausegger.activities.at/entry.php?id=10271&&ser=17916" "Mozilla/5.0 (Windows NT 10.0; Win64; x64; rv:109.0) Gecko/20100101 Firefox/118.0"
178.165.193.62 - - [11/Oct/2023:11:53:01 +0200] "GET /entry.php?id=10271&&ser=17920 HTTP/1.1" 200 986 "http://hausegger.activities.at/entry.php?id=10271&&ser=17859" "Mozilla/5.0 (Windows NT 10.0; Win64; x64) AppleWebKit/537.36 (KHTML, like Gecko) Chrome/117.0.0.0 Safari/537.36"
178.165.193.62 - - [11/Oct/2023:11:53:01 +0200] "GET /gui/javascript/form_form.js?1697017981 HTTP/1.1" 200 16206 "http://hausegger.activities.at/entry.php?id=10271&&ser=17920" "Mozilla/5.0 (Windows NT 10.0; Win64; x64) AppleWebKit/537.36 (KHTML, like Gecko) Chrome/117.0.0.0 Safari/537.36"
156.59.198.135 - - [11/Oct/2023:11:53:11 +0200] "GET /renault.2web.at/htdocs/export/pdf/emuc_document/10608278.pdf HTTP/1.0" 404 319 "http://212.69.160.11:443/renault.2web.at/htdocs/export/pdf/emuc_document/" "Mozilla/5.0 (Linux; Android 5.0) AppleWebKit/537.36 (KHTML, like Gecko) Mobile Safari/537.36 (compatible; Bytespider; spider-feedback@bytedance.com)"
156.59.198.135 - - [11/Oct/2023:11:53:35 +0200] "GET /renault.2web.at/htdocs/export/pdf/emuc_document/10355249.pdf HTTP/1.0" 404 319 "http://212.69.160.11:443/renault.2web.at/htdocs/export/pdf/emuc_document/" "Mozilla/5.0 (Linux; Android 5.0) AppleWebKit/537.36 (KHTML, like Gecko) Mobile Safari/537.36 (compatible; Bytespider; spider-feedback@bytedance.com)"
156.59.198.136 - - [11/Oct/2023:11:54:00 +0200] "GET /renault.2web.at/htdocs/export/pdf/emuc_document/11444282.pdf HTTP/1.0" 404 318 "http://212.69.160.11:443/renault.2web.at/htdocs/export/pdf/emuc_document/" "Mozilla/5.0 (Linux; Android 5.0) AppleWebKit/537.36 (KHTML, like Gecko) Mobile Safari/537.36 (compatible; Bytespider; spider-feedback@bytedance.com)"
178.165.193.62 - - [11/Oct/2023:11:54:02 +0200] "GET /entry.php?id=10271&&ser=17981 HTTP/1.1" 200 986 "http://hausegger.activities.at/entry.php?id=10271&&ser=17920" "Mozilla/5.0 (Windows NT 10.0; Win64; x64) AppleWebKit/537.36 (KHTML, like Gecko) Chrome/117.0.0.0 Safari/537.36"
178.165.193.62 - - [11/Oct/2023:11:54:02 +0200] "GET /gui/javascript/form_form.js?1697018042 HTTP/1.1" 200 16206 "http://hausegger.activities.at/entry.php?id=10271&&ser=17981" "Mozilla/5.0 (Windows NT 10.0; Win64; x64) AppleWebKit/537.36 (KHTML, like Gecko) Chrome/117.0.0.0 Safari/537.36"
178.165.193.62 - - [11/Oct/2023:11:54:04 +0200] "GET /entry.php?id=10271&&ser=17980 HTTP/1.1" 200 986 "http://hausegger.activities.at/entry.php?id=10271&&ser=17916" "Mozilla/5.0 (Windows NT 10.0; Win64; x64; rv:109.0) Gecko/20100101 Firefox/118.0"
178.165.193.62 - - [11/Oct/2023:11:54:04 +0200] "GET /gui/javascript/form_form.js?1697018044 HTTP/1.1" 200 16206 "http://hausegger.activities.at/entry.php?id=10271&&ser=17980" "Mozilla/5.0 (Windows NT 10.0; Win64; x64; rv:109.0) Gecko/20100101 Firefox/118.0"
52.167.144.189 - - [11/Oct/2023:11:54:22 +0200] "GET /sitemaps.xml HTTP/1.1" 404 290 "-" "Mozilla/5.0 AppleWebKit/537.36 (KHTML, like Gecko; compatible; bingbot/2.0; +http://www.bing.com/bingbot.htm) Chrome/103.0.5060.134 Safari/537.36"
156.59.198.136 - - [11/Oct/2023:11:54:26 +0200] "GET /renault.2web.at/htdocs/export/pdf/emuc_document/11600385.pdf HTTP/1.0" 404 318 "http://212.69.160.11:443/renault.2web.at/htdocs/export/pdf/emuc_document/" "Mozilla/5.0 (Linux; Android 5.0) AppleWebKit/537.36 (KHTML, like Gecko) Mobile Safari/537.36 (compatible; Bytespider; spider-feedback@bytedance.com)"
156.59.198.136 - - [11/Oct/2023:11:54:51 +0200] "GET /renault.2web.at/htdocs/export/pdf/emuc_document/10396154.pdf HTTP/1.0" 404 319 "http://212.69.160.11:443/renault.2web.at/htdocs/export/pdf/emuc_document/" "Mozilla/5.0 (Linux; Android 5.0) AppleWebKit/537.36 (KHTML, like Gecko) Mobile Safari/537.36 (compatible; Bytespider; spider-feedback@bytedance.com)"
178.165.193.62 - - [11/Oct/2023:11:54:56 +0200] "GET /entry.php?id=10828 HTTP/1.1" 200 9141 "http://hausegger.activities.at/entry.php?id=10270&__app__=10006038" "Mozilla/5.0 (Windows NT 10.0; Win64; x64; rv:109.0) Gecko/20100101 Firefox/118.0"
178.165.193.62 - - [11/Oct/2023:11:54:56 +0200] "GET /gui/javascript/form_form.js?1697018096 HTTP/1.1" 200 16206 "http://hausegger.activities.at/entry.php?id=10828" "Mozilla/5.0 (Windows NT 10.0; Win64; x64; rv:109.0) Gecko/20100101 Firefox/118.0"
178.165.193.62 - - [11/Oct/2023:11:54:56 +0200] "GET /entry.php?id=10889&document_id=& HTTP/1.1" 200 1508 "http://hausegger.activities.at/entry.php?id=10828" "Mozilla/5.0 (Windows NT 10.0; Win64; x64; rv:109.0) Gecko/20100101 Firefox/118.0"
178.165.193.62 - - [11/Oct/2023:11:54:59 +0200] "GET /entry.php?id=11237&type=10665 HTTP/1.1" 200 276 "http://hausegger.activities.at/entry.php?id=10828" "Mozilla/5.0 (Windows NT 10.0; Win64; x64; rv:109.0) Gecko/20100101 Firefox/118.0"
178.165.193.62 - - [11/Oct/2023:11:54:59 +0200] "GET /entry.php?id=11239&mode=document&form=10665& HTTP/1.1" 200 2016 "http://hausegger.activities.at/entry.php?id=11237&type=10665" "Mozilla/5.0 (Windows NT 10.0; Win64; x64; rv:109.0) Gecko/20100101 Firefox/118.0"
178.165.193.62 - - [11/Oct/2023:11:54:59 +0200] "GET /entry.php?id=10676&&title=Belegsuche HTTP/1.1" 200 1390 "http://hausegger.activities.at/entry.php?id=11237&type=10665" "Mozilla/5.0 (Windows NT 10.0; Win64; x64; rv:109.0) Gecko/20100101 Firefox/118.0"
178.165.193.62 - - [11/Oct/2023:11:55:00 +0200] "GET /gui/javascript/form_bu_document_workflow.js?1697018100 HTTP/1.1" 200 4900 "http://hausegger.activities.at/entry.php?id=11239&mode=document&form=10665&" "Mozilla/5.0 (Windows NT 10.0; Win64; x64; rv:109.0) Gecko/20100101 Firefox/118.0"
178.165.193.62 - - [11/Oct/2023:11:55:00 +0200] "GET /gui/javascript/form_form.js?1697018100 HTTP/1.1" 200 16206 "http://hausegger.activities.at/entry.php?id=11239&mode=document&form=10665&" "Mozilla/5.0 (Windows NT 10.0; Win64; x64; rv:109.0) Gecko/20100101 Firefox/118.0"
178.165.193.62 - - [11/Oct/2023:11:55:00 +0200] "GET /gui/javascript/form_form.js?1697018100 HTTP/1.1" 200 16206 "http://hausegger.activities.at/entry.php?id=10676&&title=Belegsuche" "Mozilla/5.0 (Windows NT 10.0; Win64; x64; rv:109.0) Gecko/20100101 Firefox/118.0"
178.165.193.62 - - [11/Oct/2023:11:54:59 +0200] "GET /entry.php?id=11238&mode=document&form=10665& HTTP/1.1" 200 3302 "http://hausegger.activities.at/entry.php?id=11237&type=10665" "Mozilla/5.0 (Windows NT 10.0; Win64; x64; rv:109.0) Gecko/20100101 Firefox/118.0"
178.165.193.62 - - [11/Oct/2023:11:55:00 +0200] "GET /gui/images/icons/kalender.gif HTTP/1.1" 200 564 "http://hausegger.activities.at/entry.php?id=11238&mode=document&form=10665&" "Mozilla/5.0 (Windows NT 10.0; Win64; x64; rv:109.0) Gecko/20100101 Firefox/118.0"
178.165.193.62 - - [11/Oct/2023:11:54:59 +0200] "GET /entry.php?id=11240&mode=document&form=10665& HTTP/1.1" 200 2664 "http://hausegger.activities.at/entry.php?id=11237&type=10665" "Mozilla/5.0 (Windows NT 10.0; Win64; x64; rv:109.0) Gecko/20100101 Firefox/118.0"
178.165.193.62 - - [11/Oct/2023:11:55:00 +0200] "GET /entry.php?id=10776&form=11066&name=list& HTTP/1.1" 200 1513 "http://hausegger.activities.at/entry.php?id=11240&mode=document&form=10665&" "Mozilla/5.0 (Windows NT 10.0; Win64; x64; rv:109.0) Gecko/20100101 Firefox/118.0"
178.165.193.62 - - [11/Oct/2023:11:55:00 +0200] "GET /entry.php?id=10778&form=11066&name=list& HTTP/1.1" 200 2586 "http://hausegger.activities.at/entry.php?id=11240&mode=document&form=10665&" "Mozilla/5.0 (Windows NT 10.0; Win64; x64; rv:109.0) Gecko/20100101 Firefox/118.0"
178.165.193.62 - - [11/Oct/2023:11:55:01 +0200] "POST /entry.php?id=11240 HTTP/1.1" 200 2670 "http://hausegger.activities.at/entry.php?id=11240&mode=document&form=10665&" "Mozilla/5.0 (Windows NT 10.0; Win64; x64; rv:109.0) Gecko/20100101 Firefox/118.0"
178.165.193.62 - - [11/Oct/2023:11:55:01 +0200] "GET /gui/javascript/form_bu_document_workflow.js?1697018101 HTTP/1.1" 200 4900 "http://hausegger.activities.at/entry.php?id=11240" "Mozilla/5.0 (Windows NT 10.0; Win64; x64; rv:109.0) Gecko/20100101 Firefox/118.0"
178.165.193.62 - - [11/Oct/2023:11:55:01 +0200] "GET /gui/javascript/form_form.js?1697018101 HTTP/1.1" 200 16206 "http://hausegger.activities.at/entry.php?id=11240" "Mozilla/5.0 (Windows NT 10.0; Win64; x64; rv:109.0) Gecko/20100101 Firefox/118.0"
178.165.193.62 - - [11/Oct/2023:11:55:01 +0200] "GET /entry.php?id=10776&form=11066&name=list& HTTP/1.1" 200 1513 "http://hausegger.activities.at/entry.php?id=11240" "Mozilla/5.0 (Windows NT 10.0; Win64; x64; rv:109.0) Gecko/20100101 Firefox/118.0"
178.165.193.62 - - [11/Oct/2023:11:55:01 +0200] "GET /entry.php?id=10778&form=11066&name=list& HTTP/1.1" 200 2900 "http://hausegger.activities.at/entry.php?id=11240" "Mozilla/5.0 (Windows NT 10.0; Win64; x64; rv:109.0) Gecko/20100101 Firefox/118.0"
178.165.193.62 - - [11/Oct/2023:11:55:03 +0200] "GET /entry.php?id=10271&&ser=18042 HTTP/1.1" 200 986 "http://hausegger.activities.at/entry.php?id=10271&&ser=17981" "Mozilla/5.0 (Windows NT 10.0; Win64; x64) AppleWebKit/537.36 (KHTML, like Gecko) Chrome/117.0.0.0 Safari/537.36"
178.165.193.62 - - [11/Oct/2023:11:55:03 +0200] "GET /gui/javascript/form_form.js?1697018103 HTTP/1.1" 200 16206 "http://hausegger.activities.at/entry.php?id=10271&&ser=18042" "Mozilla/5.0 (Windows NT 10.0; Win64; x64) AppleWebKit/537.36 (KHTML, like Gecko) Chrome/117.0.0.0 Safari/537.36"
178.165.193.62 - - [11/Oct/2023:11:55:03 +0200] "GET /framework/icons/rowselect.gif HTTP/1.1" 200 67 "http://hausegger.activities.at/entry.php?id=10778&form=11066&name=list&" "Mozilla/5.0 (Windows NT 10.0; Win64; x64; rv:109.0) Gecko/20100101 Firefox/118.0"
178.165.193.62 - - [11/Oct/2023:11:55:05 +0200] "GET /entry.php?id=10271&&ser=18044 HTTP/1.1" 200 986 "http://hausegger.activities.at/entry.php?id=10271&&ser=17980" "Mozilla/5.0 (Windows NT 10.0; Win64; x64; rv:109.0) Gecko/20100101 Firefox/118.0"
178.165.193.62 - - [11/Oct/2023:11:55:05 +0200] "GET /gui/javascript/form_form.js?1697018105 HTTP/1.1" 200 16206 "http://hausegger.activities.at/entry.php?id=10271&&ser=18044" "Mozilla/5.0 (Windows NT 10.0; Win64; x64; rv:109.0) Gecko/20100101 Firefox/118.0"
178.165.193.62 - - [11/Oct/2023:11:55:06 +0200] "POST /entry.php?id=10828 HTTP/1.1" 200 8735 "http://hausegger.activities.at/entry.php?id=10828" "Mozilla/5.0 (Windows NT 10.0; Win64; x64; rv:109.0) Gecko/20100101 Firefox/118.0"
178.165.193.62 - - [11/Oct/2023:11:55:06 +0200] "GET /gui/javascript/form_form.js?1697018106 HTTP/1.1" 200 16206 "http://hausegger.activities.at/entry.php?id=10828" "Mozilla/5.0 (Windows NT 10.0; Win64; x64; rv:109.0) Gecko/20100101 Firefox/118.0"
178.165.193.62 - - [11/Oct/2023:11:55:06 +0200] "GET /entry.php?id=10889&document_id=10329202& HTTP/1.1" 200 1508 "http://hausegger.activities.at/entry.php?id=10828" "Mozilla/5.0 (Windows NT 10.0; Win64; x64; rv:109.0) Gecko/20100101 Firefox/118.0"
178.165.193.62 - - [11/Oct/2023:11:55:07 +0200] "GET /gui/javascript/form_form.js?1697018107 HTTP/1.1" 200 16206 "http://hausegger.activities.at/entry.php?id=10889&document_id=10329202&" "Mozilla/5.0 (Windows NT 10.0; Win64; x64; rv:109.0) Gecko/20100101 Firefox/118.0"
156.59.198.136 - - [11/Oct/2023:11:55:15 +0200] "GET /renault.2web.at/htdocs/export/pdf/emuc_document/11753886.pdf HTTP/1.0" 404 319 "http://212.69.160.11:443/renault.2web.at/htdocs/export/pdf/emuc_document/" "Mozilla/5.0 (Linux; Android 5.0) AppleWebKit/537.36 (KHTML, like Gecko) Mobile Safari/537.36 (compatible; Bytespider; spider-feedback@bytedance.com)"
178.165.193.62 - - [11/Oct/2023:11:55:24 +0200] "POST /entry.php?id=10828 HTTP/1.1" 200 8798 "http://hausegger.activities.at/entry.php?id=10828" "Mozilla/5.0 (Windows NT 10.0; Win64; x64; rv:109.0) Gecko/20100101 Firefox/118.0"
178.165.193.62 - - [11/Oct/2023:11:55:25 +0200] "GET /gui/javascript/form_form.js?1697018125 HTTP/1.1" 200 16206 "http://hausegger.activities.at/entry.php?id=10828" "Mozilla/5.0 (Windows NT 10.0; Win64; x64; rv:109.0) Gecko/20100101 Firefox/118.0"
178.165.193.62 - - [11/Oct/2023:11:55:25 +0200] "GET /entry.php?id=10889&document_id=10329202& HTTP/1.1" 200 1509 "http://hausegger.activities.at/entry.php?id=10828" "Mozilla/5.0 (Windows NT 10.0; Win64; x64; rv:109.0) Gecko/20100101 Firefox/118.0"
178.165.193.62 - - [11/Oct/2023:11:55:32 +0200] "-" 408 - "-" "-"
156.59.198.136 - - [11/Oct/2023:11:55:40 +0200] "GET /renault.2web.at/htdocs/export/pdf/emuc_document/11126928.pdf HTTP/1.0" 404 318 "http://212.69.160.11:443/renault.2web.at/htdocs/export/pdf/emuc_document/" "Mozilla/5.0 (Linux; Android 5.0) AppleWebKit/537.36 (KHTML, like Gecko) Mobile Safari/537.36 (compatible; Bytespider; spider-feedback@bytedance.com)"
178.165.193.62 - - [11/Oct/2023:11:55:50 +0200] "GET /entry.php?id=10632 HTTP/1.1" 200 234 "http://hausegger.activities.at/entry.php?id=10270&__app__=10006038" "Mozilla/5.0 (Windows NT 10.0; Win64; x64) AppleWebKit/537.36 (KHTML, like Gecko) Chrome/117.0.0.0 Safari/537.36"
178.165.193.62 - - [11/Oct/2023:11:55:50 +0200] "GET /entry.php?id=10634& HTTP/1.1" 200 1372 "http://hausegger.activities.at/entry.php?id=10632" "Mozilla/5.0 (Windows NT 10.0; Win64; x64) AppleWebKit/537.36 (KHTML, like Gecko) Chrome/117.0.0.0 Safari/537.36"
178.165.193.62 - - [11/Oct/2023:11:55:50 +0200] "GET /gui/javascript/form_form.js?1697018150 HTTP/1.1" 200 16206 "http://hausegger.activities.at/entry.php?id=10634&" "Mozilla/5.0 (Windows NT 10.0; Win64; x64) AppleWebKit/537.36 (KHTML, like Gecko) Chrome/117.0.0.0 Safari/537.36"
178.165.193.62 - - [11/Oct/2023:11:55:50 +0200] "GET /entry.php?id=10633& HTTP/1.1" 200 1979 "http://hausegger.activities.at/entry.php?id=10632" "Mozilla/5.0 (Windows NT 10.0; Win64; x64) AppleWebKit/537.36 (KHTML, like Gecko) Chrome/117.0.0.0 Safari/537.36"
178.165.193.62 - - [11/Oct/2023:11:55:50 +0200] "GET /entry.php?id=10638& HTTP/1.1" 200 2436 "http://hausegger.activities.at/entry.php?id=10632" "Mozilla/5.0 (Windows NT 10.0; Win64; x64) AppleWebKit/537.36 (KHTML, like Gecko) Chrome/117.0.0.0 Safari/537.36"
178.165.193.62 - - [11/Oct/2023:11:55:50 +0200] "GET /entry.php?id=10621& HTTP/1.1" 200 3776 "http://hausegger.activities.at/entry.php?id=10632" "Mozilla/5.0 (Windows NT 10.0; Win64; x64) AppleWebKit/537.36 (KHTML, like Gecko) Chrome/117.0.0.0 Safari/537.36"
178.165.193.62 - - [11/Oct/2023:11:55:50 +0200] "GET /entry.php?id=10776&form=10477&name=list& HTTP/1.1" 200 1470 "http://hausegger.activities.at/entry.php?id=10633&" "Mozilla/5.0 (Windows NT 10.0; Win64; x64) AppleWebKit/537.36 (KHTML, like Gecko) Chrome/117.0.0.0 Safari/537.36"
178.165.193.62 - - [11/Oct/2023:11:55:50 +0200] "GET /entry.php?id=10778&form=10477&name=list& HTTP/1.1" 200 2483 "http://hausegger.activities.at/entry.php?id=10633&" "Mozilla/5.0 (Windows NT 10.0; Win64; x64) AppleWebKit/537.36 (KHTML, like Gecko) Chrome/117.0.0.0 Safari/537.36"
178.165.193.62 - - [11/Oct/2023:11:55:51 +0200] "GET /gui/javascript/form_form.js?1697018151 HTTP/1.1" 200 16206 "http://hausegger.activities.at/entry.php?id=10621&" "Mozilla/5.0 (Windows NT 10.0; Win64; x64) AppleWebKit/537.36 (KHTML, like Gecko) Chrome/117.0.0.0 Safari/537.36"
178.165.193.62 - - [11/Oct/2023:11:56:02 +0200] "GET /entry.php?id=11237&type=10665 HTTP/1.1" 200 276 "http://hausegger.activities.at/entry.php?id=10828" "Mozilla/5.0 (Windows NT 10.0; Win64; x64; rv:109.0) Gecko/20100101 Firefox/118.0"
178.165.193.62 - - [11/Oct/2023:11:56:02 +0200] "GET /entry.php?id=10676&&title=Belegsuche HTTP/1.1" 200 1390 "http://hausegger.activities.at/entry.php?id=11237&type=10665" "Mozilla/5.0 (Windows NT 10.0; Win64; x64; rv:109.0) Gecko/20100101 Firefox/118.0"
178.165.193.62 - - [11/Oct/2023:11:56:02 +0200] "GET /gui/javascript/form_form.js?1697018162 HTTP/1.1" 200 16206 "http://hausegger.activities.at/entry.php?id=10676&&title=Belegsuche" "Mozilla/5.0 (Windows NT 10.0; Win64; x64; rv:109.0) Gecko/20100101 Firefox/118.0"
178.165.193.62 - - [11/Oct/2023:11:56:02 +0200] "GET /entry.php?id=11239&mode=document&form=10665& HTTP/1.1" 200 2017 "http://hausegger.activities.at/entry.php?id=11237&type=10665" "Mozilla/5.0 (Windows NT 10.0; Win64; x64; rv:109.0) Gecko/20100101 Firefox/118.0"
178.165.193.62 - - [11/Oct/2023:11:56:02 +0200] "GET /gui/javascript/form_bu_document_workflow.js?1697018162 HTTP/1.1" 200 4900 "http://hausegger.activities.at/entry.php?id=11239&mode=document&form=10665&" "Mozilla/5.0 (Windows NT 10.0; Win64; x64; rv:109.0) Gecko/20100101 Firefox/118.0"
178.165.193.62 - - [11/Oct/2023:11:56:03 +0200] "GET /framework/icons/treeview/ftv2doc.gif HTTP/1.1" 200 199 "http://hausegger.activities.at/entry.php?id=11239&mode=document&form=10665&" "Mozilla/5.0 (Windows NT 10.0; Win64; x64; rv:109.0) Gecko/20100101 Firefox/118.0"
178.165.193.62 - - [11/Oct/2023:11:56:02 +0200] "GET /entry.php?id=11240&mode=document&form=10665& HTTP/1.1" 200 2671 "http://hausegger.activities.at/entry.php?id=11237&type=10665" "Mozilla/5.0 (Windows NT 10.0; Win64; x64; rv:109.0) Gecko/20100101 Firefox/118.0"
178.165.193.62 - - [11/Oct/2023:11:56:03 +0200] "GET /gui/javascript/form_bu_document_workflow.js?1697018163 HTTP/1.1" 200 4900 "http://hausegger.activities.at/entry.php?id=11240&mode=document&form=10665&" "Mozilla/5.0 (Windows NT 10.0; Win64; x64; rv:109.0) Gecko/20100101 Firefox/118.0"
178.165.193.62 - - [11/Oct/2023:11:56:03 +0200] "GET /gui/javascript/form_form.js?1697018163 HTTP/1.1" 200 16206 "http://hausegger.activities.at/entry.php?id=11240&mode=document&form=10665&" "Mozilla/5.0 (Windows NT 10.0; Win64; x64; rv:109.0) Gecko/20100101 Firefox/118.0"
178.165.193.62 - - [11/Oct/2023:11:56:02 +0200] "GET /entry.php?id=11238&mode=document&form=10665& HTTP/1.1" 200 3303 "http://hausegger.activities.at/entry.php?id=11237&type=10665" "Mozilla/5.0 (Windows NT 10.0; Win64; x64; rv:109.0) Gecko/20100101 Firefox/118.0"
178.165.193.62 - - [11/Oct/2023:11:56:03 +0200] "GET /entry.php?id=10778&form=11066&name=list& HTTP/1.1" 200 2586 "http://hausegger.activities.at/entry.php?id=11240&mode=document&form=10665&" "Mozilla/5.0 (Windows NT 10.0; Win64; x64; rv:109.0) Gecko/20100101 Firefox/118.0"
178.165.193.62 - - [11/Oct/2023:11:56:03 +0200] "GET /framework/icons/fwx_trans.gif HTTP/1.1" 200 43 "http://hausegger.activities.at/entry.php?id=10778&form=11066&name=list&" "Mozilla/5.0 (Windows NT 10.0; Win64; x64; rv:109.0) Gecko/20100101 Firefox/118.0"
178.165.193.62 - - [11/Oct/2023:11:56:03 +0200] "GET /entry.php?id=10776&form=11066&name=list& HTTP/1.1" 200 1513 "http://hausegger.activities.at/entry.php?id=11240&mode=document&form=10665&" "Mozilla/5.0 (Windows NT 10.0; Win64; x64; rv:109.0) Gecko/20100101 Firefox/118.0"
178.165.193.62 - - [11/Oct/2023:11:56:03 +0200] "GET /framework/icons/sortUp.gif HTTP/1.1" 200 53 "http://hausegger.activities.at/entry.php?id=10776&form=11066&name=list&" "Mozilla/5.0 (Windows NT 10.0; Win64; x64; rv:109.0) Gecko/20100101 Firefox/118.0"
178.165.193.62 - - [11/Oct/2023:11:56:03 +0200] "GET /entry.php?id=10271&&ser=18103 HTTP/1.1" 200 986 "http://hausegger.activities.at/entry.php?id=10271&&ser=18042" "Mozilla/5.0 (Windows NT 10.0; Win64; x64) AppleWebKit/537.36 (KHTML, like Gecko) Chrome/117.0.0.0 Safari/537.36"
178.165.193.62 - - [11/Oct/2023:11:56:03 +0200] "GET /gui/javascript/form_form.js?1697018163 HTTP/1.1" 200 16206 "http://hausegger.activities.at/entry.php?id=10271&&ser=18103" "Mozilla/5.0 (Windows NT 10.0; Win64; x64) AppleWebKit/537.36 (KHTML, like Gecko) Chrome/117.0.0.0 Safari/537.36"
178.165.193.62 - - [11/Oct/2023:11:56:03 +0200] "POST /entry.php?id=11240 HTTP/1.1" 200 2672 "http://hausegger.activities.at/entry.php?id=11240&mode=document&form=10665&" "Mozilla/5.0 (Windows NT 10.0; Win64; x64; rv:109.0) Gecko/20100101 Firefox/118.0"
178.165.193.62 - - [11/Oct/2023:11:56:04 +0200] "GET /entry.php?id=10776&form=11066&name=list& HTTP/1.1" 200 1513 "http://hausegger.activities.at/entry.php?id=11240" "Mozilla/5.0 (Windows NT 10.0; Win64; x64; rv:109.0) Gecko/20100101 Firefox/118.0"
178.165.193.62 - - [11/Oct/2023:11:56:04 +0200] "GET /entry.php?id=10778&form=11066&name=list& HTTP/1.1" 200 2798 "http://hausegger.activities.at/entry.php?id=11240" "Mozilla/5.0 (Windows NT 10.0; Win64; x64; rv:109.0) Gecko/20100101 Firefox/118.0"
178.165.193.62 - - [11/Oct/2023:11:56:04 +0200] "GET /framework/icons/rowselect.gif HTTP/1.1" 200 67 "http://hausegger.activities.at/entry.php?id=10778&form=11066&name=list&" "Mozilla/5.0 (Windows NT 10.0; Win64; x64; rv:109.0) Gecko/20100101 Firefox/118.0"
156.59.198.136 - - [11/Oct/2023:11:56:05 +0200] "GET /renault.2web.at/htdocs/export/pdf/emuc_document/10709264.pdf HTTP/1.0" 404 319 "http://212.69.160.11:443/renault.2web.at/htdocs/export/pdf/emuc_document/" "Mozilla/5.0 (Linux; Android 5.0) AppleWebKit/537.36 (KHTML, like Gecko) Mobile Safari/537.36 (compatible; Bytespider; spider-feedback@bytedance.com)"
178.165.193.62 - - [11/Oct/2023:11:56:05 +0200] "GET /entry.php?id=10271&&ser=18105 HTTP/1.1" 200 986 "http://hausegger.activities.at/entry.php?id=10271&&ser=18044" "Mozilla/5.0 (Windows NT 10.0; Win64; x64; rv:109.0) Gecko/20100101 Firefox/118.0"
178.165.193.62 - - [11/Oct/2023:11:56:05 +0200] "GET /gui/javascript/form_form.js?1697018165 HTTP/1.1" 200 16206 "http://hausegger.activities.at/entry.php?id=10271&&ser=18105" "Mozilla/5.0 (Windows NT 10.0; Win64; x64; rv:109.0) Gecko/20100101 Firefox/118.0"
178.165.193.62 - - [11/Oct/2023:11:56:06 +0200] "POST /entry.php?id=10828 HTTP/1.1" 200 8737 "http://hausegger.activities.at/entry.php?id=10828" "Mozilla/5.0 (Windows NT 10.0; Win64; x64; rv:109.0) Gecko/20100101 Firefox/118.0"
178.165.193.62 - - [11/Oct/2023:11:56:07 +0200] "GET /gui/javascript/form_form.js?1697018167 HTTP/1.1" 200 16206 "http://hausegger.activities.at/entry.php?id=10828" "Mozilla/5.0 (Windows NT 10.0; Win64; x64; rv:109.0) Gecko/20100101 Firefox/118.0"
178.165.193.62 - - [11/Oct/2023:11:56:07 +0200] "GET /entry.php?id=10889&document_id=10329278& HTTP/1.1" 200 1509 "http://hausegger.activities.at/entry.php?id=10828" "Mozilla/5.0 (Windows NT 10.0; Win64; x64; rv:109.0) Gecko/20100101 Firefox/118.0"
178.165.193.62 - - [11/Oct/2023:11:56:09 +0200] "POST /entry.php?id=10828 HTTP/1.1" 200 8799 "http://hausegger.activities.at/entry.php?id=10828" "Mozilla/5.0 (Windows NT 10.0; Win64; x64; rv:109.0) Gecko/20100101 Firefox/118.0"
178.165.193.62 - - [11/Oct/2023:11:56:10 +0200] "GET /gui/javascript/form_form.js?1697018170 HTTP/1.1" 200 16206 "http://hausegger.activities.at/entry.php?id=10828" "Mozilla/5.0 (Windows NT 10.0; Win64; x64; rv:109.0) Gecko/20100101 Firefox/118.0"
178.165.193.62 - - [11/Oct/2023:11:56:10 +0200] "GET /entry.php?id=10889&document_id=10329278& HTTP/1.1" 200 1508 "http://hausegger.activities.at/entry.php?id=10828" "Mozilla/5.0 (Windows NT 10.0; Win64; x64; rv:109.0) Gecko/20100101 Firefox/118.0"
178.165.193.62 - - [11/Oct/2023:11:56:15 +0200] "POST /entry.php?id=10633 HTTP/1.1" 200 1983 "http://hausegger.activities.at/entry.php?id=10633&" "Mozilla/5.0 (Windows NT 10.0; Win64; x64) AppleWebKit/537.36 (KHTML, like Gecko) Chrome/117.0.0.0 Safari/537.36"
178.165.193.62 - - [11/Oct/2023:11:56:15 +0200] "GET /gui/javascript/form_form.js?1697018175 HTTP/1.1" 200 16206 "http://hausegger.activities.at/entry.php?id=10633" "Mozilla/5.0 (Windows NT 10.0; Win64; x64) AppleWebKit/537.36 (KHTML, like Gecko) Chrome/117.0.0.0 Safari/537.36"
178.165.193.62 - - [11/Oct/2023:11:56:15 +0200] "GET /entry.php?id=10776&form=10477&name=list& HTTP/1.1" 200 1471 "http://hausegger.activities.at/entry.php?id=10633" "Mozilla/5.0 (Windows NT 10.0; Win64; x64) AppleWebKit/537.36 (KHTML, like Gecko) Chrome/117.0.0.0 Safari/537.36"
178.165.193.62 - - [11/Oct/2023:11:56:16 +0200] "GET /entry.php?id=10778&form=10477&name=list& HTTP/1.1" 200 3615 "http://hausegger.activities.at/entry.php?id=10633" "Mozilla/5.0 (Windows NT 10.0; Win64; x64) AppleWebKit/537.36 (KHTML, like Gecko) Chrome/117.0.0.0 Safari/537.36"
178.165.193.62 - - [11/Oct/2023:11:56:17 +0200] "GET /entry.php?id=10632 HTTP/1.1" 200 234 "http://hausegger.activities.at/entry.php?id=10270&__app__=10006038" "Mozilla/5.0 (Windows NT 10.0; Win64; x64; rv:109.0) Gecko/20100101 Firefox/118.0"
178.165.193.62 - - [11/Oct/2023:11:56:18 +0200] "GET /entry.php?id=10633& HTTP/1.1" 200 1980 "http://hausegger.activities.at/entry.php?id=10632" "Mozilla/5.0 (Windows NT 10.0; Win64; x64; rv:109.0) Gecko/20100101 Firefox/118.0"
178.165.193.62 - - [11/Oct/2023:11:56:18 +0200] "GET /entry.php?id=10634& HTTP/1.1" 200 1373 "http://hausegger.activities.at/entry.php?id=10632" "Mozilla/5.0 (Windows NT 10.0; Win64; x64; rv:109.0) Gecko/20100101 Firefox/118.0"
178.165.193.62 - - [11/Oct/2023:11:56:18 +0200] "GET /gui/javascript/form_form.js?1697018178 HTTP/1.1" 200 16206 "http://hausegger.activities.at/entry.php?id=10633&" "Mozilla/5.0 (Windows NT 10.0; Win64; x64; rv:109.0) Gecko/20100101 Firefox/118.0"
178.165.193.62 - - [11/Oct/2023:11:56:18 +0200] "GET /gui/javascript/form_form.js?1697018178 HTTP/1.1" 200 16206 "http://hausegger.activities.at/entry.php?id=10634&" "Mozilla/5.0 (Windows NT 10.0; Win64; x64; rv:109.0) Gecko/20100101 Firefox/118.0"
178.165.193.62 - - [11/Oct/2023:11:56:18 +0200] "GET /entry.php?id=10621& HTTP/1.1" 200 3778 "http://hausegger.activities.at/entry.php?id=10632" "Mozilla/5.0 (Windows NT 10.0; Win64; x64; rv:109.0) Gecko/20100101 Firefox/118.0"
178.165.193.62 - - [11/Oct/2023:11:56:18 +0200] "GET /entry.php?id=10638& HTTP/1.1" 200 2437 "http://hausegger.activities.at/entry.php?id=10632" "Mozilla/5.0 (Windows NT 10.0; Win64; x64; rv:109.0) Gecko/20100101 Firefox/118.0"
178.165.193.62 - - [11/Oct/2023:11:56:18 +0200] "GET /entry.php?id=10778&form=10477&name=list& HTTP/1.1" 200 2483 "http://hausegger.activities.at/entry.php?id=10633&" "Mozilla/5.0 (Windows NT 10.0; Win64; x64; rv:109.0) Gecko/20100101 Firefox/118.0"
178.165.193.62 - - [11/Oct/2023:11:56:18 +0200] "GET /entry.php?id=10776&form=10477&name=list& HTTP/1.1" 200 1470 "http://hausegger.activities.at/entry.php?id=10633&" "Mozilla/5.0 (Windows NT 10.0; Win64; x64; rv:109.0) Gecko/20100101 Firefox/118.0"
178.165.193.62 - - [11/Oct/2023:11:56:18 +0200] "GET /framework/icons/treeview/ftv2folderclosed.gif HTTP/1.1" 200 161 "http://hausegger.activities.at/entry.php?id=10638&" "Mozilla/5.0 (Windows NT 10.0; Win64; x64; rv:109.0) Gecko/20100101 Firefox/118.0"
178.165.193.62 - - [11/Oct/2023:11:56:21 +0200] "POST /entry.php?id=10633 HTTP/1.1" 200 1983 "http://hausegger.activities.at/entry.php?id=10633&" "Mozilla/5.0 (Windows NT 10.0; Win64; x64; rv:109.0) Gecko/20100101 Firefox/118.0"
178.165.193.62 - - [11/Oct/2023:11:56:21 +0200] "GET /gui/javascript/form_form.js?1697018181 HTTP/1.1" 200 16206 "http://hausegger.activities.at/entry.php?id=10633" "Mozilla/5.0 (Windows NT 10.0; Win64; x64; rv:109.0) Gecko/20100101 Firefox/118.0"
178.165.193.62 - - [11/Oct/2023:11:56:21 +0200] "GET /entry.php?id=10778&form=10477&name=list& HTTP/1.1" 200 3615 "http://hausegger.activities.at/entry.php?id=10633" "Mozilla/5.0 (Windows NT 10.0; Win64; x64; rv:109.0) Gecko/20100101 Firefox/118.0"
178.165.193.62 - - [11/Oct/2023:11:56:21 +0200] "GET /entry.php?id=10776&form=10477&name=list& HTTP/1.1" 200 1471 "http://hausegger.activities.at/entry.php?id=10633" "Mozilla/5.0 (Windows NT 10.0; Win64; x64; rv:109.0) Gecko/20100101 Firefox/118.0"
178.165.193.62 - - [11/Oct/2023:11:56:22 +0200] "POST /entry.php?id=10621 HTTP/1.1" 200 3831 "http://hausegger.activities.at/entry.php?id=10621&" "Mozilla/5.0 (Windows NT 10.0; Win64; x64) AppleWebKit/537.36 (KHTML, like Gecko) Chrome/117.0.0.0 Safari/537.36"
178.165.193.62 - - [11/Oct/2023:11:56:23 +0200] "GET /gui/javascript/form_form.js?1697018182 HTTP/1.1" 200 16206 "http://hausegger.activities.at/entry.php?id=10621" "Mozilla/5.0 (Windows NT 10.0; Win64; x64) AppleWebKit/537.36 (KHTML, like Gecko) Chrome/117.0.0.0 Safari/537.36"
178.165.193.62 - - [11/Oct/2023:11:56:23 +0200] "POST /entry.php?id=10621 HTTP/1.1" 200 3831 "http://hausegger.activities.at/entry.php?id=10621&" "Mozilla/5.0 (Windows NT 10.0; Win64; x64; rv:109.0) Gecko/20100101 Firefox/118.0"
178.165.193.62 - - [11/Oct/2023:11:56:23 +0200] "GET /gui/javascript/form_form.js?1697018183 HTTP/1.1" 200 16206 "http://hausegger.activities.at/entry.php?id=10621" "Mozilla/5.0 (Windows NT 10.0; Win64; x64; rv:109.0) Gecko/20100101 Firefox/118.0"
178.165.193.62 - - [11/Oct/2023:11:56:26 +0200] "GET /entry.php?id=11047&object=10285974 HTTP/1.1" 200 1784 "http://hausegger.activities.at/entry.php?id=10621" "Mozilla/5.0 (Windows NT 10.0; Win64; x64; rv:109.0) Gecko/20100101 Firefox/118.0"
178.165.193.62 - - [11/Oct/2023:11:56:26 +0200] "GET /gui/javascript/form_form.js?1697018186 HTTP/1.1" 200 16206 "http://hausegger.activities.at/entry.php?id=11047&object=10285974" "Mozilla/5.0 (Windows NT 10.0; Win64; x64; rv:109.0) Gecko/20100101 Firefox/118.0"
178.165.193.62 - - [11/Oct/2023:11:56:26 +0200] "GET /activities.ico HTTP/1.1" 200 1406 "http://hausegger.activities.at/entry.php?id=11047&object=10285974" "Mozilla/5.0 (Windows NT 10.0; Win64; x64; rv:109.0) Gecko/20100101 Firefox/118.0"
178.165.193.62 - - [11/Oct/2023:11:56:26 +0200] "GET /entry.php?id=11048&&object=10285974 HTTP/1.1" 200 5718 "http://hausegger.activities.at/entry.php?id=11047&object=10285974" "Mozilla/5.0 (Windows NT 10.0; Win64; x64; rv:109.0) Gecko/20100101 Firefox/118.0"
156.59.198.135 - - [11/Oct/2023:11:56:30 +0200] "GET /renault.2web.at/htdocs/export/pdf/emuc_document/11483079.pdf HTTP/1.0" 404 319 "http://212.69.160.11:443/renault.2web.at/htdocs/export/pdf/emuc_document/" "Mozilla/5.0 (Linux; Android 5.0) AppleWebKit/537.36 (KHTML, like Gecko) Mobile Safari/537.36 (compatible; Bytespider; spider-feedback@bytedance.com)"
156.59.198.136 - - [11/Oct/2023:11:56:54 +0200] "GET /renault.2web.at/htdocs/export/pdf/emuc_document/11329089.pdf HTTP/1.0" 404 319 "http://212.69.160.11:443/renault.2web.at/htdocs/export/pdf/emuc_document/" "Mozilla/5.0 (Linux; Android 5.0) AppleWebKit/537.36 (KHTML, like Gecko) Mobile Safari/537.36 (compatible; Bytespider; spider-feedback@bytedance.com)"
178.165.193.62 - - [11/Oct/2023:11:57:04 +0200] "GET /entry.php?id=10271&&ser=18163 HTTP/1.1" 200 986 "http://hausegger.activities.at/entry.php?id=10271&&ser=18103" "Mozilla/5.0 (Windows NT 10.0; Win64; x64) AppleWebKit/537.36 (KHTML, like Gecko) Chrome/117.0.0.0 Safari/537.36"
178.165.193.62 - - [11/Oct/2023:11:57:04 +0200] "GET /gui/javascript/form_form.js?1697018224 HTTP/1.1" 200 16206 "http://hausegger.activities.at/entry.php?id=10271&&ser=18163" "Mozilla/5.0 (Windows NT 10.0; Win64; x64) AppleWebKit/537.36 (KHTML, like Gecko) Chrome/117.0.0.0 Safari/537.36"
178.165.193.62 - - [11/Oct/2023:11:57:05 +0200] "GET /entry.php?id=10271&&ser=18165 HTTP/1.1" 200 986 "http://hausegger.activities.at/entry.php?id=10271&&ser=18105" "Mozilla/5.0 (Windows NT 10.0; Win64; x64; rv:109.0) Gecko/20100101 Firefox/118.0"
178.165.193.62 - - [11/Oct/2023:11:57:05 +0200] "GET /gui/javascript/form_form.js?1697018225 HTTP/1.1" 200 16206 "http://hausegger.activities.at/entry.php?id=10271&&ser=18165" "Mozilla/5.0 (Windows NT 10.0; Win64; x64; rv:109.0) Gecko/20100101 Firefox/118.0"
156.59.198.136 - - [11/Oct/2023:11:57:18 +0200] "GET /renault.2web.at/htdocs/export/pdf/emuc_document/11536863.pdf HTTP/1.0" 404 319 "http://212.69.160.11:443/renault.2web.at/htdocs/export/pdf/emuc_document/" "Mozilla/5.0 (Linux; Android 5.0) AppleWebKit/537.36 (KHTML, like Gecko) Mobile Safari/537.36 (compatible; Bytespider; spider-feedback@bytedance.com)"
156.59.198.135 - - [11/Oct/2023:11:57:44 +0200] "GET /renault.2web.at/htdocs/export/pdf/emuc_document/11901479.pdf HTTP/1.0" 404 318 "http://212.69.160.11:443/renault.2web.at/htdocs/export/pdf/emuc_document/" "Mozilla/5.0 (Linux; Android 5.0) AppleWebKit/537.36 (KHTML, like Gecko) Mobile Safari/537.36 (compatible; Bytespider; spider-feedback@bytedance.com)"
178.165.193.62 - - [11/Oct/2023:11:58:05 +0200] "GET /entry.php?id=10271&&ser=18224 HTTP/1.1" 200 986 "http://hausegger.activities.at/entry.php?id=10271&&ser=18163" "Mozilla/5.0 (Windows NT 10.0; Win64; x64) AppleWebKit/537.36 (KHTML, like Gecko) Chrome/117.0.0.0 Safari/537.36"
178.165.193.62 - - [11/Oct/2023:11:58:05 +0200] "GET /gui/javascript/form_form.js?1697018285 HTTP/1.1" 200 16206 "http://hausegger.activities.at/entry.php?id=10271&&ser=18224" "Mozilla/5.0 (Windows NT 10.0; Win64; x64) AppleWebKit/537.36 (KHTML, like Gecko) Chrome/117.0.0.0 Safari/537.36"
178.165.193.62 - - [11/Oct/2023:11:58:05 +0200] "GET /entry.php?id=10271&&ser=18225 HTTP/1.1" 200 986 "http://hausegger.activities.at/entry.php?id=10271&&ser=18165" "Mozilla/5.0 (Windows NT 10.0; Win64; x64; rv:109.0) Gecko/20100101 Firefox/118.0"
178.165.193.62 - - [11/Oct/2023:11:58:05 +0200] "GET /gui/javascript/form_form.js?1697018285 HTTP/1.1" 200 16206 "http://hausegger.activities.at/entry.php?id=10271&&ser=18225" "Mozilla/5.0 (Windows NT 10.0; Win64; x64; rv:109.0) Gecko/20100101 Firefox/118.0"
156.59.198.136 - - [11/Oct/2023:11:58:10 +0200] "GET /renault.2web.at/htdocs/export/pdf/emuc_document/10535118.pdf HTTP/1.0" 404 318 "http://212.69.160.11:443/renault.2web.at/htdocs/export/pdf/emuc_document/" "Mozilla/5.0 (Linux; Android 5.0) AppleWebKit/537.36 (KHTML, like Gecko) Mobile Safari/537.36 (compatible; Bytespider; spider-feedback@bytedance.com)"
156.59.198.136 - - [11/Oct/2023:11:58:34 +0200] "GET /renault.2web.at/htdocs/export/pdf/emuc_document/10658263.pdf HTTP/1.0" 404 319 "http://212.69.160.11:443/renault.2web.at/htdocs/export/pdf/emuc_document/" "Mozilla/5.0 (Linux; Android 5.0) AppleWebKit/537.36 (KHTML, like Gecko) Mobile Safari/537.36 (compatible; Bytespider; spider-feedback@bytedance.com)"
156.59.198.136 - - [11/Oct/2023:11:58:58 +0200] "GET /renault.2web.at/htdocs/export/pdf/emuc_document/11306534.pdf HTTP/1.0" 404 318 "http://212.69.160.11:443/renault.2web.at/htdocs/export/pdf/emuc_document/" "Mozilla/5.0 (Linux; Android 5.0) AppleWebKit/537.36 (KHTML, like Gecko) Mobile Safari/537.36 (compatible; Bytespider; spider-feedback@bytedance.com)"
178.165.193.62 - - [11/Oct/2023:11:59:06 +0200] "GET /entry.php?id=10271&&ser=18285 HTTP/1.1" 200 986 "http://hausegger.activities.at/entry.php?id=10271&&ser=18225" "Mozilla/5.0 (Windows NT 10.0; Win64; x64; rv:109.0) Gecko/20100101 Firefox/118.0"
178.165.193.62 - - [11/Oct/2023:11:59:06 +0200] "GET /gui/javascript/form_form.js?1697018346 HTTP/1.1" 200 16206 "http://hausegger.activities.at/entry.php?id=10271&&ser=18285" "Mozilla/5.0 (Windows NT 10.0; Win64; x64; rv:109.0) Gecko/20100101 Firefox/118.0"
178.165.193.62 - - [11/Oct/2023:11:59:06 +0200] "GET /entry.php?id=10271&&ser=18285 HTTP/1.1" 200 986 "http://hausegger.activities.at/entry.php?id=10271&&ser=18224" "Mozilla/5.0 (Windows NT 10.0; Win64; x64) AppleWebKit/537.36 (KHTML, like Gecko) Chrome/117.0.0.0 Safari/537.36"
178.165.193.62 - - [11/Oct/2023:11:59:06 +0200] "GET /gui/javascript/form_form.js?1697018346 HTTP/1.1" 200 16206 "http://hausegger.activities.at/entry.php?id=10271&&ser=18285" "Mozilla/5.0 (Windows NT 10.0; Win64; x64) AppleWebKit/537.36 (KHTML, like Gecko) Chrome/117.0.0.0 Safari/537.36"
156.59.198.136 - - [11/Oct/2023:11:59:24 +0200] "GET /renault.2web.at/htdocs/export/pdf/emuc_document/10777575.pdf HTTP/1.0" 404 319 "http://212.69.160.11:443/renault.2web.at/htdocs/export/pdf/emuc_document/" "Mozilla/5.0 (Linux; Android 5.0) AppleWebKit/537.36 (KHTML, like Gecko) Mobile Safari/537.36 (compatible; Bytespider; spider-feedback@bytedance.com)"
156.59.198.136 - - [11/Oct/2023:11:59:49 +0200] "GET /renault.2web.at/htdocs/export/pdf/emuc_document/11168002.pdf HTTP/1.0" 404 318 "http://212.69.160.11:443/renault.2web.at/htdocs/export/pdf/emuc_document/" "Mozilla/5.0 (Linux; Android 5.0) AppleWebKit/537.36 (KHTML, like Gecko) Mobile Safari/537.36 (compatible; Bytespider; spider-feedback@bytedance.com)"
178.165.193.62 - - [11/Oct/2023:12:00:07 +0200] "GET /entry.php?id=10271&&ser=18346 HTTP/1.1" 200 986 "http://hausegger.activities.at/entry.php?id=10271&&ser=18285" "Mozilla/5.0 (Windows NT 10.0; Win64; x64) AppleWebKit/537.36 (KHTML, like Gecko) Chrome/117.0.0.0 Safari/537.36"
178.165.193.62 - - [11/Oct/2023:12:00:07 +0200] "GET /gui/javascript/form_form.js?1697018407 HTTP/1.1" 200 16206 "http://hausegger.activities.at/entry.php?id=10271&&ser=18346" "Mozilla/5.0 (Windows NT 10.0; Win64; x64) AppleWebKit/537.36 (KHTML, like Gecko) Chrome/117.0.0.0 Safari/537.36"
178.165.193.62 - - [11/Oct/2023:12:00:10 +0200] "GET /entry.php?id=10271&&ser=18346 HTTP/1.1" 200 986 "http://hausegger.activities.at/entry.php?id=10271&&ser=18285" "Mozilla/5.0 (Windows NT 10.0; Win64; x64; rv:109.0) Gecko/20100101 Firefox/118.0"
178.165.193.62 - - [11/Oct/2023:12:00:10 +0200] "GET /gui/javascript/form_form.js?1697018410 HTTP/1.1" 200 16206 "http://hausegger.activities.at/entry.php?id=10271&&ser=18346" "Mozilla/5.0 (Windows NT 10.0; Win64; x64; rv:109.0) Gecko/20100101 Firefox/118.0"
156.59.198.135 - - [11/Oct/2023:12:00:15 +0200] "GET /renault.2web.at/htdocs/export/pdf/emuc_document/10884196.pdf HTTP/1.0" 404 318 "http://212.69.160.11:443/renault.2web.at/htdocs/export/pdf/emuc_document/" "Mozilla/5.0 (Linux; Android 5.0) AppleWebKit/537.36 (KHTML, like Gecko) Mobile Safari/537.36 (compatible; Bytespider; spider-feedback@bytedance.com)"
156.59.198.135 - - [11/Oct/2023:12:00:39 +0200] "GET /renault.2web.at/htdocs/export/pdf/emuc_document/10694222.pdf HTTP/1.0" 404 318 "http://212.69.160.11:443/renault.2web.at/htdocs/export/pdf/emuc_document/" "Mozilla/5.0 (Linux; Android 5.0) AppleWebKit/537.36 (KHTML, like Gecko) Mobile Safari/537.36 (compatible; Bytespider; spider-feedback@bytedance.com)"
156.59.198.136 - - [11/Oct/2023:12:01:04 +0200] "GET /renault.2web.at/htdocs/export/pdf/emuc_document/10883862.pdf HTTP/1.0" 404 319 "http://212.69.160.11:443/renault.2web.at/htdocs/export/pdf/emuc_document/" "Mozilla/5.0 (Linux; Android 5.0) AppleWebKit/537.36 (KHTML, like Gecko) Mobile Safari/537.36 (compatible; Bytespider; spider-feedback@bytedance.com)"
178.165.193.62 - - [11/Oct/2023:12:01:08 +0200] "GET /entry.php?id=10271&&ser=18407 HTTP/1.1" 200 986 "http://hausegger.activities.at/entry.php?id=10271&&ser=18346" "Mozilla/5.0 (Windows NT 10.0; Win64; x64) AppleWebKit/537.36 (KHTML, like Gecko) Chrome/117.0.0.0 Safari/537.36"
178.165.193.62 - - [11/Oct/2023:12:01:08 +0200] "GET /gui/javascript/form_form.js?1697018468 HTTP/1.1" 200 16206 "http://hausegger.activities.at/entry.php?id=10271&&ser=18407" "Mozilla/5.0 (Windows NT 10.0; Win64; x64) AppleWebKit/537.36 (KHTML, like Gecko) Chrome/117.0.0.0 Safari/537.36"
178.165.193.62 - - [11/Oct/2023:12:01:14 +0200] "GET /entry.php?id=10271&&ser=18410 HTTP/1.1" 200 986 "http://hausegger.activities.at/entry.php?id=10271&&ser=18346" "Mozilla/5.0 (Windows NT 10.0; Win64; x64; rv:109.0) Gecko/20100101 Firefox/118.0"
178.165.193.62 - - [11/Oct/2023:12:01:14 +0200] "GET /gui/javascript/form_form.js?1697018474 HTTP/1.1" 200 16206 "http://hausegger.activities.at/entry.php?id=10271&&ser=18410" "Mozilla/5.0 (Windows NT 10.0; Win64; x64; rv:109.0) Gecko/20100101 Firefox/118.0"
156.59.198.135 - - [11/Oct/2023:12:01:30 +0200] "GET /renault.2web.at/htdocs/export/pdf/emuc_document/10396225.pdf HTTP/1.0" 404 319 "http://212.69.160.11:443/renault.2web.at/htdocs/export/pdf/emuc_document/" "Mozilla/5.0 (Linux; Android 5.0) AppleWebKit/537.36 (KHTML, like Gecko) Mobile Safari/537.36 (compatible; Bytespider; spider-feedback@bytedance.com)"
156.59.198.136 - - [11/Oct/2023:12:01:54 +0200] "GET /renault.2web.at/htdocs/export/pdf/emuc_document/10424467.pdf HTTP/1.0" 404 318 "http://212.69.160.11:443/renault.2web.at/htdocs/export/pdf/emuc_document/" "Mozilla/5.0 (Linux; Android 5.0) AppleWebKit/537.36 (KHTML, like Gecko) Mobile Safari/537.36 (compatible; Bytespider; spider-feedback@bytedance.com)"
178.165.193.62 - - [11/Oct/2023:12:02:09 +0200] "GET /entry.php?id=10271&&ser=18468 HTTP/1.1" 200 986 "http://hausegger.activities.at/entry.php?id=10271&&ser=18407" "Mozilla/5.0 (Windows NT 10.0; Win64; x64) AppleWebKit/537.36 (KHTML, like Gecko) Chrome/117.0.0.0 Safari/537.36"
178.165.193.62 - - [11/Oct/2023:12:02:09 +0200] "GET /gui/javascript/form_form.js?1697018529 HTTP/1.1" 200 16206 "http://hausegger.activities.at/entry.php?id=10271&&ser=18468" "Mozilla/5.0 (Windows NT 10.0; Win64; x64) AppleWebKit/537.36 (KHTML, like Gecko) Chrome/117.0.0.0 Safari/537.36"
178.165.193.62 - - [11/Oct/2023:12:02:15 +0200] "GET /entry.php?id=10271&&ser=18474 HTTP/1.1" 200 986 "http://hausegger.activities.at/entry.php?id=10271&&ser=18410" "Mozilla/5.0 (Windows NT 10.0; Win64; x64; rv:109.0) Gecko/20100101 Firefox/118.0"
178.165.193.62 - - [11/Oct/2023:12:02:15 +0200] "GET /gui/javascript/form_form.js?1697018535 HTTP/1.1" 200 16206 "http://hausegger.activities.at/entry.php?id=10271&&ser=18474" "Mozilla/5.0 (Windows NT 10.0; Win64; x64; rv:109.0) Gecko/20100101 Firefox/118.0"
156.59.198.135 - - [11/Oct/2023:12:02:19 +0200] "GET /renault.2web.at/htdocs/export/pdf/emuc_document/10252828.pdf HTTP/1.0" 404 318 "http://212.69.160.11:443/renault.2web.at/htdocs/export/pdf/emuc_document/" "Mozilla/5.0 (Linux; Android 5.0) AppleWebKit/537.36 (KHTML, like Gecko) Mobile Safari/537.36 (compatible; Bytespider; spider-feedback@bytedance.com)"
156.59.198.136 - - [11/Oct/2023:12:02:44 +0200] "GET /renault.2web.at/htdocs/export/pdf/emuc_document/10957366.pdf HTTP/1.0" 404 319 "http://212.69.160.11:443/renault.2web.at/htdocs/export/pdf/emuc_document/" "Mozilla/5.0 (Linux; Android 5.0) AppleWebKit/537.36 (KHTML, like Gecko) Mobile Safari/537.36 (compatible; Bytespider; spider-feedback@bytedance.com)"
156.59.198.136 - - [11/Oct/2023:12:03:09 +0200] "GET /renault.2web.at/htdocs/export/pdf/emuc_document/11628891.pdf HTTP/1.0" 404 318 "http://212.69.160.11:443/renault.2web.at/htdocs/export/pdf/emuc_document/" "Mozilla/5.0 (Linux; Android 5.0) AppleWebKit/537.36 (KHTML, like Gecko) Mobile Safari/537.36 (compatible; Bytespider; spider-feedback@bytedance.com)"
