178.165.193.62 - - [11/Oct/2023:16:49:50 +0200] "GET /gui/javascript/form_bu_document_workflow.js?1697035790 HTTP/1.1" 200 4900 "http://hausegger.activities.at/entry.php?id=11239&mode=document&form=10665&" "Mozilla/5.0 (Windows NT 10.0; Win64; x64; rv:109.0) Gecko/20100101 Firefox/118.0"
178.165.193.62 - - [11/Oct/2023:16:49:50 +0200] "GET /gui/javascript/form_form.js?1697035790 HTTP/1.1" 200 16206 "http://hausegger.activities.at/entry.php?id=11239&mode=document&form=10665&" "Mozilla/5.0 (Windows NT 10.0; Win64; x64; rv:109.0) Gecko/20100101 Firefox/118.0"
178.165.193.62 - - [11/Oct/2023:16:49:50 +0200] "GET /gui/javascript/form_form.js?1697035790 HTTP/1.1" 200 16206 "http://hausegger.activities.at/entry.php?id=10676&&title=Belegsuche" "Mozilla/5.0 (Windows NT 10.0; Win64; x64; rv:109.0) Gecko/20100101 Firefox/118.0"
178.165.193.62 - - [11/Oct/2023:16:49:50 +0200] "GET /entry.php?id=11238&mode=document&form=10665& HTTP/1.1" 200 3305 "http://hausegger.activities.at/entry.php?id=11237&type=10665" "Mozilla/5.0 (Windows NT 10.0; Win64; x64; rv:109.0) Gecko/20100101 Firefox/118.0"
178.165.193.62 - - [11/Oct/2023:16:49:50 +0200] "GET /entry.php?id=11240&mode=document&form=10665& HTTP/1.1" 200 2672 "http://hausegger.activities.at/entry.php?id=11237&type=10665" "Mozilla/5.0 (Windows NT 10.0; Win64; x64; rv:109.0) Gecko/20100101 Firefox/118.0"
178.165.193.62 - - [11/Oct/2023:16:49:51 +0200] "GET /gui/javascript/form_bu_document_workflow.js?1697035791 HTTP/1.1" 200 4900 "http://hausegger.activities.at/entry.php?id=11240&mode=document&form=10665&" "Mozilla/5.0 (Windows NT 10.0; Win64; x64; rv:109.0) Gecko/20100101 Firefox/118.0"
178.165.193.62 - - [11/Oct/2023:16:49:51 +0200] "GET /gui/javascript/form_form.js?1697035791 HTTP/1.1" 200 16206 "http://hausegger.activities.at/entry.php?id=11240&mode=document&form=10665&" "Mozilla/5.0 (Windows NT 10.0; Win64; x64; rv:109.0) Gecko/20100101 Firefox/118.0"
178.165.193.62 - - [11/Oct/2023:16:49:51 +0200] "GET /entry.php?id=10776&form=11066&name=list& HTTP/1.1" 200 1513 "http://hausegger.activities.at/entry.php?id=11240&mode=document&form=10665&" "Mozilla/5.0 (Windows NT 10.0; Win64; x64; rv:109.0) Gecko/20100101 Firefox/118.0"
178.165.193.62 - - [11/Oct/2023:16:49:51 +0200] "GET /entry.php?id=10778&form=11066&name=list& HTTP/1.1" 200 2586 "http://hausegger.activities.at/entry.php?id=11240&mode=document&form=10665&" "Mozilla/5.0 (Windows NT 10.0; Win64; x64; rv:109.0) Gecko/20100101 Firefox/118.0"
178.165.193.62 - - [11/Oct/2023:16:49:51 +0200] "POST /entry.php?id=11240 HTTP/1.1" 200 2672 "http://hausegger.activities.at/entry.php?id=11240&mode=document&form=10665&" "Mozilla/5.0 (Windows NT 10.0; Win64; x64; rv:109.0) Gecko/20100101 Firefox/118.0"
178.165.193.62 - - [11/Oct/2023:16:49:51 +0200] "GET /entry.php?id=10776&form=11066&name=list& HTTP/1.1" 200 1513 "http://hausegger.activities.at/entry.php?id=11240" "Mozilla/5.0 (Windows NT 10.0; Win64; x64; rv:109.0) Gecko/20100101 Firefox/118.0"
178.165.193.62 - - [11/Oct/2023:16:49:51 +0200] "GET /entry.php?id=10778&form=11066&name=list& HTTP/1.1" 200 2774 "http://hausegger.activities.at/entry.php?id=11240" "Mozilla/5.0 (Windows NT 10.0; Win64; x64; rv:109.0) Gecko/20100101 Firefox/118.0"
178.165.193.62 - - [11/Oct/2023:16:49:52 +0200] "GET /entry.php?id=10271&&ser=35731 HTTP/1.1" 200 987 "http://hausegger.activities.at/entry.php?id=10271&&ser=35670" "Mozilla/5.0 (Windows NT 10.0; Win64; x64) AppleWebKit/537.36 (KHTML, like Gecko) Chrome/117.0.0.0 Safari/537.36"
178.165.193.62 - - [11/Oct/2023:16:49:54 +0200] "GET /gui/javascript/form_form.js?1697035792 HTTP/1.1" 200 16206 "http://hausegger.activities.at/entry.php?id=10271&&ser=35731" "Mozilla/5.0 (Windows NT 10.0; Win64; x64) AppleWebKit/537.36 (KHTML, like Gecko) Chrome/117.0.0.0 Safari/537.36"
178.165.193.62 - - [11/Oct/2023:16:49:55 +0200] "POST /entry.php?id=10828 HTTP/1.1" 200 8712 "http://hausegger.activities.at/entry.php?id=10828" "Mozilla/5.0 (Windows NT 10.0; Win64; x64; rv:109.0) Gecko/20100101 Firefox/118.0"
178.165.193.62 - - [11/Oct/2023:16:49:55 +0200] "GET /gui/javascript/form_form.js?1697035795 HTTP/1.1" 200 16206 "http://hausegger.activities.at/entry.php?id=10828" "Mozilla/5.0 (Windows NT 10.0; Win64; x64; rv:109.0) Gecko/20100101 Firefox/118.0"
178.165.193.62 - - [11/Oct/2023:16:49:55 +0200] "GET /entry.php?id=10889&document_id=10329306& HTTP/1.1" 200 1510 "http://hausegger.activities.at/entry.php?id=10828" "Mozilla/5.0 (Windows NT 10.0; Win64; x64; rv:109.0) Gecko/20100101 Firefox/118.0"
178.165.193.62 - - [11/Oct/2023:16:49:57 +0200] "POST /entry.php?id=10828 HTTP/1.1" 200 8772 "http://hausegger.activities.at/entry.php?id=10828" "Mozilla/5.0 (Windows NT 10.0; Win64; x64; rv:109.0) Gecko/20100101 Firefox/118.0"
178.165.193.62 - - [11/Oct/2023:16:49:57 +0200] "GET /gui/javascript/form_form.js?1697035797 HTTP/1.1" 200 16206 "http://hausegger.activities.at/entry.php?id=10828" "Mozilla/5.0 (Windows NT 10.0; Win64; x64; rv:109.0) Gecko/20100101 Firefox/118.0"
178.165.193.62 - - [11/Oct/2023:16:49:58 +0200] "GET /entry.php?id=10889&document_id=10329306& HTTP/1.1" 200 1509 "http://hausegger.activities.at/entry.php?id=10828" "Mozilla/5.0 (Windows NT 10.0; Win64; x64; rv:109.0) Gecko/20100101 Firefox/118.0"
178.165.193.62 - - [11/Oct/2023:16:49:58 +0200] "GET /gui/javascript/form_form.js?1697035798 HTTP/1.1" 200 16206 "http://hausegger.activities.at/entry.php?id=10889&document_id=10329306&" "Mozilla/5.0 (Windows NT 10.0; Win64; x64; rv:109.0) Gecko/20100101 Firefox/118.0"
178.165.193.62 - - [11/Oct/2023:16:50:02 +0200] "GET /entry.php?id=10831 HTTP/1.1" 200 8822 "http://hausegger.activities.at/entry.php?id=10270&__app__=10006038" "Mozilla/5.0 (Windows NT 10.0; Win64; x64; rv:109.0) Gecko/20100101 Firefox/118.0"
178.165.193.62 - - [11/Oct/2023:16:50:02 +0200] "GET /gui/javascript/form_form.js?1697035802 HTTP/1.1" 200 16206 "http://hausegger.activities.at/entry.php?id=10831" "Mozilla/5.0 (Windows NT 10.0; Win64; x64; rv:109.0) Gecko/20100101 Firefox/118.0"
178.165.193.62 - - [11/Oct/2023:16:50:03 +0200] "GET /entry.php?id=10889&document_id=& HTTP/1.1" 200 1510 "http://hausegger.activities.at/entry.php?id=10831" "Mozilla/5.0 (Windows NT 10.0; Win64; x64; rv:109.0) Gecko/20100101 Firefox/118.0"
178.165.193.62 - - [11/Oct/2023:16:50:03 +0200] "GET /gui/javascript/form_form.js?1697035803 HTTP/1.1" 200 16206 "http://hausegger.activities.at/entry.php?id=10889&document_id=&" "Mozilla/5.0 (Windows NT 10.0; Win64; x64; rv:109.0) Gecko/20100101 Firefox/118.0"
178.165.193.62 - - [11/Oct/2023:16:50:03 +0200] "GET /entry.php?id=10271&&ser=35743 HTTP/1.1" 200 988 "http://hausegger.activities.at/entry.php?id=10271&&ser=35682" "Mozilla/5.0 (Windows NT 10.0; Win64; x64; rv:109.0) Gecko/20100101 Firefox/118.0"
178.165.193.62 - - [11/Oct/2023:16:50:05 +0200] "GET /entry.php?id=11237&type=10668 HTTP/1.1" 200 276 "http://hausegger.activities.at/entry.php?id=10831" "Mozilla/5.0 (Windows NT 10.0; Win64; x64; rv:109.0) Gecko/20100101 Firefox/118.0"
178.165.193.62 - - [11/Oct/2023:16:50:05 +0200] "GET /entry.php?id=11239&mode=document&form=10668& HTTP/1.1" 200 2023 "http://hausegger.activities.at/entry.php?id=11237&type=10668" "Mozilla/5.0 (Windows NT 10.0; Win64; x64; rv:109.0) Gecko/20100101 Firefox/118.0"
178.165.193.62 - - [11/Oct/2023:16:50:05 +0200] "GET /entry.php?id=10676&&title=Belegsuche HTTP/1.1" 200 1392 "http://hausegger.activities.at/entry.php?id=11237&type=10668" "Mozilla/5.0 (Windows NT 10.0; Win64; x64; rv:109.0) Gecko/20100101 Firefox/118.0"
178.165.193.62 - - [11/Oct/2023:16:50:05 +0200] "GET /gui/javascript/form_bu_document_workflow.js?1697035805 HTTP/1.1" 200 4900 "http://hausegger.activities.at/entry.php?id=11239&mode=document&form=10668&" "Mozilla/5.0 (Windows NT 10.0; Win64; x64; rv:109.0) Gecko/20100101 Firefox/118.0"
178.165.193.62 - - [11/Oct/2023:16:50:05 +0200] "GET /gui/javascript/form_form.js?1697035805 HTTP/1.1" 200 16206 "http://hausegger.activities.at/entry.php?id=11239&mode=document&form=10668&" "Mozilla/5.0 (Windows NT 10.0; Win64; x64; rv:109.0) Gecko/20100101 Firefox/118.0"
178.165.193.62 - - [11/Oct/2023:16:50:05 +0200] "GET /gui/javascript/form_form.js?1697035805 HTTP/1.1" 200 16206 "http://hausegger.activities.at/entry.php?id=10676&&title=Belegsuche" "Mozilla/5.0 (Windows NT 10.0; Win64; x64; rv:109.0) Gecko/20100101 Firefox/118.0"
178.165.193.62 - - [11/Oct/2023:16:50:05 +0200] "GET /entry.php?id=11238&mode=document&form=10668& HTTP/1.1" 200 3241 "http://hausegger.activities.at/entry.php?id=11237&type=10668" "Mozilla/5.0 (Windows NT 10.0; Win64; x64; rv:109.0) Gecko/20100101 Firefox/118.0"
178.165.193.62 - - [11/Oct/2023:16:50:05 +0200] "GET /entry.php?id=11240&mode=document&form=10668& HTTP/1.1" 200 2673 "http://hausegger.activities.at/entry.php?id=11237&type=10668" "Mozilla/5.0 (Windows NT 10.0; Win64; x64; rv:109.0) Gecko/20100101 Firefox/118.0"
178.165.193.62 - - [11/Oct/2023:16:50:05 +0200] "GET /entry.php?id=10776&form=11066&name=list& HTTP/1.1" 200 1515 "http://hausegger.activities.at/entry.php?id=11240&mode=document&form=10668&" "Mozilla/5.0 (Windows NT 10.0; Win64; x64; rv:109.0) Gecko/20100101 Firefox/118.0"
178.165.193.62 - - [11/Oct/2023:16:50:05 +0200] "GET /entry.php?id=10778&form=11066&name=list& HTTP/1.1" 200 2588 "http://hausegger.activities.at/entry.php?id=11240&mode=document&form=10668&" "Mozilla/5.0 (Windows NT 10.0; Win64; x64; rv:109.0) Gecko/20100101 Firefox/118.0"
178.165.193.62 - - [11/Oct/2023:16:50:06 +0200] "POST /entry.php?id=11240 HTTP/1.1" 200 2674 "http://hausegger.activities.at/entry.php?id=11240&mode=document&form=10668&" "Mozilla/5.0 (Windows NT 10.0; Win64; x64; rv:109.0) Gecko/20100101 Firefox/118.0"
178.165.193.62 - - [11/Oct/2023:16:50:06 +0200] "GET /gui/javascript/form_bu_document_workflow.js?1697035806 HTTP/1.1" 200 4900 "http://hausegger.activities.at/entry.php?id=11240" "Mozilla/5.0 (Windows NT 10.0; Win64; x64; rv:109.0) Gecko/20100101 Firefox/118.0"
178.165.193.62 - - [11/Oct/2023:16:50:06 +0200] "GET /gui/javascript/form_form.js?1697035806 HTTP/1.1" 200 16206 "http://hausegger.activities.at/entry.php?id=11240" "Mozilla/5.0 (Windows NT 10.0; Win64; x64; rv:109.0) Gecko/20100101 Firefox/118.0"
178.165.193.62 - - [11/Oct/2023:16:50:06 +0200] "GET /entry.php?id=10778&form=11066&name=list& HTTP/1.1" 200 2792 "http://hausegger.activities.at/entry.php?id=11240" "Mozilla/5.0 (Windows NT 10.0; Win64; x64; rv:109.0) Gecko/20100101 Firefox/118.0"
178.165.193.62 - - [11/Oct/2023:16:50:06 +0200] "GET /entry.php?id=10776&form=11066&name=list& HTTP/1.1" 200 1515 "http://hausegger.activities.at/entry.php?id=11240" "Mozilla/5.0 (Windows NT 10.0; Win64; x64; rv:109.0) Gecko/20100101 Firefox/118.0"
178.165.193.62 - - [11/Oct/2023:16:50:08 +0200] "POST /entry.php?id=10831 HTTP/1.1" 200 8322 "http://hausegger.activities.at/entry.php?id=10831" "Mozilla/5.0 (Windows NT 10.0; Win64; x64; rv:109.0) Gecko/20100101 Firefox/118.0"
178.165.193.62 - - [11/Oct/2023:16:50:08 +0200] "GET /gui/javascript/form_form.js?1697035808 HTTP/1.1" 200 16206 "http://hausegger.activities.at/entry.php?id=10831" "Mozilla/5.0 (Windows NT 10.0; Win64; x64; rv:109.0) Gecko/20100101 Firefox/118.0"
178.165.193.62 - - [11/Oct/2023:16:50:08 +0200] "GET /entry.php?id=10889&document_id=10329309& HTTP/1.1" 200 1510 "http://hausegger.activities.at/entry.php?id=10831" "Mozilla/5.0 (Windows NT 10.0; Win64; x64; rv:109.0) Gecko/20100101 Firefox/118.0"
156.59.198.136 - - [11/Oct/2023:16:50:11 +0200] "GET /renault.2web.at/htdocs/export/pdf/emuc_document/10949204.pdf HTTP/1.0" 404 318 "http://212.69.160.11:443/renault.2web.at/htdocs/export/pdf/emuc_document/" "Mozilla/5.0 (Linux; Android 5.0) AppleWebKit/537.36 (KHTML, like Gecko) Mobile Safari/537.36 (compatible; Bytespider; spider-feedback@bytedance.com)"
178.165.193.62 - - [11/Oct/2023:16:50:11 +0200] "POST /entry.php?id=10831 HTTP/1.1" 200 4671 "http://hausegger.activities.at/entry.php?id=10831" "Mozilla/5.0 (Windows NT 10.0; Win64; x64; rv:109.0) Gecko/20100101 Firefox/118.0"
178.165.193.62 - - [11/Oct/2023:16:50:11 +0200] "GET /gui/javascript/form_form.js?1697035811 HTTP/1.1" 200 16206 "http://hausegger.activities.at/entry.php?id=10831" "Mozilla/5.0 (Windows NT 10.0; Win64; x64; rv:109.0) Gecko/20100101 Firefox/118.0"
178.165.193.62 - - [11/Oct/2023:16:50:11 +0200] "GET /entry.php?id=10830&&object=10329309&account=&mode=documentkreditor HTTP/1.1" 200 4495 "http://hausegger.activities.at/entry.php?id=10831" "Mozilla/5.0 (Windows NT 10.0; Win64; x64; rv:109.0) Gecko/20100101 Firefox/118.0"
178.165.193.62 - - [11/Oct/2023:16:50:11 +0200] "GET /entry.php?id=10889&document_id=10329309& HTTP/1.1" 200 1510 "http://hausegger.activities.at/entry.php?id=10831" "Mozilla/5.0 (Windows NT 10.0; Win64; x64; rv:109.0) Gecko/20100101 Firefox/118.0"
178.165.193.62 - - [11/Oct/2023:16:50:12 +0200] "GET /gui/javascript/form_form.js?1697035812 HTTP/1.1" 200 16206 "http://hausegger.activities.at/entry.php?id=10830&&object=10329309&account=&mode=documentkreditor" "Mozilla/5.0 (Windows NT 10.0; Win64; x64; rv:109.0) Gecko/20100101 Firefox/118.0"
178.165.193.62 - - [11/Oct/2023:16:50:12 +0200] "GET /gui/javascript/form_form.js?1697035812 HTTP/1.1" 200 16206 "http://hausegger.activities.at/entry.php?id=10889&document_id=10329309&" "Mozilla/5.0 (Windows NT 10.0; Win64; x64; rv:109.0) Gecko/20100101 Firefox/118.0"
178.165.193.62 - - [11/Oct/2023:16:50:21 +0200] "GET /entry.php?id=11270&document=10329309 HTTP/1.1" 200 1975 "http://hausegger.activities.at/entry.php?id=10831" "Mozilla/5.0 (Windows NT 10.0; Win64; x64; rv:109.0) Gecko/20100101 Firefox/118.0"
178.165.193.62 - - [11/Oct/2023:16:50:21 +0200] "GET /gui/javascript/form_bu_document.js?1697035821 HTTP/1.1" 200 2675 "http://hausegger.activities.at/entry.php?id=11270&document=10329309" "Mozilla/5.0 (Windows NT 10.0; Win64; x64; rv:109.0) Gecko/20100101 Firefox/118.0"
178.165.193.62 - - [11/Oct/2023:16:50:21 +0200] "GET /gui/javascript/form_form.js?1697035821 HTTP/1.1" 200 16206 "http://hausegger.activities.at/entry.php?id=11270&document=10329309" "Mozilla/5.0 (Windows NT 10.0; Win64; x64; rv:109.0) Gecko/20100101 Firefox/118.0"
178.165.193.62 - - [11/Oct/2023:16:50:21 +0200] "GET /entry.php?id=10877&mode=observePrint HTTP/1.1" 200 55 "http://hausegger.activities.at/entry.php?id=11270&document=10329309" "Mozilla/5.0 (Windows NT 10.0; Win64; x64; rv:109.0) Gecko/20100101 Firefox/118.0"
178.165.193.62 - - [11/Oct/2023:16:50:21 +0200] "GET /entry.php?id=11241&images=false&document=10329309 HTTP/1.1" 200 2291 "http://hausegger.activities.at/entry.php?id=11270&document=10329309" "Mozilla/5.0 (Windows NT 10.0; Win64; x64; rv:109.0) Gecko/20100101 Firefox/118.0"
156.59.198.136 - - [11/Oct/2023:16:50:45 +0200] "GET /renault.2web.at/htdocs/export/pdf/emuc_document/10349470.pdf HTTP/1.0" 404 319 "http://212.69.160.11:443/renault.2web.at/htdocs/export/pdf/emuc_document/" "Mozilla/5.0 (Linux; Android 5.0) AppleWebKit/537.36 (KHTML, like Gecko) Mobile Safari/537.36 (compatible; Bytespider; spider-feedback@bytedance.com)"
178.165.193.62 - - [11/Oct/2023:16:50:54 +0200] "GET /entry.php?id=10271&&ser=35792 HTTP/1.1" 200 987 "http://hausegger.activities.at/entry.php?id=10271&&ser=35731" "Mozilla/5.0 (Windows NT 10.0; Win64; x64) AppleWebKit/537.36 (KHTML, like Gecko) Chrome/117.0.0.0 Safari/537.36"
178.165.193.62 - - [11/Oct/2023:16:50:55 +0200] "GET /gui/javascript/form_form.js?1697035854 HTTP/1.1" 200 16206 "http://hausegger.activities.at/entry.php?id=10271&&ser=35792" "Mozilla/5.0 (Windows NT 10.0; Win64; x64) AppleWebKit/537.36 (KHTML, like Gecko) Chrome/117.0.0.0 Safari/537.36"
178.165.193.62 - - [11/Oct/2023:16:51:03 +0200] "GET /entry.php?id=10271&&ser=35803 HTTP/1.1" 200 988 "http://hausegger.activities.at/entry.php?id=10271&&ser=35743" "Mozilla/5.0 (Windows NT 10.0; Win64; x64; rv:109.0) Gecko/20100101 Firefox/118.0"
178.165.193.62 - - [11/Oct/2023:16:51:03 +0200] "GET /gui/javascript/form_form.js?1697035863 HTTP/1.1" 200 16206 "http://hausegger.activities.at/entry.php?id=10271&&ser=35803" "Mozilla/5.0 (Windows NT 10.0; Win64; x64; rv:109.0) Gecko/20100101 Firefox/118.0"
156.59.198.136 - - [11/Oct/2023:16:51:19 +0200] "GET /renault.2web.at/htdocs/export/pdf/emuc_document/10458394.pdf HTTP/1.0" 404 319 "http://212.69.160.11:443/renault.2web.at/htdocs/export/pdf/emuc_document/" "Mozilla/5.0 (Linux; Android 5.0) AppleWebKit/537.36 (KHTML, like Gecko) Mobile Safari/537.36 (compatible; Bytespider; spider-feedback@bytedance.com)"
156.59.198.136 - - [11/Oct/2023:16:51:52 +0200] "GET /renault.2web.at/htdocs/export/pdf/emuc_document/10997820.pdf HTTP/1.0" 404 319 "http://212.69.160.11:443/renault.2web.at/htdocs/export/pdf/emuc_document/" "Mozilla/5.0 (Linux; Android 5.0) AppleWebKit/537.36 (KHTML, like Gecko) Mobile Safari/537.36 (compatible; Bytespider; spider-feedback@bytedance.com)"
178.165.193.62 - - [11/Oct/2023:16:51:55 +0200] "GET /entry.php?id=10271&&ser=35854 HTTP/1.1" 200 987 "http://hausegger.activities.at/entry.php?id=10271&&ser=35792" "Mozilla/5.0 (Windows NT 10.0; Win64; x64) AppleWebKit/537.36 (KHTML, like Gecko) Chrome/117.0.0.0 Safari/537.36"
178.165.193.62 - - [11/Oct/2023:16:51:55 +0200] "GET /gui/javascript/form_form.js?1697035915 HTTP/1.1" 200 16206 "http://hausegger.activities.at/entry.php?id=10271&&ser=35854" "Mozilla/5.0 (Windows NT 10.0; Win64; x64) AppleWebKit/537.36 (KHTML, like Gecko) Chrome/117.0.0.0 Safari/537.36"
178.165.193.62 - - [11/Oct/2023:16:52:03 +0200] "GET /entry.php?id=10271&&ser=35863 HTTP/1.1" 200 987 "http://hausegger.activities.at/entry.php?id=10271&&ser=35803" "Mozilla/5.0 (Windows NT 10.0; Win64; x64; rv:109.0) Gecko/20100101 Firefox/118.0"
178.165.193.62 - - [11/Oct/2023:16:52:03 +0200] "GET /gui/javascript/form_form.js?1697035923 HTTP/1.1" 200 16206 "http://hausegger.activities.at/entry.php?id=10271&&ser=35863" "Mozilla/5.0 (Windows NT 10.0; Win64; x64; rv:109.0) Gecko/20100101 Firefox/118.0"
156.59.198.136 - - [11/Oct/2023:16:52:25 +0200] "GET /renault.2web.at/htdocs/export/pdf/emuc_document/11580898.pdf HTTP/1.0" 404 318 "http://212.69.160.11:443/renault.2web.at/htdocs/export/pdf/emuc_document/" "Mozilla/5.0 (Linux; Android 5.0) AppleWebKit/537.36 (KHTML, like Gecko) Mobile Safari/537.36 (compatible; Bytespider; spider-feedback@bytedance.com)"
178.165.193.62 - - [11/Oct/2023:16:52:56 +0200] "GET /entry.php?id=10271&&ser=35915 HTTP/1.1" 200 987 "http://hausegger.activities.at/entry.php?id=10271&&ser=35854" "Mozilla/5.0 (Windows NT 10.0; Win64; x64) AppleWebKit/537.36 (KHTML, like Gecko) Chrome/117.0.0.0 Safari/537.36"
178.165.193.62 - - [11/Oct/2023:16:52:56 +0200] "GET /gui/javascript/form_form.js?1697035976 HTTP/1.1" 200 16206 "http://hausegger.activities.at/entry.php?id=10271&&ser=35915" "Mozilla/5.0 (Windows NT 10.0; Win64; x64) AppleWebKit/537.36 (KHTML, like Gecko) Chrome/117.0.0.0 Safari/537.36"
156.59.198.135 - - [11/Oct/2023:16:52:59 +0200] "GET /renault.2web.at/htdocs/export/pdf/emuc_document/10344876.pdf HTTP/1.0" 404 319 "http://212.69.160.11:443/renault.2web.at/htdocs/export/pdf/emuc_document/" "Mozilla/5.0 (Linux; Android 5.0) AppleWebKit/537.36 (KHTML, like Gecko) Mobile Safari/537.36 (compatible; Bytespider; spider-feedback@bytedance.com)"
178.165.193.62 - - [11/Oct/2023:16:53:04 +0200] "GET /entry.php?id=10271&&ser=35923 HTTP/1.1" 200 987 "http://hausegger.activities.at/entry.php?id=10271&&ser=35863" "Mozilla/5.0 (Windows NT 10.0; Win64; x64; rv:109.0) Gecko/20100101 Firefox/118.0"
178.165.193.62 - - [11/Oct/2023:16:53:04 +0200] "GET /gui/javascript/form_form.js?1697035984 HTTP/1.1" 200 16206 "http://hausegger.activities.at/entry.php?id=10271&&ser=35923" "Mozilla/5.0 (Windows NT 10.0; Win64; x64; rv:109.0) Gecko/20100101 Firefox/118.0"
178.165.193.62 - - [11/Oct/2023:16:53:09 +0200] "POST /entry.php?id=10831 HTTP/1.1" 200 4661 "http://hausegger.activities.at/entry.php?id=10831" "Mozilla/5.0 (Windows NT 10.0; Win64; x64; rv:109.0) Gecko/20100101 Firefox/118.0"
178.165.193.62 - - [11/Oct/2023:16:53:10 +0200] "GET /gui/javascript/form_form.js?1697035990 HTTP/1.1" 200 16206 "http://hausegger.activities.at/entry.php?id=10831" "Mozilla/5.0 (Windows NT 10.0; Win64; x64; rv:109.0) Gecko/20100101 Firefox/118.0"
178.165.193.62 - - [11/Oct/2023:16:53:10 +0200] "GET /entry.php?id=10830&&object=10329309&account=&mode=documentkreditor HTTP/1.1" 200 4497 "http://hausegger.activities.at/entry.php?id=10831" "Mozilla/5.0 (Windows NT 10.0; Win64; x64; rv:109.0) Gecko/20100101 Firefox/118.0"
178.165.193.62 - - [11/Oct/2023:16:53:10 +0200] "GET /entry.php?id=10889&document_id=10329309& HTTP/1.1" 200 1510 "http://hausegger.activities.at/entry.php?id=10831" "Mozilla/5.0 (Windows NT 10.0; Win64; x64; rv:109.0) Gecko/20100101 Firefox/118.0"
156.59.198.136 - - [11/Oct/2023:16:53:32 +0200] "GET /renault.2web.at/htdocs/export/pdf/emuc_document/10847949.pdf HTTP/1.0" 404 319 "http://212.69.160.11:443/renault.2web.at/htdocs/export/pdf/emuc_document/" "Mozilla/5.0 (Linux; Android 5.0) AppleWebKit/537.36 (KHTML, like Gecko) Mobile Safari/537.36 (compatible; Bytespider; spider-feedback@bytedance.com)"
178.165.193.62 - - [11/Oct/2023:16:53:57 +0200] "GET /entry.php?id=10271&&ser=35976 HTTP/1.1" 200 987 "http://hausegger.activities.at/entry.php?id=10271&&ser=35915" "Mozilla/5.0 (Windows NT 10.0; Win64; x64) AppleWebKit/537.36 (KHTML, like Gecko) Chrome/117.0.0.0 Safari/537.36"
178.165.193.62 - - [11/Oct/2023:16:53:57 +0200] "GET /gui/javascript/form_form.js?1697036037 HTTP/1.1" 200 16206 "http://hausegger.activities.at/entry.php?id=10271&&ser=35976" "Mozilla/5.0 (Windows NT 10.0; Win64; x64) AppleWebKit/537.36 (KHTML, like Gecko) Chrome/117.0.0.0 Safari/537.36"
178.165.193.62 - - [11/Oct/2023:16:54:04 +0200] "GET /entry.php?id=10271&&ser=35984 HTTP/1.1" 200 987 "http://hausegger.activities.at/entry.php?id=10271&&ser=35923" "Mozilla/5.0 (Windows NT 10.0; Win64; x64; rv:109.0) Gecko/20100101 Firefox/118.0"
178.165.193.62 - - [11/Oct/2023:16:54:04 +0200] "GET /gui/javascript/form_form.js?1697036044 HTTP/1.1" 200 16206 "http://hausegger.activities.at/entry.php?id=10271&&ser=35984" "Mozilla/5.0 (Windows NT 10.0; Win64; x64; rv:109.0) Gecko/20100101 Firefox/118.0"
156.59.198.136 - - [11/Oct/2023:16:54:05 +0200] "GET /renault.2web.at/htdocs/export/pdf/emuc_document/11811012.pdf HTTP/1.0" 404 317 "http://212.69.160.11:443/renault.2web.at/htdocs/export/pdf/emuc_document/" "Mozilla/5.0 (Linux; Android 5.0) AppleWebKit/537.36 (KHTML, like Gecko) Mobile Safari/537.36 (compatible; Bytespider; spider-feedback@bytedance.com)"
156.59.198.136 - - [11/Oct/2023:16:54:39 +0200] "GET /renault.2web.at/htdocs/export/pdf/emuc_document/10668808.pdf HTTP/1.0" 404 318 "http://212.69.160.11:443/renault.2web.at/htdocs/export/pdf/emuc_document/" "Mozilla/5.0 (Linux; Android 5.0) AppleWebKit/537.36 (KHTML, like Gecko) Mobile Safari/537.36 (compatible; Bytespider; spider-feedback@bytedance.com)"
178.165.193.62 - - [11/Oct/2023:16:54:58 +0200] "GET /entry.php?id=10271&&ser=36037 HTTP/1.1" 200 987 "http://hausegger.activities.at/entry.php?id=10271&&ser=35976" "Mozilla/5.0 (Windows NT 10.0; Win64; x64) AppleWebKit/537.36 (KHTML, like Gecko) Chrome/117.0.0.0 Safari/537.36"
178.165.193.62 - - [11/Oct/2023:16:54:59 +0200] "GET /gui/javascript/form_form.js?1697036098 HTTP/1.1" 200 16206 "http://hausegger.activities.at/entry.php?id=10271&&ser=36037" "Mozilla/5.0 (Windows NT 10.0; Win64; x64) AppleWebKit/537.36 (KHTML, like Gecko) Chrome/117.0.0.0 Safari/537.36"
178.165.193.62 - - [11/Oct/2023:16:55:04 +0200] "GET /entry.php?id=10271&&ser=36044 HTTP/1.1" 200 987 "http://hausegger.activities.at/entry.php?id=10271&&ser=35984" "Mozilla/5.0 (Windows NT 10.0; Win64; x64; rv:109.0) Gecko/20100101 Firefox/118.0"
178.165.193.62 - - [11/Oct/2023:16:55:04 +0200] "GET /gui/javascript/form_form.js?1697036104 HTTP/1.1" 200 16206 "http://hausegger.activities.at/entry.php?id=10271&&ser=36044" "Mozilla/5.0 (Windows NT 10.0; Win64; x64; rv:109.0) Gecko/20100101 Firefox/118.0"
156.59.198.136 - - [11/Oct/2023:16:55:12 +0200] "GET /renault.2web.at/htdocs/export/pdf/emuc_document/11659789.pdf HTTP/1.0" 404 319 "http://212.69.160.11:443/renault.2web.at/htdocs/export/pdf/emuc_document/" "Mozilla/5.0 (Linux; Android 5.0) AppleWebKit/537.36 (KHTML, like Gecko) Mobile Safari/537.36 (compatible; Bytespider; spider-feedback@bytedance.com)"
156.59.198.136 - - [11/Oct/2023:16:55:46 +0200] "GET /renault.2web.at/htdocs/export/pdf/emuc_document/11334968.pdf HTTP/1.0" 404 319 "http://212.69.160.11:443/renault.2web.at/htdocs/export/pdf/emuc_document/" "Mozilla/5.0 (Linux; Android 5.0) AppleWebKit/537.36 (KHTML, like Gecko) Mobile Safari/537.36 (compatible; Bytespider; spider-feedback@bytedance.com)"
178.165.193.62 - - [11/Oct/2023:16:55:59 +0200] "GET /entry.php?id=10271&&ser=36098 HTTP/1.1" 200 987 "http://hausegger.activities.at/entry.php?id=10271&&ser=36037" "Mozilla/5.0 (Windows NT 10.0; Win64; x64) AppleWebKit/537.36 (KHTML, like Gecko) Chrome/117.0.0.0 Safari/537.36"
178.165.193.62 - - [11/Oct/2023:16:56:00 +0200] "GET /gui/javascript/form_form.js?1697036159 HTTP/1.1" 200 16206 "http://hausegger.activities.at/entry.php?id=10271&&ser=36098" "Mozilla/5.0 (Windows NT 10.0; Win64; x64) AppleWebKit/537.36 (KHTML, like Gecko) Chrome/117.0.0.0 Safari/537.36"
178.165.193.62 - - [11/Oct/2023:16:56:05 +0200] "GET /entry.php?id=10271&&ser=36104 HTTP/1.1" 200 987 "http://hausegger.activities.at/entry.php?id=10271&&ser=36044" "Mozilla/5.0 (Windows NT 10.0; Win64; x64; rv:109.0) Gecko/20100101 Firefox/118.0"
178.165.193.62 - - [11/Oct/2023:16:56:05 +0200] "GET /gui/javascript/form_form.js?1697036165 HTTP/1.1" 200 16206 "http://hausegger.activities.at/entry.php?id=10271&&ser=36104" "Mozilla/5.0 (Windows NT 10.0; Win64; x64; rv:109.0) Gecko/20100101 Firefox/118.0"
156.59.198.136 - - [11/Oct/2023:16:56:21 +0200] "GET /renault.2web.at/htdocs/export/pdf/emuc_document/10961155.pdf HTTP/1.0" 404 318 "http://212.69.160.11:443/renault.2web.at/htdocs/export/pdf/emuc_document/" "Mozilla/5.0 (Linux; Android 5.0) AppleWebKit/537.36 (KHTML, like Gecko) Mobile Safari/537.36 (compatible; Bytespider; spider-feedback@bytedance.com)"
178.165.193.62 - - [11/Oct/2023:16:56:24 +0200] "GET /entry.php?id=10828 HTTP/1.1" 200 9143 "http://hausegger.activities.at/entry.php?id=10270&__app__=10006038" "Mozilla/5.0 (Windows NT 10.0; Win64; x64; rv:109.0) Gecko/20100101 Firefox/118.0"
178.165.193.62 - - [11/Oct/2023:16:56:24 +0200] "GET /gui/javascript/form_form.js?1697036184 HTTP/1.1" 200 16206 "http://hausegger.activities.at/entry.php?id=10828" "Mozilla/5.0 (Windows NT 10.0; Win64; x64; rv:109.0) Gecko/20100101 Firefox/118.0"
178.165.193.62 - - [11/Oct/2023:16:56:24 +0200] "GET /entry.php?id=10889&document_id=& HTTP/1.1" 200 1510 "http://hausegger.activities.at/entry.php?id=10828" "Mozilla/5.0 (Windows NT 10.0; Win64; x64; rv:109.0) Gecko/20100101 Firefox/118.0"
156.59.198.136 - - [11/Oct/2023:16:56:53 +0200] "GET /renault.2web.at/htdocs/export/pdf/emuc_document/10847248.pdf HTTP/1.0" 404 319 "http://212.69.160.11:443/renault.2web.at/htdocs/export/pdf/emuc_document/" "Mozilla/5.0 (Linux; Android 5.0) AppleWebKit/537.36 (KHTML, like Gecko) Mobile Safari/537.36 (compatible; Bytespider; spider-feedback@bytedance.com)"
178.165.193.62 - - [11/Oct/2023:16:57:00 +0200] "GET /entry.php?id=10271&&ser=36159 HTTP/1.1" 200 987 "http://hausegger.activities.at/entry.php?id=10271&&ser=36098" "Mozilla/5.0 (Windows NT 10.0; Win64; x64) AppleWebKit/537.36 (KHTML, like Gecko) Chrome/117.0.0.0 Safari/537.36"
178.165.193.62 - - [11/Oct/2023:16:57:00 +0200] "GET /gui/javascript/form_form.js?1697036220 HTTP/1.1" 200 16206 "http://hausegger.activities.at/entry.php?id=10271&&ser=36159" "Mozilla/5.0 (Windows NT 10.0; Win64; x64) AppleWebKit/537.36 (KHTML, like Gecko) Chrome/117.0.0.0 Safari/537.36"
178.165.193.62 - - [11/Oct/2023:16:57:05 +0200] "GET /entry.php?id=10271&&ser=36165 HTTP/1.1" 200 987 "http://hausegger.activities.at/entry.php?id=10271&&ser=36104" "Mozilla/5.0 (Windows NT 10.0; Win64; x64; rv:109.0) Gecko/20100101 Firefox/118.0"
178.165.193.62 - - [11/Oct/2023:16:57:05 +0200] "GET /gui/javascript/form_form.js?1697036225 HTTP/1.1" 200 16206 "http://hausegger.activities.at/entry.php?id=10271&&ser=36165" "Mozilla/5.0 (Windows NT 10.0; Win64; x64; rv:109.0) Gecko/20100101 Firefox/118.0"
156.59.198.136 - - [11/Oct/2023:16:57:27 +0200] "GET /renault.2web.at/htdocs/export/pdf/emuc_document/10668914.pdf HTTP/1.0" 404 318 "http://212.69.160.11:443/renault.2web.at/htdocs/export/pdf/emuc_document/" "Mozilla/5.0 (Linux; Android 5.0) AppleWebKit/537.36 (KHTML, like Gecko) Mobile Safari/537.36 (compatible; Bytespider; spider-feedback@bytedance.com)"
156.59.198.135 - - [11/Oct/2023:16:58:00 +0200] "GET /renault.2web.at/htdocs/export/pdf/emuc_document/11757597.pdf HTTP/1.0" 404 319 "http://212.69.160.11:443/renault.2web.at/htdocs/export/pdf/emuc_document/" "Mozilla/5.0 (Linux; Android 5.0) AppleWebKit/537.36 (KHTML, like Gecko) Mobile Safari/537.36 (compatible; Bytespider; spider-feedback@bytedance.com)"
178.165.193.62 - - [11/Oct/2023:16:58:01 +0200] "GET /entry.php?id=10271&&ser=36220 HTTP/1.1" 200 986 "http://hausegger.activities.at/entry.php?id=10271&&ser=36159" "Mozilla/5.0 (Windows NT 10.0; Win64; x64) AppleWebKit/537.36 (KHTML, like Gecko) Chrome/117.0.0.0 Safari/537.36"
178.165.193.62 - - [11/Oct/2023:16:58:01 +0200] "GET /gui/javascript/form_form.js?1697036281 HTTP/1.1" 200 16206 "http://hausegger.activities.at/entry.php?id=10271&&ser=36220" "Mozilla/5.0 (Windows NT 10.0; Win64; x64) AppleWebKit/537.36 (KHTML, like Gecko) Chrome/117.0.0.0 Safari/537.36"
178.165.193.62 - - [11/Oct/2023:16:58:05 +0200] "GET /entry.php?id=10271&&ser=36225 HTTP/1.1" 200 987 "http://hausegger.activities.at/entry.php?id=10271&&ser=36165" "Mozilla/5.0 (Windows NT 10.0; Win64; x64; rv:109.0) Gecko/20100101 Firefox/118.0"
178.165.193.62 - - [11/Oct/2023:16:58:05 +0200] "GET /gui/javascript/form_form.js?1697036285 HTTP/1.1" 200 16206 "http://hausegger.activities.at/entry.php?id=10271&&ser=36225" "Mozilla/5.0 (Windows NT 10.0; Win64; x64; rv:109.0) Gecko/20100101 Firefox/118.0"
156.59.198.136 - - [11/Oct/2023:16:58:33 +0200] "GET /renault.2web.at/htdocs/export/pdf/emuc_document/11600026.pdf HTTP/1.0" 404 318 "http://212.69.160.11:443/renault.2web.at/htdocs/export/pdf/emuc_document/" "Mozilla/5.0 (Linux; Android 5.0) AppleWebKit/537.36 (KHTML, like Gecko) Mobile Safari/537.36 (compatible; Bytespider; spider-feedback@bytedance.com)"
178.165.193.62 - - [11/Oct/2023:16:59:02 +0200] "GET /entry.php?id=10271&&ser=36281 HTTP/1.1" 200 987 "http://hausegger.activities.at/entry.php?id=10271&&ser=36220" "Mozilla/5.0 (Windows NT 10.0; Win64; x64) AppleWebKit/537.36 (KHTML, like Gecko) Chrome/117.0.0.0 Safari/537.36"
178.165.193.62 - - [11/Oct/2023:16:59:03 +0200] "GET /gui/javascript/form_form.js?1697036342 HTTP/1.1" 200 16206 "http://hausegger.activities.at/entry.php?id=10271&&ser=36281" "Mozilla/5.0 (Windows NT 10.0; Win64; x64) AppleWebKit/537.36 (KHTML, like Gecko) Chrome/117.0.0.0 Safari/537.36"
178.165.193.62 - - [11/Oct/2023:16:59:06 +0200] "GET /entry.php?id=10271&&ser=36285 HTTP/1.1" 200 987 "http://hausegger.activities.at/entry.php?id=10271&&ser=36225" "Mozilla/5.0 (Windows NT 10.0; Win64; x64; rv:109.0) Gecko/20100101 Firefox/118.0"
178.165.193.62 - - [11/Oct/2023:16:59:06 +0200] "GET /gui/javascript/form_form.js?1697036346 HTTP/1.1" 200 16206 "http://hausegger.activities.at/entry.php?id=10271&&ser=36285" "Mozilla/5.0 (Windows NT 10.0; Win64; x64; rv:109.0) Gecko/20100101 Firefox/118.0"
156.59.198.136 - - [11/Oct/2023:16:59:07 +0200] "GET /renault.2web.at/htdocs/export/pdf/emuc_document/10320397.pdf HTTP/1.0" 404 319 "http://212.69.160.11:443/renault.2web.at/htdocs/export/pdf/emuc_document/" "Mozilla/5.0 (Linux; Android 5.0) AppleWebKit/537.36 (KHTML, like Gecko) Mobile Safari/537.36 (compatible; Bytespider; spider-feedback@bytedance.com)"
156.59.198.135 - - [11/Oct/2023:16:59:41 +0200] "GET /renault.2web.at/htdocs/export/pdf/emuc_document/11644497.pdf HTTP/1.0" 404 319 "http://212.69.160.11:443/renault.2web.at/htdocs/export/pdf/emuc_document/" "Mozilla/5.0 (Linux; Android 5.0) AppleWebKit/537.36 (KHTML, like Gecko) Mobile Safari/537.36 (compatible; Bytespider; spider-feedback@bytedance.com)"
178.165.193.62 - - [11/Oct/2023:17:00:03 +0200] "GET /entry.php?id=10271&&ser=36342 HTTP/1.1" 200 987 "http://hausegger.activities.at/entry.php?id=10271&&ser=36281" "Mozilla/5.0 (Windows NT 10.0; Win64; x64) AppleWebKit/537.36 (KHTML, like Gecko) Chrome/117.0.0.0 Safari/537.36"
178.165.193.62 - - [11/Oct/2023:17:00:04 +0200] "GET /gui/javascript/form_form.js?1697036403 HTTP/1.1" 200 16206 "http://hausegger.activities.at/entry.php?id=10271&&ser=36342" "Mozilla/5.0 (Windows NT 10.0; Win64; x64) AppleWebKit/537.36 (KHTML, like Gecko) Chrome/117.0.0.0 Safari/537.36"
178.165.193.62 - - [11/Oct/2023:17:00:06 +0200] "GET /entry.php?id=10271&&ser=36346 HTTP/1.1" 200 987 "http://hausegger.activities.at/entry.php?id=10271&&ser=36285" "Mozilla/5.0 (Windows NT 10.0; Win64; x64; rv:109.0) Gecko/20100101 Firefox/118.0"
178.165.193.62 - - [11/Oct/2023:17:00:06 +0200] "GET /gui/javascript/form_form.js?1697036406 HTTP/1.1" 200 16206 "http://hausegger.activities.at/entry.php?id=10271&&ser=36346" "Mozilla/5.0 (Windows NT 10.0; Win64; x64; rv:109.0) Gecko/20100101 Firefox/118.0"
156.59.198.135 - - [11/Oct/2023:17:00:14 +0200] "GET /renault.2web.at/htdocs/export/pdf/emuc_document/11470796.pdf HTTP/1.0" 404 318 "http://212.69.160.11:443/renault.2web.at/htdocs/export/pdf/emuc_document/" "Mozilla/5.0 (Linux; Android 5.0) AppleWebKit/537.36 (KHTML, like Gecko) Mobile Safari/537.36 (compatible; Bytespider; spider-feedback@bytedance.com)"
156.59.198.135 - - [11/Oct/2023:17:00:48 +0200] "GET /renault.2web.at/htdocs/export/pdf/emuc_document/11537994.pdf HTTP/1.0" 404 319 "http://212.69.160.11:443/renault.2web.at/htdocs/export/pdf/emuc_document/" "Mozilla/5.0 (Linux; Android 5.0) AppleWebKit/537.36 (KHTML, like Gecko) Mobile Safari/537.36 (compatible; Bytespider; spider-feedback@bytedance.com)"
185.180.140.4 - - [11/Oct/2023:17:01:04 +0200] "GET / HTTP/1.1" 200 274 "-" "Mozilla/5.0 (Windows NT 10.0; Win64; x64) AppleWebKit/537.36 (KHTML, like Gecko) Chrome/60.0.3112.113 Safari/537.36"
178.165.193.62 - - [11/Oct/2023:17:01:04 +0200] "GET /entry.php?id=10271&&ser=36403 HTTP/1.1" 200 987 "http://hausegger.activities.at/entry.php?id=10271&&ser=36342" "Mozilla/5.0 (Windows NT 10.0; Win64; x64) AppleWebKit/537.36 (KHTML, like Gecko) Chrome/117.0.0.0 Safari/537.36"
178.165.193.62 - - [11/Oct/2023:17:01:05 +0200] "GET /gui/javascript/form_form.js?1697036464 HTTP/1.1" 200 16206 "http://hausegger.activities.at/entry.php?id=10271&&ser=36403" "Mozilla/5.0 (Windows NT 10.0; Win64; x64) AppleWebKit/537.36 (KHTML, like Gecko) Chrome/117.0.0.0 Safari/537.36"
185.180.140.4 - - [11/Oct/2023:17:01:05 +0200] "GET /showLogin.cc HTTP/1.1" 404 286 "-" "Mozilla/5.0 (Windows NT 10.0; Win64; x64) AppleWebKit/537.36 (KHTML, like Gecko) Chrome/60.0.3112.113 Safari/537.36"
178.165.193.62 - - [11/Oct/2023:17:01:06 +0200] "GET /entry.php?id=10271&&ser=36406 HTTP/1.1" 200 987 "http://hausegger.activities.at/entry.php?id=10271&&ser=36346" "Mozilla/5.0 (Windows NT 10.0; Win64; x64; rv:109.0) Gecko/20100101 Firefox/118.0"
178.165.193.62 - - [11/Oct/2023:17:01:06 +0200] "GET /gui/javascript/form_form.js?1697036466 HTTP/1.1" 200 16206 "http://hausegger.activities.at/entry.php?id=10271&&ser=36406" "Mozilla/5.0 (Windows NT 10.0; Win64; x64; rv:109.0) Gecko/20100101 Firefox/118.0"
156.59.198.136 - - [11/Oct/2023:17:01:21 +0200] "GET /renault.2web.at/htdocs/export/pdf/emuc_document/11170510.pdf HTTP/1.0" 404 318 "http://212.69.160.11:443/renault.2web.at/htdocs/export/pdf/emuc_document/" "Mozilla/5.0 (Linux; Android 5.0) AppleWebKit/537.36 (KHTML, like Gecko) Mobile Safari/537.36 (compatible; Bytespider; spider-feedback@bytedance.com)"
156.59.198.136 - - [11/Oct/2023:17:01:55 +0200] "GET /renault.2web.at/htdocs/export/pdf/emuc_document/10922451.pdf HTTP/1.0" 404 318 "http://212.69.160.11:443/renault.2web.at/htdocs/export/pdf/emuc_document/" "Mozilla/5.0 (Linux; Android 5.0) AppleWebKit/537.36 (KHTML, like Gecko) Mobile Safari/537.36 (compatible; Bytespider; spider-feedback@bytedance.com)"
178.165.193.62 - - [11/Oct/2023:17:02:05 +0200] "GET /entry.php?id=10271&&ser=36464 HTTP/1.1" 200 987 "http://hausegger.activities.at/entry.php?id=10271&&ser=36403" "Mozilla/5.0 (Windows NT 10.0; Win64; x64) AppleWebKit/537.36 (KHTML, like Gecko) Chrome/117.0.0.0 Safari/537.36"
178.165.193.62 - - [11/Oct/2023:17:02:06 +0200] "GET /gui/javascript/form_form.js?1697036525 HTTP/1.1" 200 16206 "http://hausegger.activities.at/entry.php?id=10271&&ser=36464" "Mozilla/5.0 (Windows NT 10.0; Win64; x64) AppleWebKit/537.36 (KHTML, like Gecko) Chrome/117.0.0.0 Safari/537.36"
178.165.193.62 - - [11/Oct/2023:17:02:09 +0200] "GET /entry.php?id=10271&&ser=36466 HTTP/1.1" 200 987 "http://hausegger.activities.at/entry.php?id=10271&&ser=36406" "Mozilla/5.0 (Windows NT 10.0; Win64; x64; rv:109.0) Gecko/20100101 Firefox/118.0"
178.165.193.62 - - [11/Oct/2023:17:02:09 +0200] "GET /gui/javascript/form_form.js?1697036529 HTTP/1.1" 200 16206 "http://hausegger.activities.at/entry.php?id=10271&&ser=36466" "Mozilla/5.0 (Windows NT 10.0; Win64; x64; rv:109.0) Gecko/20100101 Firefox/118.0"
156.59.198.136 - - [11/Oct/2023:17:02:28 +0200] "GET /renault.2web.at/htdocs/export/pdf/emuc_document/11578788.pdf HTTP/1.0" 404 319 "http://212.69.160.11:443/renault.2web.at/htdocs/export/pdf/emuc_document/" "Mozilla/5.0 (Linux; Android 5.0) AppleWebKit/537.36 (KHTML, like Gecko) Mobile Safari/537.36 (compatible; Bytespider; spider-feedback@bytedance.com)"
156.59.198.136 - - [11/Oct/2023:17:03:02 +0200] "GET /renault.2web.at/htdocs/export/pdf/emuc_document/10777699.pdf HTTP/1.0" 404 319 "http://212.69.160.11:443/renault.2web.at/htdocs/export/pdf/emuc_document/" "Mozilla/5.0 (Linux; Android 5.0) AppleWebKit/537.36 (KHTML, like Gecko) Mobile Safari/537.36 (compatible; Bytespider; spider-feedback@bytedance.com)"
178.165.193.62 - - [11/Oct/2023:17:03:06 +0200] "GET /entry.php?id=10271&&ser=36525 HTTP/1.1" 200 987 "http://hausegger.activities.at/entry.php?id=10271&&ser=36464" "Mozilla/5.0 (Windows NT 10.0; Win64; x64) AppleWebKit/537.36 (KHTML, like Gecko) Chrome/117.0.0.0 Safari/537.36"
178.165.193.62 - - [11/Oct/2023:17:03:07 +0200] "GET /gui/javascript/form_form.js?1697036586 HTTP/1.1" 200 16206 "http://hausegger.activities.at/entry.php?id=10271&&ser=36525" "Mozilla/5.0 (Windows NT 10.0; Win64; x64) AppleWebKit/537.36 (KHTML, like Gecko) Chrome/117.0.0.0 Safari/537.36"
178.165.193.62 - - [11/Oct/2023:17:03:09 +0200] "GET /entry.php?id=10271&&ser=36529 HTTP/1.1" 200 987 "http://hausegger.activities.at/entry.php?id=10271&&ser=36466" "Mozilla/5.0 (Windows NT 10.0; Win64; x64; rv:109.0) Gecko/20100101 Firefox/118.0"
178.165.193.62 - - [11/Oct/2023:17:03:09 +0200] "GET /gui/javascript/form_form.js?1697036589 HTTP/1.1" 200 16206 "http://hausegger.activities.at/entry.php?id=10271&&ser=36529" "Mozilla/5.0 (Windows NT 10.0; Win64; x64; rv:109.0) Gecko/20100101 Firefox/118.0"
156.59.198.135 - - [11/Oct/2023:17:03:35 +0200] "GET /renault.2web.at/htdocs/export/pdf/emuc_document/11744295.pdf HTTP/1.0" 404 318 "http://212.69.160.11:443/renault.2web.at/htdocs/export/pdf/emuc_document/" "Mozilla/5.0 (Linux; Android 5.0) AppleWebKit/537.36 (KHTML, like Gecko) Mobile Safari/537.36 (compatible; Bytespider; spider-feedback@bytedance.com)"
178.165.193.62 - - [11/Oct/2023:17:04:07 +0200] "GET /entry.php?id=10271&&ser=36586 HTTP/1.1" 200 987 "http://hausegger.activities.at/entry.php?id=10271&&ser=36525" "Mozilla/5.0 (Windows NT 10.0; Win64; x64) AppleWebKit/537.36 (KHTML, like Gecko) Chrome/117.0.0.0 Safari/537.36"
178.165.193.62 - - [11/Oct/2023:17:04:08 +0200] "GET /gui/javascript/form_form.js?1697036647 HTTP/1.1" 200 16206 "http://hausegger.activities.at/entry.php?id=10271&&ser=36586" "Mozilla/5.0 (Windows NT 10.0; Win64; x64) AppleWebKit/537.36 (KHTML, like Gecko) Chrome/117.0.0.0 Safari/537.36"
156.59.198.135 - - [11/Oct/2023:17:04:08 +0200] "GET /renault.2web.at/htdocs/export/pdf/emuc_document/11229077.pdf HTTP/1.0" 404 318 "http://212.69.160.11:443/renault.2web.at/htdocs/export/pdf/emuc_document/" "Mozilla/5.0 (Linux; Android 5.0) AppleWebKit/537.36 (KHTML, like Gecko) Mobile Safari/537.36 (compatible; Bytespider; spider-feedback@bytedance.com)"
178.165.193.62 - - [11/Oct/2023:17:04:13 +0200] "GET /entry.php?id=10271&&ser=36589 HTTP/1.1" 200 987 "http://hausegger.activities.at/entry.php?id=10271&&ser=36529" "Mozilla/5.0 (Windows NT 10.0; Win64; x64; rv:109.0) Gecko/20100101 Firefox/118.0"
178.165.193.62 - - [11/Oct/2023:17:04:13 +0200] "GET /gui/javascript/form_form.js?1697036653 HTTP/1.1" 200 16206 "http://hausegger.activities.at/entry.php?id=10271&&ser=36589" "Mozilla/5.0 (Windows NT 10.0; Win64; x64; rv:109.0) Gecko/20100101 Firefox/118.0"
156.59.198.136 - - [11/Oct/2023:17:04:42 +0200] "GET /renault.2web.at/htdocs/export/pdf/emuc_document/11549041.pdf HTTP/1.0" 404 318 "http://212.69.160.11:443/renault.2web.at/htdocs/export/pdf/emuc_document/" "Mozilla/5.0 (Linux; Android 5.0) AppleWebKit/537.36 (KHTML, like Gecko) Mobile Safari/537.36 (compatible; Bytespider; spider-feedback@bytedance.com)"
178.165.193.62 - - [11/Oct/2023:17:05:08 +0200] "GET /entry.php?id=10271&&ser=36647 HTTP/1.1" 200 987 "http://hausegger.activities.at/entry.php?id=10271&&ser=36586" "Mozilla/5.0 (Windows NT 10.0; Win64; x64) AppleWebKit/537.36 (KHTML, like Gecko) Chrome/117.0.0.0 Safari/537.36"
178.165.193.62 - - [11/Oct/2023:17:05:09 +0200] "GET /gui/javascript/form_form.js?1697036708 HTTP/1.1" 200 16206 "http://hausegger.activities.at/entry.php?id=10271&&ser=36647" "Mozilla/5.0 (Windows NT 10.0; Win64; x64) AppleWebKit/537.36 (KHTML, like Gecko) Chrome/117.0.0.0 Safari/537.36"
156.59.198.135 - - [11/Oct/2023:17:05:15 +0200] "GET /renault.2web.at/htdocs/export/pdf/emuc_document/10892323.pdf HTTP/1.0" 404 319 "http://212.69.160.11:443/renault.2web.at/htdocs/export/pdf/emuc_document/" "Mozilla/5.0 (Linux; Android 5.0) AppleWebKit/537.36 (KHTML, like Gecko) Mobile Safari/537.36 (compatible; Bytespider; spider-feedback@bytedance.com)"
178.165.193.62 - - [11/Oct/2023:17:05:20 +0200] "GET /entry.php?id=10271&&ser=36653 HTTP/1.1" 200 987 "http://hausegger.activities.at/entry.php?id=10271&&ser=36589" "Mozilla/5.0 (Windows NT 10.0; Win64; x64; rv:109.0) Gecko/20100101 Firefox/118.0"
178.165.193.62 - - [11/Oct/2023:17:05:20 +0200] "GET /gui/javascript/form_form.js?1697036720 HTTP/1.1" 200 16206 "http://hausegger.activities.at/entry.php?id=10271&&ser=36653" "Mozilla/5.0 (Windows NT 10.0; Win64; x64; rv:109.0) Gecko/20100101 Firefox/118.0"
156.59.198.135 - - [11/Oct/2023:17:05:49 +0200] "GET /renault.2web.at/htdocs/export/pdf/emuc_document/11348232.pdf HTTP/1.0" 404 318 "http://212.69.160.11:443/renault.2web.at/htdocs/export/pdf/emuc_document/" "Mozilla/5.0 (Linux; Android 5.0) AppleWebKit/537.36 (KHTML, like Gecko) Mobile Safari/537.36 (compatible; Bytespider; spider-feedback@bytedance.com)"
178.165.193.62 - - [11/Oct/2023:17:06:09 +0200] "GET /entry.php?id=10271&&ser=36708 HTTP/1.1" 200 987 "http://hausegger.activities.at/entry.php?id=10271&&ser=36647" "Mozilla/5.0 (Windows NT 10.0; Win64; x64) AppleWebKit/537.36 (KHTML, like Gecko) Chrome/117.0.0.0 Safari/537.36"
178.165.193.62 - - [11/Oct/2023:17:06:10 +0200] "GET /gui/javascript/form_form.js?1697036769 HTTP/1.1" 200 16206 "http://hausegger.activities.at/entry.php?id=10271&&ser=36708" "Mozilla/5.0 (Windows NT 10.0; Win64; x64) AppleWebKit/537.36 (KHTML, like Gecko) Chrome/117.0.0.0 Safari/537.36"
156.59.198.135 - - [11/Oct/2023:17:06:23 +0200] "GET /renault.2web.at/htdocs/export/pdf/emuc_document/11829441.pdf HTTP/1.0" 404 318 "http://212.69.160.11:443/renault.2web.at/htdocs/export/pdf/emuc_document/" "Mozilla/5.0 (Linux; Android 5.0) AppleWebKit/537.36 (KHTML, like Gecko) Mobile Safari/537.36 (compatible; Bytespider; spider-feedback@bytedance.com)"
178.165.193.62 - - [11/Oct/2023:17:06:27 +0200] "GET /entry.php?id=10271&&ser=36720 HTTP/1.1" 200 987 "http://hausegger.activities.at/entry.php?id=10271&&ser=36653" "Mozilla/5.0 (Windows NT 10.0; Win64; x64; rv:109.0) Gecko/20100101 Firefox/118.0"
178.165.193.62 - - [11/Oct/2023:17:06:27 +0200] "GET /gui/javascript/form_form.js?1697036787 HTTP/1.1" 200 16206 "http://hausegger.activities.at/entry.php?id=10271&&ser=36720" "Mozilla/5.0 (Windows NT 10.0; Win64; x64; rv:109.0) Gecko/20100101 Firefox/118.0"
156.59.198.136 - - [11/Oct/2023:17:06:56 +0200] "GET /renault.2web.at/htdocs/export/pdf/emuc_document/10968986.pdf HTTP/1.0" 404 319 "http://212.69.160.11:443/renault.2web.at/htdocs/export/pdf/emuc_document/" "Mozilla/5.0 (Linux; Android 5.0) AppleWebKit/537.36 (KHTML, like Gecko) Mobile Safari/537.36 (compatible; Bytespider; spider-feedback@bytedance.com)"
178.165.193.62 - - [11/Oct/2023:17:07:10 +0200] "GET /entry.php?id=10271&&ser=36769 HTTP/1.1" 200 987 "http://hausegger.activities.at/entry.php?id=10271&&ser=36708" "Mozilla/5.0 (Windows NT 10.0; Win64; x64) AppleWebKit/537.36 (KHTML, like Gecko) Chrome/117.0.0.0 Safari/537.36"
178.165.193.62 - - [11/Oct/2023:17:07:11 +0200] "GET /gui/javascript/form_form.js?1697036830 HTTP/1.1" 200 16206 "http://hausegger.activities.at/entry.php?id=10271&&ser=36769" "Mozilla/5.0 (Windows NT 10.0; Win64; x64) AppleWebKit/537.36 (KHTML, like Gecko) Chrome/117.0.0.0 Safari/537.36"
178.165.193.62 - - [11/Oct/2023:17:07:27 +0200] "GET /entry.php?id=10271&&ser=36787 HTTP/1.1" 200 987 "http://hausegger.activities.at/entry.php?id=10271&&ser=36720" "Mozilla/5.0 (Windows NT 10.0; Win64; x64; rv:109.0) Gecko/20100101 Firefox/118.0"
178.165.193.62 - - [11/Oct/2023:17:07:28 +0200] "GET /gui/javascript/form_form.js?1697036847 HTTP/1.1" 200 16206 "http://hausegger.activities.at/entry.php?id=10271&&ser=36787" "Mozilla/5.0 (Windows NT 10.0; Win64; x64; rv:109.0) Gecko/20100101 Firefox/118.0"
156.59.198.136 - - [11/Oct/2023:17:07:30 +0200] "GET /renault.2web.at/htdocs/export/pdf/emuc_document/11298053.pdf HTTP/1.0" 404 319 "http://212.69.160.11:443/renault.2web.at/htdocs/export/pdf/emuc_document/" "Mozilla/5.0 (Linux; Android 5.0) AppleWebKit/537.36 (KHTML, like Gecko) Mobile Safari/537.36 (compatible; Bytespider; spider-feedback@bytedance.com)"
156.59.198.135 - - [11/Oct/2023:17:08:03 +0200] "GET /renault.2web.at/htdocs/export/pdf/emuc_document/10754109.pdf HTTP/1.0" 404 319 "http://212.69.160.11:443/renault.2web.at/htdocs/export/pdf/emuc_document/" "Mozilla/5.0 (Linux; Android 5.0) AppleWebKit/537.36 (KHTML, like Gecko) Mobile Safari/537.36 (compatible; Bytespider; spider-feedback@bytedance.com)"
178.165.193.62 - - [11/Oct/2023:17:08:11 +0200] "GET /entry.php?id=10271&&ser=36830 HTTP/1.1" 200 986 "http://hausegger.activities.at/entry.php?id=10271&&ser=36769" "Mozilla/5.0 (Windows NT 10.0; Win64; x64) AppleWebKit/537.36 (KHTML, like Gecko) Chrome/117.0.0.0 Safari/537.36"
178.165.193.62 - - [11/Oct/2023:17:08:12 +0200] "GET /gui/javascript/form_form.js?1697036891 HTTP/1.1" 200 16206 "http://hausegger.activities.at/entry.php?id=10271&&ser=36830" "Mozilla/5.0 (Windows NT 10.0; Win64; x64) AppleWebKit/537.36 (KHTML, like Gecko) Chrome/117.0.0.0 Safari/537.36"
178.165.193.62 - - [11/Oct/2023:17:08:28 +0200] "GET /entry.php?id=10271&&ser=36847 HTTP/1.1" 200 986 "http://hausegger.activities.at/entry.php?id=10271&&ser=36787" "Mozilla/5.0 (Windows NT 10.0; Win64; x64; rv:109.0) Gecko/20100101 Firefox/118.0"
178.165.193.62 - - [11/Oct/2023:17:08:28 +0200] "GET /gui/javascript/form_form.js?1697036908 HTTP/1.1" 200 16206 "http://hausegger.activities.at/entry.php?id=10271&&ser=36847" "Mozilla/5.0 (Windows NT 10.0; Win64; x64; rv:109.0) Gecko/20100101 Firefox/118.0"
156.59.198.135 - - [11/Oct/2023:17:08:38 +0200] "GET /renault.2web.at/htdocs/export/pdf/emuc_document/10315069.pdf HTTP/1.0" 404 318 "http://212.69.160.11:443/renault.2web.at/htdocs/export/pdf/emuc_document/" "Mozilla/5.0 (Linux; Android 5.0) AppleWebKit/537.36 (KHTML, like Gecko) Mobile Safari/537.36 (compatible; Bytespider; spider-feedback@bytedance.com)"
156.59.198.136 - - [11/Oct/2023:17:09:12 +0200] "GET /renault.2web.at/htdocs/export/pdf/emuc_document/10404938.pdf HTTP/1.0" 404 318 "http://212.69.160.11:443/renault.2web.at/htdocs/export/pdf/emuc_document/" "Mozilla/5.0 (Linux; Android 5.0) AppleWebKit/537.36 (KHTML, like Gecko) Mobile Safari/537.36 (compatible; Bytespider; spider-feedback@bytedance.com)"
178.165.193.62 - - [11/Oct/2023:17:09:12 +0200] "GET /entry.php?id=10271&&ser=36891 HTTP/1.1" 200 986 "http://hausegger.activities.at/entry.php?id=10271&&ser=36830" "Mozilla/5.0 (Windows NT 10.0; Win64; x64) AppleWebKit/537.36 (KHTML, like Gecko) Chrome/117.0.0.0 Safari/537.36"
178.165.193.62 - - [11/Oct/2023:17:09:13 +0200] "GET /gui/javascript/form_form.js?1697036952 HTTP/1.1" 200 16206 "http://hausegger.activities.at/entry.php?id=10271&&ser=36891" "Mozilla/5.0 (Windows NT 10.0; Win64; x64) AppleWebKit/537.36 (KHTML, like Gecko) Chrome/117.0.0.0 Safari/537.36"
178.165.193.62 - - [11/Oct/2023:17:09:28 +0200] "GET /entry.php?id=10271&&ser=36908 HTTP/1.1" 200 986 "http://hausegger.activities.at/entry.php?id=10271&&ser=36847" "Mozilla/5.0 (Windows NT 10.0; Win64; x64; rv:109.0) Gecko/20100101 Firefox/118.0"
178.165.193.62 - - [11/Oct/2023:17:09:28 +0200] "GET /gui/javascript/form_form.js?1697036968 HTTP/1.1" 200 16206 "http://hausegger.activities.at/entry.php?id=10271&&ser=36908" "Mozilla/5.0 (Windows NT 10.0; Win64; x64; rv:109.0) Gecko/20100101 Firefox/118.0"
156.59.198.135 - - [11/Oct/2023:17:09:46 +0200] "GET /renault.2web.at/htdocs/export/pdf/emuc_document/11133412.pdf HTTP/1.0" 404 319 "http://212.69.160.11:443/renault.2web.at/htdocs/export/pdf/emuc_document/" "Mozilla/5.0 (Linux; Android 5.0) AppleWebKit/537.36 (KHTML, like Gecko) Mobile Safari/537.36 (compatible; Bytespider; spider-feedback@bytedance.com)"
