178.165.193.62 - - [11/Oct/2023:15:09:37 +0200] "GET /entry.php?id=10271&&ser=29716 HTTP/1.1" 200 988 "http://hausegger.activities.at/entry.php?id=10271&&ser=29656" "Mozilla/5.0 (Windows NT 10.0; Win64; x64; rv:109.0) Gecko/20100101 Firefox/118.0"
178.165.193.62 - - [11/Oct/2023:15:09:37 +0200] "GET /gui/javascript/form_form.js?1697029777 HTTP/1.1" 200 16206 "http://hausegger.activities.at/entry.php?id=10271&&ser=29716" "Mozilla/5.0 (Windows NT 10.0; Win64; x64; rv:109.0) Gecko/20100101 Firefox/118.0"
156.59.198.135 - - [11/Oct/2023:15:09:42 +0200] "GET /renault.2web.at/htdocs/export/pdf/emuc_document/11829336.pdf HTTP/1.0" 404 319 "http://212.69.160.11:443/renault.2web.at/htdocs/export/pdf/emuc_document/" "Mozilla/5.0 (Linux; Android 5.0) AppleWebKit/537.36 (KHTML, like Gecko) Mobile Safari/537.36 (compatible; Bytespider; spider-feedback@bytedance.com)"
156.59.198.136 - - [11/Oct/2023:15:10:06 +0200] "GET /renault.2web.at/htdocs/export/pdf/emuc_document/11089712.pdf HTTP/1.0" 404 318 "http://212.69.160.11:443/renault.2web.at/htdocs/export/pdf/emuc_document/" "Mozilla/5.0 (Linux; Android 5.0) AppleWebKit/537.36 (KHTML, like Gecko) Mobile Safari/537.36 (compatible; Bytespider; spider-feedback@bytedance.com)"
178.165.193.62 - - [11/Oct/2023:15:10:13 +0200] "GET /entry.php?id=10271&&ser=29752 HTTP/1.1" 200 987 "http://hausegger.activities.at/entry.php?id=10271&&ser=29691" "Mozilla/5.0 (Windows NT 10.0; Win64; x64) AppleWebKit/537.36 (KHTML, like Gecko) Chrome/117.0.0.0 Safari/537.36"
178.165.193.62 - - [11/Oct/2023:15:10:13 +0200] "GET /gui/javascript/form_form.js?1697029813 HTTP/1.1" 200 16206 "http://hausegger.activities.at/entry.php?id=10271&&ser=29752" "Mozilla/5.0 (Windows NT 10.0; Win64; x64) AppleWebKit/537.36 (KHTML, like Gecko) Chrome/117.0.0.0 Safari/537.36"
156.59.198.136 - - [11/Oct/2023:15:10:32 +0200] "GET /renault.2web.at/htdocs/export/pdf/emuc_document/10619218.pdf HTTP/1.0" 404 318 "http://212.69.160.11:443/renault.2web.at/htdocs/export/pdf/emuc_document/" "Mozilla/5.0 (Linux; Android 5.0) AppleWebKit/537.36 (KHTML, like Gecko) Mobile Safari/537.36 (compatible; Bytespider; spider-feedback@bytedance.com)"
178.165.193.62 - - [11/Oct/2023:15:10:37 +0200] "GET /entry.php?id=10271&&ser=29777 HTTP/1.1" 200 987 "http://hausegger.activities.at/entry.php?id=10271&&ser=29716" "Mozilla/5.0 (Windows NT 10.0; Win64; x64; rv:109.0) Gecko/20100101 Firefox/118.0"
178.165.193.62 - - [11/Oct/2023:15:10:37 +0200] "GET /gui/javascript/form_form.js?1697029837 HTTP/1.1" 200 16206 "http://hausegger.activities.at/entry.php?id=10271&&ser=29777" "Mozilla/5.0 (Windows NT 10.0; Win64; x64; rv:109.0) Gecko/20100101 Firefox/118.0"
156.59.198.136 - - [11/Oct/2023:15:10:56 +0200] "GET /renault.2web.at/htdocs/export/pdf/emuc_document/11076772.pdf HTTP/1.0" 404 319 "http://212.69.160.11:443/renault.2web.at/htdocs/export/pdf/emuc_document/" "Mozilla/5.0 (Linux; Android 5.0) AppleWebKit/537.36 (KHTML, like Gecko) Mobile Safari/537.36 (compatible; Bytespider; spider-feedback@bytedance.com)"
178.165.193.62 - - [11/Oct/2023:15:11:14 +0200] "GET /entry.php?id=10271&&ser=29813 HTTP/1.1" 200 987 "http://hausegger.activities.at/entry.php?id=10271&&ser=29752" "Mozilla/5.0 (Windows NT 10.0; Win64; x64) AppleWebKit/537.36 (KHTML, like Gecko) Chrome/117.0.0.0 Safari/537.36"
178.165.193.62 - - [11/Oct/2023:15:11:14 +0200] "GET /gui/javascript/form_form.js?1697029874 HTTP/1.1" 200 16206 "http://hausegger.activities.at/entry.php?id=10271&&ser=29813" "Mozilla/5.0 (Windows NT 10.0; Win64; x64) AppleWebKit/537.36 (KHTML, like Gecko) Chrome/117.0.0.0 Safari/537.36"
156.59.198.135 - - [11/Oct/2023:15:11:21 +0200] "GET /renault.2web.at/htdocs/export/pdf/emuc_document/10403613.pdf HTTP/1.0" 404 319 "http://212.69.160.11:443/renault.2web.at/htdocs/export/pdf/emuc_document/" "Mozilla/5.0 (Linux; Android 5.0) AppleWebKit/537.36 (KHTML, like Gecko) Mobile Safari/537.36 (compatible; Bytespider; spider-feedback@bytedance.com)"
178.165.193.62 - - [11/Oct/2023:15:11:37 +0200] "GET /entry.php?id=10271&&ser=29837 HTTP/1.1" 200 987 "http://hausegger.activities.at/entry.php?id=10271&&ser=29777" "Mozilla/5.0 (Windows NT 10.0; Win64; x64; rv:109.0) Gecko/20100101 Firefox/118.0"
178.165.193.62 - - [11/Oct/2023:15:11:37 +0200] "GET /gui/javascript/form_form.js?1697029897 HTTP/1.1" 200 16206 "http://hausegger.activities.at/entry.php?id=10271&&ser=29837" "Mozilla/5.0 (Windows NT 10.0; Win64; x64; rv:109.0) Gecko/20100101 Firefox/118.0"
156.59.198.136 - - [11/Oct/2023:15:11:46 +0200] "GET /renault.2web.at/htdocs/export/pdf/emuc_document/10426119.pdf HTTP/1.0" 404 318 "http://212.69.160.11:443/renault.2web.at/htdocs/export/pdf/emuc_document/" "Mozilla/5.0 (Linux; Android 5.0) AppleWebKit/537.36 (KHTML, like Gecko) Mobile Safari/537.36 (compatible; Bytespider; spider-feedback@bytedance.com)"
156.59.198.136 - - [11/Oct/2023:15:12:11 +0200] "GET /renault.2web.at/htdocs/export/pdf/emuc_document/11549046.pdf HTTP/1.0" 404 318 "http://212.69.160.11:443/renault.2web.at/htdocs/export/pdf/emuc_document/" "Mozilla/5.0 (Linux; Android 5.0) AppleWebKit/537.36 (KHTML, like Gecko) Mobile Safari/537.36 (compatible; Bytespider; spider-feedback@bytedance.com)"
178.165.193.62 - - [11/Oct/2023:15:12:15 +0200] "GET /entry.php?id=10271&&ser=29874 HTTP/1.1" 200 987 "http://hausegger.activities.at/entry.php?id=10271&&ser=29813" "Mozilla/5.0 (Windows NT 10.0; Win64; x64) AppleWebKit/537.36 (KHTML, like Gecko) Chrome/117.0.0.0 Safari/537.36"
178.165.193.62 - - [11/Oct/2023:15:12:15 +0200] "GET /gui/javascript/form_form.js?1697029935 HTTP/1.1" 200 16206 "http://hausegger.activities.at/entry.php?id=10271&&ser=29874" "Mozilla/5.0 (Windows NT 10.0; Win64; x64) AppleWebKit/537.36 (KHTML, like Gecko) Chrome/117.0.0.0 Safari/537.36"
156.59.198.135 - - [11/Oct/2023:15:12:35 +0200] "GET /renault.2web.at/htdocs/export/pdf/emuc_document/11054478.pdf HTTP/1.0" 404 318 "http://212.69.160.11:443/renault.2web.at/htdocs/export/pdf/emuc_document/" "Mozilla/5.0 (Linux; Android 5.0) AppleWebKit/537.36 (KHTML, like Gecko) Mobile Safari/537.36 (compatible; Bytespider; spider-feedback@bytedance.com)"
178.165.193.62 - - [11/Oct/2023:15:12:37 +0200] "GET /entry.php?id=10271&&ser=29897 HTTP/1.1" 200 987 "http://hausegger.activities.at/entry.php?id=10271&&ser=29837" "Mozilla/5.0 (Windows NT 10.0; Win64; x64; rv:109.0) Gecko/20100101 Firefox/118.0"
178.165.193.62 - - [11/Oct/2023:15:12:38 +0200] "GET /gui/javascript/form_form.js?1697029958 HTTP/1.1" 200 16206 "http://hausegger.activities.at/entry.php?id=10271&&ser=29897" "Mozilla/5.0 (Windows NT 10.0; Win64; x64; rv:109.0) Gecko/20100101 Firefox/118.0"
156.59.198.135 - - [11/Oct/2023:15:13:00 +0200] "GET /renault.2web.at/htdocs/export/pdf/emuc_document/11228139.pdf HTTP/1.0" 404 318 "http://212.69.160.11:443/renault.2web.at/htdocs/export/pdf/emuc_document/" "Mozilla/5.0 (Linux; Android 5.0) AppleWebKit/537.36 (KHTML, like Gecko) Mobile Safari/537.36 (compatible; Bytespider; spider-feedback@bytedance.com)"
178.165.193.62 - - [11/Oct/2023:15:13:16 +0200] "GET /entry.php?id=10271&&ser=29935 HTTP/1.1" 200 987 "http://hausegger.activities.at/entry.php?id=10271&&ser=29874" "Mozilla/5.0 (Windows NT 10.0; Win64; x64) AppleWebKit/537.36 (KHTML, like Gecko) Chrome/117.0.0.0 Safari/537.36"
178.165.193.62 - - [11/Oct/2023:15:13:16 +0200] "GET /gui/javascript/form_form.js?1697029996 HTTP/1.1" 200 16206 "http://hausegger.activities.at/entry.php?id=10271&&ser=29935" "Mozilla/5.0 (Windows NT 10.0; Win64; x64) AppleWebKit/537.36 (KHTML, like Gecko) Chrome/117.0.0.0 Safari/537.36"
156.59.198.136 - - [11/Oct/2023:15:13:26 +0200] "GET /renault.2web.at/htdocs/export/pdf/emuc_document/11629606.pdf HTTP/1.0" 404 318 "http://212.69.160.11:443/renault.2web.at/htdocs/export/pdf/emuc_document/" "Mozilla/5.0 (Linux; Android 5.0) AppleWebKit/537.36 (KHTML, like Gecko) Mobile Safari/537.36 (compatible; Bytespider; spider-feedback@bytedance.com)"
178.165.193.62 - - [11/Oct/2023:15:13:38 +0200] "GET /entry.php?id=10271&&ser=29958 HTTP/1.1" 200 986 "http://hausegger.activities.at/entry.php?id=10271&&ser=29897" "Mozilla/5.0 (Windows NT 10.0; Win64; x64; rv:109.0) Gecko/20100101 Firefox/118.0"
178.165.193.62 - - [11/Oct/2023:15:13:38 +0200] "GET /gui/javascript/form_form.js?1697030018 HTTP/1.1" 200 16206 "http://hausegger.activities.at/entry.php?id=10271&&ser=29958" "Mozilla/5.0 (Windows NT 10.0; Win64; x64; rv:109.0) Gecko/20100101 Firefox/118.0"
156.59.198.136 - - [11/Oct/2023:15:13:50 +0200] "GET /renault.2web.at/htdocs/export/pdf/emuc_document/10963703.pdf HTTP/1.0" 404 319 "http://212.69.160.11:443/renault.2web.at/htdocs/export/pdf/emuc_document/" "Mozilla/5.0 (Linux; Android 5.0) AppleWebKit/537.36 (KHTML, like Gecko) Mobile Safari/537.36 (compatible; Bytespider; spider-feedback@bytedance.com)"
156.59.198.135 - - [11/Oct/2023:15:14:15 +0200] "GET /renault.2web.at/htdocs/export/pdf/emuc_document/11214552.pdf HTTP/1.0" 404 318 "http://212.69.160.11:443/renault.2web.at/htdocs/export/pdf/emuc_document/" "Mozilla/5.0 (Linux; Android 5.0) AppleWebKit/537.36 (KHTML, like Gecko) Mobile Safari/537.36 (compatible; Bytespider; spider-feedback@bytedance.com)"
178.165.193.62 - - [11/Oct/2023:15:14:17 +0200] "GET /entry.php?id=10271&&ser=29996 HTTP/1.1" 200 987 "http://hausegger.activities.at/entry.php?id=10271&&ser=29935" "Mozilla/5.0 (Windows NT 10.0; Win64; x64) AppleWebKit/537.36 (KHTML, like Gecko) Chrome/117.0.0.0 Safari/537.36"
178.165.193.62 - - [11/Oct/2023:15:14:17 +0200] "GET /gui/javascript/form_form.js?1697030057 HTTP/1.1" 200 16206 "http://hausegger.activities.at/entry.php?id=10271&&ser=29996" "Mozilla/5.0 (Windows NT 10.0; Win64; x64) AppleWebKit/537.36 (KHTML, like Gecko) Chrome/117.0.0.0 Safari/537.36"
178.165.193.62 - - [11/Oct/2023:15:14:38 +0200] "GET /entry.php?id=10271&&ser=30018 HTTP/1.1" 200 987 "http://hausegger.activities.at/entry.php?id=10271&&ser=29958" "Mozilla/5.0 (Windows NT 10.0; Win64; x64; rv:109.0) Gecko/20100101 Firefox/118.0"
178.165.193.62 - - [11/Oct/2023:15:14:38 +0200] "GET /gui/javascript/form_form.js?1697030078 HTTP/1.1" 200 16206 "http://hausegger.activities.at/entry.php?id=10271&&ser=30018" "Mozilla/5.0 (Windows NT 10.0; Win64; x64; rv:109.0) Gecko/20100101 Firefox/118.0"
156.59.198.135 - - [11/Oct/2023:15:14:39 +0200] "GET /renault.2web.at/htdocs/export/pdf/emuc_document/10770154.pdf HTTP/1.0" 404 318 "http://212.69.160.11:443/renault.2web.at/htdocs/export/pdf/emuc_document/" "Mozilla/5.0 (Linux; Android 5.0) AppleWebKit/537.36 (KHTML, like Gecko) Mobile Safari/537.36 (compatible; Bytespider; spider-feedback@bytedance.com)"
156.59.198.135 - - [11/Oct/2023:15:15:04 +0200] "GET /renault.2web.at/htdocs/export/pdf/emuc_document/11430873.pdf HTTP/1.0" 404 319 "http://212.69.160.11:443/renault.2web.at/htdocs/export/pdf/emuc_document/" "Mozilla/5.0 (Linux; Android 5.0) AppleWebKit/537.36 (KHTML, like Gecko) Mobile Safari/537.36 (compatible; Bytespider; spider-feedback@bytedance.com)"
178.165.193.62 - - [11/Oct/2023:15:15:18 +0200] "GET /entry.php?id=10271&&ser=30057 HTTP/1.1" 200 986 "http://hausegger.activities.at/entry.php?id=10271&&ser=29996" "Mozilla/5.0 (Windows NT 10.0; Win64; x64) AppleWebKit/537.36 (KHTML, like Gecko) Chrome/117.0.0.0 Safari/537.36"
178.165.193.62 - - [11/Oct/2023:15:15:18 +0200] "GET /gui/javascript/form_form.js?1697030118 HTTP/1.1" 200 16206 "http://hausegger.activities.at/entry.php?id=10271&&ser=30057" "Mozilla/5.0 (Windows NT 10.0; Win64; x64) AppleWebKit/537.36 (KHTML, like Gecko) Chrome/117.0.0.0 Safari/537.36"
156.59.198.135 - - [11/Oct/2023:15:15:31 +0200] "GET /renault.2web.at/htdocs/export/pdf/emuc_document/11890006.pdf HTTP/1.0" 404 318 "http://212.69.160.11:443/renault.2web.at/htdocs/export/pdf/emuc_document/" "Mozilla/5.0 (Linux; Android 5.0) AppleWebKit/537.36 (KHTML, like Gecko) Mobile Safari/537.36 (compatible; Bytespider; spider-feedback@bytedance.com)"
178.165.193.62 - - [11/Oct/2023:15:15:42 +0200] "GET /entry.php?id=10271&&ser=30078 HTTP/1.1" 200 987 "http://hausegger.activities.at/entry.php?id=10271&&ser=30018" "Mozilla/5.0 (Windows NT 10.0; Win64; x64; rv:109.0) Gecko/20100101 Firefox/118.0"
178.165.193.62 - - [11/Oct/2023:15:15:43 +0200] "GET /gui/javascript/form_form.js?1697030142 HTTP/1.1" 200 16206 "http://hausegger.activities.at/entry.php?id=10271&&ser=30078" "Mozilla/5.0 (Windows NT 10.0; Win64; x64; rv:109.0) Gecko/20100101 Firefox/118.0"
156.59.198.135 - - [11/Oct/2023:15:15:56 +0200] "GET /renault.2web.at/htdocs/export/pdf/emuc_document/10608474.pdf HTTP/1.0" 404 319 "http://212.69.160.11:443/renault.2web.at/htdocs/export/pdf/emuc_document/" "Mozilla/5.0 (Linux; Android 5.0) AppleWebKit/537.36 (KHTML, like Gecko) Mobile Safari/537.36 (compatible; Bytespider; spider-feedback@bytedance.com)"
178.165.193.62 - - [11/Oct/2023:15:16:19 +0200] "GET /entry.php?id=10271&&ser=30118 HTTP/1.1" 200 987 "http://hausegger.activities.at/entry.php?id=10271&&ser=30057" "Mozilla/5.0 (Windows NT 10.0; Win64; x64) AppleWebKit/537.36 (KHTML, like Gecko) Chrome/117.0.0.0 Safari/537.36"
178.165.193.62 - - [11/Oct/2023:15:16:19 +0200] "GET /gui/javascript/form_form.js?1697030179 HTTP/1.1" 200 16206 "http://hausegger.activities.at/entry.php?id=10271&&ser=30118" "Mozilla/5.0 (Windows NT 10.0; Win64; x64) AppleWebKit/537.36 (KHTML, like Gecko) Chrome/117.0.0.0 Safari/537.36"
156.59.198.136 - - [11/Oct/2023:15:16:20 +0200] "GET /renault.2web.at/htdocs/export/pdf/emuc_document/11358695.pdf HTTP/1.0" 404 319 "http://212.69.160.11:443/renault.2web.at/htdocs/export/pdf/emuc_document/" "Mozilla/5.0 (Linux; Android 5.0) AppleWebKit/537.36 (KHTML, like Gecko) Mobile Safari/537.36 (compatible; Bytespider; spider-feedback@bytedance.com)"
178.165.193.62 - - [11/Oct/2023:15:16:43 +0200] "GET /entry.php?id=10271&&ser=30142 HTTP/1.1" 200 987 "http://hausegger.activities.at/entry.php?id=10271&&ser=30078" "Mozilla/5.0 (Windows NT 10.0; Win64; x64; rv:109.0) Gecko/20100101 Firefox/118.0"
178.165.193.62 - - [11/Oct/2023:15:16:43 +0200] "GET /gui/javascript/form_form.js?1697030203 HTTP/1.1" 200 16206 "http://hausegger.activities.at/entry.php?id=10271&&ser=30142" "Mozilla/5.0 (Windows NT 10.0; Win64; x64; rv:109.0) Gecko/20100101 Firefox/118.0"
156.59.198.136 - - [11/Oct/2023:15:16:45 +0200] "GET /renault.2web.at/htdocs/export/pdf/emuc_document/10961193.pdf HTTP/1.0" 404 318 "http://212.69.160.11:443/renault.2web.at/htdocs/export/pdf/emuc_document/" "Mozilla/5.0 (Linux; Android 5.0) AppleWebKit/537.36 (KHTML, like Gecko) Mobile Safari/537.36 (compatible; Bytespider; spider-feedback@bytedance.com)"
156.59.198.135 - - [11/Oct/2023:15:17:11 +0200] "GET /renault.2web.at/htdocs/export/pdf/emuc_document/10762522.pdf HTTP/1.0" 404 319 "http://212.69.160.11:443/renault.2web.at/htdocs/export/pdf/emuc_document/" "Mozilla/5.0 (Linux; Android 5.0) AppleWebKit/537.36 (KHTML, like Gecko) Mobile Safari/537.36 (compatible; Bytespider; spider-feedback@bytedance.com)"
178.165.193.62 - - [11/Oct/2023:15:17:20 +0200] "GET /entry.php?id=10271&&ser=30179 HTTP/1.1" 200 987 "http://hausegger.activities.at/entry.php?id=10271&&ser=30118" "Mozilla/5.0 (Windows NT 10.0; Win64; x64) AppleWebKit/537.36 (KHTML, like Gecko) Chrome/117.0.0.0 Safari/537.36"
178.165.193.62 - - [11/Oct/2023:15:17:20 +0200] "GET /gui/javascript/form_form.js?1697030240 HTTP/1.1" 200 16206 "http://hausegger.activities.at/entry.php?id=10271&&ser=30179" "Mozilla/5.0 (Windows NT 10.0; Win64; x64) AppleWebKit/537.36 (KHTML, like Gecko) Chrome/117.0.0.0 Safari/537.36"
156.59.198.136 - - [11/Oct/2023:15:17:34 +0200] "GET /renault.2web.at/htdocs/export/pdf/emuc_document/11312078.pdf HTTP/1.0" 404 318 "http://212.69.160.11:443/renault.2web.at/htdocs/export/pdf/emuc_document/" "Mozilla/5.0 (Linux; Android 5.0) AppleWebKit/537.36 (KHTML, like Gecko) Mobile Safari/537.36 (compatible; Bytespider; spider-feedback@bytedance.com)"
178.165.193.62 - - [11/Oct/2023:15:17:43 +0200] "GET /entry.php?id=10271&&ser=30203 HTTP/1.1" 200 987 "http://hausegger.activities.at/entry.php?id=10271&&ser=30142" "Mozilla/5.0 (Windows NT 10.0; Win64; x64; rv:109.0) Gecko/20100101 Firefox/118.0"
178.165.193.62 - - [11/Oct/2023:15:17:43 +0200] "GET /gui/javascript/form_form.js?1697030263 HTTP/1.1" 200 16206 "http://hausegger.activities.at/entry.php?id=10271&&ser=30203" "Mozilla/5.0 (Windows NT 10.0; Win64; x64; rv:109.0) Gecko/20100101 Firefox/118.0"
156.59.198.136 - - [11/Oct/2023:15:18:00 +0200] "GET /renault.2web.at/htdocs/export/pdf/emuc_document/11642107.pdf HTTP/1.0" 404 318 "http://212.69.160.11:443/renault.2web.at/htdocs/export/pdf/emuc_document/" "Mozilla/5.0 (Linux; Android 5.0) AppleWebKit/537.36 (KHTML, like Gecko) Mobile Safari/537.36 (compatible; Bytespider; spider-feedback@bytedance.com)"
178.165.193.62 - - [11/Oct/2023:15:18:21 +0200] "GET /entry.php?id=10271&&ser=30240 HTTP/1.1" 200 986 "http://hausegger.activities.at/entry.php?id=10271&&ser=30179" "Mozilla/5.0 (Windows NT 10.0; Win64; x64) AppleWebKit/537.36 (KHTML, like Gecko) Chrome/117.0.0.0 Safari/537.36"
178.165.193.62 - - [11/Oct/2023:15:18:21 +0200] "GET /gui/javascript/form_form.js?1697030301 HTTP/1.1" 200 16206 "http://hausegger.activities.at/entry.php?id=10271&&ser=30240" "Mozilla/5.0 (Windows NT 10.0; Win64; x64) AppleWebKit/537.36 (KHTML, like Gecko) Chrome/117.0.0.0 Safari/537.36"
156.59.198.136 - - [11/Oct/2023:15:18:24 +0200] "GET /renault.2web.at/htdocs/export/pdf/emuc_document/10776078.pdf HTTP/1.0" 404 319 "http://212.69.160.11:443/renault.2web.at/htdocs/export/pdf/emuc_document/" "Mozilla/5.0 (Linux; Android 5.0) AppleWebKit/537.36 (KHTML, like Gecko) Mobile Safari/537.36 (compatible; Bytespider; spider-feedback@bytedance.com)"
178.165.193.62 - - [11/Oct/2023:15:18:43 +0200] "GET /entry.php?id=10271&&ser=30263 HTTP/1.1" 200 987 "http://hausegger.activities.at/entry.php?id=10271&&ser=30203" "Mozilla/5.0 (Windows NT 10.0; Win64; x64; rv:109.0) Gecko/20100101 Firefox/118.0"
178.165.193.62 - - [11/Oct/2023:15:18:43 +0200] "GET /gui/javascript/form_form.js?1697030323 HTTP/1.1" 200 16206 "http://hausegger.activities.at/entry.php?id=10271&&ser=30263" "Mozilla/5.0 (Windows NT 10.0; Win64; x64; rv:109.0) Gecko/20100101 Firefox/118.0"
156.59.198.136 - - [11/Oct/2023:15:18:49 +0200] "GET /renault.2web.at/htdocs/export/pdf/emuc_document/11133223.pdf HTTP/1.0" 404 318 "http://212.69.160.11:443/renault.2web.at/htdocs/export/pdf/emuc_document/" "Mozilla/5.0 (Linux; Android 5.0) AppleWebKit/537.36 (KHTML, like Gecko) Mobile Safari/537.36 (compatible; Bytespider; spider-feedback@bytedance.com)"
156.59.198.136 - - [11/Oct/2023:15:19:14 +0200] "GET /renault.2web.at/htdocs/export/pdf/emuc_document/10433546.pdf HTTP/1.0" 404 319 "http://212.69.160.11:443/renault.2web.at/htdocs/export/pdf/emuc_document/" "Mozilla/5.0 (Linux; Android 5.0) AppleWebKit/537.36 (KHTML, like Gecko) Mobile Safari/537.36 (compatible; Bytespider; spider-feedback@bytedance.com)"
178.165.193.62 - - [11/Oct/2023:15:19:22 +0200] "GET /entry.php?id=10271&&ser=30301 HTTP/1.1" 200 987 "http://hausegger.activities.at/entry.php?id=10271&&ser=30240" "Mozilla/5.0 (Windows NT 10.0; Win64; x64) AppleWebKit/537.36 (KHTML, like Gecko) Chrome/117.0.0.0 Safari/537.36"
178.165.193.62 - - [11/Oct/2023:15:19:22 +0200] "GET /gui/javascript/form_form.js?1697030362 HTTP/1.1" 200 16206 "http://hausegger.activities.at/entry.php?id=10271&&ser=30301" "Mozilla/5.0 (Windows NT 10.0; Win64; x64) AppleWebKit/537.36 (KHTML, like Gecko) Chrome/117.0.0.0 Safari/537.36"
156.59.198.136 - - [11/Oct/2023:15:19:39 +0200] "GET /renault.2web.at/htdocs/export/pdf/emuc_document/11044898.pdf HTTP/1.0" 404 318 "http://212.69.160.11:443/renault.2web.at/htdocs/export/pdf/emuc_document/" "Mozilla/5.0 (Linux; Android 5.0) AppleWebKit/537.36 (KHTML, like Gecko) Mobile Safari/537.36 (compatible; Bytespider; spider-feedback@bytedance.com)"
178.165.193.62 - - [11/Oct/2023:15:19:44 +0200] "GET /entry.php?id=10271&&ser=30323 HTTP/1.1" 200 987 "http://hausegger.activities.at/entry.php?id=10271&&ser=30263" "Mozilla/5.0 (Windows NT 10.0; Win64; x64; rv:109.0) Gecko/20100101 Firefox/118.0"
178.165.193.62 - - [11/Oct/2023:15:19:44 +0200] "GET /gui/javascript/form_form.js?1697030384 HTTP/1.1" 200 16206 "http://hausegger.activities.at/entry.php?id=10271&&ser=30323" "Mozilla/5.0 (Windows NT 10.0; Win64; x64; rv:109.0) Gecko/20100101 Firefox/118.0"
178.165.193.62 - - [11/Oct/2023:15:19:51 +0200] "GET /entry.php?id=10712 HTTP/1.1" 200 402 "http://hausegger.activities.at/entry.php?id=10270&__app__=10006038" "Mozilla/5.0 (Windows NT 10.0; Win64; x64; rv:109.0) Gecko/20100101 Firefox/118.0"
178.165.193.62 - - [11/Oct/2023:15:19:51 +0200] "GET /entry.php?id=10716& HTTP/1.1" 200 4868 "http://hausegger.activities.at/entry.php?id=10712" "Mozilla/5.0 (Windows NT 10.0; Win64; x64; rv:109.0) Gecko/20100101 Firefox/118.0"
178.165.193.62 - - [11/Oct/2023:15:19:51 +0200] "GET /entry.php?id=10676&&title=Artikelverwaltung HTTP/1.1" 200 1394 "http://hausegger.activities.at/entry.php?id=10712" "Mozilla/5.0 (Windows NT 10.0; Win64; x64; rv:109.0) Gecko/20100101 Firefox/118.0"
178.165.193.62 - - [11/Oct/2023:15:19:51 +0200] "GET /gui/javascript/form_form.js?1697030391 HTTP/1.1" 200 16206 "http://hausegger.activities.at/entry.php?id=10716&" "Mozilla/5.0 (Windows NT 10.0; Win64; x64; rv:109.0) Gecko/20100101 Firefox/118.0"
178.165.193.62 - - [11/Oct/2023:15:19:51 +0200] "GET /gui/javascript/form_form.js?1697030391 HTTP/1.1" 200 16206 "http://hausegger.activities.at/entry.php?id=10676&&title=Artikelverwaltung" "Mozilla/5.0 (Windows NT 10.0; Win64; x64; rv:109.0) Gecko/20100101 Firefox/118.0"
178.165.193.62 - - [11/Oct/2023:15:19:51 +0200] "GET /gui/images/icons/ajax_loading.gif HTTP/1.1" 200 1542 "http://hausegger.activities.at/entry.php?id=10716&" "Mozilla/5.0 (Windows NT 10.0; Win64; x64; rv:109.0) Gecko/20100101 Firefox/118.0"
178.165.193.62 - - [11/Oct/2023:15:19:51 +0200] "GET /entry.php?id=10715& HTTP/1.1" 200 2534 "http://hausegger.activities.at/entry.php?id=10712" "Mozilla/5.0 (Windows NT 10.0; Win64; x64; rv:109.0) Gecko/20100101 Firefox/118.0"
178.165.193.62 - - [11/Oct/2023:15:19:51 +0200] "GET /entry.php?id=10776&form=10560&name=list& HTTP/1.1" 200 2179 "http://hausegger.activities.at/entry.php?id=10715&" "Mozilla/5.0 (Windows NT 10.0; Win64; x64; rv:109.0) Gecko/20100101 Firefox/118.0"
178.165.193.62 - - [11/Oct/2023:15:19:51 +0200] "GET /entry.php?id=10778&form=10560&name=list& HTTP/1.1" 200 2691 "http://hausegger.activities.at/entry.php?id=10715&" "Mozilla/5.0 (Windows NT 10.0; Win64; x64; rv:109.0) Gecko/20100101 Firefox/118.0"
178.165.193.62 - - [11/Oct/2023:15:19:52 +0200] "GET /gui/images/icons/export.gif HTTP/1.1" 200 968 "http://hausegger.activities.at/entry.php?id=10776&form=10560&name=list&" "Mozilla/5.0 (Windows NT 10.0; Win64; x64; rv:109.0) Gecko/20100101 Firefox/118.0"
178.165.193.62 - - [11/Oct/2023:15:19:52 +0200] "GET /framework/icons/fwx_trans.gif HTTP/1.1" 304 - "http://hausegger.activities.at/entry.php?id=10778&form=10560&name=list&" "Mozilla/5.0 (Windows NT 10.0; Win64; x64; rv:109.0) Gecko/20100101 Firefox/118.0"
178.165.193.62 - - [11/Oct/2023:15:19:52 +0200] "GET /entry.php?id=10714&checksegmentation=false& HTTP/1.1" 200 4126 "http://hausegger.activities.at/entry.php?id=10712" "Mozilla/5.0 (Windows NT 10.0; Win64; x64; rv:109.0) Gecko/20100101 Firefox/118.0"
178.165.193.62 - - [11/Oct/2023:15:19:52 +0200] "GET /activities/framework/KoolControls/KoolAjax/koolajax.php?8436e354c842500aba3cbaf0584c0c24 HTTP/1.1" 200 4079 "http://hausegger.activities.at/entry.php?id=10714&checksegmentation=false&" "Mozilla/5.0 (Windows NT 10.0; Win64; x64; rv:109.0) Gecko/20100101 Firefox/118.0"
178.165.193.62 - - [11/Oct/2023:15:19:52 +0200] "GET /gui/javascript/form_form.js?1697030392 HTTP/1.1" 200 16206 "http://hausegger.activities.at/entry.php?id=10714&checksegmentation=false&" "Mozilla/5.0 (Windows NT 10.0; Win64; x64; rv:109.0) Gecko/20100101 Firefox/118.0"
178.165.193.62 - - [11/Oct/2023:15:19:52 +0200] "GET /activities/framework/KoolControls/KoolTreeView/kooltreeview.php?c7cd9180e88ffef8e70f13526bb4f5f7 HTTP/1.1" 200 5055 "http://hausegger.activities.at/entry.php?id=10714&checksegmentation=false&" "Mozilla/5.0 (Windows NT 10.0; Win64; x64; rv:109.0) Gecko/20100101 Firefox/118.0"
178.165.193.62 - - [11/Oct/2023:15:20:01 +0200] "POST /entry.php?id=10715 HTTP/1.1" 200 2609 "http://hausegger.activities.at/entry.php?id=10715&" "Mozilla/5.0 (Windows NT 10.0; Win64; x64; rv:109.0) Gecko/20100101 Firefox/118.0"
178.165.193.62 - - [11/Oct/2023:15:20:02 +0200] "GET /gui/javascript/form_form.js?1697030402 HTTP/1.1" 200 16206 "http://hausegger.activities.at/entry.php?id=10715" "Mozilla/5.0 (Windows NT 10.0; Win64; x64; rv:109.0) Gecko/20100101 Firefox/118.0"
178.165.193.62 - - [11/Oct/2023:15:20:02 +0200] "GET /entry.php?id=10778&form=10560&name=list& HTTP/1.1" 200 2993 "http://hausegger.activities.at/entry.php?id=10715" "Mozilla/5.0 (Windows NT 10.0; Win64; x64; rv:109.0) Gecko/20100101 Firefox/118.0"
178.165.193.62 - - [11/Oct/2023:15:20:02 +0200] "GET /gui/images/icons/isvisible.gif HTTP/1.1" 200 1015 "http://hausegger.activities.at/entry.php?id=10778&form=10560&name=list&" "Mozilla/5.0 (Windows NT 10.0; Win64; x64; rv:109.0) Gecko/20100101 Firefox/118.0"
178.165.193.62 - - [11/Oct/2023:15:20:02 +0200] "GET /gui/images/no_image_de.jpg HTTP/1.1" 200 73407 "http://hausegger.activities.at/entry.php?id=10778&form=10560&name=list&" "Mozilla/5.0 (Windows NT 10.0; Win64; x64; rv:109.0) Gecko/20100101 Firefox/118.0"
178.165.193.62 - - [11/Oct/2023:15:20:02 +0200] "GET /entry.php?id=10776&form=10560&name=list& HTTP/1.1" 200 2308 "http://hausegger.activities.at/entry.php?id=10715" "Mozilla/5.0 (Windows NT 10.0; Win64; x64; rv:109.0) Gecko/20100101 Firefox/118.0"
156.59.198.136 - - [11/Oct/2023:15:20:03 +0200] "GET /renault.2web.at/htdocs/export/pdf/emuc_document/10253689.pdf HTTP/1.0" 404 319 "http://212.69.160.11:443/renault.2web.at/htdocs/export/pdf/emuc_document/" "Mozilla/5.0 (Linux; Android 5.0) AppleWebKit/537.36 (KHTML, like Gecko) Mobile Safari/537.36 (compatible; Bytespider; spider-feedback@bytedance.com)"
178.165.193.62 - - [11/Oct/2023:15:20:04 +0200] "POST /entry.php?id=10716 HTTP/1.1" 200 7696 "http://hausegger.activities.at/entry.php?id=10716&" "Mozilla/5.0 (Windows NT 10.0; Win64; x64; rv:109.0) Gecko/20100101 Firefox/118.0"
178.165.193.62 - - [11/Oct/2023:15:20:04 +0200] "GET /activities/framework/KoolControls/KoolAjax/koolajax.php?8436e354c842500aba3cbaf0584c0c24 HTTP/1.1" 200 4079 "http://hausegger.activities.at/entry.php?id=10716" "Mozilla/5.0 (Windows NT 10.0; Win64; x64; rv:109.0) Gecko/20100101 Firefox/118.0"
178.165.193.62 - - [11/Oct/2023:15:20:04 +0200] "GET /gui/javascript/form_form.js?1697030404 HTTP/1.1" 200 16206 "http://hausegger.activities.at/entry.php?id=10716" "Mozilla/5.0 (Windows NT 10.0; Win64; x64; rv:109.0) Gecko/20100101 Firefox/118.0"
178.165.193.62 - - [11/Oct/2023:15:20:04 +0200] "GET /activities/framework/KoolControls/KoolComboBox/styles/default/default.css HTTP/1.1" 200 846 "http://hausegger.activities.at/entry.php?id=10716" "Mozilla/5.0 (Windows NT 10.0; Win64; x64; rv:109.0) Gecko/20100101 Firefox/118.0"
178.165.193.62 - - [11/Oct/2023:15:20:04 +0200] "GET /activities/framework/KoolControls/KoolComboBox/koolcombobox.php?32981a13284db7a021131df49e6cd203 HTTP/1.1" 200 4607 "http://hausegger.activities.at/entry.php?id=10716" "Mozilla/5.0 (Windows NT 10.0; Win64; x64; rv:109.0) Gecko/20100101 Firefox/118.0"
178.165.193.62 - - [11/Oct/2023:15:20:04 +0200] "GET /activities/framework/KoolControls/KoolTreeView/kooltreeview.php?c7cd9180e88ffef8e70f13526bb4f5f7 HTTP/1.1" 200 5055 "http://hausegger.activities.at/entry.php?id=10716" "Mozilla/5.0 (Windows NT 10.0; Win64; x64; rv:109.0) Gecko/20100101 Firefox/118.0"
178.165.193.62 - - [11/Oct/2023:15:20:13 +0200] "POST /entry.php?id=10715 HTTP/1.1" 200 2609 "http://hausegger.activities.at/entry.php?id=10715" "Mozilla/5.0 (Windows NT 10.0; Win64; x64; rv:109.0) Gecko/20100101 Firefox/118.0"
178.165.193.62 - - [11/Oct/2023:15:20:13 +0200] "GET /gui/javascript/form_form.js?1697030413 HTTP/1.1" 200 16206 "http://hausegger.activities.at/entry.php?id=10715" "Mozilla/5.0 (Windows NT 10.0; Win64; x64; rv:109.0) Gecko/20100101 Firefox/118.0"
178.165.193.62 - - [11/Oct/2023:15:20:13 +0200] "GET /entry.php?id=10776&form=10560&name=list& HTTP/1.1" 200 2308 "http://hausegger.activities.at/entry.php?id=10715" "Mozilla/5.0 (Windows NT 10.0; Win64; x64; rv:109.0) Gecko/20100101 Firefox/118.0"
178.165.193.62 - - [11/Oct/2023:15:20:13 +0200] "GET /entry.php?id=10778&form=10560&name=list& HTTP/1.1" 200 2993 "http://hausegger.activities.at/entry.php?id=10715" "Mozilla/5.0 (Windows NT 10.0; Win64; x64; rv:109.0) Gecko/20100101 Firefox/118.0"
178.165.193.62 - - [11/Oct/2023:15:20:20 +0200] "POST /entry.php?id=10715 HTTP/1.1" 200 2550 "http://hausegger.activities.at/entry.php?id=10715" "Mozilla/5.0 (Windows NT 10.0; Win64; x64; rv:109.0) Gecko/20100101 Firefox/118.0"
178.165.193.62 - - [11/Oct/2023:15:20:20 +0200] "GET /gui/javascript/form_form.js?1697030420 HTTP/1.1" 200 16206 "http://hausegger.activities.at/entry.php?id=10715" "Mozilla/5.0 (Windows NT 10.0; Win64; x64; rv:109.0) Gecko/20100101 Firefox/118.0"
178.165.193.62 - - [11/Oct/2023:15:20:20 +0200] "GET /entry.php?id=10778&form=10560&name=list& HTTP/1.1" 200 2689 "http://hausegger.activities.at/entry.php?id=10715" "Mozilla/5.0 (Windows NT 10.0; Win64; x64; rv:109.0) Gecko/20100101 Firefox/118.0"
178.165.193.62 - - [11/Oct/2023:15:20:20 +0200] "GET /entry.php?id=10776&form=10560&name=list& HTTP/1.1" 200 2184 "http://hausegger.activities.at/entry.php?id=10715" "Mozilla/5.0 (Windows NT 10.0; Win64; x64; rv:109.0) Gecko/20100101 Firefox/118.0"
178.165.193.62 - - [11/Oct/2023:15:20:22 +0200] "POST /entry.php?id=10716 HTTP/1.1" 200 7092 "http://hausegger.activities.at/entry.php?id=10716" "Mozilla/5.0 (Windows NT 10.0; Win64; x64; rv:109.0) Gecko/20100101 Firefox/118.0"
178.165.193.62 - - [11/Oct/2023:15:20:22 +0200] "GET /activities/framework/KoolControls/KoolAjax/koolajax.php?8436e354c842500aba3cbaf0584c0c24 HTTP/1.1" 200 4079 "http://hausegger.activities.at/entry.php?id=10716" "Mozilla/5.0 (Windows NT 10.0; Win64; x64; rv:109.0) Gecko/20100101 Firefox/118.0"
178.165.193.62 - - [11/Oct/2023:15:20:22 +0200] "GET /gui/javascript/form_form.js?1697030422 HTTP/1.1" 200 16206 "http://hausegger.activities.at/entry.php?id=10716" "Mozilla/5.0 (Windows NT 10.0; Win64; x64; rv:109.0) Gecko/20100101 Firefox/118.0"
178.165.193.62 - - [11/Oct/2023:15:20:23 +0200] "GET /activities/framework/KoolControls/KoolComboBox/koolcombobox.php?32981a13284db7a021131df49e6cd203 HTTP/1.1" 200 4607 "http://hausegger.activities.at/entry.php?id=10716" "Mozilla/5.0 (Windows NT 10.0; Win64; x64; rv:109.0) Gecko/20100101 Firefox/118.0"
178.165.193.62 - - [11/Oct/2023:15:20:23 +0200] "GET /activities/framework/KoolControls/KoolTreeView/kooltreeview.php?c7cd9180e88ffef8e70f13526bb4f5f7 HTTP/1.1" 200 5055 "http://hausegger.activities.at/entry.php?id=10716" "Mozilla/5.0 (Windows NT 10.0; Win64; x64; rv:109.0) Gecko/20100101 Firefox/118.0"
178.165.193.62 - - [11/Oct/2023:15:20:23 +0200] "GET /entry.php?id=10271&&ser=30362 HTTP/1.1" 200 987 "http://hausegger.activities.at/entry.php?id=10271&&ser=30301" "Mozilla/5.0 (Windows NT 10.0; Win64; x64) AppleWebKit/537.36 (KHTML, like Gecko) Chrome/117.0.0.0 Safari/537.36"
178.165.193.62 - - [11/Oct/2023:15:20:23 +0200] "GET /gui/javascript/form_form.js?1697030423 HTTP/1.1" 200 16206 "http://hausegger.activities.at/entry.php?id=10271&&ser=30362" "Mozilla/5.0 (Windows NT 10.0; Win64; x64) AppleWebKit/537.36 (KHTML, like Gecko) Chrome/117.0.0.0 Safari/537.36"
156.59.198.136 - - [11/Oct/2023:15:20:28 +0200] "GET /renault.2web.at/htdocs/export/pdf/emuc_document/11423152.pdf HTTP/1.0" 404 319 "http://212.69.160.11:443/renault.2web.at/htdocs/export/pdf/emuc_document/" "Mozilla/5.0 (Linux; Android 5.0) AppleWebKit/537.36 (KHTML, like Gecko) Mobile Safari/537.36 (compatible; Bytespider; spider-feedback@bytedance.com)"
178.165.193.62 - - [11/Oct/2023:15:20:39 +0200] "GET /activities/framework/KoolControls/KoolComboBox/styles/default/arrow_over.gif HTTP/1.1" 200 397 "http://hausegger.activities.at/activities/framework/KoolControls/KoolComboBox/styles/default/default.css" "Mozilla/5.0 (Windows NT 10.0; Win64; x64; rv:109.0) Gecko/20100101 Firefox/118.0"
178.165.193.62 - - [11/Oct/2023:15:20:39 +0200] "GET /activities/framework/KoolControls/KoolComboBox/styles/default/arrow_down.gif HTTP/1.1" 200 394 "http://hausegger.activities.at/activities/framework/KoolControls/KoolComboBox/styles/default/default.css" "Mozilla/5.0 (Windows NT 10.0; Win64; x64; rv:109.0) Gecko/20100101 Firefox/118.0"
178.165.193.62 - - [11/Oct/2023:15:20:44 +0200] "GET /entry.php?id=10271&&ser=30384 HTTP/1.1" 200 987 "http://hausegger.activities.at/entry.php?id=10271&&ser=30323" "Mozilla/5.0 (Windows NT 10.0; Win64; x64; rv:109.0) Gecko/20100101 Firefox/118.0"
178.165.193.62 - - [11/Oct/2023:15:20:44 +0200] "GET /gui/javascript/form_form.js?1697030444 HTTP/1.1" 200 16206 "http://hausegger.activities.at/entry.php?id=10271&&ser=30384" "Mozilla/5.0 (Windows NT 10.0; Win64; x64; rv:109.0) Gecko/20100101 Firefox/118.0"
156.59.198.135 - - [11/Oct/2023:15:20:53 +0200] "GET /renault.2web.at/htdocs/export/pdf/emuc_document/11646726.pdf HTTP/1.0" 404 319 "http://212.69.160.11:443/renault.2web.at/htdocs/export/pdf/emuc_document/" "Mozilla/5.0 (Linux; Android 5.0) AppleWebKit/537.36 (KHTML, like Gecko) Mobile Safari/537.36 (compatible; Bytespider; spider-feedback@bytedance.com)"
156.59.198.135 - - [11/Oct/2023:15:21:19 +0200] "GET /renault.2web.at/htdocs/export/pdf/emuc_document/11772917.pdf HTTP/1.0" 404 318 "http://212.69.160.11:443/renault.2web.at/htdocs/export/pdf/emuc_document/" "Mozilla/5.0 (Linux; Android 5.0) AppleWebKit/537.36 (KHTML, like Gecko) Mobile Safari/537.36 (compatible; Bytespider; spider-feedback@bytedance.com)"
178.165.193.62 - - [11/Oct/2023:15:21:24 +0200] "GET /entry.php?id=10271&&ser=30423 HTTP/1.1" 200 987 "http://hausegger.activities.at/entry.php?id=10271&&ser=30362" "Mozilla/5.0 (Windows NT 10.0; Win64; x64) AppleWebKit/537.36 (KHTML, like Gecko) Chrome/117.0.0.0 Safari/537.36"
178.165.193.62 - - [11/Oct/2023:15:21:24 +0200] "GET /gui/javascript/form_form.js?1697030484 HTTP/1.1" 200 16206 "http://hausegger.activities.at/entry.php?id=10271&&ser=30423" "Mozilla/5.0 (Windows NT 10.0; Win64; x64) AppleWebKit/537.36 (KHTML, like Gecko) Chrome/117.0.0.0 Safari/537.36"
156.59.198.136 - - [11/Oct/2023:15:21:44 +0200] "GET /renault.2web.at/htdocs/export/pdf/emuc_document/11789672.pdf HTTP/1.0" 404 319 "http://212.69.160.11:443/renault.2web.at/htdocs/export/pdf/emuc_document/" "Mozilla/5.0 (Linux; Android 5.0) AppleWebKit/537.36 (KHTML, like Gecko) Mobile Safari/537.36 (compatible; Bytespider; spider-feedback@bytedance.com)"
178.165.193.62 - - [11/Oct/2023:15:21:45 +0200] "GET /entry.php?id=10271&&ser=30444 HTTP/1.1" 200 987 "http://hausegger.activities.at/entry.php?id=10271&&ser=30384" "Mozilla/5.0 (Windows NT 10.0; Win64; x64; rv:109.0) Gecko/20100101 Firefox/118.0"
178.165.193.62 - - [11/Oct/2023:15:21:45 +0200] "GET /gui/javascript/form_form.js?1697030505 HTTP/1.1" 200 16206 "http://hausegger.activities.at/entry.php?id=10271&&ser=30444" "Mozilla/5.0 (Windows NT 10.0; Win64; x64; rv:109.0) Gecko/20100101 Firefox/118.0"
156.59.198.136 - - [11/Oct/2023:15:22:08 +0200] "GET /renault.2web.at/htdocs/export/pdf/emuc_document/11783066.pdf HTTP/1.0" 404 319 "http://212.69.160.11:443/renault.2web.at/htdocs/export/pdf/emuc_document/" "Mozilla/5.0 (Linux; Android 5.0) AppleWebKit/537.36 (KHTML, like Gecko) Mobile Safari/537.36 (compatible; Bytespider; spider-feedback@bytedance.com)"
178.165.193.62 - - [11/Oct/2023:15:22:25 +0200] "GET /entry.php?id=10271&&ser=30484 HTTP/1.1" 200 987 "http://hausegger.activities.at/entry.php?id=10271&&ser=30423" "Mozilla/5.0 (Windows NT 10.0; Win64; x64) AppleWebKit/537.36 (KHTML, like Gecko) Chrome/117.0.0.0 Safari/537.36"
178.165.193.62 - - [11/Oct/2023:15:22:25 +0200] "GET /gui/javascript/form_form.js?1697030545 HTTP/1.1" 200 16206 "http://hausegger.activities.at/entry.php?id=10271&&ser=30484" "Mozilla/5.0 (Windows NT 10.0; Win64; x64) AppleWebKit/537.36 (KHTML, like Gecko) Chrome/117.0.0.0 Safari/537.36"
156.59.198.136 - - [11/Oct/2023:15:22:33 +0200] "GET /renault.2web.at/htdocs/export/pdf/emuc_document/11483367.pdf HTTP/1.0" 404 319 "http://212.69.160.11:443/renault.2web.at/htdocs/export/pdf/emuc_document/" "Mozilla/5.0 (Linux; Android 5.0) AppleWebKit/537.36 (KHTML, like Gecko) Mobile Safari/537.36 (compatible; Bytespider; spider-feedback@bytedance.com)"
178.165.193.62 - - [11/Oct/2023:15:22:46 +0200] "GET /entry.php?id=10271&&ser=30505 HTTP/1.1" 200 987 "http://hausegger.activities.at/entry.php?id=10271&&ser=30444" "Mozilla/5.0 (Windows NT 10.0; Win64; x64; rv:109.0) Gecko/20100101 Firefox/118.0"
178.165.193.62 - - [11/Oct/2023:15:22:46 +0200] "GET /gui/javascript/form_form.js?1697030566 HTTP/1.1" 200 16206 "http://hausegger.activities.at/entry.php?id=10271&&ser=30505" "Mozilla/5.0 (Windows NT 10.0; Win64; x64; rv:109.0) Gecko/20100101 Firefox/118.0"
156.59.198.135 - - [11/Oct/2023:15:23:00 +0200] "GET /renault.2web.at/htdocs/export/pdf/emuc_document/10554175.pdf HTTP/1.0" 404 319 "http://212.69.160.11:443/renault.2web.at/htdocs/export/pdf/emuc_document/" "Mozilla/5.0 (Linux; Android 5.0) AppleWebKit/537.36 (KHTML, like Gecko) Mobile Safari/537.36 (compatible; Bytespider; spider-feedback@bytedance.com)"
156.59.198.135 - - [11/Oct/2023:15:23:25 +0200] "GET /renault.2web.at/htdocs/export/pdf/emuc_document/11504559.pdf HTTP/1.0" 404 318 "http://212.69.160.11:443/renault.2web.at/htdocs/export/pdf/emuc_document/" "Mozilla/5.0 (Linux; Android 5.0) AppleWebKit/537.36 (KHTML, like Gecko) Mobile Safari/537.36 (compatible; Bytespider; spider-feedback@bytedance.com)"
178.165.193.62 - - [11/Oct/2023:15:23:26 +0200] "GET /entry.php?id=10271&&ser=30545 HTTP/1.1" 200 986 "http://hausegger.activities.at/entry.php?id=10271&&ser=30484" "Mozilla/5.0 (Windows NT 10.0; Win64; x64) AppleWebKit/537.36 (KHTML, like Gecko) Chrome/117.0.0.0 Safari/537.36"
178.165.193.62 - - [11/Oct/2023:15:23:26 +0200] "GET /gui/javascript/form_form.js?1697030606 HTTP/1.1" 200 16206 "http://hausegger.activities.at/entry.php?id=10271&&ser=30545" "Mozilla/5.0 (Windows NT 10.0; Win64; x64) AppleWebKit/537.36 (KHTML, like Gecko) Chrome/117.0.0.0 Safari/537.36"
178.165.193.62 - - [11/Oct/2023:15:23:46 +0200] "GET /entry.php?id=10271&&ser=30566 HTTP/1.1" 200 986 "http://hausegger.activities.at/entry.php?id=10271&&ser=30505" "Mozilla/5.0 (Windows NT 10.0; Win64; x64; rv:109.0) Gecko/20100101 Firefox/118.0"
178.165.193.62 - - [11/Oct/2023:15:23:46 +0200] "GET /gui/javascript/form_form.js?1697030626 HTTP/1.1" 200 16206 "http://hausegger.activities.at/entry.php?id=10271&&ser=30566" "Mozilla/5.0 (Windows NT 10.0; Win64; x64; rv:109.0) Gecko/20100101 Firefox/118.0"
156.59.198.135 - - [11/Oct/2023:15:23:50 +0200] "GET /renault.2web.at/htdocs/export/pdf/emuc_document/10606907.pdf HTTP/1.0" 404 319 "http://212.69.160.11:443/renault.2web.at/htdocs/export/pdf/emuc_document/" "Mozilla/5.0 (Linux; Android 5.0) AppleWebKit/537.36 (KHTML, like Gecko) Mobile Safari/537.36 (compatible; Bytespider; spider-feedback@bytedance.com)"
178.165.193.62 - - [11/Oct/2023:15:23:52 +0200] "POST /entry.php?id=10716 HTTP/1.1" 200 7842 "http://hausegger.activities.at/entry.php?id=10716" "Mozilla/5.0 (Windows NT 10.0; Win64; x64; rv:109.0) Gecko/20100101 Firefox/118.0"
178.165.193.62 - - [11/Oct/2023:15:23:53 +0200] "GET /activities/framework/KoolControls/KoolAjax/koolajax.php?8436e354c842500aba3cbaf0584c0c24 HTTP/1.1" 200 4079 "http://hausegger.activities.at/entry.php?id=10716" "Mozilla/5.0 (Windows NT 10.0; Win64; x64; rv:109.0) Gecko/20100101 Firefox/118.0"
178.165.193.62 - - [11/Oct/2023:15:23:53 +0200] "GET /gui/javascript/form_form.js?1697030633 HTTP/1.1" 200 16206 "http://hausegger.activities.at/entry.php?id=10716" "Mozilla/5.0 (Windows NT 10.0; Win64; x64; rv:109.0) Gecko/20100101 Firefox/118.0"
178.165.193.62 - - [11/Oct/2023:15:23:53 +0200] "GET /gui/images/icons/no_order.gif HTTP/1.1" 200 595 "http://hausegger.activities.at/entry.php?id=10778&form=10560&name=list&" "Mozilla/5.0 (Windows NT 10.0; Win64; x64; rv:109.0) Gecko/20100101 Firefox/118.0"
178.165.193.62 - - [11/Oct/2023:15:23:53 +0200] "GET /activities/framework/KoolControls/KoolComboBox/koolcombobox.php?32981a13284db7a021131df49e6cd203 HTTP/1.1" 200 4607 "http://hausegger.activities.at/entry.php?id=10716" "Mozilla/5.0 (Windows NT 10.0; Win64; x64; rv:109.0) Gecko/20100101 Firefox/118.0"
178.165.193.62 - - [11/Oct/2023:15:23:53 +0200] "GET /activities/framework/KoolControls/KoolTreeView/kooltreeview.php?c7cd9180e88ffef8e70f13526bb4f5f7 HTTP/1.1" 200 5055 "http://hausegger.activities.at/entry.php?id=10716" "Mozilla/5.0 (Windows NT 10.0; Win64; x64; rv:109.0) Gecko/20100101 Firefox/118.0"
178.165.193.62 - - [11/Oct/2023:15:23:55 +0200] "POST /entry.php?id=10716 HTTP/1.1" 200 2986 "http://hausegger.activities.at/entry.php?id=10716" "Mozilla/5.0 (Windows NT 10.0; Win64; x64; rv:109.0) Gecko/20100101 Firefox/118.0"
178.165.193.62 - - [11/Oct/2023:15:23:55 +0200] "GET /gui/javascript/form_form.js?1697030635 HTTP/1.1" 200 16206 "http://hausegger.activities.at/entry.php?id=10716" "Mozilla/5.0 (Windows NT 10.0; Win64; x64; rv:109.0) Gecko/20100101 Firefox/118.0"
178.165.193.62 - - [11/Oct/2023:15:23:55 +0200] "GET /entry.php?id=10752&&hiddetitle=1&object=10329310&opener=false HTTP/1.1" 200 2708 "http://hausegger.activities.at/entry.php?id=10716" "Mozilla/5.0 (Windows NT 10.0; Win64; x64; rv:109.0) Gecko/20100101 Firefox/118.0"
178.165.193.62 - - [11/Oct/2023:15:23:58 +0200] "POST /entry.php?id=10752 HTTP/1.1" 200 2915 "http://hausegger.activities.at/entry.php?id=10752&&hiddetitle=1&object=10329310&opener=false" "Mozilla/5.0 (Windows NT 10.0; Win64; x64; rv:109.0) Gecko/20100101 Firefox/118.0"
178.165.193.62 - - [11/Oct/2023:15:23:58 +0200] "GET /gui/javascript/form_form.js?1697030638 HTTP/1.1" 200 16206 "http://hausegger.activities.at/entry.php?id=10752" "Mozilla/5.0 (Windows NT 10.0; Win64; x64; rv:109.0) Gecko/20100101 Firefox/118.0"
178.165.193.62 - - [11/Oct/2023:15:23:59 +0200] "POST /entry.php?id=10716 HTTP/1.1" 200 2990 "http://hausegger.activities.at/entry.php?id=10716" "Mozilla/5.0 (Windows NT 10.0; Win64; x64; rv:109.0) Gecko/20100101 Firefox/118.0"
178.165.193.62 - - [11/Oct/2023:15:24:00 +0200] "GET /gui/javascript/form_form.js?1697030639 HTTP/1.1" 200 16206 "http://hausegger.activities.at/entry.php?id=10716" "Mozilla/5.0 (Windows NT 10.0; Win64; x64; rv:109.0) Gecko/20100101 Firefox/118.0"
178.165.193.62 - - [11/Oct/2023:15:24:00 +0200] "GET /entry.php?id=10745&hiddetitle=1&object=10329310&opener=false HTTP/1.1" 200 2474 "http://hausegger.activities.at/entry.php?id=10716" "Mozilla/5.0 (Windows NT 10.0; Win64; x64; rv:109.0) Gecko/20100101 Firefox/118.0"
178.165.193.62 - - [11/Oct/2023:15:24:00 +0200] "GET /gui/javascript/form_form.js?1697030640 HTTP/1.1" 200 16206 "http://hausegger.activities.at/entry.php?id=10745&hiddetitle=1&object=10329310&opener=false" "Mozilla/5.0 (Windows NT 10.0; Win64; x64; rv:109.0) Gecko/20100101 Firefox/118.0"
178.165.193.62 - - [11/Oct/2023:15:24:02 +0200] "POST /entry.php?id=10745 HTTP/1.1" 200 2661 "http://hausegger.activities.at/entry.php?id=10745&hiddetitle=1&object=10329310&opener=false" "Mozilla/5.0 (Windows NT 10.0; Win64; x64; rv:109.0) Gecko/20100101 Firefox/118.0"
178.165.193.62 - - [11/Oct/2023:15:24:02 +0200] "GET /gui/javascript/form_form.js?1697030642 HTTP/1.1" 200 16206 "http://hausegger.activities.at/entry.php?id=10745" "Mozilla/5.0 (Windows NT 10.0; Win64; x64; rv:109.0) Gecko/20100101 Firefox/118.0"
178.165.193.62 - - [11/Oct/2023:15:24:03 +0200] "POST /entry.php?id=10716 HTTP/1.1" 200 7707 "http://hausegger.activities.at/entry.php?id=10716" "Mozilla/5.0 (Windows NT 10.0; Win64; x64; rv:109.0) Gecko/20100101 Firefox/118.0"
178.165.193.62 - - [11/Oct/2023:15:24:04 +0200] "GET /activities/framework/KoolControls/KoolAjax/koolajax.php?8436e354c842500aba3cbaf0584c0c24 HTTP/1.1" 200 4079 "http://hausegger.activities.at/entry.php?id=10716" "Mozilla/5.0 (Windows NT 10.0; Win64; x64; rv:109.0) Gecko/20100101 Firefox/118.0"
178.165.193.62 - - [11/Oct/2023:15:24:04 +0200] "GET /gui/javascript/form_form.js?1697030644 HTTP/1.1" 200 16206 "http://hausegger.activities.at/entry.php?id=10716" "Mozilla/5.0 (Windows NT 10.0; Win64; x64; rv:109.0) Gecko/20100101 Firefox/118.0"
178.165.193.62 - - [11/Oct/2023:15:24:04 +0200] "GET /activities/framework/KoolControls/KoolComboBox/koolcombobox.php?32981a13284db7a021131df49e6cd203 HTTP/1.1" 200 4607 "http://hausegger.activities.at/entry.php?id=10716" "Mozilla/5.0 (Windows NT 10.0; Win64; x64; rv:109.0) Gecko/20100101 Firefox/118.0"
178.165.193.62 - - [11/Oct/2023:15:24:04 +0200] "GET /activities/framework/KoolControls/KoolTreeView/kooltreeview.php?c7cd9180e88ffef8e70f13526bb4f5f7 HTTP/1.1" 200 5055 "http://hausegger.activities.at/entry.php?id=10716" "Mozilla/5.0 (Windows NT 10.0; Win64; x64; rv:109.0) Gecko/20100101 Firefox/118.0"
156.59.198.136 - - [11/Oct/2023:15:24:15 +0200] "GET /renault.2web.at/htdocs/export/pdf/emuc_document/11306606.pdf HTTP/1.0" 404 318 "http://212.69.160.11:443/renault.2web.at/htdocs/export/pdf/emuc_document/" "Mozilla/5.0 (Linux; Android 5.0) AppleWebKit/537.36 (KHTML, like Gecko) Mobile Safari/537.36 (compatible; Bytespider; spider-feedback@bytedance.com)"
178.165.193.62 - - [11/Oct/2023:15:24:27 +0200] "GET /entry.php?id=10271&&ser=30606 HTTP/1.1" 200 986 "http://hausegger.activities.at/entry.php?id=10271&&ser=30545" "Mozilla/5.0 (Windows NT 10.0; Win64; x64) AppleWebKit/537.36 (KHTML, like Gecko) Chrome/117.0.0.0 Safari/537.36"
178.165.193.62 - - [11/Oct/2023:15:24:27 +0200] "GET /gui/javascript/form_form.js?1697030667 HTTP/1.1" 200 16206 "http://hausegger.activities.at/entry.php?id=10271&&ser=30606" "Mozilla/5.0 (Windows NT 10.0; Win64; x64) AppleWebKit/537.36 (KHTML, like Gecko) Chrome/117.0.0.0 Safari/537.36"
156.59.198.136 - - [11/Oct/2023:15:24:40 +0200] "GET /renault.2web.at/htdocs/export/pdf/emuc_document/10430447.pdf HTTP/1.0" 404 319 "http://212.69.160.11:443/renault.2web.at/htdocs/export/pdf/emuc_document/" "Mozilla/5.0 (Linux; Android 5.0) AppleWebKit/537.36 (KHTML, like Gecko) Mobile Safari/537.36 (compatible; Bytespider; spider-feedback@bytedance.com)"
178.165.193.62 - - [11/Oct/2023:15:24:46 +0200] "GET /entry.php?id=10271&&ser=30626 HTTP/1.1" 200 986 "http://hausegger.activities.at/entry.php?id=10271&&ser=30566" "Mozilla/5.0 (Windows NT 10.0; Win64; x64; rv:109.0) Gecko/20100101 Firefox/118.0"
178.165.193.62 - - [11/Oct/2023:15:24:46 +0200] "GET /gui/javascript/form_form.js?1697030686 HTTP/1.1" 200 16206 "http://hausegger.activities.at/entry.php?id=10271&&ser=30626" "Mozilla/5.0 (Windows NT 10.0; Win64; x64; rv:109.0) Gecko/20100101 Firefox/118.0"
156.59.198.136 - - [11/Oct/2023:15:25:05 +0200] "GET /renault.2web.at/htdocs/export/pdf/emuc_document/11483373.pdf HTTP/1.0" 404 319 "http://212.69.160.11:443/renault.2web.at/htdocs/export/pdf/emuc_document/" "Mozilla/5.0 (Linux; Android 5.0) AppleWebKit/537.36 (KHTML, like Gecko) Mobile Safari/537.36 (compatible; Bytespider; spider-feedback@bytedance.com)"
178.165.193.62 - - [11/Oct/2023:15:25:06 +0200] "GET /entry.php?id=10831 HTTP/1.1" 200 8822 "http://hausegger.activities.at/entry.php?id=10270&__app__=10006038" "Mozilla/5.0 (Windows NT 10.0; Win64; x64; rv:109.0) Gecko/20100101 Firefox/118.0"
178.165.193.62 - - [11/Oct/2023:15:25:06 +0200] "GET /gui/javascript/form_form.js?1697030706 HTTP/1.1" 200 16206 "http://hausegger.activities.at/entry.php?id=10831" "Mozilla/5.0 (Windows NT 10.0; Win64; x64; rv:109.0) Gecko/20100101 Firefox/118.0"
178.165.193.62 - - [11/Oct/2023:15:25:07 +0200] "GET /gui/images/icons/disabled_extra.gif HTTP/1.1" 304 - "http://hausegger.activities.at/entry.php?id=10831" "Mozilla/5.0 (Windows NT 10.0; Win64; x64; rv:109.0) Gecko/20100101 Firefox/118.0"
178.165.193.62 - - [11/Oct/2023:15:25:07 +0200] "GET /framework/icons/popupcalendar/left1.gif HTTP/1.1" 200 288 "http://hausegger.activities.at/entry.php?id=10831" "Mozilla/5.0 (Windows NT 10.0; Win64; x64; rv:109.0) Gecko/20100101 Firefox/118.0"
178.165.193.62 - - [11/Oct/2023:15:25:07 +0200] "GET /framework/icons/popupcalendar/left2.gif HTTP/1.1" 200 287 "http://hausegger.activities.at/entry.php?id=10831" "Mozilla/5.0 (Windows NT 10.0; Win64; x64; rv:109.0) Gecko/20100101 Firefox/118.0"
178.165.193.62 - - [11/Oct/2023:15:25:07 +0200] "GET /framework/icons/popupcalendar/right1.gif HTTP/1.1" 200 286 "http://hausegger.activities.at/entry.php?id=10831" "Mozilla/5.0 (Windows NT 10.0; Win64; x64; rv:109.0) Gecko/20100101 Firefox/118.0"
178.165.193.62 - - [11/Oct/2023:15:25:07 +0200] "GET /framework/icons/popupcalendar/right2.gif HTTP/1.1" 200 286 "http://hausegger.activities.at/entry.php?id=10831" "Mozilla/5.0 (Windows NT 10.0; Win64; x64; rv:109.0) Gecko/20100101 Firefox/118.0"
178.165.193.62 - - [11/Oct/2023:15:25:07 +0200] "GET /entry.php?id=10889&document_id=& HTTP/1.1" 200 1510 "http://hausegger.activities.at/entry.php?id=10831" "Mozilla/5.0 (Windows NT 10.0; Win64; x64; rv:109.0) Gecko/20100101 Firefox/118.0"
178.165.193.62 - - [11/Oct/2023:15:25:07 +0200] "GET /gui/javascript/form_form.js?1697030707 HTTP/1.1" 200 16206 "http://hausegger.activities.at/entry.php?id=10889&document_id=&" "Mozilla/5.0 (Windows NT 10.0; Win64; x64; rv:109.0) Gecko/20100101 Firefox/118.0"
178.165.193.62 - - [11/Oct/2023:15:25:09 +0200] "GET /entry.php?id=11237&type=10668 HTTP/1.1" 200 276 "http://hausegger.activities.at/entry.php?id=10831" "Mozilla/5.0 (Windows NT 10.0; Win64; x64; rv:109.0) Gecko/20100101 Firefox/118.0"
178.165.193.62 - - [11/Oct/2023:15:25:09 +0200] "GET /entry.php?id=10676&&title=Belegsuche HTTP/1.1" 200 1392 "http://hausegger.activities.at/entry.php?id=11237&type=10668" "Mozilla/5.0 (Windows NT 10.0; Win64; x64; rv:109.0) Gecko/20100101 Firefox/118.0"
