178.165.193.62 - - [11/Oct/2023:11:23:12 +0200] "GET /activities/framework/KoolControls/KoolAjax/koolajax.php?8436e354c842500aba3cbaf0584c0c24 HTTP/1.1" 200 4079 "http://hausegger.activities.at/entry.php?id=10714&checksegmentation=false&" "Mozilla/5.0 (Windows NT 10.0; Win64; x64; rv:109.0) Gecko/20100101 Firefox/118.0"
178.165.193.62 - - [11/Oct/2023:11:23:12 +0200] "GET /activities/framework/KoolControls/KoolTreeView/kooltreeview.php?c7cd9180e88ffef8e70f13526bb4f5f7 HTTP/1.1" 200 5055 "http://hausegger.activities.at/entry.php?id=10714&checksegmentation=false&" "Mozilla/5.0 (Windows NT 10.0; Win64; x64; rv:109.0) Gecko/20100101 Firefox/118.0"
156.59.198.136 - - [11/Oct/2023:11:23:19 +0200] "GET /renault.2web.at/htdocs/export/pdf/emuc_document/10764482.pdf HTTP/1.0" 404 319 "http://212.69.160.11:443/renault.2web.at/htdocs/export/pdf/emuc_document/" "Mozilla/5.0 (Linux; Android 5.0) AppleWebKit/537.36 (KHTML, like Gecko) Mobile Safari/537.36 (compatible; Bytespider; spider-feedback@bytedance.com)"
178.165.193.62 - - [11/Oct/2023:11:23:19 +0200] "POST /entry.php?id=10715 HTTP/1.1" 200 2609 "http://hausegger.activities.at/entry.php?id=10715&" "Mozilla/5.0 (Windows NT 10.0; Win64; x64; rv:109.0) Gecko/20100101 Firefox/118.0"
178.165.193.62 - - [11/Oct/2023:11:23:20 +0200] "GET /gui/javascript/form_form.js?1697016200 HTTP/1.1" 200 16206 "http://hausegger.activities.at/entry.php?id=10715" "Mozilla/5.0 (Windows NT 10.0; Win64; x64; rv:109.0) Gecko/20100101 Firefox/118.0"
178.165.193.62 - - [11/Oct/2023:11:23:20 +0200] "GET /entry.php?id=10776&form=10560&name=list& HTTP/1.1" 200 2311 "http://hausegger.activities.at/entry.php?id=10715" "Mozilla/5.0 (Windows NT 10.0; Win64; x64; rv:109.0) Gecko/20100101 Firefox/118.0"
178.165.193.62 - - [11/Oct/2023:11:23:20 +0200] "GET /entry.php?id=10778&form=10560&name=list& HTTP/1.1" 200 3020 "http://hausegger.activities.at/entry.php?id=10715" "Mozilla/5.0 (Windows NT 10.0; Win64; x64; rv:109.0) Gecko/20100101 Firefox/118.0"
178.165.193.62 - - [11/Oct/2023:11:23:38 +0200] "GET /entry.php?id=10271&&ser=16157 HTTP/1.1" 200 987 "http://hausegger.activities.at/entry.php?id=10271&" "Mozilla/5.0 (Windows NT 10.0; Win64; x64; rv:109.0) Gecko/20100101 Firefox/118.0"
178.165.193.62 - - [11/Oct/2023:11:23:38 +0200] "GET /gui/javascript/form_form.js?1697016218 HTTP/1.1" 200 16206 "http://hausegger.activities.at/entry.php?id=10271&&ser=16157" "Mozilla/5.0 (Windows NT 10.0; Win64; x64; rv:109.0) Gecko/20100101 Firefox/118.0"
156.59.198.135 - - [11/Oct/2023:11:23:44 +0200] "GET /renault.2web.at/htdocs/export/pdf/emuc_document/10482214.pdf HTTP/1.0" 404 318 "http://212.69.160.11:443/renault.2web.at/htdocs/export/pdf/emuc_document/" "Mozilla/5.0 (Linux; Android 5.0) AppleWebKit/537.36 (KHTML, like Gecko) Mobile Safari/537.36 (compatible; Bytespider; spider-feedback@bytedance.com)"
156.59.198.136 - - [11/Oct/2023:11:24:09 +0200] "GET /renault.2web.at/htdocs/export/pdf/emuc_document/11659778.pdf HTTP/1.0" 404 318 "http://212.69.160.11:443/renault.2web.at/htdocs/export/pdf/emuc_document/" "Mozilla/5.0 (Linux; Android 5.0) AppleWebKit/537.36 (KHTML, like Gecko) Mobile Safari/537.36 (compatible; Bytespider; spider-feedback@bytedance.com)"
178.165.193.62 - - [11/Oct/2023:11:24:38 +0200] "GET /entry.php?id=10271&&ser=16218 HTTP/1.1" 200 987 "http://hausegger.activities.at/entry.php?id=10271&&ser=16157" "Mozilla/5.0 (Windows NT 10.0; Win64; x64; rv:109.0) Gecko/20100101 Firefox/118.0"
178.165.193.62 - - [11/Oct/2023:11:24:38 +0200] "GET /gui/javascript/form_form.js?1697016278 HTTP/1.1" 200 16206 "http://hausegger.activities.at/entry.php?id=10271&&ser=16218" "Mozilla/5.0 (Windows NT 10.0; Win64; x64; rv:109.0) Gecko/20100101 Firefox/118.0"
156.59.198.136 - - [11/Oct/2023:11:24:58 +0200] "GET /renault.2web.at/htdocs/export/pdf/emuc_document/11907308.pdf HTTP/1.0" 404 319 "http://212.69.160.11:443/renault.2web.at/htdocs/export/pdf/emuc_document/" "Mozilla/5.0 (Linux; Android 5.0) AppleWebKit/537.36 (KHTML, like Gecko) Mobile Safari/537.36 (compatible; Bytespider; spider-feedback@bytedance.com)"
156.59.198.135 - - [11/Oct/2023:11:25:24 +0200] "GET /renault.2web.at/htdocs/export/pdf/emuc_document/11274175.pdf HTTP/1.0" 404 319 "http://212.69.160.11:443/renault.2web.at/htdocs/export/pdf/emuc_document/" "Mozilla/5.0 (Linux; Android 5.0) AppleWebKit/537.36 (KHTML, like Gecko) Mobile Safari/537.36 (compatible; Bytespider; spider-feedback@bytedance.com)"
178.165.193.62 - - [11/Oct/2023:11:25:38 +0200] "GET /entry.php?id=10271&&ser=16278 HTTP/1.1" 200 988 "http://hausegger.activities.at/entry.php?id=10271&&ser=16218" "Mozilla/5.0 (Windows NT 10.0; Win64; x64; rv:109.0) Gecko/20100101 Firefox/118.0"
178.165.193.62 - - [11/Oct/2023:11:25:38 +0200] "GET /gui/javascript/form_form.js?1697016338 HTTP/1.1" 200 16206 "http://hausegger.activities.at/entry.php?id=10271&&ser=16278" "Mozilla/5.0 (Windows NT 10.0; Win64; x64; rv:109.0) Gecko/20100101 Firefox/118.0"
156.59.198.136 - - [11/Oct/2023:11:25:49 +0200] "GET /renault.2web.at/htdocs/export/pdf/emuc_document/11868051.pdf HTTP/1.0" 404 318 "http://212.69.160.11:443/renault.2web.at/htdocs/export/pdf/emuc_document/" "Mozilla/5.0 (Linux; Android 5.0) AppleWebKit/537.36 (KHTML, like Gecko) Mobile Safari/537.36 (compatible; Bytespider; spider-feedback@bytedance.com)"
156.59.198.136 - - [11/Oct/2023:11:26:14 +0200] "GET /renault.2web.at/htdocs/export/pdf/emuc_document/10355005.pdf HTTP/1.0" 404 319 "http://212.69.160.11:443/renault.2web.at/htdocs/export/pdf/emuc_document/" "Mozilla/5.0 (Linux; Android 5.0) AppleWebKit/537.36 (KHTML, like Gecko) Mobile Safari/537.36 (compatible; Bytespider; spider-feedback@bytedance.com)"
178.165.193.62 - - [11/Oct/2023:11:26:23 +0200] "POST /entry.php?id=10715 HTTP/1.1" 200 2609 "http://hausegger.activities.at/entry.php?id=10715" "Mozilla/5.0 (Windows NT 10.0; Win64; x64; rv:109.0) Gecko/20100101 Firefox/118.0"
178.165.193.62 - - [11/Oct/2023:11:26:23 +0200] "GET /gui/javascript/form_form.js?1697016383 HTTP/1.1" 200 16206 "http://hausegger.activities.at/entry.php?id=10715" "Mozilla/5.0 (Windows NT 10.0; Win64; x64; rv:109.0) Gecko/20100101 Firefox/118.0"
178.165.193.62 - - [11/Oct/2023:11:26:23 +0200] "GET /entry.php?id=10776&form=10560&name=list& HTTP/1.1" 200 2312 "http://hausegger.activities.at/entry.php?id=10715" "Mozilla/5.0 (Windows NT 10.0; Win64; x64; rv:109.0) Gecko/20100101 Firefox/118.0"
178.165.193.62 - - [11/Oct/2023:11:26:23 +0200] "GET /entry.php?id=10778&form=10560&name=list& HTTP/1.1" 200 3027 "http://hausegger.activities.at/entry.php?id=10715" "Mozilla/5.0 (Windows NT 10.0; Win64; x64; rv:109.0) Gecko/20100101 Firefox/118.0"
156.59.198.136 - - [11/Oct/2023:11:26:39 +0200] "GET /renault.2web.at/htdocs/export/pdf/emuc_document/10770593.pdf HTTP/1.0" 404 319 "http://212.69.160.11:443/renault.2web.at/htdocs/export/pdf/emuc_document/" "Mozilla/5.0 (Linux; Android 5.0) AppleWebKit/537.36 (KHTML, like Gecko) Mobile Safari/537.36 (compatible; Bytespider; spider-feedback@bytedance.com)"
178.165.193.62 - - [11/Oct/2023:11:26:40 +0200] "GET /entry.php?id=10271&&ser=16338 HTTP/1.1" 200 987 "http://hausegger.activities.at/entry.php?id=10271&&ser=16278" "Mozilla/5.0 (Windows NT 10.0; Win64; x64; rv:109.0) Gecko/20100101 Firefox/118.0"
178.165.193.62 - - [11/Oct/2023:11:26:40 +0200] "GET /gui/javascript/form_form.js?1697016400 HTTP/1.1" 200 16206 "http://hausegger.activities.at/entry.php?id=10271&&ser=16338" "Mozilla/5.0 (Windows NT 10.0; Win64; x64; rv:109.0) Gecko/20100101 Firefox/118.0"
156.59.198.135 - - [11/Oct/2023:11:27:04 +0200] "GET /renault.2web.at/htdocs/export/pdf/emuc_document/11907434.pdf HTTP/1.0" 404 319 "http://212.69.160.11:443/renault.2web.at/htdocs/export/pdf/emuc_document/" "Mozilla/5.0 (Linux; Android 5.0) AppleWebKit/537.36 (KHTML, like Gecko) Mobile Safari/537.36 (compatible; Bytespider; spider-feedback@bytedance.com)"
156.59.198.135 - - [11/Oct/2023:11:27:29 +0200] "GET /renault.2web.at/htdocs/export/pdf/emuc_document/10776073.pdf HTTP/1.0" 404 319 "http://212.69.160.11:443/renault.2web.at/htdocs/export/pdf/emuc_document/" "Mozilla/5.0 (Linux; Android 5.0) AppleWebKit/537.36 (KHTML, like Gecko) Mobile Safari/537.36 (compatible; Bytespider; spider-feedback@bytedance.com)"
178.165.193.62 - - [11/Oct/2023:11:27:40 +0200] "GET /entry.php?id=10271&&ser=16400 HTTP/1.1" 200 987 "http://hausegger.activities.at/entry.php?id=10271&&ser=16338" "Mozilla/5.0 (Windows NT 10.0; Win64; x64; rv:109.0) Gecko/20100101 Firefox/118.0"
178.165.193.62 - - [11/Oct/2023:11:27:40 +0200] "GET /gui/javascript/form_form.js?1697016460 HTTP/1.1" 200 16206 "http://hausegger.activities.at/entry.php?id=10271&&ser=16400" "Mozilla/5.0 (Windows NT 10.0; Win64; x64; rv:109.0) Gecko/20100101 Firefox/118.0"
156.59.198.135 - - [11/Oct/2023:11:27:54 +0200] "GET /renault.2web.at/htdocs/export/pdf/emuc_document/11763078.pdf HTTP/1.0" 404 319 "http://212.69.160.11:443/renault.2web.at/htdocs/export/pdf/emuc_document/" "Mozilla/5.0 (Linux; Android 5.0) AppleWebKit/537.36 (KHTML, like Gecko) Mobile Safari/537.36 (compatible; Bytespider; spider-feedback@bytedance.com)"
156.59.198.136 - - [11/Oct/2023:11:28:19 +0200] "GET /renault.2web.at/htdocs/export/pdf/emuc_document/10748261.pdf HTTP/1.0" 404 318 "http://212.69.160.11:443/renault.2web.at/htdocs/export/pdf/emuc_document/" "Mozilla/5.0 (Linux; Android 5.0) AppleWebKit/537.36 (KHTML, like Gecko) Mobile Safari/537.36 (compatible; Bytespider; spider-feedback@bytedance.com)"
178.165.193.62 - - [11/Oct/2023:11:27:32 +0200] "POST /entry.php?id=10287& HTTP/1.1" 200 1968 "http://hausegger.activities.at/entry.php?id=10287" "Mozilla/5.0 (Windows NT 10.0; Win64; x64) AppleWebKit/537.36 (KHTML, like Gecko) Chrome/117.0.0.0 Safari/537.36"
178.165.193.62 - - [11/Oct/2023:11:28:35 +0200] "GET /gui/javascript/form_form.js?1697016515 HTTP/1.1" 200 16206 "http://hausegger.activities.at/entry.php?id=10287&" "Mozilla/5.0 (Windows NT 10.0; Win64; x64) AppleWebKit/537.36 (KHTML, like Gecko) Chrome/117.0.0.0 Safari/537.36"
178.165.193.62 - - [11/Oct/2023:11:28:36 +0200] "GET /entry.php?id=10271& HTTP/1.1" 200 987 "http://hausegger.activities.at/entry.php?id=10271&" "Mozilla/5.0 (Windows NT 10.0; Win64; x64) AppleWebKit/537.36 (KHTML, like Gecko) Chrome/117.0.0.0 Safari/537.36"
178.165.193.62 - - [11/Oct/2023:11:28:36 +0200] "GET /entry.php?id=10273& HTTP/1.1" 200 2013 "http://hausegger.activities.at/entry.php?id=10287&" "Mozilla/5.0 (Windows NT 10.0; Win64; x64) AppleWebKit/537.36 (KHTML, like Gecko) Chrome/117.0.0.0 Safari/537.36"
178.165.193.62 - - [11/Oct/2023:11:28:36 +0200] "GET /gui/javascript/form_form.js?1697016516 HTTP/1.1" 200 16206 "http://hausegger.activities.at/entry.php?id=10271&" "Mozilla/5.0 (Windows NT 10.0; Win64; x64) AppleWebKit/537.36 (KHTML, like Gecko) Chrome/117.0.0.0 Safari/537.36"
178.165.193.62 - - [11/Oct/2023:11:28:36 +0200] "GET /framework/webfx/style/toolbar/images/cbback.gif HTTP/1.1" 404 318 "http://hausegger.activities.at/framework/webfx/style/toolbar/cb2.css" "Mozilla/5.0 (Windows NT 10.0; Win64; x64) AppleWebKit/537.36 (KHTML, like Gecko) Chrome/117.0.0.0 Safari/537.36"
178.165.193.62 - - [11/Oct/2023:11:28:36 +0200] "GET /entry.php?id=10270&__app__=10006038 HTTP/1.1" 200 2230 "http://hausegger.activities.at/entry.php?id=10273&" "Mozilla/5.0 (Windows NT 10.0; Win64; x64) AppleWebKit/537.36 (KHTML, like Gecko) Chrome/117.0.0.0 Safari/537.36"
178.165.193.62 - - [11/Oct/2023:11:28:36 +0200] "GET /undefined HTTP/1.1" 404 289 "http://hausegger.activities.at/entry.php?id=10270&__app__=10006038" "Mozilla/5.0 (Windows NT 10.0; Win64; x64) AppleWebKit/537.36 (KHTML, like Gecko) Chrome/117.0.0.0 Safari/537.36"
178.165.193.62 - - [11/Oct/2023:11:28:40 +0200] "GET /entry.php?id=10271&&ser=16460 HTTP/1.1" 200 987 "http://hausegger.activities.at/entry.php?id=10271&&ser=16400" "Mozilla/5.0 (Windows NT 10.0; Win64; x64; rv:109.0) Gecko/20100101 Firefox/118.0"
178.165.193.62 - - [11/Oct/2023:11:28:41 +0200] "GET /gui/javascript/form_form.js?1697016521 HTTP/1.1" 200 16206 "http://hausegger.activities.at/entry.php?id=10271&&ser=16460" "Mozilla/5.0 (Windows NT 10.0; Win64; x64; rv:109.0) Gecko/20100101 Firefox/118.0"
156.59.198.136 - - [11/Oct/2023:11:28:44 +0200] "GET /renault.2web.at/htdocs/export/pdf/emuc_document/11444540.pdf HTTP/1.0" 404 318 "http://212.69.160.11:443/renault.2web.at/htdocs/export/pdf/emuc_document/" "Mozilla/5.0 (Linux; Android 5.0) AppleWebKit/537.36 (KHTML, like Gecko) Mobile Safari/537.36 (compatible; Bytespider; spider-feedback@bytedance.com)"
156.59.198.136 - - [11/Oct/2023:11:29:08 +0200] "GET /renault.2web.at/htdocs/export/pdf/emuc_document/10482332.pdf HTTP/1.0" 404 319 "http://212.69.160.11:443/renault.2web.at/htdocs/export/pdf/emuc_document/" "Mozilla/5.0 (Linux; Android 5.0) AppleWebKit/537.36 (KHTML, like Gecko) Mobile Safari/537.36 (compatible; Bytespider; spider-feedback@bytedance.com)"
156.59.198.135 - - [11/Oct/2023:11:29:33 +0200] "GET /renault.2web.at/htdocs/export/pdf/emuc_document/11312056.pdf HTTP/1.0" 404 318 "http://212.69.160.11:443/renault.2web.at/htdocs/export/pdf/emuc_document/" "Mozilla/5.0 (Linux; Android 5.0) AppleWebKit/537.36 (KHTML, like Gecko) Mobile Safari/537.36 (compatible; Bytespider; spider-feedback@bytedance.com)"
178.165.193.62 - - [11/Oct/2023:11:29:37 +0200] "GET /entry.php?id=10271&&ser=16516 HTTP/1.1" 200 987 "http://hausegger.activities.at/entry.php?id=10271&" "Mozilla/5.0 (Windows NT 10.0; Win64; x64) AppleWebKit/537.36 (KHTML, like Gecko) Chrome/117.0.0.0 Safari/537.36"
178.165.193.62 - - [11/Oct/2023:11:29:37 +0200] "GET /gui/javascript/form_form.js?1697016577 HTTP/1.1" 200 16206 "http://hausegger.activities.at/entry.php?id=10271&&ser=16516" "Mozilla/5.0 (Windows NT 10.0; Win64; x64) AppleWebKit/537.36 (KHTML, like Gecko) Chrome/117.0.0.0 Safari/537.36"
178.165.193.62 - - [11/Oct/2023:11:29:41 +0200] "GET /entry.php?id=10271&&ser=16521 HTTP/1.1" 200 986 "http://hausegger.activities.at/entry.php?id=10271&&ser=16460" "Mozilla/5.0 (Windows NT 10.0; Win64; x64; rv:109.0) Gecko/20100101 Firefox/118.0"
178.165.193.62 - - [11/Oct/2023:11:29:41 +0200] "GET /gui/javascript/form_form.js?1697016581 HTTP/1.1" 200 16206 "http://hausegger.activities.at/entry.php?id=10271&&ser=16521" "Mozilla/5.0 (Windows NT 10.0; Win64; x64; rv:109.0) Gecko/20100101 Firefox/118.0"
156.59.198.136 - - [11/Oct/2023:11:29:58 +0200] "GET /renault.2web.at/htdocs/export/pdf/emuc_document/10252866.pdf HTTP/1.0" 404 318 "http://212.69.160.11:443/renault.2web.at/htdocs/export/pdf/emuc_document/" "Mozilla/5.0 (Linux; Android 5.0) AppleWebKit/537.36 (KHTML, like Gecko) Mobile Safari/537.36 (compatible; Bytespider; spider-feedback@bytedance.com)"
156.59.198.136 - - [11/Oct/2023:11:30:23 +0200] "GET /renault.2web.at/htdocs/export/pdf/emuc_document/11763018.pdf HTTP/1.0" 404 319 "http://212.69.160.11:443/renault.2web.at/htdocs/export/pdf/emuc_document/" "Mozilla/5.0 (Linux; Android 5.0) AppleWebKit/537.36 (KHTML, like Gecko) Mobile Safari/537.36 (compatible; Bytespider; spider-feedback@bytedance.com)"
178.165.193.62 - - [11/Oct/2023:11:30:38 +0200] "GET /entry.php?id=10271&&ser=16577 HTTP/1.1" 200 987 "http://hausegger.activities.at/entry.php?id=10271&&ser=16516" "Mozilla/5.0 (Windows NT 10.0; Win64; x64) AppleWebKit/537.36 (KHTML, like Gecko) Chrome/117.0.0.0 Safari/537.36"
178.165.193.62 - - [11/Oct/2023:11:30:38 +0200] "GET /gui/javascript/form_form.js?1697016638 HTTP/1.1" 200 16206 "http://hausegger.activities.at/entry.php?id=10271&&ser=16577" "Mozilla/5.0 (Windows NT 10.0; Win64; x64) AppleWebKit/537.36 (KHTML, like Gecko) Chrome/117.0.0.0 Safari/537.36"
178.165.193.62 - - [11/Oct/2023:11:30:41 +0200] "GET /entry.php?id=10271&&ser=16581 HTTP/1.1" 200 987 "http://hausegger.activities.at/entry.php?id=10271&&ser=16521" "Mozilla/5.0 (Windows NT 10.0; Win64; x64; rv:109.0) Gecko/20100101 Firefox/118.0"
178.165.193.62 - - [11/Oct/2023:11:30:41 +0200] "GET /gui/javascript/form_form.js?1697016641 HTTP/1.1" 200 16206 "http://hausegger.activities.at/entry.php?id=10271&&ser=16581" "Mozilla/5.0 (Windows NT 10.0; Win64; x64; rv:109.0) Gecko/20100101 Firefox/118.0"
156.59.198.135 - - [11/Oct/2023:11:30:47 +0200] "GET /renault.2web.at/htdocs/export/pdf/emuc_document/10711373.pdf HTTP/1.0" 404 319 "http://212.69.160.11:443/renault.2web.at/htdocs/export/pdf/emuc_document/" "Mozilla/5.0 (Linux; Android 5.0) AppleWebKit/537.36 (KHTML, like Gecko) Mobile Safari/537.36 (compatible; Bytespider; spider-feedback@bytedance.com)"
156.59.198.136 - - [11/Oct/2023:11:31:13 +0200] "GET /renault.2web.at/htdocs/export/pdf/emuc_document/10961403.pdf HTTP/1.0" 404 319 "http://212.69.160.11:443/renault.2web.at/htdocs/export/pdf/emuc_document/" "Mozilla/5.0 (Linux; Android 5.0) AppleWebKit/537.36 (KHTML, like Gecko) Mobile Safari/537.36 (compatible; Bytespider; spider-feedback@bytedance.com)"
156.59.198.136 - - [11/Oct/2023:11:31:38 +0200] "GET /renault.2web.at/htdocs/export/pdf/emuc_document/11890602.pdf HTTP/1.0" 404 318 "http://212.69.160.11:443/renault.2web.at/htdocs/export/pdf/emuc_document/" "Mozilla/5.0 (Linux; Android 5.0) AppleWebKit/537.36 (KHTML, like Gecko) Mobile Safari/537.36 (compatible; Bytespider; spider-feedback@bytedance.com)"
178.165.193.62 - - [11/Oct/2023:11:31:39 +0200] "GET /entry.php?id=10271&&ser=16638 HTTP/1.1" 200 987 "http://hausegger.activities.at/entry.php?id=10271&&ser=16577" "Mozilla/5.0 (Windows NT 10.0; Win64; x64) AppleWebKit/537.36 (KHTML, like Gecko) Chrome/117.0.0.0 Safari/537.36"
178.165.193.62 - - [11/Oct/2023:11:31:39 +0200] "GET /gui/javascript/form_form.js?1697016699 HTTP/1.1" 200 16206 "http://hausegger.activities.at/entry.php?id=10271&&ser=16638" "Mozilla/5.0 (Windows NT 10.0; Win64; x64) AppleWebKit/537.36 (KHTML, like Gecko) Chrome/117.0.0.0 Safari/537.36"
178.165.193.62 - - [11/Oct/2023:11:31:41 +0200] "GET /entry.php?id=10271&&ser=16641 HTTP/1.1" 200 986 "http://hausegger.activities.at/entry.php?id=10271&&ser=16581" "Mozilla/5.0 (Windows NT 10.0; Win64; x64; rv:109.0) Gecko/20100101 Firefox/118.0"
178.165.193.62 - - [11/Oct/2023:11:31:42 +0200] "GET /gui/javascript/form_form.js?1697016701 HTTP/1.1" 200 16206 "http://hausegger.activities.at/entry.php?id=10271&&ser=16641" "Mozilla/5.0 (Windows NT 10.0; Win64; x64; rv:109.0) Gecko/20100101 Firefox/118.0"
156.59.198.136 - - [11/Oct/2023:11:32:03 +0200] "GET /renault.2web.at/htdocs/export/pdf/emuc_document/11380695.pdf HTTP/1.0" 404 319 "http://212.69.160.11:443/renault.2web.at/htdocs/export/pdf/emuc_document/" "Mozilla/5.0 (Linux; Android 5.0) AppleWebKit/537.36 (KHTML, like Gecko) Mobile Safari/537.36 (compatible; Bytespider; spider-feedback@bytedance.com)"
156.59.198.136 - - [11/Oct/2023:11:32:28 +0200] "GET /renault.2web.at/htdocs/export/pdf/emuc_document/10748610.pdf HTTP/1.0" 404 319 "http://212.69.160.11:443/renault.2web.at/htdocs/export/pdf/emuc_document/" "Mozilla/5.0 (Linux; Android 5.0) AppleWebKit/537.36 (KHTML, like Gecko) Mobile Safari/537.36 (compatible; Bytespider; spider-feedback@bytedance.com)"
178.165.193.62 - - [11/Oct/2023:11:32:40 +0200] "GET /entry.php?id=10271&&ser=16699 HTTP/1.1" 200 987 "http://hausegger.activities.at/entry.php?id=10271&&ser=16638" "Mozilla/5.0 (Windows NT 10.0; Win64; x64) AppleWebKit/537.36 (KHTML, like Gecko) Chrome/117.0.0.0 Safari/537.36"
178.165.193.62 - - [11/Oct/2023:11:32:40 +0200] "GET /gui/javascript/form_form.js?1697016760 HTTP/1.1" 200 16206 "http://hausegger.activities.at/entry.php?id=10271&&ser=16699" "Mozilla/5.0 (Windows NT 10.0; Win64; x64) AppleWebKit/537.36 (KHTML, like Gecko) Chrome/117.0.0.0 Safari/537.36"
178.165.193.62 - - [11/Oct/2023:11:32:42 +0200] "GET /entry.php?id=10271&&ser=16701 HTTP/1.1" 200 987 "http://hausegger.activities.at/entry.php?id=10271&&ser=16641" "Mozilla/5.0 (Windows NT 10.0; Win64; x64; rv:109.0) Gecko/20100101 Firefox/118.0"
178.165.193.62 - - [11/Oct/2023:11:32:42 +0200] "GET /gui/javascript/form_form.js?1697016762 HTTP/1.1" 200 16206 "http://hausegger.activities.at/entry.php?id=10271&&ser=16701" "Mozilla/5.0 (Windows NT 10.0; Win64; x64; rv:109.0) Gecko/20100101 Firefox/118.0"
156.59.198.136 - - [11/Oct/2023:11:32:53 +0200] "GET /renault.2web.at/htdocs/export/pdf/emuc_document/11182055.pdf HTTP/1.0" 404 318 "http://212.69.160.11:443/renault.2web.at/htdocs/export/pdf/emuc_document/" "Mozilla/5.0 (Linux; Android 5.0) AppleWebKit/537.36 (KHTML, like Gecko) Mobile Safari/537.36 (compatible; Bytespider; spider-feedback@bytedance.com)"
156.59.198.136 - - [11/Oct/2023:11:33:18 +0200] "GET /renault.2web.at/htdocs/export/pdf/emuc_document/10534987.pdf HTTP/1.0" 404 319 "http://212.69.160.11:443/renault.2web.at/htdocs/export/pdf/emuc_document/" "Mozilla/5.0 (Linux; Android 5.0) AppleWebKit/537.36 (KHTML, like Gecko) Mobile Safari/537.36 (compatible; Bytespider; spider-feedback@bytedance.com)"
178.165.193.62 - - [11/Oct/2023:11:33:42 +0200] "GET /entry.php?id=10271&&ser=16760 HTTP/1.1" 200 987 "http://hausegger.activities.at/entry.php?id=10271&&ser=16699" "Mozilla/5.0 (Windows NT 10.0; Win64; x64) AppleWebKit/537.36 (KHTML, like Gecko) Chrome/117.0.0.0 Safari/537.36"
178.165.193.62 - - [11/Oct/2023:11:33:42 +0200] "GET /entry.php?id=10271&&ser=16762 HTTP/1.1" 200 987 "http://hausegger.activities.at/entry.php?id=10271&&ser=16701" "Mozilla/5.0 (Windows NT 10.0; Win64; x64; rv:109.0) Gecko/20100101 Firefox/118.0"
178.165.193.62 - - [11/Oct/2023:11:33:42 +0200] "GET /gui/javascript/form_form.js?1697016822 HTTP/1.1" 200 16206 "http://hausegger.activities.at/entry.php?id=10271&&ser=16762" "Mozilla/5.0 (Windows NT 10.0; Win64; x64; rv:109.0) Gecko/20100101 Firefox/118.0"
178.165.193.62 - - [11/Oct/2023:11:33:42 +0200] "GET /gui/javascript/form_form.js?1697016822 HTTP/1.1" 200 16206 "http://hausegger.activities.at/entry.php?id=10271&&ser=16760" "Mozilla/5.0 (Windows NT 10.0; Win64; x64) AppleWebKit/537.36 (KHTML, like Gecko) Chrome/117.0.0.0 Safari/537.36"
156.59.198.136 - - [11/Oct/2023:11:33:43 +0200] "GET /renault.2web.at/htdocs/export/pdf/emuc_document/11829465.pdf HTTP/1.0" 404 318 "http://212.69.160.11:443/renault.2web.at/htdocs/export/pdf/emuc_document/" "Mozilla/5.0 (Linux; Android 5.0) AppleWebKit/537.36 (KHTML, like Gecko) Mobile Safari/537.36 (compatible; Bytespider; spider-feedback@bytedance.com)"
156.59.198.135 - - [11/Oct/2023:11:34:07 +0200] "GET /renault.2web.at/htdocs/export/pdf/emuc_document/10892376.pdf HTTP/1.0" 404 319 "http://212.69.160.11:443/renault.2web.at/htdocs/export/pdf/emuc_document/" "Mozilla/5.0 (Linux; Android 5.0) AppleWebKit/537.36 (KHTML, like Gecko) Mobile Safari/537.36 (compatible; Bytespider; spider-feedback@bytedance.com)"
156.59.198.136 - - [11/Oct/2023:11:34:32 +0200] "GET /renault.2web.at/htdocs/export/pdf/emuc_document/11753899.pdf HTTP/1.0" 404 319 "http://212.69.160.11:443/renault.2web.at/htdocs/export/pdf/emuc_document/" "Mozilla/5.0 (Linux; Android 5.0) AppleWebKit/537.36 (KHTML, like Gecko) Mobile Safari/537.36 (compatible; Bytespider; spider-feedback@bytedance.com)"
178.165.193.62 - - [11/Oct/2023:11:34:43 +0200] "GET /entry.php?id=10271&&ser=16822 HTTP/1.1" 200 987 "http://hausegger.activities.at/entry.php?id=10271&&ser=16760" "Mozilla/5.0 (Windows NT 10.0; Win64; x64) AppleWebKit/537.36 (KHTML, like Gecko) Chrome/117.0.0.0 Safari/537.36"
178.165.193.62 - - [11/Oct/2023:11:34:43 +0200] "GET /gui/javascript/form_form.js?1697016883 HTTP/1.1" 200 16206 "http://hausegger.activities.at/entry.php?id=10271&&ser=16822" "Mozilla/5.0 (Windows NT 10.0; Win64; x64) AppleWebKit/537.36 (KHTML, like Gecko) Chrome/117.0.0.0 Safari/537.36"
178.165.193.62 - - [11/Oct/2023:11:34:46 +0200] "GET /entry.php?id=10271&&ser=16822 HTTP/1.1" 200 987 "http://hausegger.activities.at/entry.php?id=10271&&ser=16762" "Mozilla/5.0 (Windows NT 10.0; Win64; x64; rv:109.0) Gecko/20100101 Firefox/118.0"
178.165.193.62 - - [11/Oct/2023:11:34:46 +0200] "GET /gui/javascript/form_form.js?1697016886 HTTP/1.1" 200 16206 "http://hausegger.activities.at/entry.php?id=10271&&ser=16822" "Mozilla/5.0 (Windows NT 10.0; Win64; x64; rv:109.0) Gecko/20100101 Firefox/118.0"
156.59.198.135 - - [11/Oct/2023:11:34:57 +0200] "GET /renault.2web.at/htdocs/export/pdf/emuc_document/10998585.pdf HTTP/1.0" 404 318 "http://212.69.160.11:443/renault.2web.at/htdocs/export/pdf/emuc_document/" "Mozilla/5.0 (Linux; Android 5.0) AppleWebKit/537.36 (KHTML, like Gecko) Mobile Safari/537.36 (compatible; Bytespider; spider-feedback@bytedance.com)"
156.59.198.135 - - [11/Oct/2023:11:35:22 +0200] "GET /renault.2web.at/htdocs/export/pdf/emuc_document/11829628.pdf HTTP/1.0" 404 318 "http://212.69.160.11:443/renault.2web.at/htdocs/export/pdf/emuc_document/" "Mozilla/5.0 (Linux; Android 5.0) AppleWebKit/537.36 (KHTML, like Gecko) Mobile Safari/537.36 (compatible; Bytespider; spider-feedback@bytedance.com)"
178.165.193.62 - - [11/Oct/2023:11:35:44 +0200] "GET /entry.php?id=10271&&ser=16883 HTTP/1.1" 200 986 "http://hausegger.activities.at/entry.php?id=10271&&ser=16822" "Mozilla/5.0 (Windows NT 10.0; Win64; x64) AppleWebKit/537.36 (KHTML, like Gecko) Chrome/117.0.0.0 Safari/537.36"
178.165.193.62 - - [11/Oct/2023:11:35:44 +0200] "GET /gui/javascript/form_form.js?1697016944 HTTP/1.1" 200 16206 "http://hausegger.activities.at/entry.php?id=10271&&ser=16883" "Mozilla/5.0 (Windows NT 10.0; Win64; x64) AppleWebKit/537.36 (KHTML, like Gecko) Chrome/117.0.0.0 Safari/537.36"
156.59.198.135 - - [11/Oct/2023:11:35:46 +0200] "GET /renault.2web.at/htdocs/export/pdf/emuc_document/11182068.pdf HTTP/1.0" 404 318 "http://212.69.160.11:443/renault.2web.at/htdocs/export/pdf/emuc_document/" "Mozilla/5.0 (Linux; Android 5.0) AppleWebKit/537.36 (KHTML, like Gecko) Mobile Safari/537.36 (compatible; Bytespider; spider-feedback@bytedance.com)"
178.165.193.62 - - [11/Oct/2023:11:35:51 +0200] "GET /entry.php?id=10271&&ser=16886 HTTP/1.1" 200 985 "http://hausegger.activities.at/entry.php?id=10271&&ser=16822" "Mozilla/5.0 (Windows NT 10.0; Win64; x64; rv:109.0) Gecko/20100101 Firefox/118.0"
178.165.193.62 - - [11/Oct/2023:11:35:51 +0200] "GET /gui/javascript/form_form.js?1697016951 HTTP/1.1" 200 16206 "http://hausegger.activities.at/entry.php?id=10271&&ser=16886" "Mozilla/5.0 (Windows NT 10.0; Win64; x64; rv:109.0) Gecko/20100101 Firefox/118.0"
156.59.198.135 - - [11/Oct/2023:11:36:12 +0200] "GET /renault.2web.at/htdocs/export/pdf/emuc_document/11851252.pdf HTTP/1.0" 404 318 "http://212.69.160.11:443/renault.2web.at/htdocs/export/pdf/emuc_document/" "Mozilla/5.0 (Linux; Android 5.0) AppleWebKit/537.36 (KHTML, like Gecko) Mobile Safari/537.36 (compatible; Bytespider; spider-feedback@bytedance.com)"
156.59.198.136 - - [11/Oct/2023:11:36:36 +0200] "GET /renault.2web.at/htdocs/export/pdf/emuc_document/11274621.pdf HTTP/1.0" 404 318 "http://212.69.160.11:443/renault.2web.at/htdocs/export/pdf/emuc_document/" "Mozilla/5.0 (Linux; Android 5.0) AppleWebKit/537.36 (KHTML, like Gecko) Mobile Safari/537.36 (compatible; Bytespider; spider-feedback@bytedance.com)"
178.165.193.62 - - [11/Oct/2023:11:36:45 +0200] "GET /entry.php?id=10271&&ser=16944 HTTP/1.1" 200 986 "http://hausegger.activities.at/entry.php?id=10271&&ser=16883" "Mozilla/5.0 (Windows NT 10.0; Win64; x64) AppleWebKit/537.36 (KHTML, like Gecko) Chrome/117.0.0.0 Safari/537.36"
178.165.193.62 - - [11/Oct/2023:11:36:45 +0200] "GET /gui/javascript/form_form.js?1697017005 HTTP/1.1" 200 16206 "http://hausegger.activities.at/entry.php?id=10271&&ser=16944" "Mozilla/5.0 (Windows NT 10.0; Win64; x64) AppleWebKit/537.36 (KHTML, like Gecko) Chrome/117.0.0.0 Safari/537.36"
178.165.193.62 - - [11/Oct/2023:11:36:55 +0200] "GET /entry.php?id=10271&&ser=16951 HTTP/1.1" 200 986 "http://hausegger.activities.at/entry.php?id=10271&&ser=16886" "Mozilla/5.0 (Windows NT 10.0; Win64; x64; rv:109.0) Gecko/20100101 Firefox/118.0"
178.165.193.62 - - [11/Oct/2023:11:36:55 +0200] "GET /gui/javascript/form_form.js?1697017015 HTTP/1.1" 200 16206 "http://hausegger.activities.at/entry.php?id=10271&&ser=16951" "Mozilla/5.0 (Windows NT 10.0; Win64; x64; rv:109.0) Gecko/20100101 Firefox/118.0"
156.59.198.136 - - [11/Oct/2023:11:37:01 +0200] "GET /renault.2web.at/htdocs/export/pdf/emuc_document/11358784.pdf HTTP/1.0" 404 319 "http://212.69.160.11:443/renault.2web.at/htdocs/export/pdf/emuc_document/" "Mozilla/5.0 (Linux; Android 5.0) AppleWebKit/537.36 (KHTML, like Gecko) Mobile Safari/537.36 (compatible; Bytespider; spider-feedback@bytedance.com)"
156.59.198.136 - - [11/Oct/2023:11:37:26 +0200] "GET /renault.2web.at/htdocs/export/pdf/emuc_document/10790230.pdf HTTP/1.0" 404 319 "http://212.69.160.11:443/renault.2web.at/htdocs/export/pdf/emuc_document/" "Mozilla/5.0 (Linux; Android 5.0) AppleWebKit/537.36 (KHTML, like Gecko) Mobile Safari/537.36 (compatible; Bytespider; spider-feedback@bytedance.com)"
178.165.193.62 - - [11/Oct/2023:11:37:46 +0200] "GET /entry.php?id=10271&&ser=17005 HTTP/1.1" 200 987 "http://hausegger.activities.at/entry.php?id=10271&&ser=16944" "Mozilla/5.0 (Windows NT 10.0; Win64; x64) AppleWebKit/537.36 (KHTML, like Gecko) Chrome/117.0.0.0 Safari/537.36"
178.165.193.62 - - [11/Oct/2023:11:37:46 +0200] "GET /gui/javascript/form_form.js?1697017066 HTTP/1.1" 200 16206 "http://hausegger.activities.at/entry.php?id=10271&&ser=17005" "Mozilla/5.0 (Windows NT 10.0; Win64; x64) AppleWebKit/537.36 (KHTML, like Gecko) Chrome/117.0.0.0 Safari/537.36"
156.59.198.136 - - [11/Oct/2023:11:37:51 +0200] "GET /renault.2web.at/htdocs/export/pdf/emuc_document/11168217.pdf HTTP/1.0" 404 318 "http://212.69.160.11:443/renault.2web.at/htdocs/export/pdf/emuc_document/" "Mozilla/5.0 (Linux; Android 5.0) AppleWebKit/537.36 (KHTML, like Gecko) Mobile Safari/537.36 (compatible; Bytespider; spider-feedback@bytedance.com)"
178.165.193.62 - - [11/Oct/2023:11:37:59 +0200] "GET /entry.php?id=10271&&ser=17015 HTTP/1.1" 200 987 "http://hausegger.activities.at/entry.php?id=10271&&ser=16951" "Mozilla/5.0 (Windows NT 10.0; Win64; x64; rv:109.0) Gecko/20100101 Firefox/118.0"
178.165.193.62 - - [11/Oct/2023:11:37:59 +0200] "GET /gui/javascript/form_form.js?1697017079 HTTP/1.1" 200 16206 "http://hausegger.activities.at/entry.php?id=10271&&ser=17015" "Mozilla/5.0 (Windows NT 10.0; Win64; x64; rv:109.0) Gecko/20100101 Firefox/118.0"
156.59.198.136 - - [11/Oct/2023:11:38:15 +0200] "GET /renault.2web.at/htdocs/export/pdf/emuc_document/11829367.pdf HTTP/1.0" 404 319 "http://212.69.160.11:443/renault.2web.at/htdocs/export/pdf/emuc_document/" "Mozilla/5.0 (Linux; Android 5.0) AppleWebKit/537.36 (KHTML, like Gecko) Mobile Safari/537.36 (compatible; Bytespider; spider-feedback@bytedance.com)"
45.88.90.118 - - [11/Oct/2023:11:38:34 +0200] "GET / HTTP/1.1" 200 423 "-" "-"
156.59.198.136 - - [11/Oct/2023:11:38:40 +0200] "GET /renault.2web.at/htdocs/export/pdf/emuc_document/11762971.pdf HTTP/1.0" 404 318 "http://212.69.160.11:443/renault.2web.at/htdocs/export/pdf/emuc_document/" "Mozilla/5.0 (Linux; Android 5.0) AppleWebKit/537.36 (KHTML, like Gecko) Mobile Safari/537.36 (compatible; Bytespider; spider-feedback@bytedance.com)"
45.88.90.118 - - [11/Oct/2023:11:38:43 +0200] "GET ../../proc/ HTTP" 400 383 "-" "-"
178.165.193.62 - - [11/Oct/2023:11:38:47 +0200] "GET /entry.php?id=10271&&ser=17066 HTTP/1.1" 200 987 "http://hausegger.activities.at/entry.php?id=10271&&ser=17005" "Mozilla/5.0 (Windows NT 10.0; Win64; x64) AppleWebKit/537.36 (KHTML, like Gecko) Chrome/117.0.0.0 Safari/537.36"
178.165.193.62 - - [11/Oct/2023:11:38:47 +0200] "GET /gui/javascript/form_form.js?1697017127 HTTP/1.1" 200 16206 "http://hausegger.activities.at/entry.php?id=10271&&ser=17066" "Mozilla/5.0 (Windows NT 10.0; Win64; x64) AppleWebKit/537.36 (KHTML, like Gecko) Chrome/117.0.0.0 Safari/537.36"
178.165.193.62 - - [11/Oct/2023:11:39:04 +0200] "GET /entry.php?id=10271&&ser=17079 HTTP/1.1" 200 987 "http://hausegger.activities.at/entry.php?id=10271&&ser=17015" "Mozilla/5.0 (Windows NT 10.0; Win64; x64; rv:109.0) Gecko/20100101 Firefox/118.0"
178.165.193.62 - - [11/Oct/2023:11:39:04 +0200] "GET /gui/javascript/form_form.js?1697017144 HTTP/1.1" 200 16206 "http://hausegger.activities.at/entry.php?id=10271&&ser=17079" "Mozilla/5.0 (Windows NT 10.0; Win64; x64; rv:109.0) Gecko/20100101 Firefox/118.0"
156.59.198.136 - - [11/Oct/2023:11:39:05 +0200] "GET /renault.2web.at/htdocs/export/pdf/emuc_document/11451346.pdf HTTP/1.0" 404 318 "http://212.69.160.11:443/renault.2web.at/htdocs/export/pdf/emuc_document/" "Mozilla/5.0 (Linux; Android 5.0) AppleWebKit/537.36 (KHTML, like Gecko) Mobile Safari/537.36 (compatible; Bytespider; spider-feedback@bytedance.com)"
156.59.198.135 - - [11/Oct/2023:11:39:30 +0200] "GET /renault.2web.at/htdocs/export/pdf/emuc_document/10843296.pdf HTTP/1.0" 404 319 "http://212.69.160.11:443/renault.2web.at/htdocs/export/pdf/emuc_document/" "Mozilla/5.0 (Linux; Android 5.0) AppleWebKit/537.36 (KHTML, like Gecko) Mobile Safari/537.36 (compatible; Bytespider; spider-feedback@bytedance.com)"
178.165.193.62 - - [11/Oct/2023:11:39:48 +0200] "GET /entry.php?id=10271&&ser=17127 HTTP/1.1" 200 986 "http://hausegger.activities.at/entry.php?id=10271&&ser=17066" "Mozilla/5.0 (Windows NT 10.0; Win64; x64) AppleWebKit/537.36 (KHTML, like Gecko) Chrome/117.0.0.0 Safari/537.36"
178.165.193.62 - - [11/Oct/2023:11:39:48 +0200] "GET /gui/javascript/form_form.js?1697017188 HTTP/1.1" 200 16206 "http://hausegger.activities.at/entry.php?id=10271&&ser=17127" "Mozilla/5.0 (Windows NT 10.0; Win64; x64) AppleWebKit/537.36 (KHTML, like Gecko) Chrome/117.0.0.0 Safari/537.36"
156.59.198.136 - - [11/Oct/2023:11:39:55 +0200] "GET /renault.2web.at/htdocs/export/pdf/emuc_document/11379830.pdf HTTP/1.0" 404 319 "http://212.69.160.11:443/renault.2web.at/htdocs/export/pdf/emuc_document/" "Mozilla/5.0 (Linux; Android 5.0) AppleWebKit/537.36 (KHTML, like Gecko) Mobile Safari/537.36 (compatible; Bytespider; spider-feedback@bytedance.com)"
178.165.193.62 - - [11/Oct/2023:11:40:08 +0200] "GET /entry.php?id=10271&&ser=17144 HTTP/1.1" 200 987 "http://hausegger.activities.at/entry.php?id=10271&&ser=17079" "Mozilla/5.0 (Windows NT 10.0; Win64; x64; rv:109.0) Gecko/20100101 Firefox/118.0"
178.165.193.62 - - [11/Oct/2023:11:40:08 +0200] "GET /gui/javascript/form_form.js?1697017208 HTTP/1.1" 200 16206 "http://hausegger.activities.at/entry.php?id=10271&&ser=17144" "Mozilla/5.0 (Windows NT 10.0; Win64; x64; rv:109.0) Gecko/20100101 Firefox/118.0"
156.59.198.135 - - [11/Oct/2023:11:40:20 +0200] "GET /renault.2web.at/htdocs/export/pdf/emuc_document/11818589.pdf HTTP/1.0" 404 318 "http://212.69.160.11:443/renault.2web.at/htdocs/export/pdf/emuc_document/" "Mozilla/5.0 (Linux; Android 5.0) AppleWebKit/537.36 (KHTML, like Gecko) Mobile Safari/537.36 (compatible; Bytespider; spider-feedback@bytedance.com)"
156.59.198.136 - - [11/Oct/2023:11:40:44 +0200] "GET /renault.2web.at/htdocs/export/pdf/emuc_document/11359006.pdf HTTP/1.0" 404 318 "http://212.69.160.11:443/renault.2web.at/htdocs/export/pdf/emuc_document/" "Mozilla/5.0 (Linux; Android 5.0) AppleWebKit/537.36 (KHTML, like Gecko) Mobile Safari/537.36 (compatible; Bytespider; spider-feedback@bytedance.com)"
178.165.193.62 - - [11/Oct/2023:11:40:49 +0200] "GET /entry.php?id=10271&&ser=17188 HTTP/1.1" 200 987 "http://hausegger.activities.at/entry.php?id=10271&&ser=17127" "Mozilla/5.0 (Windows NT 10.0; Win64; x64) AppleWebKit/537.36 (KHTML, like Gecko) Chrome/117.0.0.0 Safari/537.36"
178.165.193.62 - - [11/Oct/2023:11:40:49 +0200] "GET /gui/javascript/form_form.js?1697017249 HTTP/1.1" 200 16206 "http://hausegger.activities.at/entry.php?id=10271&&ser=17188" "Mozilla/5.0 (Windows NT 10.0; Win64; x64) AppleWebKit/537.36 (KHTML, like Gecko) Chrome/117.0.0.0 Safari/537.36"
156.59.198.135 - - [11/Oct/2023:11:41:09 +0200] "GET /renault.2web.at/htdocs/export/pdf/emuc_document/11035990.pdf HTTP/1.0" 404 319 "http://212.69.160.11:443/renault.2web.at/htdocs/export/pdf/emuc_document/" "Mozilla/5.0 (Linux; Android 5.0) AppleWebKit/537.36 (KHTML, like Gecko) Mobile Safari/537.36 (compatible; Bytespider; spider-feedback@bytedance.com)"
178.165.193.62 - - [11/Oct/2023:11:41:12 +0200] "GET /entry.php?id=10271&&ser=17208 HTTP/1.1" 200 987 "http://hausegger.activities.at/entry.php?id=10271&&ser=17144" "Mozilla/5.0 (Windows NT 10.0; Win64; x64; rv:109.0) Gecko/20100101 Firefox/118.0"
178.165.193.62 - - [11/Oct/2023:11:41:12 +0200] "GET /gui/javascript/form_form.js?1697017272 HTTP/1.1" 200 16206 "http://hausegger.activities.at/entry.php?id=10271&&ser=17208" "Mozilla/5.0 (Windows NT 10.0; Win64; x64; rv:109.0) Gecko/20100101 Firefox/118.0"
156.59.198.135 - - [11/Oct/2023:11:41:34 +0200] "GET /renault.2web.at/htdocs/export/pdf/emuc_document/10998617.pdf HTTP/1.0" 404 318 "http://212.69.160.11:443/renault.2web.at/htdocs/export/pdf/emuc_document/" "Mozilla/5.0 (Linux; Android 5.0) AppleWebKit/537.36 (KHTML, like Gecko) Mobile Safari/537.36 (compatible; Bytespider; spider-feedback@bytedance.com)"
178.165.193.62 - - [11/Oct/2023:11:41:50 +0200] "GET /entry.php?id=10271&&ser=17249 HTTP/1.1" 200 987 "http://hausegger.activities.at/entry.php?id=10271&&ser=17188" "Mozilla/5.0 (Windows NT 10.0; Win64; x64) AppleWebKit/537.36 (KHTML, like Gecko) Chrome/117.0.0.0 Safari/537.36"
178.165.193.62 - - [11/Oct/2023:11:41:50 +0200] "GET /gui/javascript/form_form.js?1697017310 HTTP/1.1" 200 16206 "http://hausegger.activities.at/entry.php?id=10271&&ser=17249" "Mozilla/5.0 (Windows NT 10.0; Win64; x64) AppleWebKit/537.36 (KHTML, like Gecko) Chrome/117.0.0.0 Safari/537.36"
156.59.198.135 - - [11/Oct/2023:11:41:59 +0200] "GET /renault.2web.at/htdocs/export/pdf/emuc_document/11644510.pdf HTTP/1.0" 404 318 "http://212.69.160.11:443/renault.2web.at/htdocs/export/pdf/emuc_document/" "Mozilla/5.0 (Linux; Android 5.0) AppleWebKit/537.36 (KHTML, like Gecko) Mobile Safari/537.36 (compatible; Bytespider; spider-feedback@bytedance.com)"
178.165.193.62 - - [11/Oct/2023:11:42:17 +0200] "GET /entry.php?id=10271&&ser=17272 HTTP/1.1" 200 988 "http://hausegger.activities.at/entry.php?id=10271&&ser=17208" "Mozilla/5.0 (Windows NT 10.0; Win64; x64; rv:109.0) Gecko/20100101 Firefox/118.0"
178.165.193.62 - - [11/Oct/2023:11:42:17 +0200] "GET /gui/javascript/form_form.js?1697017337 HTTP/1.1" 200 16206 "http://hausegger.activities.at/entry.php?id=10271&&ser=17272" "Mozilla/5.0 (Windows NT 10.0; Win64; x64; rv:109.0) Gecko/20100101 Firefox/118.0"
156.59.198.136 - - [11/Oct/2023:11:42:24 +0200] "GET /renault.2web.at/htdocs/export/pdf/emuc_document/10659525.pdf HTTP/1.0" 404 318 "http://212.69.160.11:443/renault.2web.at/htdocs/export/pdf/emuc_document/" "Mozilla/5.0 (Linux; Android 5.0) AppleWebKit/537.36 (KHTML, like Gecko) Mobile Safari/537.36 (compatible; Bytespider; spider-feedback@bytedance.com)"
156.59.198.136 - - [11/Oct/2023:11:42:49 +0200] "GET /renault.2web.at/htdocs/export/pdf/emuc_document/11483441.pdf HTTP/1.0" 404 318 "http://212.69.160.11:443/renault.2web.at/htdocs/export/pdf/emuc_document/" "Mozilla/5.0 (Linux; Android 5.0) AppleWebKit/537.36 (KHTML, like Gecko) Mobile Safari/537.36 (compatible; Bytespider; spider-feedback@bytedance.com)"
178.165.193.62 - - [11/Oct/2023:11:42:51 +0200] "GET /entry.php?id=10271&&ser=17310 HTTP/1.1" 200 987 "http://hausegger.activities.at/entry.php?id=10271&&ser=17249" "Mozilla/5.0 (Windows NT 10.0; Win64; x64) AppleWebKit/537.36 (KHTML, like Gecko) Chrome/117.0.0.0 Safari/537.36"
178.165.193.62 - - [11/Oct/2023:11:42:51 +0200] "GET /gui/javascript/form_form.js?1697017371 HTTP/1.1" 200 16206 "http://hausegger.activities.at/entry.php?id=10271&&ser=17310" "Mozilla/5.0 (Windows NT 10.0; Win64; x64) AppleWebKit/537.36 (KHTML, like Gecko) Chrome/117.0.0.0 Safari/537.36"
156.59.198.135 - - [11/Oct/2023:11:43:13 +0200] "GET /renault.2web.at/htdocs/export/pdf/emuc_document/10754198.pdf HTTP/1.0" 404 318 "http://212.69.160.11:443/renault.2web.at/htdocs/export/pdf/emuc_document/" "Mozilla/5.0 (Linux; Android 5.0) AppleWebKit/537.36 (KHTML, like Gecko) Mobile Safari/537.36 (compatible; Bytespider; spider-feedback@bytedance.com)"
178.165.193.62 - - [11/Oct/2023:11:43:21 +0200] "GET /entry.php?id=10271&&ser=17337 HTTP/1.1" 200 986 "http://hausegger.activities.at/entry.php?id=10271&&ser=17272" "Mozilla/5.0 (Windows NT 10.0; Win64; x64; rv:109.0) Gecko/20100101 Firefox/118.0"
178.165.193.62 - - [11/Oct/2023:11:43:21 +0200] "GET /gui/javascript/form_form.js?1697017401 HTTP/1.1" 200 16206 "http://hausegger.activities.at/entry.php?id=10271&&ser=17337" "Mozilla/5.0 (Windows NT 10.0; Win64; x64; rv:109.0) Gecko/20100101 Firefox/118.0"
156.59.198.136 - - [11/Oct/2023:11:43:39 +0200] "GET /renault.2web.at/htdocs/export/pdf/emuc_document/10936466.pdf HTTP/1.0" 404 319 "http://212.69.160.11:443/renault.2web.at/htdocs/export/pdf/emuc_document/" "Mozilla/5.0 (Linux; Android 5.0) AppleWebKit/537.36 (KHTML, like Gecko) Mobile Safari/537.36 (compatible; Bytespider; spider-feedback@bytedance.com)"
178.165.193.62 - - [11/Oct/2023:11:43:52 +0200] "GET /entry.php?id=10271&&ser=17371 HTTP/1.1" 200 986 "http://hausegger.activities.at/entry.php?id=10271&&ser=17310" "Mozilla/5.0 (Windows NT 10.0; Win64; x64) AppleWebKit/537.36 (KHTML, like Gecko) Chrome/117.0.0.0 Safari/537.36"
178.165.193.62 - - [11/Oct/2023:11:43:52 +0200] "GET /gui/javascript/form_form.js?1697017432 HTTP/1.1" 200 16206 "http://hausegger.activities.at/entry.php?id=10271&&ser=17371" "Mozilla/5.0 (Windows NT 10.0; Win64; x64) AppleWebKit/537.36 (KHTML, like Gecko) Chrome/117.0.0.0 Safari/537.36"
156.59.198.135 - - [11/Oct/2023:11:44:03 +0200] "GET /renault.2web.at/htdocs/export/pdf/emuc_document/11170903.pdf HTTP/1.0" 404 318 "http://212.69.160.11:443/renault.2web.at/htdocs/export/pdf/emuc_document/" "Mozilla/5.0 (Linux; Android 5.0) AppleWebKit/537.36 (KHTML, like Gecko) Mobile Safari/537.36 (compatible; Bytespider; spider-feedback@bytedance.com)"
178.165.193.62 - - [11/Oct/2023:11:44:25 +0200] "GET /entry.php?id=10271&&ser=17401 HTTP/1.1" 200 987 "http://hausegger.activities.at/entry.php?id=10271&&ser=17337" "Mozilla/5.0 (Windows NT 10.0; Win64; x64; rv:109.0) Gecko/20100101 Firefox/118.0"
178.165.193.62 - - [11/Oct/2023:11:44:25 +0200] "GET /gui/javascript/form_form.js?1697017465 HTTP/1.1" 200 16206 "http://hausegger.activities.at/entry.php?id=10271&&ser=17401" "Mozilla/5.0 (Windows NT 10.0; Win64; x64; rv:109.0) Gecko/20100101 Firefox/118.0"
156.59.198.136 - - [11/Oct/2023:11:44:28 +0200] "GET /renault.2web.at/htdocs/export/pdf/emuc_document/11659735.pdf HTTP/1.0" 404 319 "http://212.69.160.11:443/renault.2web.at/htdocs/export/pdf/emuc_document/" "Mozilla/5.0 (Linux; Android 5.0) AppleWebKit/537.36 (KHTML, like Gecko) Mobile Safari/537.36 (compatible; Bytespider; spider-feedback@bytedance.com)"
178.165.193.62 - - [11/Oct/2023:11:44:53 +0200] "GET /entry.php?id=10271&&ser=17432 HTTP/1.1" 200 987 "http://hausegger.activities.at/entry.php?id=10271&&ser=17371" "Mozilla/5.0 (Windows NT 10.0; Win64; x64) AppleWebKit/537.36 (KHTML, like Gecko) Chrome/117.0.0.0 Safari/537.36"
178.165.193.62 - - [11/Oct/2023:11:44:53 +0200] "GET /gui/javascript/form_form.js?1697017493 HTTP/1.1" 200 16206 "http://hausegger.activities.at/entry.php?id=10271&&ser=17432" "Mozilla/5.0 (Windows NT 10.0; Win64; x64) AppleWebKit/537.36 (KHTML, like Gecko) Chrome/117.0.0.0 Safari/537.36"
156.59.198.136 - - [11/Oct/2023:11:44:54 +0200] "GET /renault.2web.at/htdocs/export/pdf/emuc_document/10623523.pdf HTTP/1.0" 404 319 "http://212.69.160.11:443/renault.2web.at/htdocs/export/pdf/emuc_document/" "Mozilla/5.0 (Linux; Android 5.0) AppleWebKit/537.36 (KHTML, like Gecko) Mobile Safari/537.36 (compatible; Bytespider; spider-feedback@bytedance.com)"
156.59.198.135 - - [11/Oct/2023:11:45:18 +0200] "GET /renault.2web.at/htdocs/export/pdf/emuc_document/10742370.pdf HTTP/1.0" 404 319 "http://212.69.160.11:443/renault.2web.at/htdocs/export/pdf/emuc_document/" "Mozilla/5.0 (Linux; Android 5.0) AppleWebKit/537.36 (KHTML, like Gecko) Mobile Safari/537.36 (compatible; Bytespider; spider-feedback@bytedance.com)"
178.165.193.62 - - [11/Oct/2023:11:45:30 +0200] "GET /entry.php?id=10271&&ser=17465 HTTP/1.1" 200 987 "http://hausegger.activities.at/entry.php?id=10271&&ser=17401" "Mozilla/5.0 (Windows NT 10.0; Win64; x64; rv:109.0) Gecko/20100101 Firefox/118.0"
178.165.193.62 - - [11/Oct/2023:11:45:30 +0200] "GET /gui/javascript/form_form.js?1697017530 HTTP/1.1" 200 16206 "http://hausegger.activities.at/entry.php?id=10271&&ser=17465" "Mozilla/5.0 (Windows NT 10.0; Win64; x64; rv:109.0) Gecko/20100101 Firefox/118.0"
156.59.198.136 - - [11/Oct/2023:11:45:43 +0200] "GET /renault.2web.at/htdocs/export/pdf/emuc_document/10253908.pdf HTTP/1.0" 404 319 "http://212.69.160.11:443/renault.2web.at/htdocs/export/pdf/emuc_document/" "Mozilla/5.0 (Linux; Android 5.0) AppleWebKit/537.36 (KHTML, like Gecko) Mobile Safari/537.36 (compatible; Bytespider; spider-feedback@bytedance.com)"
178.165.193.62 - - [11/Oct/2023:11:45:54 +0200] "GET /entry.php?id=10271&&ser=17493 HTTP/1.1" 200 987 "http://hausegger.activities.at/entry.php?id=10271&&ser=17432" "Mozilla/5.0 (Windows NT 10.0; Win64; x64) AppleWebKit/537.36 (KHTML, like Gecko) Chrome/117.0.0.0 Safari/537.36"
178.165.193.62 - - [11/Oct/2023:11:45:54 +0200] "GET /gui/javascript/form_form.js?1697017554 HTTP/1.1" 200 16206 "http://hausegger.activities.at/entry.php?id=10271&&ser=17493" "Mozilla/5.0 (Windows NT 10.0; Win64; x64) AppleWebKit/537.36 (KHTML, like Gecko) Chrome/117.0.0.0 Safari/537.36"
156.59.198.135 - - [11/Oct/2023:11:46:08 +0200] "GET /renault.2web.at/htdocs/export/pdf/emuc_document/10432070.pdf HTTP/1.0" 404 319 "http://212.69.160.11:443/renault.2web.at/htdocs/export/pdf/emuc_document/" "Mozilla/5.0 (Linux; Android 5.0) AppleWebKit/537.36 (KHTML, like Gecko) Mobile Safari/537.36 (compatible; Bytespider; spider-feedback@bytedance.com)"
156.59.198.136 - - [11/Oct/2023:11:46:33 +0200] "GET /renault.2web.at/htdocs/export/pdf/emuc_document/11907229.pdf HTTP/1.0" 404 318 "http://212.69.160.11:443/renault.2web.at/htdocs/export/pdf/emuc_document/" "Mozilla/5.0 (Linux; Android 5.0) AppleWebKit/537.36 (KHTML, like Gecko) Mobile Safari/537.36 (compatible; Bytespider; spider-feedback@bytedance.com)"
178.165.193.62 - - [11/Oct/2023:11:46:34 +0200] "GET /entry.php?id=10271&&ser=17530 HTTP/1.1" 200 987 "http://hausegger.activities.at/entry.php?id=10271&&ser=17465" "Mozilla/5.0 (Windows NT 10.0; Win64; x64; rv:109.0) Gecko/20100101 Firefox/118.0"
178.165.193.62 - - [11/Oct/2023:11:46:34 +0200] "GET /gui/javascript/form_form.js?1697017594 HTTP/1.1" 200 16206 "http://hausegger.activities.at/entry.php?id=10271&&ser=17530" "Mozilla/5.0 (Windows NT 10.0; Win64; x64; rv:109.0) Gecko/20100101 Firefox/118.0"
178.165.193.62 - - [11/Oct/2023:11:46:55 +0200] "GET /entry.php?id=10271&&ser=17554 HTTP/1.1" 200 987 "http://hausegger.activities.at/entry.php?id=10271&&ser=17493" "Mozilla/5.0 (Windows NT 10.0; Win64; x64) AppleWebKit/537.36 (KHTML, like Gecko) Chrome/117.0.0.0 Safari/537.36"
178.165.193.62 - - [11/Oct/2023:11:46:55 +0200] "GET /gui/javascript/form_form.js?1697017615 HTTP/1.1" 200 16206 "http://hausegger.activities.at/entry.php?id=10271&&ser=17554" "Mozilla/5.0 (Windows NT 10.0; Win64; x64) AppleWebKit/537.36 (KHTML, like Gecko) Chrome/117.0.0.0 Safari/537.36"
156.59.198.136 - - [11/Oct/2023:11:46:58 +0200] "GET /renault.2web.at/htdocs/export/pdf/emuc_document/11763002.pdf HTTP/1.0" 404 319 "http://212.69.160.11:443/renault.2web.at/htdocs/export/pdf/emuc_document/" "Mozilla/5.0 (Linux; Android 5.0) AppleWebKit/537.36 (KHTML, like Gecko) Mobile Safari/537.36 (compatible; Bytespider; spider-feedback@bytedance.com)"
178.165.193.62 - - [11/Oct/2023:11:47:38 +0200] "GET /entry.php?id=10271&&ser=17594 HTTP/1.1" 200 987 "http://hausegger.activities.at/entry.php?id=10271&&ser=17530" "Mozilla/5.0 (Windows NT 10.0; Win64; x64; rv:109.0) Gecko/20100101 Firefox/118.0"
178.165.193.62 - - [11/Oct/2023:11:47:38 +0200] "GET /gui/javascript/form_form.js?1697017658 HTTP/1.1" 200 16206 "http://hausegger.activities.at/entry.php?id=10271&&ser=17594" "Mozilla/5.0 (Windows NT 10.0; Win64; x64; rv:109.0) Gecko/20100101 Firefox/118.0"
156.59.198.136 - - [11/Oct/2023:11:47:47 +0200] "GET /renault.2web.at/htdocs/export/pdf/emuc_document/10424844.pdf HTTP/1.0" 404 318 "http://212.69.160.11:443/renault.2web.at/htdocs/export/pdf/emuc_document/" "Mozilla/5.0 (Linux; Android 5.0) AppleWebKit/537.36 (KHTML, like Gecko) Mobile Safari/537.36 (compatible; Bytespider; spider-feedback@bytedance.com)"
178.165.193.62 - - [11/Oct/2023:11:47:56 +0200] "GET /entry.php?id=10271&&ser=17615 HTTP/1.1" 200 987 "http://hausegger.activities.at/entry.php?id=10271&&ser=17554" "Mozilla/5.0 (Windows NT 10.0; Win64; x64) AppleWebKit/537.36 (KHTML, like Gecko) Chrome/117.0.0.0 Safari/537.36"
178.165.193.62 - - [11/Oct/2023:11:47:56 +0200] "GET /gui/javascript/form_form.js?1697017676 HTTP/1.1" 200 16206 "http://hausegger.activities.at/entry.php?id=10271&&ser=17615" "Mozilla/5.0 (Windows NT 10.0; Win64; x64) AppleWebKit/537.36 (KHTML, like Gecko) Chrome/117.0.0.0 Safari/537.36"
156.59.198.135 - - [11/Oct/2023:11:48:12 +0200] "GET /renault.2web.at/htdocs/export/pdf/emuc_document/11503816.pdf HTTP/1.0" 404 318 "http://212.69.160.11:443/renault.2web.at/htdocs/export/pdf/emuc_document/" "Mozilla/5.0 (Linux; Android 5.0) AppleWebKit/537.36 (KHTML, like Gecko) Mobile Safari/537.36 (compatible; Bytespider; spider-feedback@bytedance.com)"
156.59.198.136 - - [11/Oct/2023:11:48:37 +0200] "GET /renault.2web.at/htdocs/export/pdf/emuc_document/10433609.pdf HTTP/1.0" 404 319 "http://212.69.160.11:443/renault.2web.at/htdocs/export/pdf/emuc_document/" "Mozilla/5.0 (Linux; Android 5.0) AppleWebKit/537.36 (KHTML, like Gecko) Mobile Safari/537.36 (compatible; Bytespider; spider-feedback@bytedance.com)"
178.165.193.62 - - [11/Oct/2023:11:48:43 +0200] "GET /entry.php?id=10271&&ser=17658 HTTP/1.1" 200 987 "http://hausegger.activities.at/entry.php?id=10271&&ser=17594" "Mozilla/5.0 (Windows NT 10.0; Win64; x64; rv:109.0) Gecko/20100101 Firefox/118.0"
