156.59.198.136 - - [11/Oct/2023:16:11:15 +0200] "GET /renault.2web.at/htdocs/export/pdf/emuc_document/11660553.pdf HTTP/1.0" 404 319 "http://212.69.160.11:443/renault.2web.at/htdocs/export/pdf/emuc_document/" "Mozilla/5.0 (Linux; Android 5.0) AppleWebKit/537.36 (KHTML, like Gecko) Mobile Safari/537.36 (compatible; Bytespider; spider-feedback@bytedance.com)"
178.165.193.62 - - [11/Oct/2023:16:11:27 +0200] "GET /entry.php?id=10271&&ser=33427 HTTP/1.1" 200 988 "http://hausegger.activities.at/entry.php?id=10271&&ser=33367" "Mozilla/5.0 (Windows NT 10.0; Win64; x64; rv:109.0) Gecko/20100101 Firefox/118.0"
178.165.193.62 - - [11/Oct/2023:16:11:28 +0200] "GET /gui/javascript/form_form.js?1697033488 HTTP/1.1" 200 16206 "http://hausegger.activities.at/entry.php?id=10271&&ser=33427" "Mozilla/5.0 (Windows NT 10.0; Win64; x64; rv:109.0) Gecko/20100101 Firefox/118.0"
156.59.198.135 - - [11/Oct/2023:16:11:42 +0200] "GET /renault.2web.at/htdocs/export/pdf/emuc_document/10748936.pdf HTTP/1.0" 404 319 "http://212.69.160.11:443/renault.2web.at/htdocs/export/pdf/emuc_document/" "Mozilla/5.0 (Linux; Android 5.0) AppleWebKit/537.36 (KHTML, like Gecko) Mobile Safari/537.36 (compatible; Bytespider; spider-feedback@bytedance.com)"
156.59.198.135 - - [11/Oct/2023:16:12:06 +0200] "GET /renault.2web.at/htdocs/export/pdf/emuc_document/10424577.pdf HTTP/1.0" 404 319 "http://212.69.160.11:443/renault.2web.at/htdocs/export/pdf/emuc_document/" "Mozilla/5.0 (Linux; Android 5.0) AppleWebKit/537.36 (KHTML, like Gecko) Mobile Safari/537.36 (compatible; Bytespider; spider-feedback@bytedance.com)"
178.165.193.62 - - [11/Oct/2023:16:12:14 +0200] "GET /entry.php?id=10271&&ser=33473 HTTP/1.1" 200 988 "http://hausegger.activities.at/entry.php?id=10271&&ser=33412" "Mozilla/5.0 (Windows NT 10.0; Win64; x64) AppleWebKit/537.36 (KHTML, like Gecko) Chrome/117.0.0.0 Safari/537.36"
178.165.193.62 - - [11/Oct/2023:16:12:14 +0200] "GET /gui/javascript/form_form.js?1697033534 HTTP/1.1" 200 16206 "http://hausegger.activities.at/entry.php?id=10271&&ser=33473" "Mozilla/5.0 (Windows NT 10.0; Win64; x64) AppleWebKit/537.36 (KHTML, like Gecko) Chrome/117.0.0.0 Safari/537.36"
178.165.193.62 - - [11/Oct/2023:16:12:28 +0200] "GET /entry.php?id=10271&&ser=33488 HTTP/1.1" 200 988 "http://hausegger.activities.at/entry.php?id=10271&&ser=33427" "Mozilla/5.0 (Windows NT 10.0; Win64; x64; rv:109.0) Gecko/20100101 Firefox/118.0"
178.165.193.62 - - [11/Oct/2023:16:12:28 +0200] "GET /gui/javascript/form_form.js?1697033548 HTTP/1.1" 200 16206 "http://hausegger.activities.at/entry.php?id=10271&&ser=33488" "Mozilla/5.0 (Windows NT 10.0; Win64; x64; rv:109.0) Gecko/20100101 Firefox/118.0"
156.59.198.136 - - [11/Oct/2023:16:12:31 +0200] "GET /renault.2web.at/htdocs/export/pdf/emuc_document/10961137.pdf HTTP/1.0" 404 319 "http://212.69.160.11:443/renault.2web.at/htdocs/export/pdf/emuc_document/" "Mozilla/5.0 (Linux; Android 5.0) AppleWebKit/537.36 (KHTML, like Gecko) Mobile Safari/537.36 (compatible; Bytespider; spider-feedback@bytedance.com)"
156.59.198.135 - - [11/Oct/2023:16:12:56 +0200] "GET /renault.2web.at/htdocs/export/pdf/emuc_document/11795111.pdf HTTP/1.0" 404 318 "http://212.69.160.11:443/renault.2web.at/htdocs/export/pdf/emuc_document/" "Mozilla/5.0 (Linux; Android 5.0) AppleWebKit/537.36 (KHTML, like Gecko) Mobile Safari/537.36 (compatible; Bytespider; spider-feedback@bytedance.com)"
178.165.193.62 - - [11/Oct/2023:16:13:15 +0200] "GET /entry.php?id=10271&&ser=33534 HTTP/1.1" 200 988 "http://hausegger.activities.at/entry.php?id=10271&&ser=33473" "Mozilla/5.0 (Windows NT 10.0; Win64; x64) AppleWebKit/537.36 (KHTML, like Gecko) Chrome/117.0.0.0 Safari/537.36"
178.165.193.62 - - [11/Oct/2023:16:13:15 +0200] "GET /gui/javascript/form_form.js?1697033595 HTTP/1.1" 200 16206 "http://hausegger.activities.at/entry.php?id=10271&&ser=33534" "Mozilla/5.0 (Windows NT 10.0; Win64; x64) AppleWebKit/537.36 (KHTML, like Gecko) Chrome/117.0.0.0 Safari/537.36"
156.59.198.136 - - [11/Oct/2023:16:13:20 +0200] "GET /renault.2web.at/htdocs/export/pdf/emuc_document/11170484.pdf HTTP/1.0" 404 318 "http://212.69.160.11:443/renault.2web.at/htdocs/export/pdf/emuc_document/" "Mozilla/5.0 (Linux; Android 5.0) AppleWebKit/537.36 (KHTML, like Gecko) Mobile Safari/537.36 (compatible; Bytespider; spider-feedback@bytedance.com)"
178.165.193.62 - - [11/Oct/2023:16:13:28 +0200] "GET /entry.php?id=10271&&ser=33548 HTTP/1.1" 200 988 "http://hausegger.activities.at/entry.php?id=10271&&ser=33488" "Mozilla/5.0 (Windows NT 10.0; Win64; x64; rv:109.0) Gecko/20100101 Firefox/118.0"
178.165.193.62 - - [11/Oct/2023:16:13:28 +0200] "GET /gui/javascript/form_form.js?1697033608 HTTP/1.1" 200 16206 "http://hausegger.activities.at/entry.php?id=10271&&ser=33548" "Mozilla/5.0 (Windows NT 10.0; Win64; x64; rv:109.0) Gecko/20100101 Firefox/118.0"
156.59.198.135 - - [11/Oct/2023:16:13:47 +0200] "GET /renault.2web.at/htdocs/export/pdf/emuc_document/11214596.pdf HTTP/1.0" 404 318 "http://212.69.160.11:443/renault.2web.at/htdocs/export/pdf/emuc_document/" "Mozilla/5.0 (Linux; Android 5.0) AppleWebKit/537.36 (KHTML, like Gecko) Mobile Safari/537.36 (compatible; Bytespider; spider-feedback@bytedance.com)"
156.59.198.135 - - [11/Oct/2023:16:14:12 +0200] "GET /renault.2web.at/htdocs/export/pdf/emuc_document/10839825.pdf HTTP/1.0" 404 319 "http://212.69.160.11:443/renault.2web.at/htdocs/export/pdf/emuc_document/" "Mozilla/5.0 (Linux; Android 5.0) AppleWebKit/537.36 (KHTML, like Gecko) Mobile Safari/537.36 (compatible; Bytespider; spider-feedback@bytedance.com)"
178.165.193.62 - - [11/Oct/2023:16:14:16 +0200] "GET /entry.php?id=10271&&ser=33595 HTTP/1.1" 200 988 "http://hausegger.activities.at/entry.php?id=10271&&ser=33534" "Mozilla/5.0 (Windows NT 10.0; Win64; x64) AppleWebKit/537.36 (KHTML, like Gecko) Chrome/117.0.0.0 Safari/537.36"
178.165.193.62 - - [11/Oct/2023:16:14:16 +0200] "GET /gui/javascript/form_form.js?1697033656 HTTP/1.1" 200 16206 "http://hausegger.activities.at/entry.php?id=10271&&ser=33595" "Mozilla/5.0 (Windows NT 10.0; Win64; x64) AppleWebKit/537.36 (KHTML, like Gecko) Chrome/117.0.0.0 Safari/537.36"
178.165.193.62 - - [11/Oct/2023:16:14:28 +0200] "GET /entry.php?id=10271&&ser=33608 HTTP/1.1" 200 988 "http://hausegger.activities.at/entry.php?id=10271&&ser=33548" "Mozilla/5.0 (Windows NT 10.0; Win64; x64; rv:109.0) Gecko/20100101 Firefox/118.0"
178.165.193.62 - - [11/Oct/2023:16:14:29 +0200] "GET /gui/javascript/form_form.js?1697033668 HTTP/1.1" 200 16206 "http://hausegger.activities.at/entry.php?id=10271&&ser=33608" "Mozilla/5.0 (Windows NT 10.0; Win64; x64; rv:109.0) Gecko/20100101 Firefox/118.0"
156.59.198.135 - - [11/Oct/2023:16:14:36 +0200] "GET /renault.2web.at/htdocs/export/pdf/emuc_document/11312096.pdf HTTP/1.0" 404 318 "http://212.69.160.11:443/renault.2web.at/htdocs/export/pdf/emuc_document/" "Mozilla/5.0 (Linux; Android 5.0) AppleWebKit/537.36 (KHTML, like Gecko) Mobile Safari/537.36 (compatible; Bytespider; spider-feedback@bytedance.com)"
156.59.198.135 - - [11/Oct/2023:16:15:02 +0200] "GET /renault.2web.at/htdocs/export/pdf/emuc_document/10349465.pdf HTTP/1.0" 404 319 "http://212.69.160.11:443/renault.2web.at/htdocs/export/pdf/emuc_document/" "Mozilla/5.0 (Linux; Android 5.0) AppleWebKit/537.36 (KHTML, like Gecko) Mobile Safari/537.36 (compatible; Bytespider; spider-feedback@bytedance.com)"
178.165.193.62 - - [11/Oct/2023:16:15:17 +0200] "GET /entry.php?id=10271&&ser=33656 HTTP/1.1" 200 988 "http://hausegger.activities.at/entry.php?id=10271&&ser=33595" "Mozilla/5.0 (Windows NT 10.0; Win64; x64) AppleWebKit/537.36 (KHTML, like Gecko) Chrome/117.0.0.0 Safari/537.36"
178.165.193.62 - - [11/Oct/2023:16:15:17 +0200] "GET /gui/javascript/form_form.js?1697033717 HTTP/1.1" 200 16206 "http://hausegger.activities.at/entry.php?id=10271&&ser=33656" "Mozilla/5.0 (Windows NT 10.0; Win64; x64) AppleWebKit/537.36 (KHTML, like Gecko) Chrome/117.0.0.0 Safari/537.36"
156.59.198.136 - - [11/Oct/2023:16:15:26 +0200] "GET /renault.2web.at/htdocs/export/pdf/emuc_document/11504685.pdf HTTP/1.0" 404 318 "http://212.69.160.11:443/renault.2web.at/htdocs/export/pdf/emuc_document/" "Mozilla/5.0 (Linux; Android 5.0) AppleWebKit/537.36 (KHTML, like Gecko) Mobile Safari/537.36 (compatible; Bytespider; spider-feedback@bytedance.com)"
178.165.193.62 - - [11/Oct/2023:16:15:29 +0200] "GET /entry.php?id=10271&&ser=33668 HTTP/1.1" 200 987 "http://hausegger.activities.at/entry.php?id=10271&&ser=33608" "Mozilla/5.0 (Windows NT 10.0; Win64; x64; rv:109.0) Gecko/20100101 Firefox/118.0"
178.165.193.62 - - [11/Oct/2023:16:15:29 +0200] "GET /gui/javascript/form_form.js?1697033729 HTTP/1.1" 200 16206 "http://hausegger.activities.at/entry.php?id=10271&&ser=33668" "Mozilla/5.0 (Windows NT 10.0; Win64; x64; rv:109.0) Gecko/20100101 Firefox/118.0"
156.59.198.135 - - [11/Oct/2023:16:15:51 +0200] "GET /renault.2web.at/htdocs/export/pdf/emuc_document/11829637.pdf HTTP/1.0" 404 319 "http://212.69.160.11:443/renault.2web.at/htdocs/export/pdf/emuc_document/" "Mozilla/5.0 (Linux; Android 5.0) AppleWebKit/537.36 (KHTML, like Gecko) Mobile Safari/537.36 (compatible; Bytespider; spider-feedback@bytedance.com)"
156.59.198.136 - - [11/Oct/2023:16:16:17 +0200] "GET /renault.2web.at/htdocs/export/pdf/emuc_document/11582000.pdf HTTP/1.0" 404 318 "http://212.69.160.11:443/renault.2web.at/htdocs/export/pdf/emuc_document/" "Mozilla/5.0 (Linux; Android 5.0) AppleWebKit/537.36 (KHTML, like Gecko) Mobile Safari/537.36 (compatible; Bytespider; spider-feedback@bytedance.com)"
178.165.193.62 - - [11/Oct/2023:16:16:18 +0200] "GET /entry.php?id=10271&&ser=33717 HTTP/1.1" 200 988 "http://hausegger.activities.at/entry.php?id=10271&&ser=33656" "Mozilla/5.0 (Windows NT 10.0; Win64; x64) AppleWebKit/537.36 (KHTML, like Gecko) Chrome/117.0.0.0 Safari/537.36"
178.165.193.62 - - [11/Oct/2023:16:16:18 +0200] "GET /gui/javascript/form_form.js?1697033778 HTTP/1.1" 200 16206 "http://hausegger.activities.at/entry.php?id=10271&&ser=33717" "Mozilla/5.0 (Windows NT 10.0; Win64; x64) AppleWebKit/537.36 (KHTML, like Gecko) Chrome/117.0.0.0 Safari/537.36"
178.165.193.62 - - [11/Oct/2023:16:16:33 +0200] "GET /entry.php?id=10271&&ser=33729 HTTP/1.1" 200 988 "http://hausegger.activities.at/entry.php?id=10271&&ser=33668" "Mozilla/5.0 (Windows NT 10.0; Win64; x64; rv:109.0) Gecko/20100101 Firefox/118.0"
178.165.193.62 - - [11/Oct/2023:16:16:33 +0200] "GET /gui/javascript/form_form.js?1697033793 HTTP/1.1" 200 16206 "http://hausegger.activities.at/entry.php?id=10271&&ser=33729" "Mozilla/5.0 (Windows NT 10.0; Win64; x64; rv:109.0) Gecko/20100101 Firefox/118.0"
156.59.198.135 - - [11/Oct/2023:16:16:41 +0200] "GET /renault.2web.at/htdocs/export/pdf/emuc_document/10557068.pdf HTTP/1.0" 404 319 "http://212.69.160.11:443/renault.2web.at/htdocs/export/pdf/emuc_document/" "Mozilla/5.0 (Linux; Android 5.0) AppleWebKit/537.36 (KHTML, like Gecko) Mobile Safari/537.36 (compatible; Bytespider; spider-feedback@bytedance.com)"
156.59.198.135 - - [11/Oct/2023:16:17:06 +0200] "GET /renault.2web.at/htdocs/export/pdf/emuc_document/10659792.pdf HTTP/1.0" 404 319 "http://212.69.160.11:443/renault.2web.at/htdocs/export/pdf/emuc_document/" "Mozilla/5.0 (Linux; Android 5.0) AppleWebKit/537.36 (KHTML, like Gecko) Mobile Safari/537.36 (compatible; Bytespider; spider-feedback@bytedance.com)"
178.165.193.62 - - [11/Oct/2023:16:17:19 +0200] "GET /entry.php?id=10271&&ser=33778 HTTP/1.1" 200 988 "http://hausegger.activities.at/entry.php?id=10271&&ser=33717" "Mozilla/5.0 (Windows NT 10.0; Win64; x64) AppleWebKit/537.36 (KHTML, like Gecko) Chrome/117.0.0.0 Safari/537.36"
178.165.193.62 - - [11/Oct/2023:16:17:19 +0200] "GET /gui/javascript/form_form.js?1697033839 HTTP/1.1" 200 16206 "http://hausegger.activities.at/entry.php?id=10271&&ser=33778" "Mozilla/5.0 (Windows NT 10.0; Win64; x64) AppleWebKit/537.36 (KHTML, like Gecko) Chrome/117.0.0.0 Safari/537.36"
156.59.198.136 - - [11/Oct/2023:16:17:30 +0200] "GET /renault.2web.at/htdocs/export/pdf/emuc_document/11549103.pdf HTTP/1.0" 404 318 "http://212.69.160.11:443/renault.2web.at/htdocs/export/pdf/emuc_document/" "Mozilla/5.0 (Linux; Android 5.0) AppleWebKit/537.36 (KHTML, like Gecko) Mobile Safari/537.36 (compatible; Bytespider; spider-feedback@bytedance.com)"
178.165.193.62 - - [11/Oct/2023:16:17:33 +0200] "GET /entry.php?id=10271&&ser=33793 HTTP/1.1" 200 988 "http://hausegger.activities.at/entry.php?id=10271&&ser=33729" "Mozilla/5.0 (Windows NT 10.0; Win64; x64; rv:109.0) Gecko/20100101 Firefox/118.0"
178.165.193.62 - - [11/Oct/2023:16:17:34 +0200] "GET /gui/javascript/form_form.js?1697033853 HTTP/1.1" 200 16206 "http://hausegger.activities.at/entry.php?id=10271&&ser=33793" "Mozilla/5.0 (Windows NT 10.0; Win64; x64; rv:109.0) Gecko/20100101 Firefox/118.0"
156.59.198.136 - - [11/Oct/2023:16:17:55 +0200] "GET /renault.2web.at/htdocs/export/pdf/emuc_document/11043622.pdf HTTP/1.0" 404 318 "http://212.69.160.11:443/renault.2web.at/htdocs/export/pdf/emuc_document/" "Mozilla/5.0 (Linux; Android 5.0) AppleWebKit/537.36 (KHTML, like Gecko) Mobile Safari/537.36 (compatible; Bytespider; spider-feedback@bytedance.com)"
156.59.198.135 - - [11/Oct/2023:16:18:20 +0200] "GET /renault.2web.at/htdocs/export/pdf/emuc_document/10742430.pdf HTTP/1.0" 404 319 "http://212.69.160.11:443/renault.2web.at/htdocs/export/pdf/emuc_document/" "Mozilla/5.0 (Linux; Android 5.0) AppleWebKit/537.36 (KHTML, like Gecko) Mobile Safari/537.36 (compatible; Bytespider; spider-feedback@bytedance.com)"
178.165.193.62 - - [11/Oct/2023:16:18:20 +0200] "GET /entry.php?id=10271&&ser=33839 HTTP/1.1" 200 987 "http://hausegger.activities.at/entry.php?id=10271&&ser=33778" "Mozilla/5.0 (Windows NT 10.0; Win64; x64) AppleWebKit/537.36 (KHTML, like Gecko) Chrome/117.0.0.0 Safari/537.36"
178.165.193.62 - - [11/Oct/2023:16:18:20 +0200] "GET /gui/javascript/form_form.js?1697033900 HTTP/1.1" 200 16206 "http://hausegger.activities.at/entry.php?id=10271&&ser=33839" "Mozilla/5.0 (Windows NT 10.0; Win64; x64) AppleWebKit/537.36 (KHTML, like Gecko) Chrome/117.0.0.0 Safari/537.36"
178.165.193.62 - - [11/Oct/2023:16:18:34 +0200] "GET /entry.php?id=10271&&ser=33853 HTTP/1.1" 200 988 "http://hausegger.activities.at/entry.php?id=10271&&ser=33793" "Mozilla/5.0 (Windows NT 10.0; Win64; x64; rv:109.0) Gecko/20100101 Firefox/118.0"
178.165.193.62 - - [11/Oct/2023:16:18:34 +0200] "GET /gui/javascript/form_form.js?1697033914 HTTP/1.1" 200 16206 "http://hausegger.activities.at/entry.php?id=10271&&ser=33853" "Mozilla/5.0 (Windows NT 10.0; Win64; x64; rv:109.0) Gecko/20100101 Firefox/118.0"
156.59.198.135 - - [11/Oct/2023:16:18:46 +0200] "GET /renault.2web.at/htdocs/export/pdf/emuc_document/11430398.pdf HTTP/1.0" 404 318 "http://212.69.160.11:443/renault.2web.at/htdocs/export/pdf/emuc_document/" "Mozilla/5.0 (Linux; Android 5.0) AppleWebKit/537.36 (KHTML, like Gecko) Mobile Safari/537.36 (compatible; Bytespider; spider-feedback@bytedance.com)"
156.59.198.135 - - [11/Oct/2023:16:19:10 +0200] "GET /renault.2web.at/htdocs/export/pdf/emuc_document/10610829.pdf HTTP/1.0" 404 318 "http://212.69.160.11:443/renault.2web.at/htdocs/export/pdf/emuc_document/" "Mozilla/5.0 (Linux; Android 5.0) AppleWebKit/537.36 (KHTML, like Gecko) Mobile Safari/537.36 (compatible; Bytespider; spider-feedback@bytedance.com)"
178.165.193.62 - - [11/Oct/2023:16:19:21 +0200] "GET /entry.php?id=10271&&ser=33900 HTTP/1.1" 200 987 "http://hausegger.activities.at/entry.php?id=10271&&ser=33839" "Mozilla/5.0 (Windows NT 10.0; Win64; x64) AppleWebKit/537.36 (KHTML, like Gecko) Chrome/117.0.0.0 Safari/537.36"
178.165.193.62 - - [11/Oct/2023:16:19:21 +0200] "GET /gui/javascript/form_form.js?1697033961 HTTP/1.1" 200 16206 "http://hausegger.activities.at/entry.php?id=10271&&ser=33900" "Mozilla/5.0 (Windows NT 10.0; Win64; x64) AppleWebKit/537.36 (KHTML, like Gecko) Chrome/117.0.0.0 Safari/537.36"
178.165.193.62 - - [11/Oct/2023:16:19:34 +0200] "GET /entry.php?id=10271&&ser=33914 HTTP/1.1" 200 988 "http://hausegger.activities.at/entry.php?id=10271&&ser=33853" "Mozilla/5.0 (Windows NT 10.0; Win64; x64; rv:109.0) Gecko/20100101 Firefox/118.0"
178.165.193.62 - - [11/Oct/2023:16:19:34 +0200] "GET /gui/javascript/form_form.js?1697033974 HTTP/1.1" 200 16206 "http://hausegger.activities.at/entry.php?id=10271&&ser=33914" "Mozilla/5.0 (Windows NT 10.0; Win64; x64; rv:109.0) Gecko/20100101 Firefox/118.0"
156.59.198.135 - - [11/Oct/2023:16:19:35 +0200] "GET /renault.2web.at/htdocs/export/pdf/emuc_document/11076660.pdf HTTP/1.0" 404 319 "http://212.69.160.11:443/renault.2web.at/htdocs/export/pdf/emuc_document/" "Mozilla/5.0 (Linux; Android 5.0) AppleWebKit/537.36 (KHTML, like Gecko) Mobile Safari/537.36 (compatible; Bytespider; spider-feedback@bytedance.com)"
156.59.198.136 - - [11/Oct/2023:16:20:00 +0200] "GET /renault.2web.at/htdocs/export/pdf/emuc_document/11504407.pdf HTTP/1.0" 404 319 "http://212.69.160.11:443/renault.2web.at/htdocs/export/pdf/emuc_document/" "Mozilla/5.0 (Linux; Android 5.0) AppleWebKit/537.36 (KHTML, like Gecko) Mobile Safari/537.36 (compatible; Bytespider; spider-feedback@bytedance.com)"
178.165.193.62 - - [11/Oct/2023:16:20:22 +0200] "GET /entry.php?id=10271&&ser=33961 HTTP/1.1" 200 987 "http://hausegger.activities.at/entry.php?id=10271&&ser=33900" "Mozilla/5.0 (Windows NT 10.0; Win64; x64) AppleWebKit/537.36 (KHTML, like Gecko) Chrome/117.0.0.0 Safari/537.36"
178.165.193.62 - - [11/Oct/2023:16:20:22 +0200] "GET /gui/javascript/form_form.js?1697034022 HTTP/1.1" 200 16206 "http://hausegger.activities.at/entry.php?id=10271&&ser=33961" "Mozilla/5.0 (Windows NT 10.0; Win64; x64) AppleWebKit/537.36 (KHTML, like Gecko) Chrome/117.0.0.0 Safari/537.36"
156.59.198.135 - - [11/Oct/2023:16:20:24 +0200] "GET /renault.2web.at/htdocs/export/pdf/emuc_document/10745101.pdf HTTP/1.0" 404 318 "http://212.69.160.11:443/renault.2web.at/htdocs/export/pdf/emuc_document/" "Mozilla/5.0 (Linux; Android 5.0) AppleWebKit/537.36 (KHTML, like Gecko) Mobile Safari/537.36 (compatible; Bytespider; spider-feedback@bytedance.com)"
178.165.193.62 - - [11/Oct/2023:16:20:34 +0200] "GET /entry.php?id=10271&&ser=33974 HTTP/1.1" 200 986 "http://hausegger.activities.at/entry.php?id=10271&&ser=33914" "Mozilla/5.0 (Windows NT 10.0; Win64; x64; rv:109.0) Gecko/20100101 Firefox/118.0"
178.165.193.62 - - [11/Oct/2023:16:20:34 +0200] "GET /gui/javascript/form_form.js?1697034034 HTTP/1.1" 200 16206 "http://hausegger.activities.at/entry.php?id=10271&&ser=33974" "Mozilla/5.0 (Windows NT 10.0; Win64; x64; rv:109.0) Gecko/20100101 Firefox/118.0"
156.59.198.136 - - [11/Oct/2023:16:20:50 +0200] "GET /renault.2web.at/htdocs/export/pdf/emuc_document/11503791.pdf HTTP/1.0" 404 319 "http://212.69.160.11:443/renault.2web.at/htdocs/export/pdf/emuc_document/" "Mozilla/5.0 (Linux; Android 5.0) AppleWebKit/537.36 (KHTML, like Gecko) Mobile Safari/537.36 (compatible; Bytespider; spider-feedback@bytedance.com)"
156.59.198.136 - - [11/Oct/2023:16:21:16 +0200] "GET /renault.2web.at/htdocs/export/pdf/emuc_document/10764446.pdf HTTP/1.0" 404 319 "http://212.69.160.11:443/renault.2web.at/htdocs/export/pdf/emuc_document/" "Mozilla/5.0 (Linux; Android 5.0) AppleWebKit/537.36 (KHTML, like Gecko) Mobile Safari/537.36 (compatible; Bytespider; spider-feedback@bytedance.com)"
178.165.193.62 - - [11/Oct/2023:16:21:23 +0200] "GET /entry.php?id=10271&&ser=34022 HTTP/1.1" 200 988 "http://hausegger.activities.at/entry.php?id=10271&&ser=33961" "Mozilla/5.0 (Windows NT 10.0; Win64; x64) AppleWebKit/537.36 (KHTML, like Gecko) Chrome/117.0.0.0 Safari/537.36"
178.165.193.62 - - [11/Oct/2023:16:21:23 +0200] "GET /gui/javascript/form_form.js?1697034083 HTTP/1.1" 200 16206 "http://hausegger.activities.at/entry.php?id=10271&&ser=34022" "Mozilla/5.0 (Windows NT 10.0; Win64; x64) AppleWebKit/537.36 (KHTML, like Gecko) Chrome/117.0.0.0 Safari/537.36"
178.165.193.62 - - [11/Oct/2023:16:21:35 +0200] "GET /entry.php?id=10271&&ser=34034 HTTP/1.1" 200 987 "http://hausegger.activities.at/entry.php?id=10271&&ser=33974" "Mozilla/5.0 (Windows NT 10.0; Win64; x64; rv:109.0) Gecko/20100101 Firefox/118.0"
178.165.193.62 - - [11/Oct/2023:16:21:35 +0200] "GET /gui/javascript/form_form.js?1697034095 HTTP/1.1" 200 16206 "http://hausegger.activities.at/entry.php?id=10271&&ser=34034" "Mozilla/5.0 (Windows NT 10.0; Win64; x64; rv:109.0) Gecko/20100101 Firefox/118.0"
156.59.198.136 - - [11/Oct/2023:16:21:40 +0200] "GET /renault.2web.at/htdocs/export/pdf/emuc_document/11757467.pdf HTTP/1.0" 404 319 "http://212.69.160.11:443/renault.2web.at/htdocs/export/pdf/emuc_document/" "Mozilla/5.0 (Linux; Android 5.0) AppleWebKit/537.36 (KHTML, like Gecko) Mobile Safari/537.36 (compatible; Bytespider; spider-feedback@bytedance.com)"
156.59.198.135 - - [11/Oct/2023:16:22:05 +0200] "GET /renault.2web.at/htdocs/export/pdf/emuc_document/11451294.pdf HTTP/1.0" 404 318 "http://212.69.160.11:443/renault.2web.at/htdocs/export/pdf/emuc_document/" "Mozilla/5.0 (Linux; Android 5.0) AppleWebKit/537.36 (KHTML, like Gecko) Mobile Safari/537.36 (compatible; Bytespider; spider-feedback@bytedance.com)"
178.165.193.62 - - [11/Oct/2023:16:22:24 +0200] "GET /entry.php?id=10271&&ser=34083 HTTP/1.1" 200 987 "http://hausegger.activities.at/entry.php?id=10271&&ser=34022" "Mozilla/5.0 (Windows NT 10.0; Win64; x64) AppleWebKit/537.36 (KHTML, like Gecko) Chrome/117.0.0.0 Safari/537.36"
178.165.193.62 - - [11/Oct/2023:16:22:25 +0200] "GET /gui/javascript/form_form.js?1697034144 HTTP/1.1" 200 16206 "http://hausegger.activities.at/entry.php?id=10271&&ser=34083" "Mozilla/5.0 (Windows NT 10.0; Win64; x64) AppleWebKit/537.36 (KHTML, like Gecko) Chrome/117.0.0.0 Safari/537.36"
156.59.198.136 - - [11/Oct/2023:16:22:30 +0200] "GET /renault.2web.at/htdocs/export/pdf/emuc_document/11170597.pdf HTTP/1.0" 404 319 "http://212.69.160.11:443/renault.2web.at/htdocs/export/pdf/emuc_document/" "Mozilla/5.0 (Linux; Android 5.0) AppleWebKit/537.36 (KHTML, like Gecko) Mobile Safari/537.36 (compatible; Bytespider; spider-feedback@bytedance.com)"
178.165.193.62 - - [11/Oct/2023:16:22:35 +0200] "GET /entry.php?id=10271&&ser=34095 HTTP/1.1" 200 987 "http://hausegger.activities.at/entry.php?id=10271&&ser=34034" "Mozilla/5.0 (Windows NT 10.0; Win64; x64; rv:109.0) Gecko/20100101 Firefox/118.0"
178.165.193.62 - - [11/Oct/2023:16:22:35 +0200] "GET /gui/javascript/form_form.js?1697034155 HTTP/1.1" 200 16206 "http://hausegger.activities.at/entry.php?id=10271&&ser=34095" "Mozilla/5.0 (Windows NT 10.0; Win64; x64; rv:109.0) Gecko/20100101 Firefox/118.0"
156.59.198.136 - - [11/Oct/2023:16:22:55 +0200] "GET /renault.2web.at/htdocs/export/pdf/emuc_document/11334989.pdf HTTP/1.0" 404 319 "http://212.69.160.11:443/renault.2web.at/htdocs/export/pdf/emuc_document/" "Mozilla/5.0 (Linux; Android 5.0) AppleWebKit/537.36 (KHTML, like Gecko) Mobile Safari/537.36 (compatible; Bytespider; spider-feedback@bytedance.com)"
156.59.198.135 - - [11/Oct/2023:16:23:20 +0200] "GET /renault.2web.at/htdocs/export/pdf/emuc_document/10482195.pdf HTTP/1.0" 404 318 "http://212.69.160.11:443/renault.2web.at/htdocs/export/pdf/emuc_document/" "Mozilla/5.0 (Linux; Android 5.0) AppleWebKit/537.36 (KHTML, like Gecko) Mobile Safari/537.36 (compatible; Bytespider; spider-feedback@bytedance.com)"
178.165.193.62 - - [11/Oct/2023:16:23:25 +0200] "GET /entry.php?id=10271&&ser=34144 HTTP/1.1" 200 987 "http://hausegger.activities.at/entry.php?id=10271&&ser=34083" "Mozilla/5.0 (Windows NT 10.0; Win64; x64) AppleWebKit/537.36 (KHTML, like Gecko) Chrome/117.0.0.0 Safari/537.36"
178.165.193.62 - - [11/Oct/2023:16:23:25 +0200] "GET /gui/javascript/form_form.js?1697034205 HTTP/1.1" 200 16206 "http://hausegger.activities.at/entry.php?id=10271&&ser=34144" "Mozilla/5.0 (Windows NT 10.0; Win64; x64) AppleWebKit/537.36 (KHTML, like Gecko) Chrome/117.0.0.0 Safari/537.36"
178.165.193.62 - - [11/Oct/2023:16:23:35 +0200] "GET /entry.php?id=10271&&ser=34155 HTTP/1.1" 200 987 "http://hausegger.activities.at/entry.php?id=10271&&ser=34095" "Mozilla/5.0 (Windows NT 10.0; Win64; x64; rv:109.0) Gecko/20100101 Firefox/118.0"
178.165.193.62 - - [11/Oct/2023:16:23:35 +0200] "GET /gui/javascript/form_form.js?1697034215 HTTP/1.1" 200 16206 "http://hausegger.activities.at/entry.php?id=10271&&ser=34155" "Mozilla/5.0 (Windows NT 10.0; Win64; x64; rv:109.0) Gecko/20100101 Firefox/118.0"
156.59.198.136 - - [11/Oct/2023:16:23:46 +0200] "GET /renault.2web.at/htdocs/export/pdf/emuc_document/10776182.pdf HTTP/1.0" 404 318 "http://212.69.160.11:443/renault.2web.at/htdocs/export/pdf/emuc_document/" "Mozilla/5.0 (Linux; Android 5.0) AppleWebKit/537.36 (KHTML, like Gecko) Mobile Safari/537.36 (compatible; Bytespider; spider-feedback@bytedance.com)"
156.59.198.136 - - [11/Oct/2023:16:24:12 +0200] "GET /renault.2web.at/htdocs/export/pdf/emuc_document/11606536.pdf HTTP/1.0" 404 319 "http://212.69.160.11:443/renault.2web.at/htdocs/export/pdf/emuc_document/" "Mozilla/5.0 (Linux; Android 5.0) AppleWebKit/537.36 (KHTML, like Gecko) Mobile Safari/537.36 (compatible; Bytespider; spider-feedback@bytedance.com)"
178.165.193.62 - - [11/Oct/2023:16:24:26 +0200] "GET /entry.php?id=10271&&ser=34205 HTTP/1.1" 200 987 "http://hausegger.activities.at/entry.php?id=10271&&ser=34144" "Mozilla/5.0 (Windows NT 10.0; Win64; x64) AppleWebKit/537.36 (KHTML, like Gecko) Chrome/117.0.0.0 Safari/537.36"
178.165.193.62 - - [11/Oct/2023:16:24:26 +0200] "GET /gui/javascript/form_form.js?1697034266 HTTP/1.1" 200 16206 "http://hausegger.activities.at/entry.php?id=10271&&ser=34205" "Mozilla/5.0 (Windows NT 10.0; Win64; x64) AppleWebKit/537.36 (KHTML, like Gecko) Chrome/117.0.0.0 Safari/537.36"
178.165.193.62 - - [11/Oct/2023:16:24:36 +0200] "GET /entry.php?id=10271&&ser=34215 HTTP/1.1" 200 987 "http://hausegger.activities.at/entry.php?id=10271&&ser=34155" "Mozilla/5.0 (Windows NT 10.0; Win64; x64; rv:109.0) Gecko/20100101 Firefox/118.0"
178.165.193.62 - - [11/Oct/2023:16:24:36 +0200] "GET /gui/javascript/form_form.js?1697034276 HTTP/1.1" 200 16206 "http://hausegger.activities.at/entry.php?id=10271&&ser=34215" "Mozilla/5.0 (Windows NT 10.0; Win64; x64; rv:109.0) Gecko/20100101 Firefox/118.0"
156.59.198.136 - - [11/Oct/2023:16:24:37 +0200] "GET /renault.2web.at/htdocs/export/pdf/emuc_document/10659728.pdf HTTP/1.0" 404 319 "http://212.69.160.11:443/renault.2web.at/htdocs/export/pdf/emuc_document/" "Mozilla/5.0 (Linux; Android 5.0) AppleWebKit/537.36 (KHTML, like Gecko) Mobile Safari/537.36 (compatible; Bytespider; spider-feedback@bytedance.com)"
156.59.198.136 - - [11/Oct/2023:16:25:01 +0200] "GET /renault.2web.at/htdocs/export/pdf/emuc_document/10658276.pdf HTTP/1.0" 404 319 "http://212.69.160.11:443/renault.2web.at/htdocs/export/pdf/emuc_document/" "Mozilla/5.0 (Linux; Android 5.0) AppleWebKit/537.36 (KHTML, like Gecko) Mobile Safari/537.36 (compatible; Bytespider; spider-feedback@bytedance.com)"
156.59.198.135 - - [11/Oct/2023:16:25:25 +0200] "GET /renault.2web.at/htdocs/export/pdf/emuc_document/10314920.pdf HTTP/1.0" 404 318 "http://212.69.160.11:443/renault.2web.at/htdocs/export/pdf/emuc_document/" "Mozilla/5.0 (Linux; Android 5.0) AppleWebKit/537.36 (KHTML, like Gecko) Mobile Safari/537.36 (compatible; Bytespider; spider-feedback@bytedance.com)"
178.165.193.62 - - [11/Oct/2023:16:25:27 +0200] "GET /entry.php?id=10271&&ser=34266 HTTP/1.1" 200 987 "http://hausegger.activities.at/entry.php?id=10271&&ser=34205" "Mozilla/5.0 (Windows NT 10.0; Win64; x64) AppleWebKit/537.36 (KHTML, like Gecko) Chrome/117.0.0.0 Safari/537.36"
178.165.193.62 - - [11/Oct/2023:16:25:27 +0200] "GET /gui/javascript/form_form.js?1697034327 HTTP/1.1" 200 16206 "http://hausegger.activities.at/entry.php?id=10271&&ser=34266" "Mozilla/5.0 (Windows NT 10.0; Win64; x64) AppleWebKit/537.36 (KHTML, like Gecko) Chrome/117.0.0.0 Safari/537.36"
178.165.193.62 - - [11/Oct/2023:16:25:36 +0200] "GET /entry.php?id=10271&&ser=34276 HTTP/1.1" 200 988 "http://hausegger.activities.at/entry.php?id=10271&&ser=34215" "Mozilla/5.0 (Windows NT 10.0; Win64; x64; rv:109.0) Gecko/20100101 Firefox/118.0"
178.165.193.62 - - [11/Oct/2023:16:25:36 +0200] "GET /gui/javascript/form_form.js?1697034336 HTTP/1.1" 200 16206 "http://hausegger.activities.at/entry.php?id=10271&&ser=34276" "Mozilla/5.0 (Windows NT 10.0; Win64; x64; rv:109.0) Gecko/20100101 Firefox/118.0"
156.59.198.135 - - [11/Oct/2023:16:25:51 +0200] "GET /renault.2web.at/htdocs/export/pdf/emuc_document/11182002.pdf HTTP/1.0" 404 317 "http://212.69.160.11:443/renault.2web.at/htdocs/export/pdf/emuc_document/" "Mozilla/5.0 (Linux; Android 5.0) AppleWebKit/537.36 (KHTML, like Gecko) Mobile Safari/537.36 (compatible; Bytespider; spider-feedback@bytedance.com)"
156.59.198.135 - - [11/Oct/2023:16:26:16 +0200] "GET /renault.2web.at/htdocs/export/pdf/emuc_document/10608728.pdf HTTP/1.0" 404 319 "http://212.69.160.11:443/renault.2web.at/htdocs/export/pdf/emuc_document/" "Mozilla/5.0 (Linux; Android 5.0) AppleWebKit/537.36 (KHTML, like Gecko) Mobile Safari/537.36 (compatible; Bytespider; spider-feedback@bytedance.com)"
178.165.193.62 - - [11/Oct/2023:16:26:28 +0200] "GET /entry.php?id=10271&&ser=34327 HTTP/1.1" 200 988 "http://hausegger.activities.at/entry.php?id=10271&&ser=34266" "Mozilla/5.0 (Windows NT 10.0; Win64; x64) AppleWebKit/537.36 (KHTML, like Gecko) Chrome/117.0.0.0 Safari/537.36"
178.165.193.62 - - [11/Oct/2023:16:26:28 +0200] "GET /gui/javascript/form_form.js?1697034388 HTTP/1.1" 200 16206 "http://hausegger.activities.at/entry.php?id=10271&&ser=34327" "Mozilla/5.0 (Windows NT 10.0; Win64; x64) AppleWebKit/537.36 (KHTML, like Gecko) Chrome/117.0.0.0 Safari/537.36"
178.165.193.62 - - [11/Oct/2023:16:26:36 +0200] "GET /entry.php?id=10271&&ser=34336 HTTP/1.1" 200 987 "http://hausegger.activities.at/entry.php?id=10271&&ser=34276" "Mozilla/5.0 (Windows NT 10.0; Win64; x64; rv:109.0) Gecko/20100101 Firefox/118.0"
178.165.193.62 - - [11/Oct/2023:16:26:36 +0200] "GET /gui/javascript/form_form.js?1697034396 HTTP/1.1" 200 16206 "http://hausegger.activities.at/entry.php?id=10271&&ser=34336" "Mozilla/5.0 (Windows NT 10.0; Win64; x64; rv:109.0) Gecko/20100101 Firefox/118.0"
156.59.198.136 - - [11/Oct/2023:16:26:42 +0200] "GET /renault.2web.at/htdocs/export/pdf/emuc_document/10548887.pdf HTTP/1.0" 404 319 "http://212.69.160.11:443/renault.2web.at/htdocs/export/pdf/emuc_document/" "Mozilla/5.0 (Linux; Android 5.0) AppleWebKit/537.36 (KHTML, like Gecko) Mobile Safari/537.36 (compatible; Bytespider; spider-feedback@bytedance.com)"
156.59.198.136 - - [11/Oct/2023:16:27:06 +0200] "GET /renault.2web.at/htdocs/export/pdf/emuc_document/10530944.pdf HTTP/1.0" 404 319 "http://212.69.160.11:443/renault.2web.at/htdocs/export/pdf/emuc_document/" "Mozilla/5.0 (Linux; Android 5.0) AppleWebKit/537.36 (KHTML, like Gecko) Mobile Safari/537.36 (compatible; Bytespider; spider-feedback@bytedance.com)"
178.165.193.62 - - [11/Oct/2023:16:27:29 +0200] "GET /entry.php?id=10271&&ser=34388 HTTP/1.1" 200 987 "http://hausegger.activities.at/entry.php?id=10271&&ser=34327" "Mozilla/5.0 (Windows NT 10.0; Win64; x64) AppleWebKit/537.36 (KHTML, like Gecko) Chrome/117.0.0.0 Safari/537.36"
178.165.193.62 - - [11/Oct/2023:16:27:29 +0200] "GET /gui/javascript/form_form.js?1697034449 HTTP/1.1" 200 16206 "http://hausegger.activities.at/entry.php?id=10271&&ser=34388" "Mozilla/5.0 (Windows NT 10.0; Win64; x64) AppleWebKit/537.36 (KHTML, like Gecko) Chrome/117.0.0.0 Safari/537.36"
156.59.198.136 - - [11/Oct/2023:16:27:31 +0200] "GET /renault.2web.at/htdocs/export/pdf/emuc_document/11254054.pdf HTTP/1.0" 404 318 "http://212.69.160.11:443/renault.2web.at/htdocs/export/pdf/emuc_document/" "Mozilla/5.0 (Linux; Android 5.0) AppleWebKit/537.36 (KHTML, like Gecko) Mobile Safari/537.36 (compatible; Bytespider; spider-feedback@bytedance.com)"
178.165.193.62 - - [11/Oct/2023:16:27:36 +0200] "GET /entry.php?id=10271&&ser=34396 HTTP/1.1" 200 987 "http://hausegger.activities.at/entry.php?id=10271&&ser=34336" "Mozilla/5.0 (Windows NT 10.0; Win64; x64; rv:109.0) Gecko/20100101 Firefox/118.0"
178.165.193.62 - - [11/Oct/2023:16:27:37 +0200] "GET /gui/javascript/form_form.js?1697034456 HTTP/1.1" 200 16206 "http://hausegger.activities.at/entry.php?id=10271&&ser=34396" "Mozilla/5.0 (Windows NT 10.0; Win64; x64; rv:109.0) Gecko/20100101 Firefox/118.0"
156.59.198.136 - - [11/Oct/2023:16:27:56 +0200] "GET /renault.2web.at/htdocs/export/pdf/emuc_document/11829650.pdf HTTP/1.0" 404 318 "http://212.69.160.11:443/renault.2web.at/htdocs/export/pdf/emuc_document/" "Mozilla/5.0 (Linux; Android 5.0) AppleWebKit/537.36 (KHTML, like Gecko) Mobile Safari/537.36 (compatible; Bytespider; spider-feedback@bytedance.com)"
156.59.198.136 - - [11/Oct/2023:16:28:20 +0200] "GET /renault.2web.at/htdocs/export/pdf/emuc_document/10883783.pdf HTTP/1.0" 404 319 "http://212.69.160.11:443/renault.2web.at/htdocs/export/pdf/emuc_document/" "Mozilla/5.0 (Linux; Android 5.0) AppleWebKit/537.36 (KHTML, like Gecko) Mobile Safari/537.36 (compatible; Bytespider; spider-feedback@bytedance.com)"
178.165.193.62 - - [11/Oct/2023:16:28:30 +0200] "GET /entry.php?id=10271&&ser=34449 HTTP/1.1" 200 987 "http://hausegger.activities.at/entry.php?id=10271&&ser=34388" "Mozilla/5.0 (Windows NT 10.0; Win64; x64) AppleWebKit/537.36 (KHTML, like Gecko) Chrome/117.0.0.0 Safari/537.36"
178.165.193.62 - - [11/Oct/2023:16:28:31 +0200] "GET /gui/javascript/form_form.js?1697034510 HTTP/1.1" 200 16206 "http://hausegger.activities.at/entry.php?id=10271&&ser=34449" "Mozilla/5.0 (Windows NT 10.0; Win64; x64) AppleWebKit/537.36 (KHTML, like Gecko) Chrome/117.0.0.0 Safari/537.36"
178.165.193.62 - - [11/Oct/2023:16:28:41 +0200] "GET /entry.php?id=10271&&ser=34456 HTTP/1.1" 200 987 "http://hausegger.activities.at/entry.php?id=10271&&ser=34396" "Mozilla/5.0 (Windows NT 10.0; Win64; x64; rv:109.0) Gecko/20100101 Firefox/118.0"
178.165.193.62 - - [11/Oct/2023:16:28:41 +0200] "GET /gui/javascript/form_form.js?1697034521 HTTP/1.1" 200 16206 "http://hausegger.activities.at/entry.php?id=10271&&ser=34456" "Mozilla/5.0 (Windows NT 10.0; Win64; x64; rv:109.0) Gecko/20100101 Firefox/118.0"
156.59.198.136 - - [11/Oct/2023:16:28:54 +0200] "GET /renault.2web.at/htdocs/export/pdf/emuc_document/10839757.pdf HTTP/1.0" 404 319 "http://212.69.160.11:443/renault.2web.at/htdocs/export/pdf/emuc_document/" "Mozilla/5.0 (Linux; Android 5.0) AppleWebKit/537.36 (KHTML, like Gecko) Mobile Safari/537.36 (compatible; Bytespider; spider-feedback@bytedance.com)"
156.59.198.135 - - [11/Oct/2023:16:29:27 +0200] "GET /renault.2web.at/htdocs/export/pdf/emuc_document/10949183.pdf HTTP/1.0" 404 319 "http://212.69.160.11:443/renault.2web.at/htdocs/export/pdf/emuc_document/" "Mozilla/5.0 (Linux; Android 5.0) AppleWebKit/537.36 (KHTML, like Gecko) Mobile Safari/537.36 (compatible; Bytespider; spider-feedback@bytedance.com)"
178.165.193.62 - - [11/Oct/2023:16:29:31 +0200] "GET /entry.php?id=10271&&ser=34510 HTTP/1.1" 200 987 "http://hausegger.activities.at/entry.php?id=10271&&ser=34449" "Mozilla/5.0 (Windows NT 10.0; Win64; x64) AppleWebKit/537.36 (KHTML, like Gecko) Chrome/117.0.0.0 Safari/537.36"
178.165.193.62 - - [11/Oct/2023:16:29:31 +0200] "GET /gui/javascript/form_form.js?1697034571 HTTP/1.1" 200 16206 "http://hausegger.activities.at/entry.php?id=10271&&ser=34510" "Mozilla/5.0 (Windows NT 10.0; Win64; x64) AppleWebKit/537.36 (KHTML, like Gecko) Chrome/117.0.0.0 Safari/537.36"
178.165.193.62 - - [11/Oct/2023:16:29:41 +0200] "GET /entry.php?id=10271&&ser=34521 HTTP/1.1" 200 987 "http://hausegger.activities.at/entry.php?id=10271&&ser=34456" "Mozilla/5.0 (Windows NT 10.0; Win64; x64; rv:109.0) Gecko/20100101 Firefox/118.0"
178.165.193.62 - - [11/Oct/2023:16:29:41 +0200] "GET /gui/javascript/form_form.js?1697034581 HTTP/1.1" 200 16206 "http://hausegger.activities.at/entry.php?id=10271&&ser=34521" "Mozilla/5.0 (Windows NT 10.0; Win64; x64; rv:109.0) Gecko/20100101 Firefox/118.0"
156.59.198.135 - - [11/Oct/2023:16:30:00 +0200] "GET /renault.2web.at/htdocs/export/pdf/emuc_document/11810950.pdf HTTP/1.0" 404 318 "http://212.69.160.11:443/renault.2web.at/htdocs/export/pdf/emuc_document/" "Mozilla/5.0 (Linux; Android 5.0) AppleWebKit/537.36 (KHTML, like Gecko) Mobile Safari/537.36 (compatible; Bytespider; spider-feedback@bytedance.com)"
178.165.193.62 - - [11/Oct/2023:16:30:32 +0200] "GET /entry.php?id=10271&&ser=34571 HTTP/1.1" 200 987 "http://hausegger.activities.at/entry.php?id=10271&&ser=34510" "Mozilla/5.0 (Windows NT 10.0; Win64; x64) AppleWebKit/537.36 (KHTML, like Gecko) Chrome/117.0.0.0 Safari/537.36"
178.165.193.62 - - [11/Oct/2023:16:30:32 +0200] "GET /gui/javascript/form_form.js?1697034632 HTTP/1.1" 200 16206 "http://hausegger.activities.at/entry.php?id=10271&&ser=34571" "Mozilla/5.0 (Windows NT 10.0; Win64; x64) AppleWebKit/537.36 (KHTML, like Gecko) Chrome/117.0.0.0 Safari/537.36"
156.59.198.135 - - [11/Oct/2023:16:30:34 +0200] "GET /renault.2web.at/htdocs/export/pdf/emuc_document/11298193.pdf HTTP/1.0" 404 318 "http://212.69.160.11:443/renault.2web.at/htdocs/export/pdf/emuc_document/" "Mozilla/5.0 (Linux; Android 5.0) AppleWebKit/537.36 (KHTML, like Gecko) Mobile Safari/537.36 (compatible; Bytespider; spider-feedback@bytedance.com)"
178.165.193.62 - - [11/Oct/2023:16:30:41 +0200] "GET /entry.php?id=10271&&ser=34581 HTTP/1.1" 200 987 "http://hausegger.activities.at/entry.php?id=10271&&ser=34521" "Mozilla/5.0 (Windows NT 10.0; Win64; x64; rv:109.0) Gecko/20100101 Firefox/118.0"
178.165.193.62 - - [11/Oct/2023:16:30:42 +0200] "GET /gui/javascript/form_form.js?1697034641 HTTP/1.1" 200 16206 "http://hausegger.activities.at/entry.php?id=10271&&ser=34581" "Mozilla/5.0 (Windows NT 10.0; Win64; x64; rv:109.0) Gecko/20100101 Firefox/118.0"
156.59.198.136 - - [11/Oct/2023:16:31:08 +0200] "GET /renault.2web.at/htdocs/export/pdf/emuc_document/10344888.pdf HTTP/1.0" 404 319 "http://212.69.160.11:443/renault.2web.at/htdocs/export/pdf/emuc_document/" "Mozilla/5.0 (Linux; Android 5.0) AppleWebKit/537.36 (KHTML, like Gecko) Mobile Safari/537.36 (compatible; Bytespider; spider-feedback@bytedance.com)"
178.165.193.62 - - [11/Oct/2023:16:31:33 +0200] "GET /entry.php?id=10271&&ser=34632 HTTP/1.1" 200 988 "http://hausegger.activities.at/entry.php?id=10271&&ser=34571" "Mozilla/5.0 (Windows NT 10.0; Win64; x64) AppleWebKit/537.36 (KHTML, like Gecko) Chrome/117.0.0.0 Safari/537.36"
178.165.193.62 - - [11/Oct/2023:16:31:33 +0200] "GET /gui/javascript/form_form.js?1697034693 HTTP/1.1" 200 16206 "http://hausegger.activities.at/entry.php?id=10271&&ser=34632" "Mozilla/5.0 (Windows NT 10.0; Win64; x64) AppleWebKit/537.36 (KHTML, like Gecko) Chrome/117.0.0.0 Safari/537.36"
156.59.198.135 - - [11/Oct/2023:16:31:42 +0200] "GET /renault.2web.at/htdocs/export/pdf/emuc_document/10355263.pdf HTTP/1.0" 404 319 "http://212.69.160.11:443/renault.2web.at/htdocs/export/pdf/emuc_document/" "Mozilla/5.0 (Linux; Android 5.0) AppleWebKit/537.36 (KHTML, like Gecko) Mobile Safari/537.36 (compatible; Bytespider; spider-feedback@bytedance.com)"
178.165.193.62 - - [11/Oct/2023:16:31:42 +0200] "GET /entry.php?id=10271&&ser=34641 HTTP/1.1" 200 987 "http://hausegger.activities.at/entry.php?id=10271&&ser=34581" "Mozilla/5.0 (Windows NT 10.0; Win64; x64; rv:109.0) Gecko/20100101 Firefox/118.0"
178.165.193.62 - - [11/Oct/2023:16:31:42 +0200] "GET /gui/javascript/form_form.js?1697034702 HTTP/1.1" 200 16206 "http://hausegger.activities.at/entry.php?id=10271&&ser=34641" "Mozilla/5.0 (Windows NT 10.0; Win64; x64; rv:109.0) Gecko/20100101 Firefox/118.0"
178.165.193.62 - - [11/Oct/2023:16:31:59 +0200] "GET /entry.php?id=10712 HTTP/1.1" 200 402 "http://hausegger.activities.at/entry.php?id=10270&__app__=10006038" "Mozilla/5.0 (Windows NT 10.0; Win64; x64; rv:109.0) Gecko/20100101 Firefox/118.0"
178.165.193.62 - - [11/Oct/2023:16:31:59 +0200] "GET /entry.php?id=10676&&title=Artikelverwaltung HTTP/1.1" 200 1395 "http://hausegger.activities.at/entry.php?id=10712" "Mozilla/5.0 (Windows NT 10.0; Win64; x64; rv:109.0) Gecko/20100101 Firefox/118.0"
178.165.193.62 - - [11/Oct/2023:16:31:59 +0200] "GET /gui/javascript/form_form.js?1697034719 HTTP/1.1" 200 16206 "http://hausegger.activities.at/entry.php?id=10676&&title=Artikelverwaltung" "Mozilla/5.0 (Windows NT 10.0; Win64; x64; rv:109.0) Gecko/20100101 Firefox/118.0"
178.165.193.62 - - [11/Oct/2023:16:31:59 +0200] "GET /entry.php?id=10716& HTTP/1.1" 200 4870 "http://hausegger.activities.at/entry.php?id=10712" "Mozilla/5.0 (Windows NT 10.0; Win64; x64; rv:109.0) Gecko/20100101 Firefox/118.0"
178.165.193.62 - - [11/Oct/2023:16:31:59 +0200] "GET /entry.php?id=10715& HTTP/1.1" 200 2535 "http://hausegger.activities.at/entry.php?id=10712" "Mozilla/5.0 (Windows NT 10.0; Win64; x64; rv:109.0) Gecko/20100101 Firefox/118.0"
178.165.193.62 - - [11/Oct/2023:16:31:59 +0200] "GET /entry.php?id=10776&form=10560&name=list& HTTP/1.1" 200 2179 "http://hausegger.activities.at/entry.php?id=10715&" "Mozilla/5.0 (Windows NT 10.0; Win64; x64; rv:109.0) Gecko/20100101 Firefox/118.0"
178.165.193.62 - - [11/Oct/2023:16:31:59 +0200] "GET /entry.php?id=10778&form=10560&name=list& HTTP/1.1" 200 2691 "http://hausegger.activities.at/entry.php?id=10715&" "Mozilla/5.0 (Windows NT 10.0; Win64; x64; rv:109.0) Gecko/20100101 Firefox/118.0"
178.165.193.62 - - [11/Oct/2023:16:32:00 +0200] "GET /entry.php?id=10714&checksegmentation=false& HTTP/1.1" 200 4122 "http://hausegger.activities.at/entry.php?id=10712" "Mozilla/5.0 (Windows NT 10.0; Win64; x64; rv:109.0) Gecko/20100101 Firefox/118.0"
178.165.193.62 - - [11/Oct/2023:16:32:00 +0200] "GET /activities/framework/KoolControls/KoolAjax/koolajax.php?8436e354c842500aba3cbaf0584c0c24 HTTP/1.1" 200 4079 "http://hausegger.activities.at/entry.php?id=10714&checksegmentation=false&" "Mozilla/5.0 (Windows NT 10.0; Win64; x64; rv:109.0) Gecko/20100101 Firefox/118.0"
178.165.193.62 - - [11/Oct/2023:16:32:00 +0200] "GET /gui/javascript/form_form.js?1697034720 HTTP/1.1" 200 16206 "http://hausegger.activities.at/entry.php?id=10714&checksegmentation=false&" "Mozilla/5.0 (Windows NT 10.0; Win64; x64; rv:109.0) Gecko/20100101 Firefox/118.0"
178.165.193.62 - - [11/Oct/2023:16:32:00 +0200] "GET /activities/framework/KoolControls/KoolTreeView/kooltreeview.php?c7cd9180e88ffef8e70f13526bb4f5f7 HTTP/1.1" 200 5055 "http://hausegger.activities.at/entry.php?id=10714&checksegmentation=false&" "Mozilla/5.0 (Windows NT 10.0; Win64; x64; rv:109.0) Gecko/20100101 Firefox/118.0"
178.165.193.62 - - [11/Oct/2023:16:32:07 +0200] "POST /entry.php?id=10715 HTTP/1.1" 200 2611 "http://hausegger.activities.at/entry.php?id=10715&" "Mozilla/5.0 (Windows NT 10.0; Win64; x64; rv:109.0) Gecko/20100101 Firefox/118.0"
178.165.193.62 - - [11/Oct/2023:16:32:08 +0200] "GET /gui/javascript/form_form.js?1697034728 HTTP/1.1" 200 16206 "http://hausegger.activities.at/entry.php?id=10715" "Mozilla/5.0 (Windows NT 10.0; Win64; x64; rv:109.0) Gecko/20100101 Firefox/118.0"
178.165.193.62 - - [11/Oct/2023:16:32:08 +0200] "GET /entry.php?id=10776&form=10560&name=list& HTTP/1.1" 200 2312 "http://hausegger.activities.at/entry.php?id=10715" "Mozilla/5.0 (Windows NT 10.0; Win64; x64; rv:109.0) Gecko/20100101 Firefox/118.0"
178.165.193.62 - - [11/Oct/2023:16:32:08 +0200] "GET /entry.php?id=10778&form=10560&name=list& HTTP/1.1" 200 3020 "http://hausegger.activities.at/entry.php?id=10715" "Mozilla/5.0 (Windows NT 10.0; Win64; x64; rv:109.0) Gecko/20100101 Firefox/118.0"
178.165.193.62 - - [11/Oct/2023:16:32:09 +0200] "POST /entry.php?id=10716 HTTP/1.1" 200 7723 "http://hausegger.activities.at/entry.php?id=10716&" "Mozilla/5.0 (Windows NT 10.0; Win64; x64; rv:109.0) Gecko/20100101 Firefox/118.0"
178.165.193.62 - - [11/Oct/2023:16:32:09 +0200] "GET /activities/framework/KoolControls/KoolAjax/koolajax.php?8436e354c842500aba3cbaf0584c0c24 HTTP/1.1" 200 4079 "http://hausegger.activities.at/entry.php?id=10716" "Mozilla/5.0 (Windows NT 10.0; Win64; x64; rv:109.0) Gecko/20100101 Firefox/118.0"
178.165.193.62 - - [11/Oct/2023:16:32:09 +0200] "GET /gui/javascript/form_form.js?1697034729 HTTP/1.1" 200 16206 "http://hausegger.activities.at/entry.php?id=10716" "Mozilla/5.0 (Windows NT 10.0; Win64; x64; rv:109.0) Gecko/20100101 Firefox/118.0"
178.165.193.62 - - [11/Oct/2023:16:32:09 +0200] "GET /activities/framework/KoolControls/KoolComboBox/koolcombobox.php?32981a13284db7a021131df49e6cd203 HTTP/1.1" 200 4607 "http://hausegger.activities.at/entry.php?id=10716" "Mozilla/5.0 (Windows NT 10.0; Win64; x64; rv:109.0) Gecko/20100101 Firefox/118.0"
178.165.193.62 - - [11/Oct/2023:16:32:09 +0200] "GET /activities/framework/KoolControls/KoolTreeView/kooltreeview.php?c7cd9180e88ffef8e70f13526bb4f5f7 HTTP/1.1" 200 5055 "http://hausegger.activities.at/entry.php?id=10716" "Mozilla/5.0 (Windows NT 10.0; Win64; x64; rv:109.0) Gecko/20100101 Firefox/118.0"
156.59.198.135 - - [11/Oct/2023:16:32:16 +0200] "GET /renault.2web.at/htdocs/export/pdf/emuc_document/11907234.pdf HTTP/1.0" 404 319 "http://212.69.160.11:443/renault.2web.at/htdocs/export/pdf/emuc_document/" "Mozilla/5.0 (Linux; Android 5.0) AppleWebKit/537.36 (KHTML, like Gecko) Mobile Safari/537.36 (compatible; Bytespider; spider-feedback@bytedance.com)"
178.165.193.62 - - [11/Oct/2023:16:32:34 +0200] "GET /entry.php?id=10271&&ser=34693 HTTP/1.1" 200 987 "http://hausegger.activities.at/entry.php?id=10271&&ser=34632" "Mozilla/5.0 (Windows NT 10.0; Win64; x64) AppleWebKit/537.36 (KHTML, like Gecko) Chrome/117.0.0.0 Safari/537.36"
178.165.193.62 - - [11/Oct/2023:16:32:34 +0200] "GET /gui/javascript/form_form.js?1697034754 HTTP/1.1" 200 16206 "http://hausegger.activities.at/entry.php?id=10271&&ser=34693" "Mozilla/5.0 (Windows NT 10.0; Win64; x64) AppleWebKit/537.36 (KHTML, like Gecko) Chrome/117.0.0.0 Safari/537.36"
178.165.193.62 - - [11/Oct/2023:16:32:42 +0200] "GET /entry.php?id=10271&&ser=34702 HTTP/1.1" 200 987 "http://hausegger.activities.at/entry.php?id=10271&&ser=34641" "Mozilla/5.0 (Windows NT 10.0; Win64; x64; rv:109.0) Gecko/20100101 Firefox/118.0"
178.165.193.62 - - [11/Oct/2023:16:32:42 +0200] "GET /gui/javascript/form_form.js?1697034762 HTTP/1.1" 200 16206 "http://hausegger.activities.at/entry.php?id=10271&&ser=34702" "Mozilla/5.0 (Windows NT 10.0; Win64; x64; rv:109.0) Gecko/20100101 Firefox/118.0"
156.59.198.136 - - [11/Oct/2023:16:32:49 +0200] "GET /renault.2web.at/htdocs/export/pdf/emuc_document/10608269.pdf HTTP/1.0" 404 318 "http://212.69.160.11:443/renault.2web.at/htdocs/export/pdf/emuc_document/" "Mozilla/5.0 (Linux; Android 5.0) AppleWebKit/537.36 (KHTML, like Gecko) Mobile Safari/537.36 (compatible; Bytespider; spider-feedback@bytedance.com)"
178.165.193.62 - - [11/Oct/2023:16:32:49 +0200] "POST /entry.php?id=10715 HTTP/1.1" 200 2612 "http://hausegger.activities.at/entry.php?id=10715" "Mozilla/5.0 (Windows NT 10.0; Win64; x64; rv:109.0) Gecko/20100101 Firefox/118.0"
178.165.193.62 - - [11/Oct/2023:16:32:50 +0200] "GET /gui/javascript/form_form.js?1697034770 HTTP/1.1" 200 16206 "http://hausegger.activities.at/entry.php?id=10715" "Mozilla/5.0 (Windows NT 10.0; Win64; x64; rv:109.0) Gecko/20100101 Firefox/118.0"
178.165.193.62 - - [11/Oct/2023:16:32:50 +0200] "GET /entry.php?id=10776&form=10560&name=list& HTTP/1.1" 200 2311 "http://hausegger.activities.at/entry.php?id=10715" "Mozilla/5.0 (Windows NT 10.0; Win64; x64; rv:109.0) Gecko/20100101 Firefox/118.0"
178.165.193.62 - - [11/Oct/2023:16:32:50 +0200] "GET /entry.php?id=10778&form=10560&name=list& HTTP/1.1" 200 3034 "http://hausegger.activities.at/entry.php?id=10715" "Mozilla/5.0 (Windows NT 10.0; Win64; x64; rv:109.0) Gecko/20100101 Firefox/118.0"
178.165.193.62 - - [11/Oct/2023:16:32:51 +0200] "POST /entry.php?id=10716 HTTP/1.1" 200 7734 "http://hausegger.activities.at/entry.php?id=10716" "Mozilla/5.0 (Windows NT 10.0; Win64; x64; rv:109.0) Gecko/20100101 Firefox/118.0"
178.165.193.62 - - [11/Oct/2023:16:32:51 +0200] "GET /activities/framework/KoolControls/KoolAjax/koolajax.php?8436e354c842500aba3cbaf0584c0c24 HTTP/1.1" 200 4079 "http://hausegger.activities.at/entry.php?id=10716" "Mozilla/5.0 (Windows NT 10.0; Win64; x64; rv:109.0) Gecko/20100101 Firefox/118.0"
178.165.193.62 - - [11/Oct/2023:16:32:51 +0200] "GET /gui/javascript/form_form.js?1697034771 HTTP/1.1" 200 16206 "http://hausegger.activities.at/entry.php?id=10716" "Mozilla/5.0 (Windows NT 10.0; Win64; x64; rv:109.0) Gecko/20100101 Firefox/118.0"
178.165.193.62 - - [11/Oct/2023:16:32:51 +0200] "GET /activities/framework/KoolControls/KoolComboBox/koolcombobox.php?32981a13284db7a021131df49e6cd203 HTTP/1.1" 200 4607 "http://hausegger.activities.at/entry.php?id=10716" "Mozilla/5.0 (Windows NT 10.0; Win64; x64; rv:109.0) Gecko/20100101 Firefox/118.0"
178.165.193.62 - - [11/Oct/2023:16:32:51 +0200] "GET /activities/framework/KoolControls/KoolTreeView/kooltreeview.php?c7cd9180e88ffef8e70f13526bb4f5f7 HTTP/1.1" 200 5055 "http://hausegger.activities.at/entry.php?id=10716" "Mozilla/5.0 (Windows NT 10.0; Win64; x64; rv:109.0) Gecko/20100101 Firefox/118.0"
156.59.198.135 - - [11/Oct/2023:16:33:23 +0200] "GET /renault.2web.at/htdocs/export/pdf/emuc_document/11013168.pdf HTTP/1.0" 404 318 "http://212.69.160.11:443/renault.2web.at/htdocs/export/pdf/emuc_document/" "Mozilla/5.0 (Linux; Android 5.0) AppleWebKit/537.36 (KHTML, like Gecko) Mobile Safari/537.36 (compatible; Bytespider; spider-feedback@bytedance.com)"
178.165.193.62 - - [11/Oct/2023:16:33:29 +0200] "POST /entry.php?id=10715 HTTP/1.1" 200 2611 "http://hausegger.activities.at/entry.php?id=10715" "Mozilla/5.0 (Windows NT 10.0; Win64; x64; rv:109.0) Gecko/20100101 Firefox/118.0"
178.165.193.62 - - [11/Oct/2023:16:33:29 +0200] "GET /gui/javascript/form_form.js?1697034809 HTTP/1.1" 200 16206 "http://hausegger.activities.at/entry.php?id=10715" "Mozilla/5.0 (Windows NT 10.0; Win64; x64; rv:109.0) Gecko/20100101 Firefox/118.0"
178.165.193.62 - - [11/Oct/2023:16:33:29 +0200] "GET /entry.php?id=10776&form=10560&name=list& HTTP/1.1" 200 2312 "http://hausegger.activities.at/entry.php?id=10715" "Mozilla/5.0 (Windows NT 10.0; Win64; x64; rv:109.0) Gecko/20100101 Firefox/118.0"
