178.165.193.62 - - [11/Oct/2023:17:10:13 +0200] "GET /entry.php?id=10271&&ser=36952 HTTP/1.1" 200 988 "http://hausegger.activities.at/entry.php?id=10271&&ser=36891" "Mozilla/5.0 (Windows NT 10.0; Win64; x64) AppleWebKit/537.36 (KHTML, like Gecko) Chrome/117.0.0.0 Safari/537.36"
178.165.193.62 - - [11/Oct/2023:17:10:14 +0200] "GET /gui/javascript/form_form.js?1697037013 HTTP/1.1" 200 16206 "http://hausegger.activities.at/entry.php?id=10271&&ser=36952" "Mozilla/5.0 (Windows NT 10.0; Win64; x64) AppleWebKit/537.36 (KHTML, like Gecko) Chrome/117.0.0.0 Safari/537.36"
156.59.198.135 - - [11/Oct/2023:17:10:19 +0200] "GET /renault.2web.at/htdocs/export/pdf/emuc_document/11791264.pdf HTTP/1.0" 404 318 "http://212.69.160.11:443/renault.2web.at/htdocs/export/pdf/emuc_document/" "Mozilla/5.0 (Linux; Android 5.0) AppleWebKit/537.36 (KHTML, like Gecko) Mobile Safari/537.36 (compatible; Bytespider; spider-feedback@bytedance.com)"
178.165.193.62 - - [11/Oct/2023:17:10:28 +0200] "GET /entry.php?id=10271&&ser=36968 HTTP/1.1" 200 987 "http://hausegger.activities.at/entry.php?id=10271&&ser=36908" "Mozilla/5.0 (Windows NT 10.0; Win64; x64; rv:109.0) Gecko/20100101 Firefox/118.0"
178.165.193.62 - - [11/Oct/2023:17:10:28 +0200] "GET /gui/javascript/form_form.js?1697037028 HTTP/1.1" 200 16206 "http://hausegger.activities.at/entry.php?id=10271&&ser=36968" "Mozilla/5.0 (Windows NT 10.0; Win64; x64; rv:109.0) Gecko/20100101 Firefox/118.0"
156.59.198.135 - - [11/Oct/2023:17:10:52 +0200] "GET /renault.2web.at/htdocs/export/pdf/emuc_document/11133253.pdf HTTP/1.0" 404 319 "http://212.69.160.11:443/renault.2web.at/htdocs/export/pdf/emuc_document/" "Mozilla/5.0 (Linux; Android 5.0) AppleWebKit/537.36 (KHTML, like Gecko) Mobile Safari/537.36 (compatible; Bytespider; spider-feedback@bytedance.com)"
178.165.193.62 - - [11/Oct/2023:17:11:14 +0200] "GET /entry.php?id=10271&&ser=37013 HTTP/1.1" 200 987 "http://hausegger.activities.at/entry.php?id=10271&&ser=36952" "Mozilla/5.0 (Windows NT 10.0; Win64; x64) AppleWebKit/537.36 (KHTML, like Gecko) Chrome/117.0.0.0 Safari/537.36"
178.165.193.62 - - [11/Oct/2023:17:11:15 +0200] "GET /gui/javascript/form_form.js?1697037074 HTTP/1.1" 200 16206 "http://hausegger.activities.at/entry.php?id=10271&&ser=37013" "Mozilla/5.0 (Windows NT 10.0; Win64; x64) AppleWebKit/537.36 (KHTML, like Gecko) Chrome/117.0.0.0 Safari/537.36"
156.59.198.135 - - [11/Oct/2023:17:11:25 +0200] "GET /renault.2web.at/htdocs/export/pdf/emuc_document/11818629.pdf HTTP/1.0" 404 318 "http://212.69.160.11:443/renault.2web.at/htdocs/export/pdf/emuc_document/" "Mozilla/5.0 (Linux; Android 5.0) AppleWebKit/537.36 (KHTML, like Gecko) Mobile Safari/537.36 (compatible; Bytespider; spider-feedback@bytedance.com)"
178.165.193.62 - - [11/Oct/2023:17:11:29 +0200] "GET /entry.php?id=10271&&ser=37028 HTTP/1.1" 200 987 "http://hausegger.activities.at/entry.php?id=10271&&ser=36968" "Mozilla/5.0 (Windows NT 10.0; Win64; x64; rv:109.0) Gecko/20100101 Firefox/118.0"
178.165.193.62 - - [11/Oct/2023:17:11:29 +0200] "GET /gui/javascript/form_form.js?1697037089 HTTP/1.1" 200 16206 "http://hausegger.activities.at/entry.php?id=10271&&ser=37028" "Mozilla/5.0 (Windows NT 10.0; Win64; x64; rv:109.0) Gecko/20100101 Firefox/118.0"
156.59.198.135 - - [11/Oct/2023:17:11:59 +0200] "GET /renault.2web.at/htdocs/export/pdf/emuc_document/11901377.pdf HTTP/1.0" 404 319 "http://212.69.160.11:443/renault.2web.at/htdocs/export/pdf/emuc_document/" "Mozilla/5.0 (Linux; Android 5.0) AppleWebKit/537.36 (KHTML, like Gecko) Mobile Safari/537.36 (compatible; Bytespider; spider-feedback@bytedance.com)"
178.165.193.62 - - [11/Oct/2023:17:12:15 +0200] "GET /entry.php?id=10271&&ser=37074 HTTP/1.1" 200 988 "http://hausegger.activities.at/entry.php?id=10271&&ser=37013" "Mozilla/5.0 (Windows NT 10.0; Win64; x64) AppleWebKit/537.36 (KHTML, like Gecko) Chrome/117.0.0.0 Safari/537.36"
178.165.193.62 - - [11/Oct/2023:17:12:16 +0200] "GET /gui/javascript/form_form.js?1697037135 HTTP/1.1" 200 16206 "http://hausegger.activities.at/entry.php?id=10271&&ser=37074" "Mozilla/5.0 (Windows NT 10.0; Win64; x64) AppleWebKit/537.36 (KHTML, like Gecko) Chrome/117.0.0.0 Safari/537.36"
178.165.193.62 - - [11/Oct/2023:17:12:29 +0200] "GET /entry.php?id=10271&&ser=37089 HTTP/1.1" 200 987 "http://hausegger.activities.at/entry.php?id=10271&&ser=37028" "Mozilla/5.0 (Windows NT 10.0; Win64; x64; rv:109.0) Gecko/20100101 Firefox/118.0"
178.165.193.62 - - [11/Oct/2023:17:12:29 +0200] "GET /gui/javascript/form_form.js?1697037149 HTTP/1.1" 200 16206 "http://hausegger.activities.at/entry.php?id=10271&&ser=37089" "Mozilla/5.0 (Windows NT 10.0; Win64; x64; rv:109.0) Gecko/20100101 Firefox/118.0"
156.59.198.136 - - [11/Oct/2023:17:12:33 +0200] "GET /renault.2web.at/htdocs/export/pdf/emuc_document/10530963.pdf HTTP/1.0" 404 319 "http://212.69.160.11:443/renault.2web.at/htdocs/export/pdf/emuc_document/" "Mozilla/5.0 (Linux; Android 5.0) AppleWebKit/537.36 (KHTML, like Gecko) Mobile Safari/537.36 (compatible; Bytespider; spider-feedback@bytedance.com)"
4.16.142.230 - - [11/Oct/2023:17:12:48 +0200] "GET /api/.env HTTP/1.1" 404 282 "-" "Mozilla/5.0 (X11; Linux x86_64) AppleWebKit/537.36 (KHTML, like Gecko) Chrome/81.0.4044.129 Safari/537.36"
4.16.142.230 - - [11/Oct/2023:17:12:48 +0200] "POST /api HTTP/1.1" 404 279 "-" "Mozilla/5.0 (X11; Linux x86_64) AppleWebKit/537.36 (KHTML, like Gecko) Chrome/81.0.4044.129 Safari/537.36"
156.59.198.136 - - [11/Oct/2023:17:13:06 +0200] "GET /renault.2web.at/htdocs/export/pdf/emuc_document/10530874.pdf HTTP/1.0" 404 319 "http://212.69.160.11:443/renault.2web.at/htdocs/export/pdf/emuc_document/" "Mozilla/5.0 (Linux; Android 5.0) AppleWebKit/537.36 (KHTML, like Gecko) Mobile Safari/537.36 (compatible; Bytespider; spider-feedback@bytedance.com)"
178.165.193.62 - - [11/Oct/2023:17:13:16 +0200] "GET /entry.php?id=10271&&ser=37135 HTTP/1.1" 200 987 "http://hausegger.activities.at/entry.php?id=10271&&ser=37074" "Mozilla/5.0 (Windows NT 10.0; Win64; x64) AppleWebKit/537.36 (KHTML, like Gecko) Chrome/117.0.0.0 Safari/537.36"
178.165.193.62 - - [11/Oct/2023:17:13:17 +0200] "GET /gui/javascript/form_form.js?1697037196 HTTP/1.1" 200 16206 "http://hausegger.activities.at/entry.php?id=10271&&ser=37135" "Mozilla/5.0 (Windows NT 10.0; Win64; x64) AppleWebKit/537.36 (KHTML, like Gecko) Chrome/117.0.0.0 Safari/537.36"
178.165.193.62 - - [11/Oct/2023:17:13:29 +0200] "GET /entry.php?id=10271&&ser=37149 HTTP/1.1" 200 987 "http://hausegger.activities.at/entry.php?id=10271&&ser=37089" "Mozilla/5.0 (Windows NT 10.0; Win64; x64; rv:109.0) Gecko/20100101 Firefox/118.0"
178.165.193.62 - - [11/Oct/2023:17:13:29 +0200] "GET /gui/javascript/form_form.js?1697037209 HTTP/1.1" 200 16206 "http://hausegger.activities.at/entry.php?id=10271&&ser=37149" "Mozilla/5.0 (Windows NT 10.0; Win64; x64; rv:109.0) Gecko/20100101 Firefox/118.0"
156.59.198.135 - - [11/Oct/2023:17:13:41 +0200] "GET /renault.2web.at/htdocs/export/pdf/emuc_document/10413465.pdf HTTP/1.0" 404 319 "http://212.69.160.11:443/renault.2web.at/htdocs/export/pdf/emuc_document/" "Mozilla/5.0 (Linux; Android 5.0) AppleWebKit/537.36 (KHTML, like Gecko) Mobile Safari/537.36 (compatible; Bytespider; spider-feedback@bytedance.com)"
156.59.198.135 - - [11/Oct/2023:17:14:14 +0200] "GET /renault.2web.at/htdocs/export/pdf/emuc_document/10668906.pdf HTTP/1.0" 404 318 "http://212.69.160.11:443/renault.2web.at/htdocs/export/pdf/emuc_document/" "Mozilla/5.0 (Linux; Android 5.0) AppleWebKit/537.36 (KHTML, like Gecko) Mobile Safari/537.36 (compatible; Bytespider; spider-feedback@bytedance.com)"
178.165.193.62 - - [11/Oct/2023:17:14:17 +0200] "GET /entry.php?id=10271&&ser=37196 HTTP/1.1" 200 987 "http://hausegger.activities.at/entry.php?id=10271&&ser=37135" "Mozilla/5.0 (Windows NT 10.0; Win64; x64) AppleWebKit/537.36 (KHTML, like Gecko) Chrome/117.0.0.0 Safari/537.36"
178.165.193.62 - - [11/Oct/2023:17:14:18 +0200] "GET /gui/javascript/form_form.js?1697037257 HTTP/1.1" 200 16206 "http://hausegger.activities.at/entry.php?id=10271&&ser=37196" "Mozilla/5.0 (Windows NT 10.0; Win64; x64) AppleWebKit/537.36 (KHTML, like Gecko) Chrome/117.0.0.0 Safari/537.36"
178.165.193.62 - - [11/Oct/2023:17:14:29 +0200] "GET /entry.php?id=10271&&ser=37209 HTTP/1.1" 200 987 "http://hausegger.activities.at/entry.php?id=10271&&ser=37149" "Mozilla/5.0 (Windows NT 10.0; Win64; x64; rv:109.0) Gecko/20100101 Firefox/118.0"
178.165.193.62 - - [11/Oct/2023:17:14:30 +0200] "GET /gui/javascript/form_form.js?1697037270 HTTP/1.1" 200 16206 "http://hausegger.activities.at/entry.php?id=10271&&ser=37209" "Mozilla/5.0 (Windows NT 10.0; Win64; x64; rv:109.0) Gecko/20100101 Firefox/118.0"
156.59.198.135 - - [11/Oct/2023:17:14:47 +0200] "GET /renault.2web.at/htdocs/export/pdf/emuc_document/10712526.pdf HTTP/1.0" 404 318 "http://212.69.160.11:443/renault.2web.at/htdocs/export/pdf/emuc_document/" "Mozilla/5.0 (Linux; Android 5.0) AppleWebKit/537.36 (KHTML, like Gecko) Mobile Safari/537.36 (compatible; Bytespider; spider-feedback@bytedance.com)"
178.165.193.62 - - [11/Oct/2023:17:15:18 +0200] "GET /entry.php?id=10271&&ser=37257 HTTP/1.1" 200 988 "http://hausegger.activities.at/entry.php?id=10271&&ser=37196" "Mozilla/5.0 (Windows NT 10.0; Win64; x64) AppleWebKit/537.36 (KHTML, like Gecko) Chrome/117.0.0.0 Safari/537.36"
178.165.193.62 - - [11/Oct/2023:17:15:19 +0200] "GET /gui/javascript/form_form.js?1697037318 HTTP/1.1" 200 16206 "http://hausegger.activities.at/entry.php?id=10271&&ser=37257" "Mozilla/5.0 (Windows NT 10.0; Win64; x64) AppleWebKit/537.36 (KHTML, like Gecko) Chrome/117.0.0.0 Safari/537.36"
156.59.198.135 - - [11/Oct/2023:17:15:21 +0200] "GET /renault.2web.at/htdocs/export/pdf/emuc_document/11503857.pdf HTTP/1.0" 404 319 "http://212.69.160.11:443/renault.2web.at/htdocs/export/pdf/emuc_document/" "Mozilla/5.0 (Linux; Android 5.0) AppleWebKit/537.36 (KHTML, like Gecko) Mobile Safari/537.36 (compatible; Bytespider; spider-feedback@bytedance.com)"
178.165.193.62 - - [11/Oct/2023:17:15:30 +0200] "GET /entry.php?id=10271&&ser=37270 HTTP/1.1" 200 988 "http://hausegger.activities.at/entry.php?id=10271&&ser=37209" "Mozilla/5.0 (Windows NT 10.0; Win64; x64; rv:109.0) Gecko/20100101 Firefox/118.0"
178.165.193.62 - - [11/Oct/2023:17:15:30 +0200] "GET /gui/javascript/form_form.js?1697037330 HTTP/1.1" 200 16206 "http://hausegger.activities.at/entry.php?id=10271&&ser=37270" "Mozilla/5.0 (Windows NT 10.0; Win64; x64; rv:109.0) Gecko/20100101 Firefox/118.0"
156.59.198.136 - - [11/Oct/2023:17:15:53 +0200] "GET /renault.2web.at/htdocs/export/pdf/emuc_document/11358770.pdf HTTP/1.0" 404 319 "http://212.69.160.11:443/renault.2web.at/htdocs/export/pdf/emuc_document/" "Mozilla/5.0 (Linux; Android 5.0) AppleWebKit/537.36 (KHTML, like Gecko) Mobile Safari/537.36 (compatible; Bytespider; spider-feedback@bytedance.com)"
178.165.193.62 - - [11/Oct/2023:17:16:19 +0200] "GET /entry.php?id=10271&&ser=37318 HTTP/1.1" 200 988 "http://hausegger.activities.at/entry.php?id=10271&&ser=37257" "Mozilla/5.0 (Windows NT 10.0; Win64; x64) AppleWebKit/537.36 (KHTML, like Gecko) Chrome/117.0.0.0 Safari/537.36"
178.165.193.62 - - [11/Oct/2023:17:16:20 +0200] "GET /gui/javascript/form_form.js?1697037379 HTTP/1.1" 200 16206 "http://hausegger.activities.at/entry.php?id=10271&&ser=37318" "Mozilla/5.0 (Windows NT 10.0; Win64; x64) AppleWebKit/537.36 (KHTML, like Gecko) Chrome/117.0.0.0 Safari/537.36"
156.59.198.135 - - [11/Oct/2023:17:16:27 +0200] "GET /renault.2web.at/htdocs/export/pdf/emuc_document/10349395.pdf HTTP/1.0" 404 319 "http://212.69.160.11:443/renault.2web.at/htdocs/export/pdf/emuc_document/" "Mozilla/5.0 (Linux; Android 5.0) AppleWebKit/537.36 (KHTML, like Gecko) Mobile Safari/537.36 (compatible; Bytespider; spider-feedback@bytedance.com)"
178.165.193.62 - - [11/Oct/2023:17:16:30 +0200] "GET /entry.php?id=10271&&ser=37330 HTTP/1.1" 200 987 "http://hausegger.activities.at/entry.php?id=10271&&ser=37270" "Mozilla/5.0 (Windows NT 10.0; Win64; x64; rv:109.0) Gecko/20100101 Firefox/118.0"
178.165.193.62 - - [11/Oct/2023:17:16:30 +0200] "GET /gui/javascript/form_form.js?1697037390 HTTP/1.1" 200 16206 "http://hausegger.activities.at/entry.php?id=10271&&ser=37330" "Mozilla/5.0 (Windows NT 10.0; Win64; x64; rv:109.0) Gecko/20100101 Firefox/118.0"
156.59.198.135 - - [11/Oct/2023:17:17:02 +0200] "GET /renault.2web.at/htdocs/export/pdf/emuc_document/11229072.pdf HTTP/1.0" 404 318 "http://212.69.160.11:443/renault.2web.at/htdocs/export/pdf/emuc_document/" "Mozilla/5.0 (Linux; Android 5.0) AppleWebKit/537.36 (KHTML, like Gecko) Mobile Safari/537.36 (compatible; Bytespider; spider-feedback@bytedance.com)"
178.165.193.62 - - [11/Oct/2023:17:17:20 +0200] "GET /entry.php?id=10271&&ser=37379 HTTP/1.1" 200 986 "http://hausegger.activities.at/entry.php?id=10271&&ser=37318" "Mozilla/5.0 (Windows NT 10.0; Win64; x64) AppleWebKit/537.36 (KHTML, like Gecko) Chrome/117.0.0.0 Safari/537.36"
178.165.193.62 - - [11/Oct/2023:17:17:21 +0200] "GET /gui/javascript/form_form.js?1697037440 HTTP/1.1" 200 16206 "http://hausegger.activities.at/entry.php?id=10271&&ser=37379" "Mozilla/5.0 (Windows NT 10.0; Win64; x64) AppleWebKit/537.36 (KHTML, like Gecko) Chrome/117.0.0.0 Safari/537.36"
178.165.193.62 - - [11/Oct/2023:17:17:34 +0200] "GET /entry.php?id=10271&&ser=37390 HTTP/1.1" 200 987 "http://hausegger.activities.at/entry.php?id=10271&&ser=37330" "Mozilla/5.0 (Windows NT 10.0; Win64; x64; rv:109.0) Gecko/20100101 Firefox/118.0"
178.165.193.62 - - [11/Oct/2023:17:17:35 +0200] "GET /gui/javascript/form_form.js?1697037454 HTTP/1.1" 200 16206 "http://hausegger.activities.at/entry.php?id=10271&&ser=37390" "Mozilla/5.0 (Windows NT 10.0; Win64; x64; rv:109.0) Gecko/20100101 Firefox/118.0"
156.59.198.136 - - [11/Oct/2023:17:17:36 +0200] "GET /renault.2web.at/htdocs/export/pdf/emuc_document/11828637.pdf HTTP/1.0" 404 319 "http://212.69.160.11:443/renault.2web.at/htdocs/export/pdf/emuc_document/" "Mozilla/5.0 (Linux; Android 5.0) AppleWebKit/537.36 (KHTML, like Gecko) Mobile Safari/537.36 (compatible; Bytespider; spider-feedback@bytedance.com)"
156.59.198.136 - - [11/Oct/2023:17:18:09 +0200] "GET /renault.2web.at/htdocs/export/pdf/emuc_document/11444237.pdf HTTP/1.0" 404 319 "http://212.69.160.11:443/renault.2web.at/htdocs/export/pdf/emuc_document/" "Mozilla/5.0 (Linux; Android 5.0) AppleWebKit/537.36 (KHTML, like Gecko) Mobile Safari/537.36 (compatible; Bytespider; spider-feedback@bytedance.com)"
178.165.193.62 - - [11/Oct/2023:17:18:21 +0200] "GET /entry.php?id=10271&&ser=37440 HTTP/1.1" 200 986 "http://hausegger.activities.at/entry.php?id=10271&&ser=37379" "Mozilla/5.0 (Windows NT 10.0; Win64; x64) AppleWebKit/537.36 (KHTML, like Gecko) Chrome/117.0.0.0 Safari/537.36"
178.165.193.62 - - [11/Oct/2023:17:18:22 +0200] "GET /gui/javascript/form_form.js?1697037501 HTTP/1.1" 200 16206 "http://hausegger.activities.at/entry.php?id=10271&&ser=37440" "Mozilla/5.0 (Windows NT 10.0; Win64; x64) AppleWebKit/537.36 (KHTML, like Gecko) Chrome/117.0.0.0 Safari/537.36"
178.165.193.62 - - [11/Oct/2023:17:18:35 +0200] "GET /entry.php?id=10271&&ser=37454 HTTP/1.1" 200 987 "http://hausegger.activities.at/entry.php?id=10271&&ser=37390" "Mozilla/5.0 (Windows NT 10.0; Win64; x64; rv:109.0) Gecko/20100101 Firefox/118.0"
178.165.193.62 - - [11/Oct/2023:17:18:35 +0200] "GET /gui/javascript/form_form.js?1697037515 HTTP/1.1" 200 16206 "http://hausegger.activities.at/entry.php?id=10271&&ser=37454" "Mozilla/5.0 (Windows NT 10.0; Win64; x64; rv:109.0) Gecko/20100101 Firefox/118.0"
156.59.198.135 - - [11/Oct/2023:17:18:42 +0200] "GET /renault.2web.at/htdocs/export/pdf/emuc_document/10557081.pdf HTTP/1.0" 404 318 "http://212.69.160.11:443/renault.2web.at/htdocs/export/pdf/emuc_document/" "Mozilla/5.0 (Linux; Android 5.0) AppleWebKit/537.36 (KHTML, like Gecko) Mobile Safari/537.36 (compatible; Bytespider; spider-feedback@bytedance.com)"
156.59.198.135 - - [11/Oct/2023:17:19:16 +0200] "GET /renault.2web.at/htdocs/export/pdf/emuc_document/11054473.pdf HTTP/1.0" 404 319 "http://212.69.160.11:443/renault.2web.at/htdocs/export/pdf/emuc_document/" "Mozilla/5.0 (Linux; Android 5.0) AppleWebKit/537.36 (KHTML, like Gecko) Mobile Safari/537.36 (compatible; Bytespider; spider-feedback@bytedance.com)"
178.165.193.62 - - [11/Oct/2023:17:19:22 +0200] "GET /entry.php?id=10271&&ser=37501 HTTP/1.1" 200 987 "http://hausegger.activities.at/entry.php?id=10271&&ser=37440" "Mozilla/5.0 (Windows NT 10.0; Win64; x64) AppleWebKit/537.36 (KHTML, like Gecko) Chrome/117.0.0.0 Safari/537.36"
178.165.193.62 - - [11/Oct/2023:17:19:23 +0200] "GET /gui/javascript/form_form.js?1697037562 HTTP/1.1" 200 16206 "http://hausegger.activities.at/entry.php?id=10271&&ser=37501" "Mozilla/5.0 (Windows NT 10.0; Win64; x64) AppleWebKit/537.36 (KHTML, like Gecko) Chrome/117.0.0.0 Safari/537.36"
178.165.193.62 - - [11/Oct/2023:17:19:41 +0200] "GET /entry.php?id=10271&&ser=37515 HTTP/1.1" 200 986 "http://hausegger.activities.at/entry.php?id=10271&&ser=37454" "Mozilla/5.0 (Windows NT 10.0; Win64; x64; rv:109.0) Gecko/20100101 Firefox/118.0"
178.165.193.62 - - [11/Oct/2023:17:19:41 +0200] "GET /gui/javascript/form_form.js?1697037581 HTTP/1.1" 200 16206 "http://hausegger.activities.at/entry.php?id=10271&&ser=37515" "Mozilla/5.0 (Windows NT 10.0; Win64; x64; rv:109.0) Gecko/20100101 Firefox/118.0"
156.59.198.135 - - [11/Oct/2023:17:19:50 +0200] "GET /renault.2web.at/htdocs/export/pdf/emuc_document/10425863.pdf HTTP/1.0" 404 319 "http://212.69.160.11:443/renault.2web.at/htdocs/export/pdf/emuc_document/" "Mozilla/5.0 (Linux; Android 5.0) AppleWebKit/537.36 (KHTML, like Gecko) Mobile Safari/537.36 (compatible; Bytespider; spider-feedback@bytedance.com)"
156.59.198.135 - - [11/Oct/2023:17:20:22 +0200] "GET /renault.2web.at/htdocs/export/pdf/emuc_document/11818677.pdf HTTP/1.0" 404 318 "http://212.69.160.11:443/renault.2web.at/htdocs/export/pdf/emuc_document/" "Mozilla/5.0 (Linux; Android 5.0) AppleWebKit/537.36 (KHTML, like Gecko) Mobile Safari/537.36 (compatible; Bytespider; spider-feedback@bytedance.com)"
178.165.193.62 - - [11/Oct/2023:17:20:24 +0200] "GET /entry.php?id=10271&&ser=37562 HTTP/1.1" 200 987 "http://hausegger.activities.at/entry.php?id=10271&&ser=37501" "Mozilla/5.0 (Windows NT 10.0; Win64; x64) AppleWebKit/537.36 (KHTML, like Gecko) Chrome/117.0.0.0 Safari/537.36"
178.165.193.62 - - [11/Oct/2023:17:20:24 +0200] "GET /gui/javascript/form_form.js?1697037624 HTTP/1.1" 200 16206 "http://hausegger.activities.at/entry.php?id=10271&&ser=37562" "Mozilla/5.0 (Windows NT 10.0; Win64; x64) AppleWebKit/537.36 (KHTML, like Gecko) Chrome/117.0.0.0 Safari/537.36"
178.165.193.62 - - [11/Oct/2023:17:20:42 +0200] "GET /entry.php?id=10271&&ser=37581 HTTP/1.1" 200 987 "http://hausegger.activities.at/entry.php?id=10271&&ser=37515" "Mozilla/5.0 (Windows NT 10.0; Win64; x64; rv:109.0) Gecko/20100101 Firefox/118.0"
178.165.193.62 - - [11/Oct/2023:17:20:42 +0200] "GET /gui/javascript/form_form.js?1697037642 HTTP/1.1" 200 16206 "http://hausegger.activities.at/entry.php?id=10271&&ser=37581" "Mozilla/5.0 (Windows NT 10.0; Win64; x64; rv:109.0) Gecko/20100101 Firefox/118.0"
156.59.198.136 - - [11/Oct/2023:17:20:56 +0200] "GET /renault.2web.at/htdocs/export/pdf/emuc_document/11531738.pdf HTTP/1.0" 404 319 "http://212.69.160.11:443/renault.2web.at/htdocs/export/pdf/emuc_document/" "Mozilla/5.0 (Linux; Android 5.0) AppleWebKit/537.36 (KHTML, like Gecko) Mobile Safari/537.36 (compatible; Bytespider; spider-feedback@bytedance.com)"
178.165.193.62 - - [11/Oct/2023:17:21:24 +0200] "GET /entry.php?id=10271&&ser=37624 HTTP/1.1" 200 987 "http://hausegger.activities.at/entry.php?id=10271&&ser=37562" "Mozilla/5.0 (Windows NT 10.0; Win64; x64) AppleWebKit/537.36 (KHTML, like Gecko) Chrome/117.0.0.0 Safari/537.36"
178.165.193.62 - - [11/Oct/2023:17:21:25 +0200] "GET /gui/javascript/form_form.js?1697037684 HTTP/1.1" 200 16206 "http://hausegger.activities.at/entry.php?id=10271&&ser=37624" "Mozilla/5.0 (Windows NT 10.0; Win64; x64) AppleWebKit/537.36 (KHTML, like Gecko) Chrome/117.0.0.0 Safari/537.36"
156.59.198.135 - - [11/Oct/2023:17:21:29 +0200] "GET /renault.2web.at/htdocs/export/pdf/emuc_document/11537686.pdf HTTP/1.0" 404 319 "http://212.69.160.11:443/renault.2web.at/htdocs/export/pdf/emuc_document/" "Mozilla/5.0 (Linux; Android 5.0) AppleWebKit/537.36 (KHTML, like Gecko) Mobile Safari/537.36 (compatible; Bytespider; spider-feedback@bytedance.com)"
178.165.193.62 - - [11/Oct/2023:17:21:42 +0200] "GET /entry.php?id=10271&&ser=37642 HTTP/1.1" 200 987 "http://hausegger.activities.at/entry.php?id=10271&&ser=37581" "Mozilla/5.0 (Windows NT 10.0; Win64; x64; rv:109.0) Gecko/20100101 Firefox/118.0"
178.165.193.62 - - [11/Oct/2023:17:21:42 +0200] "GET /gui/javascript/form_form.js?1697037702 HTTP/1.1" 200 16206 "http://hausegger.activities.at/entry.php?id=10271&&ser=37642" "Mozilla/5.0 (Windows NT 10.0; Win64; x64; rv:109.0) Gecko/20100101 Firefox/118.0"
156.59.198.136 - - [11/Oct/2023:17:22:02 +0200] "GET /renault.2web.at/htdocs/export/pdf/emuc_document/11170769.pdf HTTP/1.0" 404 318 "http://212.69.160.11:443/renault.2web.at/htdocs/export/pdf/emuc_document/" "Mozilla/5.0 (Linux; Android 5.0) AppleWebKit/537.36 (KHTML, like Gecko) Mobile Safari/537.36 (compatible; Bytespider; spider-feedback@bytedance.com)"
178.165.193.62 - - [11/Oct/2023:17:22:19 +0200] "GET /entry.php?id=10287&login=1 HTTP/1.1" 200 1880 "http://hausegger.activities.at/entry.php?id=10273&" "Mozilla/5.0 (Windows NT 10.0; Win64; x64; rv:109.0) Gecko/20100101 Firefox/118.0"
178.165.193.62 - - [11/Oct/2023:17:22:19 +0200] "GET /gui/javascript/form_form.js?1697037739 HTTP/1.1" 200 16206 "http://hausegger.activities.at/entry.php?id=10287&login=1" "Mozilla/5.0 (Windows NT 10.0; Win64; x64; rv:109.0) Gecko/20100101 Firefox/118.0"
178.165.193.62 - - [11/Oct/2023:17:22:23 +0200] "POST /entry.php?id=10287& HTTP/1.1" 200 2433 "http://hausegger.activities.at/entry.php?id=10287&login=1" "Mozilla/5.0 (Windows NT 10.0; Win64; x64; rv:109.0) Gecko/20100101 Firefox/118.0"
178.165.193.62 - - [11/Oct/2023:17:22:24 +0200] "GET /gui/javascript/form_form.js?1697037743 HTTP/1.1" 200 16206 "http://hausegger.activities.at/entry.php?id=10287&" "Mozilla/5.0 (Windows NT 10.0; Win64; x64; rv:109.0) Gecko/20100101 Firefox/118.0"
178.165.193.62 - - [11/Oct/2023:17:22:24 +0200] "GET /entry.php?id=10273&logout=true& HTTP/1.1" 200 1912 "http://hausegger.activities.at/entry.php?id=10287&" "Mozilla/5.0 (Windows NT 10.0; Win64; x64; rv:109.0) Gecko/20100101 Firefox/118.0"
178.165.193.62 - - [11/Oct/2023:17:22:24 +0200] "GET /entry.php?id=10270& HTTP/1.1" 200 908 "http://hausegger.activities.at/entry.php?id=10287&" "Mozilla/5.0 (Windows NT 10.0; Win64; x64; rv:109.0) Gecko/20100101 Firefox/118.0"
178.165.193.62 - - [11/Oct/2023:17:22:24 +0200] "GET /gui/javascript/form_form.js?1697037744 HTTP/1.1" 200 16206 "http://hausegger.activities.at/entry.php?id=10273&logout=true&" "Mozilla/5.0 (Windows NT 10.0; Win64; x64; rv:109.0) Gecko/20100101 Firefox/118.0"
178.165.193.62 - - [11/Oct/2023:17:22:24 +0200] "GET /gui/javascript/form_form.js?1697037744 HTTP/1.1" 200 16206 "http://hausegger.activities.at/entry.php?id=10270&" "Mozilla/5.0 (Windows NT 10.0; Win64; x64; rv:109.0) Gecko/20100101 Firefox/118.0"
178.165.193.62 - - [11/Oct/2023:17:22:25 +0200] "GET /entry.php?id=10271&&ser=37684 HTTP/1.1" 200 987 "http://hausegger.activities.at/entry.php?id=10271&&ser=37624" "Mozilla/5.0 (Windows NT 10.0; Win64; x64) AppleWebKit/537.36 (KHTML, like Gecko) Chrome/117.0.0.0 Safari/537.36"
178.165.193.62 - - [11/Oct/2023:17:22:26 +0200] "GET /gui/javascript/form_form.js?1697037745 HTTP/1.1" 200 16206 "http://hausegger.activities.at/entry.php?id=10271&&ser=37684" "Mozilla/5.0 (Windows NT 10.0; Win64; x64) AppleWebKit/537.36 (KHTML, like Gecko) Chrome/117.0.0.0 Safari/537.36"
156.59.198.135 - - [11/Oct/2023:17:22:36 +0200] "GET /renault.2web.at/htdocs/export/pdf/emuc_document/10790141.pdf HTTP/1.0" 404 318 "http://212.69.160.11:443/renault.2web.at/htdocs/export/pdf/emuc_document/" "Mozilla/5.0 (Linux; Android 5.0) AppleWebKit/537.36 (KHTML, like Gecko) Mobile Safari/537.36 (compatible; Bytespider; spider-feedback@bytedance.com)"
156.59.198.136 - - [11/Oct/2023:17:23:09 +0200] "GET /renault.2web.at/htdocs/export/pdf/emuc_document/11046493.pdf HTTP/1.0" 404 318 "http://212.69.160.11:443/renault.2web.at/htdocs/export/pdf/emuc_document/" "Mozilla/5.0 (Linux; Android 5.0) AppleWebKit/537.36 (KHTML, like Gecko) Mobile Safari/537.36 (compatible; Bytespider; spider-feedback@bytedance.com)"
178.165.193.62 - - [11/Oct/2023:17:23:26 +0200] "GET /entry.php?id=10271&&ser=37745 HTTP/1.1" 200 987 "http://hausegger.activities.at/entry.php?id=10271&&ser=37684" "Mozilla/5.0 (Windows NT 10.0; Win64; x64) AppleWebKit/537.36 (KHTML, like Gecko) Chrome/117.0.0.0 Safari/537.36"
178.165.193.62 - - [11/Oct/2023:17:23:27 +0200] "GET /gui/javascript/form_form.js?1697037806 HTTP/1.1" 200 16206 "http://hausegger.activities.at/entry.php?id=10271&&ser=37745" "Mozilla/5.0 (Windows NT 10.0; Win64; x64) AppleWebKit/537.36 (KHTML, like Gecko) Chrome/117.0.0.0 Safari/537.36"
156.59.198.136 - - [11/Oct/2023:17:23:42 +0200] "GET /renault.2web.at/htdocs/export/pdf/emuc_document/10458741.pdf HTTP/1.0" 404 318 "http://212.69.160.11:443/renault.2web.at/htdocs/export/pdf/emuc_document/" "Mozilla/5.0 (Linux; Android 5.0) AppleWebKit/537.36 (KHTML, like Gecko) Mobile Safari/537.36 (compatible; Bytespider; spider-feedback@bytedance.com)"
156.59.198.136 - - [11/Oct/2023:17:24:15 +0200] "GET /renault.2web.at/htdocs/export/pdf/emuc_document/10659755.pdf HTTP/1.0" 404 319 "http://212.69.160.11:443/renault.2web.at/htdocs/export/pdf/emuc_document/" "Mozilla/5.0 (Linux; Android 5.0) AppleWebKit/537.36 (KHTML, like Gecko) Mobile Safari/537.36 (compatible; Bytespider; spider-feedback@bytedance.com)"
35.240.120.53 - - [11/Oct/2023:17:24:16 +0200] "GET /Temporary_Listen_Addresses/ HTTP/1.1" 404 293 "-" "Mozilla/5.0 (Windows NT 10.0; Win64; x64) AppleWebKit/537.36 (KHTML, like Gecko) Chrome/105.0.0.0 Safari/537.36"
178.165.193.62 - - [11/Oct/2023:17:24:27 +0200] "GET /entry.php?id=10271&&ser=37806 HTTP/1.1" 200 988 "http://hausegger.activities.at/entry.php?id=10271&&ser=37745" "Mozilla/5.0 (Windows NT 10.0; Win64; x64) AppleWebKit/537.36 (KHTML, like Gecko) Chrome/117.0.0.0 Safari/537.36"
178.165.193.62 - - [11/Oct/2023:17:24:28 +0200] "GET /gui/javascript/form_form.js?1697037868 HTTP/1.1" 200 16206 "http://hausegger.activities.at/entry.php?id=10271&&ser=37806" "Mozilla/5.0 (Windows NT 10.0; Win64; x64) AppleWebKit/537.36 (KHTML, like Gecko) Chrome/117.0.0.0 Safari/537.36"
156.59.198.136 - - [11/Oct/2023:17:24:49 +0200] "GET /renault.2web.at/htdocs/export/pdf/emuc_document/10458532.pdf HTTP/1.0" 404 319 "http://212.69.160.11:443/renault.2web.at/htdocs/export/pdf/emuc_document/" "Mozilla/5.0 (Linux; Android 5.0) AppleWebKit/537.36 (KHTML, like Gecko) Mobile Safari/537.36 (compatible; Bytespider; spider-feedback@bytedance.com)"
156.59.198.135 - - [11/Oct/2023:17:25:21 +0200] "GET /renault.2web.at/htdocs/export/pdf/emuc_document/10460075.pdf HTTP/1.0" 404 319 "http://212.69.160.11:443/renault.2web.at/htdocs/export/pdf/emuc_document/" "Mozilla/5.0 (Linux; Android 5.0) AppleWebKit/537.36 (KHTML, like Gecko) Mobile Safari/537.36 (compatible; Bytespider; spider-feedback@bytedance.com)"
178.165.193.62 - - [11/Oct/2023:17:25:28 +0200] "GET /entry.php?id=10271&&ser=37867 HTTP/1.1" 200 988 "http://hausegger.activities.at/entry.php?id=10271&&ser=37806" "Mozilla/5.0 (Windows NT 10.0; Win64; x64) AppleWebKit/537.36 (KHTML, like Gecko) Chrome/117.0.0.0 Safari/537.36"
178.165.193.62 - - [11/Oct/2023:17:25:29 +0200] "GET /gui/javascript/form_form.js?1697037928 HTTP/1.1" 200 16206 "http://hausegger.activities.at/entry.php?id=10271&&ser=37867" "Mozilla/5.0 (Windows NT 10.0; Win64; x64) AppleWebKit/537.36 (KHTML, like Gecko) Chrome/117.0.0.0 Safari/537.36"
156.59.198.136 - - [11/Oct/2023:17:25:55 +0200] "GET /renault.2web.at/htdocs/export/pdf/emuc_document/11333433.pdf HTTP/1.0" 404 319 "http://212.69.160.11:443/renault.2web.at/htdocs/export/pdf/emuc_document/" "Mozilla/5.0 (Linux; Android 5.0) AppleWebKit/537.36 (KHTML, like Gecko) Mobile Safari/537.36 (compatible; Bytespider; spider-feedback@bytedance.com)"
156.59.198.135 - - [11/Oct/2023:17:26:29 +0200] "GET /renault.2web.at/htdocs/export/pdf/emuc_document/11320481.pdf HTTP/1.0" 404 319 "http://212.69.160.11:443/renault.2web.at/htdocs/export/pdf/emuc_document/" "Mozilla/5.0 (Linux; Android 5.0) AppleWebKit/537.36 (KHTML, like Gecko) Mobile Safari/537.36 (compatible; Bytespider; spider-feedback@bytedance.com)"
178.165.193.62 - - [11/Oct/2023:17:26:29 +0200] "GET /entry.php?id=10271&&ser=37928 HTTP/1.1" 200 987 "http://hausegger.activities.at/entry.php?id=10271&&ser=37867" "Mozilla/5.0 (Windows NT 10.0; Win64; x64) AppleWebKit/537.36 (KHTML, like Gecko) Chrome/117.0.0.0 Safari/537.36"
178.165.193.62 - - [11/Oct/2023:17:26:30 +0200] "GET /gui/javascript/form_form.js?1697037989 HTTP/1.1" 200 16206 "http://hausegger.activities.at/entry.php?id=10271&&ser=37928" "Mozilla/5.0 (Windows NT 10.0; Win64; x64) AppleWebKit/537.36 (KHTML, like Gecko) Chrome/117.0.0.0 Safari/537.36"
156.59.198.135 - - [11/Oct/2023:17:27:02 +0200] "GET /renault.2web.at/htdocs/export/pdf/emuc_document/10623410.pdf HTTP/1.0" 404 318 "http://212.69.160.11:443/renault.2web.at/htdocs/export/pdf/emuc_document/" "Mozilla/5.0 (Linux; Android 5.0) AppleWebKit/537.36 (KHTML, like Gecko) Mobile Safari/537.36 (compatible; Bytespider; spider-feedback@bytedance.com)"
178.165.193.62 - - [11/Oct/2023:17:27:30 +0200] "GET /entry.php?id=10271&&ser=37989 HTTP/1.1" 200 987 "http://hausegger.activities.at/entry.php?id=10271&&ser=37928" "Mozilla/5.0 (Windows NT 10.0; Win64; x64) AppleWebKit/537.36 (KHTML, like Gecko) Chrome/117.0.0.0 Safari/537.36"
178.165.193.62 - - [11/Oct/2023:17:27:31 +0200] "GET /gui/javascript/form_form.js?1697038050 HTTP/1.1" 200 16206 "http://hausegger.activities.at/entry.php?id=10271&&ser=37989" "Mozilla/5.0 (Windows NT 10.0; Win64; x64) AppleWebKit/537.36 (KHTML, like Gecko) Chrome/117.0.0.0 Safari/537.36"
156.59.198.135 - - [11/Oct/2023:17:27:34 +0200] "GET /renault.2web.at/htdocs/export/pdf/emuc_document/11659706.pdf HTTP/1.0" 404 318 "http://212.69.160.11:443/renault.2web.at/htdocs/export/pdf/emuc_document/" "Mozilla/5.0 (Linux; Android 5.0) AppleWebKit/537.36 (KHTML, like Gecko) Mobile Safari/537.36 (compatible; Bytespider; spider-feedback@bytedance.com)"
156.59.198.135 - - [11/Oct/2023:17:28:08 +0200] "GET /renault.2web.at/htdocs/export/pdf/emuc_document/10843287.pdf HTTP/1.0" 404 319 "http://212.69.160.11:443/renault.2web.at/htdocs/export/pdf/emuc_document/" "Mozilla/5.0 (Linux; Android 5.0) AppleWebKit/537.36 (KHTML, like Gecko) Mobile Safari/537.36 (compatible; Bytespider; spider-feedback@bytedance.com)"
178.165.193.62 - - [11/Oct/2023:17:28:31 +0200] "GET /entry.php?id=10271&&ser=38050 HTTP/1.1" 200 986 "http://hausegger.activities.at/entry.php?id=10271&&ser=37989" "Mozilla/5.0 (Windows NT 10.0; Win64; x64) AppleWebKit/537.36 (KHTML, like Gecko) Chrome/117.0.0.0 Safari/537.36"
178.165.193.62 - - [11/Oct/2023:17:28:32 +0200] "GET /gui/javascript/form_form.js?1697038111 HTTP/1.1" 200 16206 "http://hausegger.activities.at/entry.php?id=10271&&ser=38050" "Mozilla/5.0 (Windows NT 10.0; Win64; x64) AppleWebKit/537.36 (KHTML, like Gecko) Chrome/117.0.0.0 Safari/537.36"
156.59.198.136 - - [11/Oct/2023:17:28:41 +0200] "GET /renault.2web.at/htdocs/export/pdf/emuc_document/11582015.pdf HTTP/1.0" 404 318 "http://212.69.160.11:443/renault.2web.at/htdocs/export/pdf/emuc_document/" "Mozilla/5.0 (Linux; Android 5.0) AppleWebKit/537.36 (KHTML, like Gecko) Mobile Safari/537.36 (compatible; Bytespider; spider-feedback@bytedance.com)"
156.59.198.136 - - [11/Oct/2023:17:29:16 +0200] "GET /renault.2web.at/htdocs/export/pdf/emuc_document/10839762.pdf HTTP/1.0" 404 319 "http://212.69.160.11:443/renault.2web.at/htdocs/export/pdf/emuc_document/" "Mozilla/5.0 (Linux; Android 5.0) AppleWebKit/537.36 (KHTML, like Gecko) Mobile Safari/537.36 (compatible; Bytespider; spider-feedback@bytedance.com)"
178.165.193.62 - - [11/Oct/2023:17:29:32 +0200] "GET /entry.php?id=10271&&ser=38111 HTTP/1.1" 200 987 "http://hausegger.activities.at/entry.php?id=10271&&ser=38050" "Mozilla/5.0 (Windows NT 10.0; Win64; x64) AppleWebKit/537.36 (KHTML, like Gecko) Chrome/117.0.0.0 Safari/537.36"
178.165.193.62 - - [11/Oct/2023:17:29:33 +0200] "GET /gui/javascript/form_form.js?1697038172 HTTP/1.1" 200 16206 "http://hausegger.activities.at/entry.php?id=10271&&ser=38111" "Mozilla/5.0 (Windows NT 10.0; Win64; x64) AppleWebKit/537.36 (KHTML, like Gecko) Chrome/117.0.0.0 Safari/537.36"
156.59.198.135 - - [11/Oct/2023:17:29:48 +0200] "GET /renault.2web.at/htdocs/export/pdf/emuc_document/11379568.pdf HTTP/1.0" 404 319 "http://212.69.160.11:443/renault.2web.at/htdocs/export/pdf/emuc_document/" "Mozilla/5.0 (Linux; Android 5.0) AppleWebKit/537.36 (KHTML, like Gecko) Mobile Safari/537.36 (compatible; Bytespider; spider-feedback@bytedance.com)"
156.59.198.135 - - [11/Oct/2023:17:30:14 +0200] "GET /renault.2web.at/htdocs/export/pdf/emuc_document/11298058.pdf HTTP/1.0" 404 318 "http://212.69.160.11:443/renault.2web.at/htdocs/export/pdf/emuc_document/" "Mozilla/5.0 (Linux; Android 5.0) AppleWebKit/537.36 (KHTML, like Gecko) Mobile Safari/537.36 (compatible; Bytespider; spider-feedback@bytedance.com)"
178.165.193.62 - - [11/Oct/2023:17:30:34 +0200] "GET /entry.php?id=10271&&ser=38172 HTTP/1.1" 200 987 "http://hausegger.activities.at/entry.php?id=10271&&ser=38111" "Mozilla/5.0 (Windows NT 10.0; Win64; x64) AppleWebKit/537.36 (KHTML, like Gecko) Chrome/117.0.0.0 Safari/537.36"
178.165.193.62 - - [11/Oct/2023:17:30:34 +0200] "GET /gui/javascript/form_form.js?1697038234 HTTP/1.1" 200 16206 "http://hausegger.activities.at/entry.php?id=10271&&ser=38172" "Mozilla/5.0 (Windows NT 10.0; Win64; x64) AppleWebKit/537.36 (KHTML, like Gecko) Chrome/117.0.0.0 Safari/537.36"
156.59.198.136 - - [11/Oct/2023:17:30:38 +0200] "GET /renault.2web.at/htdocs/export/pdf/emuc_document/10963806.pdf HTTP/1.0" 404 319 "http://212.69.160.11:443/renault.2web.at/htdocs/export/pdf/emuc_document/" "Mozilla/5.0 (Linux; Android 5.0) AppleWebKit/537.36 (KHTML, like Gecko) Mobile Safari/537.36 (compatible; Bytespider; spider-feedback@bytedance.com)"
156.59.198.135 - - [11/Oct/2023:17:31:02 +0200] "GET /renault.2web.at/htdocs/export/pdf/emuc_document/10608480.pdf HTTP/1.0" 404 318 "http://212.69.160.11:443/renault.2web.at/htdocs/export/pdf/emuc_document/" "Mozilla/5.0 (Linux; Android 5.0) AppleWebKit/537.36 (KHTML, like Gecko) Mobile Safari/537.36 (compatible; Bytespider; spider-feedback@bytedance.com)"
156.59.198.135 - - [11/Oct/2023:17:31:27 +0200] "GET /renault.2web.at/htdocs/export/pdf/emuc_document/10883800.pdf HTTP/1.0" 404 319 "http://212.69.160.11:443/renault.2web.at/htdocs/export/pdf/emuc_document/" "Mozilla/5.0 (Linux; Android 5.0) AppleWebKit/537.36 (KHTML, like Gecko) Mobile Safari/537.36 (compatible; Bytespider; spider-feedback@bytedance.com)"
178.165.193.62 - - [11/Oct/2023:17:31:34 +0200] "GET /entry.php?id=10271&&ser=38234 HTTP/1.1" 200 987 "http://hausegger.activities.at/entry.php?id=10271&&ser=38172" "Mozilla/5.0 (Windows NT 10.0; Win64; x64) AppleWebKit/537.36 (KHTML, like Gecko) Chrome/117.0.0.0 Safari/537.36"
178.165.193.62 - - [11/Oct/2023:17:31:35 +0200] "GET /gui/javascript/form_form.js?1697038294 HTTP/1.1" 200 16206 "http://hausegger.activities.at/entry.php?id=10271&&ser=38234" "Mozilla/5.0 (Windows NT 10.0; Win64; x64) AppleWebKit/537.36 (KHTML, like Gecko) Chrome/117.0.0.0 Safari/537.36"
156.59.198.136 - - [11/Oct/2023:17:31:52 +0200] "GET /renault.2web.at/htdocs/export/pdf/emuc_document/10658315.pdf HTTP/1.0" 404 318 "http://212.69.160.11:443/renault.2web.at/htdocs/export/pdf/emuc_document/" "Mozilla/5.0 (Linux; Android 5.0) AppleWebKit/537.36 (KHTML, like Gecko) Mobile Safari/537.36 (compatible; Bytespider; spider-feedback@bytedance.com)"
156.59.198.136 - - [11/Oct/2023:17:32:17 +0200] "GET /renault.2web.at/htdocs/export/pdf/emuc_document/11038629.pdf HTTP/1.0" 404 319 "http://212.69.160.11:443/renault.2web.at/htdocs/export/pdf/emuc_document/" "Mozilla/5.0 (Linux; Android 5.0) AppleWebKit/537.36 (KHTML, like Gecko) Mobile Safari/537.36 (compatible; Bytespider; spider-feedback@bytedance.com)"
178.165.193.62 - - [11/Oct/2023:17:32:35 +0200] "GET /entry.php?id=10271&&ser=38294 HTTP/1.1" 200 988 "http://hausegger.activities.at/entry.php?id=10271&&ser=38234" "Mozilla/5.0 (Windows NT 10.0; Win64; x64) AppleWebKit/537.36 (KHTML, like Gecko) Chrome/117.0.0.0 Safari/537.36"
178.165.193.62 - - [11/Oct/2023:17:32:36 +0200] "GET /gui/javascript/form_form.js?1697038355 HTTP/1.1" 200 16206 "http://hausegger.activities.at/entry.php?id=10271&&ser=38294" "Mozilla/5.0 (Windows NT 10.0; Win64; x64) AppleWebKit/537.36 (KHTML, like Gecko) Chrome/117.0.0.0 Safari/537.36"
156.59.198.135 - - [11/Oct/2023:17:32:42 +0200] "GET /renault.2web.at/htdocs/export/pdf/emuc_document/10961148.pdf HTTP/1.0" 404 318 "http://212.69.160.11:443/renault.2web.at/htdocs/export/pdf/emuc_document/" "Mozilla/5.0 (Linux; Android 5.0) AppleWebKit/537.36 (KHTML, like Gecko) Mobile Safari/537.36 (compatible; Bytespider; spider-feedback@bytedance.com)"
156.59.198.136 - - [11/Oct/2023:17:33:07 +0200] "GET /renault.2web.at/htdocs/export/pdf/emuc_document/10957501.pdf HTTP/1.0" 404 318 "http://212.69.160.11:443/renault.2web.at/htdocs/export/pdf/emuc_document/" "Mozilla/5.0 (Linux; Android 5.0) AppleWebKit/537.36 (KHTML, like Gecko) Mobile Safari/537.36 (compatible; Bytespider; spider-feedback@bytedance.com)"
156.59.198.135 - - [11/Oct/2023:17:33:31 +0200] "GET /renault.2web.at/htdocs/export/pdf/emuc_document/11379345.pdf HTTP/1.0" 404 319 "http://212.69.160.11:443/renault.2web.at/htdocs/export/pdf/emuc_document/" "Mozilla/5.0 (Linux; Android 5.0) AppleWebKit/537.36 (KHTML, like Gecko) Mobile Safari/537.36 (compatible; Bytespider; spider-feedback@bytedance.com)"
178.165.193.62 - - [11/Oct/2023:17:33:36 +0200] "GET /entry.php?id=10271&&ser=38355 HTTP/1.1" 200 987 "http://hausegger.activities.at/entry.php?id=10271&&ser=38294" "Mozilla/5.0 (Windows NT 10.0; Win64; x64) AppleWebKit/537.36 (KHTML, like Gecko) Chrome/117.0.0.0 Safari/537.36"
178.165.193.62 - - [11/Oct/2023:17:33:37 +0200] "GET /gui/javascript/form_form.js?1697038416 HTTP/1.1" 200 16206 "http://hausegger.activities.at/entry.php?id=10271&&ser=38355" "Mozilla/5.0 (Windows NT 10.0; Win64; x64) AppleWebKit/537.36 (KHTML, like Gecko) Chrome/117.0.0.0 Safari/537.36"
156.59.198.136 - - [11/Oct/2023:17:33:55 +0200] "GET /renault.2web.at/htdocs/export/pdf/emuc_document/10770148.pdf HTTP/1.0" 404 319 "http://212.69.160.11:443/renault.2web.at/htdocs/export/pdf/emuc_document/" "Mozilla/5.0 (Linux; Android 5.0) AppleWebKit/537.36 (KHTML, like Gecko) Mobile Safari/537.36 (compatible; Bytespider; spider-feedback@bytedance.com)"
156.59.198.136 - - [11/Oct/2023:17:34:20 +0200] "GET /renault.2web.at/htdocs/export/pdf/emuc_document/10535053.pdf HTTP/1.0" 404 318 "http://212.69.160.11:443/renault.2web.at/htdocs/export/pdf/emuc_document/" "Mozilla/5.0 (Linux; Android 5.0) AppleWebKit/537.36 (KHTML, like Gecko) Mobile Safari/537.36 (compatible; Bytespider; spider-feedback@bytedance.com)"
178.165.193.62 - - [11/Oct/2023:17:34:37 +0200] "GET /entry.php?id=10271&&ser=38416 HTTP/1.1" 200 987 "http://hausegger.activities.at/entry.php?id=10271&&ser=38355" "Mozilla/5.0 (Windows NT 10.0; Win64; x64) AppleWebKit/537.36 (KHTML, like Gecko) Chrome/117.0.0.0 Safari/537.36"
178.165.193.62 - - [11/Oct/2023:17:34:38 +0200] "GET /gui/javascript/form_form.js?1697038477 HTTP/1.1" 200 16206 "http://hausegger.activities.at/entry.php?id=10271&&ser=38416" "Mozilla/5.0 (Windows NT 10.0; Win64; x64) AppleWebKit/537.36 (KHTML, like Gecko) Chrome/117.0.0.0 Safari/537.36"
156.59.198.135 - - [11/Oct/2023:17:34:45 +0200] "GET /renault.2web.at/htdocs/export/pdf/emuc_document/10637043.pdf HTTP/1.0" 404 319 "http://212.69.160.11:443/renault.2web.at/htdocs/export/pdf/emuc_document/" "Mozilla/5.0 (Linux; Android 5.0) AppleWebKit/537.36 (KHTML, like Gecko) Mobile Safari/537.36 (compatible; Bytespider; spider-feedback@bytedance.com)"
156.59.198.135 - - [11/Oct/2023:17:35:09 +0200] "GET /renault.2web.at/htdocs/export/pdf/emuc_document/10712416.pdf HTTP/1.0" 404 318 "http://212.69.160.11:443/renault.2web.at/htdocs/export/pdf/emuc_document/" "Mozilla/5.0 (Linux; Android 5.0) AppleWebKit/537.36 (KHTML, like Gecko) Mobile Safari/537.36 (compatible; Bytespider; spider-feedback@bytedance.com)"
156.59.198.136 - - [11/Oct/2023:17:35:33 +0200] "GET /renault.2web.at/htdocs/export/pdf/emuc_document/11086200.pdf HTTP/1.0" 404 318 "http://212.69.160.11:443/renault.2web.at/htdocs/export/pdf/emuc_document/" "Mozilla/5.0 (Linux; Android 5.0) AppleWebKit/537.36 (KHTML, like Gecko) Mobile Safari/537.36 (compatible; Bytespider; spider-feedback@bytedance.com)"
178.165.193.62 - - [11/Oct/2023:17:35:38 +0200] "GET /entry.php?id=10271&&ser=38477 HTTP/1.1" 200 988 "http://hausegger.activities.at/entry.php?id=10271&&ser=38416" "Mozilla/5.0 (Windows NT 10.0; Win64; x64) AppleWebKit/537.36 (KHTML, like Gecko) Chrome/117.0.0.0 Safari/537.36"
178.165.193.62 - - [11/Oct/2023:17:35:39 +0200] "GET /gui/javascript/form_form.js?1697038538 HTTP/1.1" 200 16206 "http://hausegger.activities.at/entry.php?id=10271&&ser=38477" "Mozilla/5.0 (Windows NT 10.0; Win64; x64) AppleWebKit/537.36 (KHTML, like Gecko) Chrome/117.0.0.0 Safari/537.36"
156.59.198.136 - - [11/Oct/2023:17:35:59 +0200] "GET /renault.2web.at/htdocs/export/pdf/emuc_document/10553881.pdf HTTP/1.0" 404 318 "http://212.69.160.11:443/renault.2web.at/htdocs/export/pdf/emuc_document/" "Mozilla/5.0 (Linux; Android 5.0) AppleWebKit/537.36 (KHTML, like Gecko) Mobile Safari/537.36 (compatible; Bytespider; spider-feedback@bytedance.com)"
156.59.198.135 - - [11/Oct/2023:17:36:25 +0200] "GET /renault.2web.at/htdocs/export/pdf/emuc_document/11753891.pdf HTTP/1.0" 404 319 "http://212.69.160.11:443/renault.2web.at/htdocs/export/pdf/emuc_document/" "Mozilla/5.0 (Linux; Android 5.0) AppleWebKit/537.36 (KHTML, like Gecko) Mobile Safari/537.36 (compatible; Bytespider; spider-feedback@bytedance.com)"
178.165.193.62 - - [11/Oct/2023:17:36:39 +0200] "GET /entry.php?id=10271&&ser=38538 HTTP/1.1" 200 987 "http://hausegger.activities.at/entry.php?id=10271&&ser=38477" "Mozilla/5.0 (Windows NT 10.0; Win64; x64) AppleWebKit/537.36 (KHTML, like Gecko) Chrome/117.0.0.0 Safari/537.36"
178.165.193.62 - - [11/Oct/2023:17:36:40 +0200] "GET /gui/javascript/form_form.js?1697038600 HTTP/1.1" 200 16206 "http://hausegger.activities.at/entry.php?id=10271&&ser=38538" "Mozilla/5.0 (Windows NT 10.0; Win64; x64) AppleWebKit/537.36 (KHTML, like Gecko) Chrome/117.0.0.0 Safari/537.36"
156.59.198.135 - - [11/Oct/2023:17:36:49 +0200] "GET /renault.2web.at/htdocs/export/pdf/emuc_document/10673119.pdf HTTP/1.0" 404 319 "http://212.69.160.11:443/renault.2web.at/htdocs/export/pdf/emuc_document/" "Mozilla/5.0 (Linux; Android 5.0) AppleWebKit/537.36 (KHTML, like Gecko) Mobile Safari/537.36 (compatible; Bytespider; spider-feedback@bytedance.com)"
156.59.198.136 - - [11/Oct/2023:17:37:12 +0200] "GET /renault.2web.at/htdocs/export/pdf/emuc_document/11757439.pdf HTTP/1.0" 404 319 "http://212.69.160.11:443/renault.2web.at/htdocs/export/pdf/emuc_document/" "Mozilla/5.0 (Linux; Android 5.0) AppleWebKit/537.36 (KHTML, like Gecko) Mobile Safari/537.36 (compatible; Bytespider; spider-feedback@bytedance.com)"
156.59.198.136 - - [11/Oct/2023:17:37:36 +0200] "GET /renault.2web.at/htdocs/export/pdf/emuc_document/10608361.pdf HTTP/1.0" 404 319 "http://212.69.160.11:443/renault.2web.at/htdocs/export/pdf/emuc_document/" "Mozilla/5.0 (Linux; Android 5.0) AppleWebKit/537.36 (KHTML, like Gecko) Mobile Safari/537.36 (compatible; Bytespider; spider-feedback@bytedance.com)"
178.165.193.62 - - [11/Oct/2023:17:37:40 +0200] "GET /entry.php?id=10271&&ser=38600 HTTP/1.1" 200 987 "http://hausegger.activities.at/entry.php?id=10271&&ser=38538" "Mozilla/5.0 (Windows NT 10.0; Win64; x64) AppleWebKit/537.36 (KHTML, like Gecko) Chrome/117.0.0.0 Safari/537.36"
178.165.193.62 - - [11/Oct/2023:17:37:41 +0200] "GET /gui/javascript/form_form.js?1697038660 HTTP/1.1" 200 16206 "http://hausegger.activities.at/entry.php?id=10271&&ser=38600" "Mozilla/5.0 (Windows NT 10.0; Win64; x64) AppleWebKit/537.36 (KHTML, like Gecko) Chrome/117.0.0.0 Safari/537.36"
156.59.198.136 - - [11/Oct/2023:17:38:01 +0200] "GET /renault.2web.at/htdocs/export/pdf/emuc_document/10883759.pdf HTTP/1.0" 404 319 "http://212.69.160.11:443/renault.2web.at/htdocs/export/pdf/emuc_document/" "Mozilla/5.0 (Linux; Android 5.0) AppleWebKit/537.36 (KHTML, like Gecko) Mobile Safari/537.36 (compatible; Bytespider; spider-feedback@bytedance.com)"
178.165.193.62 - - [11/Oct/2023:17:38:41 +0200] "GET /entry.php?id=10271&&ser=38660 HTTP/1.1" 200 987 "http://hausegger.activities.at/entry.php?id=10271&&ser=38600" "Mozilla/5.0 (Windows NT 10.0; Win64; x64) AppleWebKit/537.36 (KHTML, like Gecko) Chrome/117.0.0.0 Safari/537.36"
178.165.193.62 - - [11/Oct/2023:17:38:42 +0200] "GET /gui/javascript/form_form.js?1697038721 HTTP/1.1" 200 16206 "http://hausegger.activities.at/entry.php?id=10271&&ser=38660" "Mozilla/5.0 (Windows NT 10.0; Win64; x64) AppleWebKit/537.36 (KHTML, like Gecko) Chrome/117.0.0.0 Safari/537.36"
156.59.198.135 - - [11/Oct/2023:17:38:50 +0200] "GET /renault.2web.at/htdocs/export/pdf/emuc_document/11646746.pdf HTTP/1.0" 404 318 "http://212.69.160.11:443/renault.2web.at/htdocs/export/pdf/emuc_document/" "Mozilla/5.0 (Linux; Android 5.0) AppleWebKit/537.36 (KHTML, like Gecko) Mobile Safari/537.36 (compatible; Bytespider; spider-feedback@bytedance.com)"
156.59.198.136 - - [11/Oct/2023:17:39:14 +0200] "GET /renault.2web.at/htdocs/export/pdf/emuc_document/11870064.pdf HTTP/1.0" 404 319 "http://212.69.160.11:443/renault.2web.at/htdocs/export/pdf/emuc_document/" "Mozilla/5.0 (Linux; Android 5.0) AppleWebKit/537.36 (KHTML, like Gecko) Mobile Safari/537.36 (compatible; Bytespider; spider-feedback@bytedance.com)"
156.59.198.136 - - [11/Oct/2023:17:39:39 +0200] "GET /renault.2web.at/htdocs/export/pdf/emuc_document/11730160.pdf HTTP/1.0" 404 318 "http://212.69.160.11:443/renault.2web.at/htdocs/export/pdf/emuc_document/" "Mozilla/5.0 (Linux; Android 5.0) AppleWebKit/537.36 (KHTML, like Gecko) Mobile Safari/537.36 (compatible; Bytespider; spider-feedback@bytedance.com)"
178.165.193.62 - - [11/Oct/2023:17:39:42 +0200] "GET /entry.php?id=10271&&ser=38721 HTTP/1.1" 200 987 "http://hausegger.activities.at/entry.php?id=10271&&ser=38660" "Mozilla/5.0 (Windows NT 10.0; Win64; x64) AppleWebKit/537.36 (KHTML, like Gecko) Chrome/117.0.0.0 Safari/537.36"
178.165.193.62 - - [11/Oct/2023:17:39:43 +0200] "GET /gui/javascript/form_form.js?1697038782 HTTP/1.1" 200 16206 "http://hausegger.activities.at/entry.php?id=10271&&ser=38721" "Mozilla/5.0 (Windows NT 10.0; Win64; x64) AppleWebKit/537.36 (KHTML, like Gecko) Chrome/117.0.0.0 Safari/537.36"
156.59.198.136 - - [11/Oct/2023:17:40:02 +0200] "GET /renault.2web.at/htdocs/export/pdf/emuc_document/11671738.pdf HTTP/1.0" 404 319 "http://212.69.160.11:443/renault.2web.at/htdocs/export/pdf/emuc_document/" "Mozilla/5.0 (Linux; Android 5.0) AppleWebKit/537.36 (KHTML, like Gecko) Mobile Safari/537.36 (compatible; Bytespider; spider-feedback@bytedance.com)"
156.59.198.136 - - [11/Oct/2023:17:40:26 +0200] "GET /renault.2web.at/htdocs/export/pdf/emuc_document/11182030.pdf HTTP/1.0" 404 318 "http://212.69.160.11:443/renault.2web.at/htdocs/export/pdf/emuc_document/" "Mozilla/5.0 (Linux; Android 5.0) AppleWebKit/537.36 (KHTML, like Gecko) Mobile Safari/537.36 (compatible; Bytespider; spider-feedback@bytedance.com)"
178.165.193.62 - - [11/Oct/2023:17:40:43 +0200] "GET /entry.php?id=10271&&ser=38782 HTTP/1.1" 200 988 "http://hausegger.activities.at/entry.php?id=10271&&ser=38721" "Mozilla/5.0 (Windows NT 10.0; Win64; x64) AppleWebKit/537.36 (KHTML, like Gecko) Chrome/117.0.0.0 Safari/537.36"
178.165.193.62 - - [11/Oct/2023:17:40:44 +0200] "GET /gui/javascript/form_form.js?1697038843 HTTP/1.1" 200 16206 "http://hausegger.activities.at/entry.php?id=10271&&ser=38782" "Mozilla/5.0 (Windows NT 10.0; Win64; x64) AppleWebKit/537.36 (KHTML, like Gecko) Chrome/117.0.0.0 Safari/537.36"
156.59.198.136 - - [11/Oct/2023:17:40:50 +0200] "GET /renault.2web.at/htdocs/export/pdf/emuc_document/10883772.pdf HTTP/1.0" 404 319 "http://212.69.160.11:443/renault.2web.at/htdocs/export/pdf/emuc_document/" "Mozilla/5.0 (Linux; Android 5.0) AppleWebKit/537.36 (KHTML, like Gecko) Mobile Safari/537.36 (compatible; Bytespider; spider-feedback@bytedance.com)"
156.59.198.135 - - [11/Oct/2023:17:41:16 +0200] "GET /renault.2web.at/htdocs/export/pdf/emuc_document/11076800.pdf HTTP/1.0" 404 318 "http://212.69.160.11:443/renault.2web.at/htdocs/export/pdf/emuc_document/" "Mozilla/5.0 (Linux; Android 5.0) AppleWebKit/537.36 (KHTML, like Gecko) Mobile Safari/537.36 (compatible; Bytespider; spider-feedback@bytedance.com)"
156.59.198.136 - - [11/Oct/2023:17:41:40 +0200] "GET /renault.2web.at/htdocs/export/pdf/emuc_document/10309988.pdf HTTP/1.0" 404 319 "http://212.69.160.11:443/renault.2web.at/htdocs/export/pdf/emuc_document/" "Mozilla/5.0 (Linux; Android 5.0) AppleWebKit/537.36 (KHTML, like Gecko) Mobile Safari/537.36 (compatible; Bytespider; spider-feedback@bytedance.com)"
178.165.193.62 - - [11/Oct/2023:17:41:44 +0200] "GET /entry.php?id=10271&&ser=38843 HTTP/1.1" 200 987 "http://hausegger.activities.at/entry.php?id=10271&&ser=38782" "Mozilla/5.0 (Windows NT 10.0; Win64; x64) AppleWebKit/537.36 (KHTML, like Gecko) Chrome/117.0.0.0 Safari/537.36"
178.165.193.62 - - [11/Oct/2023:17:41:45 +0200] "GET /gui/javascript/form_form.js?1697038904 HTTP/1.1" 200 16206 "http://hausegger.activities.at/entry.php?id=10271&&ser=38843" "Mozilla/5.0 (Windows NT 10.0; Win64; x64) AppleWebKit/537.36 (KHTML, like Gecko) Chrome/117.0.0.0 Safari/537.36"
