156.59.198.136 - - [23/Oct/2023:13:31:07 +0200] "GET /renault.activities.at/htdocs/log/cron/importLogisticData_3114983.txt HTTP/1.0" 404 324 "http://212.69.160.11:443/renault.activities.at/htdocs/log/cron/" "Mozilla/5.0 (Linux; Android 5.0) AppleWebKit/537.36 (KHTML, like Gecko) Mobile Safari/537.36 (compatible; Bytespider; spider-feedback@bytedance.com)"
207.191.165.229 - - [23/Oct/2023:13:31:10 +0200] "GET / HTTP/1.1" 200 423 "-" "Mozilla/5.0 (Macintosh; Intel Mac OS X 10_11_6) AppleWebKit/601.7.7 (KHTML, like Gecko) Version/9.1.2 Safari/601.7.7"
156.59.198.135 - - [23/Oct/2023:13:31:33 +0200] "GET /renault.activities.at/htdocs/log/cron/system_mail_3115276.txt HTTP/1.0" 404 321 "http://212.69.160.11:443/renault.activities.at/htdocs/log/cron/" "Mozilla/5.0 (Linux; Android 5.0) AppleWebKit/537.36 (KHTML, like Gecko) Mobile Safari/537.36 (compatible; Bytespider; spider-feedback@bytedance.com)"
77.119.217.124 - - [23/Oct/2023:13:31:54 +0200] "GET /entry.php?id=10271&&ser=60654 HTTP/1.1" 200 986 "http://hausegger.activities.at/entry.php?id=10271&&ser=60588" "Mozilla/5.0 (Windows NT 10.0; Win64; x64; rv:109.0) Gecko/20100101 Firefox/118.0"
77.119.217.124 - - [23/Oct/2023:13:31:54 +0200] "GET /gui/javascript/form_form.js?1698060714 HTTP/1.1" 200 16206 "http://hausegger.activities.at/entry.php?id=10271&&ser=60654" "Mozilla/5.0 (Windows NT 10.0; Win64; x64; rv:109.0) Gecko/20100101 Firefox/118.0"
156.59.198.135 - - [23/Oct/2023:13:31:56 +0200] "GET /renault.activities.at/htdocs/log/cron/system_mail_3114924.txt HTTP/1.0" 404 320 "http://212.69.160.11:443/renault.activities.at/htdocs/log/cron/" "Mozilla/5.0 (Linux; Android 5.0) AppleWebKit/537.36 (KHTML, like Gecko) Mobile Safari/537.36 (compatible; Bytespider; spider-feedback@bytedance.com)"
156.59.198.135 - - [23/Oct/2023:13:32:22 +0200] "GET /renault.activities.at/htdocs/log/cron/system_mail_3116226.txt HTTP/1.0" 404 320 "http://212.69.160.11:443/renault.activities.at/htdocs/log/cron/" "Mozilla/5.0 (Linux; Android 5.0) AppleWebKit/537.36 (KHTML, like Gecko) Mobile Safari/537.36 (compatible; Bytespider; spider-feedback@bytedance.com)"
156.59.198.135 - - [23/Oct/2023:13:32:46 +0200] "GET /renault.activities.at/htdocs/log/cron/reminder_mailing_3115444.txt HTTP/1.0" 404 323 "http://212.69.160.11:443/renault.activities.at/htdocs/log/cron/" "Mozilla/5.0 (Linux; Android 5.0) AppleWebKit/537.36 (KHTML, like Gecko) Mobile Safari/537.36 (compatible; Bytespider; spider-feedback@bytedance.com)"
77.119.217.124 - - [23/Oct/2023:13:32:54 +0200] "GET /entry.php?id=10271&&ser=60714 HTTP/1.1" 200 986 "http://hausegger.activities.at/entry.php?id=10271&&ser=60654" "Mozilla/5.0 (Windows NT 10.0; Win64; x64; rv:109.0) Gecko/20100101 Firefox/118.0"
77.119.217.124 - - [23/Oct/2023:13:32:55 +0200] "GET /gui/javascript/form_form.js?1698060774 HTTP/1.1" 200 16206 "http://hausegger.activities.at/entry.php?id=10271&&ser=60714" "Mozilla/5.0 (Windows NT 10.0; Win64; x64; rv:109.0) Gecko/20100101 Firefox/118.0"
156.59.198.136 - - [23/Oct/2023:13:33:11 +0200] "GET /renault.activities.at/htdocs/log/cron/autologout_3115897.txt HTTP/1.0" 404 319 "http://212.69.160.11:443/renault.activities.at/htdocs/log/cron/" "Mozilla/5.0 (Linux; Android 5.0) AppleWebKit/537.36 (KHTML, like Gecko) Mobile Safari/537.36 (compatible; Bytespider; spider-feedback@bytedance.com)"
156.59.198.136 - - [23/Oct/2023:13:33:35 +0200] "GET /renault.activities.at/htdocs/log/cron/system_mail_3114854.txt HTTP/1.0" 404 320 "http://212.69.160.11:443/renault.activities.at/htdocs/log/cron/" "Mozilla/5.0 (Linux; Android 5.0) AppleWebKit/537.36 (KHTML, like Gecko) Mobile Safari/537.36 (compatible; Bytespider; spider-feedback@bytedance.com)"
77.119.217.124 - - [23/Oct/2023:13:33:55 +0200] "GET /entry.php?id=10271&&ser=60774 HTTP/1.1" 200 986 "http://hausegger.activities.at/entry.php?id=10271&&ser=60714" "Mozilla/5.0 (Windows NT 10.0; Win64; x64; rv:109.0) Gecko/20100101 Firefox/118.0"
77.119.217.124 - - [23/Oct/2023:13:33:55 +0200] "GET /gui/javascript/form_form.js?1698060835 HTTP/1.1" 200 16206 "http://hausegger.activities.at/entry.php?id=10271&&ser=60774" "Mozilla/5.0 (Windows NT 10.0; Win64; x64; rv:109.0) Gecko/20100101 Firefox/118.0"
156.59.198.135 - - [23/Oct/2023:13:34:01 +0200] "GET /renault.activities.at/htdocs/log/cron/shipp_Export_Data_3116505.txt HTTP/1.0" 404 325 "http://212.69.160.11:443/renault.activities.at/htdocs/log/cron/" "Mozilla/5.0 (Linux; Android 5.0) AppleWebKit/537.36 (KHTML, like Gecko) Mobile Safari/537.36 (compatible; Bytespider; spider-feedback@bytedance.com)"
156.59.198.135 - - [23/Oct/2023:13:34:25 +0200] "GET /renault.activities.at/htdocs/log/cron/shipp_Export_Data_3116287.txt HTTP/1.0" 404 325 "http://212.69.160.11:443/renault.activities.at/htdocs/log/cron/" "Mozilla/5.0 (Linux; Android 5.0) AppleWebKit/537.36 (KHTML, like Gecko) Mobile Safari/537.36 (compatible; Bytespider; spider-feedback@bytedance.com)"
156.59.198.135 - - [23/Oct/2023:13:34:50 +0200] "GET /renault.2web.at/htdocs/export/txt/factura/FacturaExport20170426105751.txt HTTP/1.0" 404 325 "http://212.69.160.11:443/renault.2web.at/htdocs/export/txt/factura/FacturaExport20170426105751.txt" "Mozilla/5.0 (Linux; Android 5.0) AppleWebKit/537.36 (KHTML, like Gecko) Mobile Safari/537.36 (compatible; Bytespider; spider-feedback@bytedance.com)"
77.119.217.124 - - [23/Oct/2023:13:34:55 +0200] "GET /entry.php?id=10271&&ser=60835 HTTP/1.1" 200 986 "http://hausegger.activities.at/entry.php?id=10271&&ser=60774" "Mozilla/5.0 (Windows NT 10.0; Win64; x64; rv:109.0) Gecko/20100101 Firefox/118.0"
77.119.217.124 - - [23/Oct/2023:13:34:55 +0200] "GET /gui/javascript/form_form.js?1698060895 HTTP/1.1" 200 16206 "http://hausegger.activities.at/entry.php?id=10271&&ser=60835" "Mozilla/5.0 (Windows NT 10.0; Win64; x64; rv:109.0) Gecko/20100101 Firefox/118.0"
156.59.198.135 - - [23/Oct/2023:13:35:14 +0200] "GET /renault.activities.at/htdocs/log/cron/reminder_mailing_3115081.txt HTTP/1.0" 404 322 "http://212.69.160.11:443/renault.activities.at/htdocs/log/cron/" "Mozilla/5.0 (Linux; Android 5.0) AppleWebKit/537.36 (KHTML, like Gecko) Mobile Safari/537.36 (compatible; Bytespider; spider-feedback@bytedance.com)"
156.59.198.136 - - [23/Oct/2023:13:35:38 +0200] "GET /renault.activities.at/htdocs/log/cron/system_mail_3115195.txt HTTP/1.0" 404 320 "http://212.69.160.11:443/renault.activities.at/htdocs/log/cron/" "Mozilla/5.0 (Linux; Android 5.0) AppleWebKit/537.36 (KHTML, like Gecko) Mobile Safari/537.36 (compatible; Bytespider; spider-feedback@bytedance.com)"
77.119.217.124 - - [23/Oct/2023:13:35:55 +0200] "GET /entry.php?id=10271&&ser=60895 HTTP/1.1" 200 986 "http://hausegger.activities.at/entry.php?id=10271&&ser=60835" "Mozilla/5.0 (Windows NT 10.0; Win64; x64; rv:109.0) Gecko/20100101 Firefox/118.0"
77.119.217.124 - - [23/Oct/2023:13:35:55 +0200] "GET /gui/javascript/form_form.js?1698060955 HTTP/1.1" 200 16206 "http://hausegger.activities.at/entry.php?id=10271&&ser=60895" "Mozilla/5.0 (Windows NT 10.0; Win64; x64; rv:109.0) Gecko/20100101 Firefox/118.0"
156.59.198.135 - - [23/Oct/2023:13:36:04 +0200] "GET /renault.activities.at/htdocs/log/cron/autologout_3115562.txt HTTP/1.0" 404 318 "http://212.69.160.11:443/renault.activities.at/htdocs/log/cron/" "Mozilla/5.0 (Linux; Android 5.0) AppleWebKit/537.36 (KHTML, like Gecko) Mobile Safari/537.36 (compatible; Bytespider; spider-feedback@bytedance.com)"
173.252.83.15 - - [23/Oct/2023:13:36:22 +0200] "GET /cron.php?cron_type=tidy_cache&%3Bsid=e90c3c271f3ec3c30474b3067feaed50 HTTP/1.1" 404 364 "-" "facebookexternalhit/1.1 (+http://www.facebook.com/externalhit_uatext.php)"
156.59.198.136 - - [23/Oct/2023:13:36:28 +0200] "GET /renault.activities.at/htdocs/log/cron/system_mail_3115138.txt HTTP/1.0" 404 320 "http://212.69.160.11:443/renault.activities.at/htdocs/log/cron/" "Mozilla/5.0 (Linux; Android 5.0) AppleWebKit/537.36 (KHTML, like Gecko) Mobile Safari/537.36 (compatible; Bytespider; spider-feedback@bytedance.com)"
156.59.198.136 - - [23/Oct/2023:13:36:52 +0200] "GET /renault.activities.at/htdocs/log/cron/system_mail_3115898.txt HTTP/1.0" 404 320 "http://212.69.160.11:443/renault.activities.at/htdocs/log/cron/" "Mozilla/5.0 (Linux; Android 5.0) AppleWebKit/537.36 (KHTML, like Gecko) Mobile Safari/537.36 (compatible; Bytespider; spider-feedback@bytedance.com)"
77.119.217.124 - - [23/Oct/2023:13:36:56 +0200] "GET /entry.php?id=10271&&ser=60955 HTTP/1.1" 200 985 "http://hausegger.activities.at/entry.php?id=10271&&ser=60895" "Mozilla/5.0 (Windows NT 10.0; Win64; x64; rv:109.0) Gecko/20100101 Firefox/118.0"
77.119.217.124 - - [23/Oct/2023:13:36:56 +0200] "GET /gui/javascript/form_form.js?1698061016 HTTP/1.1" 200 16206 "http://hausegger.activities.at/entry.php?id=10271&&ser=60955" "Mozilla/5.0 (Windows NT 10.0; Win64; x64; rv:109.0) Gecko/20100101 Firefox/118.0"
162.216.150.9 - - [23/Oct/2023:13:37:16 +0200] "GET / HTTP/1.1" 200 423 "-" "Expanse, a Palo Alto Networks company, searches across the global IPv4 space multiple times per day to identify customers' presences on the Internet. If you would like to be excluded from our scans, please send IP addresses/domains to: scaninfo@paloaltonetworks.com"
156.59.198.135 - - [23/Oct/2023:13:37:17 +0200] "GET /renault.activities.at/htdocs/log/cron/system_mail_3114930.txt HTTP/1.0" 404 320 "http://212.69.160.11:443/renault.activities.at/htdocs/log/cron/" "Mozilla/5.0 (Linux; Android 5.0) AppleWebKit/537.36 (KHTML, like Gecko) Mobile Safari/537.36 (compatible; Bytespider; spider-feedback@bytedance.com)"
156.59.198.136 - - [23/Oct/2023:13:37:41 +0200] "GET /renault.activities.at/htdocs/log/cron/reminder_mailing_3115694.txt HTTP/1.0" 404 323 "http://212.69.160.11:443/renault.activities.at/htdocs/log/cron/" "Mozilla/5.0 (Linux; Android 5.0) AppleWebKit/537.36 (KHTML, like Gecko) Mobile Safari/537.36 (compatible; Bytespider; spider-feedback@bytedance.com)"
77.119.217.124 - - [23/Oct/2023:13:37:56 +0200] "GET /entry.php?id=10271&&ser=61016 HTTP/1.1" 200 986 "http://hausegger.activities.at/entry.php?id=10271&&ser=60955" "Mozilla/5.0 (Windows NT 10.0; Win64; x64; rv:109.0) Gecko/20100101 Firefox/118.0"
77.119.217.124 - - [23/Oct/2023:13:37:56 +0200] "GET /gui/javascript/form_form.js?1698061076 HTTP/1.1" 200 16206 "http://hausegger.activities.at/entry.php?id=10271&&ser=61016" "Mozilla/5.0 (Windows NT 10.0; Win64; x64; rv:109.0) Gecko/20100101 Firefox/118.0"
156.59.198.136 - - [23/Oct/2023:13:38:07 +0200] "GET /renault.activities.at/htdocs/log/cron/reminder_mailing_3116038.txt HTTP/1.0" 404 323 "http://212.69.160.11:443/renault.activities.at/htdocs/log/cron/" "Mozilla/5.0 (Linux; Android 5.0) AppleWebKit/537.36 (KHTML, like Gecko) Mobile Safari/537.36 (compatible; Bytespider; spider-feedback@bytedance.com)"
156.59.198.135 - - [23/Oct/2023:13:38:31 +0200] "GET /renault.activities.at/htdocs/log/cron/system_mail_3115888.txt HTTP/1.0" 404 321 "http://212.69.160.11:443/renault.activities.at/htdocs/log/cron/" "Mozilla/5.0 (Linux; Android 5.0) AppleWebKit/537.36 (KHTML, like Gecko) Mobile Safari/537.36 (compatible; Bytespider; spider-feedback@bytedance.com)"
156.59.198.135 - - [23/Oct/2023:13:38:56 +0200] "GET /renault.activities.at/htdocs/log/cron/reminder_mailing_3115210.txt HTTP/1.0" 404 323 "http://212.69.160.11:443/renault.activities.at/htdocs/log/cron/" "Mozilla/5.0 (Linux; Android 5.0) AppleWebKit/537.36 (KHTML, like Gecko) Mobile Safari/537.36 (compatible; Bytespider; spider-feedback@bytedance.com)"
77.119.217.124 - - [23/Oct/2023:13:38:56 +0200] "GET /entry.php?id=10271&&ser=61076 HTTP/1.1" 200 986 "http://hausegger.activities.at/entry.php?id=10271&&ser=61016" "Mozilla/5.0 (Windows NT 10.0; Win64; x64; rv:109.0) Gecko/20100101 Firefox/118.0"
77.119.217.124 - - [23/Oct/2023:13:38:56 +0200] "GET /gui/javascript/form_form.js?1698061136 HTTP/1.1" 200 16206 "http://hausegger.activities.at/entry.php?id=10271&&ser=61076" "Mozilla/5.0 (Windows NT 10.0; Win64; x64; rv:109.0) Gecko/20100101 Firefox/118.0"
156.59.198.136 - - [23/Oct/2023:13:39:22 +0200] "GET /renault.activities.at/htdocs/log/cron/system_mail_3114979.txt HTTP/1.0" 404 321 "http://212.69.160.11:443/renault.activities.at/htdocs/log/cron/" "Mozilla/5.0 (Linux; Android 5.0) AppleWebKit/537.36 (KHTML, like Gecko) Mobile Safari/537.36 (compatible; Bytespider; spider-feedback@bytedance.com)"
74.82.47.5 - - [23/Oct/2023:13:39:26 +0200] "GET / HTTP/1.1" 200 274 "-" "Mozilla/5.0 (Windows NT 10.0; Win64; x64; rv:109.0) Gecko/20100101 Firefox/109.0"
156.59.198.136 - - [23/Oct/2023:13:39:47 +0200] "GET /renault.activities.at/htdocs/log/cron/system_mail_3116516.txt HTTP/1.0" 404 320 "http://212.69.160.11:443/renault.activities.at/htdocs/log/cron/" "Mozilla/5.0 (Linux; Android 5.0) AppleWebKit/537.36 (KHTML, like Gecko) Mobile Safari/537.36 (compatible; Bytespider; spider-feedback@bytedance.com)"
77.119.217.124 - - [23/Oct/2023:13:39:56 +0200] "GET /entry.php?id=10271&&ser=61136 HTTP/1.1" 200 986 "http://hausegger.activities.at/entry.php?id=10271&&ser=61076" "Mozilla/5.0 (Windows NT 10.0; Win64; x64; rv:109.0) Gecko/20100101 Firefox/118.0"
77.119.217.124 - - [23/Oct/2023:13:39:57 +0200] "GET /gui/javascript/form_form.js?1698061197 HTTP/1.1" 200 16206 "http://hausegger.activities.at/entry.php?id=10271&&ser=61136" "Mozilla/5.0 (Windows NT 10.0; Win64; x64; rv:109.0) Gecko/20100101 Firefox/118.0"
156.59.198.136 - - [23/Oct/2023:13:40:10 +0200] "GET /renault.activities.at/htdocs/log/cron/system_mail_3115979.txt HTTP/1.0" 404 321 "http://212.69.160.11:443/renault.activities.at/htdocs/log/cron/" "Mozilla/5.0 (Linux; Android 5.0) AppleWebKit/537.36 (KHTML, like Gecko) Mobile Safari/537.36 (compatible; Bytespider; spider-feedback@bytedance.com)"
156.59.198.135 - - [23/Oct/2023:13:40:35 +0200] "GET /renault.activities.at/htdocs/log/cron/system_mail_3115151.txt HTTP/1.0" 404 319 "http://212.69.160.11:443/renault.activities.at/htdocs/log/cron/" "Mozilla/5.0 (Linux; Android 5.0) AppleWebKit/537.36 (KHTML, like Gecko) Mobile Safari/537.36 (compatible; Bytespider; spider-feedback@bytedance.com)"
77.119.217.124 - - [23/Oct/2023:13:40:57 +0200] "GET /entry.php?id=10271&&ser=61197 HTTP/1.1" 200 986 "http://hausegger.activities.at/entry.php?id=10271&&ser=61136" "Mozilla/5.0 (Windows NT 10.0; Win64; x64; rv:109.0) Gecko/20100101 Firefox/118.0"
77.119.217.124 - - [23/Oct/2023:13:40:57 +0200] "GET /gui/javascript/form_form.js?1698061257 HTTP/1.1" 200 16206 "http://hausegger.activities.at/entry.php?id=10271&&ser=61197" "Mozilla/5.0 (Windows NT 10.0; Win64; x64; rv:109.0) Gecko/20100101 Firefox/118.0"
156.59.198.135 - - [23/Oct/2023:13:40:59 +0200] "GET /renault.activities.at/htdocs/log/cron/importLogisticData_3115570.txt HTTP/1.0" 404 325 "http://212.69.160.11:443/renault.activities.at/htdocs/log/cron/" "Mozilla/5.0 (Linux; Android 5.0) AppleWebKit/537.36 (KHTML, like Gecko) Mobile Safari/537.36 (compatible; Bytespider; spider-feedback@bytedance.com)"
156.59.198.135 - - [23/Oct/2023:13:41:24 +0200] "GET /renault.activities.at/htdocs/log/cron/autologout_3116014.txt HTTP/1.0" 404 318 "http://212.69.160.11:443/renault.activities.at/htdocs/log/cron/" "Mozilla/5.0 (Linux; Android 5.0) AppleWebKit/537.36 (KHTML, like Gecko) Mobile Safari/537.36 (compatible; Bytespider; spider-feedback@bytedance.com)"
156.59.198.136 - - [23/Oct/2023:13:41:48 +0200] "GET /renault.activities.at/htdocs/log/cron/reminder_mailing_3116254.txt HTTP/1.0" 404 323 "http://212.69.160.11:443/renault.activities.at/htdocs/log/cron/" "Mozilla/5.0 (Linux; Android 5.0) AppleWebKit/537.36 (KHTML, like Gecko) Mobile Safari/537.36 (compatible; Bytespider; spider-feedback@bytedance.com)"
74.82.47.5 - - [23/Oct/2023:13:41:50 +0200] "GET /favicon.ico HTTP/1.1" 404 284 "-" "Mozilla/5.0 (Windows NT 10.0; Win64; x64) AppleWebKit/537.36 (KHTML, like Gecko) Chrome/109.0.0.0 Safari/537.36 OPR/95.0.0.0"
77.119.217.124 - - [23/Oct/2023:13:41:57 +0200] "GET /entry.php?id=10271&&ser=61257 HTTP/1.1" 200 986 "http://hausegger.activities.at/entry.php?id=10271&&ser=61197" "Mozilla/5.0 (Windows NT 10.0; Win64; x64; rv:109.0) Gecko/20100101 Firefox/118.0"
77.119.217.124 - - [23/Oct/2023:13:41:57 +0200] "GET /gui/javascript/form_form.js?1698061317 HTTP/1.1" 200 16206 "http://hausegger.activities.at/entry.php?id=10271&&ser=61257" "Mozilla/5.0 (Windows NT 10.0; Win64; x64; rv:109.0) Gecko/20100101 Firefox/118.0"
156.59.198.135 - - [23/Oct/2023:13:42:14 +0200] "GET /renault.activities.at/htdocs/log/cron/shipp_Export_Data_3115604.txt HTTP/1.0" 404 325 "http://212.69.160.11:443/renault.activities.at/htdocs/log/cron/" "Mozilla/5.0 (Linux; Android 5.0) AppleWebKit/537.36 (KHTML, like Gecko) Mobile Safari/537.36 (compatible; Bytespider; spider-feedback@bytedance.com)"
156.59.198.136 - - [23/Oct/2023:13:42:38 +0200] "GET /renault.activities.at/htdocs/log/cron/importLogisticData_3116087.txt HTTP/1.0" 404 325 "http://212.69.160.11:443/renault.activities.at/htdocs/log/cron/" "Mozilla/5.0 (Linux; Android 5.0) AppleWebKit/537.36 (KHTML, like Gecko) Mobile Safari/537.36 (compatible; Bytespider; spider-feedback@bytedance.com)"
77.119.217.124 - - [23/Oct/2023:13:43:01 +0200] "GET /entry.php?id=10271&&ser=61317 HTTP/1.1" 200 986 "http://hausegger.activities.at/entry.php?id=10271&&ser=61257" "Mozilla/5.0 (Windows NT 10.0; Win64; x64; rv:109.0) Gecko/20100101 Firefox/118.0"
77.119.217.124 - - [23/Oct/2023:13:43:02 +0200] "GET /gui/javascript/form_form.js?1698061382 HTTP/1.1" 200 16206 "http://hausegger.activities.at/entry.php?id=10271&&ser=61317" "Mozilla/5.0 (Windows NT 10.0; Win64; x64; rv:109.0) Gecko/20100101 Firefox/118.0"
156.59.198.136 - - [23/Oct/2023:13:43:03 +0200] "GET /renault.activities.at/htdocs/export/txt/factura/FacturaExport20141128125841.txt HTTP/1.0" 404 327 "http://212.69.160.11:443/renault.activities.at/htdocs/export/txt/factura/FacturaExport20141128125841.txt" "Mozilla/5.0 (Linux; Android 5.0) AppleWebKit/537.36 (KHTML, like Gecko) Mobile Safari/537.36 (compatible; Bytespider; spider-feedback@bytedance.com)"
74.82.47.5 - - [23/Oct/2023:13:43:07 +0200] "GET /geoserver/web/ HTTP/1.1" 404 284 "-" "Mozilla/5.0 (Windows NT 10.0; Win64; x64; rv:109.0) Gecko/20100101 Firefox/109.0"
156.59.198.135 - - [23/Oct/2023:13:43:29 +0200] "GET /renault.activities.at/htdocs/log/cron/system_mail_3116129.txt HTTP/1.0" 404 320 "http://212.69.160.11:443/renault.activities.at/htdocs/log/cron/" "Mozilla/5.0 (Linux; Android 5.0) AppleWebKit/537.36 (KHTML, like Gecko) Mobile Safari/537.36 (compatible; Bytespider; spider-feedback@bytedance.com)"
156.59.198.135 - - [23/Oct/2023:13:43:52 +0200] "GET /renault.activities.at/htdocs/log/cron/shipp_Export_Data_3116417.txt HTTP/1.0" 404 325 "http://212.69.160.11:443/renault.activities.at/htdocs/log/cron/" "Mozilla/5.0 (Linux; Android 5.0) AppleWebKit/537.36 (KHTML, like Gecko) Mobile Safari/537.36 (compatible; Bytespider; spider-feedback@bytedance.com)"
77.119.217.124 - - [23/Oct/2023:13:44:02 +0200] "GET /entry.php?id=10271&&ser=61382 HTTP/1.1" 200 986 "http://hausegger.activities.at/entry.php?id=10271&&ser=61317" "Mozilla/5.0 (Windows NT 10.0; Win64; x64; rv:109.0) Gecko/20100101 Firefox/118.0"
77.119.217.124 - - [23/Oct/2023:13:44:02 +0200] "GET /gui/javascript/form_form.js?1698061442 HTTP/1.1" 200 16206 "http://hausegger.activities.at/entry.php?id=10271&&ser=61382" "Mozilla/5.0 (Windows NT 10.0; Win64; x64; rv:109.0) Gecko/20100101 Firefox/118.0"
156.59.198.136 - - [23/Oct/2023:13:44:18 +0200] "GET /renault.activities.at/htdocs/log/cron/reminder_mailing_3116290.txt HTTP/1.0" 404 323 "http://212.69.160.11:443/renault.activities.at/htdocs/log/cron/" "Mozilla/5.0 (Linux; Android 5.0) AppleWebKit/537.36 (KHTML, like Gecko) Mobile Safari/537.36 (compatible; Bytespider; spider-feedback@bytedance.com)"
156.59.198.136 - - [23/Oct/2023:13:44:45 +0200] "GET /renault.activities.at/htdocs/log/cron/shipp_Export_Data_3114856.txt HTTP/1.0" 404 325 "http://212.69.160.11:443/renault.activities.at/htdocs/log/cron/" "Mozilla/5.0 (Linux; Android 5.0) AppleWebKit/537.36 (KHTML, like Gecko) Mobile Safari/537.36 (compatible; Bytespider; spider-feedback@bytedance.com)"
77.119.217.124 - - [23/Oct/2023:13:45:02 +0200] "GET /entry.php?id=10271&&ser=61442 HTTP/1.1" 200 986 "http://hausegger.activities.at/entry.php?id=10271&&ser=61382" "Mozilla/5.0 (Windows NT 10.0; Win64; x64; rv:109.0) Gecko/20100101 Firefox/118.0"
77.119.217.124 - - [23/Oct/2023:13:45:02 +0200] "GET /gui/javascript/form_form.js?1698061502 HTTP/1.1" 200 16206 "http://hausegger.activities.at/entry.php?id=10271&&ser=61442" "Mozilla/5.0 (Windows NT 10.0; Win64; x64; rv:109.0) Gecko/20100101 Firefox/118.0"
156.59.198.136 - - [23/Oct/2023:13:45:10 +0200] "GET /renault.activities.at/htdocs/log/cron/reminder_mailing_3116241.txt HTTP/1.0" 404 323 "http://212.69.160.11:443/renault.activities.at/htdocs/log/cron/" "Mozilla/5.0 (Linux; Android 5.0) AppleWebKit/537.36 (KHTML, like Gecko) Mobile Safari/537.36 (compatible; Bytespider; spider-feedback@bytedance.com)"
156.59.198.136 - - [23/Oct/2023:13:45:33 +0200] "GET /renault.activities.at/htdocs/log/cron/shipp_Export_Data_3116378.txt HTTP/1.0" 404 325 "http://212.69.160.11:443/renault.activities.at/htdocs/log/cron/" "Mozilla/5.0 (Linux; Android 5.0) AppleWebKit/537.36 (KHTML, like Gecko) Mobile Safari/537.36 (compatible; Bytespider; spider-feedback@bytedance.com)"
95.214.55.115 - - [23/Oct/2023:13:45:37 +0200] "POST /boaform/admin/formLogin HTTP/1.1" 404 293 "http://212.69.160.11:80/admin/login.asp" "Mozilla/5.0 (X11; Ubuntu; Linux x86_64; rv:71.0) Gecko/20100101 Firefox/71.0"
156.59.198.136 - - [23/Oct/2023:13:45:58 +0200] "GET /renault.activities.at/htdocs/log/cron/system_mail_3116242.txt HTTP/1.0" 404 320 "http://212.69.160.11:443/renault.activities.at/htdocs/log/cron/" "Mozilla/5.0 (Linux; Android 5.0) AppleWebKit/537.36 (KHTML, like Gecko) Mobile Safari/537.36 (compatible; Bytespider; spider-feedback@bytedance.com)"
77.119.217.124 - - [23/Oct/2023:13:46:02 +0200] "GET /entry.php?id=10271&&ser=61502 HTTP/1.1" 200 986 "http://hausegger.activities.at/entry.php?id=10271&&ser=61442" "Mozilla/5.0 (Windows NT 10.0; Win64; x64; rv:109.0) Gecko/20100101 Firefox/118.0"
77.119.217.124 - - [23/Oct/2023:13:46:02 +0200] "GET /gui/javascript/form_form.js?1698061562 HTTP/1.1" 200 16206 "http://hausegger.activities.at/entry.php?id=10271&&ser=61502" "Mozilla/5.0 (Windows NT 10.0; Win64; x64; rv:109.0) Gecko/20100101 Firefox/118.0"
156.59.198.135 - - [23/Oct/2023:13:46:22 +0200] "GET /renault.activities.at/htdocs/log/cron/reminder_mailing_3115441.txt HTTP/1.0" 404 323 "http://212.69.160.11:443/renault.activities.at/htdocs/log/cron/" "Mozilla/5.0 (Linux; Android 5.0) AppleWebKit/537.36 (KHTML, like Gecko) Mobile Safari/537.36 (compatible; Bytespider; spider-feedback@bytedance.com)"
156.59.198.136 - - [23/Oct/2023:13:46:47 +0200] "GET /renault.activities.at/htdocs/log/cron/reminder_mailing_3115090.txt HTTP/1.0" 404 322 "http://212.69.160.11:443/renault.activities.at/htdocs/log/cron/" "Mozilla/5.0 (Linux; Android 5.0) AppleWebKit/537.36 (KHTML, like Gecko) Mobile Safari/537.36 (compatible; Bytespider; spider-feedback@bytedance.com)"
77.119.217.124 - - [23/Oct/2023:13:47:03 +0200] "GET /entry.php?id=10271&&ser=61562 HTTP/1.1" 200 986 "http://hausegger.activities.at/entry.php?id=10271&&ser=61502" "Mozilla/5.0 (Windows NT 10.0; Win64; x64; rv:109.0) Gecko/20100101 Firefox/118.0"
77.119.217.124 - - [23/Oct/2023:13:47:03 +0200] "GET /gui/javascript/form_form.js?1698061623 HTTP/1.1" 200 16206 "http://hausegger.activities.at/entry.php?id=10271&&ser=61562" "Mozilla/5.0 (Windows NT 10.0; Win64; x64; rv:109.0) Gecko/20100101 Firefox/118.0"
156.59.198.135 - - [23/Oct/2023:13:47:11 +0200] "GET /renault.activities.at/htdocs/log/cron/pickupLogisticData_3114889.txt HTTP/1.0" 404 325 "http://212.69.160.11:443/renault.activities.at/htdocs/log/cron/" "Mozilla/5.0 (Linux; Android 5.0) AppleWebKit/537.36 (KHTML, like Gecko) Mobile Safari/537.36 (compatible; Bytespider; spider-feedback@bytedance.com)"
156.59.198.135 - - [23/Oct/2023:13:47:36 +0200] "GET /renault.activities.at/htdocs/log/cron/system_mail_3114844.txt HTTP/1.0" 404 320 "http://212.69.160.11:443/renault.activities.at/htdocs/log/cron/" "Mozilla/5.0 (Linux; Android 5.0) AppleWebKit/537.36 (KHTML, like Gecko) Mobile Safari/537.36 (compatible; Bytespider; spider-feedback@bytedance.com)"
156.59.198.135 - - [23/Oct/2023:13:48:00 +0200] "GET /renault.activities.at/htdocs/log/cron/reminder_mailing_3116364.txt HTTP/1.0" 404 323 "http://212.69.160.11:443/renault.activities.at/htdocs/log/cron/" "Mozilla/5.0 (Linux; Android 5.0) AppleWebKit/537.36 (KHTML, like Gecko) Mobile Safari/537.36 (compatible; Bytespider; spider-feedback@bytedance.com)"
77.119.217.124 - - [23/Oct/2023:13:48:03 +0200] "GET /entry.php?id=10271&&ser=61623 HTTP/1.1" 200 986 "http://hausegger.activities.at/entry.php?id=10271&&ser=61562" "Mozilla/5.0 (Windows NT 10.0; Win64; x64; rv:109.0) Gecko/20100101 Firefox/118.0"
77.119.217.124 - - [23/Oct/2023:13:48:03 +0200] "GET /gui/javascript/form_form.js?1698061683 HTTP/1.1" 200 16206 "http://hausegger.activities.at/entry.php?id=10271&&ser=61623" "Mozilla/5.0 (Windows NT 10.0; Win64; x64; rv:109.0) Gecko/20100101 Firefox/118.0"
156.59.198.136 - - [23/Oct/2023:13:48:26 +0200] "GET /renault.activities.at/htdocs/log/cron/system_mail_3116213.txt HTTP/1.0" 404 320 "http://212.69.160.11:443/renault.activities.at/htdocs/log/cron/" "Mozilla/5.0 (Linux; Android 5.0) AppleWebKit/537.36 (KHTML, like Gecko) Mobile Safari/537.36 (compatible; Bytespider; spider-feedback@bytedance.com)"
156.59.198.136 - - [23/Oct/2023:13:48:49 +0200] "GET /renault.activities.at/htdocs/log/cron/reminder_mailing_3116033.txt HTTP/1.0" 404 323 "http://212.69.160.11:443/renault.activities.at/htdocs/log/cron/" "Mozilla/5.0 (Linux; Android 5.0) AppleWebKit/537.36 (KHTML, like Gecko) Mobile Safari/537.36 (compatible; Bytespider; spider-feedback@bytedance.com)"
77.119.217.124 - - [23/Oct/2023:13:49:03 +0200] "GET /entry.php?id=10271&&ser=61683 HTTP/1.1" 200 986 "http://hausegger.activities.at/entry.php?id=10271&&ser=61623" "Mozilla/5.0 (Windows NT 10.0; Win64; x64; rv:109.0) Gecko/20100101 Firefox/118.0"
77.119.217.124 - - [23/Oct/2023:13:49:03 +0200] "GET /gui/javascript/form_form.js?1698061743 HTTP/1.1" 200 16206 "http://hausegger.activities.at/entry.php?id=10271&&ser=61683" "Mozilla/5.0 (Windows NT 10.0; Win64; x64; rv:109.0) Gecko/20100101 Firefox/118.0"
156.59.198.136 - - [23/Oct/2023:13:49:14 +0200] "GET /renault.activities.at/htdocs/log/cron/pickupLogisticData_3116237.txt HTTP/1.0" 404 326 "http://212.69.160.11:443/renault.activities.at/htdocs/log/cron/" "Mozilla/5.0 (Linux; Android 5.0) AppleWebKit/537.36 (KHTML, like Gecko) Mobile Safari/537.36 (compatible; Bytespider; spider-feedback@bytedance.com)"
156.59.198.136 - - [23/Oct/2023:13:49:39 +0200] "GET /renault.activities.at/htdocs/log/cron/check_inventory_days_3116467.txt HTTP/1.0" 404 327 "http://212.69.160.11:443/renault.activities.at/htdocs/log/cron/" "Mozilla/5.0 (Linux; Android 5.0) AppleWebKit/537.36 (KHTML, like Gecko) Mobile Safari/537.36 (compatible; Bytespider; spider-feedback@bytedance.com)"
77.119.217.124 - - [23/Oct/2023:13:50:03 +0200] "GET /entry.php?id=10271&&ser=61743 HTTP/1.1" 200 986 "http://hausegger.activities.at/entry.php?id=10271&&ser=61683" "Mozilla/5.0 (Windows NT 10.0; Win64; x64; rv:109.0) Gecko/20100101 Firefox/118.0"
77.119.217.124 - - [23/Oct/2023:13:50:04 +0200] "GET /gui/javascript/form_form.js?1698061804 HTTP/1.1" 200 16206 "http://hausegger.activities.at/entry.php?id=10271&&ser=61743" "Mozilla/5.0 (Windows NT 10.0; Win64; x64; rv:109.0) Gecko/20100101 Firefox/118.0"
156.59.198.135 - - [23/Oct/2023:13:50:05 +0200] "GET /renault.activities.at/htdocs/log/cron/system_mail_3115054.txt HTTP/1.0" 404 320 "http://212.69.160.11:443/renault.activities.at/htdocs/log/cron/" "Mozilla/5.0 (Linux; Android 5.0) AppleWebKit/537.36 (KHTML, like Gecko) Mobile Safari/537.36 (compatible; Bytespider; spider-feedback@bytedance.com)"
156.59.198.135 - - [23/Oct/2023:13:50:28 +0200] "GET /renault.activities.at/htdocs/log/cron/reminder_mailing_3133235.txt HTTP/1.0" 404 324 "http://212.69.160.11:443/renault.activities.at/htdocs/log/cron/" "Mozilla/5.0 (Linux; Android 5.0) AppleWebKit/537.36 (KHTML, like Gecko) Mobile Safari/537.36 (compatible; Bytespider; spider-feedback@bytedance.com)"
156.59.198.135 - - [23/Oct/2023:13:50:54 +0200] "GET /renault.activities.at/htdocs/log/cron/system_mail_3115192.txt HTTP/1.0" 404 320 "http://212.69.160.11:443/renault.activities.at/htdocs/log/cron/" "Mozilla/5.0 (Linux; Android 5.0) AppleWebKit/537.36 (KHTML, like Gecko) Mobile Safari/537.36 (compatible; Bytespider; spider-feedback@bytedance.com)"
77.119.217.124 - - [23/Oct/2023:13:51:04 +0200] "GET /entry.php?id=10271&&ser=61804 HTTP/1.1" 200 986 "http://hausegger.activities.at/entry.php?id=10271&&ser=61743" "Mozilla/5.0 (Windows NT 10.0; Win64; x64; rv:109.0) Gecko/20100101 Firefox/118.0"
77.119.217.124 - - [23/Oct/2023:13:51:04 +0200] "GET /gui/javascript/form_form.js?1698061864 HTTP/1.1" 200 16206 "http://hausegger.activities.at/entry.php?id=10271&&ser=61804" "Mozilla/5.0 (Windows NT 10.0; Win64; x64; rv:109.0) Gecko/20100101 Firefox/118.0"
156.59.198.135 - - [23/Oct/2023:13:51:18 +0200] "GET /renault.activities.at/htdocs/log/cron/reminder_mailing_3114836.txt HTTP/1.0" 404 323 "http://212.69.160.11:443/renault.activities.at/htdocs/log/cron/" "Mozilla/5.0 (Linux; Android 5.0) AppleWebKit/537.36 (KHTML, like Gecko) Mobile Safari/537.36 (compatible; Bytespider; spider-feedback@bytedance.com)"
156.59.198.136 - - [23/Oct/2023:13:51:42 +0200] "GET /renault.activities.at/htdocs/log/cron/importLogisticData_3114931.txt HTTP/1.0" 404 324 "http://212.69.160.11:443/renault.activities.at/htdocs/log/cron/" "Mozilla/5.0 (Linux; Android 5.0) AppleWebKit/537.36 (KHTML, like Gecko) Mobile Safari/537.36 (compatible; Bytespider; spider-feedback@bytedance.com)"
77.119.217.124 - - [23/Oct/2023:13:52:04 +0200] "GET /entry.php?id=10271&&ser=61864 HTTP/1.1" 200 986 "http://hausegger.activities.at/entry.php?id=10271&&ser=61804" "Mozilla/5.0 (Windows NT 10.0; Win64; x64; rv:109.0) Gecko/20100101 Firefox/118.0"
77.119.217.124 - - [23/Oct/2023:13:52:04 +0200] "GET /gui/javascript/form_form.js?1698061924 HTTP/1.1" 200 16206 "http://hausegger.activities.at/entry.php?id=10271&&ser=61864" "Mozilla/5.0 (Windows NT 10.0; Win64; x64; rv:109.0) Gecko/20100101 Firefox/118.0"
156.59.198.135 - - [23/Oct/2023:13:52:07 +0200] "GET /renault.activities.at/htdocs/log/cron/reminder_mailing_3114947.txt HTTP/1.0" 404 323 "http://212.69.160.11:443/renault.activities.at/htdocs/log/cron/" "Mozilla/5.0 (Linux; Android 5.0) AppleWebKit/537.36 (KHTML, like Gecko) Mobile Safari/537.36 (compatible; Bytespider; spider-feedback@bytedance.com)"
156.59.198.135 - - [23/Oct/2023:13:52:31 +0200] "GET /renault.activities.at/htdocs/log/cron/system_mail_3115439.txt HTTP/1.0" 404 321 "http://212.69.160.11:443/renault.activities.at/htdocs/log/cron/" "Mozilla/5.0 (Linux; Android 5.0) AppleWebKit/537.36 (KHTML, like Gecko) Mobile Safari/537.36 (compatible; Bytespider; spider-feedback@bytedance.com)"
156.59.198.136 - - [23/Oct/2023:13:52:57 +0200] "GET /renault.activities.at/htdocs/log/cron/system_mail_3115208.txt HTTP/1.0" 404 321 "http://212.69.160.11:443/renault.activities.at/htdocs/log/cron/" "Mozilla/5.0 (Linux; Android 5.0) AppleWebKit/537.36 (KHTML, like Gecko) Mobile Safari/537.36 (compatible; Bytespider; spider-feedback@bytedance.com)"
77.119.217.124 - - [23/Oct/2023:13:53:04 +0200] "GET /entry.php?id=10271&&ser=61924 HTTP/1.1" 200 986 "http://hausegger.activities.at/entry.php?id=10271&&ser=61864" "Mozilla/5.0 (Windows NT 10.0; Win64; x64; rv:109.0) Gecko/20100101 Firefox/118.0"
77.119.217.124 - - [23/Oct/2023:13:53:04 +0200] "GET /gui/javascript/form_form.js?1698061984 HTTP/1.1" 200 16206 "http://hausegger.activities.at/entry.php?id=10271&&ser=61924" "Mozilla/5.0 (Windows NT 10.0; Win64; x64; rv:109.0) Gecko/20100101 Firefox/118.0"
156.59.198.136 - - [23/Oct/2023:13:53:21 +0200] "GET /renault.activities.at/htdocs/log/cron/shipp_Export_Data_3116196.txt HTTP/1.0" 404 325 "http://212.69.160.11:443/renault.activities.at/htdocs/log/cron/" "Mozilla/5.0 (Linux; Android 5.0) AppleWebKit/537.36 (KHTML, like Gecko) Mobile Safari/537.36 (compatible; Bytespider; spider-feedback@bytedance.com)"
156.59.198.135 - - [23/Oct/2023:13:53:46 +0200] "GET /renault.activities.at/htdocs/log/cron/system_mail_3115767.txt HTTP/1.0" 404 321 "http://212.69.160.11:443/renault.activities.at/htdocs/log/cron/" "Mozilla/5.0 (Linux; Android 5.0) AppleWebKit/537.36 (KHTML, like Gecko) Mobile Safari/537.36 (compatible; Bytespider; spider-feedback@bytedance.com)"
77.119.217.124 - - [23/Oct/2023:13:54:05 +0200] "GET /entry.php?id=10271&&ser=61984 HTTP/1.1" 200 986 "http://hausegger.activities.at/entry.php?id=10271&&ser=61924" "Mozilla/5.0 (Windows NT 10.0; Win64; x64; rv:109.0) Gecko/20100101 Firefox/118.0"
77.119.217.124 - - [23/Oct/2023:13:54:05 +0200] "GET /gui/javascript/form_form.js?1698062045 HTTP/1.1" 200 16206 "http://hausegger.activities.at/entry.php?id=10271&&ser=61984" "Mozilla/5.0 (Windows NT 10.0; Win64; x64; rv:109.0) Gecko/20100101 Firefox/118.0"
156.59.198.136 - - [23/Oct/2023:13:54:10 +0200] "GET /renault.activities.at/htdocs/log/cron/reminder_mailing_3114938.txt HTTP/1.0" 404 323 "http://212.69.160.11:443/renault.activities.at/htdocs/log/cron/" "Mozilla/5.0 (Linux; Android 5.0) AppleWebKit/537.36 (KHTML, like Gecko) Mobile Safari/537.36 (compatible; Bytespider; spider-feedback@bytedance.com)"
156.59.198.135 - - [23/Oct/2023:13:54:37 +0200] "GET /renault.activities.at/htdocs/log/cron/importLogisticData_3116009.txt HTTP/1.0" 404 324 "http://212.69.160.11:443/renault.activities.at/htdocs/log/cron/" "Mozilla/5.0 (Linux; Android 5.0) AppleWebKit/537.36 (KHTML, like Gecko) Mobile Safari/537.36 (compatible; Bytespider; spider-feedback@bytedance.com)"
156.59.198.136 - - [23/Oct/2023:13:55:00 +0200] "GET /renault.activities.at/htdocs/log/cron/reminder_mailing_3116182.txt HTTP/1.0" 404 323 "http://212.69.160.11:443/renault.activities.at/htdocs/log/cron/" "Mozilla/5.0 (Linux; Android 5.0) AppleWebKit/537.36 (KHTML, like Gecko) Mobile Safari/537.36 (compatible; Bytespider; spider-feedback@bytedance.com)"
77.119.217.124 - - [23/Oct/2023:13:55:09 +0200] "GET /entry.php?id=10271&&ser=62045 HTTP/1.1" 200 986 "http://hausegger.activities.at/entry.php?id=10271&&ser=61984" "Mozilla/5.0 (Windows NT 10.0; Win64; x64; rv:109.0) Gecko/20100101 Firefox/118.0"
77.119.217.124 - - [23/Oct/2023:13:55:09 +0200] "GET /gui/javascript/form_form.js?1698062109 HTTP/1.1" 200 16206 "http://hausegger.activities.at/entry.php?id=10271&&ser=62045" "Mozilla/5.0 (Windows NT 10.0; Win64; x64; rv:109.0) Gecko/20100101 Firefox/118.0"
156.59.198.135 - - [23/Oct/2023:13:55:25 +0200] "GET /renault.activities.at/htdocs/log/cron/shipp_Export_Data_3114978.txt HTTP/1.0" 404 325 "http://212.69.160.11:443/renault.activities.at/htdocs/log/cron/" "Mozilla/5.0 (Linux; Android 5.0) AppleWebKit/537.36 (KHTML, like Gecko) Mobile Safari/537.36 (compatible; Bytespider; spider-feedback@bytedance.com)"
95.214.55.115 - - [23/Oct/2023:13:55:49 +0200] "GET / HTTP/1.1" 200 274 "-" "Mozilla/5.0 (X11; Ubuntu; Linux x86_64; rv:76.0) Gecko/20100101 Firefox/76.0"
156.59.198.135 - - [23/Oct/2023:13:55:51 +0200] "GET /renault.activities.at/htdocs/log/cron/reminder_mailing_3115163.txt HTTP/1.0" 404 322 "http://212.69.160.11:443/renault.activities.at/htdocs/log/cron/" "Mozilla/5.0 (Linux; Android 5.0) AppleWebKit/537.36 (KHTML, like Gecko) Mobile Safari/537.36 (compatible; Bytespider; spider-feedback@bytedance.com)"
77.119.217.124 - - [23/Oct/2023:13:56:09 +0200] "GET /entry.php?id=10271&&ser=62109 HTTP/1.1" 200 985 "http://hausegger.activities.at/entry.php?id=10271&&ser=62045" "Mozilla/5.0 (Windows NT 10.0; Win64; x64; rv:109.0) Gecko/20100101 Firefox/118.0"
77.119.217.124 - - [23/Oct/2023:13:56:09 +0200] "GET /gui/javascript/form_form.js?1698062169 HTTP/1.1" 200 16206 "http://hausegger.activities.at/entry.php?id=10271&&ser=62109" "Mozilla/5.0 (Windows NT 10.0; Win64; x64; rv:109.0) Gecko/20100101 Firefox/118.0"
156.59.198.136 - - [23/Oct/2023:13:56:15 +0200] "GET /renault.activities.at/htdocs/log/cron/reminder_mailing_3116563.txt HTTP/1.0" 404 323 "http://212.69.160.11:443/renault.activities.at/htdocs/log/cron/" "Mozilla/5.0 (Linux; Android 5.0) AppleWebKit/537.36 (KHTML, like Gecko) Mobile Safari/537.36 (compatible; Bytespider; spider-feedback@bytedance.com)"
156.59.198.135 - - [23/Oct/2023:13:56:39 +0200] "GET /renault.activities.at/htdocs/log/cron/shipp_Export_Data_3116069.txt HTTP/1.0" 404 325 "http://212.69.160.11:443/renault.activities.at/htdocs/log/cron/" "Mozilla/5.0 (Linux; Android 5.0) AppleWebKit/537.36 (KHTML, like Gecko) Mobile Safari/537.36 (compatible; Bytespider; spider-feedback@bytedance.com)"
156.59.198.135 - - [23/Oct/2023:13:57:03 +0200] "GET /renault.activities.at/htdocs/log/cron/autologout_3115040.txt HTTP/1.0" 404 318 "http://212.69.160.11:443/renault.activities.at/htdocs/log/cron/" "Mozilla/5.0 (Linux; Android 5.0) AppleWebKit/537.36 (KHTML, like Gecko) Mobile Safari/537.36 (compatible; Bytespider; spider-feedback@bytedance.com)"
77.119.217.124 - - [23/Oct/2023:13:57:10 +0200] "GET /entry.php?id=10271&&ser=62169 HTTP/1.1" 200 986 "http://hausegger.activities.at/entry.php?id=10271&&ser=62109" "Mozilla/5.0 (Windows NT 10.0; Win64; x64; rv:109.0) Gecko/20100101 Firefox/118.0"
77.119.217.124 - - [23/Oct/2023:13:57:10 +0200] "GET /gui/javascript/form_form.js?1698062230 HTTP/1.1" 200 16206 "http://hausegger.activities.at/entry.php?id=10271&&ser=62169" "Mozilla/5.0 (Windows NT 10.0; Win64; x64; rv:109.0) Gecko/20100101 Firefox/118.0"
156.59.198.136 - - [23/Oct/2023:13:57:28 +0200] "GET /renault.activities.at/htdocs/log/cron/reminder_mailing_3115238.txt HTTP/1.0" 404 323 "http://212.69.160.11:443/renault.activities.at/htdocs/log/cron/" "Mozilla/5.0 (Linux; Android 5.0) AppleWebKit/537.36 (KHTML, like Gecko) Mobile Safari/537.36 (compatible; Bytespider; spider-feedback@bytedance.com)"
156.59.198.136 - - [23/Oct/2023:13:57:53 +0200] "GET /renault.activities.at/htdocs/log/cron/exportXML_3115317.txt HTTP/1.0" 404 320 "http://212.69.160.11:443/renault.activities.at/htdocs/log/cron/" "Mozilla/5.0 (Linux; Android 5.0) AppleWebKit/537.36 (KHTML, like Gecko) Mobile Safari/537.36 (compatible; Bytespider; spider-feedback@bytedance.com)"
77.119.217.124 - - [23/Oct/2023:13:58:10 +0200] "GET /entry.php?id=10271&&ser=62230 HTTP/1.1" 200 986 "http://hausegger.activities.at/entry.php?id=10271&&ser=62169" "Mozilla/5.0 (Windows NT 10.0; Win64; x64; rv:109.0) Gecko/20100101 Firefox/118.0"
77.119.217.124 - - [23/Oct/2023:13:58:10 +0200] "GET /gui/javascript/form_form.js?1698062290 HTTP/1.1" 200 16206 "http://hausegger.activities.at/entry.php?id=10271&&ser=62230" "Mozilla/5.0 (Windows NT 10.0; Win64; x64; rv:109.0) Gecko/20100101 Firefox/118.0"
156.59.198.135 - - [23/Oct/2023:13:58:17 +0200] "GET /renault.activities.at/htdocs/log/cron/shipp_Export_Data_3116121.txt HTTP/1.0" 404 324 "http://212.69.160.11:443/renault.activities.at/htdocs/log/cron/" "Mozilla/5.0 (Linux; Android 5.0) AppleWebKit/537.36 (KHTML, like Gecko) Mobile Safari/537.36 (compatible; Bytespider; spider-feedback@bytedance.com)"
156.59.198.136 - - [23/Oct/2023:13:58:42 +0200] "GET /renault.activities.at/htdocs/log/cron/exportXML_3116322.txt HTTP/1.0" 404 320 "http://212.69.160.11:443/renault.activities.at/htdocs/log/cron/" "Mozilla/5.0 (Linux; Android 5.0) AppleWebKit/537.36 (KHTML, like Gecko) Mobile Safari/537.36 (compatible; Bytespider; spider-feedback@bytedance.com)"
156.59.198.135 - - [23/Oct/2023:13:59:06 +0200] "GET /renault.activities.at/htdocs/log/cron/system_mail_3116220.txt HTTP/1.0" 404 320 "http://212.69.160.11:443/renault.activities.at/htdocs/log/cron/" "Mozilla/5.0 (Linux; Android 5.0) AppleWebKit/537.36 (KHTML, like Gecko) Mobile Safari/537.36 (compatible; Bytespider; spider-feedback@bytedance.com)"
77.119.217.124 - - [23/Oct/2023:13:59:10 +0200] "GET /entry.php?id=10271&&ser=62290 HTTP/1.1" 200 986 "http://hausegger.activities.at/entry.php?id=10271&&ser=62230" "Mozilla/5.0 (Windows NT 10.0; Win64; x64; rv:109.0) Gecko/20100101 Firefox/118.0"
77.119.217.124 - - [23/Oct/2023:13:59:10 +0200] "GET /gui/javascript/form_form.js?1698062350 HTTP/1.1" 200 16206 "http://hausegger.activities.at/entry.php?id=10271&&ser=62290" "Mozilla/5.0 (Windows NT 10.0; Win64; x64; rv:109.0) Gecko/20100101 Firefox/118.0"
156.59.198.136 - - [23/Oct/2023:13:59:30 +0200] "GET /renault.activities.at/htdocs/log/cron/exportXML_3114774.txt HTTP/1.0" 404 320 "http://212.69.160.11:443/renault.activities.at/htdocs/log/cron/" "Mozilla/5.0 (Linux; Android 5.0) AppleWebKit/537.36 (KHTML, like Gecko) Mobile Safari/537.36 (compatible; Bytespider; spider-feedback@bytedance.com)"
156.59.198.135 - - [23/Oct/2023:13:59:55 +0200] "GET /renault.activities.at/htdocs/log/cron/system_mail_3115390.txt HTTP/1.0" 404 320 "http://212.69.160.11:443/renault.activities.at/htdocs/log/cron/" "Mozilla/5.0 (Linux; Android 5.0) AppleWebKit/537.36 (KHTML, like Gecko) Mobile Safari/537.36 (compatible; Bytespider; spider-feedback@bytedance.com)"
77.119.217.124 - - [23/Oct/2023:14:00:10 +0200] "GET /entry.php?id=10271&&ser=62350 HTTP/1.1" 200 986 "http://hausegger.activities.at/entry.php?id=10271&&ser=62290" "Mozilla/5.0 (Windows NT 10.0; Win64; x64; rv:109.0) Gecko/20100101 Firefox/118.0"
77.119.217.124 - - [23/Oct/2023:14:00:11 +0200] "GET /gui/javascript/form_form.js?1698062411 HTTP/1.1" 200 16206 "http://hausegger.activities.at/entry.php?id=10271&&ser=62350" "Mozilla/5.0 (Windows NT 10.0; Win64; x64; rv:109.0) Gecko/20100101 Firefox/118.0"
156.59.198.135 - - [23/Oct/2023:14:00:19 +0200] "GET /renault.activities.at/htdocs/log/cron/system_mail_3115849.txt HTTP/1.0" 404 320 "http://212.69.160.11:443/renault.activities.at/htdocs/log/cron/" "Mozilla/5.0 (Linux; Android 5.0) AppleWebKit/537.36 (KHTML, like Gecko) Mobile Safari/537.36 (compatible; Bytespider; spider-feedback@bytedance.com)"
156.59.198.135 - - [23/Oct/2023:14:00:44 +0200] "GET /renault.activities.at/htdocs/log/cron/system_mail_3115728.txt HTTP/1.0" 404 320 "http://212.69.160.11:443/renault.activities.at/htdocs/log/cron/" "Mozilla/5.0 (Linux; Android 5.0) AppleWebKit/537.36 (KHTML, like Gecko) Mobile Safari/537.36 (compatible; Bytespider; spider-feedback@bytedance.com)"
156.59.198.135 - - [23/Oct/2023:14:01:09 +0200] "GET /renault.activities.at/htdocs/log/cron/reminder_mailing_3115912.txt HTTP/1.0" 404 322 "http://212.69.160.11:443/renault.activities.at/htdocs/log/cron/" "Mozilla/5.0 (Linux; Android 5.0) AppleWebKit/537.36 (KHTML, like Gecko) Mobile Safari/537.36 (compatible; Bytespider; spider-feedback@bytedance.com)"
77.119.217.124 - - [23/Oct/2023:14:01:11 +0200] "GET /entry.php?id=10271&&ser=62411 HTTP/1.1" 200 986 "http://hausegger.activities.at/entry.php?id=10271&&ser=62350" "Mozilla/5.0 (Windows NT 10.0; Win64; x64; rv:109.0) Gecko/20100101 Firefox/118.0"
77.119.217.124 - - [23/Oct/2023:14:01:11 +0200] "GET /gui/javascript/form_form.js?1698062471 HTTP/1.1" 200 16206 "http://hausegger.activities.at/entry.php?id=10271&&ser=62411" "Mozilla/5.0 (Windows NT 10.0; Win64; x64; rv:109.0) Gecko/20100101 Firefox/118.0"
156.59.198.135 - - [23/Oct/2023:14:01:33 +0200] "GET /renault.activities.at/htdocs/log/cron/check_inventory_days_3115503.txt HTTP/1.0" 404 326 "http://212.69.160.11:443/renault.activities.at/htdocs/log/cron/" "Mozilla/5.0 (Linux; Android 5.0) AppleWebKit/537.36 (KHTML, like Gecko) Mobile Safari/537.36 (compatible; Bytespider; spider-feedback@bytedance.com)"
156.59.198.136 - - [23/Oct/2023:14:01:57 +0200] "GET /renault.activities.at/htdocs/log/cron/autologout_3116132.txt HTTP/1.0" 404 318 "http://212.69.160.11:443/renault.activities.at/htdocs/log/cron/" "Mozilla/5.0 (Linux; Android 5.0) AppleWebKit/537.36 (KHTML, like Gecko) Mobile Safari/537.36 (compatible; Bytespider; spider-feedback@bytedance.com)"
77.119.217.124 - - [23/Oct/2023:14:02:11 +0200] "GET /entry.php?id=10271&&ser=62471 HTTP/1.1" 200 986 "http://hausegger.activities.at/entry.php?id=10271&&ser=62411" "Mozilla/5.0 (Windows NT 10.0; Win64; x64; rv:109.0) Gecko/20100101 Firefox/118.0"
77.119.217.124 - - [23/Oct/2023:14:02:11 +0200] "GET /gui/javascript/form_form.js?1698062531 HTTP/1.1" 200 16206 "http://hausegger.activities.at/entry.php?id=10271&&ser=62471" "Mozilla/5.0 (Windows NT 10.0; Win64; x64; rv:109.0) Gecko/20100101 Firefox/118.0"
156.59.198.135 - - [23/Oct/2023:14:02:21 +0200] "GET /renault.activities.at/htdocs/log/cron/reminder_mailing_3114867.txt HTTP/1.0" 404 323 "http://212.69.160.11:443/renault.activities.at/htdocs/log/cron/" "Mozilla/5.0 (Linux; Android 5.0) AppleWebKit/537.36 (KHTML, like Gecko) Mobile Safari/537.36 (compatible; Bytespider; spider-feedback@bytedance.com)"
156.59.198.135 - - [23/Oct/2023:14:02:46 +0200] "GET /renault.activities.at/htdocs/log/cron/reminder_mailing_3115668.txt HTTP/1.0" 404 323 "http://212.69.160.11:443/renault.activities.at/htdocs/log/cron/" "Mozilla/5.0 (Linux; Android 5.0) AppleWebKit/537.36 (KHTML, like Gecko) Mobile Safari/537.36 (compatible; Bytespider; spider-feedback@bytedance.com)"
156.59.198.136 - - [23/Oct/2023:14:03:11 +0200] "GET /renault.activities.at/htdocs/log/cron/system_mail_3116034.txt HTTP/1.0" 404 320 "http://212.69.160.11:443/renault.activities.at/htdocs/log/cron/" "Mozilla/5.0 (Linux; Android 5.0) AppleWebKit/537.36 (KHTML, like Gecko) Mobile Safari/537.36 (compatible; Bytespider; spider-feedback@bytedance.com)"
77.119.217.124 - - [23/Oct/2023:14:03:11 +0200] "GET /entry.php?id=10271&&ser=62531 HTTP/1.1" 200 986 "http://hausegger.activities.at/entry.php?id=10271&&ser=62471" "Mozilla/5.0 (Windows NT 10.0; Win64; x64; rv:109.0) Gecko/20100101 Firefox/118.0"
77.119.217.124 - - [23/Oct/2023:14:03:12 +0200] "GET /gui/javascript/form_form.js?1698062591 HTTP/1.1" 200 16206 "http://hausegger.activities.at/entry.php?id=10271&&ser=62531" "Mozilla/5.0 (Windows NT 10.0; Win64; x64; rv:109.0) Gecko/20100101 Firefox/118.0"
156.59.198.136 - - [23/Oct/2023:14:03:35 +0200] "GET /renault.activities.at/htdocs/log/cron/system_mail_3116551.txt HTTP/1.0" 404 320 "http://212.69.160.11:443/renault.activities.at/htdocs/log/cron/" "Mozilla/5.0 (Linux; Android 5.0) AppleWebKit/537.36 (KHTML, like Gecko) Mobile Safari/537.36 (compatible; Bytespider; spider-feedback@bytedance.com)"
156.59.198.136 - - [23/Oct/2023:14:04:00 +0200] "GET /renault.activities.at/htdocs/log/cron/importLogisticData_3115469.txt HTTP/1.0" 404 324 "http://212.69.160.11:443/renault.activities.at/htdocs/log/cron/" "Mozilla/5.0 (Linux; Android 5.0) AppleWebKit/537.36 (KHTML, like Gecko) Mobile Safari/537.36 (compatible; Bytespider; spider-feedback@bytedance.com)"
77.119.217.124 - - [23/Oct/2023:14:04:12 +0200] "GET /entry.php?id=10271&&ser=62591 HTTP/1.1" 200 986 "http://hausegger.activities.at/entry.php?id=10271&&ser=62531" "Mozilla/5.0 (Windows NT 10.0; Win64; x64; rv:109.0) Gecko/20100101 Firefox/118.0"
77.119.217.124 - - [23/Oct/2023:14:04:12 +0200] "GET /gui/javascript/form_form.js?1698062652 HTTP/1.1" 200 16206 "http://hausegger.activities.at/entry.php?id=10271&&ser=62591" "Mozilla/5.0 (Windows NT 10.0; Win64; x64; rv:109.0) Gecko/20100101 Firefox/118.0"
156.59.198.135 - - [23/Oct/2023:14:04:24 +0200] "GET /renault.activities.at/htdocs/log/cron/reminder_mailing_3115701.txt HTTP/1.0" 404 323 "http://212.69.160.11:443/renault.activities.at/htdocs/log/cron/" "Mozilla/5.0 (Linux; Android 5.0) AppleWebKit/537.36 (KHTML, like Gecko) Mobile Safari/537.36 (compatible; Bytespider; spider-feedback@bytedance.com)"
156.59.198.136 - - [23/Oct/2023:14:04:49 +0200] "GET /renault.activities.at/htdocs/log/cron/importLogisticData_3115905.txt HTTP/1.0" 404 324 "http://212.69.160.11:443/renault.activities.at/htdocs/log/cron/" "Mozilla/5.0 (Linux; Android 5.0) AppleWebKit/537.36 (KHTML, like Gecko) Mobile Safari/537.36 (compatible; Bytespider; spider-feedback@bytedance.com)"
77.119.217.124 - - [23/Oct/2023:14:05:12 +0200] "GET /entry.php?id=10271&&ser=62652 HTTP/1.1" 200 986 "http://hausegger.activities.at/entry.php?id=10271&&ser=62591" "Mozilla/5.0 (Windows NT 10.0; Win64; x64; rv:109.0) Gecko/20100101 Firefox/118.0"
77.119.217.124 - - [23/Oct/2023:14:05:12 +0200] "GET /gui/javascript/form_form.js?1698062712 HTTP/1.1" 200 16206 "http://hausegger.activities.at/entry.php?id=10271&&ser=62652" "Mozilla/5.0 (Windows NT 10.0; Win64; x64; rv:109.0) Gecko/20100101 Firefox/118.0"
156.59.198.136 - - [23/Oct/2023:14:05:13 +0200] "GET /renault.activities.at/htdocs/log/cron/pickupLogisticData_3115162.txt HTTP/1.0" 404 325 "http://212.69.160.11:443/renault.activities.at/htdocs/log/cron/" "Mozilla/5.0 (Linux; Android 5.0) AppleWebKit/537.36 (KHTML, like Gecko) Mobile Safari/537.36 (compatible; Bytespider; spider-feedback@bytedance.com)"
156.59.198.135 - - [23/Oct/2023:14:05:38 +0200] "GET /renault.activities.at/htdocs/log/cron/reminder_mailing_3115929.txt HTTP/1.0" 404 323 "http://212.69.160.11:443/renault.activities.at/htdocs/log/cron/" "Mozilla/5.0 (Linux; Android 5.0) AppleWebKit/537.36 (KHTML, like Gecko) Mobile Safari/537.36 (compatible; Bytespider; spider-feedback@bytedance.com)"
156.59.198.135 - - [23/Oct/2023:14:06:02 +0200] "GET /renault.activities.at/htdocs/log/cron/reminder_mailing_3115116.txt HTTP/1.0" 404 323 "http://212.69.160.11:443/renault.activities.at/htdocs/log/cron/" "Mozilla/5.0 (Linux; Android 5.0) AppleWebKit/537.36 (KHTML, like Gecko) Mobile Safari/537.36 (compatible; Bytespider; spider-feedback@bytedance.com)"
77.119.217.124 - - [23/Oct/2023:14:06:12 +0200] "GET /entry.php?id=10271&&ser=62712 HTTP/1.1" 200 986 "http://hausegger.activities.at/entry.php?id=10271&&ser=62652" "Mozilla/5.0 (Windows NT 10.0; Win64; x64; rv:109.0) Gecko/20100101 Firefox/118.0"
77.119.217.124 - - [23/Oct/2023:14:06:12 +0200] "GET /gui/javascript/form_form.js?1698062772 HTTP/1.1" 200 16206 "http://hausegger.activities.at/entry.php?id=10271&&ser=62712" "Mozilla/5.0 (Windows NT 10.0; Win64; x64; rv:109.0) Gecko/20100101 Firefox/118.0"
