156.59.198.136 - - [23/Oct/2023:12:37:41 +0200] "GET /renault.activities.at/htdocs/log/cron/reminder_mailing_3115072.txt HTTP/1.0" 404 324 "http://212.69.160.11:443/renault.activities.at/htdocs/log/cron/" "Mozilla/5.0 (Linux; Android 5.0) AppleWebKit/537.36 (KHTML, like Gecko) Mobile Safari/537.36 (compatible; Bytespider; spider-feedback@bytedance.com)"
77.119.217.124 - - [23/Oct/2023:12:38:00 +0200] "GET /entry.php?id=10271&&ser=57419 HTTP/1.1" 200 986 "http://hausegger.activities.at/entry.php?id=10271&&ser=57359" "Mozilla/5.0 (Windows NT 10.0; Win64; x64; rv:109.0) Gecko/20100101 Firefox/118.0"
77.119.217.124 - - [23/Oct/2023:12:38:00 +0200] "GET /gui/javascript/form_form.js?1698057480 HTTP/1.1" 200 16206 "http://hausegger.activities.at/entry.php?id=10271&&ser=57419" "Mozilla/5.0 (Windows NT 10.0; Win64; x64; rv:109.0) Gecko/20100101 Firefox/118.0"
156.59.198.136 - - [23/Oct/2023:12:38:05 +0200] "GET /renault.activities.at/htdocs/log/cron/reminder_mailing_3116306.txt HTTP/1.0" 404 323 "http://212.69.160.11:443/renault.activities.at/htdocs/log/cron/" "Mozilla/5.0 (Linux; Android 5.0) AppleWebKit/537.36 (KHTML, like Gecko) Mobile Safari/537.36 (compatible; Bytespider; spider-feedback@bytedance.com)"
156.59.198.136 - - [23/Oct/2023:12:38:31 +0200] "GET /renault.activities.at/htdocs/log/cron/system_mail_3114885.txt HTTP/1.0" 404 320 "http://212.69.160.11:443/renault.activities.at/htdocs/log/cron/" "Mozilla/5.0 (Linux; Android 5.0) AppleWebKit/537.36 (KHTML, like Gecko) Mobile Safari/537.36 (compatible; Bytespider; spider-feedback@bytedance.com)"
156.59.198.135 - - [23/Oct/2023:12:38:56 +0200] "GET /renault.activities.at/htdocs/log/cron/exportXML_3114813.txt HTTP/1.0" 404 319 "http://212.69.160.11:443/renault.activities.at/htdocs/log/cron/" "Mozilla/5.0 (Linux; Android 5.0) AppleWebKit/537.36 (KHTML, like Gecko) Mobile Safari/537.36 (compatible; Bytespider; spider-feedback@bytedance.com)"
77.119.217.124 - - [23/Oct/2023:12:39:00 +0200] "GET /entry.php?id=10271&&ser=57480 HTTP/1.1" 200 986 "http://hausegger.activities.at/entry.php?id=10271&&ser=57419" "Mozilla/5.0 (Windows NT 10.0; Win64; x64; rv:109.0) Gecko/20100101 Firefox/118.0"
77.119.217.124 - - [23/Oct/2023:12:39:00 +0200] "GET /gui/javascript/form_form.js?1698057540 HTTP/1.1" 200 16206 "http://hausegger.activities.at/entry.php?id=10271&&ser=57480" "Mozilla/5.0 (Windows NT 10.0; Win64; x64; rv:109.0) Gecko/20100101 Firefox/118.0"
156.59.198.136 - - [23/Oct/2023:12:39:20 +0200] "GET /renault.activities.at/htdocs/log/cron/reminder_mailing_3115127.txt HTTP/1.0" 404 323 "http://212.69.160.11:443/renault.activities.at/htdocs/log/cron/" "Mozilla/5.0 (Linux; Android 5.0) AppleWebKit/537.36 (KHTML, like Gecko) Mobile Safari/537.36 (compatible; Bytespider; spider-feedback@bytedance.com)"
156.59.198.136 - - [23/Oct/2023:12:39:44 +0200] "GET /renault.activities.at/htdocs/log/cron/reminder_mailing_3115854.txt HTTP/1.0" 404 323 "http://212.69.160.11:443/renault.activities.at/htdocs/log/cron/" "Mozilla/5.0 (Linux; Android 5.0) AppleWebKit/537.36 (KHTML, like Gecko) Mobile Safari/537.36 (compatible; Bytespider; spider-feedback@bytedance.com)"
83.97.73.87 - - [23/Oct/2023:12:39:56 +0200] "GET /actuator/gateway/routes HTTP/1.1" 404 293 "-" "Mozilla/5.0 (Windows NT 10.0; Win64; x64) AppleWebKit/537.36 (KHTML, like Gecko) Chrome/78.0.3904.108 Safari/537.36"
77.119.217.124 - - [23/Oct/2023:12:40:00 +0200] "GET /entry.php?id=10271&&ser=57540 HTTP/1.1" 200 986 "http://hausegger.activities.at/entry.php?id=10271&&ser=57480" "Mozilla/5.0 (Windows NT 10.0; Win64; x64; rv:109.0) Gecko/20100101 Firefox/118.0"
77.119.217.124 - - [23/Oct/2023:12:40:00 +0200] "GET /gui/javascript/form_form.js?1698057600 HTTP/1.1" 200 16206 "http://hausegger.activities.at/entry.php?id=10271&&ser=57540" "Mozilla/5.0 (Windows NT 10.0; Win64; x64; rv:109.0) Gecko/20100101 Firefox/118.0"
156.59.198.136 - - [23/Oct/2023:12:40:09 +0200] "GET /renault.activities.at/htdocs/log/cron/reminder_mailing_3116351.txt HTTP/1.0" 404 322 "http://212.69.160.11:443/renault.activities.at/htdocs/log/cron/" "Mozilla/5.0 (Linux; Android 5.0) AppleWebKit/537.36 (KHTML, like Gecko) Mobile Safari/537.36 (compatible; Bytespider; spider-feedback@bytedance.com)"
156.59.198.136 - - [23/Oct/2023:12:40:33 +0200] "GET /renault.activities.at/htdocs/log/cron/check_inventory_days_3116468.txt HTTP/1.0" 404 327 "http://212.69.160.11:443/renault.activities.at/htdocs/log/cron/" "Mozilla/5.0 (Linux; Android 5.0) AppleWebKit/537.36 (KHTML, like Gecko) Mobile Safari/537.36 (compatible; Bytespider; spider-feedback@bytedance.com)"
156.59.198.136 - - [23/Oct/2023:12:40:58 +0200] "GET /renault.activities.at/htdocs/log/cron/reminder_mailing_3115789.txt HTTP/1.0" 404 323 "http://212.69.160.11:443/renault.activities.at/htdocs/log/cron/" "Mozilla/5.0 (Linux; Android 5.0) AppleWebKit/537.36 (KHTML, like Gecko) Mobile Safari/537.36 (compatible; Bytespider; spider-feedback@bytedance.com)"
77.119.217.124 - - [23/Oct/2023:12:41:00 +0200] "GET /entry.php?id=10271&&ser=57600 HTTP/1.1" 200 987 "http://hausegger.activities.at/entry.php?id=10271&&ser=57540" "Mozilla/5.0 (Windows NT 10.0; Win64; x64; rv:109.0) Gecko/20100101 Firefox/118.0"
77.119.217.124 - - [23/Oct/2023:12:41:01 +0200] "GET /gui/javascript/form_form.js?1698057661 HTTP/1.1" 200 16206 "http://hausegger.activities.at/entry.php?id=10271&&ser=57600" "Mozilla/5.0 (Windows NT 10.0; Win64; x64; rv:109.0) Gecko/20100101 Firefox/118.0"
156.59.198.135 - - [23/Oct/2023:12:41:23 +0200] "GET /renault.activities.at/htdocs/log/cron/system_mail_3115937.txt HTTP/1.0" 404 321 "http://212.69.160.11:443/renault.activities.at/htdocs/log/cron/" "Mozilla/5.0 (Linux; Android 5.0) AppleWebKit/537.36 (KHTML, like Gecko) Mobile Safari/537.36 (compatible; Bytespider; spider-feedback@bytedance.com)"
156.59.198.136 - - [23/Oct/2023:12:41:49 +0200] "GET /renault.activities.at/htdocs/log/cron/minimum_stock_3115484.txt HTTP/1.0" 404 323 "http://212.69.160.11:443/renault.activities.at/htdocs/log/cron/" "Mozilla/5.0 (Linux; Android 5.0) AppleWebKit/537.36 (KHTML, like Gecko) Mobile Safari/537.36 (compatible; Bytespider; spider-feedback@bytedance.com)"
77.119.217.124 - - [23/Oct/2023:12:42:01 +0200] "GET /entry.php?id=10271&&ser=57660 HTTP/1.1" 200 986 "http://hausegger.activities.at/entry.php?id=10271&&ser=57600" "Mozilla/5.0 (Windows NT 10.0; Win64; x64; rv:109.0) Gecko/20100101 Firefox/118.0"
77.119.217.124 - - [23/Oct/2023:12:42:01 +0200] "GET /gui/javascript/form_form.js?1698057721 HTTP/1.1" 200 16206 "http://hausegger.activities.at/entry.php?id=10271&&ser=57660" "Mozilla/5.0 (Windows NT 10.0; Win64; x64; rv:109.0) Gecko/20100101 Firefox/118.0"
156.59.198.135 - - [23/Oct/2023:12:42:13 +0200] "GET /renault.activities.at/htdocs/log/cron/reminder_mailing_3115772.txt HTTP/1.0" 404 323 "http://212.69.160.11:443/renault.activities.at/htdocs/log/cron/" "Mozilla/5.0 (Linux; Android 5.0) AppleWebKit/537.36 (KHTML, like Gecko) Mobile Safari/537.36 (compatible; Bytespider; spider-feedback@bytedance.com)"
156.59.198.136 - - [23/Oct/2023:12:42:37 +0200] "GET /renault.activities.at/htdocs/log/cron/pickupLogisticData_3115401.txt HTTP/1.0" 404 325 "http://212.69.160.11:443/renault.activities.at/htdocs/log/cron/" "Mozilla/5.0 (Linux; Android 5.0) AppleWebKit/537.36 (KHTML, like Gecko) Mobile Safari/537.36 (compatible; Bytespider; spider-feedback@bytedance.com)"
77.119.217.124 - - [23/Oct/2023:12:43:01 +0200] "GET /entry.php?id=10271&&ser=57721 HTTP/1.1" 200 986 "http://hausegger.activities.at/entry.php?id=10271&&ser=57660" "Mozilla/5.0 (Windows NT 10.0; Win64; x64; rv:109.0) Gecko/20100101 Firefox/118.0"
77.119.217.124 - - [23/Oct/2023:12:43:01 +0200] "GET /gui/javascript/form_form.js?1698057781 HTTP/1.1" 200 16206 "http://hausegger.activities.at/entry.php?id=10271&&ser=57721" "Mozilla/5.0 (Windows NT 10.0; Win64; x64; rv:109.0) Gecko/20100101 Firefox/118.0"
156.59.198.136 - - [23/Oct/2023:12:43:02 +0200] "GET /renault.activities.at/htdocs/log/cron/pickupLogisticData_3115541.txt HTTP/1.0" 404 325 "http://212.69.160.11:443/renault.activities.at/htdocs/log/cron/" "Mozilla/5.0 (Linux; Android 5.0) AppleWebKit/537.36 (KHTML, like Gecko) Mobile Safari/537.36 (compatible; Bytespider; spider-feedback@bytedance.com)"
156.59.198.136 - - [23/Oct/2023:12:43:26 +0200] "GET /renault.activities.at/htdocs/log/cron/pickupLogisticData_3116315.txt HTTP/1.0" 404 325 "http://212.69.160.11:443/renault.activities.at/htdocs/log/cron/" "Mozilla/5.0 (Linux; Android 5.0) AppleWebKit/537.36 (KHTML, like Gecko) Mobile Safari/537.36 (compatible; Bytespider; spider-feedback@bytedance.com)"
156.59.198.135 - - [23/Oct/2023:12:43:50 +0200] "GET /renault.activities.at/htdocs/log/cron/autologout_3116336.txt HTTP/1.0" 404 318 "http://212.69.160.11:443/renault.activities.at/htdocs/log/cron/" "Mozilla/5.0 (Linux; Android 5.0) AppleWebKit/537.36 (KHTML, like Gecko) Mobile Safari/537.36 (compatible; Bytespider; spider-feedback@bytedance.com)"
77.119.217.124 - - [23/Oct/2023:12:44:01 +0200] "GET /entry.php?id=10271&&ser=57781 HTTP/1.1" 200 986 "http://hausegger.activities.at/entry.php?id=10271&&ser=57721" "Mozilla/5.0 (Windows NT 10.0; Win64; x64; rv:109.0) Gecko/20100101 Firefox/118.0"
77.119.217.124 - - [23/Oct/2023:12:44:01 +0200] "GET /gui/javascript/form_form.js?1698057841 HTTP/1.1" 200 16206 "http://hausegger.activities.at/entry.php?id=10271&&ser=57781" "Mozilla/5.0 (Windows NT 10.0; Win64; x64; rv:109.0) Gecko/20100101 Firefox/118.0"
156.59.198.136 - - [23/Oct/2023:12:44:14 +0200] "GET /renault.activities.at/htdocs/log/cron/system_mail_3114868.txt HTTP/1.0" 404 321 "http://212.69.160.11:443/renault.activities.at/htdocs/log/cron/" "Mozilla/5.0 (Linux; Android 5.0) AppleWebKit/537.36 (KHTML, like Gecko) Mobile Safari/537.36 (compatible; Bytespider; spider-feedback@bytedance.com)"
156.59.198.136 - - [23/Oct/2023:12:44:40 +0200] "GET /renault.activities.at/htdocs/log/cron/system_mail_3116428.txt HTTP/1.0" 404 320 "http://212.69.160.11:443/renault.activities.at/htdocs/log/cron/" "Mozilla/5.0 (Linux; Android 5.0) AppleWebKit/537.36 (KHTML, like Gecko) Mobile Safari/537.36 (compatible; Bytespider; spider-feedback@bytedance.com)"
77.119.217.124 - - [23/Oct/2023:12:45:02 +0200] "GET /entry.php?id=10271&&ser=57841 HTTP/1.1" 200 986 "http://hausegger.activities.at/entry.php?id=10271&&ser=57781" "Mozilla/5.0 (Windows NT 10.0; Win64; x64; rv:109.0) Gecko/20100101 Firefox/118.0"
77.119.217.124 - - [23/Oct/2023:12:45:02 +0200] "GET /gui/javascript/form_form.js?1698057902 HTTP/1.1" 200 16206 "http://hausegger.activities.at/entry.php?id=10271&&ser=57841" "Mozilla/5.0 (Windows NT 10.0; Win64; x64; rv:109.0) Gecko/20100101 Firefox/118.0"
156.59.198.135 - - [23/Oct/2023:12:45:04 +0200] "GET /renault.activities.at/htdocs/log/cron/system_mail_3115846.txt HTTP/1.0" 404 320 "http://212.69.160.11:443/renault.activities.at/htdocs/log/cron/" "Mozilla/5.0 (Linux; Android 5.0) AppleWebKit/537.36 (KHTML, like Gecko) Mobile Safari/537.36 (compatible; Bytespider; spider-feedback@bytedance.com)"
156.59.198.136 - - [23/Oct/2023:12:45:29 +0200] "GET /renault.activities.at/htdocs/log/cron/shipp_Export_Data_3116108.txt HTTP/1.0" 404 324 "http://212.69.160.11:443/renault.activities.at/htdocs/log/cron/" "Mozilla/5.0 (Linux; Android 5.0) AppleWebKit/537.36 (KHTML, like Gecko) Mobile Safari/537.36 (compatible; Bytespider; spider-feedback@bytedance.com)"
156.59.198.136 - - [23/Oct/2023:12:45:54 +0200] "GET /renault.activities.at/htdocs/log/cron/system_mail_3116477.txt HTTP/1.0" 404 321 "http://212.69.160.11:443/renault.activities.at/htdocs/log/cron/" "Mozilla/5.0 (Linux; Android 5.0) AppleWebKit/537.36 (KHTML, like Gecko) Mobile Safari/537.36 (compatible; Bytespider; spider-feedback@bytedance.com)"
77.119.217.124 - - [23/Oct/2023:12:46:02 +0200] "GET /entry.php?id=10271&&ser=57902 HTTP/1.1" 200 986 "http://hausegger.activities.at/entry.php?id=10271&&ser=57841" "Mozilla/5.0 (Windows NT 10.0; Win64; x64; rv:109.0) Gecko/20100101 Firefox/118.0"
77.119.217.124 - - [23/Oct/2023:12:46:02 +0200] "GET /gui/javascript/form_form.js?1698057962 HTTP/1.1" 200 16206 "http://hausegger.activities.at/entry.php?id=10271&&ser=57902" "Mozilla/5.0 (Windows NT 10.0; Win64; x64; rv:109.0) Gecko/20100101 Firefox/118.0"
156.59.198.136 - - [23/Oct/2023:12:46:18 +0200] "GET /renault.activities.at/htdocs/log/cron/system_mail_3116512.txt HTTP/1.0" 404 320 "http://212.69.160.11:443/renault.activities.at/htdocs/log/cron/" "Mozilla/5.0 (Linux; Android 5.0) AppleWebKit/537.36 (KHTML, like Gecko) Mobile Safari/537.36 (compatible; Bytespider; spider-feedback@bytedance.com)"
156.59.198.136 - - [23/Oct/2023:12:46:42 +0200] "GET /renault.activities.at/htdocs/log/cron/system_mail_3116434.txt HTTP/1.0" 404 320 "http://212.69.160.11:443/renault.activities.at/htdocs/log/cron/" "Mozilla/5.0 (Linux; Android 5.0) AppleWebKit/537.36 (KHTML, like Gecko) Mobile Safari/537.36 (compatible; Bytespider; spider-feedback@bytedance.com)"
77.119.217.124 - - [23/Oct/2023:12:47:02 +0200] "GET /entry.php?id=10271&&ser=57962 HTTP/1.1" 200 986 "http://hausegger.activities.at/entry.php?id=10271&&ser=57902" "Mozilla/5.0 (Windows NT 10.0; Win64; x64; rv:109.0) Gecko/20100101 Firefox/118.0"
77.119.217.124 - - [23/Oct/2023:12:47:02 +0200] "GET /gui/javascript/form_form.js?1698058022 HTTP/1.1" 200 16206 "http://hausegger.activities.at/entry.php?id=10271&&ser=57962" "Mozilla/5.0 (Windows NT 10.0; Win64; x64; rv:109.0) Gecko/20100101 Firefox/118.0"
77.119.217.124 - - [23/Oct/2023:12:47:06 +0200] "GET /entry.php?id=10712 HTTP/1.1" 200 402 "http://hausegger.activities.at/entry.php?id=10270&__app__=10006038" "Mozilla/5.0 (Windows NT 10.0; Win64; x64; rv:109.0) Gecko/20100101 Firefox/118.0"
77.119.217.124 - - [23/Oct/2023:12:47:06 +0200] "GET /entry.php?id=10715& HTTP/1.1" 200 2534 "http://hausegger.activities.at/entry.php?id=10712" "Mozilla/5.0 (Windows NT 10.0; Win64; x64; rv:109.0) Gecko/20100101 Firefox/118.0"
77.119.217.124 - - [23/Oct/2023:12:47:06 +0200] "GET /entry.php?id=10676&&title=Artikelverwaltung HTTP/1.1" 200 1394 "http://hausegger.activities.at/entry.php?id=10712" "Mozilla/5.0 (Windows NT 10.0; Win64; x64; rv:109.0) Gecko/20100101 Firefox/118.0"
77.119.217.124 - - [23/Oct/2023:12:47:06 +0200] "GET /gui/javascript/form_article.js HTTP/1.1" 304 - "http://hausegger.activities.at/entry.php?id=10715&" "Mozilla/5.0 (Windows NT 10.0; Win64; x64; rv:109.0) Gecko/20100101 Firefox/118.0"
77.119.217.124 - - [23/Oct/2023:12:47:06 +0200] "GET /framework/webfx/javascript/scrolltable/scrolltableIframe.js HTTP/1.1" 304 - "http://hausegger.activities.at/entry.php?id=10715&" "Mozilla/5.0 (Windows NT 10.0; Win64; x64; rv:109.0) Gecko/20100101 Firefox/118.0"
77.119.217.124 - - [23/Oct/2023:12:47:06 +0200] "GET /gui/javascript/form_form.js?1698058026 HTTP/1.1" 200 16206 "http://hausegger.activities.at/entry.php?id=10676&&title=Artikelverwaltung" "Mozilla/5.0 (Windows NT 10.0; Win64; x64; rv:109.0) Gecko/20100101 Firefox/118.0"
77.119.217.124 - - [23/Oct/2023:12:47:06 +0200] "GET /gui/javascript/form_form.js?1698058026 HTTP/1.1" 200 16206 "http://hausegger.activities.at/entry.php?id=10715&" "Mozilla/5.0 (Windows NT 10.0; Win64; x64; rv:109.0) Gecko/20100101 Firefox/118.0"
77.119.217.124 - - [23/Oct/2023:12:47:06 +0200] "GET /entry.php?id=10716& HTTP/1.1" 200 4869 "http://hausegger.activities.at/entry.php?id=10712" "Mozilla/5.0 (Windows NT 10.0; Win64; x64; rv:109.0) Gecko/20100101 Firefox/118.0"
77.119.217.124 - - [23/Oct/2023:12:47:06 +0200] "GET /entry.php?id=10776&form=10560&name=list& HTTP/1.1" 200 2179 "http://hausegger.activities.at/entry.php?id=10715&" "Mozilla/5.0 (Windows NT 10.0; Win64; x64; rv:109.0) Gecko/20100101 Firefox/118.0"
77.119.217.124 - - [23/Oct/2023:12:47:06 +0200] "GET /entry.php?id=10778&form=10560&name=list& HTTP/1.1" 200 2691 "http://hausegger.activities.at/entry.php?id=10715&" "Mozilla/5.0 (Windows NT 10.0; Win64; x64; rv:109.0) Gecko/20100101 Firefox/118.0"
77.119.217.124 - - [23/Oct/2023:12:47:07 +0200] "GET /gui/images/icons/disabled_order.gif HTTP/1.1" 200 358 "http://hausegger.activities.at/entry.php?id=10776&form=10560&name=list&" "Mozilla/5.0 (Windows NT 10.0; Win64; x64; rv:109.0) Gecko/20100101 Firefox/118.0"
77.119.217.124 - - [23/Oct/2023:12:47:07 +0200] "GET /gui/images/icons/export.gif HTTP/1.1" 200 968 "http://hausegger.activities.at/entry.php?id=10776&form=10560&name=list&" "Mozilla/5.0 (Windows NT 10.0; Win64; x64; rv:109.0) Gecko/20100101 Firefox/118.0"
77.119.217.124 - - [23/Oct/2023:12:47:07 +0200] "GET /gui/images/icons/filter_off.gif HTTP/1.1" 200 309 "http://hausegger.activities.at/entry.php?id=10776&form=10560&name=list&" "Mozilla/5.0 (Windows NT 10.0; Win64; x64; rv:109.0) Gecko/20100101 Firefox/118.0"
77.119.217.124 - - [23/Oct/2023:12:47:07 +0200] "GET /gui/images/icons/disabled_isvisible.gif HTTP/1.1" 200 612 "http://hausegger.activities.at/entry.php?id=10776&form=10560&name=list&" "Mozilla/5.0 (Windows NT 10.0; Win64; x64; rv:109.0) Gecko/20100101 Firefox/118.0"
77.119.217.124 - - [23/Oct/2023:12:47:07 +0200] "GET /framework/icons/sortUp.gif HTTP/1.1" 200 53 "http://hausegger.activities.at/entry.php?id=10776&form=10560&name=list&" "Mozilla/5.0 (Windows NT 10.0; Win64; x64; rv:109.0) Gecko/20100101 Firefox/118.0"
77.119.217.124 - - [23/Oct/2023:12:47:07 +0200] "GET /entry.php?id=10714&checksegmentation=false& HTTP/1.1" 200 4124 "http://hausegger.activities.at/entry.php?id=10712" "Mozilla/5.0 (Windows NT 10.0; Win64; x64; rv:109.0) Gecko/20100101 Firefox/118.0"
77.119.217.124 - - [23/Oct/2023:12:47:07 +0200] "GET /activities/framework/KoolControls/KoolAjax/koolajax.php?8436e354c842500aba3cbaf0584c0c24 HTTP/1.1" 200 4079 "http://hausegger.activities.at/entry.php?id=10714&checksegmentation=false&" "Mozilla/5.0 (Windows NT 10.0; Win64; x64; rv:109.0) Gecko/20100101 Firefox/118.0"
77.119.217.124 - - [23/Oct/2023:12:47:07 +0200] "GET /gui/javascript/form_form.js?1698058027 HTTP/1.1" 200 16206 "http://hausegger.activities.at/entry.php?id=10714&checksegmentation=false&" "Mozilla/5.0 (Windows NT 10.0; Win64; x64; rv:109.0) Gecko/20100101 Firefox/118.0"
77.119.217.124 - - [23/Oct/2023:12:47:07 +0200] "GET /activities/framework/KoolControls/KoolTreeView/styles/default/default.css HTTP/1.1" 200 1099 "http://hausegger.activities.at/entry.php?id=10714&checksegmentation=false&" "Mozilla/5.0 (Windows NT 10.0; Win64; x64; rv:109.0) Gecko/20100101 Firefox/118.0"
77.119.217.124 - - [23/Oct/2023:12:47:07 +0200] "GET /activities/framework/KoolControls/KoolTreeView/kooltreeview.php?c7cd9180e88ffef8e70f13526bb4f5f7 HTTP/1.1" 200 5055 "http://hausegger.activities.at/entry.php?id=10714&checksegmentation=false&" "Mozilla/5.0 (Windows NT 10.0; Win64; x64; rv:109.0) Gecko/20100101 Firefox/118.0"
77.119.217.124 - - [23/Oct/2023:12:47:07 +0200] "GET /activities/framework/KoolControls/KoolTreeView/styles/default/v.gif HTTP/1.1" 200 1940 "http://hausegger.activities.at/activities/framework/KoolControls/KoolTreeView/styles/default/default.css" "Mozilla/5.0 (Windows NT 10.0; Win64; x64; rv:109.0) Gecko/20100101 Firefox/118.0"
77.119.217.124 - - [23/Oct/2023:12:47:07 +0200] "GET /activities/framework/KoolControls/KoolTreeView/styles/default/horizon.gif HTTP/1.1" 200 844 "http://hausegger.activities.at/activities/framework/KoolControls/KoolTreeView/styles/default/default.css" "Mozilla/5.0 (Windows NT 10.0; Win64; x64; rv:109.0) Gecko/20100101 Firefox/118.0"
77.119.217.124 - - [23/Oct/2023:12:47:07 +0200] "GET /activities/framework/KoolControls/KoolTreeView/styles/default/mid.gif HTTP/1.1" 200 71 "http://hausegger.activities.at/activities/framework/KoolControls/KoolTreeView/styles/default/default.css" "Mozilla/5.0 (Windows NT 10.0; Win64; x64; rv:109.0) Gecko/20100101 Firefox/118.0"
77.119.217.124 - - [23/Oct/2023:12:47:07 +0200] "GET /activities/framework/KoolControls/KoolTreeView/styles/default/L.gif HTTP/1.1" 200 67 "http://hausegger.activities.at/activities/framework/KoolControls/KoolTreeView/styles/default/default.css" "Mozilla/5.0 (Windows NT 10.0; Win64; x64; rv:109.0) Gecko/20100101 Firefox/118.0"
156.59.198.135 - - [23/Oct/2023:12:47:08 +0200] "GET /renault.activities.at/htdocs/log/cron/system_mail_3116320.txt HTTP/1.0" 404 320 "http://212.69.160.11:443/renault.activities.at/htdocs/log/cron/" "Mozilla/5.0 (Linux; Android 5.0) AppleWebKit/537.36 (KHTML, like Gecko) Mobile Safari/537.36 (compatible; Bytespider; spider-feedback@bytedance.com)"
156.59.198.135 - - [23/Oct/2023:12:47:32 +0200] "GET /renault.activities.at/htdocs/log/cron/autologout_3114840.txt HTTP/1.0" 404 318 "http://212.69.160.11:443/renault.activities.at/htdocs/log/cron/" "Mozilla/5.0 (Linux; Android 5.0) AppleWebKit/537.36 (KHTML, like Gecko) Mobile Safari/537.36 (compatible; Bytespider; spider-feedback@bytedance.com)"
77.119.217.124 - - [23/Oct/2023:12:47:37 +0200] "GET /gui/images/progressbar.gif HTTP/1.1" 304 - "http://hausegger.activities.at/entry.php?id=10272" "Mozilla/5.0 (Windows NT 10.0; Win64; x64; rv:109.0) Gecko/20100101 Firefox/118.0"
77.119.217.124 - - [23/Oct/2023:12:47:37 +0200] "POST /entry.php?id=10715 HTTP/1.1" 200 2610 "http://hausegger.activities.at/entry.php?id=10715&" "Mozilla/5.0 (Windows NT 10.0; Win64; x64; rv:109.0) Gecko/20100101 Firefox/118.0"
77.119.217.124 - - [23/Oct/2023:12:47:37 +0200] "GET /gui/javascript/form_form.js?1698058057 HTTP/1.1" 200 16206 "http://hausegger.activities.at/entry.php?id=10715" "Mozilla/5.0 (Windows NT 10.0; Win64; x64; rv:109.0) Gecko/20100101 Firefox/118.0"
77.119.217.124 - - [23/Oct/2023:12:47:37 +0200] "GET /entry.php?id=10776&form=10560&name=list& HTTP/1.1" 200 2313 "http://hausegger.activities.at/entry.php?id=10715" "Mozilla/5.0 (Windows NT 10.0; Win64; x64; rv:109.0) Gecko/20100101 Firefox/118.0"
77.119.217.124 - - [23/Oct/2023:12:47:37 +0200] "GET /entry.php?id=10778&form=10560&name=list& HTTP/1.1" 200 3028 "http://hausegger.activities.at/entry.php?id=10715" "Mozilla/5.0 (Windows NT 10.0; Win64; x64; rv:109.0) Gecko/20100101 Firefox/118.0"
77.119.217.124 - - [23/Oct/2023:12:47:37 +0200] "GET /gui/images/icons/isvisible.gif HTTP/1.1" 200 1015 "http://hausegger.activities.at/entry.php?id=10778&form=10560&name=list&" "Mozilla/5.0 (Windows NT 10.0; Win64; x64; rv:109.0) Gecko/20100101 Firefox/118.0"
77.119.217.124 - - [23/Oct/2023:12:47:37 +0200] "GET /gui/images/icons/order.gif HTTP/1.1" 200 353 "http://hausegger.activities.at/entry.php?id=10778&form=10560&name=list&" "Mozilla/5.0 (Windows NT 10.0; Win64; x64; rv:109.0) Gecko/20100101 Firefox/118.0"
77.119.217.124 - - [23/Oct/2023:12:47:37 +0200] "GET /gui/images/no_image_de.jpg HTTP/1.1" 200 73407 "http://hausegger.activities.at/entry.php?id=10778&form=10560&name=list&" "Mozilla/5.0 (Windows NT 10.0; Win64; x64; rv:109.0) Gecko/20100101 Firefox/118.0"
77.119.217.124 - - [23/Oct/2023:12:47:40 +0200] "POST /entry.php?id=10716 HTTP/1.1" 200 7736 "http://hausegger.activities.at/entry.php?id=10716&" "Mozilla/5.0 (Windows NT 10.0; Win64; x64; rv:109.0) Gecko/20100101 Firefox/118.0"
77.119.217.124 - - [23/Oct/2023:12:47:40 +0200] "GET /activities/framework/KoolControls/KoolAjax/koolajax.php?8436e354c842500aba3cbaf0584c0c24 HTTP/1.1" 200 4079 "http://hausegger.activities.at/entry.php?id=10716" "Mozilla/5.0 (Windows NT 10.0; Win64; x64; rv:109.0) Gecko/20100101 Firefox/118.0"
77.119.217.124 - - [23/Oct/2023:12:47:40 +0200] "GET /gui/javascript/form_form.js?1698058060 HTTP/1.1" 200 16206 "http://hausegger.activities.at/entry.php?id=10716" "Mozilla/5.0 (Windows NT 10.0; Win64; x64; rv:109.0) Gecko/20100101 Firefox/118.0"
77.119.217.124 - - [23/Oct/2023:12:47:40 +0200] "GET /activities/framework/KoolControls/KoolComboBox/styles/default/default.css HTTP/1.1" 200 846 "http://hausegger.activities.at/entry.php?id=10716" "Mozilla/5.0 (Windows NT 10.0; Win64; x64; rv:109.0) Gecko/20100101 Firefox/118.0"
77.119.217.124 - - [23/Oct/2023:12:47:40 +0200] "GET /activities/framework/KoolControls/KoolComboBox/koolcombobox.php?32981a13284db7a021131df49e6cd203 HTTP/1.1" 200 4607 "http://hausegger.activities.at/entry.php?id=10716" "Mozilla/5.0 (Windows NT 10.0; Win64; x64; rv:109.0) Gecko/20100101 Firefox/118.0"
77.119.217.124 - - [23/Oct/2023:12:47:40 +0200] "GET /activities/framework/KoolControls/KoolTreeView/kooltreeview.php?c7cd9180e88ffef8e70f13526bb4f5f7 HTTP/1.1" 200 5055 "http://hausegger.activities.at/entry.php?id=10716" "Mozilla/5.0 (Windows NT 10.0; Win64; x64; rv:109.0) Gecko/20100101 Firefox/118.0"
77.119.217.124 - - [23/Oct/2023:12:47:54 +0200] "POST /entry.php?id=10715 HTTP/1.1" 200 2612 "http://hausegger.activities.at/entry.php?id=10715" "Mozilla/5.0 (Windows NT 10.0; Win64; x64; rv:109.0) Gecko/20100101 Firefox/118.0"
77.119.217.124 - - [23/Oct/2023:12:47:54 +0200] "GET /gui/javascript/form_form.js?1698058074 HTTP/1.1" 200 16206 "http://hausegger.activities.at/entry.php?id=10715" "Mozilla/5.0 (Windows NT 10.0; Win64; x64; rv:109.0) Gecko/20100101 Firefox/118.0"
77.119.217.124 - - [23/Oct/2023:12:47:54 +0200] "GET /entry.php?id=10778&form=10560&name=list& HTTP/1.1" 200 3031 "http://hausegger.activities.at/entry.php?id=10715" "Mozilla/5.0 (Windows NT 10.0; Win64; x64; rv:109.0) Gecko/20100101 Firefox/118.0"
77.119.217.124 - - [23/Oct/2023:12:47:54 +0200] "GET /entry.php?id=10776&form=10560&name=list& HTTP/1.1" 200 2313 "http://hausegger.activities.at/entry.php?id=10715" "Mozilla/5.0 (Windows NT 10.0; Win64; x64; rv:109.0) Gecko/20100101 Firefox/118.0"
156.59.198.136 - - [23/Oct/2023:12:47:57 +0200] "GET /renault.activities.at/htdocs/log/cron/reminder_mailing_3115016.txt HTTP/1.0" 404 323 "http://212.69.160.11:443/renault.activities.at/htdocs/log/cron/" "Mozilla/5.0 (Linux; Android 5.0) AppleWebKit/537.36 (KHTML, like Gecko) Mobile Safari/537.36 (compatible; Bytespider; spider-feedback@bytedance.com)"
77.119.217.124 - - [23/Oct/2023:12:48:04 +0200] "GET /entry.php?id=10271&&ser=58022 HTTP/1.1" 200 986 "http://hausegger.activities.at/entry.php?id=10271&&ser=57962" "Mozilla/5.0 (Windows NT 10.0; Win64; x64; rv:109.0) Gecko/20100101 Firefox/118.0"
77.119.217.124 - - [23/Oct/2023:12:48:04 +0200] "GET /gui/javascript/form_form.js?1698058084 HTTP/1.1" 200 16206 "http://hausegger.activities.at/entry.php?id=10271&&ser=58022" "Mozilla/5.0 (Windows NT 10.0; Win64; x64; rv:109.0) Gecko/20100101 Firefox/118.0"
156.59.198.136 - - [23/Oct/2023:12:48:21 +0200] "GET /renault.activities.at/htdocs/log/cron/system_mail_3115436.txt HTTP/1.0" 404 321 "http://212.69.160.11:443/renault.activities.at/htdocs/log/cron/" "Mozilla/5.0 (Linux; Android 5.0) AppleWebKit/537.36 (KHTML, like Gecko) Mobile Safari/537.36 (compatible; Bytespider; spider-feedback@bytedance.com)"
77.119.217.124 - - [23/Oct/2023:12:48:40 +0200] "POST /entry.php?id=10715 HTTP/1.1" 200 2610 "http://hausegger.activities.at/entry.php?id=10715" "Mozilla/5.0 (Windows NT 10.0; Win64; x64; rv:109.0) Gecko/20100101 Firefox/118.0"
77.119.217.124 - - [23/Oct/2023:12:48:40 +0200] "GET /gui/javascript/form_form.js?1698058120 HTTP/1.1" 200 16206 "http://hausegger.activities.at/entry.php?id=10715" "Mozilla/5.0 (Windows NT 10.0; Win64; x64; rv:109.0) Gecko/20100101 Firefox/118.0"
77.119.217.124 - - [23/Oct/2023:12:48:41 +0200] "GET /entry.php?id=10776&form=10560&name=list& HTTP/1.1" 200 2313 "http://hausegger.activities.at/entry.php?id=10715" "Mozilla/5.0 (Windows NT 10.0; Win64; x64; rv:109.0) Gecko/20100101 Firefox/118.0"
77.119.217.124 - - [23/Oct/2023:12:48:41 +0200] "GET /entry.php?id=10778&form=10560&name=list& HTTP/1.1" 200 3022 "http://hausegger.activities.at/entry.php?id=10715" "Mozilla/5.0 (Windows NT 10.0; Win64; x64; rv:109.0) Gecko/20100101 Firefox/118.0"
156.59.198.136 - - [23/Oct/2023:12:48:46 +0200] "GET /renault.activities.at/htdocs/log/cron/system_mail_3115182.txt HTTP/1.0" 404 320 "http://212.69.160.11:443/renault.activities.at/htdocs/log/cron/" "Mozilla/5.0 (Linux; Android 5.0) AppleWebKit/537.36 (KHTML, like Gecko) Mobile Safari/537.36 (compatible; Bytespider; spider-feedback@bytedance.com)"
77.119.217.124 - - [23/Oct/2023:12:48:57 +0200] "POST /entry.php?id=10716 HTTP/1.1" 200 7726 "http://hausegger.activities.at/entry.php?id=10716" "Mozilla/5.0 (Windows NT 10.0; Win64; x64; rv:109.0) Gecko/20100101 Firefox/118.0"
77.119.217.124 - - [23/Oct/2023:12:48:57 +0200] "GET /activities/framework/KoolControls/KoolAjax/koolajax.php?8436e354c842500aba3cbaf0584c0c24 HTTP/1.1" 200 4079 "http://hausegger.activities.at/entry.php?id=10716" "Mozilla/5.0 (Windows NT 10.0; Win64; x64; rv:109.0) Gecko/20100101 Firefox/118.0"
77.119.217.124 - - [23/Oct/2023:12:48:57 +0200] "GET /gui/javascript/form_form.js?1698058137 HTTP/1.1" 200 16206 "http://hausegger.activities.at/entry.php?id=10716" "Mozilla/5.0 (Windows NT 10.0; Win64; x64; rv:109.0) Gecko/20100101 Firefox/118.0"
77.119.217.124 - - [23/Oct/2023:12:48:57 +0200] "GET /activities/framework/KoolControls/KoolComboBox/koolcombobox.php?32981a13284db7a021131df49e6cd203 HTTP/1.1" 200 4607 "http://hausegger.activities.at/entry.php?id=10716" "Mozilla/5.0 (Windows NT 10.0; Win64; x64; rv:109.0) Gecko/20100101 Firefox/118.0"
77.119.217.124 - - [23/Oct/2023:12:48:57 +0200] "GET /activities/framework/KoolControls/KoolTreeView/kooltreeview.php?c7cd9180e88ffef8e70f13526bb4f5f7 HTTP/1.1" 200 5055 "http://hausegger.activities.at/entry.php?id=10716" "Mozilla/5.0 (Windows NT 10.0; Win64; x64; rv:109.0) Gecko/20100101 Firefox/118.0"
77.119.217.124 - - [23/Oct/2023:12:48:58 +0200] "POST /entry.php?id=10715 HTTP/1.1" 200 2611 "http://hausegger.activities.at/entry.php?id=10715" "Mozilla/5.0 (Windows NT 10.0; Win64; x64; rv:109.0) Gecko/20100101 Firefox/118.0"
77.119.217.124 - - [23/Oct/2023:12:48:58 +0200] "GET /gui/javascript/form_form.js?1698058138 HTTP/1.1" 200 16206 "http://hausegger.activities.at/entry.php?id=10715" "Mozilla/5.0 (Windows NT 10.0; Win64; x64; rv:109.0) Gecko/20100101 Firefox/118.0"
77.119.217.124 - - [23/Oct/2023:12:48:59 +0200] "GET /entry.php?id=10776&form=10560&name=list& HTTP/1.1" 200 2313 "http://hausegger.activities.at/entry.php?id=10715" "Mozilla/5.0 (Windows NT 10.0; Win64; x64; rv:109.0) Gecko/20100101 Firefox/118.0"
77.119.217.124 - - [23/Oct/2023:12:48:59 +0200] "GET /entry.php?id=10778&form=10560&name=list& HTTP/1.1" 200 3022 "http://hausegger.activities.at/entry.php?id=10715" "Mozilla/5.0 (Windows NT 10.0; Win64; x64; rv:109.0) Gecko/20100101 Firefox/118.0"
77.119.217.124 - - [23/Oct/2023:12:49:04 +0200] "GET /entry.php?id=10271&&ser=58084 HTTP/1.1" 200 986 "http://hausegger.activities.at/entry.php?id=10271&&ser=58022" "Mozilla/5.0 (Windows NT 10.0; Win64; x64; rv:109.0) Gecko/20100101 Firefox/118.0"
77.119.217.124 - - [23/Oct/2023:12:49:04 +0200] "GET /gui/javascript/form_form.js?1698058144 HTTP/1.1" 200 16206 "http://hausegger.activities.at/entry.php?id=10271&&ser=58084" "Mozilla/5.0 (Windows NT 10.0; Win64; x64; rv:109.0) Gecko/20100101 Firefox/118.0"
77.119.217.124 - - [23/Oct/2023:12:49:08 +0200] "POST /entry.php?id=10715 HTTP/1.1" 200 2610 "http://hausegger.activities.at/entry.php?id=10715" "Mozilla/5.0 (Windows NT 10.0; Win64; x64; rv:109.0) Gecko/20100101 Firefox/118.0"
77.119.217.124 - - [23/Oct/2023:12:49:09 +0200] "GET /gui/javascript/form_form.js?1698058148 HTTP/1.1" 200 16206 "http://hausegger.activities.at/entry.php?id=10715" "Mozilla/5.0 (Windows NT 10.0; Win64; x64; rv:109.0) Gecko/20100101 Firefox/118.0"
77.119.217.124 - - [23/Oct/2023:12:49:09 +0200] "GET /entry.php?id=10776&form=10560&name=list& HTTP/1.1" 200 2313 "http://hausegger.activities.at/entry.php?id=10715" "Mozilla/5.0 (Windows NT 10.0; Win64; x64; rv:109.0) Gecko/20100101 Firefox/118.0"
77.119.217.124 - - [23/Oct/2023:12:49:09 +0200] "GET /entry.php?id=10778&form=10560&name=list& HTTP/1.1" 200 3028 "http://hausegger.activities.at/entry.php?id=10715" "Mozilla/5.0 (Windows NT 10.0; Win64; x64; rv:109.0) Gecko/20100101 Firefox/118.0"
77.119.217.124 - - [23/Oct/2023:12:49:10 +0200] "POST /entry.php?id=10716 HTTP/1.1" 200 7734 "http://hausegger.activities.at/entry.php?id=10716" "Mozilla/5.0 (Windows NT 10.0; Win64; x64; rv:109.0) Gecko/20100101 Firefox/118.0"
77.119.217.124 - - [23/Oct/2023:12:49:11 +0200] "GET /activities/framework/KoolControls/KoolAjax/koolajax.php?8436e354c842500aba3cbaf0584c0c24 HTTP/1.1" 200 4079 "http://hausegger.activities.at/entry.php?id=10716" "Mozilla/5.0 (Windows NT 10.0; Win64; x64; rv:109.0) Gecko/20100101 Firefox/118.0"
77.119.217.124 - - [23/Oct/2023:12:49:11 +0200] "GET /gui/javascript/form_form.js?1698058151 HTTP/1.1" 200 16206 "http://hausegger.activities.at/entry.php?id=10716" "Mozilla/5.0 (Windows NT 10.0; Win64; x64; rv:109.0) Gecko/20100101 Firefox/118.0"
77.119.217.124 - - [23/Oct/2023:12:49:11 +0200] "GET /activities/framework/KoolControls/KoolComboBox/koolcombobox.php?32981a13284db7a021131df49e6cd203 HTTP/1.1" 200 4607 "http://hausegger.activities.at/entry.php?id=10716" "Mozilla/5.0 (Windows NT 10.0; Win64; x64; rv:109.0) Gecko/20100101 Firefox/118.0"
77.119.217.124 - - [23/Oct/2023:12:49:11 +0200] "GET /activities/framework/KoolControls/KoolTreeView/kooltreeview.php?c7cd9180e88ffef8e70f13526bb4f5f7 HTTP/1.1" 200 5055 "http://hausegger.activities.at/entry.php?id=10716" "Mozilla/5.0 (Windows NT 10.0; Win64; x64; rv:109.0) Gecko/20100101 Firefox/118.0"
156.59.198.135 - - [23/Oct/2023:12:49:12 +0200] "GET /renault.activities.at/htdocs/log/cron/autologout_3115435.txt HTTP/1.0" 404 318 "http://212.69.160.11:443/renault.activities.at/htdocs/log/cron/" "Mozilla/5.0 (Linux; Android 5.0) AppleWebKit/537.36 (KHTML, like Gecko) Mobile Safari/537.36 (compatible; Bytespider; spider-feedback@bytedance.com)"
77.119.217.124 - - [23/Oct/2023:12:49:18 +0200] "POST /entry.php?id=10715 HTTP/1.1" 200 2611 "http://hausegger.activities.at/entry.php?id=10715" "Mozilla/5.0 (Windows NT 10.0; Win64; x64; rv:109.0) Gecko/20100101 Firefox/118.0"
77.119.217.124 - - [23/Oct/2023:12:49:18 +0200] "GET /gui/javascript/form_form.js?1698058158 HTTP/1.1" 200 16206 "http://hausegger.activities.at/entry.php?id=10715" "Mozilla/5.0 (Windows NT 10.0; Win64; x64; rv:109.0) Gecko/20100101 Firefox/118.0"
77.119.217.124 - - [23/Oct/2023:12:49:19 +0200] "GET /entry.php?id=10776&form=10560&name=list& HTTP/1.1" 200 2313 "http://hausegger.activities.at/entry.php?id=10715" "Mozilla/5.0 (Windows NT 10.0; Win64; x64; rv:109.0) Gecko/20100101 Firefox/118.0"
77.119.217.124 - - [23/Oct/2023:12:49:19 +0200] "GET /entry.php?id=10778&form=10560&name=list& HTTP/1.1" 200 3025 "http://hausegger.activities.at/entry.php?id=10715" "Mozilla/5.0 (Windows NT 10.0; Win64; x64; rv:109.0) Gecko/20100101 Firefox/118.0"
77.119.217.124 - - [23/Oct/2023:12:49:19 +0200] "POST /entry.php?id=10716 HTTP/1.1" 200 7729 "http://hausegger.activities.at/entry.php?id=10716" "Mozilla/5.0 (Windows NT 10.0; Win64; x64; rv:109.0) Gecko/20100101 Firefox/118.0"
77.119.217.124 - - [23/Oct/2023:12:49:19 +0200] "GET /activities/framework/KoolControls/KoolAjax/koolajax.php?8436e354c842500aba3cbaf0584c0c24 HTTP/1.1" 200 4079 "http://hausegger.activities.at/entry.php?id=10716" "Mozilla/5.0 (Windows NT 10.0; Win64; x64; rv:109.0) Gecko/20100101 Firefox/118.0"
77.119.217.124 - - [23/Oct/2023:12:49:19 +0200] "GET /gui/javascript/form_form.js?1698058159 HTTP/1.1" 200 16206 "http://hausegger.activities.at/entry.php?id=10716" "Mozilla/5.0 (Windows NT 10.0; Win64; x64; rv:109.0) Gecko/20100101 Firefox/118.0"
77.119.217.124 - - [23/Oct/2023:12:49:20 +0200] "GET /activities/framework/KoolControls/KoolComboBox/koolcombobox.php?32981a13284db7a021131df49e6cd203 HTTP/1.1" 200 4607 "http://hausegger.activities.at/entry.php?id=10716" "Mozilla/5.0 (Windows NT 10.0; Win64; x64; rv:109.0) Gecko/20100101 Firefox/118.0"
77.119.217.124 - - [23/Oct/2023:12:49:20 +0200] "GET /activities/framework/KoolControls/KoolTreeView/kooltreeview.php?c7cd9180e88ffef8e70f13526bb4f5f7 HTTP/1.1" 200 5055 "http://hausegger.activities.at/entry.php?id=10716" "Mozilla/5.0 (Windows NT 10.0; Win64; x64; rv:109.0) Gecko/20100101 Firefox/118.0"
156.59.198.136 - - [23/Oct/2023:12:49:36 +0200] "GET /renault.activities.at/htdocs/log/cron/system_mail_3115083.txt HTTP/1.0" 404 320 "http://212.69.160.11:443/renault.activities.at/htdocs/log/cron/" "Mozilla/5.0 (Linux; Android 5.0) AppleWebKit/537.36 (KHTML, like Gecko) Mobile Safari/537.36 (compatible; Bytespider; spider-feedback@bytedance.com)"
77.119.217.124 - - [23/Oct/2023:12:49:43 +0200] "POST /entry.php?id=10716 HTTP/1.1" 200 7729 "http://hausegger.activities.at/entry.php?id=10716" "Mozilla/5.0 (Windows NT 10.0; Win64; x64; rv:109.0) Gecko/20100101 Firefox/118.0"
77.119.217.124 - - [23/Oct/2023:12:49:43 +0200] "GET /gui/javascript/form_form.js?1698058183 HTTP/1.1" 200 16206 "http://hausegger.activities.at/entry.php?id=10716" "Mozilla/5.0 (Windows NT 10.0; Win64; x64; rv:109.0) Gecko/20100101 Firefox/118.0"
77.119.217.124 - - [23/Oct/2023:12:49:43 +0200] "GET /activities/framework/KoolControls/KoolAjax/koolajax.php?8436e354c842500aba3cbaf0584c0c24 HTTP/1.1" 200 4079 "http://hausegger.activities.at/entry.php?id=10716" "Mozilla/5.0 (Windows NT 10.0; Win64; x64; rv:109.0) Gecko/20100101 Firefox/118.0"
77.119.217.124 - - [23/Oct/2023:12:49:43 +0200] "GET /activities/framework/KoolControls/KoolComboBox/koolcombobox.php?32981a13284db7a021131df49e6cd203 HTTP/1.1" 200 4607 "http://hausegger.activities.at/entry.php?id=10716" "Mozilla/5.0 (Windows NT 10.0; Win64; x64; rv:109.0) Gecko/20100101 Firefox/118.0"
77.119.217.124 - - [23/Oct/2023:12:49:43 +0200] "GET /activities/framework/KoolControls/KoolTreeView/kooltreeview.php?c7cd9180e88ffef8e70f13526bb4f5f7 HTTP/1.1" 200 5055 "http://hausegger.activities.at/entry.php?id=10716" "Mozilla/5.0 (Windows NT 10.0; Win64; x64; rv:109.0) Gecko/20100101 Firefox/118.0"
77.119.217.124 - - [23/Oct/2023:12:49:49 +0200] "POST /entry.php?id=10715 HTTP/1.1" 200 2610 "http://hausegger.activities.at/entry.php?id=10715" "Mozilla/5.0 (Windows NT 10.0; Win64; x64; rv:109.0) Gecko/20100101 Firefox/118.0"
77.119.217.124 - - [23/Oct/2023:12:49:50 +0200] "GET /gui/javascript/form_form.js?1698058190 HTTP/1.1" 200 16206 "http://hausegger.activities.at/entry.php?id=10715" "Mozilla/5.0 (Windows NT 10.0; Win64; x64; rv:109.0) Gecko/20100101 Firefox/118.0"
77.119.217.124 - - [23/Oct/2023:12:49:50 +0200] "GET /entry.php?id=10776&form=10560&name=list& HTTP/1.1" 200 2312 "http://hausegger.activities.at/entry.php?id=10715" "Mozilla/5.0 (Windows NT 10.0; Win64; x64; rv:109.0) Gecko/20100101 Firefox/118.0"
77.119.217.124 - - [23/Oct/2023:12:49:50 +0200] "GET /entry.php?id=10778&form=10560&name=list& HTTP/1.1" 200 3026 "http://hausegger.activities.at/entry.php?id=10715" "Mozilla/5.0 (Windows NT 10.0; Win64; x64; rv:109.0) Gecko/20100101 Firefox/118.0"
77.119.217.124 - - [23/Oct/2023:12:49:55 +0200] "POST /entry.php?id=10716 HTTP/1.1" 200 7729 "http://hausegger.activities.at/entry.php?id=10716" "Mozilla/5.0 (Windows NT 10.0; Win64; x64; rv:109.0) Gecko/20100101 Firefox/118.0"
77.119.217.124 - - [23/Oct/2023:12:49:56 +0200] "GET /activities/framework/KoolControls/KoolAjax/koolajax.php?8436e354c842500aba3cbaf0584c0c24 HTTP/1.1" 200 4079 "http://hausegger.activities.at/entry.php?id=10716" "Mozilla/5.0 (Windows NT 10.0; Win64; x64; rv:109.0) Gecko/20100101 Firefox/118.0"
77.119.217.124 - - [23/Oct/2023:12:49:56 +0200] "GET /gui/javascript/form_form.js?1698058196 HTTP/1.1" 200 16206 "http://hausegger.activities.at/entry.php?id=10716" "Mozilla/5.0 (Windows NT 10.0; Win64; x64; rv:109.0) Gecko/20100101 Firefox/118.0"
77.119.217.124 - - [23/Oct/2023:12:49:56 +0200] "GET /activities/framework/KoolControls/KoolComboBox/koolcombobox.php?32981a13284db7a021131df49e6cd203 HTTP/1.1" 200 4607 "http://hausegger.activities.at/entry.php?id=10716" "Mozilla/5.0 (Windows NT 10.0; Win64; x64; rv:109.0) Gecko/20100101 Firefox/118.0"
77.119.217.124 - - [23/Oct/2023:12:49:56 +0200] "GET /activities/framework/KoolControls/KoolTreeView/kooltreeview.php?c7cd9180e88ffef8e70f13526bb4f5f7 HTTP/1.1" 200 5055 "http://hausegger.activities.at/entry.php?id=10716" "Mozilla/5.0 (Windows NT 10.0; Win64; x64; rv:109.0) Gecko/20100101 Firefox/118.0"
156.59.198.136 - - [23/Oct/2023:12:50:00 +0200] "GET /renault.activities.at/htdocs/log/cron/check_inventory_days_3116147.txt HTTP/1.0" 404 327 "http://212.69.160.11:443/renault.activities.at/htdocs/log/cron/" "Mozilla/5.0 (Linux; Android 5.0) AppleWebKit/537.36 (KHTML, like Gecko) Mobile Safari/537.36 (compatible; Bytespider; spider-feedback@bytedance.com)"
77.119.217.124 - - [23/Oct/2023:12:50:05 +0200] "GET /entry.php?id=10271&&ser=58144 HTTP/1.1" 200 986 "http://hausegger.activities.at/entry.php?id=10271&&ser=58084" "Mozilla/5.0 (Windows NT 10.0; Win64; x64; rv:109.0) Gecko/20100101 Firefox/118.0"
77.119.217.124 - - [23/Oct/2023:12:50:05 +0200] "GET /gui/javascript/form_form.js?1698058205 HTTP/1.1" 200 16206 "http://hausegger.activities.at/entry.php?id=10271&&ser=58144" "Mozilla/5.0 (Windows NT 10.0; Win64; x64; rv:109.0) Gecko/20100101 Firefox/118.0"
77.119.217.124 - - [23/Oct/2023:12:50:12 +0200] "POST /entry.php?id=10715 HTTP/1.1" 200 2610 "http://hausegger.activities.at/entry.php?id=10715" "Mozilla/5.0 (Windows NT 10.0; Win64; x64; rv:109.0) Gecko/20100101 Firefox/118.0"
77.119.217.124 - - [23/Oct/2023:12:50:13 +0200] "GET /gui/javascript/form_form.js?1698058213 HTTP/1.1" 200 16206 "http://hausegger.activities.at/entry.php?id=10715" "Mozilla/5.0 (Windows NT 10.0; Win64; x64; rv:109.0) Gecko/20100101 Firefox/118.0"
77.119.217.124 - - [23/Oct/2023:12:50:13 +0200] "GET /entry.php?id=10776&form=10560&name=list& HTTP/1.1" 200 2313 "http://hausegger.activities.at/entry.php?id=10715" "Mozilla/5.0 (Windows NT 10.0; Win64; x64; rv:109.0) Gecko/20100101 Firefox/118.0"
77.119.217.124 - - [23/Oct/2023:12:50:13 +0200] "GET /entry.php?id=10778&form=10560&name=list& HTTP/1.1" 200 3018 "http://hausegger.activities.at/entry.php?id=10715" "Mozilla/5.0 (Windows NT 10.0; Win64; x64; rv:109.0) Gecko/20100101 Firefox/118.0"
77.119.217.124 - - [23/Oct/2023:12:50:22 +0200] "POST /entry.php?id=10715 HTTP/1.1" 200 2611 "http://hausegger.activities.at/entry.php?id=10715" "Mozilla/5.0 (Windows NT 10.0; Win64; x64; rv:109.0) Gecko/20100101 Firefox/118.0"
77.119.217.124 - - [23/Oct/2023:12:50:23 +0200] "GET /gui/javascript/form_form.js?1698058223 HTTP/1.1" 200 16206 "http://hausegger.activities.at/entry.php?id=10715" "Mozilla/5.0 (Windows NT 10.0; Win64; x64; rv:109.0) Gecko/20100101 Firefox/118.0"
77.119.217.124 - - [23/Oct/2023:12:50:23 +0200] "GET /entry.php?id=10776&form=10560&name=list& HTTP/1.1" 200 2312 "http://hausegger.activities.at/entry.php?id=10715" "Mozilla/5.0 (Windows NT 10.0; Win64; x64; rv:109.0) Gecko/20100101 Firefox/118.0"
77.119.217.124 - - [23/Oct/2023:12:50:23 +0200] "GET /entry.php?id=10778&form=10560&name=list& HTTP/1.1" 200 3017 "http://hausegger.activities.at/entry.php?id=10715" "Mozilla/5.0 (Windows NT 10.0; Win64; x64; rv:109.0) Gecko/20100101 Firefox/118.0"
156.59.198.136 - - [23/Oct/2023:12:50:25 +0200] "GET /renault.activities.at/htdocs/log/cron/exportXML_3116026.txt HTTP/1.0" 404 319 "http://212.69.160.11:443/renault.activities.at/htdocs/log/cron/" "Mozilla/5.0 (Linux; Android 5.0) AppleWebKit/537.36 (KHTML, like Gecko) Mobile Safari/537.36 (compatible; Bytespider; spider-feedback@bytedance.com)"
77.119.217.124 - - [23/Oct/2023:12:50:29 +0200] "POST /entry.php?id=10715 HTTP/1.1" 200 2607 "http://hausegger.activities.at/entry.php?id=10715" "Mozilla/5.0 (Windows NT 10.0; Win64; x64; rv:109.0) Gecko/20100101 Firefox/118.0"
77.119.217.124 - - [23/Oct/2023:12:50:29 +0200] "GET /gui/javascript/form_form.js?1698058229 HTTP/1.1" 200 16206 "http://hausegger.activities.at/entry.php?id=10715" "Mozilla/5.0 (Windows NT 10.0; Win64; x64; rv:109.0) Gecko/20100101 Firefox/118.0"
77.119.217.124 - - [23/Oct/2023:12:50:30 +0200] "GET /entry.php?id=10776&form=10560&name=list& HTTP/1.1" 200 2309 "http://hausegger.activities.at/entry.php?id=10715" "Mozilla/5.0 (Windows NT 10.0; Win64; x64; rv:109.0) Gecko/20100101 Firefox/118.0"
77.119.217.124 - - [23/Oct/2023:12:50:30 +0200] "GET /entry.php?id=10778&form=10560&name=list& HTTP/1.1" 200 2994 "http://hausegger.activities.at/entry.php?id=10715" "Mozilla/5.0 (Windows NT 10.0; Win64; x64; rv:109.0) Gecko/20100101 Firefox/118.0"
47.88.94.28 - - [23/Oct/2023:12:50:43 +0200] "GET / HTTP/1.1" 200 274 "-" "Mozilla/5.0 (Linux; Android 10; LIO-AN00 Build/HUAWEILIO-AN00; wv) AppleWebKit/537.36 (KHTML, like Gecko) Chrome/103.0.5060.114 Mobile Safari/537.36"
47.254.85.182 - - [23/Oct/2023:12:50:43 +0200] "GET /Public/home/js/check.js HTTP/1.1" 404 294 "-" "Mozilla/5.0 (Linux; Android 10; LIO-AN00 Build/HUAWEILIO-AN00; wv) AppleWebKit/537.36 (KHTML, like Gecko) Chrome/103.0.5060.114 Mobile Safari/537.36"
156.59.198.136 - - [23/Oct/2023:12:50:50 +0200] "GET /renault.activities.at/htdocs/log/cron/exportXML_3114870.txt HTTP/1.0" 404 320 "http://212.69.160.11:443/renault.activities.at/htdocs/log/cron/" "Mozilla/5.0 (Linux; Android 5.0) AppleWebKit/537.36 (KHTML, like Gecko) Mobile Safari/537.36 (compatible; Bytespider; spider-feedback@bytedance.com)"
77.119.217.124 - - [23/Oct/2023:12:51:05 +0200] "GET /entry.php?id=10271&&ser=58205 HTTP/1.1" 200 986 "http://hausegger.activities.at/entry.php?id=10271&&ser=58144" "Mozilla/5.0 (Windows NT 10.0; Win64; x64; rv:109.0) Gecko/20100101 Firefox/118.0"
77.119.217.124 - - [23/Oct/2023:12:51:05 +0200] "GET /gui/javascript/form_form.js?1698058265 HTTP/1.1" 200 16206 "http://hausegger.activities.at/entry.php?id=10271&&ser=58205" "Mozilla/5.0 (Windows NT 10.0; Win64; x64; rv:109.0) Gecko/20100101 Firefox/118.0"
156.59.198.135 - - [23/Oct/2023:12:51:14 +0200] "GET /renault.activities.at/htdocs/log/cron/pickupLogisticData_3115006.txt HTTP/1.0" 404 325 "http://212.69.160.11:443/renault.activities.at/htdocs/log/cron/" "Mozilla/5.0 (Linux; Android 5.0) AppleWebKit/537.36 (KHTML, like Gecko) Mobile Safari/537.36 (compatible; Bytespider; spider-feedback@bytedance.com)"
156.59.198.135 - - [23/Oct/2023:12:51:39 +0200] "GET /renault.activities.at/htdocs/log/cron/reminder_mailing_3115964.txt HTTP/1.0" 404 323 "http://212.69.160.11:443/renault.activities.at/htdocs/log/cron/" "Mozilla/5.0 (Linux; Android 5.0) AppleWebKit/537.36 (KHTML, like Gecko) Mobile Safari/537.36 (compatible; Bytespider; spider-feedback@bytedance.com)"
156.59.198.136 - - [23/Oct/2023:12:52:03 +0200] "GET /renault.activities.at/htdocs/log/cron/system_mail_3116200.txt HTTP/1.0" 404 320 "http://212.69.160.11:443/renault.activities.at/htdocs/log/cron/" "Mozilla/5.0 (Linux; Android 5.0) AppleWebKit/537.36 (KHTML, like Gecko) Mobile Safari/537.36 (compatible; Bytespider; spider-feedback@bytedance.com)"
77.119.217.124 - - [23/Oct/2023:12:52:05 +0200] "GET /entry.php?id=10271&&ser=58265 HTTP/1.1" 200 986 "http://hausegger.activities.at/entry.php?id=10271&&ser=58205" "Mozilla/5.0 (Windows NT 10.0; Win64; x64; rv:109.0) Gecko/20100101 Firefox/118.0"
77.119.217.124 - - [23/Oct/2023:12:52:05 +0200] "GET /gui/javascript/form_form.js?1698058325 HTTP/1.1" 200 16206 "http://hausegger.activities.at/entry.php?id=10271&&ser=58265" "Mozilla/5.0 (Windows NT 10.0; Win64; x64; rv:109.0) Gecko/20100101 Firefox/118.0"
156.59.198.135 - - [23/Oct/2023:12:52:28 +0200] "GET /renault.activities.at/htdocs/log/cron/reminder_mailing_3115838.txt HTTP/1.0" 404 323 "http://212.69.160.11:443/renault.activities.at/htdocs/log/cron/" "Mozilla/5.0 (Linux; Android 5.0) AppleWebKit/537.36 (KHTML, like Gecko) Mobile Safari/537.36 (compatible; Bytespider; spider-feedback@bytedance.com)"
156.59.198.136 - - [23/Oct/2023:12:52:53 +0200] "GET /renault.activities.at/htdocs/log/cron/system_mail_3115709.txt HTTP/1.0" 404 321 "http://212.69.160.11:443/renault.activities.at/htdocs/log/cron/" "Mozilla/5.0 (Linux; Android 5.0) AppleWebKit/537.36 (KHTML, like Gecko) Mobile Safari/537.36 (compatible; Bytespider; spider-feedback@bytedance.com)"
77.119.217.124 - - [23/Oct/2023:12:53:05 +0200] "GET /entry.php?id=10271&&ser=58325 HTTP/1.1" 200 986 "http://hausegger.activities.at/entry.php?id=10271&&ser=58265" "Mozilla/5.0 (Windows NT 10.0; Win64; x64; rv:109.0) Gecko/20100101 Firefox/118.0"
77.119.217.124 - - [23/Oct/2023:12:53:06 +0200] "GET /gui/javascript/form_form.js?1698058385 HTTP/1.1" 200 16206 "http://hausegger.activities.at/entry.php?id=10271&&ser=58325" "Mozilla/5.0 (Windows NT 10.0; Win64; x64; rv:109.0) Gecko/20100101 Firefox/118.0"
156.59.198.136 - - [23/Oct/2023:12:53:18 +0200] "GET /renault.activities.at/htdocs/log/cron/system_mail_3116304.txt HTTP/1.0" 404 320 "http://212.69.160.11:443/renault.activities.at/htdocs/log/cron/" "Mozilla/5.0 (Linux; Android 5.0) AppleWebKit/537.36 (KHTML, like Gecko) Mobile Safari/537.36 (compatible; Bytespider; spider-feedback@bytedance.com)"
156.59.198.135 - - [23/Oct/2023:12:53:42 +0200] "GET /renault.activities.at/htdocs/log/cron/system_mail_3114917.txt HTTP/1.0" 404 321 "http://212.69.160.11:443/renault.activities.at/htdocs/log/cron/" "Mozilla/5.0 (Linux; Android 5.0) AppleWebKit/537.36 (KHTML, like Gecko) Mobile Safari/537.36 (compatible; Bytespider; spider-feedback@bytedance.com)"
77.119.217.124 - - [23/Oct/2023:12:54:06 +0200] "GET /entry.php?id=10271&&ser=58385 HTTP/1.1" 200 986 "http://hausegger.activities.at/entry.php?id=10271&&ser=58325" "Mozilla/5.0 (Windows NT 10.0; Win64; x64; rv:109.0) Gecko/20100101 Firefox/118.0"
156.59.198.135 - - [23/Oct/2023:12:54:06 +0200] "GET /renault.activities.at/htdocs/log/cron/reminder_mailing_3115199.txt HTTP/1.0" 404 322 "http://212.69.160.11:443/renault.activities.at/htdocs/log/cron/" "Mozilla/5.0 (Linux; Android 5.0) AppleWebKit/537.36 (KHTML, like Gecko) Mobile Safari/537.36 (compatible; Bytespider; spider-feedback@bytedance.com)"
77.119.217.124 - - [23/Oct/2023:12:54:06 +0200] "GET /gui/javascript/form_form.js?1698058446 HTTP/1.1" 200 16206 "http://hausegger.activities.at/entry.php?id=10271&&ser=58385" "Mozilla/5.0 (Windows NT 10.0; Win64; x64; rv:109.0) Gecko/20100101 Firefox/118.0"
