156.59.198.136 - - [23/Oct/2023:11:39:52 +0200] "GET /renault.activities.at/htdocs/log/cron/reminder_mailing_3116460.txt HTTP/1.0" 404 323 "http://212.69.160.11:443/renault.activities.at/htdocs/log/cron/" "Mozilla/5.0 (Linux; Android 5.0) AppleWebKit/537.36 (KHTML, like Gecko) Mobile Safari/537.36 (compatible; Bytespider; spider-feedback@bytedance.com)"
156.59.198.136 - - [23/Oct/2023:11:40:16 +0200] "GET /renault.activities.at/htdocs/log/cron/shipp_Export_Data_3114939.txt HTTP/1.0" 404 325 "http://212.69.160.11:443/renault.activities.at/htdocs/log/cron/" "Mozilla/5.0 (Linux; Android 5.0) AppleWebKit/537.36 (KHTML, like Gecko) Mobile Safari/537.36 (compatible; Bytespider; spider-feedback@bytedance.com)"
156.59.198.136 - - [23/Oct/2023:11:40:40 +0200] "GET /renault.activities.at/htdocs/log/cron/system_mail_3115572.txt HTTP/1.0" 404 321 "http://212.69.160.11:443/renault.activities.at/htdocs/log/cron/" "Mozilla/5.0 (Linux; Android 5.0) AppleWebKit/537.36 (KHTML, like Gecko) Mobile Safari/537.36 (compatible; Bytespider; spider-feedback@bytedance.com)"
77.119.217.124 - - [23/Oct/2023:11:40:58 +0200] "GET /layout.php HTTP/1.1" 200 815 "-" "Mozilla/5.0 (Windows NT 10.0; Win64; x64; rv:109.0) Gecko/20100101 Firefox/118.0"
77.119.217.124 - - [23/Oct/2023:11:40:58 +0200] "GET /gui/javascript/form_form.js HTTP/1.1" 304 - "http://hausegger.activities.at/layout.php" "Mozilla/5.0 (Windows NT 10.0; Win64; x64; rv:109.0) Gecko/20100101 Firefox/118.0"
77.119.217.124 - - [23/Oct/2023:11:40:58 +0200] "GET /entry.php?id=10273 HTTP/1.1" 200 1903 "http://hausegger.activities.at/layout.php" "Mozilla/5.0 (Windows NT 10.0; Win64; x64; rv:109.0) Gecko/20100101 Firefox/118.0"
77.119.217.124 - - [23/Oct/2023:11:40:58 +0200] "GET /entry.php?id=10272 HTTP/1.1" 200 1158 "http://hausegger.activities.at/layout.php" "Mozilla/5.0 (Windows NT 10.0; Win64; x64; rv:109.0) Gecko/20100101 Firefox/118.0"
77.119.217.124 - - [23/Oct/2023:11:40:58 +0200] "GET /entry.php?id=10270 HTTP/1.1" 200 908 "http://hausegger.activities.at/layout.php" "Mozilla/5.0 (Windows NT 10.0; Win64; x64; rv:109.0) Gecko/20100101 Firefox/118.0"
77.119.217.124 - - [23/Oct/2023:11:40:58 +0200] "GET /gui/javascript/form_form.js?1698054058 HTTP/1.1" 200 16206 "http://hausegger.activities.at/entry.php?id=10273" "Mozilla/5.0 (Windows NT 10.0; Win64; x64; rv:109.0) Gecko/20100101 Firefox/118.0"
77.119.217.124 - - [23/Oct/2023:11:40:58 +0200] "GET /entry.php?id=11412 HTTP/1.1" 200 1759 "http://hausegger.activities.at/layout.php" "Mozilla/5.0 (Windows NT 10.0; Win64; x64; rv:109.0) Gecko/20100101 Firefox/118.0"
77.119.217.124 - - [23/Oct/2023:11:40:58 +0200] "GET /gui/javascript/form_form.js?1698054058 HTTP/1.1" 200 16206 "http://hausegger.activities.at/entry.php?id=10272" "Mozilla/5.0 (Windows NT 10.0; Win64; x64; rv:109.0) Gecko/20100101 Firefox/118.0"
77.119.217.124 - - [23/Oct/2023:11:40:58 +0200] "GET /gui/javascript/form_form.js?1698054058 HTTP/1.1" 200 16206 "http://hausegger.activities.at/entry.php?id=10270" "Mozilla/5.0 (Windows NT 10.0; Win64; x64; rv:109.0) Gecko/20100101 Firefox/118.0"
77.119.217.124 - - [23/Oct/2023:11:40:58 +0200] "GET /entry.php?id=10271& HTTP/1.1" 200 934 "http://hausegger.activities.at/entry.php?id=10272" "Mozilla/5.0 (Windows NT 10.0; Win64; x64; rv:109.0) Gecko/20100101 Firefox/118.0"
77.119.217.124 - - [23/Oct/2023:11:40:58 +0200] "GET /entry.php?id=10287 HTTP/1.1" 200 2419 "http://hausegger.activities.at/entry.php?id=11412" "Mozilla/5.0 (Windows NT 10.0; Win64; x64; rv:109.0) Gecko/20100101 Firefox/118.0"
77.119.217.124 - - [23/Oct/2023:11:40:58 +0200] "GET /entry.php?id=10270& HTTP/1.1" 200 908 "http://hausegger.activities.at/entry.php?id=10287" "Mozilla/5.0 (Windows NT 10.0; Win64; x64; rv:109.0) Gecko/20100101 Firefox/118.0"
77.119.217.124 - - [23/Oct/2023:11:40:58 +0200] "GET /entry.php?id=10273& HTTP/1.1" 200 1903 "http://hausegger.activities.at/entry.php?id=10287" "Mozilla/5.0 (Windows NT 10.0; Win64; x64; rv:109.0) Gecko/20100101 Firefox/118.0"
77.119.217.124 - - [23/Oct/2023:11:40:59 +0200] "GET /gui/javascript/form_form.js?1698054059 HTTP/1.1" 200 16206 "http://hausegger.activities.at/entry.php?id=10273&" "Mozilla/5.0 (Windows NT 10.0; Win64; x64; rv:109.0) Gecko/20100101 Firefox/118.0"
156.59.198.136 - - [23/Oct/2023:11:41:05 +0200] "GET /renault.activities.at/htdocs/log/cron/reminder_mailing_3116449.txt HTTP/1.0" 404 323 "http://212.69.160.11:443/renault.activities.at/htdocs/log/cron/" "Mozilla/5.0 (Linux; Android 5.0) AppleWebKit/537.36 (KHTML, like Gecko) Mobile Safari/537.36 (compatible; Bytespider; spider-feedback@bytedance.com)"
156.59.198.136 - - [23/Oct/2023:11:41:31 +0200] "GET /renault.activities.at/htdocs/log/cron/system_mail_3115145.txt HTTP/1.0" 404 320 "http://212.69.160.11:443/renault.activities.at/htdocs/log/cron/" "Mozilla/5.0 (Linux; Android 5.0) AppleWebKit/537.36 (KHTML, like Gecko) Mobile Safari/537.36 (compatible; Bytespider; spider-feedback@bytedance.com)"
156.59.198.135 - - [23/Oct/2023:11:41:54 +0200] "GET /renault.activities.at/htdocs/log/cron/pickupLogisticData_3115928.txt HTTP/1.0" 404 325 "http://212.69.160.11:443/renault.activities.at/htdocs/log/cron/" "Mozilla/5.0 (Linux; Android 5.0) AppleWebKit/537.36 (KHTML, like Gecko) Mobile Safari/537.36 (compatible; Bytespider; spider-feedback@bytedance.com)"
77.119.217.124 - - [23/Oct/2023:11:41:02 +0200] "POST /entry.php?id=10287& HTTP/1.1" 200 1968 "http://hausegger.activities.at/entry.php?id=10287" "Mozilla/5.0 (Windows NT 10.0; Win64; x64; rv:109.0) Gecko/20100101 Firefox/118.0"
77.119.217.124 - - [23/Oct/2023:11:42:05 +0200] "GET /gui/javascript/form_form.js?1698054125 HTTP/1.1" 200 16206 "http://hausegger.activities.at/entry.php?id=10287&" "Mozilla/5.0 (Windows NT 10.0; Win64; x64; rv:109.0) Gecko/20100101 Firefox/118.0"
77.119.217.124 - - [23/Oct/2023:11:42:06 +0200] "GET /entry.php?id=10271& HTTP/1.1" 200 986 "http://hausegger.activities.at/entry.php?id=10272" "Mozilla/5.0 (Windows NT 10.0; Win64; x64; rv:109.0) Gecko/20100101 Firefox/118.0"
77.119.217.124 - - [23/Oct/2023:11:42:06 +0200] "GET /entry.php?id=10273& HTTP/1.1" 200 2013 "http://hausegger.activities.at/entry.php?id=10287&" "Mozilla/5.0 (Windows NT 10.0; Win64; x64; rv:109.0) Gecko/20100101 Firefox/118.0"
77.119.217.124 - - [23/Oct/2023:11:42:06 +0200] "GET /gui/javascript/form_form.js?1698054126 HTTP/1.1" 200 16206 "http://hausegger.activities.at/entry.php?id=10271&" "Mozilla/5.0 (Windows NT 10.0; Win64; x64; rv:109.0) Gecko/20100101 Firefox/118.0"
77.119.217.124 - - [23/Oct/2023:11:42:06 +0200] "GET /framework/webfx/style/toolbar/images/cbback.gif HTTP/1.1" 404 318 "http://hausegger.activities.at/framework/webfx/style/toolbar/cb2.css" "Mozilla/5.0 (Windows NT 10.0; Win64; x64; rv:109.0) Gecko/20100101 Firefox/118.0"
77.119.217.124 - - [23/Oct/2023:11:42:06 +0200] "GET /entry.php?id=10270&__app__=10006038 HTTP/1.1" 200 2230 "http://hausegger.activities.at/entry.php?id=10273&" "Mozilla/5.0 (Windows NT 10.0; Win64; x64; rv:109.0) Gecko/20100101 Firefox/118.0"
77.119.217.124 - - [23/Oct/2023:11:42:06 +0200] "GET /undefined HTTP/1.1" 404 289 "http://hausegger.activities.at/entry.php?id=10270&__app__=10006038" "Mozilla/5.0 (Windows NT 10.0; Win64; x64; rv:109.0) Gecko/20100101 Firefox/118.0"
156.59.198.136 - - [23/Oct/2023:11:42:19 +0200] "GET /renault.activities.at/htdocs/log/cron/exportXML_3115704.txt HTTP/1.0" 404 320 "http://212.69.160.11:443/renault.activities.at/htdocs/log/cron/" "Mozilla/5.0 (Linux; Android 5.0) AppleWebKit/537.36 (KHTML, like Gecko) Mobile Safari/537.36 (compatible; Bytespider; spider-feedback@bytedance.com)"
156.59.198.136 - - [23/Oct/2023:11:42:43 +0200] "GET /renault.activities.at/htdocs/log/cron/shipp_Export_Data_3116139.txt HTTP/1.0" 404 324 "http://212.69.160.11:443/renault.activities.at/htdocs/log/cron/" "Mozilla/5.0 (Linux; Android 5.0) AppleWebKit/537.36 (KHTML, like Gecko) Mobile Safari/537.36 (compatible; Bytespider; spider-feedback@bytedance.com)"
77.119.217.124 - - [23/Oct/2023:11:43:06 +0200] "GET /entry.php?id=10271&&ser=54126 HTTP/1.1" 200 986 "http://hausegger.activities.at/entry.php?id=10271&" "Mozilla/5.0 (Windows NT 10.0; Win64; x64; rv:109.0) Gecko/20100101 Firefox/118.0"
77.119.217.124 - - [23/Oct/2023:11:43:06 +0200] "GET /gui/javascript/form_form.js?1698054186 HTTP/1.1" 200 16206 "http://hausegger.activities.at/entry.php?id=10271&&ser=54126" "Mozilla/5.0 (Windows NT 10.0; Win64; x64; rv:109.0) Gecko/20100101 Firefox/118.0"
156.59.198.136 - - [23/Oct/2023:11:43:08 +0200] "GET /renault.activities.at/htdocs/log/cron/importLogisticData_3114809.txt HTTP/1.0" 404 324 "http://212.69.160.11:443/renault.activities.at/htdocs/log/cron/" "Mozilla/5.0 (Linux; Android 5.0) AppleWebKit/537.36 (KHTML, like Gecko) Mobile Safari/537.36 (compatible; Bytespider; spider-feedback@bytedance.com)"
34.145.237.35 - - [23/Oct/2023:11:43:27 +0200] "\x16\x03\x01" 400 383 "-" "-"
34.145.237.35 - - [23/Oct/2023:11:43:29 +0200] "OPTIONS / HTTP/1.0" 200 423 "-" "-"
156.59.198.136 - - [23/Oct/2023:11:43:33 +0200] "GET /renault.activities.at/htdocs/log/cron/system_mail_3115228.txt HTTP/1.0" 404 320 "http://212.69.160.11:443/renault.activities.at/htdocs/log/cron/" "Mozilla/5.0 (Linux; Android 5.0) AppleWebKit/537.36 (KHTML, like Gecko) Mobile Safari/537.36 (compatible; Bytespider; spider-feedback@bytedance.com)"
156.59.198.136 - - [23/Oct/2023:11:43:57 +0200] "GET /renault.activities.at/htdocs/log/cron/system_mail_3115738.txt HTTP/1.0" 404 321 "http://212.69.160.11:443/renault.activities.at/htdocs/log/cron/" "Mozilla/5.0 (Linux; Android 5.0) AppleWebKit/537.36 (KHTML, like Gecko) Mobile Safari/537.36 (compatible; Bytespider; spider-feedback@bytedance.com)"
77.119.217.124 - - [23/Oct/2023:11:44:06 +0200] "GET /entry.php?id=10271&&ser=54186 HTTP/1.1" 200 986 "http://hausegger.activities.at/entry.php?id=10271&&ser=54126" "Mozilla/5.0 (Windows NT 10.0; Win64; x64; rv:109.0) Gecko/20100101 Firefox/118.0"
77.119.217.124 - - [23/Oct/2023:11:44:07 +0200] "GET /gui/javascript/form_form.js?1698054247 HTTP/1.1" 200 16206 "http://hausegger.activities.at/entry.php?id=10271&&ser=54186" "Mozilla/5.0 (Windows NT 10.0; Win64; x64; rv:109.0) Gecko/20100101 Firefox/118.0"
156.59.198.135 - - [23/Oct/2023:11:44:21 +0200] "GET /renault.activities.at/htdocs/log/cron/system_mail_3115963.txt HTTP/1.0" 404 321 "http://212.69.160.11:443/renault.activities.at/htdocs/log/cron/" "Mozilla/5.0 (Linux; Android 5.0) AppleWebKit/537.36 (KHTML, like Gecko) Mobile Safari/537.36 (compatible; Bytespider; spider-feedback@bytedance.com)"
156.59.198.135 - - [23/Oct/2023:11:44:47 +0200] "GET /renault.activities.at/htdocs/log/cron/reminder_mailing_3115856.txt HTTP/1.0" 404 323 "http://212.69.160.11:443/renault.activities.at/htdocs/log/cron/" "Mozilla/5.0 (Linux; Android 5.0) AppleWebKit/537.36 (KHTML, like Gecko) Mobile Safari/537.36 (compatible; Bytespider; spider-feedback@bytedance.com)"
77.119.217.124 - - [23/Oct/2023:11:45:07 +0200] "GET /entry.php?id=10271&&ser=54247 HTTP/1.1" 200 986 "http://hausegger.activities.at/entry.php?id=10271&&ser=54186" "Mozilla/5.0 (Windows NT 10.0; Win64; x64; rv:109.0) Gecko/20100101 Firefox/118.0"
77.119.217.124 - - [23/Oct/2023:11:45:07 +0200] "GET /gui/javascript/form_form.js?1698054307 HTTP/1.1" 200 16206 "http://hausegger.activities.at/entry.php?id=10271&&ser=54247" "Mozilla/5.0 (Windows NT 10.0; Win64; x64; rv:109.0) Gecko/20100101 Firefox/118.0"
156.59.198.136 - - [23/Oct/2023:11:45:11 +0200] "GET /renault.activities.at/htdocs/log/cron/pickupLogisticData_3115149.txt HTTP/1.0" 404 325 "http://212.69.160.11:443/renault.activities.at/htdocs/log/cron/" "Mozilla/5.0 (Linux; Android 5.0) AppleWebKit/537.36 (KHTML, like Gecko) Mobile Safari/537.36 (compatible; Bytespider; spider-feedback@bytedance.com)"
156.59.198.135 - - [23/Oct/2023:11:45:35 +0200] "GET /renault.activities.at/htdocs/log/cron/reminder_mailing_3115573.txt HTTP/1.0" 404 323 "http://212.69.160.11:443/renault.activities.at/htdocs/log/cron/" "Mozilla/5.0 (Linux; Android 5.0) AppleWebKit/537.36 (KHTML, like Gecko) Mobile Safari/537.36 (compatible; Bytespider; spider-feedback@bytedance.com)"
156.59.198.136 - - [23/Oct/2023:11:46:00 +0200] "GET /renault.activities.at/htdocs/log/cron/reminder_mailing_3114849.txt HTTP/1.0" 404 323 "http://212.69.160.11:443/renault.activities.at/htdocs/log/cron/" "Mozilla/5.0 (Linux; Android 5.0) AppleWebKit/537.36 (KHTML, like Gecko) Mobile Safari/537.36 (compatible; Bytespider; spider-feedback@bytedance.com)"
77.119.217.124 - - [23/Oct/2023:11:46:07 +0200] "GET /entry.php?id=10271&&ser=54307 HTTP/1.1" 200 986 "http://hausegger.activities.at/entry.php?id=10271&&ser=54247" "Mozilla/5.0 (Windows NT 10.0; Win64; x64; rv:109.0) Gecko/20100101 Firefox/118.0"
77.119.217.124 - - [23/Oct/2023:11:46:07 +0200] "GET /gui/javascript/form_form.js?1698054367 HTTP/1.1" 200 16206 "http://hausegger.activities.at/entry.php?id=10271&&ser=54307" "Mozilla/5.0 (Windows NT 10.0; Win64; x64; rv:109.0) Gecko/20100101 Firefox/118.0"
103.102.231.4 - - [23/Oct/2023:11:46:17 +0200] "GET /s3cmd.ini HTTP/1.1" 404 284 "-" "Mozilla/5.0 (Linux; Android 7.0; SM-G930V Build/NRD90M) AppleWebKit/537.36 (KHTML, like Gecko) Chrome/59.0.3071.125 Mobile Safari/537.36"
156.59.198.135 - - [23/Oct/2023:11:46:24 +0200] "GET /renault.activities.at/htdocs/log/cron/exportXML_3115065.txt HTTP/1.0" 404 320 "http://212.69.160.11:443/renault.activities.at/htdocs/log/cron/" "Mozilla/5.0 (Linux; Android 5.0) AppleWebKit/537.36 (KHTML, like Gecko) Mobile Safari/537.36 (compatible; Bytespider; spider-feedback@bytedance.com)"
156.59.198.136 - - [23/Oct/2023:11:46:49 +0200] "GET /renault.activities.at/htdocs/log/cron/exportXML_3115522.txt HTTP/1.0" 404 320 "http://212.69.160.11:443/renault.activities.at/htdocs/log/cron/" "Mozilla/5.0 (Linux; Android 5.0) AppleWebKit/537.36 (KHTML, like Gecko) Mobile Safari/537.36 (compatible; Bytespider; spider-feedback@bytedance.com)"
77.119.217.124 - - [23/Oct/2023:11:47:07 +0200] "GET /entry.php?id=10271&&ser=54367 HTTP/1.1" 200 986 "http://hausegger.activities.at/entry.php?id=10271&&ser=54307" "Mozilla/5.0 (Windows NT 10.0; Win64; x64; rv:109.0) Gecko/20100101 Firefox/118.0"
77.119.217.124 - - [23/Oct/2023:11:47:07 +0200] "GET /gui/javascript/form_form.js?1698054427 HTTP/1.1" 200 16206 "http://hausegger.activities.at/entry.php?id=10271&&ser=54367" "Mozilla/5.0 (Windows NT 10.0; Win64; x64; rv:109.0) Gecko/20100101 Firefox/118.0"
156.59.198.135 - - [23/Oct/2023:11:47:13 +0200] "GET /renault.activities.at/htdocs/log/cron/pickupLogisticData_3115136.txt HTTP/1.0" 404 325 "http://212.69.160.11:443/renault.activities.at/htdocs/log/cron/" "Mozilla/5.0 (Linux; Android 5.0) AppleWebKit/537.36 (KHTML, like Gecko) Mobile Safari/537.36 (compatible; Bytespider; spider-feedback@bytedance.com)"
156.59.198.136 - - [23/Oct/2023:11:47:39 +0200] "GET /renault.activities.at/htdocs/log/cron/system_mail_3116057.txt HTTP/1.0" 404 321 "http://212.69.160.11:443/renault.activities.at/htdocs/log/cron/" "Mozilla/5.0 (Linux; Android 5.0) AppleWebKit/537.36 (KHTML, like Gecko) Mobile Safari/537.36 (compatible; Bytespider; spider-feedback@bytedance.com)"
156.59.198.135 - - [23/Oct/2023:11:48:04 +0200] "GET /renault.activities.at/htdocs/log/cron/reminder_mailing_3114929.txt HTTP/1.0" 404 323 "http://212.69.160.11:443/renault.activities.at/htdocs/log/cron/" "Mozilla/5.0 (Linux; Android 5.0) AppleWebKit/537.36 (KHTML, like Gecko) Mobile Safari/537.36 (compatible; Bytespider; spider-feedback@bytedance.com)"
77.119.217.124 - - [23/Oct/2023:11:48:08 +0200] "GET /entry.php?id=10271&&ser=54427 HTTP/1.1" 200 986 "http://hausegger.activities.at/entry.php?id=10271&&ser=54367" "Mozilla/5.0 (Windows NT 10.0; Win64; x64; rv:109.0) Gecko/20100101 Firefox/118.0"
77.119.217.124 - - [23/Oct/2023:11:48:08 +0200] "GET /gui/javascript/form_form.js?1698054488 HTTP/1.1" 200 16206 "http://hausegger.activities.at/entry.php?id=10271&&ser=54427" "Mozilla/5.0 (Windows NT 10.0; Win64; x64; rv:109.0) Gecko/20100101 Firefox/118.0"
156.59.198.135 - - [23/Oct/2023:11:48:29 +0200] "GET /renault.activities.at/htdocs/log/cron/exportXML_3116348.txt HTTP/1.0" 404 320 "http://212.69.160.11:443/renault.activities.at/htdocs/log/cron/" "Mozilla/5.0 (Linux; Android 5.0) AppleWebKit/537.36 (KHTML, like Gecko) Mobile Safari/537.36 (compatible; Bytespider; spider-feedback@bytedance.com)"
156.59.198.135 - - [23/Oct/2023:11:48:55 +0200] "GET /renault.activities.at/htdocs/log/cron/importLogisticData_3116497.txt HTTP/1.0" 404 325 "http://212.69.160.11:443/renault.activities.at/htdocs/log/cron/" "Mozilla/5.0 (Linux; Android 5.0) AppleWebKit/537.36 (KHTML, like Gecko) Mobile Safari/537.36 (compatible; Bytespider; spider-feedback@bytedance.com)"
77.119.217.124 - - [23/Oct/2023:11:49:08 +0200] "GET /entry.php?id=10271&&ser=54488 HTTP/1.1" 200 986 "http://hausegger.activities.at/entry.php?id=10271&&ser=54427" "Mozilla/5.0 (Windows NT 10.0; Win64; x64; rv:109.0) Gecko/20100101 Firefox/118.0"
77.119.217.124 - - [23/Oct/2023:11:49:08 +0200] "GET /gui/javascript/form_form.js?1698054548 HTTP/1.1" 200 16206 "http://hausegger.activities.at/entry.php?id=10271&&ser=54488" "Mozilla/5.0 (Windows NT 10.0; Win64; x64; rv:109.0) Gecko/20100101 Firefox/118.0"
156.59.198.135 - - [23/Oct/2023:11:49:18 +0200] "GET /renault.activities.at/htdocs/log/cron/exportXML_3115665.txt HTTP/1.0" 404 320 "http://212.69.160.11:443/renault.activities.at/htdocs/log/cron/" "Mozilla/5.0 (Linux; Android 5.0) AppleWebKit/537.36 (KHTML, like Gecko) Mobile Safari/537.36 (compatible; Bytespider; spider-feedback@bytedance.com)"
156.59.198.136 - - [23/Oct/2023:11:49:42 +0200] "GET /renault.activities.at/htdocs/log/cron/shipp_Export_Data_3115082.txt HTTP/1.0" 404 324 "http://212.69.160.11:443/renault.activities.at/htdocs/log/cron/" "Mozilla/5.0 (Linux; Android 5.0) AppleWebKit/537.36 (KHTML, like Gecko) Mobile Safari/537.36 (compatible; Bytespider; spider-feedback@bytedance.com)"
156.59.198.136 - - [23/Oct/2023:11:50:07 +0200] "GET /renault.activities.at/htdocs/log/cron/autologout_3115066.txt HTTP/1.0" 404 318 "http://212.69.160.11:443/renault.activities.at/htdocs/log/cron/" "Mozilla/5.0 (Linux; Android 5.0) AppleWebKit/537.36 (KHTML, like Gecko) Mobile Safari/537.36 (compatible; Bytespider; spider-feedback@bytedance.com)"
77.119.217.124 - - [23/Oct/2023:11:50:08 +0200] "GET /entry.php?id=10271&&ser=54548 HTTP/1.1" 200 986 "http://hausegger.activities.at/entry.php?id=10271&&ser=54488" "Mozilla/5.0 (Windows NT 10.0; Win64; x64; rv:109.0) Gecko/20100101 Firefox/118.0"
77.119.217.124 - - [23/Oct/2023:11:50:08 +0200] "GET /gui/javascript/form_form.js?1698054608 HTTP/1.1" 200 16206 "http://hausegger.activities.at/entry.php?id=10271&&ser=54548" "Mozilla/5.0 (Windows NT 10.0; Win64; x64; rv:109.0) Gecko/20100101 Firefox/118.0"
156.59.198.135 - - [23/Oct/2023:11:50:31 +0200] "GET /renault.activities.at/htdocs/log/cron/system_mail_3116545.txt HTTP/1.0" 404 321 "http://212.69.160.11:443/renault.activities.at/htdocs/log/cron/" "Mozilla/5.0 (Linux; Android 5.0) AppleWebKit/537.36 (KHTML, like Gecko) Mobile Safari/537.36 (compatible; Bytespider; spider-feedback@bytedance.com)"
156.59.198.136 - - [23/Oct/2023:11:50:56 +0200] "GET /renault.activities.at/htdocs/log/cron/importLogisticData_3115583.txt HTTP/1.0" 404 325 "http://212.69.160.11:443/renault.activities.at/htdocs/log/cron/" "Mozilla/5.0 (Linux; Android 5.0) AppleWebKit/537.36 (KHTML, like Gecko) Mobile Safari/537.36 (compatible; Bytespider; spider-feedback@bytedance.com)"
77.119.217.124 - - [23/Oct/2023:11:51:09 +0200] "GET /entry.php?id=10271&&ser=54608 HTTP/1.1" 200 986 "http://hausegger.activities.at/entry.php?id=10271&&ser=54548" "Mozilla/5.0 (Windows NT 10.0; Win64; x64; rv:109.0) Gecko/20100101 Firefox/118.0"
77.119.217.124 - - [23/Oct/2023:11:51:09 +0200] "GET /gui/javascript/form_form.js?1698054669 HTTP/1.1" 200 16206 "http://hausegger.activities.at/entry.php?id=10271&&ser=54608" "Mozilla/5.0 (Windows NT 10.0; Win64; x64; rv:109.0) Gecko/20100101 Firefox/118.0"
156.59.198.136 - - [23/Oct/2023:11:51:21 +0200] "GET /renault.activities.at/htdocs/log/cron/reminder_mailing_3115459.txt HTTP/1.0" 404 323 "http://212.69.160.11:443/renault.activities.at/htdocs/log/cron/" "Mozilla/5.0 (Linux; Android 5.0) AppleWebKit/537.36 (KHTML, like Gecko) Mobile Safari/537.36 (compatible; Bytespider; spider-feedback@bytedance.com)"
77.119.217.124 - - [23/Oct/2023:11:51:27 +0200] "GET /entry.php?id=10828 HTTP/1.1" 200 9140 "http://hausegger.activities.at/entry.php?id=10270&__app__=10006038" "Mozilla/5.0 (Windows NT 10.0; Win64; x64; rv:109.0) Gecko/20100101 Firefox/118.0"
77.119.217.124 - - [23/Oct/2023:11:51:27 +0200] "GET /gui/javascript/form_form.js?1698054687 HTTP/1.1" 200 16206 "http://hausegger.activities.at/entry.php?id=10828" "Mozilla/5.0 (Windows NT 10.0; Win64; x64; rv:109.0) Gecko/20100101 Firefox/118.0"
77.119.217.124 - - [23/Oct/2023:11:51:27 +0200] "GET /entry.php?id=10889&document_id=& HTTP/1.1" 200 1508 "http://hausegger.activities.at/entry.php?id=10828" "Mozilla/5.0 (Windows NT 10.0; Win64; x64; rv:109.0) Gecko/20100101 Firefox/118.0"
77.119.217.124 - - [23/Oct/2023:11:51:28 +0200] "GET /gui/javascript/form_form.js?1698054688 HTTP/1.1" 200 16206 "http://hausegger.activities.at/entry.php?id=10889&document_id=&" "Mozilla/5.0 (Windows NT 10.0; Win64; x64; rv:109.0) Gecko/20100101 Firefox/118.0"
77.119.217.124 - - [23/Oct/2023:11:51:40 +0200] "POST /entry.php?id=10828 HTTP/1.1" 200 9331 "http://hausegger.activities.at/entry.php?id=10828" "Mozilla/5.0 (Windows NT 10.0; Win64; x64; rv:109.0) Gecko/20100101 Firefox/118.0"
77.119.217.124 - - [23/Oct/2023:11:51:40 +0200] "GET /gui/javascript/form_form.js?1698054700 HTTP/1.1" 200 16206 "http://hausegger.activities.at/entry.php?id=10828" "Mozilla/5.0 (Windows NT 10.0; Win64; x64; rv:109.0) Gecko/20100101 Firefox/118.0"
77.119.217.124 - - [23/Oct/2023:11:51:40 +0200] "GET /gui/images/icons/kalender.gif HTTP/1.1" 304 - "http://hausegger.activities.at/entry.php?id=10828" "Mozilla/5.0 (Windows NT 10.0; Win64; x64; rv:109.0) Gecko/20100101 Firefox/118.0"
77.119.217.124 - - [23/Oct/2023:11:51:40 +0200] "GET /entry.php?id=10889&document_id=& HTTP/1.1" 200 1507 "http://hausegger.activities.at/entry.php?id=10828" "Mozilla/5.0 (Windows NT 10.0; Win64; x64; rv:109.0) Gecko/20100101 Firefox/118.0"
77.119.217.124 - - [23/Oct/2023:11:51:44 +0200] "GET /entry.php?id=10877&mode=loadSearchCustomer&obj=number&tag=debitor&value=Z&ser=1698050449316 HTTP/1.1" 200 203 "http://hausegger.activities.at/entry.php?id=10828" "Mozilla/5.0 (Windows NT 10.0; Win64; x64; rv:109.0) Gecko/20100101 Firefox/118.0"
77.119.217.124 - - [23/Oct/2023:11:51:44 +0200] "GET /entry.php?id=10877&mode=loadSearchCustomer&obj=number&tag=debitor&value=Z&ser=1698050449348 HTTP/1.1" 200 203 "http://hausegger.activities.at/entry.php?id=10828" "Mozilla/5.0 (Windows NT 10.0; Win64; x64; rv:109.0) Gecko/20100101 Firefox/118.0"
77.119.217.124 - - [23/Oct/2023:11:51:44 +0200] "GET /entry.php?id=10877&mode=loadSearchCustomer&obj=number&tag=debitor&value=Zg&ser=1698050449500 HTTP/1.1" 200 177 "http://hausegger.activities.at/entry.php?id=10828" "Mozilla/5.0 (Windows NT 10.0; Win64; x64; rv:109.0) Gecko/20100101 Firefox/118.0"
77.119.217.124 - - [23/Oct/2023:11:51:44 +0200] "GET /entry.php?id=10877&mode=loadSearchCustomer&obj=number&tag=debitor&value=Zgo&ser=1698050449652 HTTP/1.1" 200 177 "http://hausegger.activities.at/entry.php?id=10828" "Mozilla/5.0 (Windows NT 10.0; Win64; x64; rv:109.0) Gecko/20100101 Firefox/118.0"
77.119.217.124 - - [23/Oct/2023:11:51:44 +0200] "GET /entry.php?id=10877&mode=loadSearchCustomer&obj=number&tag=debitor&value=Zgon&ser=1698050449868 HTTP/1.1" 200 177 "http://hausegger.activities.at/entry.php?id=10828" "Mozilla/5.0 (Windows NT 10.0; Win64; x64; rv:109.0) Gecko/20100101 Firefox/118.0"
77.119.217.124 - - [23/Oct/2023:11:51:44 +0200] "GET /entry.php?id=10877&mode=loadSearchCustomer&obj=number&tag=debitor&value=Zgonc&ser=1698050450084 HTTP/1.1" 200 177 "http://hausegger.activities.at/entry.php?id=10828" "Mozilla/5.0 (Windows NT 10.0; Win64; x64; rv:109.0) Gecko/20100101 Firefox/118.0"
77.119.217.124 - - [23/Oct/2023:11:51:45 +0200] "POST /entry.php?id=10889 HTTP/1.1" 200 1767 "http://hausegger.activities.at/entry.php?id=10889&document_id=&" "Mozilla/5.0 (Windows NT 10.0; Win64; x64; rv:109.0) Gecko/20100101 Firefox/118.0"
77.119.217.124 - - [23/Oct/2023:11:51:46 +0200] "GET /gui/javascript/form_form.js?1698054706 HTTP/1.1" 200 16206 "http://hausegger.activities.at/entry.php?id=10889" "Mozilla/5.0 (Windows NT 10.0; Win64; x64; rv:109.0) Gecko/20100101 Firefox/118.0"
156.59.198.135 - - [23/Oct/2023:11:51:47 +0200] "GET /renault.activities.at/htdocs/log/cron/system_mail_3116018.txt HTTP/1.0" 404 320 "http://212.69.160.11:443/renault.activities.at/htdocs/log/cron/" "Mozilla/5.0 (Linux; Android 5.0) AppleWebKit/537.36 (KHTML, like Gecko) Mobile Safari/537.36 (compatible; Bytespider; spider-feedback@bytedance.com)"
77.119.217.124 - - [23/Oct/2023:11:52:03 +0200] "POST /entry.php?id=10828 HTTP/1.1" 200 8751 "http://hausegger.activities.at/entry.php?id=10828" "Mozilla/5.0 (Windows NT 10.0; Win64; x64; rv:109.0) Gecko/20100101 Firefox/118.0"
77.119.217.124 - - [23/Oct/2023:11:52:03 +0200] "GET /gui/javascript/form_form.js?1698054723 HTTP/1.1" 200 16206 "http://hausegger.activities.at/entry.php?id=10828" "Mozilla/5.0 (Windows NT 10.0; Win64; x64; rv:109.0) Gecko/20100101 Firefox/118.0"
77.119.217.124 - - [23/Oct/2023:11:52:03 +0200] "GET /entry.php?id=10889&document_id=10329682& HTTP/1.1" 200 1508 "http://hausegger.activities.at/entry.php?id=10828" "Mozilla/5.0 (Windows NT 10.0; Win64; x64; rv:109.0) Gecko/20100101 Firefox/118.0"
77.119.217.124 - - [23/Oct/2023:11:52:04 +0200] "GET /gui/javascript/form_form.js?1698054724 HTTP/1.1" 200 16206 "http://hausegger.activities.at/entry.php?id=10889&document_id=10329682&" "Mozilla/5.0 (Windows NT 10.0; Win64; x64; rv:109.0) Gecko/20100101 Firefox/118.0"
77.119.217.124 - - [23/Oct/2023:11:52:05 +0200] "POST /entry.php?id=10828 HTTP/1.1" 200 4991 "http://hausegger.activities.at/entry.php?id=10828" "Mozilla/5.0 (Windows NT 10.0; Win64; x64; rv:109.0) Gecko/20100101 Firefox/118.0"
77.119.217.124 - - [23/Oct/2023:11:52:05 +0200] "GET /gui/javascript/form_form.js?1698054725 HTTP/1.1" 200 16206 "http://hausegger.activities.at/entry.php?id=10828" "Mozilla/5.0 (Windows NT 10.0; Win64; x64; rv:109.0) Gecko/20100101 Firefox/118.0"
77.119.217.124 - - [23/Oct/2023:11:52:06 +0200] "GET /entry.php?id=10889&document_id=10329682& HTTP/1.1" 200 1508 "http://hausegger.activities.at/entry.php?id=10828" "Mozilla/5.0 (Windows NT 10.0; Win64; x64; rv:109.0) Gecko/20100101 Firefox/118.0"
77.119.217.124 - - [23/Oct/2023:11:52:06 +0200] "GET /gui/javascript/form_form.js?1698054726 HTTP/1.1" 200 16206 "http://hausegger.activities.at/entry.php?id=10889&document_id=10329682&" "Mozilla/5.0 (Windows NT 10.0; Win64; x64; rv:109.0) Gecko/20100101 Firefox/118.0"
77.119.217.124 - - [23/Oct/2023:11:52:09 +0200] "GET /entry.php?id=10271&&ser=54669 HTTP/1.1" 200 986 "http://hausegger.activities.at/entry.php?id=10271&&ser=54608" "Mozilla/5.0 (Windows NT 10.0; Win64; x64; rv:109.0) Gecko/20100101 Firefox/118.0"
77.119.217.124 - - [23/Oct/2023:11:52:09 +0200] "GET /gui/javascript/form_form.js?1698054729 HTTP/1.1" 200 16206 "http://hausegger.activities.at/entry.php?id=10271&&ser=54669" "Mozilla/5.0 (Windows NT 10.0; Win64; x64; rv:109.0) Gecko/20100101 Firefox/118.0"
156.59.198.135 - - [23/Oct/2023:11:52:11 +0200] "GET /renault.activities.at/htdocs/log/cron/reminder_mailing_3115036.txt HTTP/1.0" 404 323 "http://212.69.160.11:443/renault.activities.at/htdocs/log/cron/" "Mozilla/5.0 (Linux; Android 5.0) AppleWebKit/537.36 (KHTML, like Gecko) Mobile Safari/537.36 (compatible; Bytespider; spider-feedback@bytedance.com)"
77.119.217.124 - - [23/Oct/2023:11:52:11 +0200] "POST /entry.php?id=10828 HTTP/1.1" 200 5012 "http://hausegger.activities.at/entry.php?id=10828" "Mozilla/5.0 (Windows NT 10.0; Win64; x64; rv:109.0) Gecko/20100101 Firefox/118.0"
77.119.217.124 - - [23/Oct/2023:11:52:12 +0200] "GET /gui/javascript/form_form.js?1698054732 HTTP/1.1" 200 16206 "http://hausegger.activities.at/entry.php?id=10828" "Mozilla/5.0 (Windows NT 10.0; Win64; x64; rv:109.0) Gecko/20100101 Firefox/118.0"
77.119.217.124 - - [23/Oct/2023:11:52:12 +0200] "GET /entry.php?id=10889&document_id=10329682& HTTP/1.1" 200 1509 "http://hausegger.activities.at/entry.php?id=10828" "Mozilla/5.0 (Windows NT 10.0; Win64; x64; rv:109.0) Gecko/20100101 Firefox/118.0"
77.119.217.124 - - [23/Oct/2023:11:52:14 +0200] "POST /entry.php?id=10828 HTTP/1.1" 200 4790 "http://hausegger.activities.at/entry.php?id=10828" "Mozilla/5.0 (Windows NT 10.0; Win64; x64; rv:109.0) Gecko/20100101 Firefox/118.0"
77.119.217.124 - - [23/Oct/2023:11:52:15 +0200] "GET /gui/javascript/form_form.js?1698054735 HTTP/1.1" 200 16206 "http://hausegger.activities.at/entry.php?id=10828" "Mozilla/5.0 (Windows NT 10.0; Win64; x64; rv:109.0) Gecko/20100101 Firefox/118.0"
77.119.217.124 - - [23/Oct/2023:11:52:15 +0200] "GET /entry.php?id=10830&&object=10329682&account=&mode=documentdebitor HTTP/1.1" 200 3132 "http://hausegger.activities.at/entry.php?id=10828" "Mozilla/5.0 (Windows NT 10.0; Win64; x64; rv:109.0) Gecko/20100101 Firefox/118.0"
77.119.217.124 - - [23/Oct/2023:11:52:15 +0200] "GET /entry.php?id=10889&document_id=10329682& HTTP/1.1" 200 1508 "http://hausegger.activities.at/entry.php?id=10828" "Mozilla/5.0 (Windows NT 10.0; Win64; x64; rv:109.0) Gecko/20100101 Firefox/118.0"
77.119.217.124 - - [23/Oct/2023:11:52:16 +0200] "GET /framework/icons/rowselect.gif HTTP/1.1" 200 67 "http://hausegger.activities.at/entry.php?id=10830&&object=10329682&account=&mode=documentdebitor" "Mozilla/5.0 (Windows NT 10.0; Win64; x64; rv:109.0) Gecko/20100101 Firefox/118.0"
77.119.217.124 - - [23/Oct/2023:11:52:16 +0200] "POST /entry.php?id=10889 HTTP/1.1" 200 1581 "http://hausegger.activities.at/entry.php?id=10889&document_id=10329682&" "Mozilla/5.0 (Windows NT 10.0; Win64; x64; rv:109.0) Gecko/20100101 Firefox/118.0"
77.119.217.124 - - [23/Oct/2023:11:52:16 +0200] "GET /gui/javascript/form_form.js?1698054736 HTTP/1.1" 200 16206 "http://hausegger.activities.at/entry.php?id=10889" "Mozilla/5.0 (Windows NT 10.0; Win64; x64; rv:109.0) Gecko/20100101 Firefox/118.0"
77.119.217.124 - - [23/Oct/2023:11:52:21 +0200] "GET /entry.php?id=10877&mode=loadSearchArticle&obj=article_1&tag=debit&refobject=10329682&value=3&ser=1698050486676 HTTP/1.1" 200 2255 "http://hausegger.activities.at/entry.php?id=10830&&object=10329682&account=&mode=documentdebitor" "Mozilla/5.0 (Windows NT 10.0; Win64; x64; rv:109.0) Gecko/20100101 Firefox/118.0"
77.119.217.124 - - [23/Oct/2023:11:52:21 +0200] "GET /entry.php?id=10877&mode=loadSearchArticle&obj=article_1&tag=debit&refobject=10329682&value=33&ser=1698050486844 HTTP/1.1" 200 614 "http://hausegger.activities.at/entry.php?id=10830&&object=10329682&account=&mode=documentdebitor" "Mozilla/5.0 (Windows NT 10.0; Win64; x64; rv:109.0) Gecko/20100101 Firefox/118.0"
77.119.217.124 - - [23/Oct/2023:11:52:21 +0200] "GET /entry.php?id=10877&mode=loadSearchArticle&obj=article_1&tag=debit&refobject=10329682&value=330&ser=1698050486956 HTTP/1.1" 200 448 "http://hausegger.activities.at/entry.php?id=10830&&object=10329682&account=&mode=documentdebitor" "Mozilla/5.0 (Windows NT 10.0; Win64; x64; rv:109.0) Gecko/20100101 Firefox/118.0"
77.119.217.124 - - [23/Oct/2023:11:52:21 +0200] "GET /entry.php?id=10877&mode=loadSearchArticle&obj=article_1&tag=debit&refobject=10329682&value=3303,&ser=1698050487117 HTTP/1.1" 200 20 "http://hausegger.activities.at/entry.php?id=10830&&object=10329682&account=&mode=documentdebitor" "Mozilla/5.0 (Windows NT 10.0; Win64; x64; rv:109.0) Gecko/20100101 Firefox/118.0"
77.119.217.124 - - [23/Oct/2023:11:52:22 +0200] "GET /entry.php?id=10877&mode=loadSearchArticle&obj=article_1&tag=debit&refobject=10329682&value=3303&ser=1698050487980 HTTP/1.1" 200 20 "http://hausegger.activities.at/entry.php?id=10830&&object=10329682&account=&mode=documentdebitor" "Mozilla/5.0 (Windows NT 10.0; Win64; x64; rv:109.0) Gecko/20100101 Firefox/118.0"
77.119.217.124 - - [23/Oct/2023:11:52:22 +0200] "GET /entry.php?id=10877&mode=loadSearchArticle&obj=article_1&tag=debit&refobject=10329682&value=330&ser=1698050488140 HTTP/1.1" 200 448 "http://hausegger.activities.at/entry.php?id=10830&&object=10329682&account=&mode=documentdebitor" "Mozilla/5.0 (Windows NT 10.0; Win64; x64; rv:109.0) Gecko/20100101 Firefox/118.0"
77.119.217.124 - - [23/Oct/2023:11:52:23 +0200] "GET /entry.php?id=10877&mode=loadSearchArticle&obj=article_1&tag=debit&refobject=10329682&value=330,&ser=1698050488868 HTTP/1.1" 200 20 "http://hausegger.activities.at/entry.php?id=10830&&object=10329682&account=&mode=documentdebitor" "Mozilla/5.0 (Windows NT 10.0; Win64; x64; rv:109.0) Gecko/20100101 Firefox/118.0"
77.119.217.124 - - [23/Oct/2023:11:52:23 +0200] "GET /entry.php?id=10877&mode=loadSearchArticle&obj=article_1&tag=debit&refobject=10329682&value=330,3&ser=1698050489052 HTTP/1.1" 200 20 "http://hausegger.activities.at/entry.php?id=10830&&object=10329682&account=&mode=documentdebitor" "Mozilla/5.0 (Windows NT 10.0; Win64; x64; rv:109.0) Gecko/20100101 Firefox/118.0"
77.119.217.124 - - [23/Oct/2023:11:52:23 +0200] "GET /entry.php?id=10877&mode=loadSearchArticle&obj=article_1&tag=debit&refobject=10329682&value=330,32&ser=1698050489132 HTTP/1.1" 200 20 "http://hausegger.activities.at/entry.php?id=10830&&object=10329682&account=&mode=documentdebitor" "Mozilla/5.0 (Windows NT 10.0; Win64; x64; rv:109.0) Gecko/20100101 Firefox/118.0"
77.119.217.124 - - [23/Oct/2023:11:52:24 +0200] "GET /entry.php?id=10877&mode=loadSearchArticle&obj=article_1&tag=debit&refobject=10329682&value=330,3&ser=1698050490076 HTTP/1.1" 200 20 "http://hausegger.activities.at/entry.php?id=10830&&object=10329682&account=&mode=documentdebitor" "Mozilla/5.0 (Windows NT 10.0; Win64; x64; rv:109.0) Gecko/20100101 Firefox/118.0"
77.119.217.124 - - [23/Oct/2023:11:52:24 +0200] "GET /entry.php?id=10877&mode=loadSearchArticle&obj=article_1&tag=debit&refobject=10329682&value=330,&ser=1698050490252 HTTP/1.1" 200 20 "http://hausegger.activities.at/entry.php?id=10830&&object=10329682&account=&mode=documentdebitor" "Mozilla/5.0 (Windows NT 10.0; Win64; x64; rv:109.0) Gecko/20100101 Firefox/118.0"
77.119.217.124 - - [23/Oct/2023:11:52:25 +0200] "GET /entry.php?id=10877&mode=loadSearchArticle&obj=article_1&tag=debit&refobject=10329682&value=330&ser=1698050490412 HTTP/1.1" 200 448 "http://hausegger.activities.at/entry.php?id=10830&&object=10329682&account=&mode=documentdebitor" "Mozilla/5.0 (Windows NT 10.0; Win64; x64; rv:109.0) Gecko/20100101 Firefox/118.0"
77.119.217.124 - - [23/Oct/2023:11:52:25 +0200] "GET /entry.php?id=10877&mode=loadSearchArticle&obj=article_1&tag=debit&refobject=10329682&value=330-&ser=1698050490852 HTTP/1.1" 200 277 "http://hausegger.activities.at/entry.php?id=10830&&object=10329682&account=&mode=documentdebitor" "Mozilla/5.0 (Windows NT 10.0; Win64; x64; rv:109.0) Gecko/20100101 Firefox/118.0"
77.119.217.124 - - [23/Oct/2023:11:52:25 +0200] "GET /entry.php?id=10877&mode=loadSearchArticle&obj=article_1&tag=debit&refobject=10329682&value=330-3&ser=1698050491212 HTTP/1.1" 200 277 "http://hausegger.activities.at/entry.php?id=10830&&object=10329682&account=&mode=documentdebitor" "Mozilla/5.0 (Windows NT 10.0; Win64; x64; rv:109.0) Gecko/20100101 Firefox/118.0"
77.119.217.124 - - [23/Oct/2023:11:52:25 +0200] "GET /entry.php?id=10877&mode=loadSearchArticle&obj=article_1&tag=debit&refobject=10329682&value=330-32&ser=1698050491276 HTTP/1.1" 200 277 "http://hausegger.activities.at/entry.php?id=10830&&object=10329682&account=&mode=documentdebitor" "Mozilla/5.0 (Windows NT 10.0; Win64; x64; rv:109.0) Gecko/20100101 Firefox/118.0"
77.119.217.124 - - [23/Oct/2023:11:52:27 +0200] "POST /entry.php?id=10889 HTTP/1.1" 200 1920 "http://hausegger.activities.at/entry.php?id=10889" "Mozilla/5.0 (Windows NT 10.0; Win64; x64; rv:109.0) Gecko/20100101 Firefox/118.0"
77.119.217.124 - - [23/Oct/2023:11:52:27 +0200] "GET /gui/javascript/form_form.js?1698054747 HTTP/1.1" 200 16206 "http://hausegger.activities.at/entry.php?id=10889" "Mozilla/5.0 (Windows NT 10.0; Win64; x64; rv:109.0) Gecko/20100101 Firefox/118.0"
77.119.217.124 - - [23/Oct/2023:11:52:27 +0200] "POST /entry.php?id=10889 HTTP/1.1" 200 1678 "http://hausegger.activities.at/entry.php?id=10889" "Mozilla/5.0 (Windows NT 10.0; Win64; x64; rv:109.0) Gecko/20100101 Firefox/118.0"
77.119.217.124 - - [23/Oct/2023:11:52:28 +0200] "GET /gui/javascript/form_form.js?1698054748 HTTP/1.1" 200 16206 "http://hausegger.activities.at/entry.php?id=10889" "Mozilla/5.0 (Windows NT 10.0; Win64; x64; rv:109.0) Gecko/20100101 Firefox/118.0"
156.59.198.135 - - [23/Oct/2023:11:52:37 +0200] "GET /renault.activities.at/htdocs/log/cron/pickupLogisticData_3115453.txt HTTP/1.0" 404 326 "http://212.69.160.11:443/renault.activities.at/htdocs/log/cron/" "Mozilla/5.0 (Linux; Android 5.0) AppleWebKit/537.36 (KHTML, like Gecko) Mobile Safari/537.36 (compatible; Bytespider; spider-feedback@bytedance.com)"
77.119.217.124 - - [23/Oct/2023:11:52:37 +0200] "POST /entry.php?id=10889 HTTP/1.1" 200 1847 "http://hausegger.activities.at/entry.php?id=10889" "Mozilla/5.0 (Windows NT 10.0; Win64; x64; rv:109.0) Gecko/20100101 Firefox/118.0"
77.119.217.124 - - [23/Oct/2023:11:52:37 +0200] "GET /gui/javascript/form_form.js?1698054757 HTTP/1.1" 200 16206 "http://hausegger.activities.at/entry.php?id=10889" "Mozilla/5.0 (Windows NT 10.0; Win64; x64; rv:109.0) Gecko/20100101 Firefox/118.0"
77.119.217.124 - - [23/Oct/2023:11:52:40 +0200] "GET /entry.php?id=11270&document=10329682 HTTP/1.1" 200 1974 "http://hausegger.activities.at/entry.php?id=10828" "Mozilla/5.0 (Windows NT 10.0; Win64; x64; rv:109.0) Gecko/20100101 Firefox/118.0"
77.119.217.124 - - [23/Oct/2023:11:52:40 +0200] "GET /gui/javascript/form_bu_document.js?1698054760 HTTP/1.1" 200 2675 "http://hausegger.activities.at/entry.php?id=11270&document=10329682" "Mozilla/5.0 (Windows NT 10.0; Win64; x64; rv:109.0) Gecko/20100101 Firefox/118.0"
77.119.217.124 - - [23/Oct/2023:11:52:40 +0200] "GET /gui/javascript/form_form.js?1698054760 HTTP/1.1" 200 16206 "http://hausegger.activities.at/entry.php?id=11270&document=10329682" "Mozilla/5.0 (Windows NT 10.0; Win64; x64; rv:109.0) Gecko/20100101 Firefox/118.0"
77.119.217.124 - - [23/Oct/2023:11:52:40 +0200] "GET /entry.php?id=10877&mode=observePrint HTTP/1.1" 200 55 "http://hausegger.activities.at/entry.php?id=11270&document=10329682" "Mozilla/5.0 (Windows NT 10.0; Win64; x64; rv:109.0) Gecko/20100101 Firefox/118.0"
77.119.217.124 - - [23/Oct/2023:11:52:40 +0200] "GET /entry.php?id=11241&images=false&document=10329682 HTTP/1.1" 200 2260 "http://hausegger.activities.at/entry.php?id=11270&document=10329682" "Mozilla/5.0 (Windows NT 10.0; Win64; x64; rv:109.0) Gecko/20100101 Firefox/118.0"
156.59.198.136 - - [23/Oct/2023:11:53:02 +0200] "GET /renault.activities.at/htdocs/log/cron/importLogisticData_3115596.txt HTTP/1.0" 404 324 "http://212.69.160.11:443/renault.activities.at/htdocs/log/cron/" "Mozilla/5.0 (Linux; Android 5.0) AppleWebKit/537.36 (KHTML, like Gecko) Mobile Safari/537.36 (compatible; Bytespider; spider-feedback@bytedance.com)"
77.119.217.124 - - [23/Oct/2023:11:53:09 +0200] "GET /entry.php?id=10271&&ser=54729 HTTP/1.1" 200 986 "http://hausegger.activities.at/entry.php?id=10271&&ser=54669" "Mozilla/5.0 (Windows NT 10.0; Win64; x64; rv:109.0) Gecko/20100101 Firefox/118.0"
77.119.217.124 - - [23/Oct/2023:11:53:09 +0200] "GET /gui/javascript/form_form.js?1698054789 HTTP/1.1" 200 16206 "http://hausegger.activities.at/entry.php?id=10271&&ser=54729" "Mozilla/5.0 (Windows NT 10.0; Win64; x64; rv:109.0) Gecko/20100101 Firefox/118.0"
156.59.198.136 - - [23/Oct/2023:11:53:27 +0200] "GET /renault.activities.at/htdocs/log/cron/importLogisticData_3116061.txt HTTP/1.0" 404 324 "http://212.69.160.11:443/renault.activities.at/htdocs/log/cron/" "Mozilla/5.0 (Linux; Android 5.0) AppleWebKit/537.36 (KHTML, like Gecko) Mobile Safari/537.36 (compatible; Bytespider; spider-feedback@bytedance.com)"
156.59.198.136 - - [23/Oct/2023:11:53:51 +0200] "GET /renault.activities.at/htdocs/log/cron/importLogisticData_3115261.txt HTTP/1.0" 404 324 "http://212.69.160.11:443/renault.activities.at/htdocs/log/cron/" "Mozilla/5.0 (Linux; Android 5.0) AppleWebKit/537.36 (KHTML, like Gecko) Mobile Safari/537.36 (compatible; Bytespider; spider-feedback@bytedance.com)"
77.119.217.124 - - [23/Oct/2023:11:54:10 +0200] "GET /entry.php?id=10271&&ser=54789 HTTP/1.1" 200 986 "http://hausegger.activities.at/entry.php?id=10271&&ser=54729" "Mozilla/5.0 (Windows NT 10.0; Win64; x64; rv:109.0) Gecko/20100101 Firefox/118.0"
77.119.217.124 - - [23/Oct/2023:11:54:10 +0200] "GET /gui/javascript/form_form.js?1698054850 HTTP/1.1" 200 16206 "http://hausegger.activities.at/entry.php?id=10271&&ser=54789" "Mozilla/5.0 (Windows NT 10.0; Win64; x64; rv:109.0) Gecko/20100101 Firefox/118.0"
156.59.198.136 - - [23/Oct/2023:11:54:17 +0200] "GET /renault.activities.at/htdocs/log/cron/reminder_mailing_3115766.txt HTTP/1.0" 404 323 "http://212.69.160.11:443/renault.activities.at/htdocs/log/cron/" "Mozilla/5.0 (Linux; Android 5.0) AppleWebKit/537.36 (KHTML, like Gecko) Mobile Safari/537.36 (compatible; Bytespider; spider-feedback@bytedance.com)"
156.59.198.136 - - [23/Oct/2023:11:54:41 +0200] "GET /renault.activities.at/htdocs/log/cron/system_mail_3116080.txt HTTP/1.0" 404 321 "http://212.69.160.11:443/renault.activities.at/htdocs/log/cron/" "Mozilla/5.0 (Linux; Android 5.0) AppleWebKit/537.36 (KHTML, like Gecko) Mobile Safari/537.36 (compatible; Bytespider; spider-feedback@bytedance.com)"
156.59.198.135 - - [23/Oct/2023:11:55:05 +0200] "GET /renault.activities.at/htdocs/log/cron/system_mail_3114959.txt HTTP/1.0" 404 320 "http://212.69.160.11:443/renault.activities.at/htdocs/log/cron/" "Mozilla/5.0 (Linux; Android 5.0) AppleWebKit/537.36 (KHTML, like Gecko) Mobile Safari/537.36 (compatible; Bytespider; spider-feedback@bytedance.com)"
77.119.217.124 - - [23/Oct/2023:11:55:10 +0200] "GET /entry.php?id=10271&&ser=54850 HTTP/1.1" 200 986 "http://hausegger.activities.at/entry.php?id=10271&&ser=54789" "Mozilla/5.0 (Windows NT 10.0; Win64; x64; rv:109.0) Gecko/20100101 Firefox/118.0"
77.119.217.124 - - [23/Oct/2023:11:55:10 +0200] "GET /gui/javascript/form_form.js?1698054910 HTTP/1.1" 200 16206 "http://hausegger.activities.at/entry.php?id=10271&&ser=54850" "Mozilla/5.0 (Windows NT 10.0; Win64; x64; rv:109.0) Gecko/20100101 Firefox/118.0"
156.59.198.135 - - [23/Oct/2023:11:55:30 +0200] "GET /renault.activities.at/htdocs/log/cron/system_mail_3114850.txt HTTP/1.0" 404 321 "http://212.69.160.11:443/renault.activities.at/htdocs/log/cron/" "Mozilla/5.0 (Linux; Android 5.0) AppleWebKit/537.36 (KHTML, like Gecko) Mobile Safari/537.36 (compatible; Bytespider; spider-feedback@bytedance.com)"
156.59.198.135 - - [23/Oct/2023:11:55:55 +0200] "GET /renault.activities.at/htdocs/log/cron/importLogisticData_3116048.txt HTTP/1.0" 404 325 "http://212.69.160.11:443/renault.activities.at/htdocs/log/cron/" "Mozilla/5.0 (Linux; Android 5.0) AppleWebKit/537.36 (KHTML, like Gecko) Mobile Safari/537.36 (compatible; Bytespider; spider-feedback@bytedance.com)"
77.119.217.124 - - [23/Oct/2023:11:56:10 +0200] "GET /entry.php?id=10271&&ser=54910 HTTP/1.1" 200 986 "http://hausegger.activities.at/entry.php?id=10271&&ser=54850" "Mozilla/5.0 (Windows NT 10.0; Win64; x64; rv:109.0) Gecko/20100101 Firefox/118.0"
77.119.217.124 - - [23/Oct/2023:11:56:10 +0200] "GET /gui/javascript/form_form.js?1698054970 HTTP/1.1" 200 16206 "http://hausegger.activities.at/entry.php?id=10271&&ser=54910" "Mozilla/5.0 (Windows NT 10.0; Win64; x64; rv:109.0) Gecko/20100101 Firefox/118.0"
156.59.198.135 - - [23/Oct/2023:11:56:19 +0200] "GET /renault.activities.at/htdocs/log/cron/system_mail_3115696.txt HTTP/1.0" 404 320 "http://212.69.160.11:443/renault.activities.at/htdocs/log/cron/" "Mozilla/5.0 (Linux; Android 5.0) AppleWebKit/537.36 (KHTML, like Gecko) Mobile Safari/537.36 (compatible; Bytespider; spider-feedback@bytedance.com)"
156.59.198.135 - - [23/Oct/2023:11:56:43 +0200] "GET /renault.activities.at/htdocs/log/cron/system_mail_3115354.txt HTTP/1.0" 404 321 "http://212.69.160.11:443/renault.activities.at/htdocs/log/cron/" "Mozilla/5.0 (Linux; Android 5.0) AppleWebKit/537.36 (KHTML, like Gecko) Mobile Safari/537.36 (compatible; Bytespider; spider-feedback@bytedance.com)"
156.59.198.136 - - [23/Oct/2023:11:57:08 +0200] "GET /renault.activities.at/htdocs/log/cron/system_mail_3116483.txt HTTP/1.0" 404 320 "http://212.69.160.11:443/renault.activities.at/htdocs/log/cron/" "Mozilla/5.0 (Linux; Android 5.0) AppleWebKit/537.36 (KHTML, like Gecko) Mobile Safari/537.36 (compatible; Bytespider; spider-feedback@bytedance.com)"
77.119.217.124 - - [23/Oct/2023:11:57:10 +0200] "GET /entry.php?id=10271&&ser=54970 HTTP/1.1" 200 986 "http://hausegger.activities.at/entry.php?id=10271&&ser=54910" "Mozilla/5.0 (Windows NT 10.0; Win64; x64; rv:109.0) Gecko/20100101 Firefox/118.0"
77.119.217.124 - - [23/Oct/2023:11:57:11 +0200] "GET /gui/javascript/form_form.js?1698055031 HTTP/1.1" 200 16206 "http://hausegger.activities.at/entry.php?id=10271&&ser=54970" "Mozilla/5.0 (Windows NT 10.0; Win64; x64; rv:109.0) Gecko/20100101 Firefox/118.0"
156.59.198.135 - - [23/Oct/2023:11:57:32 +0200] "GET /renault.activities.at/htdocs/log/cron/system_mail_3116223.txt HTTP/1.0" 404 320 "http://212.69.160.11:443/renault.activities.at/htdocs/log/cron/" "Mozilla/5.0 (Linux; Android 5.0) AppleWebKit/537.36 (KHTML, like Gecko) Mobile Safari/537.36 (compatible; Bytespider; spider-feedback@bytedance.com)"
156.59.198.135 - - [23/Oct/2023:11:57:57 +0200] "GET /renault.activities.at/htdocs/log/cron/reminder_mailing_3116124.txt HTTP/1.0" 404 323 "http://212.69.160.11:443/renault.activities.at/htdocs/log/cron/" "Mozilla/5.0 (Linux; Android 5.0) AppleWebKit/537.36 (KHTML, like Gecko) Mobile Safari/537.36 (compatible; Bytespider; spider-feedback@bytedance.com)"
77.119.217.124 - - [23/Oct/2023:11:58:11 +0200] "GET /entry.php?id=10271&&ser=55031 HTTP/1.1" 200 986 "http://hausegger.activities.at/entry.php?id=10271&&ser=54970" "Mozilla/5.0 (Windows NT 10.0; Win64; x64; rv:109.0) Gecko/20100101 Firefox/118.0"
77.119.217.124 - - [23/Oct/2023:11:58:11 +0200] "GET /gui/javascript/form_form.js?1698055091 HTTP/1.1" 200 16206 "http://hausegger.activities.at/entry.php?id=10271&&ser=55031" "Mozilla/5.0 (Windows NT 10.0; Win64; x64; rv:109.0) Gecko/20100101 Firefox/118.0"
156.59.198.135 - - [23/Oct/2023:11:58:22 +0200] "GET /renault.activities.at/htdocs/log/cron/system_mail_3114811.txt HTTP/1.0" 404 320 "http://212.69.160.11:443/renault.activities.at/htdocs/log/cron/" "Mozilla/5.0 (Linux; Android 5.0) AppleWebKit/537.36 (KHTML, like Gecko) Mobile Safari/537.36 (compatible; Bytespider; spider-feedback@bytedance.com)"
156.59.198.135 - - [23/Oct/2023:11:58:46 +0200] "GET /renault.activities.at/htdocs/log/cron/system_mail_3115273.txt HTTP/1.0" 404 321 "http://212.69.160.11:443/renault.activities.at/htdocs/log/cron/" "Mozilla/5.0 (Linux; Android 5.0) AppleWebKit/537.36 (KHTML, like Gecko) Mobile Safari/537.36 (compatible; Bytespider; spider-feedback@bytedance.com)"
156.59.198.136 - - [23/Oct/2023:11:59:10 +0200] "GET /renault.activities.at/htdocs/log/cron/exportXML_3115356.txt HTTP/1.0" 404 319 "http://212.69.160.11:443/renault.activities.at/htdocs/log/cron/" "Mozilla/5.0 (Linux; Android 5.0) AppleWebKit/537.36 (KHTML, like Gecko) Mobile Safari/537.36 (compatible; Bytespider; spider-feedback@bytedance.com)"
77.119.217.124 - - [23/Oct/2023:11:59:12 +0200] "GET /entry.php?id=10271&&ser=55091 HTTP/1.1" 200 987 "http://hausegger.activities.at/entry.php?id=10271&&ser=55031" "Mozilla/5.0 (Windows NT 10.0; Win64; x64; rv:109.0) Gecko/20100101 Firefox/118.0"
77.119.217.124 - - [23/Oct/2023:11:59:12 +0200] "GET /gui/javascript/form_form.js?1698055152 HTTP/1.1" 200 16206 "http://hausegger.activities.at/entry.php?id=10271&&ser=55091" "Mozilla/5.0 (Windows NT 10.0; Win64; x64; rv:109.0) Gecko/20100101 Firefox/118.0"
156.59.198.136 - - [23/Oct/2023:11:59:59 +0200] "GET /renault.activities.at/htdocs/log/cron/importLogisticData_3115505.txt HTTP/1.0" 404 324 "http://212.69.160.11:443/renault.activities.at/htdocs/log/cron/" "Mozilla/5.0 (Linux; Android 5.0) AppleWebKit/537.36 (KHTML, like Gecko) Mobile Safari/537.36 (compatible; Bytespider; spider-feedback@bytedance.com)"
77.119.217.124 - - [23/Oct/2023:12:00:12 +0200] "GET /entry.php?id=10271&&ser=55152 HTTP/1.1" 200 986 "http://hausegger.activities.at/entry.php?id=10271&&ser=55091" "Mozilla/5.0 (Windows NT 10.0; Win64; x64; rv:109.0) Gecko/20100101 Firefox/118.0"
77.119.217.124 - - [23/Oct/2023:12:00:12 +0200] "GET /gui/javascript/form_form.js?1698055212 HTTP/1.1" 200 16206 "http://hausegger.activities.at/entry.php?id=10271&&ser=55152" "Mozilla/5.0 (Windows NT 10.0; Win64; x64; rv:109.0) Gecko/20100101 Firefox/118.0"
156.59.198.135 - - [23/Oct/2023:12:00:24 +0200] "GET /renault.activities.at/htdocs/log/cron/exportXML_3115330.txt HTTP/1.0" 404 319 "http://212.69.160.11:443/renault.activities.at/htdocs/log/cron/" "Mozilla/5.0 (Linux; Android 5.0) AppleWebKit/537.36 (KHTML, like Gecko) Mobile Safari/537.36 (compatible; Bytespider; spider-feedback@bytedance.com)"
156.59.198.136 - - [23/Oct/2023:12:00:49 +0200] "GET /renault.activities.at/htdocs/log/cron/system_mail_3116441.txt HTTP/1.0" 404 320 "http://212.69.160.11:443/renault.activities.at/htdocs/log/cron/" "Mozilla/5.0 (Linux; Android 5.0) AppleWebKit/537.36 (KHTML, like Gecko) Mobile Safari/537.36 (compatible; Bytespider; spider-feedback@bytedance.com)"
77.119.217.124 - - [23/Oct/2023:12:01:13 +0200] "GET /entry.php?id=10271&&ser=55212 HTTP/1.1" 200 986 "http://hausegger.activities.at/entry.php?id=10271&&ser=55152" "Mozilla/5.0 (Windows NT 10.0; Win64; x64; rv:109.0) Gecko/20100101 Firefox/118.0"
