178.115.62.170 - - [26/Oct/2023:13:38:39 +0200] "GET /entry.php?id=10271&&ser=320258 HTTP/1.1" 200 986 "http://hausegger.activities.at/entry.php?id=10271&&ser=320197" "Mozilla/5.0 (Windows NT 10.0; Win64; x64) AppleWebKit/537.36 (KHTML, like Gecko) Chrome/118.0.0.0 Safari/537.36"
178.115.62.170 - - [26/Oct/2023:13:38:39 +0200] "GET /gui/javascript/form_form.js?1698320319 HTTP/1.1" 200 16206 "http://hausegger.activities.at/entry.php?id=10271&&ser=320258" "Mozilla/5.0 (Windows NT 10.0; Win64; x64) AppleWebKit/537.36 (KHTML, like Gecko) Chrome/118.0.0.0 Safari/537.36"
178.115.62.170 - - [26/Oct/2023:13:39:40 +0200] "GET /entry.php?id=10271&&ser=320319 HTTP/1.1" 200 986 "http://hausegger.activities.at/entry.php?id=10271&&ser=320258" "Mozilla/5.0 (Windows NT 10.0; Win64; x64) AppleWebKit/537.36 (KHTML, like Gecko) Chrome/118.0.0.0 Safari/537.36"
178.115.62.170 - - [26/Oct/2023:13:39:40 +0200] "GET /gui/javascript/form_form.js?1698320380 HTTP/1.1" 200 16206 "http://hausegger.activities.at/entry.php?id=10271&&ser=320319" "Mozilla/5.0 (Windows NT 10.0; Win64; x64) AppleWebKit/537.36 (KHTML, like Gecko) Chrome/118.0.0.0 Safari/537.36"
178.115.62.170 - - [26/Oct/2023:13:40:41 +0200] "GET /entry.php?id=10271&&ser=320380 HTTP/1.1" 200 986 "http://hausegger.activities.at/entry.php?id=10271&&ser=320319" "Mozilla/5.0 (Windows NT 10.0; Win64; x64) AppleWebKit/537.36 (KHTML, like Gecko) Chrome/118.0.0.0 Safari/537.36"
178.115.62.170 - - [26/Oct/2023:13:40:41 +0200] "GET /gui/javascript/form_form.js?1698320441 HTTP/1.1" 200 16206 "http://hausegger.activities.at/entry.php?id=10271&&ser=320380" "Mozilla/5.0 (Windows NT 10.0; Win64; x64) AppleWebKit/537.36 (KHTML, like Gecko) Chrome/118.0.0.0 Safari/537.36"
178.115.62.170 - - [26/Oct/2023:13:41:42 +0200] "GET /entry.php?id=10271&&ser=320441 HTTP/1.1" 200 986 "http://hausegger.activities.at/entry.php?id=10271&&ser=320380" "Mozilla/5.0 (Windows NT 10.0; Win64; x64) AppleWebKit/537.36 (KHTML, like Gecko) Chrome/118.0.0.0 Safari/537.36"
178.115.62.170 - - [26/Oct/2023:13:41:42 +0200] "GET /gui/javascript/form_form.js?1698320502 HTTP/1.1" 200 16206 "http://hausegger.activities.at/entry.php?id=10271&&ser=320441" "Mozilla/5.0 (Windows NT 10.0; Win64; x64) AppleWebKit/537.36 (KHTML, like Gecko) Chrome/118.0.0.0 Safari/537.36"
178.115.62.170 - - [26/Oct/2023:13:42:43 +0200] "GET /entry.php?id=10271&&ser=320502 HTTP/1.1" 200 986 "http://hausegger.activities.at/entry.php?id=10271&&ser=320441" "Mozilla/5.0 (Windows NT 10.0; Win64; x64) AppleWebKit/537.36 (KHTML, like Gecko) Chrome/118.0.0.0 Safari/537.36"
178.115.62.170 - - [26/Oct/2023:13:42:43 +0200] "GET /gui/javascript/form_form.js?1698320563 HTTP/1.1" 200 16206 "http://hausegger.activities.at/entry.php?id=10271&&ser=320502" "Mozilla/5.0 (Windows NT 10.0; Win64; x64) AppleWebKit/537.36 (KHTML, like Gecko) Chrome/118.0.0.0 Safari/537.36"
178.115.62.170 - - [26/Oct/2023:13:43:35 +0200] "POST /entry.php?id=11357 HTTP/1.1" 200 2300 "http://hausegger.activities.at/entry.php?id=11357" "Mozilla/5.0 (Windows NT 10.0; Win64; x64) AppleWebKit/537.36 (KHTML, like Gecko) Chrome/118.0.0.0 Safari/537.36"
178.115.62.170 - - [26/Oct/2023:13:43:36 +0200] "GET /gui/javascript/form_lo_store_administration.js?1698320615 HTTP/1.1" 200 4261 "http://hausegger.activities.at/entry.php?id=11357" "Mozilla/5.0 (Windows NT 10.0; Win64; x64) AppleWebKit/537.36 (KHTML, like Gecko) Chrome/118.0.0.0 Safari/537.36"
178.115.62.170 - - [26/Oct/2023:13:43:36 +0200] "GET /gui/javascript/form_form.js?1698320616 HTTP/1.1" 200 16206 "http://hausegger.activities.at/entry.php?id=11357" "Mozilla/5.0 (Windows NT 10.0; Win64; x64) AppleWebKit/537.36 (KHTML, like Gecko) Chrome/118.0.0.0 Safari/537.36"
178.115.62.170 - - [26/Oct/2023:13:43:36 +0200] "GET /entry.php?id=10776&form=11185&name=list& HTTP/1.1" 200 1555 "http://hausegger.activities.at/entry.php?id=11357" "Mozilla/5.0 (Windows NT 10.0; Win64; x64) AppleWebKit/537.36 (KHTML, like Gecko) Chrome/118.0.0.0 Safari/537.36"
178.115.62.170 - - [26/Oct/2023:13:43:36 +0200] "GET /entry.php?id=10778&form=11185&name=list& HTTP/1.1" 200 3481 "http://hausegger.activities.at/entry.php?id=11357" "Mozilla/5.0 (Windows NT 10.0; Win64; x64) AppleWebKit/537.36 (KHTML, like Gecko) Chrome/118.0.0.0 Safari/537.36"
178.115.62.170 - - [26/Oct/2023:13:43:43 +0200] "GET /entry.php?id=10271&&ser=320563 HTTP/1.1" 200 986 "http://hausegger.activities.at/entry.php?id=10271&&ser=320502" "Mozilla/5.0 (Windows NT 10.0; Win64; x64) AppleWebKit/537.36 (KHTML, like Gecko) Chrome/118.0.0.0 Safari/537.36"
178.115.62.170 - - [26/Oct/2023:13:43:44 +0200] "GET /gui/javascript/form_form.js?1698320623 HTTP/1.1" 200 16206 "http://hausegger.activities.at/entry.php?id=10271&&ser=320563" "Mozilla/5.0 (Windows NT 10.0; Win64; x64) AppleWebKit/537.36 (KHTML, like Gecko) Chrome/118.0.0.0 Safari/537.36"
178.115.62.170 - - [26/Oct/2023:13:44:44 +0200] "GET /entry.php?id=10271&&ser=320623 HTTP/1.1" 200 986 "http://hausegger.activities.at/entry.php?id=10271&&ser=320563" "Mozilla/5.0 (Windows NT 10.0; Win64; x64) AppleWebKit/537.36 (KHTML, like Gecko) Chrome/118.0.0.0 Safari/537.36"
178.115.62.170 - - [26/Oct/2023:13:44:44 +0200] "GET /gui/javascript/form_form.js?1698320684 HTTP/1.1" 200 16206 "http://hausegger.activities.at/entry.php?id=10271&&ser=320623" "Mozilla/5.0 (Windows NT 10.0; Win64; x64) AppleWebKit/537.36 (KHTML, like Gecko) Chrome/118.0.0.0 Safari/537.36"
178.115.62.170 - - [26/Oct/2023:13:45:44 +0200] "GET /entry.php?id=10271&&ser=320684 HTTP/1.1" 200 986 "http://hausegger.activities.at/entry.php?id=10271&&ser=320623" "Mozilla/5.0 (Windows NT 10.0; Win64; x64) AppleWebKit/537.36 (KHTML, like Gecko) Chrome/118.0.0.0 Safari/537.36"
178.115.62.170 - - [26/Oct/2023:13:45:44 +0200] "GET /gui/javascript/form_form.js?1698320744 HTTP/1.1" 200 16206 "http://hausegger.activities.at/entry.php?id=10271&&ser=320684" "Mozilla/5.0 (Windows NT 10.0; Win64; x64) AppleWebKit/537.36 (KHTML, like Gecko) Chrome/118.0.0.0 Safari/537.36"
178.115.62.170 - - [26/Oct/2023:13:46:44 +0200] "GET /entry.php?id=10271&&ser=320744 HTTP/1.1" 200 986 "http://hausegger.activities.at/entry.php?id=10271&&ser=320684" "Mozilla/5.0 (Windows NT 10.0; Win64; x64) AppleWebKit/537.36 (KHTML, like Gecko) Chrome/118.0.0.0 Safari/537.36"
178.115.62.170 - - [26/Oct/2023:13:46:44 +0200] "GET /gui/javascript/form_form.js?1698320804 HTTP/1.1" 200 16206 "http://hausegger.activities.at/entry.php?id=10271&&ser=320744" "Mozilla/5.0 (Windows NT 10.0; Win64; x64) AppleWebKit/537.36 (KHTML, like Gecko) Chrome/118.0.0.0 Safari/537.36"
178.115.62.170 - - [26/Oct/2023:13:47:45 +0200] "GET /entry.php?id=10271&&ser=320804 HTTP/1.1" 200 986 "http://hausegger.activities.at/entry.php?id=10271&&ser=320744" "Mozilla/5.0 (Windows NT 10.0; Win64; x64) AppleWebKit/537.36 (KHTML, like Gecko) Chrome/118.0.0.0 Safari/537.36"
178.115.62.170 - - [26/Oct/2023:13:47:45 +0200] "GET /gui/javascript/form_form.js?1698320865 HTTP/1.1" 200 16206 "http://hausegger.activities.at/entry.php?id=10271&&ser=320804" "Mozilla/5.0 (Windows NT 10.0; Win64; x64) AppleWebKit/537.36 (KHTML, like Gecko) Chrome/118.0.0.0 Safari/537.36"
178.115.62.170 - - [26/Oct/2023:13:48:45 +0200] "GET /entry.php?id=10271&&ser=320865 HTTP/1.1" 200 986 "http://hausegger.activities.at/entry.php?id=10271&&ser=320804" "Mozilla/5.0 (Windows NT 10.0; Win64; x64) AppleWebKit/537.36 (KHTML, like Gecko) Chrome/118.0.0.0 Safari/537.36"
178.115.62.170 - - [26/Oct/2023:13:48:45 +0200] "GET /gui/javascript/form_form.js?1698320925 HTTP/1.1" 200 16206 "http://hausegger.activities.at/entry.php?id=10271&&ser=320865" "Mozilla/5.0 (Windows NT 10.0; Win64; x64) AppleWebKit/537.36 (KHTML, like Gecko) Chrome/118.0.0.0 Safari/537.36"
46.105.119.187 - - [26/Oct/2023:13:49:37 +0200] "GET /style.php?sig=rename HTTP/1.1" 404 374 "-" "Mozilla/5.0 (iPhone; CPU iPhone OS 13_6_1 like Mac OS X) AppleWebKit/605.1.15 (KHTML, like Gecko) Version/13.1.2 Mobile/15E148 Safari/604.1"
178.115.62.170 - - [26/Oct/2023:13:49:45 +0200] "GET /entry.php?id=10271&&ser=320925 HTTP/1.1" 200 986 "http://hausegger.activities.at/entry.php?id=10271&&ser=320865" "Mozilla/5.0 (Windows NT 10.0; Win64; x64) AppleWebKit/537.36 (KHTML, like Gecko) Chrome/118.0.0.0 Safari/537.36"
178.115.62.170 - - [26/Oct/2023:13:49:45 +0200] "GET /gui/javascript/form_form.js?1698320985 HTTP/1.1" 200 16206 "http://hausegger.activities.at/entry.php?id=10271&&ser=320925" "Mozilla/5.0 (Windows NT 10.0; Win64; x64) AppleWebKit/537.36 (KHTML, like Gecko) Chrome/118.0.0.0 Safari/537.36"
178.115.62.170 - - [26/Oct/2023:13:50:45 +0200] "GET /entry.php?id=10271&&ser=320985 HTTP/1.1" 200 986 "http://hausegger.activities.at/entry.php?id=10271&&ser=320925" "Mozilla/5.0 (Windows NT 10.0; Win64; x64) AppleWebKit/537.36 (KHTML, like Gecko) Chrome/118.0.0.0 Safari/537.36"
178.115.62.170 - - [26/Oct/2023:13:50:46 +0200] "GET /gui/javascript/form_form.js?1698321046 HTTP/1.1" 200 16206 "http://hausegger.activities.at/entry.php?id=10271&&ser=320985" "Mozilla/5.0 (Windows NT 10.0; Win64; x64) AppleWebKit/537.36 (KHTML, like Gecko) Chrome/118.0.0.0 Safari/537.36"
178.115.62.170 - - [26/Oct/2023:13:51:46 +0200] "GET /entry.php?id=10271&&ser=321046 HTTP/1.1" 200 986 "http://hausegger.activities.at/entry.php?id=10271&&ser=320985" "Mozilla/5.0 (Windows NT 10.0; Win64; x64) AppleWebKit/537.36 (KHTML, like Gecko) Chrome/118.0.0.0 Safari/537.36"
178.115.62.170 - - [26/Oct/2023:13:51:46 +0200] "GET /gui/javascript/form_form.js?1698321106 HTTP/1.1" 200 16206 "http://hausegger.activities.at/entry.php?id=10271&&ser=321046" "Mozilla/5.0 (Windows NT 10.0; Win64; x64) AppleWebKit/537.36 (KHTML, like Gecko) Chrome/118.0.0.0 Safari/537.36"
178.115.62.170 - - [26/Oct/2023:13:52:46 +0200] "GET /entry.php?id=10271&&ser=321106 HTTP/1.1" 200 986 "http://hausegger.activities.at/entry.php?id=10271&&ser=321046" "Mozilla/5.0 (Windows NT 10.0; Win64; x64) AppleWebKit/537.36 (KHTML, like Gecko) Chrome/118.0.0.0 Safari/537.36"
178.115.62.170 - - [26/Oct/2023:13:52:46 +0200] "GET /gui/javascript/form_form.js?1698321166 HTTP/1.1" 200 16206 "http://hausegger.activities.at/entry.php?id=10271&&ser=321106" "Mozilla/5.0 (Windows NT 10.0; Win64; x64) AppleWebKit/537.36 (KHTML, like Gecko) Chrome/118.0.0.0 Safari/537.36"
178.115.62.170 - - [26/Oct/2023:13:53:46 +0200] "GET /entry.php?id=10271&&ser=321166 HTTP/1.1" 200 986 "http://hausegger.activities.at/entry.php?id=10271&&ser=321106" "Mozilla/5.0 (Windows NT 10.0; Win64; x64) AppleWebKit/537.36 (KHTML, like Gecko) Chrome/118.0.0.0 Safari/537.36"
178.115.62.170 - - [26/Oct/2023:13:53:46 +0200] "GET /gui/javascript/form_form.js?1698321226 HTTP/1.1" 200 16206 "http://hausegger.activities.at/entry.php?id=10271&&ser=321166" "Mozilla/5.0 (Windows NT 10.0; Win64; x64) AppleWebKit/537.36 (KHTML, like Gecko) Chrome/118.0.0.0 Safari/537.36"
178.115.62.170 - - [26/Oct/2023:13:54:47 +0200] "GET /entry.php?id=10271&&ser=321226 HTTP/1.1" 200 986 "http://hausegger.activities.at/entry.php?id=10271&&ser=321166" "Mozilla/5.0 (Windows NT 10.0; Win64; x64) AppleWebKit/537.36 (KHTML, like Gecko) Chrome/118.0.0.0 Safari/537.36"
178.115.62.170 - - [26/Oct/2023:13:54:47 +0200] "GET /gui/javascript/form_form.js?1698321287 HTTP/1.1" 200 16206 "http://hausegger.activities.at/entry.php?id=10271&&ser=321226" "Mozilla/5.0 (Windows NT 10.0; Win64; x64) AppleWebKit/537.36 (KHTML, like Gecko) Chrome/118.0.0.0 Safari/537.36"
178.115.62.170 - - [26/Oct/2023:13:55:25 +0200] "POST /entry.php?id=11357 HTTP/1.1" 200 2299 "http://hausegger.activities.at/entry.php?id=11357" "Mozilla/5.0 (Windows NT 10.0; Win64; x64) AppleWebKit/537.36 (KHTML, like Gecko) Chrome/118.0.0.0 Safari/537.36"
178.115.62.170 - - [26/Oct/2023:13:55:25 +0200] "GET /gui/javascript/form_lo_store_administration.js?1698321325 HTTP/1.1" 200 4261 "http://hausegger.activities.at/entry.php?id=11357" "Mozilla/5.0 (Windows NT 10.0; Win64; x64) AppleWebKit/537.36 (KHTML, like Gecko) Chrome/118.0.0.0 Safari/537.36"
178.115.62.170 - - [26/Oct/2023:13:55:25 +0200] "GET /gui/javascript/form_form.js?1698321325 HTTP/1.1" 200 16206 "http://hausegger.activities.at/entry.php?id=11357" "Mozilla/5.0 (Windows NT 10.0; Win64; x64) AppleWebKit/537.36 (KHTML, like Gecko) Chrome/118.0.0.0 Safari/537.36"
178.115.62.170 - - [26/Oct/2023:13:55:25 +0200] "GET /entry.php?id=10776&form=11185&name=list& HTTP/1.1" 200 1554 "http://hausegger.activities.at/entry.php?id=11357" "Mozilla/5.0 (Windows NT 10.0; Win64; x64) AppleWebKit/537.36 (KHTML, like Gecko) Chrome/118.0.0.0 Safari/537.36"
178.115.62.170 - - [26/Oct/2023:13:55:25 +0200] "GET /entry.php?id=10778&form=11185&name=list& HTTP/1.1" 200 3013 "http://hausegger.activities.at/entry.php?id=11357" "Mozilla/5.0 (Windows NT 10.0; Win64; x64) AppleWebKit/537.36 (KHTML, like Gecko) Chrome/118.0.0.0 Safari/537.36"
178.115.62.170 - - [26/Oct/2023:13:55:36 +0200] "GET /entry.php?id=11270&document=10314303 HTTP/1.1" 200 1974 "http://hausegger.activities.at/entry.php?id=10778&form=11185&name=list&" "Mozilla/5.0 (Windows NT 10.0; Win64; x64) AppleWebKit/537.36 (KHTML, like Gecko) Chrome/118.0.0.0 Safari/537.36"
178.115.62.170 - - [26/Oct/2023:13:55:36 +0200] "GET /gui/javascript/form_bu_document.js?1698321336 HTTP/1.1" 200 2675 "http://hausegger.activities.at/entry.php?id=11270&document=10314303" "Mozilla/5.0 (Windows NT 10.0; Win64; x64) AppleWebKit/537.36 (KHTML, like Gecko) Chrome/118.0.0.0 Safari/537.36"
178.115.62.170 - - [26/Oct/2023:13:55:36 +0200] "GET /gui/javascript/form_form.js?1698321336 HTTP/1.1" 200 16206 "http://hausegger.activities.at/entry.php?id=11270&document=10314303" "Mozilla/5.0 (Windows NT 10.0; Win64; x64) AppleWebKit/537.36 (KHTML, like Gecko) Chrome/118.0.0.0 Safari/537.36"
178.115.62.170 - - [26/Oct/2023:13:55:36 +0200] "GET /entry.php?id=11241&images=false&document=10314303 HTTP/1.1" 200 2605 "http://hausegger.activities.at/entry.php?id=11270&document=10314303" "Mozilla/5.0 (Windows NT 10.0; Win64; x64) AppleWebKit/537.36 (KHTML, like Gecko) Chrome/118.0.0.0 Safari/537.36"
178.115.62.170 - - [26/Oct/2023:13:55:36 +0200] "GET /entry.php?id=10877&mode=observePrint HTTP/1.1" 200 58 "http://hausegger.activities.at/entry.php?id=11270&document=10314303" "Mozilla/5.0 (Windows NT 10.0; Win64; x64) AppleWebKit/537.36 (KHTML, like Gecko) Chrome/118.0.0.0 Safari/537.36"
178.115.62.170 - - [26/Oct/2023:13:55:47 +0200] "GET /entry.php?id=10271&&ser=321287 HTTP/1.1" 200 986 "http://hausegger.activities.at/entry.php?id=10271&&ser=321226" "Mozilla/5.0 (Windows NT 10.0; Win64; x64) AppleWebKit/537.36 (KHTML, like Gecko) Chrome/118.0.0.0 Safari/537.36"
178.115.62.170 - - [26/Oct/2023:13:55:47 +0200] "GET /gui/javascript/form_form.js?1698321347 HTTP/1.1" 200 16206 "http://hausegger.activities.at/entry.php?id=10271&&ser=321287" "Mozilla/5.0 (Windows NT 10.0; Win64; x64) AppleWebKit/537.36 (KHTML, like Gecko) Chrome/118.0.0.0 Safari/537.36"
178.115.62.170 - - [26/Oct/2023:13:55:50 +0200] "GET /entry.php?id=11270&document=10329867 HTTP/1.1" 200 1974 "http://hausegger.activities.at/entry.php?id=10778&form=11185&name=list&" "Mozilla/5.0 (Windows NT 10.0; Win64; x64) AppleWebKit/537.36 (KHTML, like Gecko) Chrome/118.0.0.0 Safari/537.36"
178.115.62.170 - - [26/Oct/2023:13:55:50 +0200] "GET /gui/javascript/form_bu_document.js?1698321350 HTTP/1.1" 200 2675 "http://hausegger.activities.at/entry.php?id=11270&document=10329867" "Mozilla/5.0 (Windows NT 10.0; Win64; x64) AppleWebKit/537.36 (KHTML, like Gecko) Chrome/118.0.0.0 Safari/537.36"
178.115.62.170 - - [26/Oct/2023:13:55:50 +0200] "GET /gui/javascript/form_form.js?1698321350 HTTP/1.1" 200 16206 "http://hausegger.activities.at/entry.php?id=11270&document=10329867" "Mozilla/5.0 (Windows NT 10.0; Win64; x64) AppleWebKit/537.36 (KHTML, like Gecko) Chrome/118.0.0.0 Safari/537.36"
178.115.62.170 - - [26/Oct/2023:13:55:50 +0200] "GET /entry.php?id=11241&images=false&document=10329867 HTTP/1.1" 200 2817 "http://hausegger.activities.at/entry.php?id=11270&document=10329867" "Mozilla/5.0 (Windows NT 10.0; Win64; x64) AppleWebKit/537.36 (KHTML, like Gecko) Chrome/118.0.0.0 Safari/537.36"
178.115.62.170 - - [26/Oct/2023:13:55:50 +0200] "GET /entry.php?id=10877&mode=observePrint HTTP/1.1" 200 58 "http://hausegger.activities.at/entry.php?id=11270&document=10329867" "Mozilla/5.0 (Windows NT 10.0; Win64; x64) AppleWebKit/537.36 (KHTML, like Gecko) Chrome/118.0.0.0 Safari/537.36"
178.115.62.170 - - [26/Oct/2023:13:56:48 +0200] "GET /entry.php?id=10271&&ser=321347 HTTP/1.1" 200 986 "http://hausegger.activities.at/entry.php?id=10271&&ser=321287" "Mozilla/5.0 (Windows NT 10.0; Win64; x64) AppleWebKit/537.36 (KHTML, like Gecko) Chrome/118.0.0.0 Safari/537.36"
178.115.62.170 - - [26/Oct/2023:13:56:48 +0200] "GET /gui/javascript/form_form.js?1698321408 HTTP/1.1" 200 16206 "http://hausegger.activities.at/entry.php?id=10271&&ser=321347" "Mozilla/5.0 (Windows NT 10.0; Win64; x64) AppleWebKit/537.36 (KHTML, like Gecko) Chrome/118.0.0.0 Safari/537.36"
178.115.62.170 - - [26/Oct/2023:13:57:49 +0200] "GET /entry.php?id=10271&&ser=321408 HTTP/1.1" 200 986 "http://hausegger.activities.at/entry.php?id=10271&&ser=321347" "Mozilla/5.0 (Windows NT 10.0; Win64; x64) AppleWebKit/537.36 (KHTML, like Gecko) Chrome/118.0.0.0 Safari/537.36"
178.115.62.170 - - [26/Oct/2023:13:57:49 +0200] "GET /gui/javascript/form_form.js?1698321469 HTTP/1.1" 200 16206 "http://hausegger.activities.at/entry.php?id=10271&&ser=321408" "Mozilla/5.0 (Windows NT 10.0; Win64; x64) AppleWebKit/537.36 (KHTML, like Gecko) Chrome/118.0.0.0 Safari/537.36"
178.115.62.170 - - [26/Oct/2023:13:58:02 +0200] "POST /entry.php?id=11357 HTTP/1.1" 200 2295 "http://hausegger.activities.at/entry.php?id=11357" "Mozilla/5.0 (Windows NT 10.0; Win64; x64) AppleWebKit/537.36 (KHTML, like Gecko) Chrome/118.0.0.0 Safari/537.36"
178.115.62.170 - - [26/Oct/2023:13:58:02 +0200] "GET /gui/javascript/form_lo_store_administration.js?1698321482 HTTP/1.1" 200 4261 "http://hausegger.activities.at/entry.php?id=11357" "Mozilla/5.0 (Windows NT 10.0; Win64; x64) AppleWebKit/537.36 (KHTML, like Gecko) Chrome/118.0.0.0 Safari/537.36"
178.115.62.170 - - [26/Oct/2023:13:58:02 +0200] "GET /gui/javascript/form_form.js?1698321482 HTTP/1.1" 200 16206 "http://hausegger.activities.at/entry.php?id=11357" "Mozilla/5.0 (Windows NT 10.0; Win64; x64) AppleWebKit/537.36 (KHTML, like Gecko) Chrome/118.0.0.0 Safari/537.36"
178.115.62.170 - - [26/Oct/2023:13:58:02 +0200] "GET /entry.php?id=10776&form=11185&name=list& HTTP/1.1" 200 1555 "http://hausegger.activities.at/entry.php?id=11357" "Mozilla/5.0 (Windows NT 10.0; Win64; x64) AppleWebKit/537.36 (KHTML, like Gecko) Chrome/118.0.0.0 Safari/537.36"
178.115.62.170 - - [26/Oct/2023:13:58:02 +0200] "GET /entry.php?id=10778&form=11185&name=list& HTTP/1.1" 200 3228 "http://hausegger.activities.at/entry.php?id=11357" "Mozilla/5.0 (Windows NT 10.0; Win64; x64) AppleWebKit/537.36 (KHTML, like Gecko) Chrome/118.0.0.0 Safari/537.36"
178.115.62.170 - - [26/Oct/2023:13:58:11 +0200] "GET /entry.php?id=11270&document=10305434 HTTP/1.1" 200 1974 "http://hausegger.activities.at/entry.php?id=10778&form=11185&name=list&" "Mozilla/5.0 (Windows NT 10.0; Win64; x64) AppleWebKit/537.36 (KHTML, like Gecko) Chrome/118.0.0.0 Safari/537.36"
178.115.62.170 - - [26/Oct/2023:13:58:11 +0200] "GET /gui/javascript/form_bu_document.js?1698321491 HTTP/1.1" 200 2675 "http://hausegger.activities.at/entry.php?id=11270&document=10305434" "Mozilla/5.0 (Windows NT 10.0; Win64; x64) AppleWebKit/537.36 (KHTML, like Gecko) Chrome/118.0.0.0 Safari/537.36"
178.115.62.170 - - [26/Oct/2023:13:58:11 +0200] "GET /gui/javascript/form_form.js?1698321491 HTTP/1.1" 200 16206 "http://hausegger.activities.at/entry.php?id=11270&document=10305434" "Mozilla/5.0 (Windows NT 10.0; Win64; x64) AppleWebKit/537.36 (KHTML, like Gecko) Chrome/118.0.0.0 Safari/537.36"
178.115.62.170 - - [26/Oct/2023:13:58:12 +0200] "GET /entry.php?id=11241&images=false&document=10305434 HTTP/1.1" 200 2225 "http://hausegger.activities.at/entry.php?id=11270&document=10305434" "Mozilla/5.0 (Windows NT 10.0; Win64; x64) AppleWebKit/537.36 (KHTML, like Gecko) Chrome/118.0.0.0 Safari/537.36"
178.115.62.170 - - [26/Oct/2023:13:58:12 +0200] "GET /entry.php?id=10877&mode=observePrint HTTP/1.1" 200 58 "http://hausegger.activities.at/entry.php?id=11270&document=10305434" "Mozilla/5.0 (Windows NT 10.0; Win64; x64) AppleWebKit/537.36 (KHTML, like Gecko) Chrome/118.0.0.0 Safari/537.36"
178.115.62.170 - - [26/Oct/2023:13:58:47 +0200] "GET /entry.php?id=11270&document=10312341 HTTP/1.1" 200 1974 "http://hausegger.activities.at/entry.php?id=10778&form=11185&name=list&" "Mozilla/5.0 (Windows NT 10.0; Win64; x64) AppleWebKit/537.36 (KHTML, like Gecko) Chrome/118.0.0.0 Safari/537.36"
178.115.62.170 - - [26/Oct/2023:13:58:48 +0200] "GET /gui/javascript/form_bu_document.js?1698321528 HTTP/1.1" 200 2675 "http://hausegger.activities.at/entry.php?id=11270&document=10312341" "Mozilla/5.0 (Windows NT 10.0; Win64; x64) AppleWebKit/537.36 (KHTML, like Gecko) Chrome/118.0.0.0 Safari/537.36"
178.115.62.170 - - [26/Oct/2023:13:58:48 +0200] "GET /gui/javascript/form_form.js?1698321528 HTTP/1.1" 200 16206 "http://hausegger.activities.at/entry.php?id=11270&document=10312341" "Mozilla/5.0 (Windows NT 10.0; Win64; x64) AppleWebKit/537.36 (KHTML, like Gecko) Chrome/118.0.0.0 Safari/537.36"
178.115.62.170 - - [26/Oct/2023:13:58:48 +0200] "GET /entry.php?id=11241&images=false&document=10312341 HTTP/1.1" 200 2425 "http://hausegger.activities.at/entry.php?id=11270&document=10312341" "Mozilla/5.0 (Windows NT 10.0; Win64; x64) AppleWebKit/537.36 (KHTML, like Gecko) Chrome/118.0.0.0 Safari/537.36"
178.115.62.170 - - [26/Oct/2023:13:58:48 +0200] "GET /entry.php?id=10877&mode=observePrint HTTP/1.1" 200 58 "http://hausegger.activities.at/entry.php?id=11270&document=10312341" "Mozilla/5.0 (Windows NT 10.0; Win64; x64) AppleWebKit/537.36 (KHTML, like Gecko) Chrome/118.0.0.0 Safari/537.36"
178.115.62.170 - - [26/Oct/2023:13:58:49 +0200] "GET /entry.php?id=10271&&ser=321469 HTTP/1.1" 200 986 "http://hausegger.activities.at/entry.php?id=10271&&ser=321408" "Mozilla/5.0 (Windows NT 10.0; Win64; x64) AppleWebKit/537.36 (KHTML, like Gecko) Chrome/118.0.0.0 Safari/537.36"
178.115.62.170 - - [26/Oct/2023:13:58:49 +0200] "GET /gui/javascript/form_form.js?1698321529 HTTP/1.1" 200 16206 "http://hausegger.activities.at/entry.php?id=10271&&ser=321469" "Mozilla/5.0 (Windows NT 10.0; Win64; x64) AppleWebKit/537.36 (KHTML, like Gecko) Chrome/118.0.0.0 Safari/537.36"
178.115.62.170 - - [26/Oct/2023:13:59:42 +0200] "GET /entry.php?id=11270&document=10324131 HTTP/1.1" 200 1973 "http://hausegger.activities.at/entry.php?id=10778&form=11185&name=list&" "Mozilla/5.0 (Windows NT 10.0; Win64; x64) AppleWebKit/537.36 (KHTML, like Gecko) Chrome/118.0.0.0 Safari/537.36"
178.115.62.170 - - [26/Oct/2023:13:59:42 +0200] "GET /gui/javascript/form_bu_document.js?1698321582 HTTP/1.1" 200 2675 "http://hausegger.activities.at/entry.php?id=11270&document=10324131" "Mozilla/5.0 (Windows NT 10.0; Win64; x64) AppleWebKit/537.36 (KHTML, like Gecko) Chrome/118.0.0.0 Safari/537.36"
178.115.62.170 - - [26/Oct/2023:13:59:42 +0200] "GET /gui/javascript/form_form.js?1698321582 HTTP/1.1" 200 16206 "http://hausegger.activities.at/entry.php?id=11270&document=10324131" "Mozilla/5.0 (Windows NT 10.0; Win64; x64) AppleWebKit/537.36 (KHTML, like Gecko) Chrome/118.0.0.0 Safari/537.36"
178.115.62.170 - - [26/Oct/2023:13:59:42 +0200] "GET /entry.php?id=11241&images=false&document=10324131 HTTP/1.1" 200 2418 "http://hausegger.activities.at/entry.php?id=11270&document=10324131" "Mozilla/5.0 (Windows NT 10.0; Win64; x64) AppleWebKit/537.36 (KHTML, like Gecko) Chrome/118.0.0.0 Safari/537.36"
178.115.62.170 - - [26/Oct/2023:13:59:42 +0200] "GET /entry.php?id=10877&mode=observePrint HTTP/1.1" 200 58 "http://hausegger.activities.at/entry.php?id=11270&document=10324131" "Mozilla/5.0 (Windows NT 10.0; Win64; x64) AppleWebKit/537.36 (KHTML, like Gecko) Chrome/118.0.0.0 Safari/537.36"
178.115.62.170 - - [26/Oct/2023:13:59:50 +0200] "GET /entry.php?id=10271&&ser=321529 HTTP/1.1" 200 986 "http://hausegger.activities.at/entry.php?id=10271&&ser=321469" "Mozilla/5.0 (Windows NT 10.0; Win64; x64) AppleWebKit/537.36 (KHTML, like Gecko) Chrome/118.0.0.0 Safari/537.36"
178.115.62.170 - - [26/Oct/2023:13:59:50 +0200] "GET /gui/javascript/form_form.js?1698321590 HTTP/1.1" 200 16206 "http://hausegger.activities.at/entry.php?id=10271&&ser=321529" "Mozilla/5.0 (Windows NT 10.0; Win64; x64) AppleWebKit/537.36 (KHTML, like Gecko) Chrome/118.0.0.0 Safari/537.36"
178.115.62.170 - - [26/Oct/2023:14:00:50 +0200] "GET /entry.php?id=10271&&ser=321590 HTTP/1.1" 200 986 "http://hausegger.activities.at/entry.php?id=10271&&ser=321529" "Mozilla/5.0 (Windows NT 10.0; Win64; x64) AppleWebKit/537.36 (KHTML, like Gecko) Chrome/118.0.0.0 Safari/537.36"
178.115.62.170 - - [26/Oct/2023:14:00:50 +0200] "GET /gui/javascript/form_form.js?1698321650 HTTP/1.1" 200 16206 "http://hausegger.activities.at/entry.php?id=10271&&ser=321590" "Mozilla/5.0 (Windows NT 10.0; Win64; x64) AppleWebKit/537.36 (KHTML, like Gecko) Chrome/118.0.0.0 Safari/537.36"
178.115.62.170 - - [26/Oct/2023:14:01:50 +0200] "GET /entry.php?id=10271&&ser=321650 HTTP/1.1" 200 986 "http://hausegger.activities.at/entry.php?id=10271&&ser=321590" "Mozilla/5.0 (Windows NT 10.0; Win64; x64) AppleWebKit/537.36 (KHTML, like Gecko) Chrome/118.0.0.0 Safari/537.36"
178.115.62.170 - - [26/Oct/2023:14:01:51 +0200] "GET /gui/javascript/form_form.js?1698321710 HTTP/1.1" 200 16206 "http://hausegger.activities.at/entry.php?id=10271&&ser=321650" "Mozilla/5.0 (Windows NT 10.0; Win64; x64) AppleWebKit/537.36 (KHTML, like Gecko) Chrome/118.0.0.0 Safari/537.36"
178.115.62.170 - - [26/Oct/2023:14:02:51 +0200] "GET /entry.php?id=10271&&ser=321710 HTTP/1.1" 200 986 "http://hausegger.activities.at/entry.php?id=10271&&ser=321650" "Mozilla/5.0 (Windows NT 10.0; Win64; x64) AppleWebKit/537.36 (KHTML, like Gecko) Chrome/118.0.0.0 Safari/537.36"
178.115.62.170 - - [26/Oct/2023:14:02:51 +0200] "GET /gui/javascript/form_form.js?1698321771 HTTP/1.1" 200 16206 "http://hausegger.activities.at/entry.php?id=10271&&ser=321710" "Mozilla/5.0 (Windows NT 10.0; Win64; x64) AppleWebKit/537.36 (KHTML, like Gecko) Chrome/118.0.0.0 Safari/537.36"
178.115.62.170 - - [26/Oct/2023:14:03:51 +0200] "GET /entry.php?id=10271&&ser=321771 HTTP/1.1" 200 986 "http://hausegger.activities.at/entry.php?id=10271&&ser=321710" "Mozilla/5.0 (Windows NT 10.0; Win64; x64) AppleWebKit/537.36 (KHTML, like Gecko) Chrome/118.0.0.0 Safari/537.36"
178.115.62.170 - - [26/Oct/2023:14:03:51 +0200] "GET /gui/javascript/form_form.js?1698321831 HTTP/1.1" 200 16206 "http://hausegger.activities.at/entry.php?id=10271&&ser=321771" "Mozilla/5.0 (Windows NT 10.0; Win64; x64) AppleWebKit/537.36 (KHTML, like Gecko) Chrome/118.0.0.0 Safari/537.36"
178.115.62.170 - - [26/Oct/2023:14:04:52 +0200] "GET /entry.php?id=10271&&ser=321831 HTTP/1.1" 200 986 "http://hausegger.activities.at/entry.php?id=10271&&ser=321771" "Mozilla/5.0 (Windows NT 10.0; Win64; x64) AppleWebKit/537.36 (KHTML, like Gecko) Chrome/118.0.0.0 Safari/537.36"
178.115.62.170 - - [26/Oct/2023:14:04:52 +0200] "GET /gui/javascript/form_form.js?1698321892 HTTP/1.1" 200 16206 "http://hausegger.activities.at/entry.php?id=10271&&ser=321831" "Mozilla/5.0 (Windows NT 10.0; Win64; x64) AppleWebKit/537.36 (KHTML, like Gecko) Chrome/118.0.0.0 Safari/537.36"
178.115.62.170 - - [26/Oct/2023:14:05:53 +0200] "GET /entry.php?id=10271&&ser=321892 HTTP/1.1" 200 986 "http://hausegger.activities.at/entry.php?id=10271&&ser=321831" "Mozilla/5.0 (Windows NT 10.0; Win64; x64) AppleWebKit/537.36 (KHTML, like Gecko) Chrome/118.0.0.0 Safari/537.36"
178.115.62.170 - - [26/Oct/2023:14:05:53 +0200] "GET /gui/javascript/form_form.js?1698321953 HTTP/1.1" 200 16206 "http://hausegger.activities.at/entry.php?id=10271&&ser=321892" "Mozilla/5.0 (Windows NT 10.0; Win64; x64) AppleWebKit/537.36 (KHTML, like Gecko) Chrome/118.0.0.0 Safari/537.36"
193.35.18.187 - - [26/Oct/2023:14:06:02 +0200] "CONNECT google.com:443 HTTP/1.1" 200 423 "-" "Go-http-client/1.1"
178.115.62.170 - - [26/Oct/2023:14:06:54 +0200] "GET /entry.php?id=10271&&ser=321953 HTTP/1.1" 200 986 "http://hausegger.activities.at/entry.php?id=10271&&ser=321892" "Mozilla/5.0 (Windows NT 10.0; Win64; x64) AppleWebKit/537.36 (KHTML, like Gecko) Chrome/118.0.0.0 Safari/537.36"
178.115.62.170 - - [26/Oct/2023:14:06:54 +0200] "GET /gui/javascript/form_form.js?1698322014 HTTP/1.1" 200 16206 "http://hausegger.activities.at/entry.php?id=10271&&ser=321953" "Mozilla/5.0 (Windows NT 10.0; Win64; x64) AppleWebKit/537.36 (KHTML, like Gecko) Chrome/118.0.0.0 Safari/537.36"
156.59.198.135 - - [26/Oct/2023:14:07:07 +0200] "GET /docs/contadino/2018/RECHNUNG/RE18-00002.pdf HTTP/1.0" 404 307 "http://212.69.160.11:443/docs/contadino/2018/RECHNUNG/" "Mozilla/5.0 (Linux; Android 5.0) AppleWebKit/537.36 (KHTML, like Gecko) Mobile Safari/537.36 (compatible; Bytespider; spider-feedback@bytedance.com)"
178.115.62.170 - - [26/Oct/2023:14:07:16 +0200] "POST /entry.php?id=11357 HTTP/1.1" 200 2297 "http://hausegger.activities.at/entry.php?id=11357" "Mozilla/5.0 (Windows NT 10.0; Win64; x64) AppleWebKit/537.36 (KHTML, like Gecko) Chrome/118.0.0.0 Safari/537.36"
178.115.62.170 - - [26/Oct/2023:14:07:16 +0200] "GET /gui/javascript/form_lo_store_administration.js?1698322036 HTTP/1.1" 200 4261 "http://hausegger.activities.at/entry.php?id=11357" "Mozilla/5.0 (Windows NT 10.0; Win64; x64) AppleWebKit/537.36 (KHTML, like Gecko) Chrome/118.0.0.0 Safari/537.36"
178.115.62.170 - - [26/Oct/2023:14:07:16 +0200] "GET /gui/javascript/form_form.js?1698322036 HTTP/1.1" 200 16206 "http://hausegger.activities.at/entry.php?id=11357" "Mozilla/5.0 (Windows NT 10.0; Win64; x64) AppleWebKit/537.36 (KHTML, like Gecko) Chrome/118.0.0.0 Safari/537.36"
178.115.62.170 - - [26/Oct/2023:14:07:16 +0200] "GET /entry.php?id=10778&form=11185&name=list& HTTP/1.1" 200 5654 "http://hausegger.activities.at/entry.php?id=11357" "Mozilla/5.0 (Windows NT 10.0; Win64; x64) AppleWebKit/537.36 (KHTML, like Gecko) Chrome/118.0.0.0 Safari/537.36"
178.115.62.170 - - [26/Oct/2023:14:07:16 +0200] "GET /entry.php?id=10776&form=11185&name=list& HTTP/1.1" 200 1556 "http://hausegger.activities.at/entry.php?id=11357" "Mozilla/5.0 (Windows NT 10.0; Win64; x64) AppleWebKit/537.36 (KHTML, like Gecko) Chrome/118.0.0.0 Safari/537.36"
156.59.198.135 - - [26/Oct/2023:14:07:43 +0200] "GET /docs/contadino/2018/RECHNUNG/RE18-00005.pdf HTTP/1.0" 404 308 "http://212.69.160.11:443/docs/contadino/2018/RECHNUNG/" "Mozilla/5.0 (Linux; Android 5.0) AppleWebKit/537.36 (KHTML, like Gecko) Mobile Safari/537.36 (compatible; Bytespider; spider-feedback@bytedance.com)"
178.115.62.170 - - [26/Oct/2023:14:07:55 +0200] "GET /entry.php?id=10271&&ser=322014 HTTP/1.1" 200 986 "http://hausegger.activities.at/entry.php?id=10271&&ser=321953" "Mozilla/5.0 (Windows NT 10.0; Win64; x64) AppleWebKit/537.36 (KHTML, like Gecko) Chrome/118.0.0.0 Safari/537.36"
178.115.62.170 - - [26/Oct/2023:14:07:55 +0200] "GET /gui/javascript/form_form.js?1698322075 HTTP/1.1" 200 16206 "http://hausegger.activities.at/entry.php?id=10271&&ser=322014" "Mozilla/5.0 (Windows NT 10.0; Win64; x64) AppleWebKit/537.36 (KHTML, like Gecko) Chrome/118.0.0.0 Safari/537.36"
156.59.198.136 - - [26/Oct/2023:14:08:19 +0200] "GET /docs/contadino/2018/RECHNUNG/RE18-00014.pdf HTTP/1.0" 404 308 "http://212.69.160.11:443/docs/contadino/2018/RECHNUNG/" "Mozilla/5.0 (Linux; Android 5.0) AppleWebKit/537.36 (KHTML, like Gecko) Mobile Safari/537.36 (compatible; Bytespider; spider-feedback@bytedance.com)"
156.59.198.135 - - [26/Oct/2023:14:08:55 +0200] "GET /docs/contadino/2018/RECHNUNG/RE18-00008.pdf HTTP/1.0" 404 307 "http://212.69.160.11:443/docs/contadino/2018/RECHNUNG/" "Mozilla/5.0 (Linux; Android 5.0) AppleWebKit/537.36 (KHTML, like Gecko) Mobile Safari/537.36 (compatible; Bytespider; spider-feedback@bytedance.com)"
178.115.62.170 - - [26/Oct/2023:14:08:56 +0200] "GET /entry.php?id=10271&&ser=322075 HTTP/1.1" 200 986 "http://hausegger.activities.at/entry.php?id=10271&&ser=322014" "Mozilla/5.0 (Windows NT 10.0; Win64; x64) AppleWebKit/537.36 (KHTML, like Gecko) Chrome/118.0.0.0 Safari/537.36"
178.115.62.170 - - [26/Oct/2023:14:08:56 +0200] "GET /gui/javascript/form_form.js?1698322136 HTTP/1.1" 200 16206 "http://hausegger.activities.at/entry.php?id=10271&&ser=322075" "Mozilla/5.0 (Windows NT 10.0; Win64; x64) AppleWebKit/537.36 (KHTML, like Gecko) Chrome/118.0.0.0 Safari/537.36"
156.59.198.135 - - [26/Oct/2023:14:09:31 +0200] "GET /docs/contadino/2018/RECHNUNG/RE18-00007.pdf HTTP/1.0" 404 308 "http://212.69.160.11:443/docs/contadino/2018/RECHNUNG/" "Mozilla/5.0 (Linux; Android 5.0) AppleWebKit/537.36 (KHTML, like Gecko) Mobile Safari/537.36 (compatible; Bytespider; spider-feedback@bytedance.com)"
178.115.62.170 - - [26/Oct/2023:14:09:57 +0200] "GET /entry.php?id=10271&&ser=322136 HTTP/1.1" 200 986 "http://hausegger.activities.at/entry.php?id=10271&&ser=322075" "Mozilla/5.0 (Windows NT 10.0; Win64; x64) AppleWebKit/537.36 (KHTML, like Gecko) Chrome/118.0.0.0 Safari/537.36"
178.115.62.170 - - [26/Oct/2023:14:09:57 +0200] "GET /gui/javascript/form_form.js?1698322197 HTTP/1.1" 200 16206 "http://hausegger.activities.at/entry.php?id=10271&&ser=322136" "Mozilla/5.0 (Windows NT 10.0; Win64; x64) AppleWebKit/537.36 (KHTML, like Gecko) Chrome/118.0.0.0 Safari/537.36"
156.59.198.135 - - [26/Oct/2023:14:10:08 +0200] "GET /docs/contadino/2018/RECHNUNG/RE18-00020.pdf HTTP/1.0" 404 308 "http://212.69.160.11:443/docs/contadino/2018/RECHNUNG/" "Mozilla/5.0 (Linux; Android 5.0) AppleWebKit/537.36 (KHTML, like Gecko) Mobile Safari/537.36 (compatible; Bytespider; spider-feedback@bytedance.com)"
156.59.198.136 - - [26/Oct/2023:14:10:44 +0200] "GET /docs/contadino/2018/RECHNUNG/RE18-00004.pdf HTTP/1.0" 404 307 "http://212.69.160.11:443/docs/contadino/2018/RECHNUNG/" "Mozilla/5.0 (Linux; Android 5.0) AppleWebKit/537.36 (KHTML, like Gecko) Mobile Safari/537.36 (compatible; Bytespider; spider-feedback@bytedance.com)"
178.115.62.170 - - [26/Oct/2023:14:10:58 +0200] "GET /entry.php?id=10271&&ser=322197 HTTP/1.1" 200 986 "http://hausegger.activities.at/entry.php?id=10271&&ser=322136" "Mozilla/5.0 (Windows NT 10.0; Win64; x64) AppleWebKit/537.36 (KHTML, like Gecko) Chrome/118.0.0.0 Safari/537.36"
178.115.62.170 - - [26/Oct/2023:14:10:58 +0200] "GET /gui/javascript/form_form.js?1698322258 HTTP/1.1" 200 16206 "http://hausegger.activities.at/entry.php?id=10271&&ser=322197" "Mozilla/5.0 (Windows NT 10.0; Win64; x64) AppleWebKit/537.36 (KHTML, like Gecko) Chrome/118.0.0.0 Safari/537.36"
156.59.198.136 - - [26/Oct/2023:14:11:20 +0200] "GET /docs/contadino/2018/RECHNUNG/RE18-00011.pdf HTTP/1.0" 404 308 "http://212.69.160.11:443/docs/contadino/2018/RECHNUNG/" "Mozilla/5.0 (Linux; Android 5.0) AppleWebKit/537.36 (KHTML, like Gecko) Mobile Safari/537.36 (compatible; Bytespider; spider-feedback@bytedance.com)"
156.59.198.135 - - [26/Oct/2023:14:11:57 +0200] "GET /docs/contadino/2018/RECHNUNG/RE18-00009.pdf HTTP/1.0" 404 308 "http://212.69.160.11:443/docs/contadino/2018/RECHNUNG/" "Mozilla/5.0 (Linux; Android 5.0) AppleWebKit/537.36 (KHTML, like Gecko) Mobile Safari/537.36 (compatible; Bytespider; spider-feedback@bytedance.com)"
178.115.62.170 - - [26/Oct/2023:14:11:59 +0200] "GET /entry.php?id=10271&&ser=322258 HTTP/1.1" 200 986 "http://hausegger.activities.at/entry.php?id=10271&&ser=322197" "Mozilla/5.0 (Windows NT 10.0; Win64; x64) AppleWebKit/537.36 (KHTML, like Gecko) Chrome/118.0.0.0 Safari/537.36"
178.115.62.170 - - [26/Oct/2023:14:11:59 +0200] "GET /gui/javascript/form_form.js?1698322319 HTTP/1.1" 200 16206 "http://hausegger.activities.at/entry.php?id=10271&&ser=322258" "Mozilla/5.0 (Windows NT 10.0; Win64; x64) AppleWebKit/537.36 (KHTML, like Gecko) Chrome/118.0.0.0 Safari/537.36"
156.59.198.136 - - [26/Oct/2023:14:12:32 +0200] "GET /docs/contadino/2018/RECHNUNG/RE18-00015.pdf HTTP/1.0" 404 308 "http://212.69.160.11:443/docs/contadino/2018/RECHNUNG/" "Mozilla/5.0 (Linux; Android 5.0) AppleWebKit/537.36 (KHTML, like Gecko) Mobile Safari/537.36 (compatible; Bytespider; spider-feedback@bytedance.com)"
178.115.62.170 - - [26/Oct/2023:14:13:00 +0200] "GET /entry.php?id=10271&&ser=322319 HTTP/1.1" 200 986 "http://hausegger.activities.at/entry.php?id=10271&&ser=322258" "Mozilla/5.0 (Windows NT 10.0; Win64; x64) AppleWebKit/537.36 (KHTML, like Gecko) Chrome/118.0.0.0 Safari/537.36"
178.115.62.170 - - [26/Oct/2023:14:13:00 +0200] "GET /gui/javascript/form_form.js?1698322380 HTTP/1.1" 200 16206 "http://hausegger.activities.at/entry.php?id=10271&&ser=322319" "Mozilla/5.0 (Windows NT 10.0; Win64; x64) AppleWebKit/537.36 (KHTML, like Gecko) Chrome/118.0.0.0 Safari/537.36"
156.59.198.136 - - [26/Oct/2023:14:13:08 +0200] "GET /docs/contadino/2018/RECHNUNG/RE18-00018.pdf HTTP/1.0" 404 308 "http://212.69.160.11:443/docs/contadino/2018/RECHNUNG/" "Mozilla/5.0 (Linux; Android 5.0) AppleWebKit/537.36 (KHTML, like Gecko) Mobile Safari/537.36 (compatible; Bytespider; spider-feedback@bytedance.com)"
156.59.198.135 - - [26/Oct/2023:14:13:45 +0200] "GET /docs/contadino/2018/RECHNUNG/RE18-00016.pdf HTTP/1.0" 404 308 "http://212.69.160.11:443/docs/contadino/2018/RECHNUNG/" "Mozilla/5.0 (Linux; Android 5.0) AppleWebKit/537.36 (KHTML, like Gecko) Mobile Safari/537.36 (compatible; Bytespider; spider-feedback@bytedance.com)"
178.115.62.170 - - [26/Oct/2023:14:14:01 +0200] "GET /entry.php?id=10271&&ser=322380 HTTP/1.1" 200 986 "http://hausegger.activities.at/entry.php?id=10271&&ser=322319" "Mozilla/5.0 (Windows NT 10.0; Win64; x64) AppleWebKit/537.36 (KHTML, like Gecko) Chrome/118.0.0.0 Safari/537.36"
178.115.62.170 - - [26/Oct/2023:14:14:01 +0200] "GET /gui/javascript/form_form.js?1698322441 HTTP/1.1" 200 16206 "http://hausegger.activities.at/entry.php?id=10271&&ser=322380" "Mozilla/5.0 (Windows NT 10.0; Win64; x64) AppleWebKit/537.36 (KHTML, like Gecko) Chrome/118.0.0.0 Safari/537.36"
156.59.198.136 - - [26/Oct/2023:14:14:21 +0200] "GET /docs/contadino/2018/RECHNUNG/RE18-00003.pdf HTTP/1.0" 404 308 "http://212.69.160.11:443/docs/contadino/2018/RECHNUNG/" "Mozilla/5.0 (Linux; Android 5.0) AppleWebKit/537.36 (KHTML, like Gecko) Mobile Safari/537.36 (compatible; Bytespider; spider-feedback@bytedance.com)"
156.59.198.136 - - [26/Oct/2023:14:14:57 +0200] "GET /docs/contadino/2018/RECHNUNG/RE18-00001.pdf HTTP/1.0" 404 307 "http://212.69.160.11:443/docs/contadino/2018/RECHNUNG/" "Mozilla/5.0 (Linux; Android 5.0) AppleWebKit/537.36 (KHTML, like Gecko) Mobile Safari/537.36 (compatible; Bytespider; spider-feedback@bytedance.com)"
178.115.62.170 - - [26/Oct/2023:14:15:02 +0200] "GET /entry.php?id=10271&&ser=322441 HTTP/1.1" 200 986 "http://hausegger.activities.at/entry.php?id=10271&&ser=322380" "Mozilla/5.0 (Windows NT 10.0; Win64; x64) AppleWebKit/537.36 (KHTML, like Gecko) Chrome/118.0.0.0 Safari/537.36"
178.115.62.170 - - [26/Oct/2023:14:15:02 +0200] "GET /gui/javascript/form_form.js?1698322502 HTTP/1.1" 200 16206 "http://hausegger.activities.at/entry.php?id=10271&&ser=322441" "Mozilla/5.0 (Windows NT 10.0; Win64; x64) AppleWebKit/537.36 (KHTML, like Gecko) Chrome/118.0.0.0 Safari/537.36"
57.128.63.91 - - [26/Oct/2023:14:15:13 +0200] "GET /simple.php HTTP/1.1" 404 288 "-" "python-requests/2.27.1"
156.59.198.135 - - [26/Oct/2023:14:15:34 +0200] "GET /docs/contadino/2018/RECHNUNG/RE18-00013.pdf HTTP/1.0" 404 309 "http://212.69.160.11:443/docs/contadino/2018/RECHNUNG/" "Mozilla/5.0 (Linux; Android 5.0) AppleWebKit/537.36 (KHTML, like Gecko) Mobile Safari/537.36 (compatible; Bytespider; spider-feedback@bytedance.com)"
178.115.62.170 - - [26/Oct/2023:14:16:03 +0200] "GET /entry.php?id=10271&&ser=322502 HTTP/1.1" 200 986 "http://hausegger.activities.at/entry.php?id=10271&&ser=322441" "Mozilla/5.0 (Windows NT 10.0; Win64; x64) AppleWebKit/537.36 (KHTML, like Gecko) Chrome/118.0.0.0 Safari/537.36"
178.115.62.170 - - [26/Oct/2023:14:16:03 +0200] "GET /gui/javascript/form_form.js?1698322563 HTTP/1.1" 200 16206 "http://hausegger.activities.at/entry.php?id=10271&&ser=322502" "Mozilla/5.0 (Windows NT 10.0; Win64; x64) AppleWebKit/537.36 (KHTML, like Gecko) Chrome/118.0.0.0 Safari/537.36"
156.59.198.135 - - [26/Oct/2023:14:16:09 +0200] "GET /docs/contadino/2018/RECHNUNG/RE18-00017.pdf HTTP/1.0" 404 309 "http://212.69.160.11:443/docs/contadino/2018/RECHNUNG/" "Mozilla/5.0 (Linux; Android 5.0) AppleWebKit/537.36 (KHTML, like Gecko) Mobile Safari/537.36 (compatible; Bytespider; spider-feedback@bytedance.com)"
156.59.198.135 - - [26/Oct/2023:14:16:45 +0200] "GET /docs/contadino/2018/RECHNUNG/RE18-00006.pdf HTTP/1.0" 404 308 "http://212.69.160.11:443/docs/contadino/2018/RECHNUNG/" "Mozilla/5.0 (Linux; Android 5.0) AppleWebKit/537.36 (KHTML, like Gecko) Mobile Safari/537.36 (compatible; Bytespider; spider-feedback@bytedance.com)"
178.115.62.170 - - [26/Oct/2023:14:17:04 +0200] "GET /entry.php?id=10271&&ser=322563 HTTP/1.1" 200 986 "http://hausegger.activities.at/entry.php?id=10271&&ser=322502" "Mozilla/5.0 (Windows NT 10.0; Win64; x64) AppleWebKit/537.36 (KHTML, like Gecko) Chrome/118.0.0.0 Safari/537.36"
178.115.62.170 - - [26/Oct/2023:14:17:04 +0200] "GET /gui/javascript/form_form.js?1698322624 HTTP/1.1" 200 16206 "http://hausegger.activities.at/entry.php?id=10271&&ser=322563" "Mozilla/5.0 (Windows NT 10.0; Win64; x64) AppleWebKit/537.36 (KHTML, like Gecko) Chrome/118.0.0.0 Safari/537.36"
156.59.198.136 - - [26/Oct/2023:14:17:22 +0200] "GET /docs/contadino/2018/RECHNUNG/RE18-00012.pdf HTTP/1.0" 404 309 "http://212.69.160.11:443/docs/contadino/2018/RECHNUNG/" "Mozilla/5.0 (Linux; Android 5.0) AppleWebKit/537.36 (KHTML, like Gecko) Mobile Safari/537.36 (compatible; Bytespider; spider-feedback@bytedance.com)"
156.59.198.136 - - [26/Oct/2023:14:17:58 +0200] "GET /docs/contadino/2018/RECHNUNG/RE18-00019.pdf HTTP/1.0" 404 308 "http://212.69.160.11:443/docs/contadino/2018/RECHNUNG/" "Mozilla/5.0 (Linux; Android 5.0) AppleWebKit/537.36 (KHTML, like Gecko) Mobile Safari/537.36 (compatible; Bytespider; spider-feedback@bytedance.com)"
178.115.62.170 - - [26/Oct/2023:14:18:05 +0200] "GET /entry.php?id=10271&&ser=322624 HTTP/1.1" 200 986 "http://hausegger.activities.at/entry.php?id=10271&&ser=322563" "Mozilla/5.0 (Windows NT 10.0; Win64; x64) AppleWebKit/537.36 (KHTML, like Gecko) Chrome/118.0.0.0 Safari/537.36"
178.115.62.170 - - [26/Oct/2023:14:18:05 +0200] "GET /gui/javascript/form_form.js?1698322685 HTTP/1.1" 200 16206 "http://hausegger.activities.at/entry.php?id=10271&&ser=322624" "Mozilla/5.0 (Windows NT 10.0; Win64; x64) AppleWebKit/537.36 (KHTML, like Gecko) Chrome/118.0.0.0 Safari/537.36"
156.59.198.136 - - [26/Oct/2023:14:18:34 +0200] "GET /docs/contadino/2018/RECHNUNG/RE18-00010.pdf HTTP/1.0" 404 308 "http://212.69.160.11:443/docs/contadino/2018/RECHNUNG/" "Mozilla/5.0 (Linux; Android 5.0) AppleWebKit/537.36 (KHTML, like Gecko) Mobile Safari/537.36 (compatible; Bytespider; spider-feedback@bytedance.com)"
178.115.62.170 - - [26/Oct/2023:14:19:06 +0200] "GET /entry.php?id=10271&&ser=322685 HTTP/1.1" 200 986 "http://hausegger.activities.at/entry.php?id=10271&&ser=322624" "Mozilla/5.0 (Windows NT 10.0; Win64; x64) AppleWebKit/537.36 (KHTML, like Gecko) Chrome/118.0.0.0 Safari/537.36"
178.115.62.170 - - [26/Oct/2023:14:19:06 +0200] "GET /gui/javascript/form_form.js?1698322746 HTTP/1.1" 200 16206 "http://hausegger.activities.at/entry.php?id=10271&&ser=322685" "Mozilla/5.0 (Windows NT 10.0; Win64; x64) AppleWebKit/537.36 (KHTML, like Gecko) Chrome/118.0.0.0 Safari/537.36"
178.115.62.170 - - [26/Oct/2023:14:20:07 +0200] "GET /entry.php?id=10271&&ser=322746 HTTP/1.1" 200 986 "http://hausegger.activities.at/entry.php?id=10271&&ser=322685" "Mozilla/5.0 (Windows NT 10.0; Win64; x64) AppleWebKit/537.36 (KHTML, like Gecko) Chrome/118.0.0.0 Safari/537.36"
178.115.62.170 - - [26/Oct/2023:14:20:07 +0200] "GET /gui/javascript/form_form.js?1698322807 HTTP/1.1" 200 16206 "http://hausegger.activities.at/entry.php?id=10271&&ser=322746" "Mozilla/5.0 (Windows NT 10.0; Win64; x64) AppleWebKit/537.36 (KHTML, like Gecko) Chrome/118.0.0.0 Safari/537.36"
178.115.62.170 - - [26/Oct/2023:14:21:08 +0200] "GET /entry.php?id=10271&&ser=322807 HTTP/1.1" 200 986 "http://hausegger.activities.at/entry.php?id=10271&&ser=322746" "Mozilla/5.0 (Windows NT 10.0; Win64; x64) AppleWebKit/537.36 (KHTML, like Gecko) Chrome/118.0.0.0 Safari/537.36"
178.115.62.170 - - [26/Oct/2023:14:21:08 +0200] "GET /gui/javascript/form_form.js?1698322868 HTTP/1.1" 200 16206 "http://hausegger.activities.at/entry.php?id=10271&&ser=322807" "Mozilla/5.0 (Windows NT 10.0; Win64; x64) AppleWebKit/537.36 (KHTML, like Gecko) Chrome/118.0.0.0 Safari/537.36"
178.115.62.170 - - [26/Oct/2023:14:22:09 +0200] "GET /entry.php?id=10271&&ser=322868 HTTP/1.1" 200 986 "http://hausegger.activities.at/entry.php?id=10271&&ser=322807" "Mozilla/5.0 (Windows NT 10.0; Win64; x64) AppleWebKit/537.36 (KHTML, like Gecko) Chrome/118.0.0.0 Safari/537.36"
178.115.62.170 - - [26/Oct/2023:14:22:09 +0200] "GET /gui/javascript/form_form.js?1698322929 HTTP/1.1" 200 16206 "http://hausegger.activities.at/entry.php?id=10271&&ser=322868" "Mozilla/5.0 (Windows NT 10.0; Win64; x64) AppleWebKit/537.36 (KHTML, like Gecko) Chrome/118.0.0.0 Safari/537.36"
178.115.62.170 - - [26/Oct/2023:14:23:10 +0200] "GET /entry.php?id=10271&&ser=322929 HTTP/1.1" 200 986 "http://hausegger.activities.at/entry.php?id=10271&&ser=322868" "Mozilla/5.0 (Windows NT 10.0; Win64; x64) AppleWebKit/537.36 (KHTML, like Gecko) Chrome/118.0.0.0 Safari/537.36"
178.115.62.170 - - [26/Oct/2023:14:23:10 +0200] "GET /gui/javascript/form_form.js?1698322990 HTTP/1.1" 200 16206 "http://hausegger.activities.at/entry.php?id=10271&&ser=322929" "Mozilla/5.0 (Windows NT 10.0; Win64; x64) AppleWebKit/537.36 (KHTML, like Gecko) Chrome/118.0.0.0 Safari/537.36"
178.115.62.170 - - [26/Oct/2023:14:24:11 +0200] "GET /entry.php?id=10271&&ser=322990 HTTP/1.1" 200 986 "http://hausegger.activities.at/entry.php?id=10271&&ser=322929" "Mozilla/5.0 (Windows NT 10.0; Win64; x64) AppleWebKit/537.36 (KHTML, like Gecko) Chrome/118.0.0.0 Safari/537.36"
178.115.62.170 - - [26/Oct/2023:14:24:11 +0200] "GET /gui/javascript/form_form.js?1698323051 HTTP/1.1" 200 16206 "http://hausegger.activities.at/entry.php?id=10271&&ser=322990" "Mozilla/5.0 (Windows NT 10.0; Win64; x64) AppleWebKit/537.36 (KHTML, like Gecko) Chrome/118.0.0.0 Safari/537.36"
178.115.62.170 - - [26/Oct/2023:14:25:12 +0200] "GET /entry.php?id=10271&&ser=323051 HTTP/1.1" 200 986 "http://hausegger.activities.at/entry.php?id=10271&&ser=322990" "Mozilla/5.0 (Windows NT 10.0; Win64; x64) AppleWebKit/537.36 (KHTML, like Gecko) Chrome/118.0.0.0 Safari/537.36"
178.115.62.170 - - [26/Oct/2023:14:25:12 +0200] "GET /gui/javascript/form_form.js?1698323112 HTTP/1.1" 200 16206 "http://hausegger.activities.at/entry.php?id=10271&&ser=323051" "Mozilla/5.0 (Windows NT 10.0; Win64; x64) AppleWebKit/537.36 (KHTML, like Gecko) Chrome/118.0.0.0 Safari/537.36"
178.115.62.170 - - [26/Oct/2023:14:26:13 +0200] "GET /entry.php?id=10271&&ser=323112 HTTP/1.1" 200 986 "http://hausegger.activities.at/entry.php?id=10271&&ser=323051" "Mozilla/5.0 (Windows NT 10.0; Win64; x64) AppleWebKit/537.36 (KHTML, like Gecko) Chrome/118.0.0.0 Safari/537.36"
178.115.62.170 - - [26/Oct/2023:14:26:13 +0200] "GET /gui/javascript/form_form.js?1698323173 HTTP/1.1" 200 16206 "http://hausegger.activities.at/entry.php?id=10271&&ser=323112" "Mozilla/5.0 (Windows NT 10.0; Win64; x64) AppleWebKit/537.36 (KHTML, like Gecko) Chrome/118.0.0.0 Safari/537.36"
178.115.62.170 - - [26/Oct/2023:14:27:14 +0200] "GET /entry.php?id=10271&&ser=323173 HTTP/1.1" 200 986 "http://hausegger.activities.at/entry.php?id=10271&&ser=323112" "Mozilla/5.0 (Windows NT 10.0; Win64; x64) AppleWebKit/537.36 (KHTML, like Gecko) Chrome/118.0.0.0 Safari/537.36"
178.115.62.170 - - [26/Oct/2023:14:27:14 +0200] "GET /gui/javascript/form_form.js?1698323234 HTTP/1.1" 200 16206 "http://hausegger.activities.at/entry.php?id=10271&&ser=323173" "Mozilla/5.0 (Windows NT 10.0; Win64; x64) AppleWebKit/537.36 (KHTML, like Gecko) Chrome/118.0.0.0 Safari/537.36"
178.115.62.170 - - [26/Oct/2023:14:28:15 +0200] "GET /entry.php?id=10271&&ser=323234 HTTP/1.1" 200 986 "http://hausegger.activities.at/entry.php?id=10271&&ser=323173" "Mozilla/5.0 (Windows NT 10.0; Win64; x64) AppleWebKit/537.36 (KHTML, like Gecko) Chrome/118.0.0.0 Safari/537.36"
178.115.62.170 - - [26/Oct/2023:14:28:15 +0200] "GET /gui/javascript/form_form.js?1698323295 HTTP/1.1" 200 16206 "http://hausegger.activities.at/entry.php?id=10271&&ser=323234" "Mozilla/5.0 (Windows NT 10.0; Win64; x64) AppleWebKit/537.36 (KHTML, like Gecko) Chrome/118.0.0.0 Safari/537.36"
178.115.62.170 - - [26/Oct/2023:14:29:16 +0200] "GET /entry.php?id=10271&&ser=323295 HTTP/1.1" 200 986 "http://hausegger.activities.at/entry.php?id=10271&&ser=323234" "Mozilla/5.0 (Windows NT 10.0; Win64; x64) AppleWebKit/537.36 (KHTML, like Gecko) Chrome/118.0.0.0 Safari/537.36"
178.115.62.170 - - [26/Oct/2023:14:29:16 +0200] "GET /gui/javascript/form_form.js?1698323356 HTTP/1.1" 200 16206 "http://hausegger.activities.at/entry.php?id=10271&&ser=323295" "Mozilla/5.0 (Windows NT 10.0; Win64; x64) AppleWebKit/537.36 (KHTML, like Gecko) Chrome/118.0.0.0 Safari/537.36"
178.115.62.170 - - [26/Oct/2023:14:30:17 +0200] "GET /entry.php?id=10271&&ser=323356 HTTP/1.1" 200 986 "http://hausegger.activities.at/entry.php?id=10271&&ser=323295" "Mozilla/5.0 (Windows NT 10.0; Win64; x64) AppleWebKit/537.36 (KHTML, like Gecko) Chrome/118.0.0.0 Safari/537.36"
178.115.62.170 - - [26/Oct/2023:14:30:17 +0200] "GET /gui/javascript/form_form.js?1698323417 HTTP/1.1" 200 16206 "http://hausegger.activities.at/entry.php?id=10271&&ser=323356" "Mozilla/5.0 (Windows NT 10.0; Win64; x64) AppleWebKit/537.36 (KHTML, like Gecko) Chrome/118.0.0.0 Safari/537.36"
