111.7.96.157 - - [31/Oct/2023:19:26:38 +0100] "GET /gui/javascript/jquery/css/gui-themes/jquery.tooltip.css HTTP/1.1" 200 246 "http://212.69.160.11/entry.php?id=10270" "Mozilla/5.0 (X11; Linux x86_64) AppleWebKit/537.36 (KHTML, like Gecko) HeadlessChrome/108.0.5359.94 Safari/537.36"
111.7.96.157 - - [31/Oct/2023:19:26:38 +0100] "GET /gui/styles/tmplDefault.css HTTP/1.1" 200 2135 "http://212.69.160.11/entry.php?id=11412" "Mozilla/5.0 (X11; Linux x86_64) AppleWebKit/537.36 (KHTML, like Gecko) HeadlessChrome/108.0.5359.94 Safari/537.36"
36.99.136.136 - - [31/Oct/2023:19:26:39 +0100] "GET /layout.php HTTP/1.1" 200 817 "http://zafi.castlegem.co.uk/" "Mozilla/5.0 (X11; Linux x86_64) AppleWebKit/537.36 (KHTML, like Gecko) HeadlessChrome/111.0.5553.0 Safari/537.36"
111.7.96.157 - - [31/Oct/2023:19:26:38 +0100] "GET /gui/javascript/form_form.js?1698776798 HTTP/1.1" 200 16206 "http://212.69.160.11/entry.php?id=10270" "Mozilla/5.0 (X11; Linux x86_64) AppleWebKit/537.36 (KHTML, like Gecko) HeadlessChrome/108.0.5359.94 Safari/537.36"
111.7.96.180 - - [31/Oct/2023:19:26:39 +0100] "GET /layout.php HTTP/1.1" 200 814 "http://mail.creativecube.at/" "Mozilla/5.0 (X11; Linux x86_64) AppleWebKit/537.36 (KHTML, like Gecko) HeadlessChrome/108.0.5359.94 Safari/537.36"
36.99.136.136 - - [31/Oct/2023:19:26:39 +0100] "GET /gui/javascript/form_form.js HTTP/1.1" 200 16206 "http://zafi.castlegem.co.uk/layout.php" "Mozilla/5.0 (X11; Linux x86_64) AppleWebKit/537.36 (KHTML, like Gecko) HeadlessChrome/111.0.5553.0 Safari/537.36"
111.7.96.157 - - [31/Oct/2023:19:26:39 +0100] "GET /framework/webfx/style/toolbar/cb2.css HTTP/1.1" 200 793 "http://212.69.160.11/entry.php?id=10273" "Mozilla/5.0 (X11; Linux x86_64) AppleWebKit/537.36 (KHTML, like Gecko) HeadlessChrome/108.0.5359.94 Safari/537.36"
111.7.96.180 - - [31/Oct/2023:19:26:39 +0100] "GET /gui/javascript/form_form.js HTTP/1.1" 200 16206 "http://mail.creativecube.at/layout.php" "Mozilla/5.0 (X11; Linux x86_64) AppleWebKit/537.36 (KHTML, like Gecko) HeadlessChrome/108.0.5359.94 Safari/537.36"
111.7.96.157 - - [31/Oct/2023:19:26:39 +0100] "GET /gui/javascript/jquery/js/jquery-1.8.2.js HTTP/1.1" 200 35391 "http://212.69.160.11/entry.php?id=10270" "Mozilla/5.0 (X11; Linux x86_64) AppleWebKit/537.36 (KHTML, like Gecko) HeadlessChrome/108.0.5359.94 Safari/537.36"
36.99.136.137 - - [31/Oct/2023:19:26:40 +0100] "GET /entry.php?id=10270 HTTP/1.1" 200 908 "http://zafi.castlegem.co.uk/layout.php" "Mozilla/5.0 (X11; Linux x86_64) AppleWebKit/537.36 (KHTML, like Gecko) HeadlessChrome/111.0.5553.0 Safari/537.36"
36.99.136.136 - - [31/Oct/2023:19:26:40 +0100] "GET /entry.php?id=10273 HTTP/1.1" 200 1902 "http://zafi.castlegem.co.uk/layout.php" "Mozilla/5.0 (X11; Linux x86_64) AppleWebKit/537.36 (KHTML, like Gecko) HeadlessChrome/111.0.5553.0 Safari/537.36"
36.99.136.136 - - [31/Oct/2023:19:26:40 +0100] "GET /entry.php?id=11412 HTTP/1.1" 200 1758 "http://zafi.castlegem.co.uk/layout.php" "Mozilla/5.0 (X11; Linux x86_64) AppleWebKit/537.36 (KHTML, like Gecko) HeadlessChrome/111.0.5553.0 Safari/537.36"
36.99.136.136 - - [31/Oct/2023:19:26:40 +0100] "GET /entry.php?id=10272 HTTP/1.1" 200 1158 "http://zafi.castlegem.co.uk/layout.php" "Mozilla/5.0 (X11; Linux x86_64) AppleWebKit/537.36 (KHTML, like Gecko) HeadlessChrome/111.0.5553.0 Safari/537.36"
111.7.96.157 - - [31/Oct/2023:19:26:40 +0100] "GET /gui/javascript/jquery/jquery-tooltip/jquery.tooltip.min.js HTTP/1.1" 200 1982 "http://212.69.160.11/entry.php?id=10270" "Mozilla/5.0 (X11; Linux x86_64) AppleWebKit/537.36 (KHTML, like Gecko) HeadlessChrome/108.0.5359.94 Safari/537.36"
111.7.96.157 - - [31/Oct/2023:19:26:40 +0100] "GET /framework/webfx/javascript/statusbar/statusBar.js HTTP/1.1" 200 649 "http://212.69.160.11/entry.php?id=10272" "Mozilla/5.0 (X11; Linux x86_64) AppleWebKit/537.36 (KHTML, like Gecko) HeadlessChrome/108.0.5359.94 Safari/537.36"
36.99.136.137 - - [31/Oct/2023:19:26:40 +0100] "GET /gui/javascript/jquery/css/gui-themes/custom.min.css HTTP/1.1" 200 5618 "http://zafi.castlegem.co.uk/entry.php?id=10270" "Mozilla/5.0 (X11; Linux x86_64) AppleWebKit/537.36 (KHTML, like Gecko) HeadlessChrome/111.0.5553.0 Safari/537.36"
36.99.136.137 - - [31/Oct/2023:19:26:40 +0100] "GET /gui/javascript/jquery/css/gui-themes/ui.spinner.css HTTP/1.1" 200 350 "http://zafi.castlegem.co.uk/entry.php?id=10270" "Mozilla/5.0 (X11; Linux x86_64) AppleWebKit/537.36 (KHTML, like Gecko) HeadlessChrome/111.0.5553.0 Safari/537.36"
36.99.136.136 - - [31/Oct/2023:19:26:40 +0100] "GET /framework/webfx/style/toolbar/cb2.css HTTP/1.1" 200 793 "http://zafi.castlegem.co.uk/entry.php?id=10273" "Mozilla/5.0 (X11; Linux x86_64) AppleWebKit/537.36 (KHTML, like Gecko) HeadlessChrome/111.0.5553.0 Safari/537.36"
36.99.136.137 - - [31/Oct/2023:19:26:40 +0100] "GET /gui/styles/tmplDefault.css HTTP/1.1" 200 2135 "http://zafi.castlegem.co.uk/entry.php?id=10272" "Mozilla/5.0 (X11; Linux x86_64) AppleWebKit/537.36 (KHTML, like Gecko) HeadlessChrome/111.0.5553.0 Safari/537.36"
36.99.136.136 - - [31/Oct/2023:19:26:40 +0100] "GET /gui/javascript/jquery/css/gui-themes/jquery.tooltip.css HTTP/1.1" 200 246 "http://zafi.castlegem.co.uk/entry.php?id=10270" "Mozilla/5.0 (X11; Linux x86_64) AppleWebKit/537.36 (KHTML, like Gecko) HeadlessChrome/111.0.5553.0 Safari/537.36"
111.7.96.180 - - [31/Oct/2023:19:26:40 +0100] "GET /entry.php?id=10273 HTTP/1.1" 200 1902 "http://mail.creativecube.at/layout.php" "Mozilla/5.0 (X11; Linux x86_64) AppleWebKit/537.36 (KHTML, like Gecko) HeadlessChrome/108.0.5359.94 Safari/537.36"
111.7.96.180 - - [31/Oct/2023:19:26:40 +0100] "GET /entry.php?id=10272 HTTP/1.1" 200 1158 "http://mail.creativecube.at/layout.php" "Mozilla/5.0 (X11; Linux x86_64) AppleWebKit/537.36 (KHTML, like Gecko) HeadlessChrome/108.0.5359.94 Safari/537.36"
111.7.96.180 - - [31/Oct/2023:19:26:40 +0100] "GET /entry.php?id=11412 HTTP/1.1" 200 1758 "http://mail.creativecube.at/layout.php" "Mozilla/5.0 (X11; Linux x86_64) AppleWebKit/537.36 (KHTML, like Gecko) HeadlessChrome/108.0.5359.94 Safari/537.36"
111.7.96.180 - - [31/Oct/2023:19:26:40 +0100] "GET /entry.php?id=10270 HTTP/1.1" 200 908 "http://mail.creativecube.at/layout.php" "Mozilla/5.0 (X11; Linux x86_64) AppleWebKit/537.36 (KHTML, like Gecko) HeadlessChrome/108.0.5359.94 Safari/537.36"
36.99.136.137 - - [31/Oct/2023:19:26:40 +0100] "GET / HTTP/1.1" 200 274 "-" "Mozilla/5.0 (Macintosh; Intel Mac OS X 10_15_7) AppleWebKit/537.36 (KHTML, like Gecko) Chrome/96.0.4664.110 Safari/537.36"
36.99.136.136 - - [31/Oct/2023:19:26:40 +0100] "GET /gui/javascript/form_form.js?1698776800 HTTP/1.1" 200 16206 "http://zafi.castlegem.co.uk/entry.php?id=10270" "Mozilla/5.0 (X11; Linux x86_64) AppleWebKit/537.36 (KHTML, like Gecko) HeadlessChrome/111.0.5553.0 Safari/537.36"
111.7.96.180 - - [31/Oct/2023:19:26:40 +0100] "GET /gui/javascript/jquery/css/gui-themes/custom.min.css HTTP/1.1" 200 5618 "http://mail.creativecube.at/entry.php?id=10273" "Mozilla/5.0 (X11; Linux x86_64) AppleWebKit/537.36 (KHTML, like Gecko) HeadlessChrome/108.0.5359.94 Safari/537.36"
36.99.136.136 - - [31/Oct/2023:19:26:41 +0100] "GET /framework/webfx/javascript/toolbar/ieemu.js HTTP/1.1" 200 2366 "http://zafi.castlegem.co.uk/entry.php?id=10273" "Mozilla/5.0 (X11; Linux x86_64) AppleWebKit/537.36 (KHTML, like Gecko) HeadlessChrome/111.0.5553.0 Safari/537.36"
111.7.96.157 - - [31/Oct/2023:19:26:40 +0100] "GET /gui/javascript/jquery/js/jquery-ui-1.9.0.custom.min.js HTTP/1.1" 200 51286 "http://212.69.160.11/entry.php?id=10270" "Mozilla/5.0 (X11; Linux x86_64) AppleWebKit/537.36 (KHTML, like Gecko) HeadlessChrome/108.0.5359.94 Safari/537.36"
111.7.96.180 - - [31/Oct/2023:19:26:41 +0100] "GET /gui/javascript/jquery/css/gui-themes/jquery.tooltip.css HTTP/1.1" 200 246 "http://mail.creativecube.at/entry.php?id=10273" "Mozilla/5.0 (X11; Linux x86_64) AppleWebKit/537.36 (KHTML, like Gecko) HeadlessChrome/108.0.5359.94 Safari/537.36"
36.99.136.136 - - [31/Oct/2023:19:26:40 +0100] "GET /gui/javascript/jquery/js/jquery-1.8.2.js HTTP/1.1" 200 35391 "http://zafi.castlegem.co.uk/entry.php?id=10270" "Mozilla/5.0 (X11; Linux x86_64) AppleWebKit/537.36 (KHTML, like Gecko) HeadlessChrome/111.0.5553.0 Safari/537.36"
111.7.96.180 - - [31/Oct/2023:19:26:41 +0100] "GET /gui/javascript/jquery/css/gui-themes/ui.spinner.css HTTP/1.1" 200 350 "http://mail.creativecube.at/entry.php?id=10273" "Mozilla/5.0 (X11; Linux x86_64) AppleWebKit/537.36 (KHTML, like Gecko) HeadlessChrome/108.0.5359.94 Safari/537.36"
36.99.136.137 - - [31/Oct/2023:19:26:41 +0100] "GET /framework/webfx/javascript/toolbar/cb2.js HTTP/1.1" 200 1686 "http://zafi.castlegem.co.uk/entry.php?id=10273" "Mozilla/5.0 (X11; Linux x86_64) AppleWebKit/537.36 (KHTML, like Gecko) HeadlessChrome/111.0.5553.0 Safari/537.36"
111.7.96.157 - - [31/Oct/2023:19:26:41 +0100] "GET /gui/javascript/form_form.js?1698776797 HTTP/1.1" 200 16206 "http://212.69.160.11/entry.php?id=10273" "Mozilla/5.0 (X11; Linux x86_64) AppleWebKit/537.36 (KHTML, like Gecko) HeadlessChrome/108.0.5359.94 Safari/537.36"
111.7.96.180 - - [31/Oct/2023:19:26:41 +0100] "GET /framework/webfx/style/toolbar/cb2.css HTTP/1.1" 200 793 "http://mail.creativecube.at/entry.php?id=10273" "Mozilla/5.0 (X11; Linux x86_64) AppleWebKit/537.36 (KHTML, like Gecko) HeadlessChrome/108.0.5359.94 Safari/537.36"
36.99.136.137 - - [31/Oct/2023:19:26:41 +0100] "GET / HTTP/1.1" 200 274 "-" "Mozilla/5.0 (Macintosh; Intel Mac OS X 11_0_0) AppleWebKit/537.36 (KHTML, like Gecko) Chrome/87.0.4280.88 Safari/537.36"
36.99.136.136 - - [31/Oct/2023:19:26:41 +0100] "GET /gui/javascript/jquery/js/jquery-ui-1.9.0.custom.min.js HTTP/1.1" 200 51286 "http://zafi.castlegem.co.uk/entry.php?id=10270" "Mozilla/5.0 (X11; Linux x86_64) AppleWebKit/537.36 (KHTML, like Gecko) HeadlessChrome/111.0.5553.0 Safari/537.36"
111.7.96.165 - - [31/Oct/2023:19:26:41 +0100] "GET / HTTP/1.1" 200 274 "-" "Mozilla/5.0 (Macintosh; Intel Mac OS X 10_15_7) AppleWebKit/537.36 (KHTML, like Gecko) Chrome/96.0.4664.110 Safari/537.36"
36.99.136.129 - - [31/Oct/2023:19:26:41 +0100] "GET /activities.ico HTTP/1.1" 200 1406 "-" "Mozilla/5.0 (Macintosh; Intel Mac OS X 10_15_7) AppleWebKit/537.36 (KHTML, like Gecko) Chrome/96.0.4664.110 Safari/537.36"
111.7.96.180 - - [31/Oct/2023:19:26:41 +0100] "GET /gui/styles/tmplDefault.css HTTP/1.1" 200 2135 "http://mail.creativecube.at/entry.php?id=10272" "Mozilla/5.0 (X11; Linux x86_64) AppleWebKit/537.36 (KHTML, like Gecko) HeadlessChrome/108.0.5359.94 Safari/537.36"
111.7.96.157 - - [31/Oct/2023:19:26:42 +0100] "GET /framework/webfx/javascript/toolbar/ieemu.js HTTP/1.1" 200 2366 "http://212.69.160.11/entry.php?id=10273" "Mozilla/5.0 (X11; Linux x86_64) AppleWebKit/537.36 (KHTML, like Gecko) HeadlessChrome/108.0.5359.94 Safari/537.36"
111.7.96.157 - - [31/Oct/2023:19:26:42 +0100] "GET /framework/webfx/javascript/toolbar/cb2.js HTTP/1.1" 200 1686 "http://212.69.160.11/entry.php?id=10273" "Mozilla/5.0 (X11; Linux x86_64) AppleWebKit/537.36 (KHTML, like Gecko) HeadlessChrome/108.0.5359.94 Safari/537.36"
111.7.96.165 - - [31/Oct/2023:19:26:42 +0100] "GET / HTTP/1.1" 200 274 "-" "Mozilla/5.0 (Macintosh; Intel Mac OS X 11_0_0) AppleWebKit/537.36 (KHTML, like Gecko) Chrome/87.0.4280.88 Safari/537.36"
111.7.96.180 - - [31/Oct/2023:19:26:41 +0100] "GET /gui/javascript/form_form.js?1698776800 HTTP/1.1" 200 16206 "http://mail.creativecube.at/entry.php?id=10273" "Mozilla/5.0 (X11; Linux x86_64) AppleWebKit/537.36 (KHTML, like Gecko) HeadlessChrome/108.0.5359.94 Safari/537.36"
111.7.96.157 - - [31/Oct/2023:19:26:42 +0100] "GET /activities.ico HTTP/1.1" 200 1406 "-" "Mozilla/5.0 (Macintosh; Intel Mac OS X 10_15_7) AppleWebKit/537.36 (KHTML, like Gecko) Chrome/96.0.4664.110 Safari/537.36"
111.7.96.180 - - [31/Oct/2023:19:26:42 +0100] "GET /gui/javascript/jquery/js/jquery-1.8.2.js HTTP/1.1" 200 35391 "http://mail.creativecube.at/entry.php?id=10273" "Mozilla/5.0 (X11; Linux x86_64) AppleWebKit/537.36 (KHTML, like Gecko) HeadlessChrome/108.0.5359.94 Safari/537.36"
36.99.136.136 - - [31/Oct/2023:19:26:42 +0100] "GET /framework/webfx/javascript/statusbar/statusBar.js HTTP/1.1" 200 649 "http://zafi.castlegem.co.uk/entry.php?id=10272" "Mozilla/5.0 (X11; Linux x86_64) AppleWebKit/537.36 (KHTML, like Gecko) HeadlessChrome/111.0.5553.0 Safari/537.36"
111.7.96.180 - - [31/Oct/2023:19:26:42 +0100] "GET /gui/javascript/jquery/jquery-tooltip/jquery.tooltip.min.js HTTP/1.1" 200 1982 "http://mail.creativecube.at/entry.php?id=10273" "Mozilla/5.0 (X11; Linux x86_64) AppleWebKit/537.36 (KHTML, like Gecko) HeadlessChrome/108.0.5359.94 Safari/537.36"
111.7.96.165 - - [31/Oct/2023:19:26:42 +0100] "GET /layout.php HTTP/1.1" 200 823 "http://coffeenostra.castlegem.co.uk/" "Mozilla/5.0 (X11; Linux x86_64) AppleWebKit/537.36 (KHTML, like Gecko) HeadlessChrome/108.0.5359.94 Safari/537.36"
111.7.96.180 - - [31/Oct/2023:19:26:43 +0100] "GET /framework/webfx/javascript/toolbar/cb2.js HTTP/1.1" 200 1686 "http://mail.creativecube.at/entry.php?id=10273" "Mozilla/5.0 (X11; Linux x86_64) AppleWebKit/537.36 (KHTML, like Gecko) HeadlessChrome/108.0.5359.94 Safari/537.36"
111.7.96.180 - - [31/Oct/2023:19:26:43 +0100] "GET /framework/webfx/javascript/toolbar/ieemu.js HTTP/1.1" 200 2366 "http://mail.creativecube.at/entry.php?id=10273" "Mozilla/5.0 (X11; Linux x86_64) AppleWebKit/537.36 (KHTML, like Gecko) HeadlessChrome/108.0.5359.94 Safari/537.36"
36.99.136.128 - - [31/Oct/2023:19:26:43 +0100] "GET /activities.ico HTTP/1.1" 200 1406 "-" "Mozilla/5.0 (Macintosh; Intel Mac OS X 10_15_7) AppleWebKit/537.36 (KHTML, like Gecko) Chrome/96.0.4664.110 Safari/537.36"
111.7.96.165 - - [31/Oct/2023:19:26:43 +0100] "GET /gui/javascript/form_form.js HTTP/1.1" 200 16206 "http://coffeenostra.castlegem.co.uk/layout.php" "Mozilla/5.0 (X11; Linux x86_64) AppleWebKit/537.36 (KHTML, like Gecko) HeadlessChrome/108.0.5359.94 Safari/537.36"
111.7.96.180 - - [31/Oct/2023:19:26:43 +0100] "GET /activities.ico HTTP/1.1" 200 1406 "-" "Mozilla/5.0 (Macintosh; Intel Mac OS X 10_15_7) AppleWebKit/537.36 (KHTML, like Gecko) Chrome/96.0.4664.110 Safari/537.36"
111.7.96.165 - - [31/Oct/2023:19:26:44 +0100] "GET /entry.php?id=10273 HTTP/1.1" 200 1902 "http://coffeenostra.castlegem.co.uk/layout.php" "Mozilla/5.0 (X11; Linux x86_64) AppleWebKit/537.36 (KHTML, like Gecko) HeadlessChrome/108.0.5359.94 Safari/537.36"
111.7.96.180 - - [31/Oct/2023:19:26:44 +0100] "GET /framework/webfx/javascript/statusbar/statusBar.js HTTP/1.1" 200 649 "http://mail.creativecube.at/entry.php?id=10272" "Mozilla/5.0 (X11; Linux x86_64) AppleWebKit/537.36 (KHTML, like Gecko) HeadlessChrome/108.0.5359.94 Safari/537.36"
111.7.96.157 - - [31/Oct/2023:19:26:44 +0100] "GET /entry.php?id=10287 HTTP/1.1" 200 2385 "http://212.69.160.11/entry.php?id=11412" "Mozilla/5.0 (X11; Linux x86_64) AppleWebKit/537.36 (KHTML, like Gecko) HeadlessChrome/108.0.5359.94 Safari/537.36"
111.7.96.165 - - [31/Oct/2023:19:26:44 +0100] "GET /entry.php?id=10270 HTTP/1.1" 200 908 "http://coffeenostra.castlegem.co.uk/layout.php" "Mozilla/5.0 (X11; Linux x86_64) AppleWebKit/537.36 (KHTML, like Gecko) HeadlessChrome/108.0.5359.94 Safari/537.36"
111.7.96.165 - - [31/Oct/2023:19:26:44 +0100] "GET /entry.php?id=11412 HTTP/1.1" 200 1759 "http://coffeenostra.castlegem.co.uk/layout.php" "Mozilla/5.0 (X11; Linux x86_64) AppleWebKit/537.36 (KHTML, like Gecko) HeadlessChrome/108.0.5359.94 Safari/537.36"
111.7.96.165 - - [31/Oct/2023:19:26:44 +0100] "GET /entry.php?id=10272 HTTP/1.1" 200 1158 "http://coffeenostra.castlegem.co.uk/layout.php" "Mozilla/5.0 (X11; Linux x86_64) AppleWebKit/537.36 (KHTML, like Gecko) HeadlessChrome/108.0.5359.94 Safari/537.36"
111.7.96.157 - - [31/Oct/2023:19:26:44 +0100] "GET /entry.php?id=10271& HTTP/1.1" 200 934 "http://212.69.160.11/entry.php?id=10272" "Mozilla/5.0 (X11; Linux x86_64) AppleWebKit/537.36 (KHTML, like Gecko) HeadlessChrome/108.0.5359.94 Safari/537.36"
111.7.96.165 - - [31/Oct/2023:19:26:44 +0100] "GET /gui/javascript/jquery/css/gui-themes/custom.min.css HTTP/1.1" 200 5618 "http://coffeenostra.castlegem.co.uk/entry.php?id=10273" "Mozilla/5.0 (X11; Linux x86_64) AppleWebKit/537.36 (KHTML, like Gecko) HeadlessChrome/108.0.5359.94 Safari/537.36"
111.7.96.165 - - [31/Oct/2023:19:26:44 +0100] "GET /framework/webfx/style/toolbar/cb2.css HTTP/1.1" 200 793 "http://coffeenostra.castlegem.co.uk/entry.php?id=10273" "Mozilla/5.0 (X11; Linux x86_64) AppleWebKit/537.36 (KHTML, like Gecko) HeadlessChrome/108.0.5359.94 Safari/537.36"
111.7.96.165 - - [31/Oct/2023:19:26:44 +0100] "GET /gui/javascript/jquery/css/gui-themes/ui.spinner.css HTTP/1.1" 200 350 "http://coffeenostra.castlegem.co.uk/entry.php?id=10273" "Mozilla/5.0 (X11; Linux x86_64) AppleWebKit/537.36 (KHTML, like Gecko) HeadlessChrome/108.0.5359.94 Safari/537.36"
111.7.96.165 - - [31/Oct/2023:19:26:44 +0100] "GET /gui/javascript/jquery/css/gui-themes/jquery.tooltip.css HTTP/1.1" 200 246 "http://coffeenostra.castlegem.co.uk/entry.php?id=10273" "Mozilla/5.0 (X11; Linux x86_64) AppleWebKit/537.36 (KHTML, like Gecko) HeadlessChrome/108.0.5359.94 Safari/537.36"
111.7.96.157 - - [31/Oct/2023:19:26:44 +0100] "GET /gui/javascript/form_form.js?1698776804 HTTP/1.1" 200 16206 "http://212.69.160.11/entry.php?id=10287" "Mozilla/5.0 (X11; Linux x86_64) AppleWebKit/537.36 (KHTML, like Gecko) HeadlessChrome/108.0.5359.94 Safari/537.36"
111.7.96.165 - - [31/Oct/2023:19:26:45 +0100] "GET /gui/javascript/form_form.js?1698776804 HTTP/1.1" 200 16206 "http://coffeenostra.castlegem.co.uk/entry.php?id=10273" "Mozilla/5.0 (X11; Linux x86_64) AppleWebKit/537.36 (KHTML, like Gecko) HeadlessChrome/108.0.5359.94 Safari/537.36"
111.7.96.165 - - [31/Oct/2023:19:26:45 +0100] "GET /gui/javascript/jquery/js/jquery-1.8.2.js HTTP/1.1" 200 35391 "http://coffeenostra.castlegem.co.uk/entry.php?id=10273" "Mozilla/5.0 (X11; Linux x86_64) AppleWebKit/537.36 (KHTML, like Gecko) HeadlessChrome/108.0.5359.94 Safari/537.36"
111.7.96.165 - - [31/Oct/2023:19:26:45 +0100] "GET /gui/javascript/jquery/jquery-tooltip/jquery.tooltip.min.js HTTP/1.1" 200 1982 "http://coffeenostra.castlegem.co.uk/entry.php?id=10273" "Mozilla/5.0 (X11; Linux x86_64) AppleWebKit/537.36 (KHTML, like Gecko) HeadlessChrome/108.0.5359.94 Safari/537.36"
111.7.96.157 - - [31/Oct/2023:19:26:46 +0100] "GET /entry.php?id=10273& HTTP/1.1" 200 1902 "http://212.69.160.11/entry.php?id=10287" "Mozilla/5.0 (X11; Linux x86_64) AppleWebKit/537.36 (KHTML, like Gecko) HeadlessChrome/108.0.5359.94 Safari/537.36"
111.7.96.180 - - [31/Oct/2023:19:26:42 +0100] "GET /gui/javascript/jquery/js/jquery-ui-1.9.0.custom.min.js HTTP/1.1" 200 51286 "http://mail.creativecube.at/entry.php?id=10273" "Mozilla/5.0 (X11; Linux x86_64) AppleWebKit/537.36 (KHTML, like Gecko) HeadlessChrome/108.0.5359.94 Safari/537.36"
111.7.96.165 - - [31/Oct/2023:19:26:45 +0100] "GET /gui/javascript/jquery/js/jquery-ui-1.9.0.custom.min.js HTTP/1.1" 200 51286 "http://coffeenostra.castlegem.co.uk/entry.php?id=10273" "Mozilla/5.0 (X11; Linux x86_64) AppleWebKit/537.36 (KHTML, like Gecko) HeadlessChrome/108.0.5359.94 Safari/537.36"
111.7.96.165 - - [31/Oct/2023:19:26:46 +0100] "GET /gui/styles/tmplDefault.css HTTP/1.1" 200 2135 "http://coffeenostra.castlegem.co.uk/entry.php?id=11412" "Mozilla/5.0 (X11; Linux x86_64) AppleWebKit/537.36 (KHTML, like Gecko) HeadlessChrome/108.0.5359.94 Safari/537.36"
111.7.96.165 - - [31/Oct/2023:19:26:46 +0100] "GET /framework/webfx/javascript/toolbar/ieemu.js HTTP/1.1" 200 2366 "http://coffeenostra.castlegem.co.uk/entry.php?id=10273" "Mozilla/5.0 (X11; Linux x86_64) AppleWebKit/537.36 (KHTML, like Gecko) HeadlessChrome/108.0.5359.94 Safari/537.36"
111.7.96.165 - - [31/Oct/2023:19:26:46 +0100] "GET /framework/webfx/javascript/toolbar/cb2.js HTTP/1.1" 200 1686 "http://coffeenostra.castlegem.co.uk/entry.php?id=10273" "Mozilla/5.0 (X11; Linux x86_64) AppleWebKit/537.36 (KHTML, like Gecko) HeadlessChrome/108.0.5359.94 Safari/537.36"
111.7.96.165 - - [31/Oct/2023:19:26:46 +0100] "GET /activities.ico HTTP/1.1" 200 1406 "-" "Mozilla/5.0 (Macintosh; Intel Mac OS X 10_15_7) AppleWebKit/537.36 (KHTML, like Gecko) Chrome/96.0.4664.110 Safari/537.36"
111.7.96.157 - - [31/Oct/2023:19:26:46 +0100] "GET /entry.php?id=10270& HTTP/1.1" 200 908 "http://212.69.160.11/entry.php?id=10287" "Mozilla/5.0 (X11; Linux x86_64) AppleWebKit/537.36 (KHTML, like Gecko) HeadlessChrome/108.0.5359.94 Safari/537.36"
111.7.96.180 - - [31/Oct/2023:19:26:47 +0100] "GET /entry.php?id=10271& HTTP/1.1" 200 934 "http://mail.creativecube.at/entry.php?id=10272" "Mozilla/5.0 (X11; Linux x86_64) AppleWebKit/537.36 (KHTML, like Gecko) HeadlessChrome/108.0.5359.94 Safari/537.36"
111.7.96.165 - - [31/Oct/2023:19:26:47 +0100] "GET /framework/webfx/javascript/statusbar/statusBar.js HTTP/1.1" 200 649 "http://coffeenostra.castlegem.co.uk/entry.php?id=10272" "Mozilla/5.0 (X11; Linux x86_64) AppleWebKit/537.36 (KHTML, like Gecko) HeadlessChrome/108.0.5359.94 Safari/537.36"
111.7.96.157 - - [31/Oct/2023:19:26:47 +0100] "GET /gui/javascript/form_form.js?1698776806 HTTP/1.1" 200 16206 "http://212.69.160.11/entry.php?id=10273&" "Mozilla/5.0 (X11; Linux x86_64) AppleWebKit/537.36 (KHTML, like Gecko) HeadlessChrome/108.0.5359.94 Safari/537.36"
111.7.96.165 - - [31/Oct/2023:19:26:49 +0100] "GET /entry.php?id=10287 HTTP/1.1" 200 2385 "http://coffeenostra.castlegem.co.uk/entry.php?id=11412" "Mozilla/5.0 (X11; Linux x86_64) AppleWebKit/537.36 (KHTML, like Gecko) HeadlessChrome/108.0.5359.94 Safari/537.36"
111.7.96.165 - - [31/Oct/2023:19:26:49 +0100] "GET /entry.php?id=10271& HTTP/1.1" 200 934 "http://coffeenostra.castlegem.co.uk/entry.php?id=10272" "Mozilla/5.0 (X11; Linux x86_64) AppleWebKit/537.36 (KHTML, like Gecko) HeadlessChrome/108.0.5359.94 Safari/537.36"
111.7.96.180 - - [31/Oct/2023:19:26:49 +0100] "GET /gui/javascript/form_form.js?1698776807 HTTP/1.1" 200 16206 "http://mail.creativecube.at/entry.php?id=10271&" "Mozilla/5.0 (X11; Linux x86_64) AppleWebKit/537.36 (KHTML, like Gecko) HeadlessChrome/108.0.5359.94 Safari/537.36"
111.7.96.165 - - [31/Oct/2023:19:26:49 +0100] "GET /gui/javascript/form_form.js?1698776809 HTTP/1.1" 200 16206 "http://coffeenostra.castlegem.co.uk/entry.php?id=10287" "Mozilla/5.0 (X11; Linux x86_64) AppleWebKit/537.36 (KHTML, like Gecko) HeadlessChrome/108.0.5359.94 Safari/537.36"
111.7.96.165 - - [31/Oct/2023:19:26:50 +0100] "GET /entry.php?id=10273& HTTP/1.1" 200 1900 "http://coffeenostra.castlegem.co.uk/entry.php?id=10287" "Mozilla/5.0 (X11; Linux x86_64) AppleWebKit/537.36 (KHTML, like Gecko) HeadlessChrome/108.0.5359.94 Safari/537.36"
111.7.96.165 - - [31/Oct/2023:19:26:50 +0100] "GET /entry.php?id=10270& HTTP/1.1" 200 907 "http://coffeenostra.castlegem.co.uk/entry.php?id=10287" "Mozilla/5.0 (X11; Linux x86_64) AppleWebKit/537.36 (KHTML, like Gecko) HeadlessChrome/108.0.5359.94 Safari/537.36"
111.7.96.165 - - [31/Oct/2023:19:26:51 +0100] "GET /gui/javascript/form_form.js?1698776810 HTTP/1.1" 200 16206 "http://coffeenostra.castlegem.co.uk/entry.php?id=10270&" "Mozilla/5.0 (X11; Linux x86_64) AppleWebKit/537.36 (KHTML, like Gecko) HeadlessChrome/108.0.5359.94 Safari/537.36"
36.99.136.128 - - [31/Oct/2023:19:26:54 +0100] "GET /activities.ico HTTP/1.1" 200 1406 "-" "Mozilla/5.0 (Macintosh; Intel Mac OS X 10_15_7) AppleWebKit/537.36 (KHTML, like Gecko) Chrome/96.0.4664.110 Safari/537.36"
36.99.136.129 - - [31/Oct/2023:19:26:57 +0100] "GET /activities.ico HTTP/1.1" 200 1406 "-" "Mozilla/5.0 (Macintosh; Intel Mac OS X 10_15_7) AppleWebKit/537.36 (KHTML, like Gecko) Chrome/96.0.4664.110 Safari/537.36"
36.99.136.136 - - [31/Oct/2023:19:27:00 +0100] "GET /gui/javascript/jquery/jquery-tooltip/jquery.tooltip.min.js HTTP/1.1" 200 1982 "http://zafi.castlegem.co.uk/entry.php?id=11412" "Mozilla/5.0 (X11; Linux x86_64) AppleWebKit/537.36 (KHTML, like Gecko) HeadlessChrome/111.0.5553.0 Safari/537.36"
36.99.136.137 - - [31/Oct/2023:19:27:01 +0100] "GET /gui/javascript/jquery/jquery-tooltip/jquery.tooltip.min.js HTTP/1.1" 200 1982 "http://zafi.castlegem.co.uk/entry.php?id=10273" "Mozilla/5.0 (X11; Linux x86_64) AppleWebKit/537.36 (KHTML, like Gecko) HeadlessChrome/111.0.5553.0 Safari/537.36"
36.99.136.137 - - [31/Oct/2023:19:27:01 +0100] "GET /entry.php?id=10287 HTTP/1.1" 200 2384 "http://zafi.castlegem.co.uk/entry.php?id=11412" "Mozilla/5.0 (X11; Linux x86_64) AppleWebKit/537.36 (KHTML, like Gecko) HeadlessChrome/111.0.5553.0 Safari/537.36"
36.99.136.136 - - [31/Oct/2023:19:27:01 +0100] "GET /gui/javascript/jquery/jquery-tooltip/jquery.tooltip.min.js HTTP/1.1" 200 1982 "http://zafi.castlegem.co.uk/entry.php?id=10272" "Mozilla/5.0 (X11; Linux x86_64) AppleWebKit/537.36 (KHTML, like Gecko) HeadlessChrome/111.0.5553.0 Safari/537.36"
36.99.136.136 - - [31/Oct/2023:19:27:01 +0100] "GET /gui/javascript/form_form.js?1698776821 HTTP/1.1" 200 16206 "http://zafi.castlegem.co.uk/entry.php?id=10287" "Mozilla/5.0 (X11; Linux x86_64) AppleWebKit/537.36 (KHTML, like Gecko) HeadlessChrome/111.0.5553.0 Safari/537.36"
36.99.136.137 - - [31/Oct/2023:19:27:02 +0100] "-" 408 - "-" "-"
36.99.136.136 - - [31/Oct/2023:19:27:02 +0100] "GET / HTTP/1.1" 200 274 "-" "Mozilla/5.0 (Macintosh; Intel Mac OS X 11_0_0) AppleWebKit/537.36 (KHTML, like Gecko) Chrome/87.0.4280.88 Safari/537.36"
36.99.136.136 - - [31/Oct/2023:19:27:02 +0100] "GET /entry.php?id=10271& HTTP/1.1" 200 933 "http://zafi.castlegem.co.uk/entry.php?id=10272" "Mozilla/5.0 (X11; Linux x86_64) AppleWebKit/537.36 (KHTML, like Gecko) HeadlessChrome/111.0.5553.0 Safari/537.36"
36.99.136.137 - - [31/Oct/2023:19:27:03 +0100] "GET /entry.php?id=10273& HTTP/1.1" 200 1902 "http://zafi.castlegem.co.uk/entry.php?id=10287" "Mozilla/5.0 (X11; Linux x86_64) AppleWebKit/537.36 (KHTML, like Gecko) HeadlessChrome/111.0.5553.0 Safari/537.36"
36.99.136.137 - - [31/Oct/2023:19:27:03 +0100] "GET /gui/javascript/form_form.js?1698776823 HTTP/1.1" 200 16206 "http://zafi.castlegem.co.uk/entry.php?id=10273&" "Mozilla/5.0 (X11; Linux x86_64) AppleWebKit/537.36 (KHTML, like Gecko) HeadlessChrome/111.0.5553.0 Safari/537.36"
111.7.96.180 - - [31/Oct/2023:19:27:05 +0100] "GET /entry.php?id=10287 HTTP/1.1" 200 2385 "http://mail.creativecube.at/entry.php?id=11412" "Mozilla/5.0 (X11; Linux x86_64) AppleWebKit/537.36 (KHTML, like Gecko) HeadlessChrome/108.0.5359.94 Safari/537.36"
36.99.136.136 - - [31/Oct/2023:19:27:02 +0100] "GET /gui/javascript/form_form.js?1698776822 HTTP/1.1" 200 16206 "http://zafi.castlegem.co.uk/entry.php?id=10271&" "Mozilla/5.0 (X11; Linux x86_64) AppleWebKit/537.36 (KHTML, like Gecko) HeadlessChrome/111.0.5553.0 Safari/537.36"
111.7.96.180 - - [31/Oct/2023:19:27:05 +0100] "GET /gui/javascript/form_form.js?1698776825 HTTP/1.1" 200 16206 "http://mail.creativecube.at/entry.php?id=10287" "Mozilla/5.0 (X11; Linux x86_64) AppleWebKit/537.36 (KHTML, like Gecko) HeadlessChrome/108.0.5359.94 Safari/537.36"
36.99.136.136 - - [31/Oct/2023:19:27:06 +0100] "GET /entry.php?id=10270& HTTP/1.1" 200 908 "http://zafi.castlegem.co.uk/entry.php?id=10287" "Mozilla/5.0 (X11; Linux x86_64) AppleWebKit/537.36 (KHTML, like Gecko) HeadlessChrome/111.0.5553.0 Safari/537.36"
111.7.96.157 - - [31/Oct/2023:19:27:07 +0100] "-" 408 - "-" "-"
111.7.96.180 - - [31/Oct/2023:19:27:07 +0100] "GET /entry.php?id=10273& HTTP/1.1" 200 1902 "http://mail.creativecube.at/entry.php?id=10287" "Mozilla/5.0 (X11; Linux x86_64) AppleWebKit/537.36 (KHTML, like Gecko) HeadlessChrome/108.0.5359.94 Safari/537.36"
36.99.136.137 - - [31/Oct/2023:19:27:07 +0100] "GET /gui/javascript/form_form.js?1698776826 HTTP/1.1" 200 16206 "http://zafi.castlegem.co.uk/entry.php?id=10270&" "Mozilla/5.0 (X11; Linux x86_64) AppleWebKit/537.36 (KHTML, like Gecko) HeadlessChrome/111.0.5553.0 Safari/537.36"
111.7.96.180 - - [31/Oct/2023:19:27:07 +0100] "GET /entry.php?id=10270& HTTP/1.1" 200 908 "http://mail.creativecube.at/entry.php?id=10287" "Mozilla/5.0 (X11; Linux x86_64) AppleWebKit/537.36 (KHTML, like Gecko) HeadlessChrome/108.0.5359.94 Safari/537.36"
36.99.136.128 - - [31/Oct/2023:19:27:07 +0100] "GET /activities.ico HTTP/1.1" 200 1406 "-" "Mozilla/5.0 (Macintosh; Intel Mac OS X 10_15_7) AppleWebKit/537.36 (KHTML, like Gecko) Chrome/96.0.4664.110 Safari/537.36"
111.7.96.180 - - [31/Oct/2023:19:27:08 +0100] "GET /gui/javascript/form_form.js?1698776827 HTTP/1.1" 200 16206 "http://mail.creativecube.at/entry.php?id=10273&" "Mozilla/5.0 (X11; Linux x86_64) AppleWebKit/537.36 (KHTML, like Gecko) HeadlessChrome/108.0.5359.94 Safari/537.36"
36.99.136.137 - - [31/Oct/2023:19:27:28 +0100] "-" 408 - "-" "-"
111.7.96.180 - - [31/Oct/2023:19:27:29 +0100] "-" 408 - "-" "-"
84.54.50.80 - - [31/Oct/2023:19:30:52 +0100] "POST /boaform/admin/formLogin HTTP/1.1" 404 293 "http://212.69.160.11:80/admin/login.asp" "Mozilla/5.0 (X11; Ubuntu; Linux x86_64; rv:71.0) Gecko/20100101 Firefox/71.0"
45.120.51.81 - - [31/Oct/2023:19:51:55 +0100] "GET /index.php HTTP/1.1" 200 274 "http://triadian.castlegem.co.uk/" "Mozilla/5.0 (Linux x86_64; rv:114.0) Gecko/20100101 Firefox/114.0"
156.59.198.136 - - [31/Oct/2023:19:53:21 +0100] "GET /ed-test.activities.at/stats/lang/tooltips_m/awstats-tt-br.txt HTTP/1.0" 404 315 "http://212.69.160.11:443/ed-test.activities.at/stats/lang/tooltips_m/awstats-tt-br.txt" "Mozilla/5.0 (Linux; Android 5.0) AppleWebKit/537.36 (KHTML, like Gecko) Mobile Safari/537.36 (compatible; Bytespider; spider-feedback@bytedance.com)"
198.199.92.60 - - [31/Oct/2023:20:37:49 +0100] "GET /manager/text/list HTTP/1.1" 404 289 "-" "Mozilla/5.0 zgrab/0.x"
156.59.198.135 - - [31/Oct/2023:20:39:09 +0100] "GET /renault.activities.at/htdocs/log/cron/autologout_3115562.txt HTTP/1.0" 404 318 "http://212.69.160.11:443/renault.activities.at/htdocs/log/cron/?C=S%3BO=A" "Mozilla/5.0 (Linux; Android 5.0) AppleWebKit/537.36 (KHTML, like Gecko) Mobile Safari/537.36 (compatible; Bytespider; spider-feedback@bytedance.com)"
156.59.198.135 - - [31/Oct/2023:20:39:30 +0100] "GET /renault.activities.at/htdocs/log/cron/autologout_3116014.txt HTTP/1.0" 404 318 "http://212.69.160.11:443/renault.activities.at/htdocs/log/cron/?C=S%3BO=A" "Mozilla/5.0 (Linux; Android 5.0) AppleWebKit/537.36 (KHTML, like Gecko) Mobile Safari/537.36 (compatible; Bytespider; spider-feedback@bytedance.com)"
156.59.198.136 - - [31/Oct/2023:20:39:52 +0100] "GET /renault.activities.at/htdocs/log/cron/autologout_3115040.txt HTTP/1.0" 404 318 "http://212.69.160.11:443/renault.activities.at/htdocs/log/cron/?C=S%3BO=A" "Mozilla/5.0 (Linux; Android 5.0) AppleWebKit/537.36 (KHTML, like Gecko) Mobile Safari/537.36 (compatible; Bytespider; spider-feedback@bytedance.com)"
156.59.198.136 - - [31/Oct/2023:20:40:12 +0100] "GET /renault.activities.at/htdocs/log/cron/autologout_3116132.txt HTTP/1.0" 404 318 "http://212.69.160.11:443/renault.activities.at/htdocs/log/cron/?C=S%3BO=A" "Mozilla/5.0 (Linux; Android 5.0) AppleWebKit/537.36 (KHTML, like Gecko) Mobile Safari/537.36 (compatible; Bytespider; spider-feedback@bytedance.com)"
156.59.198.136 - - [31/Oct/2023:20:40:35 +0100] "GET /renault.activities.at/htdocs/log/cron/autologout_3115666.txt HTTP/1.0" 404 318 "http://212.69.160.11:443/renault.activities.at/htdocs/log/cron/?C=S%3BO=A" "Mozilla/5.0 (Linux; Android 5.0) AppleWebKit/537.36 (KHTML, like Gecko) Mobile Safari/537.36 (compatible; Bytespider; spider-feedback@bytedance.com)"
156.59.198.135 - - [31/Oct/2023:20:40:58 +0100] "GET /renault.activities.at/htdocs/log/cron/reminder_mailing_3115150.txt HTTP/1.0" 404 323 "http://212.69.160.11:443/renault.activities.at/htdocs/log/cron/?C=S%3BO=A" "Mozilla/5.0 (Linux; Android 5.0) AppleWebKit/537.36 (KHTML, like Gecko) Mobile Safari/537.36 (compatible; Bytespider; spider-feedback@bytedance.com)"
156.59.198.135 - - [31/Oct/2023:20:41:17 +0100] "GET /renault.activities.at/htdocs/log/cron/reminder_mailing_3116308.txt HTTP/1.0" 404 323 "http://212.69.160.11:443/renault.activities.at/htdocs/log/cron/?C=S%3BO=A" "Mozilla/5.0 (Linux; Android 5.0) AppleWebKit/537.36 (KHTML, like Gecko) Mobile Safari/537.36 (compatible; Bytespider; spider-feedback@bytedance.com)"
156.59.198.135 - - [31/Oct/2023:20:41:39 +0100] "GET /renault.activities.at/htdocs/log/cron/system_mail_3115683.txt HTTP/1.0" 404 321 "http://212.69.160.11:443/renault.activities.at/htdocs/log/cron/?C=S%3BO=A" "Mozilla/5.0 (Linux; Android 5.0) AppleWebKit/537.36 (KHTML, like Gecko) Mobile Safari/537.36 (compatible; Bytespider; spider-feedback@bytedance.com)"
156.59.198.135 - - [31/Oct/2023:20:42:00 +0100] "GET /renault.activities.at/htdocs/log/cron/reminder_mailing_3115729.txt HTTP/1.0" 404 323 "http://212.69.160.11:443/renault.activities.at/htdocs/log/cron/?C=S%3BO=A" "Mozilla/5.0 (Linux; Android 5.0) AppleWebKit/537.36 (KHTML, like Gecko) Mobile Safari/537.36 (compatible; Bytespider; spider-feedback@bytedance.com)"
156.59.198.135 - - [31/Oct/2023:20:42:22 +0100] "GET /renault.activities.at/htdocs/log/cron/exportXML_3115896.txt HTTP/1.0" 404 320 "http://212.69.160.11:443/renault.activities.at/htdocs/log/cron/?C=S%3BO=A" "Mozilla/5.0 (Linux; Android 5.0) AppleWebKit/537.36 (KHTML, like Gecko) Mobile Safari/537.36 (compatible; Bytespider; spider-feedback@bytedance.com)"
156.59.198.135 - - [31/Oct/2023:20:42:42 +0100] "GET /renault.activities.at/htdocs/log/cron/system_mail_3116356.txt HTTP/1.0" 404 321 "http://212.69.160.11:443/renault.activities.at/htdocs/log/cron/?C=S%3BO=A" "Mozilla/5.0 (Linux; Android 5.0) AppleWebKit/537.36 (KHTML, like Gecko) Mobile Safari/537.36 (compatible; Bytespider; spider-feedback@bytedance.com)"
156.59.198.136 - - [31/Oct/2023:20:43:06 +0100] "GET /renault.activities.at/htdocs/log/cron/system_mail_3114824.txt HTTP/1.0" 404 320 "http://212.69.160.11:443/renault.activities.at/htdocs/log/cron/?C=S%3BO=A" "Mozilla/5.0 (Linux; Android 5.0) AppleWebKit/537.36 (KHTML, like Gecko) Mobile Safari/537.36 (compatible; Bytespider; spider-feedback@bytedance.com)"
156.59.198.136 - - [31/Oct/2023:20:43:24 +0100] "GET /renault.activities.at/htdocs/log/cron/system_mail_3116503.txt HTTP/1.0" 404 321 "http://212.69.160.11:443/renault.activities.at/htdocs/log/cron/?C=S%3BO=A" "Mozilla/5.0 (Linux; Android 5.0) AppleWebKit/537.36 (KHTML, like Gecko) Mobile Safari/537.36 (compatible; Bytespider; spider-feedback@bytedance.com)"
156.59.198.135 - - [31/Oct/2023:20:43:46 +0100] "GET /renault.activities.at/htdocs/log/cron/system_mail_3115462.txt HTTP/1.0" 404 320 "http://212.69.160.11:443/renault.activities.at/htdocs/log/cron/?C=S%3BO=A" "Mozilla/5.0 (Linux; Android 5.0) AppleWebKit/537.36 (KHTML, like Gecko) Mobile Safari/537.36 (compatible; Bytespider; spider-feedback@bytedance.com)"
156.59.198.135 - - [31/Oct/2023:20:44:07 +0100] "GET /renault.activities.at/htdocs/log/cron/pickupLogisticData_3116289.txt HTTP/1.0" 404 325 "http://212.69.160.11:443/renault.activities.at/htdocs/log/cron/?C=S%3BO=A" "Mozilla/5.0 (Linux; Android 5.0) AppleWebKit/537.36 (KHTML, like Gecko) Mobile Safari/537.36 (compatible; Bytespider; spider-feedback@bytedance.com)"
156.59.198.135 - - [31/Oct/2023:20:44:28 +0100] "GET /renault.activities.at/htdocs/log/cron/system_mail_3116307.txt HTTP/1.0" 404 321 "http://212.69.160.11:443/renault.activities.at/htdocs/log/cron/?C=S%3BO=A" "Mozilla/5.0 (Linux; Android 5.0) AppleWebKit/537.36 (KHTML, like Gecko) Mobile Safari/537.36 (compatible; Bytespider; spider-feedback@bytedance.com)"
156.59.198.136 - - [31/Oct/2023:20:44:50 +0100] "GET /renault.activities.at/htdocs/log/cron/shipp_Export_Data_5436902.txt HTTP/1.0" 404 325 "http://212.69.160.11:443/renault.activities.at/htdocs/log/cron/?C=S%3BO=A" "Mozilla/5.0 (Linux; Android 5.0) AppleWebKit/537.36 (KHTML, like Gecko) Mobile Safari/537.36 (compatible; Bytespider; spider-feedback@bytedance.com)"
156.59.198.136 - - [31/Oct/2023:20:45:12 +0100] "GET /renault.activities.at/htdocs/log/cron/reminder_mailing_3116390.txt HTTP/1.0" 404 323 "http://212.69.160.11:443/renault.activities.at/htdocs/log/cron/?C=S%3BO=A" "Mozilla/5.0 (Linux; Android 5.0) AppleWebKit/537.36 (KHTML, like Gecko) Mobile Safari/537.36 (compatible; Bytespider; spider-feedback@bytedance.com)"
156.59.198.135 - - [31/Oct/2023:20:45:32 +0100] "GET /renault.activities.at/htdocs/log/cron/reminder_mailing_3115472.txt HTTP/1.0" 404 323 "http://212.69.160.11:443/renault.activities.at/htdocs/log/cron/?C=S%3BO=A" "Mozilla/5.0 (Linux; Android 5.0) AppleWebKit/537.36 (KHTML, like Gecko) Mobile Safari/537.36 (compatible; Bytespider; spider-feedback@bytedance.com)"
156.59.198.135 - - [31/Oct/2023:20:45:53 +0100] "GET /renault.activities.at/htdocs/log/cron/system_mail_3116529.txt HTTP/1.0" 404 320 "http://212.69.160.11:443/renault.activities.at/htdocs/log/cron/?C=S%3BO=A" "Mozilla/5.0 (Linux; Android 5.0) AppleWebKit/537.36 (KHTML, like Gecko) Mobile Safari/537.36 (compatible; Bytespider; spider-feedback@bytedance.com)"
156.59.198.135 - - [31/Oct/2023:20:46:15 +0100] "GET /renault.activities.at/htdocs/log/cron/pickupLogisticData_3116533.txt HTTP/1.0" 404 326 "http://212.69.160.11:443/renault.activities.at/htdocs/log/cron/?C=S%3BO=A" "Mozilla/5.0 (Linux; Android 5.0) AppleWebKit/537.36 (KHTML, like Gecko) Mobile Safari/537.36 (compatible; Bytespider; spider-feedback@bytedance.com)"
156.59.198.136 - - [31/Oct/2023:20:46:35 +0100] "GET /renault.activities.at/htdocs/log/cron/reminder_mailing_3115794.txt HTTP/1.0" 404 323 "http://212.69.160.11:443/renault.activities.at/htdocs/log/cron/?C=S%3BO=A" "Mozilla/5.0 (Linux; Android 5.0) AppleWebKit/537.36 (KHTML, like Gecko) Mobile Safari/537.36 (compatible; Bytespider; spider-feedback@bytedance.com)"
156.59.198.136 - - [31/Oct/2023:20:46:56 +0100] "GET /renault.activities.at/htdocs/log/cron/shipp_Export_Data_3115939.txt HTTP/1.0" 404 325 "http://212.69.160.11:443/renault.activities.at/htdocs/log/cron/?C=S%3BO=A" "Mozilla/5.0 (Linux; Android 5.0) AppleWebKit/537.36 (KHTML, like Gecko) Mobile Safari/537.36 (compatible; Bytespider; spider-feedback@bytedance.com)"
156.59.198.136 - - [31/Oct/2023:20:47:17 +0100] "GET /renault.activities.at/htdocs/log/cron/shipp_Export_Data_3116557.txt HTTP/1.0" 404 325 "http://212.69.160.11:443/renault.activities.at/htdocs/log/cron/?C=S%3BO=A" "Mozilla/5.0 (Linux; Android 5.0) AppleWebKit/537.36 (KHTML, like Gecko) Mobile Safari/537.36 (compatible; Bytespider; spider-feedback@bytedance.com)"
156.59.198.136 - - [31/Oct/2023:20:47:39 +0100] "GET /renault.activities.at/htdocs/log/cron/exportXML_3116104.txt HTTP/1.0" 404 319 "http://212.69.160.11:443/renault.activities.at/htdocs/log/cron/?C=S%3BO=A" "Mozilla/5.0 (Linux; Android 5.0) AppleWebKit/537.36 (KHTML, like Gecko) Mobile Safari/537.36 (compatible; Bytespider; spider-feedback@bytedance.com)"
156.59.198.135 - - [31/Oct/2023:20:47:59 +0100] "GET /renault.activities.at/htdocs/log/cron/autologout_3115796.txt HTTP/1.0" 404 318 "http://212.69.160.11:443/renault.activities.at/htdocs/log/cron/?C=S%3BO=A" "Mozilla/5.0 (Linux; Android 5.0) AppleWebKit/537.36 (KHTML, like Gecko) Mobile Safari/537.36 (compatible; Bytespider; spider-feedback@bytedance.com)"
156.59.198.135 - - [31/Oct/2023:20:48:20 +0100] "GET /renault.activities.at/htdocs/log/cron/system_mail_3115953.txt HTTP/1.0" 404 321 "http://212.69.160.11:443/renault.activities.at/htdocs/log/cron/?C=S%3BO=A" "Mozilla/5.0 (Linux; Android 5.0) AppleWebKit/537.36 (KHTML, like Gecko) Mobile Safari/537.36 (compatible; Bytespider; spider-feedback@bytedance.com)"
156.59.198.136 - - [31/Oct/2023:20:48:43 +0100] "GET /renault.activities.at/htdocs/log/cron/pickupLogisticData_3116393.txt HTTP/1.0" 404 325 "http://212.69.160.11:443/renault.activities.at/htdocs/log/cron/?C=S%3BO=A" "Mozilla/5.0 (Linux; Android 5.0) AppleWebKit/537.36 (KHTML, like Gecko) Mobile Safari/537.36 (compatible; Bytespider; spider-feedback@bytedance.com)"
156.59.198.135 - - [31/Oct/2023:20:49:03 +0100] "GET /renault.activities.at/htdocs/log/cron/system_mail_3115826.txt HTTP/1.0" 404 320 "http://212.69.160.11:443/renault.activities.at/htdocs/log/cron/?C=S%3BO=A" "Mozilla/5.0 (Linux; Android 5.0) AppleWebKit/537.36 (KHTML, like Gecko) Mobile Safari/537.36 (compatible; Bytespider; spider-feedback@bytedance.com)"
156.59.198.135 - - [31/Oct/2023:20:49:24 +0100] "GET /renault.activities.at/htdocs/log/cron/reminder_mailing_3114986.txt HTTP/1.0" 404 323 "http://212.69.160.11:443/renault.activities.at/htdocs/log/cron/?C=S%3BO=A" "Mozilla/5.0 (Linux; Android 5.0) AppleWebKit/537.36 (KHTML, like Gecko) Mobile Safari/537.36 (compatible; Bytespider; spider-feedback@bytedance.com)"
156.59.198.135 - - [31/Oct/2023:20:49:45 +0100] "GET /renault.activities.at/htdocs/log/cron/system_mail_3115972.txt HTTP/1.0" 404 320 "http://212.69.160.11:443/renault.activities.at/htdocs/log/cron/?C=S%3BO=A" "Mozilla/5.0 (Linux; Android 5.0) AppleWebKit/537.36 (KHTML, like Gecko) Mobile Safari/537.36 (compatible; Bytespider; spider-feedback@bytedance.com)"
156.59.198.135 - - [31/Oct/2023:20:50:07 +0100] "GET /renault.activities.at/htdocs/log/cron/shipp_Export_Data_3116235.txt HTTP/1.0" 404 325 "http://212.69.160.11:443/renault.activities.at/htdocs/log/cron/?C=S%3BO=A" "Mozilla/5.0 (Linux; Android 5.0) AppleWebKit/537.36 (KHTML, like Gecko) Mobile Safari/537.36 (compatible; Bytespider; spider-feedback@bytedance.com)"
156.59.198.136 - - [31/Oct/2023:20:50:28 +0100] "GET /renault.activities.at/htdocs/log/cron/autologout_3116476.txt HTTP/1.0" 404 319 "http://212.69.160.11:443/renault.activities.at/htdocs/log/cron/?C=S%3BO=A" "Mozilla/5.0 (Linux; Android 5.0) AppleWebKit/537.36 (KHTML, like Gecko) Mobile Safari/537.36 (compatible; Bytespider; spider-feedback@bytedance.com)"
156.59.198.136 - - [31/Oct/2023:20:50:49 +0100] "GET /renault.activities.at/htdocs/log/cron/system_mail_3115141.txt HTTP/1.0" 404 320 "http://212.69.160.11:443/renault.activities.at/htdocs/log/cron/?C=S%3BO=A" "Mozilla/5.0 (Linux; Android 5.0) AppleWebKit/537.36 (KHTML, like Gecko) Mobile Safari/537.36 (compatible; Bytespider; spider-feedback@bytedance.com)"
156.59.198.136 - - [31/Oct/2023:20:51:10 +0100] "GET /renault.activities.at/htdocs/log/cron/system_mail_3114891.txt HTTP/1.0" 404 320 "http://212.69.160.11:443/renault.activities.at/htdocs/log/cron/?C=S%3BO=A" "Mozilla/5.0 (Linux; Android 5.0) AppleWebKit/537.36 (KHTML, like Gecko) Mobile Safari/537.36 (compatible; Bytespider; spider-feedback@bytedance.com)"
156.59.198.136 - - [31/Oct/2023:20:51:32 +0100] "GET /renault.activities.at/htdocs/log/cron/pickupLogisticData_3115684.txt HTTP/1.0" 404 325 "http://212.69.160.11:443/renault.activities.at/htdocs/log/cron/?C=S%3BO=A" "Mozilla/5.0 (Linux; Android 5.0) AppleWebKit/537.36 (KHTML, like Gecko) Mobile Safari/537.36 (compatible; Bytespider; spider-feedback@bytedance.com)"
156.59.198.135 - - [31/Oct/2023:20:51:54 +0100] "GET /renault.activities.at/htdocs/log/cron/importLogisticData_3115456.txt HTTP/1.0" 404 325 "http://212.69.160.11:443/renault.activities.at/htdocs/log/cron/?C=S%3BO=A" "Mozilla/5.0 (Linux; Android 5.0) AppleWebKit/537.36 (KHTML, like Gecko) Mobile Safari/537.36 (compatible; Bytespider; spider-feedback@bytedance.com)"
156.59.198.136 - - [31/Oct/2023:20:52:15 +0100] "GET /renault.activities.at/htdocs/log/cron/system_mail_3115761.txt HTTP/1.0" 404 321 "http://212.69.160.11:443/renault.activities.at/htdocs/log/cron/?C=S%3BO=A" "Mozilla/5.0 (Linux; Android 5.0) AppleWebKit/537.36 (KHTML, like Gecko) Mobile Safari/537.36 (compatible; Bytespider; spider-feedback@bytedance.com)"
156.59.198.136 - - [31/Oct/2023:20:52:36 +0100] "GET /renault.activities.at/htdocs/log/cron/system_mail_3115234.txt HTTP/1.0" 404 321 "http://212.69.160.11:443/renault.activities.at/htdocs/log/cron/?C=S%3BO=A" "Mozilla/5.0 (Linux; Android 5.0) AppleWebKit/537.36 (KHTML, like Gecko) Mobile Safari/537.36 (compatible; Bytespider; spider-feedback@bytedance.com)"
156.59.198.135 - - [31/Oct/2023:20:52:57 +0100] "GET /renault.activities.at/htdocs/log/cron/reminder_mailing_3114895.txt HTTP/1.0" 404 323 "http://212.69.160.11:443/renault.activities.at/htdocs/log/cron/?C=S%3BO=A" "Mozilla/5.0 (Linux; Android 5.0) AppleWebKit/537.36 (KHTML, like Gecko) Mobile Safari/537.36 (compatible; Bytespider; spider-feedback@bytedance.com)"
156.59.198.136 - - [31/Oct/2023:20:53:18 +0100] "GET /renault.activities.at/htdocs/log/cron/system_mail_3115807.txt HTTP/1.0" 404 321 "http://212.69.160.11:443/renault.activities.at/htdocs/log/cron/?C=S%3BO=A" "Mozilla/5.0 (Linux; Android 5.0) AppleWebKit/537.36 (KHTML, like Gecko) Mobile Safari/537.36 (compatible; Bytespider; spider-feedback@bytedance.com)"
156.59.198.136 - - [31/Oct/2023:20:53:41 +0100] "GET /renault.activities.at/htdocs/log/cron/reminder_mailing_3116247.txt HTTP/1.0" 404 323 "http://212.69.160.11:443/renault.activities.at/htdocs/log/cron/?C=S%3BO=A" "Mozilla/5.0 (Linux; Android 5.0) AppleWebKit/537.36 (KHTML, like Gecko) Mobile Safari/537.36 (compatible; Bytespider; spider-feedback@bytedance.com)"
156.59.198.136 - - [31/Oct/2023:20:54:02 +0100] "GET /renault.activities.at/htdocs/log/cron/autologout_3115331.txt HTTP/1.0" 404 318 "http://212.69.160.11:443/renault.activities.at/htdocs/log/cron/?C=S%3BO=A" "Mozilla/5.0 (Linux; Android 5.0) AppleWebKit/537.36 (KHTML, like Gecko) Mobile Safari/537.36 (compatible; Bytespider; spider-feedback@bytedance.com)"
156.59.198.136 - - [31/Oct/2023:20:54:23 +0100] "GET /renault.activities.at/htdocs/log/cron/system_mail_3115563.txt HTTP/1.0" 404 321 "http://212.69.160.11:443/renault.activities.at/htdocs/log/cron/?C=S%3BO=A" "Mozilla/5.0 (Linux; Android 5.0) AppleWebKit/537.36 (KHTML, like Gecko) Mobile Safari/537.36 (compatible; Bytespider; spider-feedback@bytedance.com)"
156.59.198.136 - - [31/Oct/2023:20:54:44 +0100] "GET /renault.activities.at/htdocs/log/cron/reminder_mailing_3114994.txt HTTP/1.0" 404 323 "http://212.69.160.11:443/renault.activities.at/htdocs/log/cron/?C=S%3BO=A" "Mozilla/5.0 (Linux; Android 5.0) AppleWebKit/537.36 (KHTML, like Gecko) Mobile Safari/537.36 (compatible; Bytespider; spider-feedback@bytedance.com)"
156.59.198.136 - - [31/Oct/2023:20:55:06 +0100] "GET /renault.activities.at/htdocs/log/cron/check_inventory_days_3115825.txt HTTP/1.0" 404 326 "http://212.69.160.11:443/renault.activities.at/htdocs/log/cron/?C=S%3BO=A" "Mozilla/5.0 (Linux; Android 5.0) AppleWebKit/537.36 (KHTML, like Gecko) Mobile Safari/537.36 (compatible; Bytespider; spider-feedback@bytedance.com)"
156.59.198.136 - - [31/Oct/2023:20:55:26 +0100] "GET /renault.activities.at/htdocs/log/cron/pickupLogisticData_3115245.txt HTTP/1.0" 404 325 "http://212.69.160.11:443/renault.activities.at/htdocs/log/cron/?C=S%3BO=A" "Mozilla/5.0 (Linux; Android 5.0) AppleWebKit/537.36 (KHTML, like Gecko) Mobile Safari/537.36 (compatible; Bytespider; spider-feedback@bytedance.com)"
156.59.198.136 - - [31/Oct/2023:20:55:47 +0100] "GET /renault.activities.at/htdocs/log/cron/reminder_mailing_3116299.txt HTTP/1.0" 404 323 "http://212.69.160.11:443/renault.activities.at/htdocs/log/cron/?C=S%3BO=A" "Mozilla/5.0 (Linux; Android 5.0) AppleWebKit/537.36 (KHTML, like Gecko) Mobile Safari/537.36 (compatible; Bytespider; spider-feedback@bytedance.com)"
156.59.198.136 - - [31/Oct/2023:20:56:08 +0100] "GET /renault.activities.at/htdocs/log/cron/exportXML_3115382.txt HTTP/1.0" 404 320 "http://212.69.160.11:443/renault.activities.at/htdocs/log/cron/?C=S%3BO=A" "Mozilla/5.0 (Linux; Android 5.0) AppleWebKit/537.36 (KHTML, like Gecko) Mobile Safari/537.36 (compatible; Bytespider; spider-feedback@bytedance.com)"
156.59.198.136 - - [31/Oct/2023:20:56:29 +0100] "GET /renault.activities.at/htdocs/log/cron/system_mail_3114995.txt HTTP/1.0" 404 320 "http://212.69.160.11:443/renault.activities.at/htdocs/log/cron/?C=S%3BO=A" "Mozilla/5.0 (Linux; Android 5.0) AppleWebKit/537.36 (KHTML, like Gecko) Mobile Safari/537.36 (compatible; Bytespider; spider-feedback@bytedance.com)"
156.59.198.136 - - [31/Oct/2023:20:56:50 +0100] "GET /renault.activities.at/htdocs/log/cron/system_mail_3114847.txt HTTP/1.0" 404 321 "http://212.69.160.11:443/renault.activities.at/htdocs/log/cron/?C=S%3BO=A" "Mozilla/5.0 (Linux; Android 5.0) AppleWebKit/537.36 (KHTML, like Gecko) Mobile Safari/537.36 (compatible; Bytespider; spider-feedback@bytedance.com)"
156.59.198.135 - - [31/Oct/2023:20:57:13 +0100] "GET /renault.activities.at/htdocs/log/cron/system_mail_3115109.txt HTTP/1.0" 404 320 "http://212.69.160.11:443/renault.activities.at/htdocs/log/cron/?C=S%3BO=A" "Mozilla/5.0 (Linux; Android 5.0) AppleWebKit/537.36 (KHTML, like Gecko) Mobile Safari/537.36 (compatible; Bytespider; spider-feedback@bytedance.com)"
156.59.198.136 - - [31/Oct/2023:20:57:36 +0100] "GET /renault.activities.at/htdocs/log/cron/reminder_mailing_3115177.txt HTTP/1.0" 404 323 "http://212.69.160.11:443/renault.activities.at/htdocs/log/cron/?C=S%3BO=A" "Mozilla/5.0 (Linux; Android 5.0) AppleWebKit/537.36 (KHTML, like Gecko) Mobile Safari/537.36 (compatible; Bytespider; spider-feedback@bytedance.com)"
156.59.198.136 - - [31/Oct/2023:20:57:57 +0100] "GET /renault.activities.at/htdocs/log/cron/shipp_Export_Data_3115495.txt HTTP/1.0" 404 325 "http://212.69.160.11:443/renault.activities.at/htdocs/log/cron/?C=S%3BO=A" "Mozilla/5.0 (Linux; Android 5.0) AppleWebKit/537.36 (KHTML, like Gecko) Mobile Safari/537.36 (compatible; Bytespider; spider-feedback@bytedance.com)"
156.59.198.135 - - [31/Oct/2023:20:58:19 +0100] "GET /renault.activities.at/htdocs/log/cron/shipp_Export_Data_3116183.txt HTTP/1.0" 404 324 "http://212.69.160.11:443/renault.activities.at/htdocs/log/cron/?C=S%3BO=A" "Mozilla/5.0 (Linux; Android 5.0) AppleWebKit/537.36 (KHTML, like Gecko) Mobile Safari/537.36 (compatible; Bytespider; spider-feedback@bytedance.com)"
156.59.198.136 - - [31/Oct/2023:20:58:42 +0100] "GET /renault.activities.at/htdocs/log/cron/autologout_3116297.txt HTTP/1.0" 404 319 "http://212.69.160.11:443/renault.activities.at/htdocs/log/cron/?C=S%3BO=A" "Mozilla/5.0 (Linux; Android 5.0) AppleWebKit/537.36 (KHTML, like Gecko) Mobile Safari/537.36 (compatible; Bytespider; spider-feedback@bytedance.com)"
