60.217.75.70 - - [19/Nov/2023:01:00:58 +0100] "GET / HTTP/1.1" 200 274 "-" "Mozilla/5.0"
67.217.57.54 - - [19/Nov/2023:01:23:51 +0100] "GET / HTTP/1.1" 200 423 "-" "-"
103.203.57.7 - - [19/Nov/2023:01:48:27 +0100] "GET / HTTP/1.1" 200 423 "-" "HTTP Banner Detection (https://security.ipip.net)"
216.69.166.132 - - [19/Nov/2023:02:01:55 +0100] "GET /style.php?sig=rename HTTP/1.1" 404 365 "-" "Mozilla/5.0 (Android 10; Mobile; rv:68.0) Gecko/68.0 Firefox/68.0"
198.8.95.225 - - [19/Nov/2023:02:13:09 +0100] "GET /~ridersde/joomla/index.php?option=com_xijc&view=captcha HTTP/1.1" 404 309 "https://www.google.com/" "Mozilla/5.0 (Macintosh; Intel Mac OS X 10.9; rv:76.0) Gecko/20100101 Firefox/76.0"
67.217.57.54 - - [19/Nov/2023:02:14:31 +0100] "GET / HTTP/1.1" 200 423 "-" "-"
165.232.164.40 - - [19/Nov/2023:02:17:18 +0100] "\x16\x03\x01" 400 383 "-" "-"
165.232.164.40 - - [19/Nov/2023:02:17:18 +0100] "\x16\x03\x01" 400 383 "-" "-"
165.232.164.40 - - [19/Nov/2023:02:17:19 +0100] "GET / HTTP/1.1" 200 274 "-" "Mozilla/5.0 (Windows NT 10.0; Win64; x64) AppleWebKit/537.36 (KHTML, like Gecko) Chrome/108.0.0.0 Safari/537.36"
165.232.164.40 - - [19/Nov/2023:02:17:19 +0100] "GET /form.html HTTP/1.1" 404 283 "-" "curl/8.1.2"
165.232.164.40 - - [19/Nov/2023:02:17:19 +0100] "GET /upl.php HTTP/1.1" 404 282 "-" "Mozilla/5.0"
165.232.164.40 - - [19/Nov/2023:02:17:20 +0100] "\x16\x03\x01" 400 383 "-" "-"
165.232.164.40 - - [19/Nov/2023:02:17:20 +0100] "GET /geoip/ HTTP/1.1" 404 281 "-" "Mozilla/5.0 (Windows NT 10.0; Win64; x64) AppleWebKit/537.36 (KHTML, like Gecko) Chrome/108.0.0.0 Safari/537.36"
165.232.164.40 - - [19/Nov/2023:02:17:20 +0100] "GET / HTTP/1.1" 200 274 "-" "Mozilla/5.0 (iPhone; CPU iPhone OS 13_3_1 like Mac OS X) AppleWebKit/605.1.15 (KHTML, like Gecko) Version/13.0.5 Mobile/15E148 Snapchat/10.77.0.54 (like Safari/604.1)"
165.232.164.40 - - [19/Nov/2023:02:17:21 +0100] "GET /favicon.ico HTTP/1.1" 404 284 "-" "Mozilla/5.0 (Windows NT 10.0; Win64; x64) AppleWebKit/537.36 (KHTML, like Gecko) Chrome/108.0.0.0 Safari/537.36"
165.232.164.40 - - [19/Nov/2023:02:17:21 +0100] "GET /1.php HTTP/1.1" 404 280 "-" "Mozilla/5.0 (Windows NT 10.0; Win64; x64) AppleWebKit/537.36 (KHTML, like Gecko) Chrome/108.0.0.0 Safari/537.36"
165.232.164.40 - - [19/Nov/2023:02:17:21 +0100] "GET /bundle.js HTTP/1.1" 404 283 "-" "Mozilla/5.0 (Windows NT 10.0; Win64; x64) AppleWebKit/537.36 (KHTML, like Gecko) Chrome/108.0.0.0 Safari/537.36"
165.232.164.40 - - [19/Nov/2023:02:17:22 +0100] "GET /files/ HTTP/1.1" 404 281 "-" "Mozilla/5.0 (Windows NT 10.0; Win64; x64) AppleWebKit/537.36 (KHTML, like Gecko) Chrome/108.0.0.0 Safari/537.36"
165.232.164.40 - - [19/Nov/2023:02:17:22 +0100] "GET /systembc/password.php HTTP/1.1" 404 291 "-" "Mozilla/5.0 (Windows NT 10.0; Win64; x64) AppleWebKit/537.36 (KHTML, like Gecko) Chrome/108.0.0.0 Safari/537.36"
165.232.164.40 - - [19/Nov/2023:02:17:23 +0100] "GET /password.php HTTP/1.1" 404 285 "-" "Mozilla/5.0 (Windows NT 10.0; Win64; x64) AppleWebKit/537.36 (KHTML, like Gecko) Chrome/108.0.0.0 Safari/537.36"
165.232.164.40 - - [19/Nov/2023:02:17:23 +0100] "GET /info.php HTTP/1.1" 404 283 "-" "Mozilla/5.0 (Windows NT 10.0; Win64; x64) AppleWebKit/537.36 (KHTML, like Gecko) Chrome/108.0.0.0 Safari/537.36"
43.131.247.244 - - [19/Nov/2023:02:25:52 +0100] "GET / HTTP/1.1" 200 423 "-" "curl/7.64.1"
36.99.136.128 - - [19/Nov/2023:02:26:05 +0100] "GET / HTTP/1.1" 200 274 "-" "Mozilla/5.0 (Macintosh; Intel Mac OS X 10_15_7) AppleWebKit/537.36 (KHTML, like Gecko) Chrome/96.0.4664.110 Safari/537.36"
36.99.136.129 - - [19/Nov/2023:02:26:06 +0100] "GET / HTTP/1.1" 200 274 "-" "Mozilla/5.0 (Macintosh; Intel Mac OS X 11_0_0) AppleWebKit/537.36 (KHTML, like Gecko) Chrome/87.0.4280.88 Safari/537.36"
36.99.136.136 - - [19/Nov/2023:02:26:11 +0100] "GET /activities.ico HTTP/1.1" 200 1406 "-" "Mozilla/5.0 (Macintosh; Intel Mac OS X 10_15_7) AppleWebKit/537.36 (KHTML, like Gecko) Chrome/96.0.4664.110 Safari/537.36"
36.99.136.136 - - [19/Nov/2023:02:26:32 +0100] "GET / HTTP/1.1" 200 274 "-" "Mozilla/5.0 (Macintosh; Intel Mac OS X 10_15_7) AppleWebKit/537.36 (KHTML, like Gecko) Chrome/96.0.4664.110 Safari/537.36"
111.7.96.181 - - [19/Nov/2023:02:26:32 +0100] "GET / HTTP/1.1" 200 274 "-" "Mozilla/5.0 (Macintosh; Intel Mac OS X 10_15_7) AppleWebKit/537.36 (KHTML, like Gecko) Chrome/96.0.4664.110 Safari/537.36"
36.99.136.137 - - [19/Nov/2023:02:26:33 +0100] "GET / HTTP/1.1" 200 274 "-" "Mozilla/5.0 (Macintosh; Intel Mac OS X 11_0_0) AppleWebKit/537.36 (KHTML, like Gecko) Chrome/87.0.4280.88 Safari/537.36"
36.99.136.129 - - [19/Nov/2023:02:26:33 +0100] "GET /layout.php HTTP/1.1" 200 818 "http://smtpo.financetrainer.com/" "Mozilla/5.0 (X11; Linux x86_64) AppleWebKit/537.36 (KHTML, like Gecko) HeadlessChrome/111.0.5553.0 Safari/537.36"
36.99.136.128 - - [19/Nov/2023:02:26:34 +0100] "GET / HTTP/1.1" 200 274 "-" "Mozilla/5.0 (Macintosh; Intel Mac OS X 10_15_7) AppleWebKit/537.36 (KHTML, like Gecko) Chrome/96.0.4664.110 Safari/537.36"
111.7.96.181 - - [19/Nov/2023:02:26:34 +0100] "GET / HTTP/1.1" 200 274 "-" "Mozilla/5.0 (Macintosh; Intel Mac OS X 11_0_0) AppleWebKit/537.36 (KHTML, like Gecko) Chrome/87.0.4280.88 Safari/537.36"
36.99.136.128 - - [19/Nov/2023:02:26:34 +0100] "GET /gui/javascript/form_form.js HTTP/1.1" 200 16206 "http://smtpo.financetrainer.com/layout.php" "Mozilla/5.0 (X11; Linux x86_64) AppleWebKit/537.36 (KHTML, like Gecko) HeadlessChrome/111.0.5553.0 Safari/537.36"
36.99.136.128 - - [19/Nov/2023:02:26:34 +0100] "GET /entry.php?id=10270 HTTP/1.1" 200 908 "http://smtpo.financetrainer.com/layout.php" "Mozilla/5.0 (X11; Linux x86_64) AppleWebKit/537.36 (KHTML, like Gecko) HeadlessChrome/111.0.5553.0 Safari/537.36"
36.99.136.129 - - [19/Nov/2023:02:26:34 +0100] "GET /entry.php?id=10273 HTTP/1.1" 200 1901 "http://smtpo.financetrainer.com/layout.php" "Mozilla/5.0 (X11; Linux x86_64) AppleWebKit/537.36 (KHTML, like Gecko) HeadlessChrome/111.0.5553.0 Safari/537.36"
36.99.136.129 - - [19/Nov/2023:02:26:35 +0100] "GET /entry.php?id=10272 HTTP/1.1" 200 1159 "http://smtpo.financetrainer.com/layout.php" "Mozilla/5.0 (X11; Linux x86_64) AppleWebKit/537.36 (KHTML, like Gecko) HeadlessChrome/111.0.5553.0 Safari/537.36"
36.99.136.128 - - [19/Nov/2023:02:26:35 +0100] "GET /entry.php?id=11412 HTTP/1.1" 200 1759 "http://smtpo.financetrainer.com/layout.php" "Mozilla/5.0 (X11; Linux x86_64) AppleWebKit/537.36 (KHTML, like Gecko) HeadlessChrome/111.0.5553.0 Safari/537.36"
36.99.136.129 - - [19/Nov/2023:02:26:35 +0100] "GET /gui/javascript/jquery/css/gui-themes/custom.min.css HTTP/1.1" 200 5618 "http://smtpo.financetrainer.com/entry.php?id=10270" "Mozilla/5.0 (X11; Linux x86_64) AppleWebKit/537.36 (KHTML, like Gecko) HeadlessChrome/111.0.5553.0 Safari/537.36"
211.95.50.7 - - [19/Nov/2023:02:26:35 +0100] "GET / HTTP/1.1" 200 274 "-" "Mozilla/5.0 (Macintosh; Intel Mac OS X 10_15_7) AppleWebKit/537.36 (KHTML, like Gecko) Chrome/96.0.4664.110 Safari/537.36"
36.99.136.128 - - [19/Nov/2023:02:26:35 +0100] "GET /gui/javascript/jquery/css/gui-themes/ui.spinner.css HTTP/1.1" 200 350 "http://smtpo.financetrainer.com/entry.php?id=10270" "Mozilla/5.0 (X11; Linux x86_64) AppleWebKit/537.36 (KHTML, like Gecko) HeadlessChrome/111.0.5553.0 Safari/537.36"
36.99.136.129 - - [19/Nov/2023:02:26:35 +0100] "GET /gui/javascript/jquery/css/gui-themes/jquery.tooltip.css HTTP/1.1" 200 246 "http://smtpo.financetrainer.com/entry.php?id=10270" "Mozilla/5.0 (X11; Linux x86_64) AppleWebKit/537.36 (KHTML, like Gecko) HeadlessChrome/111.0.5553.0 Safari/537.36"
36.99.136.137 - - [19/Nov/2023:02:26:36 +0100] "GET / HTTP/1.1" 200 274 "-" "Mozilla/5.0 (Macintosh; Intel Mac OS X 11_0_0) AppleWebKit/537.36 (KHTML, like Gecko) Chrome/87.0.4280.88 Safari/537.36"
36.99.136.128 - - [19/Nov/2023:02:26:36 +0100] "GET /gui/styles/tmplDefault.css HTTP/1.1" 200 2135 "http://smtpo.financetrainer.com/entry.php?id=10272" "Mozilla/5.0 (X11; Linux x86_64) AppleWebKit/537.36 (KHTML, like Gecko) HeadlessChrome/111.0.5553.0 Safari/537.36"
111.7.96.181 - - [19/Nov/2023:02:26:36 +0100] "GET /layout.php HTTP/1.1" 200 820 "http://triadian.castlegem.co.uk/" "Mozilla/5.0 (X11; Linux x86_64) AppleWebKit/537.36 (KHTML, like Gecko) HeadlessChrome/108.0.5359.94 Safari/537.36"
36.99.136.129 - - [19/Nov/2023:02:26:36 +0100] "GET /gui/javascript/form_form.js?1700357195 HTTP/1.1" 200 16206 "http://smtpo.financetrainer.com/entry.php?id=10270" "Mozilla/5.0 (X11; Linux x86_64) AppleWebKit/537.36 (KHTML, like Gecko) HeadlessChrome/111.0.5553.0 Safari/537.36"
211.95.50.4 - - [19/Nov/2023:02:26:36 +0100] "GET / HTTP/1.1" 200 274 "-" "Mozilla/5.0 (Macintosh; Intel Mac OS X 10_15_7) AppleWebKit/537.36 (KHTML, like Gecko) Chrome/96.0.4664.110 Safari/537.36"
36.99.136.128 - - [19/Nov/2023:02:26:36 +0100] "GET /gui/javascript/jquery/js/jquery-1.8.2.js HTTP/1.1" 200 35391 "http://smtpo.financetrainer.com/entry.php?id=10270" "Mozilla/5.0 (X11; Linux x86_64) AppleWebKit/537.36 (KHTML, like Gecko) HeadlessChrome/111.0.5553.0 Safari/537.36"
36.99.136.129 - - [19/Nov/2023:02:26:36 +0100] "GET /framework/webfx/style/toolbar/cb2.css HTTP/1.1" 200 793 "http://smtpo.financetrainer.com/entry.php?id=10273" "Mozilla/5.0 (X11; Linux x86_64) AppleWebKit/537.36 (KHTML, like Gecko) HeadlessChrome/111.0.5553.0 Safari/537.36"
111.7.96.181 - - [19/Nov/2023:02:26:36 +0100] "GET /gui/javascript/form_form.js HTTP/1.1" 200 16206 "http://triadian.castlegem.co.uk/layout.php" "Mozilla/5.0 (X11; Linux x86_64) AppleWebKit/537.36 (KHTML, like Gecko) HeadlessChrome/108.0.5359.94 Safari/537.36"
36.99.136.129 - - [19/Nov/2023:02:26:36 +0100] "GET /framework/webfx/javascript/toolbar/ieemu.js HTTP/1.1" 200 2366 "http://smtpo.financetrainer.com/entry.php?id=10273" "Mozilla/5.0 (X11; Linux x86_64) AppleWebKit/537.36 (KHTML, like Gecko) HeadlessChrome/111.0.5553.0 Safari/537.36"
36.99.136.128 - - [19/Nov/2023:02:26:36 +0100] "GET /framework/webfx/javascript/toolbar/cb2.js HTTP/1.1" 200 1686 "http://smtpo.financetrainer.com/entry.php?id=10273" "Mozilla/5.0 (X11; Linux x86_64) AppleWebKit/537.36 (KHTML, like Gecko) HeadlessChrome/111.0.5553.0 Safari/537.36"
36.99.136.129 - - [19/Nov/2023:02:26:36 +0100] "GET /gui/javascript/jquery/js/jquery-ui-1.9.0.custom.min.js HTTP/1.1" 200 51286 "http://smtpo.financetrainer.com/entry.php?id=10270" "Mozilla/5.0 (X11; Linux x86_64) AppleWebKit/537.36 (KHTML, like Gecko) HeadlessChrome/111.0.5553.0 Safari/537.36"
211.95.50.5 - - [19/Nov/2023:02:26:37 +0100] "GET / HTTP/1.1" 200 274 "-" "Mozilla/5.0 (Macintosh; Intel Mac OS X 11_0_0) AppleWebKit/537.36 (KHTML, like Gecko) Chrome/87.0.4280.88 Safari/537.36"
36.99.136.128 - - [19/Nov/2023:02:26:37 +0100] "GET /gui/javascript/jquery/jquery-tooltip/jquery.tooltip.min.js HTTP/1.1" 200 1982 "http://smtpo.financetrainer.com/entry.php?id=10270" "Mozilla/5.0 (X11; Linux x86_64) AppleWebKit/537.36 (KHTML, like Gecko) HeadlessChrome/111.0.5553.0 Safari/537.36"
111.7.96.181 - - [19/Nov/2023:02:26:37 +0100] "GET /entry.php?id=10270 HTTP/1.1" 200 908 "http://triadian.castlegem.co.uk/layout.php" "Mozilla/5.0 (X11; Linux x86_64) AppleWebKit/537.36 (KHTML, like Gecko) HeadlessChrome/108.0.5359.94 Safari/537.36"
111.7.96.181 - - [19/Nov/2023:02:26:37 +0100] "GET /entry.php?id=11412 HTTP/1.1" 200 1759 "http://triadian.castlegem.co.uk/layout.php" "Mozilla/5.0 (X11; Linux x86_64) AppleWebKit/537.36 (KHTML, like Gecko) HeadlessChrome/108.0.5359.94 Safari/537.36"
111.7.96.181 - - [19/Nov/2023:02:26:37 +0100] "GET /entry.php?id=10273 HTTP/1.1" 200 1901 "http://triadian.castlegem.co.uk/layout.php" "Mozilla/5.0 (X11; Linux x86_64) AppleWebKit/537.36 (KHTML, like Gecko) HeadlessChrome/108.0.5359.94 Safari/537.36"
111.7.96.181 - - [19/Nov/2023:02:26:37 +0100] "GET /entry.php?id=10272 HTTP/1.1" 200 1159 "http://triadian.castlegem.co.uk/layout.php" "Mozilla/5.0 (X11; Linux x86_64) AppleWebKit/537.36 (KHTML, like Gecko) HeadlessChrome/108.0.5359.94 Safari/537.36"
111.7.96.181 - - [19/Nov/2023:02:26:37 +0100] "GET /gui/javascript/jquery/css/gui-themes/custom.min.css HTTP/1.1" 200 5618 "http://triadian.castlegem.co.uk/entry.php?id=10270" "Mozilla/5.0 (X11; Linux x86_64) AppleWebKit/537.36 (KHTML, like Gecko) HeadlessChrome/108.0.5359.94 Safari/537.36"
211.95.50.5 - - [19/Nov/2023:02:26:37 +0100] "GET /layout.php HTTP/1.1" 200 819 "http://staff.castlegem.co.uk/" "Mozilla/5.0 (X11; Linux x86_64) AppleWebKit/537.36 (KHTML, like Gecko) HeadlessChrome/108.0.5359.94 Safari/537.36"
111.7.96.181 - - [19/Nov/2023:02:26:37 +0100] "GET /gui/javascript/jquery/css/gui-themes/ui.spinner.css HTTP/1.1" 200 350 "http://triadian.castlegem.co.uk/entry.php?id=10270" "Mozilla/5.0 (X11; Linux x86_64) AppleWebKit/537.36 (KHTML, like Gecko) HeadlessChrome/108.0.5359.94 Safari/537.36"
111.7.96.181 - - [19/Nov/2023:02:26:38 +0100] "GET /gui/javascript/jquery/css/gui-themes/jquery.tooltip.css HTTP/1.1" 200 246 "http://triadian.castlegem.co.uk/entry.php?id=10270" "Mozilla/5.0 (X11; Linux x86_64) AppleWebKit/537.36 (KHTML, like Gecko) HeadlessChrome/108.0.5359.94 Safari/537.36"
36.99.136.128 - - [19/Nov/2023:02:26:37 +0100] "GET /entry.php?id=10287 HTTP/1.1" 200 2385 "http://smtpo.financetrainer.com/entry.php?id=11412" "Mozilla/5.0 (X11; Linux x86_64) AppleWebKit/537.36 (KHTML, like Gecko) HeadlessChrome/111.0.5553.0 Safari/537.36"
111.7.96.181 - - [19/Nov/2023:02:26:38 +0100] "GET /gui/styles/tmplDefault.css HTTP/1.1" 200 2135 "http://triadian.castlegem.co.uk/entry.php?id=11412" "Mozilla/5.0 (X11; Linux x86_64) AppleWebKit/537.36 (KHTML, like Gecko) HeadlessChrome/108.0.5359.94 Safari/537.36"
36.99.136.137 - - [19/Nov/2023:02:26:38 +0100] "GET /activities.ico HTTP/1.1" 200 1406 "-" "Mozilla/5.0 (Macintosh; Intel Mac OS X 10_15_7) AppleWebKit/537.36 (KHTML, like Gecko) Chrome/96.0.4664.110 Safari/537.36"
36.99.136.129 - - [19/Nov/2023:02:26:38 +0100] "GET /framework/webfx/javascript/statusbar/statusBar.js HTTP/1.1" 200 649 "http://smtpo.financetrainer.com/entry.php?id=10272" "Mozilla/5.0 (X11; Linux x86_64) AppleWebKit/537.36 (KHTML, like Gecko) HeadlessChrome/111.0.5553.0 Safari/537.36"
111.7.96.181 - - [19/Nov/2023:02:26:38 +0100] "GET /framework/webfx/style/toolbar/cb2.css HTTP/1.1" 200 793 "http://triadian.castlegem.co.uk/entry.php?id=10273" "Mozilla/5.0 (X11; Linux x86_64) AppleWebKit/537.36 (KHTML, like Gecko) HeadlessChrome/108.0.5359.94 Safari/537.36"
111.7.96.181 - - [19/Nov/2023:02:26:38 +0100] "GET /gui/javascript/jquery/jquery-tooltip/jquery.tooltip.min.js HTTP/1.1" 200 1982 "http://triadian.castlegem.co.uk/entry.php?id=10270" "Mozilla/5.0 (X11; Linux x86_64) AppleWebKit/537.36 (KHTML, like Gecko) HeadlessChrome/108.0.5359.94 Safari/537.36"
111.7.96.181 - - [19/Nov/2023:02:26:38 +0100] "GET /gui/javascript/form_form.js?1700357197 HTTP/1.1" 200 16206 "http://triadian.castlegem.co.uk/entry.php?id=10270" "Mozilla/5.0 (X11; Linux x86_64) AppleWebKit/537.36 (KHTML, like Gecko) HeadlessChrome/108.0.5359.94 Safari/537.36"
211.95.50.4 - - [19/Nov/2023:02:26:38 +0100] "GET /gui/javascript/form_form.js HTTP/1.1" 200 16206 "http://staff.castlegem.co.uk/layout.php" "Mozilla/5.0 (X11; Linux x86_64) AppleWebKit/537.36 (KHTML, like Gecko) HeadlessChrome/108.0.5359.94 Safari/537.36"
111.7.96.181 - - [19/Nov/2023:02:26:38 +0100] "GET /framework/webfx/javascript/toolbar/cb2.js HTTP/1.1" 200 1686 "http://triadian.castlegem.co.uk/entry.php?id=10273" "Mozilla/5.0 (X11; Linux x86_64) AppleWebKit/537.36 (KHTML, like Gecko) HeadlessChrome/108.0.5359.94 Safari/537.36"
36.99.136.129 - - [19/Nov/2023:02:26:38 +0100] "GET /gui/javascript/form_form.js?1700357198 HTTP/1.1" 200 16206 "http://smtpo.financetrainer.com/entry.php?id=10287" "Mozilla/5.0 (X11; Linux x86_64) AppleWebKit/537.36 (KHTML, like Gecko) HeadlessChrome/111.0.5553.0 Safari/537.36"
36.99.136.129 - - [19/Nov/2023:02:26:38 +0100] "GET /entry.php?id=10271& HTTP/1.1" 200 934 "http://smtpo.financetrainer.com/entry.php?id=10272" "Mozilla/5.0 (X11; Linux x86_64) AppleWebKit/537.36 (KHTML, like Gecko) HeadlessChrome/111.0.5553.0 Safari/537.36"
111.7.96.181 - - [19/Nov/2023:02:26:38 +0100] "GET /framework/webfx/javascript/toolbar/ieemu.js HTTP/1.1" 200 2366 "http://triadian.castlegem.co.uk/entry.php?id=10273" "Mozilla/5.0 (X11; Linux x86_64) AppleWebKit/537.36 (KHTML, like Gecko) HeadlessChrome/108.0.5359.94 Safari/537.36"
211.95.50.8 - - [19/Nov/2023:02:26:39 +0100] "GET / HTTP/1.1" 200 274 "-" "Mozilla/5.0 (Macintosh; Intel Mac OS X 10_15_7) AppleWebKit/537.36 (KHTML, like Gecko) Chrome/96.0.4664.110 Safari/537.36"
111.7.96.181 - - [19/Nov/2023:02:26:38 +0100] "GET /gui/javascript/jquery/js/jquery-1.8.2.js HTTP/1.1" 200 35391 "http://triadian.castlegem.co.uk/entry.php?id=10270" "Mozilla/5.0 (X11; Linux x86_64) AppleWebKit/537.36 (KHTML, like Gecko) HeadlessChrome/108.0.5359.94 Safari/537.36"
111.7.96.181 - - [19/Nov/2023:02:26:39 +0100] "GET /framework/webfx/javascript/statusbar/statusBar.js HTTP/1.1" 200 649 "http://triadian.castlegem.co.uk/entry.php?id=10272" "Mozilla/5.0 (X11; Linux x86_64) AppleWebKit/537.36 (KHTML, like Gecko) HeadlessChrome/108.0.5359.94 Safari/537.36"
36.99.136.129 - - [19/Nov/2023:02:26:39 +0100] "GET /entry.php?id=10273& HTTP/1.1" 200 1901 "http://smtpo.financetrainer.com/entry.php?id=10287" "Mozilla/5.0 (X11; Linux x86_64) AppleWebKit/537.36 (KHTML, like Gecko) HeadlessChrome/111.0.5553.0 Safari/537.36"
36.99.136.129 - - [19/Nov/2023:02:26:39 +0100] "GET /entry.php?id=10270& HTTP/1.1" 200 908 "http://smtpo.financetrainer.com/entry.php?id=10287" "Mozilla/5.0 (X11; Linux x86_64) AppleWebKit/537.36 (KHTML, like Gecko) HeadlessChrome/111.0.5553.0 Safari/537.36"
111.7.96.181 - - [19/Nov/2023:02:26:39 +0100] "GET /activities.ico HTTP/1.1" 200 1406 "-" "Mozilla/5.0 (Macintosh; Intel Mac OS X 10_15_7) AppleWebKit/537.36 (KHTML, like Gecko) Chrome/96.0.4664.110 Safari/537.36"
211.95.50.5 - - [19/Nov/2023:02:26:39 +0100] "GET /entry.php?id=10270 HTTP/1.1" 200 908 "http://staff.castlegem.co.uk/layout.php" "Mozilla/5.0 (X11; Linux x86_64) AppleWebKit/537.36 (KHTML, like Gecko) HeadlessChrome/108.0.5359.94 Safari/537.36"
211.95.50.4 - - [19/Nov/2023:02:26:39 +0100] "GET /entry.php?id=10273 HTTP/1.1" 200 1901 "http://staff.castlegem.co.uk/layout.php" "Mozilla/5.0 (X11; Linux x86_64) AppleWebKit/537.36 (KHTML, like Gecko) HeadlessChrome/108.0.5359.94 Safari/537.36"
211.95.50.8 - - [19/Nov/2023:02:26:39 +0100] "GET / HTTP/1.1" 200 274 "-" "Mozilla/5.0 (Macintosh; Intel Mac OS X 11_0_0) AppleWebKit/537.36 (KHTML, like Gecko) Chrome/87.0.4280.88 Safari/537.36"
211.95.50.4 - - [19/Nov/2023:02:26:39 +0100] "GET /entry.php?id=10272 HTTP/1.1" 200 1159 "http://staff.castlegem.co.uk/layout.php" "Mozilla/5.0 (X11; Linux x86_64) AppleWebKit/537.36 (KHTML, like Gecko) HeadlessChrome/108.0.5359.94 Safari/537.36"
211.95.50.5 - - [19/Nov/2023:02:26:39 +0100] "GET /entry.php?id=11412 HTTP/1.1" 200 1759 "http://staff.castlegem.co.uk/layout.php" "Mozilla/5.0 (X11; Linux x86_64) AppleWebKit/537.36 (KHTML, like Gecko) HeadlessChrome/108.0.5359.94 Safari/537.36"
111.7.96.181 - - [19/Nov/2023:02:26:39 +0100] "GET /gui/javascript/jquery/js/jquery-ui-1.9.0.custom.min.js HTTP/1.1" 200 51286 "http://triadian.castlegem.co.uk/entry.php?id=10270" "Mozilla/5.0 (X11; Linux x86_64) AppleWebKit/537.36 (KHTML, like Gecko) HeadlessChrome/108.0.5359.94 Safari/537.36"
36.99.136.128 - - [19/Nov/2023:02:26:39 +0100] "GET /gui/javascript/form_form.js?1700357199 HTTP/1.1" 200 16206 "http://smtpo.financetrainer.com/entry.php?id=10273&" "Mozilla/5.0 (X11; Linux x86_64) AppleWebKit/537.36 (KHTML, like Gecko) HeadlessChrome/111.0.5553.0 Safari/537.36"
211.95.50.5 - - [19/Nov/2023:02:26:40 +0100] "GET /gui/javascript/jquery/css/gui-themes/custom.min.css HTTP/1.1" 200 5618 "http://staff.castlegem.co.uk/entry.php?id=10270" "Mozilla/5.0 (X11; Linux x86_64) AppleWebKit/537.36 (KHTML, like Gecko) HeadlessChrome/108.0.5359.94 Safari/537.36"
211.95.50.7 - - [19/Nov/2023:02:26:40 +0100] "GET /layout.php HTTP/1.1" 200 814 "http://mail.creativecube.at/" "Mozilla/5.0 (X11; Linux x86_64) AppleWebKit/537.36 (KHTML, like Gecko) HeadlessChrome/108.0.5359.94 Safari/537.36"
211.95.50.5 - - [19/Nov/2023:02:26:40 +0100] "GET /gui/javascript/jquery/css/gui-themes/ui.spinner.css HTTP/1.1" 200 350 "http://staff.castlegem.co.uk/entry.php?id=10270" "Mozilla/5.0 (X11; Linux x86_64) AppleWebKit/537.36 (KHTML, like Gecko) HeadlessChrome/108.0.5359.94 Safari/537.36"
211.95.50.5 - - [19/Nov/2023:02:26:40 +0100] "GET /gui/javascript/jquery/css/gui-themes/jquery.tooltip.css HTTP/1.1" 200 246 "http://staff.castlegem.co.uk/entry.php?id=10270" "Mozilla/5.0 (X11; Linux x86_64) AppleWebKit/537.36 (KHTML, like Gecko) HeadlessChrome/108.0.5359.94 Safari/537.36"
211.95.50.4 - - [19/Nov/2023:02:26:40 +0100] "GET /framework/webfx/style/toolbar/cb2.css HTTP/1.1" 200 793 "http://staff.castlegem.co.uk/entry.php?id=10273" "Mozilla/5.0 (X11; Linux x86_64) AppleWebKit/537.36 (KHTML, like Gecko) HeadlessChrome/108.0.5359.94 Safari/537.36"
211.95.50.5 - - [19/Nov/2023:02:26:40 +0100] "GET /gui/styles/tmplDefault.css HTTP/1.1" 200 2135 "http://staff.castlegem.co.uk/entry.php?id=10272" "Mozilla/5.0 (X11; Linux x86_64) AppleWebKit/537.36 (KHTML, like Gecko) HeadlessChrome/108.0.5359.94 Safari/537.36"
111.7.96.181 - - [19/Nov/2023:02:26:40 +0100] "GET /entry.php?id=10271& HTTP/1.1" 200 934 "http://triadian.castlegem.co.uk/entry.php?id=10272" "Mozilla/5.0 (X11; Linux x86_64) AppleWebKit/537.36 (KHTML, like Gecko) HeadlessChrome/108.0.5359.94 Safari/537.36"
111.7.96.181 - - [19/Nov/2023:02:26:40 +0100] "GET /entry.php?id=10287 HTTP/1.1" 200 2385 "http://triadian.castlegem.co.uk/entry.php?id=11412" "Mozilla/5.0 (X11; Linux x86_64) AppleWebKit/537.36 (KHTML, like Gecko) HeadlessChrome/108.0.5359.94 Safari/537.36"
211.95.50.4 - - [19/Nov/2023:02:26:40 +0100] "GET /gui/javascript/form_form.js?1700357199 HTTP/1.1" 200 16206 "http://staff.castlegem.co.uk/entry.php?id=10270" "Mozilla/5.0 (X11; Linux x86_64) AppleWebKit/537.36 (KHTML, like Gecko) HeadlessChrome/108.0.5359.94 Safari/537.36"
111.7.96.181 - - [19/Nov/2023:02:26:40 +0100] "GET /gui/javascript/form_form.js?1700357200 HTTP/1.1" 200 16206 "http://triadian.castlegem.co.uk/entry.php?id=10271&" "Mozilla/5.0 (X11; Linux x86_64) AppleWebKit/537.36 (KHTML, like Gecko) HeadlessChrome/108.0.5359.94 Safari/537.36"
211.95.50.7 - - [19/Nov/2023:02:26:40 +0100] "GET /gui/javascript/form_form.js HTTP/1.1" 200 16206 "http://mail.creativecube.at/layout.php" "Mozilla/5.0 (X11; Linux x86_64) AppleWebKit/537.36 (KHTML, like Gecko) HeadlessChrome/108.0.5359.94 Safari/537.36"
211.95.50.4 - - [19/Nov/2023:02:26:41 +0100] "GET /gui/javascript/jquery/jquery-tooltip/jquery.tooltip.min.js HTTP/1.1" 200 1982 "http://staff.castlegem.co.uk/entry.php?id=10270" "Mozilla/5.0 (X11; Linux x86_64) AppleWebKit/537.36 (KHTML, like Gecko) HeadlessChrome/108.0.5359.94 Safari/537.36"
211.95.50.4 - - [19/Nov/2023:02:26:41 +0100] "GET /framework/webfx/javascript/toolbar/ieemu.js HTTP/1.1" 200 2366 "http://staff.castlegem.co.uk/entry.php?id=10273" "Mozilla/5.0 (X11; Linux x86_64) AppleWebKit/537.36 (KHTML, like Gecko) HeadlessChrome/108.0.5359.94 Safari/537.36"
211.95.50.5 - - [19/Nov/2023:02:26:41 +0100] "GET /framework/webfx/javascript/toolbar/cb2.js HTTP/1.1" 200 1686 "http://staff.castlegem.co.uk/entry.php?id=10273" "Mozilla/5.0 (X11; Linux x86_64) AppleWebKit/537.36 (KHTML, like Gecko) HeadlessChrome/108.0.5359.94 Safari/537.36"
211.95.50.5 - - [19/Nov/2023:02:26:40 +0100] "GET /gui/javascript/jquery/js/jquery-1.8.2.js HTTP/1.1" 200 35391 "http://staff.castlegem.co.uk/entry.php?id=10270" "Mozilla/5.0 (X11; Linux x86_64) AppleWebKit/537.36 (KHTML, like Gecko) HeadlessChrome/108.0.5359.94 Safari/537.36"
211.95.50.7 - - [19/Nov/2023:02:26:41 +0100] "GET / HTTP/1.1" 200 274 "-" "Mozilla/5.0 (Macintosh; Intel Mac OS X 11_0_0) AppleWebKit/537.36 (KHTML, like Gecko) Chrome/87.0.4280.88 Safari/537.36"
211.95.50.4 - - [19/Nov/2023:02:26:41 +0100] "GET /framework/webfx/javascript/statusbar/statusBar.js HTTP/1.1" 200 649 "http://staff.castlegem.co.uk/entry.php?id=10272" "Mozilla/5.0 (X11; Linux x86_64) AppleWebKit/537.36 (KHTML, like Gecko) HeadlessChrome/108.0.5359.94 Safari/537.36"
111.7.96.181 - - [19/Nov/2023:02:26:41 +0100] "GET /entry.php?id=10270& HTTP/1.1" 200 908 "http://triadian.castlegem.co.uk/entry.php?id=10287" "Mozilla/5.0 (X11; Linux x86_64) AppleWebKit/537.36 (KHTML, like Gecko) HeadlessChrome/108.0.5359.94 Safari/537.36"
111.7.96.181 - - [19/Nov/2023:02:26:41 +0100] "GET /entry.php?id=10273& HTTP/1.1" 200 1899 "http://triadian.castlegem.co.uk/entry.php?id=10287" "Mozilla/5.0 (X11; Linux x86_64) AppleWebKit/537.36 (KHTML, like Gecko) HeadlessChrome/108.0.5359.94 Safari/537.36"
211.95.50.4 - - [19/Nov/2023:02:26:41 +0100] "GET /gui/javascript/jquery/js/jquery-ui-1.9.0.custom.min.js HTTP/1.1" 200 51286 "http://staff.castlegem.co.uk/entry.php?id=10270" "Mozilla/5.0 (X11; Linux x86_64) AppleWebKit/537.36 (KHTML, like Gecko) HeadlessChrome/108.0.5359.94 Safari/537.36"
211.95.50.8 - - [19/Nov/2023:02:26:42 +0100] "GET /entry.php?id=10273 HTTP/1.1" 200 1899 "http://mail.creativecube.at/layout.php" "Mozilla/5.0 (X11; Linux x86_64) AppleWebKit/537.36 (KHTML, like Gecko) HeadlessChrome/108.0.5359.94 Safari/537.36"
211.95.50.7 - - [19/Nov/2023:02:26:42 +0100] "GET /entry.php?id=10272 HTTP/1.1" 200 1158 "http://mail.creativecube.at/layout.php" "Mozilla/5.0 (X11; Linux x86_64) AppleWebKit/537.36 (KHTML, like Gecko) HeadlessChrome/108.0.5359.94 Safari/537.36"
211.95.50.7 - - [19/Nov/2023:02:26:42 +0100] "GET /entry.php?id=10270 HTTP/1.1" 200 907 "http://mail.creativecube.at/layout.php" "Mozilla/5.0 (X11; Linux x86_64) AppleWebKit/537.36 (KHTML, like Gecko) HeadlessChrome/108.0.5359.94 Safari/537.36"
211.95.50.8 - - [19/Nov/2023:02:26:42 +0100] "GET /entry.php?id=11412 HTTP/1.1" 200 1758 "http://mail.creativecube.at/layout.php" "Mozilla/5.0 (X11; Linux x86_64) AppleWebKit/537.36 (KHTML, like Gecko) HeadlessChrome/108.0.5359.94 Safari/537.36"
211.95.50.8 - - [19/Nov/2023:02:26:42 +0100] "GET /layout.php HTTP/1.1" 200 816 "http://212.69.160.11/" "Mozilla/5.0 (X11; Linux x86_64) AppleWebKit/537.36 (KHTML, like Gecko) HeadlessChrome/108.0.5359.94 Safari/537.36"
111.7.96.181 - - [19/Nov/2023:02:26:42 +0100] "GET / HTTP/1.1" 200 274 "-" "Mozilla/5.0 (Macintosh; Intel Mac OS X 10_15_7) AppleWebKit/537.36 (KHTML, like Gecko) Chrome/96.0.4664.110 Safari/537.36"
211.95.50.8 - - [19/Nov/2023:02:26:42 +0100] "GET /gui/javascript/jquery/css/gui-themes/custom.min.css HTTP/1.1" 200 5618 "http://mail.creativecube.at/entry.php?id=10273" "Mozilla/5.0 (X11; Linux x86_64) AppleWebKit/537.36 (KHTML, like Gecko) HeadlessChrome/108.0.5359.94 Safari/537.36"
111.7.96.181 - - [19/Nov/2023:02:26:42 +0100] "GET /gui/javascript/form_form.js?1700357201 HTTP/1.1" 200 16206 "http://triadian.castlegem.co.uk/entry.php?id=10273&" "Mozilla/5.0 (X11; Linux x86_64) AppleWebKit/537.36 (KHTML, like Gecko) HeadlessChrome/108.0.5359.94 Safari/537.36"
211.95.50.7 - - [19/Nov/2023:02:26:42 +0100] "GET /gui/javascript/jquery/css/gui-themes/jquery.tooltip.css HTTP/1.1" 200 246 "http://mail.creativecube.at/entry.php?id=10273" "Mozilla/5.0 (X11; Linux x86_64) AppleWebKit/537.36 (KHTML, like Gecko) HeadlessChrome/108.0.5359.94 Safari/537.36"
211.95.50.8 - - [19/Nov/2023:02:26:42 +0100] "GET /gui/javascript/jquery/css/gui-themes/ui.spinner.css HTTP/1.1" 200 350 "http://mail.creativecube.at/entry.php?id=10273" "Mozilla/5.0 (X11; Linux x86_64) AppleWebKit/537.36 (KHTML, like Gecko) HeadlessChrome/108.0.5359.94 Safari/537.36"
211.95.50.7 - - [19/Nov/2023:02:26:42 +0100] "GET /framework/webfx/style/toolbar/cb2.css HTTP/1.1" 200 793 "http://mail.creativecube.at/entry.php?id=10273" "Mozilla/5.0 (X11; Linux x86_64) AppleWebKit/537.36 (KHTML, like Gecko) HeadlessChrome/108.0.5359.94 Safari/537.36"
211.95.50.8 - - [19/Nov/2023:02:26:42 +0100] "GET /gui/styles/tmplDefault.css HTTP/1.1" 200 2135 "http://mail.creativecube.at/entry.php?id=10272" "Mozilla/5.0 (X11; Linux x86_64) AppleWebKit/537.36 (KHTML, like Gecko) HeadlessChrome/108.0.5359.94 Safari/537.36"
211.95.50.8 - - [19/Nov/2023:02:26:42 +0100] "GET /gui/javascript/form_form.js HTTP/1.1" 200 16206 "http://212.69.160.11/layout.php" "Mozilla/5.0 (X11; Linux x86_64) AppleWebKit/537.36 (KHTML, like Gecko) HeadlessChrome/108.0.5359.94 Safari/537.36"
111.7.96.181 - - [19/Nov/2023:02:26:42 +0100] "GET / HTTP/1.1" 200 274 "-" "Mozilla/5.0 (Macintosh; Intel Mac OS X 11_0_0) AppleWebKit/537.36 (KHTML, like Gecko) Chrome/87.0.4280.88 Safari/537.36"
211.95.50.5 - - [19/Nov/2023:02:26:42 +0100] "GET /entry.php?id=10287 HTTP/1.1" 200 2385 "http://staff.castlegem.co.uk/entry.php?id=11412" "Mozilla/5.0 (X11; Linux x86_64) AppleWebKit/537.36 (KHTML, like Gecko) HeadlessChrome/108.0.5359.94 Safari/537.36"
211.95.50.5 - - [19/Nov/2023:02:26:42 +0100] "GET /entry.php?id=10271& HTTP/1.1" 200 933 "http://staff.castlegem.co.uk/entry.php?id=10272" "Mozilla/5.0 (X11; Linux x86_64) AppleWebKit/537.36 (KHTML, like Gecko) HeadlessChrome/108.0.5359.94 Safari/537.36"
211.95.50.8 - - [19/Nov/2023:02:26:42 +0100] "GET /gui/javascript/form_form.js?1700357202 HTTP/1.1" 200 16206 "http://mail.creativecube.at/entry.php?id=10273" "Mozilla/5.0 (X11; Linux x86_64) AppleWebKit/537.36 (KHTML, like Gecko) HeadlessChrome/108.0.5359.94 Safari/537.36"
211.95.50.7 - - [19/Nov/2023:02:26:43 +0100] "GET /framework/webfx/javascript/toolbar/ieemu.js HTTP/1.1" 200 2366 "http://mail.creativecube.at/entry.php?id=10273" "Mozilla/5.0 (X11; Linux x86_64) AppleWebKit/537.36 (KHTML, like Gecko) HeadlessChrome/108.0.5359.94 Safari/537.36"
211.95.50.7 - - [19/Nov/2023:02:26:43 +0100] "GET /gui/javascript/jquery/jquery-tooltip/jquery.tooltip.min.js HTTP/1.1" 200 1982 "http://mail.creativecube.at/entry.php?id=10273" "Mozilla/5.0 (X11; Linux x86_64) AppleWebKit/537.36 (KHTML, like Gecko) HeadlessChrome/108.0.5359.94 Safari/537.36"
211.95.50.8 - - [19/Nov/2023:02:26:43 +0100] "GET /gui/javascript/jquery/js/jquery-1.8.2.js HTTP/1.1" 200 35391 "http://mail.creativecube.at/entry.php?id=10273" "Mozilla/5.0 (X11; Linux x86_64) AppleWebKit/537.36 (KHTML, like Gecko) HeadlessChrome/108.0.5359.94 Safari/537.36"
211.95.50.8 - - [19/Nov/2023:02:26:43 +0100] "GET /framework/webfx/javascript/toolbar/cb2.js HTTP/1.1" 200 1686 "http://mail.creativecube.at/entry.php?id=10273" "Mozilla/5.0 (X11; Linux x86_64) AppleWebKit/537.36 (KHTML, like Gecko) HeadlessChrome/108.0.5359.94 Safari/537.36"
111.7.96.181 - - [19/Nov/2023:02:26:43 +0100] "GET /layout.php HTTP/1.1" 200 826 "http://food-and-drink.vienna-lodgings.at/" "Mozilla/5.0 (X11; Linux x86_64) AppleWebKit/537.36 (KHTML, like Gecko) HeadlessChrome/108.0.5359.94 Safari/537.36"
211.95.50.7 - - [19/Nov/2023:02:26:43 +0100] "GET /entry.php?id=10270 HTTP/1.1" 200 908 "http://212.69.160.11/layout.php" "Mozilla/5.0 (X11; Linux x86_64) AppleWebKit/537.36 (KHTML, like Gecko) HeadlessChrome/108.0.5359.94 Safari/537.36"
211.95.50.8 - - [19/Nov/2023:02:26:43 +0100] "GET /entry.php?id=10273 HTTP/1.1" 200 1900 "http://212.69.160.11/layout.php" "Mozilla/5.0 (X11; Linux x86_64) AppleWebKit/537.36 (KHTML, like Gecko) HeadlessChrome/108.0.5359.94 Safari/537.36"
211.95.50.4 - - [19/Nov/2023:02:26:43 +0100] "GET /gui/javascript/form_form.js?1700357203 HTTP/1.1" 200 16206 "http://staff.castlegem.co.uk/entry.php?id=10287" "Mozilla/5.0 (X11; Linux x86_64) AppleWebKit/537.36 (KHTML, like Gecko) HeadlessChrome/108.0.5359.94 Safari/537.36"
211.95.50.7 - - [19/Nov/2023:02:26:43 +0100] "GET /entry.php?id=10272 HTTP/1.1" 200 1159 "http://212.69.160.11/layout.php" "Mozilla/5.0 (X11; Linux x86_64) AppleWebKit/537.36 (KHTML, like Gecko) HeadlessChrome/108.0.5359.94 Safari/537.36"
211.95.50.8 - - [19/Nov/2023:02:26:43 +0100] "GET /entry.php?id=11412 HTTP/1.1" 200 1759 "http://212.69.160.11/layout.php" "Mozilla/5.0 (X11; Linux x86_64) AppleWebKit/537.36 (KHTML, like Gecko) HeadlessChrome/108.0.5359.94 Safari/537.36"
211.95.50.8 - - [19/Nov/2023:02:26:43 +0100] "GET /framework/webfx/javascript/statusbar/statusBar.js HTTP/1.1" 200 649 "http://mail.creativecube.at/entry.php?id=10272" "Mozilla/5.0 (X11; Linux x86_64) AppleWebKit/537.36 (KHTML, like Gecko) HeadlessChrome/108.0.5359.94 Safari/537.36"
211.95.50.8 - - [19/Nov/2023:02:26:44 +0100] "GET /gui/javascript/jquery/css/gui-themes/custom.min.css HTTP/1.1" 200 5618 "http://212.69.160.11/entry.php?id=10273" "Mozilla/5.0 (X11; Linux x86_64) AppleWebKit/537.36 (KHTML, like Gecko) HeadlessChrome/108.0.5359.94 Safari/537.36"
211.95.50.8 - - [19/Nov/2023:02:26:43 +0100] "GET /gui/javascript/jquery/js/jquery-ui-1.9.0.custom.min.js HTTP/1.1" 200 51286 "http://mail.creativecube.at/entry.php?id=10273" "Mozilla/5.0 (X11; Linux x86_64) AppleWebKit/537.36 (KHTML, like Gecko) HeadlessChrome/108.0.5359.94 Safari/537.36"
111.7.96.181 - - [19/Nov/2023:02:26:43 +0100] "GET /gui/javascript/form_form.js HTTP/1.1" 200 16206 "http://food-and-drink.vienna-lodgings.at/layout.php" "Mozilla/5.0 (X11; Linux x86_64) AppleWebKit/537.36 (KHTML, like Gecko) HeadlessChrome/108.0.5359.94 Safari/537.36"
211.95.50.7 - - [19/Nov/2023:02:26:44 +0100] "GET /gui/javascript/jquery/css/gui-themes/ui.spinner.css HTTP/1.1" 200 350 "http://212.69.160.11/entry.php?id=10273" "Mozilla/5.0 (X11; Linux x86_64) AppleWebKit/537.36 (KHTML, like Gecko) HeadlessChrome/108.0.5359.94 Safari/537.36"
211.95.50.8 - - [19/Nov/2023:02:26:44 +0100] "GET /gui/javascript/jquery/css/gui-themes/jquery.tooltip.css HTTP/1.1" 200 246 "http://212.69.160.11/entry.php?id=10273" "Mozilla/5.0 (X11; Linux x86_64) AppleWebKit/537.36 (KHTML, like Gecko) HeadlessChrome/108.0.5359.94 Safari/537.36"
211.95.50.8 - - [19/Nov/2023:02:26:44 +0100] "GET /framework/webfx/style/toolbar/cb2.css HTTP/1.1" 200 793 "http://212.69.160.11/entry.php?id=10273" "Mozilla/5.0 (X11; Linux x86_64) AppleWebKit/537.36 (KHTML, like Gecko) HeadlessChrome/108.0.5359.94 Safari/537.36"
211.95.50.7 - - [19/Nov/2023:02:26:44 +0100] "GET /gui/styles/tmplDefault.css HTTP/1.1" 200 2135 "http://212.69.160.11/entry.php?id=11412" "Mozilla/5.0 (X11; Linux x86_64) AppleWebKit/537.36 (KHTML, like Gecko) HeadlessChrome/108.0.5359.94 Safari/537.36"
211.95.50.4 - - [19/Nov/2023:02:26:44 +0100] "GET /entry.php?id=10273& HTTP/1.1" 200 1900 "http://staff.castlegem.co.uk/entry.php?id=10287" "Mozilla/5.0 (X11; Linux x86_64) AppleWebKit/537.36 (KHTML, like Gecko) HeadlessChrome/108.0.5359.94 Safari/537.36"
211.95.50.4 - - [19/Nov/2023:02:26:44 +0100] "GET /entry.php?id=10270& HTTP/1.1" 200 908 "http://staff.castlegem.co.uk/entry.php?id=10287" "Mozilla/5.0 (X11; Linux x86_64) AppleWebKit/537.36 (KHTML, like Gecko) HeadlessChrome/108.0.5359.94 Safari/537.36"
111.7.96.181 - - [19/Nov/2023:02:26:44 +0100] "GET /entry.php?id=10273 HTTP/1.1" 200 1900 "http://food-and-drink.vienna-lodgings.at/layout.php" "Mozilla/5.0 (X11; Linux x86_64) AppleWebKit/537.36 (KHTML, like Gecko) HeadlessChrome/108.0.5359.94 Safari/537.36"
111.7.96.181 - - [19/Nov/2023:02:26:44 +0100] "GET /entry.php?id=10270 HTTP/1.1" 200 908 "http://food-and-drink.vienna-lodgings.at/layout.php" "Mozilla/5.0 (X11; Linux x86_64) AppleWebKit/537.36 (KHTML, like Gecko) HeadlessChrome/108.0.5359.94 Safari/537.36"
211.95.50.8 - - [19/Nov/2023:02:26:45 +0100] "GET /entry.php?id=10271& HTTP/1.1" 200 934 "http://mail.creativecube.at/entry.php?id=10272" "Mozilla/5.0 (X11; Linux x86_64) AppleWebKit/537.36 (KHTML, like Gecko) HeadlessChrome/108.0.5359.94 Safari/537.36"
211.95.50.7 - - [19/Nov/2023:02:26:44 +0100] "GET /gui/javascript/form_form.js?1700357203 HTTP/1.1" 200 16206 "http://212.69.160.11/entry.php?id=10273" "Mozilla/5.0 (X11; Linux x86_64) AppleWebKit/537.36 (KHTML, like Gecko) HeadlessChrome/108.0.5359.94 Safari/537.36"
211.95.50.8 - - [19/Nov/2023:02:26:45 +0100] "GET /activities.ico HTTP/1.1" 200 1406 "-" "Mozilla/5.0 (Macintosh; Intel Mac OS X 10_15_7) AppleWebKit/537.36 (KHTML, like Gecko) Chrome/96.0.4664.110 Safari/537.36"
111.7.96.181 - - [19/Nov/2023:02:26:44 +0100] "GET /entry.php?id=11412 HTTP/1.1" 200 1759 "http://food-and-drink.vienna-lodgings.at/layout.php" "Mozilla/5.0 (X11; Linux x86_64) AppleWebKit/537.36 (KHTML, like Gecko) HeadlessChrome/108.0.5359.94 Safari/537.36"
211.95.50.7 - - [19/Nov/2023:02:26:44 +0100] "GET /entry.php?id=10287 HTTP/1.1" 200 2386 "http://mail.creativecube.at/entry.php?id=11412" "Mozilla/5.0 (X11; Linux x86_64) AppleWebKit/537.36 (KHTML, like Gecko) HeadlessChrome/108.0.5359.94 Safari/537.36"
111.7.96.181 - - [19/Nov/2023:02:26:45 +0100] "GET /entry.php?id=10272 HTTP/1.1" 200 1159 "http://food-and-drink.vienna-lodgings.at/layout.php" "Mozilla/5.0 (X11; Linux x86_64) AppleWebKit/537.36 (KHTML, like Gecko) HeadlessChrome/108.0.5359.94 Safari/537.36"
211.95.50.7 - - [19/Nov/2023:02:26:45 +0100] "GET /gui/javascript/jquery/jquery-tooltip/jquery.tooltip.min.js HTTP/1.1" 200 1982 "http://212.69.160.11/entry.php?id=10273" "Mozilla/5.0 (X11; Linux x86_64) AppleWebKit/537.36 (KHTML, like Gecko) HeadlessChrome/108.0.5359.94 Safari/537.36"
211.95.50.8 - - [19/Nov/2023:02:26:45 +0100] "GET /framework/webfx/javascript/toolbar/ieemu.js HTTP/1.1" 200 2366 "http://212.69.160.11/entry.php?id=10273" "Mozilla/5.0 (X11; Linux x86_64) AppleWebKit/537.36 (KHTML, like Gecko) HeadlessChrome/108.0.5359.94 Safari/537.36"
211.95.50.8 - - [19/Nov/2023:02:26:44 +0100] "GET /gui/javascript/jquery/js/jquery-1.8.2.js HTTP/1.1" 200 35391 "http://212.69.160.11/entry.php?id=10273" "Mozilla/5.0 (X11; Linux x86_64) AppleWebKit/537.36 (KHTML, like Gecko) HeadlessChrome/108.0.5359.94 Safari/537.36"
111.7.96.181 - - [19/Nov/2023:02:26:45 +0100] "GET /gui/javascript/jquery/css/gui-themes/custom.min.css HTTP/1.1" 200 5618 "http://food-and-drink.vienna-lodgings.at/entry.php?id=10273" "Mozilla/5.0 (X11; Linux x86_64) AppleWebKit/537.36 (KHTML, like Gecko) HeadlessChrome/108.0.5359.94 Safari/537.36"
211.95.50.7 - - [19/Nov/2023:02:26:45 +0100] "GET /framework/webfx/javascript/toolbar/cb2.js HTTP/1.1" 200 1686 "http://212.69.160.11/entry.php?id=10273" "Mozilla/5.0 (X11; Linux x86_64) AppleWebKit/537.36 (KHTML, like Gecko) HeadlessChrome/108.0.5359.94 Safari/537.36"
111.7.96.181 - - [19/Nov/2023:02:26:45 +0100] "GET /gui/javascript/jquery/css/gui-themes/ui.spinner.css HTTP/1.1" 200 350 "http://food-and-drink.vienna-lodgings.at/entry.php?id=10273" "Mozilla/5.0 (X11; Linux x86_64) AppleWebKit/537.36 (KHTML, like Gecko) HeadlessChrome/108.0.5359.94 Safari/537.36"
211.95.50.5 - - [19/Nov/2023:02:26:45 +0100] "GET /gui/javascript/form_form.js?1700357204 HTTP/1.1" 200 16206 "http://staff.castlegem.co.uk/entry.php?id=10273&" "Mozilla/5.0 (X11; Linux x86_64) AppleWebKit/537.36 (KHTML, like Gecko) HeadlessChrome/108.0.5359.94 Safari/537.36"
111.7.96.181 - - [19/Nov/2023:02:26:45 +0100] "GET /gui/javascript/jquery/css/gui-themes/jquery.tooltip.css HTTP/1.1" 200 246 "http://food-and-drink.vienna-lodgings.at/entry.php?id=10273" "Mozilla/5.0 (X11; Linux x86_64) AppleWebKit/537.36 (KHTML, like Gecko) HeadlessChrome/108.0.5359.94 Safari/537.36"
111.7.96.181 - - [19/Nov/2023:02:26:45 +0100] "GET /framework/webfx/style/toolbar/cb2.css HTTP/1.1" 200 793 "http://food-and-drink.vienna-lodgings.at/entry.php?id=10273" "Mozilla/5.0 (X11; Linux x86_64) AppleWebKit/537.36 (KHTML, like Gecko) HeadlessChrome/108.0.5359.94 Safari/537.36"
211.95.50.8 - - [19/Nov/2023:02:26:45 +0100] "GET /framework/webfx/javascript/statusbar/statusBar.js HTTP/1.1" 200 649 "http://212.69.160.11/entry.php?id=10272" "Mozilla/5.0 (X11; Linux x86_64) AppleWebKit/537.36 (KHTML, like Gecko) HeadlessChrome/108.0.5359.94 Safari/537.36"
111.7.96.181 - - [19/Nov/2023:02:26:45 +0100] "GET /gui/styles/tmplDefault.css HTTP/1.1" 200 2135 "http://food-and-drink.vienna-lodgings.at/entry.php?id=11412" "Mozilla/5.0 (X11; Linux x86_64) AppleWebKit/537.36 (KHTML, like Gecko) HeadlessChrome/108.0.5359.94 Safari/537.36"
211.95.50.7 - - [19/Nov/2023:02:26:45 +0100] "GET /gui/javascript/form_form.js?1700357205 HTTP/1.1" 200 16206 "http://mail.creativecube.at/entry.php?id=10271&" "Mozilla/5.0 (X11; Linux x86_64) AppleWebKit/537.36 (KHTML, like Gecko) HeadlessChrome/108.0.5359.94 Safari/537.36"
211.95.50.8 - - [19/Nov/2023:02:26:45 +0100] "GET /gui/javascript/jquery/js/jquery-ui-1.9.0.custom.min.js HTTP/1.1" 200 51286 "http://212.69.160.11/entry.php?id=10273" "Mozilla/5.0 (X11; Linux x86_64) AppleWebKit/537.36 (KHTML, like Gecko) HeadlessChrome/108.0.5359.94 Safari/537.36"
111.7.96.181 - - [19/Nov/2023:02:26:45 +0100] "GET /gui/javascript/form_form.js?1700357204 HTTP/1.1" 200 16206 "http://food-and-drink.vienna-lodgings.at/entry.php?id=10273" "Mozilla/5.0 (X11; Linux x86_64) AppleWebKit/537.36 (KHTML, like Gecko) HeadlessChrome/108.0.5359.94 Safari/537.36"
111.7.96.181 - - [19/Nov/2023:02:26:46 +0100] "GET /framework/webfx/javascript/toolbar/ieemu.js HTTP/1.1" 200 2366 "http://food-and-drink.vienna-lodgings.at/entry.php?id=10273" "Mozilla/5.0 (X11; Linux x86_64) AppleWebKit/537.36 (KHTML, like Gecko) HeadlessChrome/108.0.5359.94 Safari/537.36"
111.7.96.181 - - [19/Nov/2023:02:26:46 +0100] "GET /gui/javascript/jquery/jquery-tooltip/jquery.tooltip.min.js HTTP/1.1" 200 1982 "http://food-and-drink.vienna-lodgings.at/entry.php?id=10273" "Mozilla/5.0 (X11; Linux x86_64) AppleWebKit/537.36 (KHTML, like Gecko) HeadlessChrome/108.0.5359.94 Safari/537.36"
111.7.96.181 - - [19/Nov/2023:02:26:45 +0100] "GET /gui/javascript/jquery/js/jquery-1.8.2.js HTTP/1.1" 200 35391 "http://food-and-drink.vienna-lodgings.at/entry.php?id=10273" "Mozilla/5.0 (X11; Linux x86_64) AppleWebKit/537.36 (KHTML, like Gecko) HeadlessChrome/108.0.5359.94 Safari/537.36"
111.7.96.181 - - [19/Nov/2023:02:26:46 +0100] "GET /framework/webfx/javascript/toolbar/cb2.js HTTP/1.1" 200 1686 "http://food-and-drink.vienna-lodgings.at/entry.php?id=10273" "Mozilla/5.0 (X11; Linux x86_64) AppleWebKit/537.36 (KHTML, like Gecko) HeadlessChrome/108.0.5359.94 Safari/537.36"
211.95.50.8 - - [19/Nov/2023:02:26:46 +0100] "GET /activities.ico HTTP/1.1" 200 1406 "-" "Mozilla/5.0 (Macintosh; Intel Mac OS X 10_15_7) AppleWebKit/537.36 (KHTML, like Gecko) Chrome/96.0.4664.110 Safari/537.36"
211.95.50.8 - - [19/Nov/2023:02:26:46 +0100] "GET /entry.php?id=10270& HTTP/1.1" 200 907 "http://mail.creativecube.at/entry.php?id=10287" "Mozilla/5.0 (X11; Linux x86_64) AppleWebKit/537.36 (KHTML, like Gecko) HeadlessChrome/108.0.5359.94 Safari/537.36"
211.95.50.4 - - [19/Nov/2023:02:26:46 +0100] "GET /activities.ico HTTP/1.1" 200 1406 "-" "Mozilla/5.0 (Macintosh; Intel Mac OS X 10_15_7) AppleWebKit/537.36 (KHTML, like Gecko) Chrome/96.0.4664.110 Safari/537.36"
211.95.50.8 - - [19/Nov/2023:02:26:46 +0100] "GET /entry.php?id=10273& HTTP/1.1" 200 1900 "http://mail.creativecube.at/entry.php?id=10287" "Mozilla/5.0 (X11; Linux x86_64) AppleWebKit/537.36 (KHTML, like Gecko) HeadlessChrome/108.0.5359.94 Safari/537.36"
111.7.96.181 - - [19/Nov/2023:02:26:46 +0100] "GET /gui/javascript/jquery/js/jquery-ui-1.9.0.custom.min.js HTTP/1.1" 200 51286 "http://food-and-drink.vienna-lodgings.at/entry.php?id=10273" "Mozilla/5.0 (X11; Linux x86_64) AppleWebKit/537.36 (KHTML, like Gecko) HeadlessChrome/108.0.5359.94 Safari/537.36"
211.95.50.8 - - [19/Nov/2023:02:26:46 +0100] "GET /entry.php?id=10271& HTTP/1.1" 200 933 "http://212.69.160.11/entry.php?id=10272" "Mozilla/5.0 (X11; Linux x86_64) AppleWebKit/537.36 (KHTML, like Gecko) HeadlessChrome/108.0.5359.94 Safari/537.36"
111.7.96.181 - - [19/Nov/2023:02:26:46 +0100] "GET /framework/webfx/javascript/statusbar/statusBar.js HTTP/1.1" 200 649 "http://food-and-drink.vienna-lodgings.at/entry.php?id=10272" "Mozilla/5.0 (X11; Linux x86_64) AppleWebKit/537.36 (KHTML, like Gecko) HeadlessChrome/108.0.5359.94 Safari/537.36"
211.95.50.7 - - [19/Nov/2023:02:26:46 +0100] "GET /entry.php?id=10287 HTTP/1.1" 200 2385 "http://212.69.160.11/entry.php?id=11412" "Mozilla/5.0 (X11; Linux x86_64) AppleWebKit/537.36 (KHTML, like Gecko) HeadlessChrome/108.0.5359.94 Safari/537.36"
111.7.96.181 - - [19/Nov/2023:02:26:46 +0100] "GET /gui/javascript/form_form.js?1700357205 HTTP/1.1" 200 16206 "http://food-and-drink.vienna-lodgings.at/entry.php?id=10270" "Mozilla/5.0 (X11; Linux x86_64) AppleWebKit/537.36 (KHTML, like Gecko) HeadlessChrome/108.0.5359.94 Safari/537.36"
211.95.50.7 - - [19/Nov/2023:02:26:46 +0100] "GET /gui/javascript/form_form.js?1700357206 HTTP/1.1" 200 16206 "http://mail.creativecube.at/entry.php?id=10270&" "Mozilla/5.0 (X11; Linux x86_64) AppleWebKit/537.36 (KHTML, like Gecko) HeadlessChrome/108.0.5359.94 Safari/537.36"
36.99.136.128 - - [19/Nov/2023:02:26:47 +0100] "GET /activities.ico HTTP/1.1" 200 1406 "-" "Mozilla/5.0 (Macintosh; Intel Mac OS X 10_15_7) AppleWebKit/537.36 (KHTML, like Gecko) Chrome/96.0.4664.110 Safari/537.36"
211.95.50.7 - - [19/Nov/2023:02:26:47 +0100] "GET /gui/javascript/form_form.js?1700357206 HTTP/1.1" 200 16206 "http://212.69.160.11/entry.php?id=10271&" "Mozilla/5.0 (X11; Linux x86_64) AppleWebKit/537.36 (KHTML, like Gecko) HeadlessChrome/108.0.5359.94 Safari/537.36"
111.7.96.181 - - [19/Nov/2023:02:26:47 +0100] "GET /entry.php?id=10287 HTTP/1.1" 200 2386 "http://food-and-drink.vienna-lodgings.at/entry.php?id=11412" "Mozilla/5.0 (X11; Linux x86_64) AppleWebKit/537.36 (KHTML, like Gecko) HeadlessChrome/108.0.5359.94 Safari/537.36"
111.7.96.181 - - [19/Nov/2023:02:26:47 +0100] "GET /entry.php?id=10271& HTTP/1.1" 200 934 "http://food-and-drink.vienna-lodgings.at/entry.php?id=10272" "Mozilla/5.0 (X11; Linux x86_64) AppleWebKit/537.36 (KHTML, like Gecko) HeadlessChrome/108.0.5359.94 Safari/537.36"
111.7.96.181 - - [19/Nov/2023:02:26:48 +0100] "GET /activities.ico HTTP/1.1" 200 1406 "-" "Mozilla/5.0 (Macintosh; Intel Mac OS X 10_15_7) AppleWebKit/537.36 (KHTML, like Gecko) Chrome/96.0.4664.110 Safari/537.36"
211.95.50.7 - - [19/Nov/2023:02:26:48 +0100] "GET /entry.php?id=10270& HTTP/1.1" 200 908 "http://212.69.160.11/entry.php?id=10287" "Mozilla/5.0 (X11; Linux x86_64) AppleWebKit/537.36 (KHTML, like Gecko) HeadlessChrome/108.0.5359.94 Safari/537.36"
211.95.50.7 - - [19/Nov/2023:02:26:48 +0100] "GET /entry.php?id=10273& HTTP/1.1" 200 1901 "http://212.69.160.11/entry.php?id=10287" "Mozilla/5.0 (X11; Linux x86_64) AppleWebKit/537.36 (KHTML, like Gecko) HeadlessChrome/108.0.5359.94 Safari/537.36"
111.7.96.181 - - [19/Nov/2023:02:26:48 +0100] "GET /gui/javascript/form_form.js?1700357207 HTTP/1.1" 200 16206 "http://food-and-drink.vienna-lodgings.at/entry.php?id=10287" "Mozilla/5.0 (X11; Linux x86_64) AppleWebKit/537.36 (KHTML, like Gecko) HeadlessChrome/108.0.5359.94 Safari/537.36"
211.95.50.8 - - [19/Nov/2023:02:26:48 +0100] "GET /gui/javascript/form_form.js?1700357208 HTTP/1.1" 200 16206 "http://212.69.160.11/entry.php?id=10270&" "Mozilla/5.0 (X11; Linux x86_64) AppleWebKit/537.36 (KHTML, like Gecko) HeadlessChrome/108.0.5359.94 Safari/537.36"
111.7.96.181 - - [19/Nov/2023:02:26:49 +0100] "GET /entry.php?id=10273& HTTP/1.1" 200 1901 "http://food-and-drink.vienna-lodgings.at/entry.php?id=10287" "Mozilla/5.0 (X11; Linux x86_64) AppleWebKit/537.36 (KHTML, like Gecko) HeadlessChrome/108.0.5359.94 Safari/537.36"
111.7.96.181 - - [19/Nov/2023:02:26:49 +0100] "GET /entry.php?id=10270& HTTP/1.1" 200 908 "http://food-and-drink.vienna-lodgings.at/entry.php?id=10287" "Mozilla/5.0 (X11; Linux x86_64) AppleWebKit/537.36 (KHTML, like Gecko) HeadlessChrome/108.0.5359.94 Safari/537.36"
111.7.96.181 - - [19/Nov/2023:02:26:49 +0100] "GET /gui/javascript/form_form.js?1700357209 HTTP/1.1" 200 16206 "http://food-and-drink.vienna-lodgings.at/entry.php?id=10273&" "Mozilla/5.0 (X11; Linux x86_64) AppleWebKit/537.36 (KHTML, like Gecko) HeadlessChrome/108.0.5359.94 Safari/537.36"
111.7.96.181 - - [19/Nov/2023:02:27:11 +0100] "-" 408 - "-" "-"
36.99.136.137 - - [19/Nov/2023:02:27:18 +0100] "GET / HTTP/1.1" 200 274 "-" "Mozilla/5.0 (Macintosh; Intel Mac OS X 10_15_7) AppleWebKit/537.36 (KHTML, like Gecko) Chrome/96.0.4664.110 Safari/537.36"
36.99.136.128 - - [19/Nov/2023:02:27:33 +0100] "GET /activities.ico HTTP/1.1" 200 1406 "-" "Mozilla/5.0 (Macintosh; Intel Mac OS X 10_15_7) AppleWebKit/537.36 (KHTML, like Gecko) Chrome/96.0.4664.110 Safari/537.36"
162.216.150.204 - - [19/Nov/2023:02:33:33 +0100] "GET / HTTP/1.1" 200 423 "-" "Expanse, a Palo Alto Networks company, searches across the global IPv4 space multiple times per day to identify customers' presences on the Internet. If you would like to be excluded from our scans, please send IP addresses/domains to: scaninfo@paloaltonetworks.com"
167.94.138.125 - - [19/Nov/2023:02:37:54 +0100] "GET / HTTP/1.1" 200 423 "-" "-"
167.94.138.125 - - [19/Nov/2023:02:37:58 +0100] "GET / HTTP/1.1" 200 274 "-" "Mozilla/5.0 (compatible; CensysInspect/1.1; +https://about.censys.io/)"
167.94.138.125 - - [19/Nov/2023:02:37:58 +0100] "PRI * HTTP/2.0" 400 383 "-" "-"
167.94.138.125 - - [19/Nov/2023:02:37:59 +0100] "GET /activities.ico HTTP/1.1" 200 1406 "-" "Mozilla/5.0 (compatible; CensysInspect/1.1; +https://about.censys.io/)"
167.94.138.125 - - [19/Nov/2023:02:37:59 +0100] "GET /favicon.ico HTTP/1.1" 404 284 "-" "Mozilla/5.0 (compatible; CensysInspect/1.1; +https://about.censys.io/)"
67.217.57.54 - - [19/Nov/2023:03:05:30 +0100] "GET / HTTP/1.1" 200 423 "-" "-"
67.217.57.54 - - [19/Nov/2023:03:32:01 +0100] "GET / HTTP/1.1" 200 423 "-" "-"
200.53.24.92 - - [19/Nov/2023:03:38:17 +0100] "GET / HTTP/1.1" 200 423 "-" "Mozilla/5.0 (Windows NT 10.0; WOW64) AppleWebKit/537.36 (KHTML, like Gecko) Chrome/52.0.2743.116 Safari/537.36"
35.158.62.178 - - [19/Nov/2023:03:56:05 +0100] "GET /robots.txt HTTP/1.1" 404 293 "-" "webprosbot/2.0 (+mailto:abuse-6337@webpros.com)"
35.158.62.178 - - [19/Nov/2023:03:56:05 +0100] "GET / HTTP/1.1" 200 274 "-" "webprosbot/2.0 (+mailto:abuse-6337@webpros.com)"
67.217.57.54 - - [19/Nov/2023:04:30:44 +0100] "GET / HTTP/1.1" 200 423 "-" "-"
143.198.188.210 - - [19/Nov/2023:04:39:42 +0100] "GET / HTTP/1.0" 200 423 "-" "Mozilla/5.0 (X11; Linux x86_64; rv:98.0) Gecko/20100101 Firefox/98.0"
205.210.31.206 - - [19/Nov/2023:05:09:26 +0100] "\x16\x03\x01" 400 383 "-" "-"
205.210.31.206 - - [19/Nov/2023:05:09:27 +0100] "\x16\x03\x01" 400 383 "-" "-"
67.217.57.54 - - [19/Nov/2023:05:36:00 +0100] "GET / HTTP/1.1" 200 423 "-" "-"
