198.235.24.165 - - [07/Dec/2023:01:10:02 +0100] "GET / HTTP/1.1" 200 423 "-" "Expanse, a Palo Alto Networks company, searches across the global IPv4 space multiple times per day to identify customers' presences on the Internet. If you would like to be excluded from our scans, please send IP addresses/domains to: scaninfo@paloaltonetworks.com"
213.244.248.47 - - [07/Dec/2023:01:19:23 +0100] "GET /download/file.php?id=167&sid=78105d877855b089473304da426309de HTTP/1.1" 404 373 "-" "Mozilla/5.0 (X11; Ubuntu; Linux x86_64; rv:72.0) Gecko/20100101 Firefox/72.0 (compatible; mozilla/5.0 (windows nt 6.1; win64; x64) applewebkit/537.36 (khtml, like gecko) chrome/58.0.3029.110 safari/537.3; +https://github.com/rom1504/img2dataset)"
170.106.115.15 - - [07/Dec/2023:01:31:51 +0100] "GET / HTTP/1.1" 200 423 "-" "curl/7.64.1"
36.99.136.136 - - [07/Dec/2023:01:32:06 +0100] "GET / HTTP/1.1" 200 274 "-" "Mozilla/5.0 (Macintosh; Intel Mac OS X 10_15_7) AppleWebKit/537.36 (KHTML, like Gecko) Chrome/96.0.4664.110 Safari/537.36"
36.99.136.129 - - [07/Dec/2023:01:32:06 +0100] "GET / HTTP/1.1" 200 274 "-" "Mozilla/5.0 (Macintosh; Intel Mac OS X 10_15_7) AppleWebKit/537.36 (KHTML, like Gecko) Chrome/96.0.4664.110 Safari/537.36"
36.99.136.128 - - [07/Dec/2023:01:32:06 +0100] "GET / HTTP/1.1" 200 274 "-" "Mozilla/5.0 (Macintosh; Intel Mac OS X 10_15_7) AppleWebKit/537.36 (KHTML, like Gecko) Chrome/96.0.4664.110 Safari/537.36"
36.99.136.129 - - [07/Dec/2023:01:32:06 +0100] "GET / HTTP/1.1" 200 274 "-" "Mozilla/5.0 (Macintosh; Intel Mac OS X 10_15_7) AppleWebKit/537.36 (KHTML, like Gecko) Chrome/96.0.4664.110 Safari/537.36"
36.99.136.136 - - [07/Dec/2023:01:32:06 +0100] "GET / HTTP/1.1" 200 274 "-" "Mozilla/5.0 (Macintosh; Intel Mac OS X 10_15_7) AppleWebKit/537.36 (KHTML, like Gecko) Chrome/96.0.4664.110 Safari/537.36"
111.7.96.172 - - [07/Dec/2023:01:32:06 +0100] "GET / HTTP/1.1" 200 274 "-" "Mozilla/5.0 (Macintosh; Intel Mac OS X 10_15_7) AppleWebKit/537.36 (KHTML, like Gecko) Chrome/96.0.4664.110 Safari/537.36"
36.99.136.128 - - [07/Dec/2023:01:32:07 +0100] "GET / HTTP/1.1" 200 274 "-" "Mozilla/5.0 (Macintosh; Intel Mac OS X 11_0_0) AppleWebKit/537.36 (KHTML, like Gecko) Chrome/87.0.4280.88 Safari/537.36"
36.99.136.129 - - [07/Dec/2023:01:32:07 +0100] "GET / HTTP/1.1" 200 274 "-" "Mozilla/5.0 (Macintosh; Intel Mac OS X 11_0_0) AppleWebKit/537.36 (KHTML, like Gecko) Chrome/87.0.4280.88 Safari/537.36"
36.99.136.136 - - [07/Dec/2023:01:32:07 +0100] "GET / HTTP/1.1" 200 274 "-" "Mozilla/5.0 (Macintosh; Intel Mac OS X 11_0_0) AppleWebKit/537.36 (KHTML, like Gecko) Chrome/87.0.4280.88 Safari/537.36"
36.99.136.129 - - [07/Dec/2023:01:32:07 +0100] "GET / HTTP/1.1" 200 274 "-" "Mozilla/5.0 (Macintosh; Intel Mac OS X 11_0_0) AppleWebKit/537.36 (KHTML, like Gecko) Chrome/87.0.4280.88 Safari/537.36"
36.99.136.137 - - [07/Dec/2023:01:32:07 +0100] "GET / HTTP/1.1" 200 274 "-" "Mozilla/5.0 (Macintosh; Intel Mac OS X 11_0_0) AppleWebKit/537.36 (KHTML, like Gecko) Chrome/87.0.4280.88 Safari/537.36"
111.7.96.172 - - [07/Dec/2023:01:32:07 +0100] "GET / HTTP/1.1" 200 274 "-" "Mozilla/5.0 (Macintosh; Intel Mac OS X 11_0_0) AppleWebKit/537.36 (KHTML, like Gecko) Chrome/87.0.4280.88 Safari/537.36"
111.7.96.172 - - [07/Dec/2023:01:32:08 +0100] "GET /layout.php HTTP/1.1" 200 826 "http://food-and-drink.vienna-lodgings.at/" "Mozilla/5.0 (X11; Linux x86_64) AppleWebKit/537.36 (KHTML, like Gecko) HeadlessChrome/108.0.5359.94 Safari/537.36"
36.99.136.137 - - [07/Dec/2023:01:32:08 +0100] "GET /layout.php HTTP/1.1" 200 818 "http://smtpo.financetrainer.com/" "Mozilla/5.0 (X11; Linux x86_64) AppleWebKit/537.36 (KHTML, like Gecko) HeadlessChrome/111.0.5553.0 Safari/537.36"
36.99.136.137 - - [07/Dec/2023:01:32:08 +0100] "GET /gui/javascript/form_form.js HTTP/1.1" 200 16206 "http://smtpo.financetrainer.com/layout.php" "Mozilla/5.0 (X11; Linux x86_64) AppleWebKit/537.36 (KHTML, like Gecko) HeadlessChrome/111.0.5553.0 Safari/537.36"
111.7.96.172 - - [07/Dec/2023:01:32:09 +0100] "GET /gui/javascript/form_form.js HTTP/1.1" 200 16206 "http://food-and-drink.vienna-lodgings.at/layout.php" "Mozilla/5.0 (X11; Linux x86_64) AppleWebKit/537.36 (KHTML, like Gecko) HeadlessChrome/108.0.5359.94 Safari/537.36"
36.99.136.137 - - [07/Dec/2023:01:32:09 +0100] "GET /entry.php?id=10273 HTTP/1.1" 200 1902 "http://smtpo.financetrainer.com/layout.php" "Mozilla/5.0 (X11; Linux x86_64) AppleWebKit/537.36 (KHTML, like Gecko) HeadlessChrome/111.0.5553.0 Safari/537.36"
36.99.136.137 - - [07/Dec/2023:01:32:09 +0100] "GET /entry.php?id=10270 HTTP/1.1" 200 909 "http://smtpo.financetrainer.com/layout.php" "Mozilla/5.0 (X11; Linux x86_64) AppleWebKit/537.36 (KHTML, like Gecko) HeadlessChrome/111.0.5553.0 Safari/537.36"
36.99.136.136 - - [07/Dec/2023:01:32:09 +0100] "GET /entry.php?id=10272 HTTP/1.1" 200 1159 "http://smtpo.financetrainer.com/layout.php" "Mozilla/5.0 (X11; Linux x86_64) AppleWebKit/537.36 (KHTML, like Gecko) HeadlessChrome/111.0.5553.0 Safari/537.36"
36.99.136.136 - - [07/Dec/2023:01:32:09 +0100] "GET /entry.php?id=11412 HTTP/1.1" 200 1759 "http://smtpo.financetrainer.com/layout.php" "Mozilla/5.0 (X11; Linux x86_64) AppleWebKit/537.36 (KHTML, like Gecko) HeadlessChrome/111.0.5553.0 Safari/537.36"
111.7.96.172 - - [07/Dec/2023:01:32:09 +0100] "GET /entry.php?id=10273 HTTP/1.1" 200 1902 "http://food-and-drink.vienna-lodgings.at/layout.php" "Mozilla/5.0 (X11; Linux x86_64) AppleWebKit/537.36 (KHTML, like Gecko) HeadlessChrome/108.0.5359.94 Safari/537.36"
36.99.136.137 - - [07/Dec/2023:01:32:09 +0100] "GET /gui/javascript/jquery/css/gui-themes/ui.spinner.css HTTP/1.1" 200 350 "http://smtpo.financetrainer.com/entry.php?id=10273" "Mozilla/5.0 (X11; Linux x86_64) AppleWebKit/537.36 (KHTML, like Gecko) HeadlessChrome/111.0.5553.0 Safari/537.36"
36.99.136.136 - - [07/Dec/2023:01:32:09 +0100] "GET /gui/javascript/jquery/css/gui-themes/custom.min.css HTTP/1.1" 200 5618 "http://smtpo.financetrainer.com/entry.php?id=10273" "Mozilla/5.0 (X11; Linux x86_64) AppleWebKit/537.36 (KHTML, like Gecko) HeadlessChrome/111.0.5553.0 Safari/537.36"
36.99.136.136 - - [07/Dec/2023:01:32:09 +0100] "GET /gui/javascript/jquery/css/gui-themes/jquery.tooltip.css HTTP/1.1" 200 246 "http://smtpo.financetrainer.com/entry.php?id=10273" "Mozilla/5.0 (X11; Linux x86_64) AppleWebKit/537.36 (KHTML, like Gecko) HeadlessChrome/111.0.5553.0 Safari/537.36"
36.99.136.137 - - [07/Dec/2023:01:32:10 +0100] "GET /framework/webfx/style/toolbar/cb2.css HTTP/1.1" 200 793 "http://smtpo.financetrainer.com/entry.php?id=10273" "Mozilla/5.0 (X11; Linux x86_64) AppleWebKit/537.36 (KHTML, like Gecko) HeadlessChrome/111.0.5553.0 Safari/537.36"
111.7.96.172 - - [07/Dec/2023:01:32:10 +0100] "GET /entry.php?id=11412 HTTP/1.1" 200 1759 "http://food-and-drink.vienna-lodgings.at/layout.php" "Mozilla/5.0 (X11; Linux x86_64) AppleWebKit/537.36 (KHTML, like Gecko) HeadlessChrome/108.0.5359.94 Safari/537.36"
111.7.96.172 - - [07/Dec/2023:01:32:10 +0100] "GET /entry.php?id=10272 HTTP/1.1" 200 1159 "http://food-and-drink.vienna-lodgings.at/layout.php" "Mozilla/5.0 (X11; Linux x86_64) AppleWebKit/537.36 (KHTML, like Gecko) HeadlessChrome/108.0.5359.94 Safari/537.36"
111.7.96.172 - - [07/Dec/2023:01:32:10 +0100] "GET /entry.php?id=10270 HTTP/1.1" 200 909 "http://food-and-drink.vienna-lodgings.at/layout.php" "Mozilla/5.0 (X11; Linux x86_64) AppleWebKit/537.36 (KHTML, like Gecko) HeadlessChrome/108.0.5359.94 Safari/537.36"
111.7.96.172 - - [07/Dec/2023:01:32:10 +0100] "GET /gui/javascript/jquery/css/gui-themes/custom.min.css HTTP/1.1" 200 5618 "http://food-and-drink.vienna-lodgings.at/entry.php?id=10273" "Mozilla/5.0 (X11; Linux x86_64) AppleWebKit/537.36 (KHTML, like Gecko) HeadlessChrome/108.0.5359.94 Safari/537.36"
36.99.136.136 - - [07/Dec/2023:01:32:10 +0100] "GET /gui/javascript/form_form.js?1701909129 HTTP/1.1" 200 16206 "http://smtpo.financetrainer.com/entry.php?id=10273" "Mozilla/5.0 (X11; Linux x86_64) AppleWebKit/537.36 (KHTML, like Gecko) HeadlessChrome/111.0.5553.0 Safari/537.36"
111.7.96.172 - - [07/Dec/2023:01:32:10 +0100] "GET /gui/javascript/jquery/css/gui-themes/ui.spinner.css HTTP/1.1" 200 350 "http://food-and-drink.vienna-lodgings.at/entry.php?id=10273" "Mozilla/5.0 (X11; Linux x86_64) AppleWebKit/537.36 (KHTML, like Gecko) HeadlessChrome/108.0.5359.94 Safari/537.36"
36.99.136.137 - - [07/Dec/2023:01:32:10 +0100] "GET /gui/javascript/jquery/jquery-tooltip/jquery.tooltip.min.js HTTP/1.1" 200 1982 "http://smtpo.financetrainer.com/entry.php?id=10273" "Mozilla/5.0 (X11; Linux x86_64) AppleWebKit/537.36 (KHTML, like Gecko) HeadlessChrome/111.0.5553.0 Safari/537.36"
36.99.136.137 - - [07/Dec/2023:01:32:10 +0100] "GET /framework/webfx/javascript/toolbar/ieemu.js HTTP/1.1" 200 2366 "http://smtpo.financetrainer.com/entry.php?id=10273" "Mozilla/5.0 (X11; Linux x86_64) AppleWebKit/537.36 (KHTML, like Gecko) HeadlessChrome/111.0.5553.0 Safari/537.36"
111.7.96.172 - - [07/Dec/2023:01:32:10 +0100] "GET /gui/javascript/jquery/css/gui-themes/jquery.tooltip.css HTTP/1.1" 200 246 "http://food-and-drink.vienna-lodgings.at/entry.php?id=10273" "Mozilla/5.0 (X11; Linux x86_64) AppleWebKit/537.36 (KHTML, like Gecko) HeadlessChrome/108.0.5359.94 Safari/537.36"
36.99.136.137 - - [07/Dec/2023:01:32:10 +0100] "GET /gui/javascript/jquery/js/jquery-1.8.2.js HTTP/1.1" 200 35391 "http://smtpo.financetrainer.com/entry.php?id=10273" "Mozilla/5.0 (X11; Linux x86_64) AppleWebKit/537.36 (KHTML, like Gecko) HeadlessChrome/111.0.5553.0 Safari/537.36"
111.7.96.172 - - [07/Dec/2023:01:32:10 +0100] "GET /framework/webfx/style/toolbar/cb2.css HTTP/1.1" 200 793 "http://food-and-drink.vienna-lodgings.at/entry.php?id=10273" "Mozilla/5.0 (X11; Linux x86_64) AppleWebKit/537.36 (KHTML, like Gecko) HeadlessChrome/108.0.5359.94 Safari/537.36"
36.99.136.136 - - [07/Dec/2023:01:32:10 +0100] "GET /gui/javascript/jquery/js/jquery-ui-1.9.0.custom.min.js HTTP/1.1" 200 51286 "http://smtpo.financetrainer.com/entry.php?id=10273" "Mozilla/5.0 (X11; Linux x86_64) AppleWebKit/537.36 (KHTML, like Gecko) HeadlessChrome/111.0.5553.0 Safari/537.36"
111.7.96.172 - - [07/Dec/2023:01:32:10 +0100] "GET /gui/styles/tmplDefault.css HTTP/1.1" 200 2135 "http://food-and-drink.vienna-lodgings.at/entry.php?id=11412" "Mozilla/5.0 (X11; Linux x86_64) AppleWebKit/537.36 (KHTML, like Gecko) HeadlessChrome/108.0.5359.94 Safari/537.36"
36.99.136.137 - - [07/Dec/2023:01:32:10 +0100] "GET /framework/webfx/javascript/toolbar/cb2.js HTTP/1.1" 200 1686 "http://smtpo.financetrainer.com/entry.php?id=10273" "Mozilla/5.0 (X11; Linux x86_64) AppleWebKit/537.36 (KHTML, like Gecko) HeadlessChrome/111.0.5553.0 Safari/537.36"
36.99.136.137 - - [07/Dec/2023:01:32:10 +0100] "GET /framework/webfx/javascript/statusbar/statusBar.js HTTP/1.1" 200 649 "http://smtpo.financetrainer.com/entry.php?id=10272" "Mozilla/5.0 (X11; Linux x86_64) AppleWebKit/537.36 (KHTML, like Gecko) HeadlessChrome/111.0.5553.0 Safari/537.36"
111.7.96.172 - - [07/Dec/2023:01:32:10 +0100] "GET /gui/javascript/form_form.js?1701909129 HTTP/1.1" 200 16206 "http://food-and-drink.vienna-lodgings.at/entry.php?id=10273" "Mozilla/5.0 (X11; Linux x86_64) AppleWebKit/537.36 (KHTML, like Gecko) HeadlessChrome/108.0.5359.94 Safari/537.36"
111.7.96.172 - - [07/Dec/2023:01:32:11 +0100] "GET /gui/javascript/jquery/js/jquery-1.8.2.js HTTP/1.1" 200 35391 "http://food-and-drink.vienna-lodgings.at/entry.php?id=10273" "Mozilla/5.0 (X11; Linux x86_64) AppleWebKit/537.36 (KHTML, like Gecko) HeadlessChrome/108.0.5359.94 Safari/537.36"
36.99.136.137 - - [07/Dec/2023:01:32:11 +0100] "GET /gui/styles/tmplDefault.css HTTP/1.1" 200 2135 "http://smtpo.financetrainer.com/entry.php?id=11412" "Mozilla/5.0 (X11; Linux x86_64) AppleWebKit/537.36 (KHTML, like Gecko) HeadlessChrome/111.0.5553.0 Safari/537.36"
36.99.136.129 - - [07/Dec/2023:01:32:11 +0100] "GET /activities.ico HTTP/1.1" 200 1406 "-" "Mozilla/5.0 (Macintosh; Intel Mac OS X 10_15_7) AppleWebKit/537.36 (KHTML, like Gecko) Chrome/96.0.4664.110 Safari/537.36"
36.99.136.128 - - [07/Dec/2023:01:32:11 +0100] "GET /activities.ico HTTP/1.1" 200 1406 "-" "Mozilla/5.0 (Macintosh; Intel Mac OS X 10_15_7) AppleWebKit/537.36 (KHTML, like Gecko) Chrome/96.0.4664.110 Safari/537.36"
111.7.96.172 - - [07/Dec/2023:01:32:11 +0100] "GET /framework/webfx/javascript/toolbar/ieemu.js HTTP/1.1" 200 2366 "http://food-and-drink.vienna-lodgings.at/entry.php?id=10273" "Mozilla/5.0 (X11; Linux x86_64) AppleWebKit/537.36 (KHTML, like Gecko) HeadlessChrome/108.0.5359.94 Safari/537.36"
36.99.136.136 - - [07/Dec/2023:01:32:11 +0100] "GET /activities.ico HTTP/1.1" 200 1406 "-" "Mozilla/5.0 (Macintosh; Intel Mac OS X 10_15_7) AppleWebKit/537.36 (KHTML, like Gecko) Chrome/96.0.4664.110 Safari/537.36"
36.99.136.137 - - [07/Dec/2023:01:32:11 +0100] "GET /entry.php?id=10271& HTTP/1.1" 200 934 "http://smtpo.financetrainer.com/entry.php?id=10272" "Mozilla/5.0 (X11; Linux x86_64) AppleWebKit/537.36 (KHTML, like Gecko) HeadlessChrome/111.0.5553.0 Safari/537.36"
36.99.136.137 - - [07/Dec/2023:01:32:11 +0100] "GET /entry.php?id=10287 HTTP/1.1" 200 2386 "http://smtpo.financetrainer.com/entry.php?id=11412" "Mozilla/5.0 (X11; Linux x86_64) AppleWebKit/537.36 (KHTML, like Gecko) HeadlessChrome/111.0.5553.0 Safari/537.36"
36.99.136.137 - - [07/Dec/2023:01:32:12 +0100] "GET /activities.ico HTTP/1.1" 200 1406 "-" "Mozilla/5.0 (Macintosh; Intel Mac OS X 10_15_7) AppleWebKit/537.36 (KHTML, like Gecko) Chrome/96.0.4664.110 Safari/537.36"
111.7.96.172 - - [07/Dec/2023:01:32:12 +0100] "GET /gui/javascript/jquery/jquery-tooltip/jquery.tooltip.min.js HTTP/1.1" 200 1982 "http://food-and-drink.vienna-lodgings.at/entry.php?id=10273" "Mozilla/5.0 (X11; Linux x86_64) AppleWebKit/537.36 (KHTML, like Gecko) HeadlessChrome/108.0.5359.94 Safari/537.36"
111.7.96.176 - - [07/Dec/2023:01:32:12 +0100] "GET / HTTP/1.1" 200 274 "-" "Mozilla/5.0 (Macintosh; Intel Mac OS X 10_15_7) AppleWebKit/537.36 (KHTML, like Gecko) Chrome/96.0.4664.110 Safari/537.36"
111.7.96.172 - - [07/Dec/2023:01:32:12 +0100] "GET /framework/webfx/javascript/statusbar/statusBar.js HTTP/1.1" 200 649 "http://food-and-drink.vienna-lodgings.at/entry.php?id=10272" "Mozilla/5.0 (X11; Linux x86_64) AppleWebKit/537.36 (KHTML, like Gecko) HeadlessChrome/108.0.5359.94 Safari/537.36"
36.99.136.128 - - [07/Dec/2023:01:32:12 +0100] "GET /activities.ico HTTP/1.1" 200 1406 "-" "Mozilla/5.0 (Macintosh; Intel Mac OS X 10_15_7) AppleWebKit/537.36 (KHTML, like Gecko) Chrome/96.0.4664.110 Safari/537.36"
111.7.96.172 - - [07/Dec/2023:01:32:12 +0100] "GET /gui/javascript/form_form.js?1701909130 HTTP/1.1" 200 16206 "http://food-and-drink.vienna-lodgings.at/entry.php?id=11412" "Mozilla/5.0 (X11; Linux x86_64) AppleWebKit/537.36 (KHTML, like Gecko) HeadlessChrome/108.0.5359.94 Safari/537.36"
111.7.96.172 - - [07/Dec/2023:01:32:12 +0100] "GET /framework/webfx/javascript/toolbar/cb2.js HTTP/1.1" 200 1686 "http://food-and-drink.vienna-lodgings.at/entry.php?id=10273" "Mozilla/5.0 (X11; Linux x86_64) AppleWebKit/537.36 (KHTML, like Gecko) HeadlessChrome/108.0.5359.94 Safari/537.36"
36.99.136.136 - - [07/Dec/2023:01:32:12 +0100] "GET /gui/javascript/form_form.js?1701909131 HTTP/1.1" 200 16206 "http://smtpo.financetrainer.com/entry.php?id=10271&" "Mozilla/5.0 (X11; Linux x86_64) AppleWebKit/537.36 (KHTML, like Gecko) HeadlessChrome/111.0.5553.0 Safari/537.36"
36.99.136.137 - - [07/Dec/2023:01:32:12 +0100] "GET /gui/javascript/form_form.js?1701909132 HTTP/1.1" 200 16206 "http://smtpo.financetrainer.com/entry.php?id=10287" "Mozilla/5.0 (X11; Linux x86_64) AppleWebKit/537.36 (KHTML, like Gecko) HeadlessChrome/111.0.5553.0 Safari/537.36"
111.7.96.176 - - [07/Dec/2023:01:32:12 +0100] "GET / HTTP/1.1" 200 274 "-" "Mozilla/5.0 (Macintosh; Intel Mac OS X 11_0_0) AppleWebKit/537.36 (KHTML, like Gecko) Chrome/87.0.4280.88 Safari/537.36"
111.7.96.172 - - [07/Dec/2023:01:32:12 +0100] "GET /activities.ico HTTP/1.1" 200 1406 "-" "Mozilla/5.0 (Macintosh; Intel Mac OS X 10_15_7) AppleWebKit/537.36 (KHTML, like Gecko) Chrome/96.0.4664.110 Safari/537.36"
36.99.136.137 - - [07/Dec/2023:01:32:13 +0100] "GET /entry.php?id=10270& HTTP/1.1" 200 909 "http://smtpo.financetrainer.com/entry.php?id=10287" "Mozilla/5.0 (X11; Linux x86_64) AppleWebKit/537.36 (KHTML, like Gecko) HeadlessChrome/111.0.5553.0 Safari/537.36"
36.99.136.137 - - [07/Dec/2023:01:32:13 +0100] "GET /entry.php?id=10273& HTTP/1.1" 200 1902 "http://smtpo.financetrainer.com/entry.php?id=10287" "Mozilla/5.0 (X11; Linux x86_64) AppleWebKit/537.36 (KHTML, like Gecko) HeadlessChrome/111.0.5553.0 Safari/537.36"
111.7.96.172 - - [07/Dec/2023:01:32:12 +0100] "GET /gui/javascript/jquery/js/jquery-ui-1.9.0.custom.min.js HTTP/1.1" 200 51286 "http://food-and-drink.vienna-lodgings.at/entry.php?id=10273" "Mozilla/5.0 (X11; Linux x86_64) AppleWebKit/537.36 (KHTML, like Gecko) HeadlessChrome/108.0.5359.94 Safari/537.36"
36.99.136.136 - - [07/Dec/2023:01:32:13 +0100] "GET /gui/javascript/form_form.js?1701909133 HTTP/1.1" 200 16206 "http://smtpo.financetrainer.com/entry.php?id=10270&" "Mozilla/5.0 (X11; Linux x86_64) AppleWebKit/537.36 (KHTML, like Gecko) HeadlessChrome/111.0.5553.0 Safari/537.36"
111.7.96.172 - - [07/Dec/2023:01:32:14 +0100] "GET /entry.php?id=10287 HTTP/1.1" 200 2386 "http://food-and-drink.vienna-lodgings.at/entry.php?id=11412" "Mozilla/5.0 (X11; Linux x86_64) AppleWebKit/537.36 (KHTML, like Gecko) HeadlessChrome/108.0.5359.94 Safari/537.36"
111.7.96.172 - - [07/Dec/2023:01:32:14 +0100] "GET /entry.php?id=10271& HTTP/1.1" 200 934 "http://food-and-drink.vienna-lodgings.at/entry.php?id=10272" "Mozilla/5.0 (X11; Linux x86_64) AppleWebKit/537.36 (KHTML, like Gecko) HeadlessChrome/108.0.5359.94 Safari/537.36"
111.7.96.176 - - [07/Dec/2023:01:32:14 +0100] "GET /layout.php HTTP/1.1" 200 820 "http://triadian.castlegem.co.uk/" "Mozilla/5.0 (X11; Linux x86_64) AppleWebKit/537.36 (KHTML, like Gecko) HeadlessChrome/108.0.5359.94 Safari/537.36"
111.7.96.172 - - [07/Dec/2023:01:32:14 +0100] "GET /gui/javascript/form_form.js?1701909134 HTTP/1.1" 200 16206 "http://food-and-drink.vienna-lodgings.at/entry.php?id=10287" "Mozilla/5.0 (X11; Linux x86_64) AppleWebKit/537.36 (KHTML, like Gecko) HeadlessChrome/108.0.5359.94 Safari/537.36"
111.7.96.172 - - [07/Dec/2023:01:32:15 +0100] "GET /entry.php?id=10270& HTTP/1.1" 200 909 "http://food-and-drink.vienna-lodgings.at/entry.php?id=10287" "Mozilla/5.0 (X11; Linux x86_64) AppleWebKit/537.36 (KHTML, like Gecko) HeadlessChrome/108.0.5359.94 Safari/537.36"
111.7.96.172 - - [07/Dec/2023:01:32:15 +0100] "GET /entry.php?id=10273& HTTP/1.1" 200 1902 "http://food-and-drink.vienna-lodgings.at/entry.php?id=10287" "Mozilla/5.0 (X11; Linux x86_64) AppleWebKit/537.36 (KHTML, like Gecko) HeadlessChrome/108.0.5359.94 Safari/537.36"
111.7.96.176 - - [07/Dec/2023:01:32:15 +0100] "GET /gui/javascript/form_form.js HTTP/1.1" 200 16206 "http://triadian.castlegem.co.uk/layout.php" "Mozilla/5.0 (X11; Linux x86_64) AppleWebKit/537.36 (KHTML, like Gecko) HeadlessChrome/108.0.5359.94 Safari/537.36"
111.7.96.176 - - [07/Dec/2023:01:32:15 +0100] "GET /entry.php?id=10273 HTTP/1.1" 200 1902 "http://triadian.castlegem.co.uk/layout.php" "Mozilla/5.0 (X11; Linux x86_64) AppleWebKit/537.36 (KHTML, like Gecko) HeadlessChrome/108.0.5359.94 Safari/537.36"
111.7.96.172 - - [07/Dec/2023:01:32:15 +0100] "GET /gui/javascript/form_form.js?1701909135 HTTP/1.1" 200 16206 "http://food-and-drink.vienna-lodgings.at/entry.php?id=10273&" "Mozilla/5.0 (X11; Linux x86_64) AppleWebKit/537.36 (KHTML, like Gecko) HeadlessChrome/108.0.5359.94 Safari/537.36"
111.7.96.176 - - [07/Dec/2023:01:32:16 +0100] "GET /entry.php?id=10270 HTTP/1.1" 200 909 "http://triadian.castlegem.co.uk/layout.php" "Mozilla/5.0 (X11; Linux x86_64) AppleWebKit/537.36 (KHTML, like Gecko) HeadlessChrome/108.0.5359.94 Safari/537.36"
111.7.96.176 - - [07/Dec/2023:01:32:16 +0100] "GET /entry.php?id=11412 HTTP/1.1" 200 1759 "http://triadian.castlegem.co.uk/layout.php" "Mozilla/5.0 (X11; Linux x86_64) AppleWebKit/537.36 (KHTML, like Gecko) HeadlessChrome/108.0.5359.94 Safari/537.36"
111.7.96.176 - - [07/Dec/2023:01:32:16 +0100] "GET /gui/javascript/jquery/css/gui-themes/custom.min.css HTTP/1.1" 200 5618 "http://triadian.castlegem.co.uk/entry.php?id=10273" "Mozilla/5.0 (X11; Linux x86_64) AppleWebKit/537.36 (KHTML, like Gecko) HeadlessChrome/108.0.5359.94 Safari/537.36"
111.7.96.176 - - [07/Dec/2023:01:32:16 +0100] "GET /gui/javascript/jquery/css/gui-themes/ui.spinner.css HTTP/1.1" 200 350 "http://triadian.castlegem.co.uk/entry.php?id=10273" "Mozilla/5.0 (X11; Linux x86_64) AppleWebKit/537.36 (KHTML, like Gecko) HeadlessChrome/108.0.5359.94 Safari/537.36"
111.7.96.176 - - [07/Dec/2023:01:32:16 +0100] "GET /entry.php?id=10272 HTTP/1.1" 200 1159 "http://triadian.castlegem.co.uk/layout.php" "Mozilla/5.0 (X11; Linux x86_64) AppleWebKit/537.36 (KHTML, like Gecko) HeadlessChrome/108.0.5359.94 Safari/537.36"
111.7.96.176 - - [07/Dec/2023:01:32:16 +0100] "GET /gui/javascript/jquery/css/gui-themes/jquery.tooltip.css HTTP/1.1" 200 246 "http://triadian.castlegem.co.uk/entry.php?id=10273" "Mozilla/5.0 (X11; Linux x86_64) AppleWebKit/537.36 (KHTML, like Gecko) HeadlessChrome/108.0.5359.94 Safari/537.36"
111.7.96.176 - - [07/Dec/2023:01:32:16 +0100] "GET /framework/webfx/style/toolbar/cb2.css HTTP/1.1" 200 793 "http://triadian.castlegem.co.uk/entry.php?id=10273" "Mozilla/5.0 (X11; Linux x86_64) AppleWebKit/537.36 (KHTML, like Gecko) HeadlessChrome/108.0.5359.94 Safari/537.36"
111.7.96.176 - - [07/Dec/2023:01:32:17 +0100] "GET /gui/styles/tmplDefault.css HTTP/1.1" 200 2135 "http://triadian.castlegem.co.uk/entry.php?id=11412" "Mozilla/5.0 (X11; Linux x86_64) AppleWebKit/537.36 (KHTML, like Gecko) HeadlessChrome/108.0.5359.94 Safari/537.36"
111.7.96.176 - - [07/Dec/2023:01:32:17 +0100] "GET /gui/javascript/form_form.js?1701909135 HTTP/1.1" 200 16206 "http://triadian.castlegem.co.uk/entry.php?id=10273" "Mozilla/5.0 (X11; Linux x86_64) AppleWebKit/537.36 (KHTML, like Gecko) HeadlessChrome/108.0.5359.94 Safari/537.36"
111.7.96.176 - - [07/Dec/2023:01:32:17 +0100] "GET /gui/javascript/jquery/js/jquery-1.8.2.js HTTP/1.1" 200 35391 "http://triadian.castlegem.co.uk/entry.php?id=10273" "Mozilla/5.0 (X11; Linux x86_64) AppleWebKit/537.36 (KHTML, like Gecko) HeadlessChrome/108.0.5359.94 Safari/537.36"
111.7.96.176 - - [07/Dec/2023:01:32:17 +0100] "GET /gui/javascript/jquery/jquery-tooltip/jquery.tooltip.min.js HTTP/1.1" 200 1982 "http://triadian.castlegem.co.uk/entry.php?id=10273" "Mozilla/5.0 (X11; Linux x86_64) AppleWebKit/537.36 (KHTML, like Gecko) HeadlessChrome/108.0.5359.94 Safari/537.36"
111.7.96.176 - - [07/Dec/2023:01:32:17 +0100] "GET /gui/javascript/jquery/js/jquery-ui-1.9.0.custom.min.js HTTP/1.1" 200 51286 "http://triadian.castlegem.co.uk/entry.php?id=10273" "Mozilla/5.0 (X11; Linux x86_64) AppleWebKit/537.36 (KHTML, like Gecko) HeadlessChrome/108.0.5359.94 Safari/537.36"
111.7.96.176 - - [07/Dec/2023:01:32:17 +0100] "GET /framework/webfx/javascript/toolbar/ieemu.js HTTP/1.1" 200 2366 "http://triadian.castlegem.co.uk/entry.php?id=10273" "Mozilla/5.0 (X11; Linux x86_64) AppleWebKit/537.36 (KHTML, like Gecko) HeadlessChrome/108.0.5359.94 Safari/537.36"
111.7.96.176 - - [07/Dec/2023:01:32:18 +0100] "GET /framework/webfx/javascript/toolbar/cb2.js HTTP/1.1" 200 1686 "http://triadian.castlegem.co.uk/entry.php?id=10273" "Mozilla/5.0 (X11; Linux x86_64) AppleWebKit/537.36 (KHTML, like Gecko) HeadlessChrome/108.0.5359.94 Safari/537.36"
111.7.96.176 - - [07/Dec/2023:01:32:18 +0100] "GET /gui/javascript/form_form.js?1701909136 HTTP/1.1" 200 16206 "http://triadian.castlegem.co.uk/entry.php?id=10270" "Mozilla/5.0 (X11; Linux x86_64) AppleWebKit/537.36 (KHTML, like Gecko) HeadlessChrome/108.0.5359.94 Safari/537.36"
111.7.96.176 - - [07/Dec/2023:01:32:18 +0100] "GET /activities.ico HTTP/1.1" 200 1406 "-" "Mozilla/5.0 (Macintosh; Intel Mac OS X 10_15_7) AppleWebKit/537.36 (KHTML, like Gecko) Chrome/96.0.4664.110 Safari/537.36"
111.7.96.176 - - [07/Dec/2023:01:32:18 +0100] "GET /framework/webfx/javascript/statusbar/statusBar.js HTTP/1.1" 200 649 "http://triadian.castlegem.co.uk/entry.php?id=10272" "Mozilla/5.0 (X11; Linux x86_64) AppleWebKit/537.36 (KHTML, like Gecko) HeadlessChrome/108.0.5359.94 Safari/537.36"
111.7.96.176 - - [07/Dec/2023:01:32:19 +0100] "GET /entry.php?id=10287 HTTP/1.1" 200 2386 "http://triadian.castlegem.co.uk/entry.php?id=11412" "Mozilla/5.0 (X11; Linux x86_64) AppleWebKit/537.36 (KHTML, like Gecko) HeadlessChrome/108.0.5359.94 Safari/537.36"
111.7.96.176 - - [07/Dec/2023:01:32:19 +0100] "GET /entry.php?id=10271& HTTP/1.1" 200 934 "http://triadian.castlegem.co.uk/entry.php?id=10272" "Mozilla/5.0 (X11; Linux x86_64) AppleWebKit/537.36 (KHTML, like Gecko) HeadlessChrome/108.0.5359.94 Safari/537.36"
111.7.96.176 - - [07/Dec/2023:01:32:20 +0100] "GET /gui/javascript/form_form.js?1701909139 HTTP/1.1" 200 16206 "http://triadian.castlegem.co.uk/entry.php?id=10287" "Mozilla/5.0 (X11; Linux x86_64) AppleWebKit/537.36 (KHTML, like Gecko) HeadlessChrome/108.0.5359.94 Safari/537.36"
111.7.96.176 - - [07/Dec/2023:01:32:20 +0100] "GET /gui/javascript/form_form.js?1701909140 HTTP/1.1" 200 16206 "http://triadian.castlegem.co.uk/entry.php?id=10271&" "Mozilla/5.0 (X11; Linux x86_64) AppleWebKit/537.36 (KHTML, like Gecko) HeadlessChrome/108.0.5359.94 Safari/537.36"
111.7.96.176 - - [07/Dec/2023:01:32:21 +0100] "GET /entry.php?id=10270& HTTP/1.1" 200 909 "http://triadian.castlegem.co.uk/entry.php?id=10287" "Mozilla/5.0 (X11; Linux x86_64) AppleWebKit/537.36 (KHTML, like Gecko) HeadlessChrome/108.0.5359.94 Safari/537.36"
111.7.96.176 - - [07/Dec/2023:01:32:21 +0100] "GET /entry.php?id=10273& HTTP/1.1" 200 1901 "http://triadian.castlegem.co.uk/entry.php?id=10287" "Mozilla/5.0 (X11; Linux x86_64) AppleWebKit/537.36 (KHTML, like Gecko) HeadlessChrome/108.0.5359.94 Safari/537.36"
111.7.96.176 - - [07/Dec/2023:01:32:21 +0100] "GET /gui/javascript/form_form.js?1701909141 HTTP/1.1" 200 16206 "http://triadian.castlegem.co.uk/entry.php?id=10270&" "Mozilla/5.0 (X11; Linux x86_64) AppleWebKit/537.36 (KHTML, like Gecko) HeadlessChrome/108.0.5359.94 Safari/537.36"
36.99.136.129 - - [07/Dec/2023:01:32:31 +0100] "GET / HTTP/1.1" 200 274 "-" "Mozilla/5.0 (Macintosh; Intel Mac OS X 10_15_7) AppleWebKit/537.36 (KHTML, like Gecko) Chrome/96.0.4664.110 Safari/537.36"
36.99.136.137 - - [07/Dec/2023:01:32:32 +0100] "GET / HTTP/1.1" 200 274 "-" "Mozilla/5.0 (Macintosh; Intel Mac OS X 11_0_0) AppleWebKit/537.36 (KHTML, like Gecko) Chrome/87.0.4280.88 Safari/537.36"
36.99.136.128 - - [07/Dec/2023:01:32:33 +0100] "GET / HTTP/1.1" 200 274 "-" "Mozilla/5.0 (Macintosh; Intel Mac OS X 10_15_7) AppleWebKit/537.36 (KHTML, like Gecko) Chrome/96.0.4664.110 Safari/537.36"
36.99.136.136 - - [07/Dec/2023:01:32:34 +0100] "GET / HTTP/1.1" 200 274 "-" "Mozilla/5.0 (Macintosh; Intel Mac OS X 11_0_0) AppleWebKit/537.36 (KHTML, like Gecko) Chrome/87.0.4280.88 Safari/537.36"
36.99.136.129 - - [07/Dec/2023:01:32:42 +0100] "GET /activities.ico HTTP/1.1" 200 1406 "-" "Mozilla/5.0 (Macintosh; Intel Mac OS X 10_15_7) AppleWebKit/537.36 (KHTML, like Gecko) Chrome/96.0.4664.110 Safari/537.36"
36.99.136.137 - - [07/Dec/2023:01:32:43 +0100] "GET /activities.ico HTTP/1.1" 200 1406 "-" "Mozilla/5.0 (Macintosh; Intel Mac OS X 10_15_7) AppleWebKit/537.36 (KHTML, like Gecko) Chrome/96.0.4664.110 Safari/537.36"
77.53.119.180 - - [07/Dec/2023:01:41:20 +0100] "GET / HTTP/1.0" 200 423 "-" "-"
147.182.154.58 - - [07/Dec/2023:02:11:55 +0100] "GET /aaa9 HTTP/1.1" 404 280 "-" "Mozilla/5.0 zgrab/0.x"
147.182.154.58 - - [07/Dec/2023:02:11:59 +0100] "GET /aab8 HTTP/1.1" 404 280 "-" "Mozilla/5.0 zgrab/0.x"
147.182.154.58 - - [07/Dec/2023:02:12:04 +0100] "GET / HTTP/1.1" 200 274 "-" "Mozilla/5.0 zgrab/0.x"
192.241.233.29 - - [07/Dec/2023:02:14:41 +0100] "GET / HTTP/1.1" 200 274 "-" "Mozilla/5.0 zgrab/0.x"
213.244.248.47 - - [07/Dec/2023:03:02:42 +0100] "GET /img-sys/server_moved.png HTTP/1.1" 404 389 "-" "Mozilla/5.0 (X11; Ubuntu; Linux x86_64; rv:72.0) Gecko/20100101 Firefox/72.0 (compatible; mozilla/5.0 (windows nt 10.0; win64; x64) applewebkit/537.36 (khtml, like gecko) chrome/58.0.3029.110 safari/537.36; +https://github.com/rom1504/img2dataset)"
84.54.51.153 - - [07/Dec/2023:03:09:21 +0100] "CONNECT google.com:443 HTTP/1.1" 200 423 "-" "Go-http-client/1.1"
45.156.129.7 - - [07/Dec/2023:04:06:36 +0100] "GET / HTTP/1.1" 200 274 "-" "Mozilla/5.0 (Windows NT 10.0; Win64; x64) AppleWebKit/537.36 (KHTML, like Gecko) Chrome/60.0.3112.113 Safari/537.36"
45.156.129.7 - - [07/Dec/2023:04:06:37 +0100] "GET /favicon.ico HTTP/1.1" 404 295 "-" "Mozilla/5.0 (Windows NT 10.0; WOW64) AppleWebKit/537.36 (KHTML, like Gecko) Chrome/66.0.3359.117 Safari/537.36"
51.79.191.39 - - [07/Dec/2023:04:23:33 +0100] "GET / HTTP/1.1" 200 274 "-" "python-requests/2.31.0"
51.79.191.39 - - [07/Dec/2023:04:23:36 +0100] "GET / HTTP/1.1" 200 274 "-" "Mozilla/5.0 (Linux; Android 10; Pixel Build/QP1A.190711.019; wv) AppleWebKit/537.36 (KHTML, like Gecko) Chrome/76.0.3809.132 Mobile Safari/537.36"
51.79.191.39 - - [07/Dec/2023:04:23:42 +0100] "GET /.env HTTP/1.1" 404 280 "-" "Mozilla/5.0 (Linux; Android 10; Pixel Build/QP1A.190711.019; wv) AppleWebKit/537.36 (KHTML, like Gecko) Chrome/76.0.3809.132 Mobile Safari/537.36"
51.79.191.39 - - [07/Dec/2023:04:23:44 +0100] "GET /.env.txt HTTP/1.1" 404 283 "-" "Mozilla/5.0 (Linux; Android 10; Pixel Build/QP1A.190711.019; wv) AppleWebKit/537.36 (KHTML, like Gecko) Chrome/76.0.3809.132 Mobile Safari/537.36"
51.79.191.39 - - [07/Dec/2023:04:23:52 +0100] "GET /.env.old HTTP/1.1" 404 282 "-" "Mozilla/5.0 (Linux; Android 10; Pixel Build/QP1A.190711.019; wv) AppleWebKit/537.36 (KHTML, like Gecko) Chrome/76.0.3809.132 Mobile Safari/537.36"
51.79.191.39 - - [07/Dec/2023:04:23:54 +0100] "GET /env.js HTTP/1.1" 404 282 "-" "Mozilla/5.0 (Linux; Android 10; Pixel Build/QP1A.190711.019; wv) AppleWebKit/537.36 (KHTML, like Gecko) Chrome/76.0.3809.132 Mobile Safari/537.36"
51.79.191.39 - - [07/Dec/2023:04:23:59 +0100] "GET /.aws/credentials HTTP/1.1" 404 287 "-" "Mozilla/5.0 (Linux; Android 10; Pixel Build/QP1A.190711.019; wv) AppleWebKit/537.36 (KHTML, like Gecko) Chrome/76.0.3809.132 Mobile Safari/537.36"
51.79.191.39 - - [07/Dec/2023:04:24:03 +0100] "GET /frontend_dev.php/$ HTTP/1.1" 404 290 "-" "Mozilla/5.0 (Linux; Android 10; Pixel Build/QP1A.190711.019; wv) AppleWebKit/537.36 (KHTML, like Gecko) Chrome/76.0.3809.132 Mobile Safari/537.36"
51.79.191.39 - - [07/Dec/2023:04:24:04 +0100] "GET /phpinfo HTTP/1.1" 404 282 "-" "Mozilla/5.0 (Linux; Android 10; Pixel Build/QP1A.190711.019; wv) AppleWebKit/537.36 (KHTML, like Gecko) Chrome/76.0.3809.132 Mobile Safari/537.36"
51.79.191.39 - - [07/Dec/2023:04:24:10 +0100] "GET /tmp/phpinfo.php HTTP/1.1" 404 287 "-" "Mozilla/5.0 (Linux; Android 10; Pixel Build/QP1A.190711.019; wv) AppleWebKit/537.36 (KHTML, like Gecko) Chrome/76.0.3809.132 Mobile Safari/537.36"
51.79.191.39 - - [07/Dec/2023:04:24:14 +0100] "GET /phpinfo/phpinfo.php HTTP/1.1" 404 285 "-" "Mozilla/5.0 (Linux; Android 10; Pixel Build/QP1A.190711.019; wv) AppleWebKit/537.36 (KHTML, like Gecko) Chrome/76.0.3809.132 Mobile Safari/537.36"
51.79.191.39 - - [07/Dec/2023:04:24:16 +0100] "GET /php-info.php HTTP/1.1" 404 285 "-" "Mozilla/5.0 (Linux; Android 10; Pixel Build/QP1A.190711.019; wv) AppleWebKit/537.36 (KHTML, like Gecko) Chrome/76.0.3809.132 Mobile Safari/537.36"
51.79.191.39 - - [07/Dec/2023:04:24:24 +0100] "GET /pinfo.php HTTP/1.1" 404 283 "-" "Mozilla/5.0 (Linux; Android 10; Pixel Build/QP1A.190711.019; wv) AppleWebKit/537.36 (KHTML, like Gecko) Chrome/76.0.3809.132 Mobile Safari/537.36"
51.79.191.39 - - [07/Dec/2023:04:24:30 +0100] "GET /phpinfo.php HTTP/1.1" 200 10349 "-" "Mozilla/5.0 (Linux; Android 10; Pixel Build/QP1A.190711.019; wv) AppleWebKit/537.36 (KHTML, like Gecko) Chrome/76.0.3809.132 Mobile Safari/537.36"
51.79.191.39 - - [07/Dec/2023:04:24:31 +0100] "GET /configs/s3_config.json HTTP/1.1" 404 291 "-" "Mozilla/5.0 (Linux; Android 10; Pixel Build/QP1A.190711.019; wv) AppleWebKit/537.36 (KHTML, like Gecko) Chrome/76.0.3809.132 Mobile Safari/537.36"
51.79.191.39 - - [07/Dec/2023:04:24:38 +0100] "GET /wp-config.php.bak HTTP/1.1" 404 291 "-" "Mozilla/5.0 (Linux; Android 10; Pixel Build/QP1A.190711.019; wv) AppleWebKit/537.36 (KHTML, like Gecko) Chrome/76.0.3809.132 Mobile Safari/537.36"
51.79.191.39 - - [07/Dec/2023:04:24:40 +0100] "GET /settings.php.bak HTTP/1.1" 404 289 "-" "Mozilla/5.0 (Linux; Android 10; Pixel Build/QP1A.190711.019; wv) AppleWebKit/537.36 (KHTML, like Gecko) Chrome/76.0.3809.132 Mobile Safari/537.36"
51.79.191.39 - - [07/Dec/2023:04:24:45 +0100] "GET /configs/application.ini HTTP/1.1" 404 294 "-" "Mozilla/5.0 (Linux; Android 10; Pixel Build/QP1A.190711.019; wv) AppleWebKit/537.36 (KHTML, like Gecko) Chrome/76.0.3809.132 Mobile Safari/537.36"
51.79.191.39 - - [07/Dec/2023:04:24:46 +0100] "GET /src/phpinfo.php HTTP/1.1" 404 287 "-" "Mozilla/5.0 (Linux; Android 10; Pixel Build/QP1A.190711.019; wv) AppleWebKit/537.36 (KHTML, like Gecko) Chrome/76.0.3809.132 Mobile Safari/537.36"
51.79.191.39 - - [07/Dec/2023:04:24:51 +0100] "GET /temp.php HTTP/1.1" 404 282 "-" "Mozilla/5.0 (Linux; Android 10; Pixel Build/QP1A.190711.019; wv) AppleWebKit/537.36 (KHTML, like Gecko) Chrome/76.0.3809.132 Mobile Safari/537.36"
51.79.191.39 - - [07/Dec/2023:04:24:56 +0100] "GET /linusadmin-phpinfo.php HTTP/1.1" 404 292 "-" "Mozilla/5.0 (Linux; Android 10; Pixel Build/QP1A.190711.019; wv) AppleWebKit/537.36 (KHTML, like Gecko) Chrome/76.0.3809.132 Mobile Safari/537.36"
51.79.191.39 - - [07/Dec/2023:04:24:58 +0100] "GET /php.php HTTP/1.1" 404 281 "-" "Mozilla/5.0 (Linux; Android 10; Pixel Build/QP1A.190711.019; wv) AppleWebKit/537.36 (KHTML, like Gecko) Chrome/76.0.3809.132 Mobile Safari/537.36"
51.79.191.39 - - [07/Dec/2023:04:25:04 +0100] "GET /.env.bak HTTP/1.1" 404 283 "-" "Mozilla/5.0 (Linux; Android 10; Pixel Build/QP1A.190711.019; wv) AppleWebKit/537.36 (KHTML, like Gecko) Chrome/76.0.3809.132 Mobile Safari/537.36"
51.79.191.39 - - [07/Dec/2023:04:25:07 +0100] "GET /info.php HTTP/1.1" 404 283 "-" "Mozilla/5.0 (Linux; Android 10; Pixel Build/QP1A.190711.019; wv) AppleWebKit/537.36 (KHTML, like Gecko) Chrome/76.0.3809.132 Mobile Safari/537.36"
51.79.191.39 - - [07/Dec/2023:04:25:12 +0100] "GET /config/aws.yml HTTP/1.1" 404 288 "-" "Mozilla/5.0 (Linux; Android 10; Pixel Build/QP1A.190711.019; wv) AppleWebKit/537.36 (KHTML, like Gecko) Chrome/76.0.3809.132 Mobile Safari/537.36"
51.79.191.39 - - [07/Dec/2023:04:25:14 +0100] "GET /_profiler/phpinfo HTTP/1.1" 404 289 "-" "Mozilla/5.0 (Linux; Android 10; Pixel Build/QP1A.190711.019; wv) AppleWebKit/537.36 (KHTML, like Gecko) Chrome/76.0.3809.132 Mobile Safari/537.36"
51.79.191.39 - - [07/Dec/2023:04:25:16 +0100] "GET /_profiler/phpinfo.php HTTP/1.1" 404 291 "-" "Mozilla/5.0 (Linux; Android 10; Pixel Build/QP1A.190711.019; wv) AppleWebKit/537.36 (KHTML, like Gecko) Chrome/76.0.3809.132 Mobile Safari/537.36"
51.79.191.39 - - [07/Dec/2023:04:25:22 +0100] "GET /infos.php HTTP/1.1" 404 283 "-" "Mozilla/5.0 (Linux; Android 10; Pixel Build/QP1A.190711.019; wv) AppleWebKit/537.36 (KHTML, like Gecko) Chrome/76.0.3809.132 Mobile Safari/537.36"
51.79.191.39 - - [07/Dec/2023:04:25:26 +0100] "GET /php_info.php HTTP/1.1" 404 285 "-" "Mozilla/5.0 (Linux; Android 10; Pixel Build/QP1A.190711.019; wv) AppleWebKit/537.36 (KHTML, like Gecko) Chrome/76.0.3809.132 Mobile Safari/537.36"
51.79.191.39 - - [07/Dec/2023:04:25:30 +0100] "GET /app_dev.php/_profiler/phpinfo HTTP/1.1" 404 296 "-" "Mozilla/5.0 (Linux; Android 10; Pixel Build/QP1A.190711.019; wv) AppleWebKit/537.36 (KHTML, like Gecko) Chrome/76.0.3809.132 Mobile Safari/537.36"
51.79.191.39 - - [07/Dec/2023:04:25:32 +0100] "GET /.git/config HTTP/1.1" 404 285 "-" "Mozilla/5.0 (Linux; Android 10; Pixel Build/QP1A.190711.019; wv) AppleWebKit/537.36 (KHTML, like Gecko) Chrome/76.0.3809.132 Mobile Safari/537.36"
51.79.191.39 - - [07/Dec/2023:04:25:38 +0100] "GET /configuration.php-dist HTTP/1.1" 404 293 "-" "Mozilla/5.0 (Linux; Android 10; Pixel Build/QP1A.190711.019; wv) AppleWebKit/537.36 (KHTML, like Gecko) Chrome/76.0.3809.132 Mobile Safari/537.36"
51.79.191.39 - - [07/Dec/2023:04:25:39 +0100] "GET /.aws/config HTTP/1.1" 404 285 "-" "Mozilla/5.0 (Linux; Android 10; Pixel Build/QP1A.190711.019; wv) AppleWebKit/537.36 (KHTML, like Gecko) Chrome/76.0.3809.132 Mobile Safari/537.36"
51.79.191.39 - - [07/Dec/2023:04:25:45 +0100] "GET /.config HTTP/1.1" 404 283 "-" "Mozilla/5.0 (Linux; Android 10; Pixel Build/QP1A.190711.019; wv) AppleWebKit/537.36 (KHTML, like Gecko) Chrome/76.0.3809.132 Mobile Safari/537.36"
51.79.191.39 - - [07/Dec/2023:04:25:46 +0100] "GET /config.json HTTP/1.1" 404 285 "-" "Mozilla/5.0 (Linux; Android 10; Pixel Build/QP1A.190711.019; wv) AppleWebKit/537.36 (KHTML, like Gecko) Chrome/76.0.3809.132 Mobile Safari/537.36"
51.79.191.39 - - [07/Dec/2023:04:25:53 +0100] "GET /debug/default/view?panel=config HTTP/1.1" 404 289 "-" "Mozilla/5.0 (Linux; Android 10; Pixel Build/QP1A.190711.019; wv) AppleWebKit/537.36 (KHTML, like Gecko) Chrome/76.0.3809.132 Mobile Safari/537.36"
51.79.191.39 - - [07/Dec/2023:04:25:56 +0100] "GET /web/debug/default/view?panel=config HTTP/1.1" 404 292 "-" "Mozilla/5.0 (Linux; Android 10; Pixel Build/QP1A.190711.019; wv) AppleWebKit/537.36 (KHTML, like Gecko) Chrome/76.0.3809.132 Mobile Safari/537.36"
51.79.191.39 - - [07/Dec/2023:04:25:58 +0100] "GET /frontend/web/debug/default/view?panel=config HTTP/1.1" 404 298 "-" "Mozilla/5.0 (Linux; Android 10; Pixel Build/QP1A.190711.019; wv) AppleWebKit/537.36 (KHTML, like Gecko) Chrome/76.0.3809.132 Mobile Safari/537.36"
51.79.191.39 - - [07/Dec/2023:04:26:04 +0100] "GET /_ignition/health-check HTTP/1.1" 404 292 "-" "Mozilla/5.0 (Linux; Android 10; Pixel Build/QP1A.190711.019; wv) AppleWebKit/537.36 (KHTML, like Gecko) Chrome/76.0.3809.132 Mobile Safari/537.36"
51.79.191.39 - - [07/Dec/2023:04:26:08 +0100] "GET /.circleci/config.yml HTTP/1.1" 404 292 "-" "Mozilla/5.0 (Linux; Android 10; Pixel Build/QP1A.190711.019; wv) AppleWebKit/537.36 (KHTML, like Gecko) Chrome/76.0.3809.132 Mobile Safari/537.36"
198.74.56.46 - - [07/Dec/2023:04:46:00 +0100] "GET / HTTP/1.1" 200 274 "-" "Mozilla/5.0 zgrab/0.x"
172.104.11.4 - - [07/Dec/2023:04:46:13 +0100] "GET / HTTP/1.1" 200 274 "-" "Mozilla/5.0 (Macintosh; Intel Mac OS X 13_1) AppleWebKit/537.36 (KHTML, like Gecko) Chrome/108.0.0.0 Safari/537.36"
45.79.181.223 - - [07/Dec/2023:04:46:49 +0100] "GET / HTTP/1.1" 200 274 "-" "Mozilla/5.0 (Macintosh; Intel Mac OS X 13_1) AppleWebKit/537.36 (KHTML, like Gecko) Chrome/108.0.0.0 Safari/537.36"
172.104.11.4 - - [07/Dec/2023:04:46:55 +0100] "GET / HTTP/1.1" 200 274 "-" "Mozilla/5.0 (Macintosh; Intel Mac OS X 13_1) AppleWebKit/537.36 (KHTML, like Gecko) Chrome/108.0.0.0 Safari/537.36"
172.104.11.34 - - [07/Dec/2023:04:47:11 +0100] "GET / HTTP/1.1" 200 274 "-" "Mozilla/5.0 (Macintosh; Intel Mac OS X 13_1) AppleWebKit/537.36 (KHTML, like Gecko) Chrome/108.0.0.0 Safari/537.36"
172.104.11.4 - - [07/Dec/2023:04:47:12 +0100] "GET / HTTP/1.1" 200 274 "-" "Mozilla/5.0 (Macintosh; Intel Mac OS X 13_1) AppleWebKit/537.36 (KHTML, like Gecko) Chrome/108.0.0.0 Safari/537.36"
45.79.181.179 - - [07/Dec/2023:04:47:14 +0100] "GET / HTTP/1.1" 200 274 "-" "Mozilla/5.0 (Macintosh; Intel Mac OS X 13_1) AppleWebKit/537.36 (KHTML, like Gecko) Chrome/108.0.0.0 Safari/537.36"
45.79.181.251 - - [07/Dec/2023:05:33:36 +0100] "GET / HTTP/1.1" 200 274 "-" "Mozilla/5.0 (Macintosh; Intel Mac OS X 13_1) AppleWebKit/537.36 (KHTML, like Gecko) Chrome/108.0.0.0 Safari/537.36"
114.119.146.7 - - [07/Dec/2023:06:30:46 +0100] "GET /robots.txt HTTP/1.1" 404 291 "-" "Mozilla/5.0 (compatible;PetalBot;+https://webmaster.petalsearch.com/site/petalbot)"
205.210.31.16 - - [07/Dec/2023:06:42:26 +0100] "\x16\x03\x01" 400 383 "-" "-"
205.210.31.16 - - [07/Dec/2023:06:42:27 +0100] "\x16\x03\x01" 400 383 "-" "-"
188.241.177.109 - - [07/Dec/2023:06:45:20 +0100] "GET /~ridersde/joomla/index.php?option=com_xijc&view=captcha HTTP/1.1" 404 309 "https://www.google.com/" "Mozilla/5.0 (Macintosh; Intel Mac OS X 10.11; rv:71.0) Gecko/20100101 Firefox/71.0"
91.92.246.219 - - [07/Dec/2023:07:01:54 +0100] "CONNECT google.com:443 HTTP/1.1" 200 423 "-" "Go-http-client/1.1"
35.203.211.80 - - [07/Dec/2023:07:13:06 +0100] "GET / HTTP/1.1" 200 423 "-" "Expanse, a Palo Alto Networks company, searches across the global IPv4 space multiple times per day to identify customers' presences on the Internet. If you would like to be excluded from our scans, please send IP addresses/domains to: scaninfo@paloaltonetworks.com"
87.249.43.162 - - [07/Dec/2023:07:22:35 +0100] "GET /style.php?sig=rename HTTP/1.1" 404 369 "-" "Mozilla/5.0 (Android 10; Mobile; rv:81.0) Gecko/81.0 Firefox/81.0"
192.241.225.84 - - [07/Dec/2023:07:52:17 +0100] "MGLNDD_212.69.160.11_80" 400 383 "-" "-"
87.249.38.16 - - [07/Dec/2023:07:55:13 +0100] "GET /style.php?sig=rename HTTP/1.1" 404 361 "-" "Mozilla/5.0 (Windows NT 10.0; Win64; x64) AppleWebKit/537.36 (KHTML, like Gecko) Chrome/85.0.4183.102 Safari/537.36"
192.241.204.35 - - [07/Dec/2023:07:58:43 +0100] "GET /hudson HTTP/1.1" 404 280 "-" "Mozilla/5.0 zgrab/0.x"
43.139.48.139 - - [07/Dec/2023:08:12:21 +0100] "GET /xmlrpc.php HTTP/1.1" 404 289 "-" "Mozilla/5.0 (Windows NT 6.1; WOW64; rv:45.0) Gecko/20100101 Firefox/45.0"
172.104.11.51 - - [07/Dec/2023:08:12:46 +0100] "\x16\x03\x01" 400 383 "-" "-"
185.189.182.234 - - [07/Dec/2023:08:24:56 +0100] "GET / HTTP/1.1" 400 383 "-" "-"
185.237.157.98 - - [07/Dec/2023:08:37:41 +0100] "GET / HTTP/1.1" 200 423 "-" "Mozilla/5.0 (Macintosh; Intel Mac OS X 10_11_6) AppleWebKit/601.7.7 (KHTML, like Gecko) Version/9.1.2 Safari/601.7.7"
183.56.192.74 - - [07/Dec/2023:09:40:03 +0100] "GET / HTTP/1.1" 200 274 "-" "Mozilla/5.0 (Macintosh; Intel Mac OS X 10_12_2) AppleWebKit/537.36 (KHTML, like Gecko) Chrome/55.0.2883.95 Safari/537.36"
77.119.211.4 - - [07/Dec/2023:10:10:26 +0100] "GET /layout.php HTTP/1.1" 200 815 "-" "Mozilla/5.0 (Windows NT 10.0; Win64; x64; rv:120.0) Gecko/20100101 Firefox/120.0"
77.119.211.4 - - [07/Dec/2023:10:10:26 +0100] "GET /entry.php?id=10273 HTTP/1.1" 200 1901 "http://hausegger.activities.at/layout.php" "Mozilla/5.0 (Windows NT 10.0; Win64; x64; rv:120.0) Gecko/20100101 Firefox/120.0"
77.119.211.4 - - [07/Dec/2023:10:10:26 +0100] "GET /entry.php?id=11412 HTTP/1.1" 200 1759 "http://hausegger.activities.at/layout.php" "Mozilla/5.0 (Windows NT 10.0; Win64; x64; rv:120.0) Gecko/20100101 Firefox/120.0"
77.119.211.4 - - [07/Dec/2023:10:10:26 +0100] "GET /entry.php?id=10270 HTTP/1.1" 200 908 "http://hausegger.activities.at/layout.php" "Mozilla/5.0 (Windows NT 10.0; Win64; x64; rv:120.0) Gecko/20100101 Firefox/120.0"
77.119.211.4 - - [07/Dec/2023:10:10:26 +0100] "GET /entry.php?id=10272 HTTP/1.1" 200 1158 "http://hausegger.activities.at/layout.php" "Mozilla/5.0 (Windows NT 10.0; Win64; x64; rv:120.0) Gecko/20100101 Firefox/120.0"
77.119.211.4 - - [07/Dec/2023:10:10:26 +0100] "GET /gui/javascript/form_form.js?1701940226 HTTP/1.1" 200 16206 "http://hausegger.activities.at/entry.php?id=10273" "Mozilla/5.0 (Windows NT 10.0; Win64; x64; rv:120.0) Gecko/20100101 Firefox/120.0"
77.119.211.4 - - [07/Dec/2023:10:10:26 +0100] "GET /gui/images/icons/cancel.gif HTTP/1.1" 200 125 "http://hausegger.activities.at/entry.php?id=11412" "Mozilla/5.0 (Windows NT 10.0; Win64; x64; rv:120.0) Gecko/20100101 Firefox/120.0"
77.119.211.4 - - [07/Dec/2023:10:10:26 +0100] "GET /entry.php?id=10287 HTTP/1.1" 200 2395 "http://hausegger.activities.at/entry.php?id=11412" "Mozilla/5.0 (Windows NT 10.0; Win64; x64; rv:120.0) Gecko/20100101 Firefox/120.0"
77.119.211.4 - - [07/Dec/2023:10:10:26 +0100] "GET /entry.php?id=10271& HTTP/1.1" 200 933 "http://hausegger.activities.at/entry.php?id=10272" "Mozilla/5.0 (Windows NT 10.0; Win64; x64; rv:120.0) Gecko/20100101 Firefox/120.0"
77.119.211.4 - - [07/Dec/2023:10:10:26 +0100] "GET /entry.php?id=10270& HTTP/1.1" 200 908 "http://hausegger.activities.at/entry.php?id=10287" "Mozilla/5.0 (Windows NT 10.0; Win64; x64; rv:120.0) Gecko/20100101 Firefox/120.0"
77.119.211.4 - - [07/Dec/2023:10:10:26 +0100] "GET /entry.php?id=10273& HTTP/1.1" 200 1901 "http://hausegger.activities.at/entry.php?id=10287" "Mozilla/5.0 (Windows NT 10.0; Win64; x64; rv:120.0) Gecko/20100101 Firefox/120.0"
156.59.198.135 - - [07/Dec/2023:10:11:31 +0100] "GET /renault.2web.at/htdocs/export/txt/factura/FacturaExport20150618081022.txt HTTP/1.0" 404 324 "http://212.69.160.11:443/renault.2web.at/htdocs/export/txt/factura/FacturaExport20150618081022.txt" "Mozilla/5.0 (Linux; Android 5.0) AppleWebKit/537.36 (KHTML, like Gecko) Mobile Safari/537.36 (compatible; Bytespider; spider-feedback@bytedance.com)"
77.119.211.4 - - [07/Dec/2023:10:10:29 +0100] "POST /entry.php?id=10287& HTTP/1.1" 200 1967 "http://hausegger.activities.at/entry.php?id=10287" "Mozilla/5.0 (Windows NT 10.0; Win64; x64; rv:120.0) Gecko/20100101 Firefox/120.0"
77.119.211.4 - - [07/Dec/2023:10:11:32 +0100] "GET /gui/javascript/form_form.js?1701940292 HTTP/1.1" 200 16206 "http://hausegger.activities.at/entry.php?id=10287&" "Mozilla/5.0 (Windows NT 10.0; Win64; x64; rv:120.0) Gecko/20100101 Firefox/120.0"
77.119.211.4 - - [07/Dec/2023:10:11:32 +0100] "GET /entry.php?id=10273& HTTP/1.1" 200 2012 "http://hausegger.activities.at/entry.php?id=10287&" "Mozilla/5.0 (Windows NT 10.0; Win64; x64; rv:120.0) Gecko/20100101 Firefox/120.0"
77.119.211.4 - - [07/Dec/2023:10:11:32 +0100] "GET /entry.php?id=10270&__app__=10006038 HTTP/1.1" 200 2229 "http://hausegger.activities.at/entry.php?id=10273&" "Mozilla/5.0 (Windows NT 10.0; Win64; x64; rv:120.0) Gecko/20100101 Firefox/120.0"
77.119.211.4 - - [07/Dec/2023:10:11:32 +0100] "GET /entry.php?id=10271& HTTP/1.1" 200 986 "http://hausegger.activities.at/entry.php?id=10272" "Mozilla/5.0 (Windows NT 10.0; Win64; x64; rv:120.0) Gecko/20100101 Firefox/120.0"
77.119.211.4 - - [07/Dec/2023:10:11:32 +0100] "GET /undefined HTTP/1.1" 404 289 "http://hausegger.activities.at/entry.php?id=10270&__app__=10006038" "Mozilla/5.0 (Windows NT 10.0; Win64; x64; rv:120.0) Gecko/20100101 Firefox/120.0"
77.119.211.4 - - [07/Dec/2023:10:11:33 +0100] "GET /framework/webfx/style/toolbar/images/cbback.gif HTTP/1.1" 404 318 "http://hausegger.activities.at/framework/webfx/style/toolbar/cb2.css" "Mozilla/5.0 (Windows NT 10.0; Win64; x64; rv:120.0) Gecko/20100101 Firefox/120.0"
77.119.211.4 - - [07/Dec/2023:10:12:33 +0100] "GET /entry.php?id=10271&&ser=940292 HTTP/1.1" 200 987 "http://hausegger.activities.at/entry.php?id=10271&" "Mozilla/5.0 (Windows NT 10.0; Win64; x64; rv:120.0) Gecko/20100101 Firefox/120.0"
77.119.211.4 - - [07/Dec/2023:10:12:33 +0100] "GET /gui/javascript/form_form.js?1701940353 HTTP/1.1" 200 16206 "http://hausegger.activities.at/entry.php?id=10271&&ser=940292" "Mozilla/5.0 (Windows NT 10.0; Win64; x64; rv:120.0) Gecko/20100101 Firefox/120.0"
66.249.64.12 - - [07/Dec/2023:10:13:15 +0100] "GET /robots.txt HTTP/1.1" 404 293 "-" "Mozilla/5.0 (compatible; Googlebot/2.1; +http://www.google.com/bot.html)"
66.249.64.12 - - [07/Dec/2023:10:13:15 +0100] "GET / HTTP/1.1" 200 274 "-" "Mozilla/5.0 (Linux; Android 6.0.1; Nexus 5X Build/MMB29P) AppleWebKit/537.36 (KHTML, like Gecko) Chrome/119.0.6045.199 Mobile Safari/537.36 (compatible; Googlebot/2.1; +http://www.google.com/bot.html)"
77.119.211.4 - - [07/Dec/2023:10:13:33 +0100] "GET /entry.php?id=10271&&ser=940353 HTTP/1.1" 200 986 "http://hausegger.activities.at/entry.php?id=10271&&ser=940292" "Mozilla/5.0 (Windows NT 10.0; Win64; x64; rv:120.0) Gecko/20100101 Firefox/120.0"
77.119.211.4 - - [07/Dec/2023:10:13:33 +0100] "GET /gui/javascript/form_form.js?1701940413 HTTP/1.1" 200 16206 "http://hausegger.activities.at/entry.php?id=10271&&ser=940353" "Mozilla/5.0 (Windows NT 10.0; Win64; x64; rv:120.0) Gecko/20100101 Firefox/120.0"
87.236.176.107 - - [07/Dec/2023:10:13:59 +0100] "GET / HTTP/1.1" 200 274 "-" "Mozilla/5.0 (compatible; InternetMeasurement/1.0; +https://internet-measurement.com/)"
87.236.176.216 - - [07/Dec/2023:10:14:00 +0100] "GET /activities.ico HTTP/1.1" 200 1406 "-" "Mozilla/5.0 (compatible; InternetMeasurement/1.0; +https://internet-measurement.com/)"
77.119.211.4 - - [07/Dec/2023:10:14:33 +0100] "GET /entry.php?id=10271&&ser=940413 HTTP/1.1" 200 985 "http://hausegger.activities.at/entry.php?id=10271&&ser=940353" "Mozilla/5.0 (Windows NT 10.0; Win64; x64; rv:120.0) Gecko/20100101 Firefox/120.0"
77.119.211.4 - - [07/Dec/2023:10:14:33 +0100] "GET /gui/javascript/form_form.js?1701940473 HTTP/1.1" 200 16206 "http://hausegger.activities.at/entry.php?id=10271&&ser=940413" "Mozilla/5.0 (Windows NT 10.0; Win64; x64; rv:120.0) Gecko/20100101 Firefox/120.0"
77.119.211.4 - - [07/Dec/2023:10:15:33 +0100] "GET /entry.php?id=10271&&ser=940473 HTTP/1.1" 200 987 "http://hausegger.activities.at/entry.php?id=10271&&ser=940413" "Mozilla/5.0 (Windows NT 10.0; Win64; x64; rv:120.0) Gecko/20100101 Firefox/120.0"
77.119.211.4 - - [07/Dec/2023:10:15:34 +0100] "GET /gui/javascript/form_form.js?1701940533 HTTP/1.1" 200 16206 "http://hausegger.activities.at/entry.php?id=10271&&ser=940473" "Mozilla/5.0 (Windows NT 10.0; Win64; x64; rv:120.0) Gecko/20100101 Firefox/120.0"
65.49.20.66 - - [07/Dec/2023:10:15:56 +0100] "\x16\x03\x01" 400 383 "-" "-"
77.119.211.4 - - [07/Dec/2023:10:16:34 +0100] "GET /entry.php?id=10271&&ser=940533 HTTP/1.1" 200 986 "http://hausegger.activities.at/entry.php?id=10271&&ser=940473" "Mozilla/5.0 (Windows NT 10.0; Win64; x64; rv:120.0) Gecko/20100101 Firefox/120.0"
77.119.211.4 - - [07/Dec/2023:10:16:34 +0100] "GET /gui/javascript/form_form.js?1701940594 HTTP/1.1" 200 16206 "http://hausegger.activities.at/entry.php?id=10271&&ser=940533" "Mozilla/5.0 (Windows NT 10.0; Win64; x64; rv:120.0) Gecko/20100101 Firefox/120.0"
77.119.211.4 - - [07/Dec/2023:10:17:34 +0100] "GET /entry.php?id=10271&&ser=940594 HTTP/1.1" 200 986 "http://hausegger.activities.at/entry.php?id=10271&&ser=940533" "Mozilla/5.0 (Windows NT 10.0; Win64; x64; rv:120.0) Gecko/20100101 Firefox/120.0"
