91.141.34.226 - - [26/Feb/2024:18:28:59 +0100] "GET /gui/javascript/form_form.js?1708968539 HTTP/1.1" 200 16206 "http://hausegger.activities.at/entry.php?id=10271&&ser=968479" "Mozilla/5.0 (Windows NT 10.0; Win64; x64) AppleWebKit/537.36 (KHTML, like Gecko) Chrome/122.0.0.0 Safari/537.36"
91.141.34.226 - - [26/Feb/2024:18:29:59 +0100] "GET /entry.php?id=10271&&ser=968539 HTTP/1.1" 200 987 "http://hausegger.activities.at/entry.php?id=10271&&ser=968479" "Mozilla/5.0 (Windows NT 10.0; Win64; x64) AppleWebKit/537.36 (KHTML, like Gecko) Chrome/122.0.0.0 Safari/537.36"
91.141.34.226 - - [26/Feb/2024:18:30:00 +0100] "GET /gui/javascript/form_form.js?1708968600 HTTP/1.1" 200 16206 "http://hausegger.activities.at/entry.php?id=10271&&ser=968539" "Mozilla/5.0 (Windows NT 10.0; Win64; x64) AppleWebKit/537.36 (KHTML, like Gecko) Chrome/122.0.0.0 Safari/537.36"
223.199.161.12 - - [26/Feb/2024:18:30:05 +0100] "GET / HTTP/1.1" 200 423 "-" "-"
120.195.54.50 - - [26/Feb/2024:18:30:10 +0100] "GET / HTTP/1.1" 200 423 "-" "Mozilla/5.0 (Windows NT 6.1) AppleWebKit/537.36 (KHTML, like Gecko) Chrome/49.0.2623.112 Safari/537.36"
220.167.233.41 - - [26/Feb/2024:18:30:11 +0100] "GET /layout.php HTTP/1.1" 200 1674 "-" "Mozilla/5.0 (Windows NT 6.1) AppleWebKit/537.36 (KHTML, like Gecko) Chrome/49.0.2623.112 Safari/537.36"
123.160.173.74 - - [26/Feb/2024:18:30:12 +0100] "GET /entry.php?id=10441&UIN= HTTP/1.1" 200 2866 "-" "Mozilla/5.0 (Windows NT 6.1) AppleWebKit/537.36 (KHTML, like Gecko) Chrome/49.0.2623.112 Safari/537.36"
91.141.34.226 - - [26/Feb/2024:18:31:00 +0100] "GET /entry.php?id=10271&&ser=968600 HTTP/1.1" 200 987 "http://hausegger.activities.at/entry.php?id=10271&&ser=968539" "Mozilla/5.0 (Windows NT 10.0; Win64; x64) AppleWebKit/537.36 (KHTML, like Gecko) Chrome/122.0.0.0 Safari/537.36"
91.141.34.226 - - [26/Feb/2024:18:31:00 +0100] "GET /gui/javascript/form_form.js?1708968660 HTTP/1.1" 200 16206 "http://hausegger.activities.at/entry.php?id=10271&&ser=968600" "Mozilla/5.0 (Windows NT 10.0; Win64; x64) AppleWebKit/537.36 (KHTML, like Gecko) Chrome/122.0.0.0 Safari/537.36"
91.141.34.226 - - [26/Feb/2024:18:32:00 +0100] "GET /entry.php?id=10271&&ser=968660 HTTP/1.1" 200 986 "http://hausegger.activities.at/entry.php?id=10271&&ser=968600" "Mozilla/5.0 (Windows NT 10.0; Win64; x64) AppleWebKit/537.36 (KHTML, like Gecko) Chrome/122.0.0.0 Safari/537.36"
91.141.34.226 - - [26/Feb/2024:18:32:00 +0100] "GET /gui/javascript/form_form.js?1708968720 HTTP/1.1" 200 16206 "http://hausegger.activities.at/entry.php?id=10271&&ser=968660" "Mozilla/5.0 (Windows NT 10.0; Win64; x64) AppleWebKit/537.36 (KHTML, like Gecko) Chrome/122.0.0.0 Safari/537.36"
91.141.34.226 - - [26/Feb/2024:18:33:00 +0100] "GET /entry.php?id=10271&&ser=968720 HTTP/1.1" 200 986 "http://hausegger.activities.at/entry.php?id=10271&&ser=968660" "Mozilla/5.0 (Windows NT 10.0; Win64; x64) AppleWebKit/537.36 (KHTML, like Gecko) Chrome/122.0.0.0 Safari/537.36"
91.141.34.226 - - [26/Feb/2024:18:33:01 +0100] "GET /gui/javascript/form_form.js?1708968780 HTTP/1.1" 200 16206 "http://hausegger.activities.at/entry.php?id=10271&&ser=968720" "Mozilla/5.0 (Windows NT 10.0; Win64; x64) AppleWebKit/537.36 (KHTML, like Gecko) Chrome/122.0.0.0 Safari/537.36"
91.141.34.226 - - [26/Feb/2024:18:34:01 +0100] "GET /entry.php?id=10271&&ser=968780 HTTP/1.1" 200 986 "http://hausegger.activities.at/entry.php?id=10271&&ser=968720" "Mozilla/5.0 (Windows NT 10.0; Win64; x64) AppleWebKit/537.36 (KHTML, like Gecko) Chrome/122.0.0.0 Safari/537.36"
91.141.34.226 - - [26/Feb/2024:18:34:01 +0100] "GET /gui/javascript/form_form.js?1708968841 HTTP/1.1" 200 16206 "http://hausegger.activities.at/entry.php?id=10271&&ser=968780" "Mozilla/5.0 (Windows NT 10.0; Win64; x64) AppleWebKit/537.36 (KHTML, like Gecko) Chrome/122.0.0.0 Safari/537.36"
91.141.34.226 - - [26/Feb/2024:18:35:01 +0100] "GET /entry.php?id=10271&&ser=968841 HTTP/1.1" 200 986 "http://hausegger.activities.at/entry.php?id=10271&&ser=968780" "Mozilla/5.0 (Windows NT 10.0; Win64; x64) AppleWebKit/537.36 (KHTML, like Gecko) Chrome/122.0.0.0 Safari/537.36"
91.141.34.226 - - [26/Feb/2024:18:35:01 +0100] "GET /gui/javascript/form_form.js?1708968901 HTTP/1.1" 200 16206 "http://hausegger.activities.at/entry.php?id=10271&&ser=968841" "Mozilla/5.0 (Windows NT 10.0; Win64; x64) AppleWebKit/537.36 (KHTML, like Gecko) Chrome/122.0.0.0 Safari/537.36"
91.141.34.226 - - [26/Feb/2024:18:36:01 +0100] "GET /entry.php?id=10271&&ser=968901 HTTP/1.1" 200 986 "http://hausegger.activities.at/entry.php?id=10271&&ser=968841" "Mozilla/5.0 (Windows NT 10.0; Win64; x64) AppleWebKit/537.36 (KHTML, like Gecko) Chrome/122.0.0.0 Safari/537.36"
91.141.34.226 - - [26/Feb/2024:18:36:01 +0100] "GET /gui/javascript/form_form.js?1708968961 HTTP/1.1" 200 16206 "http://hausegger.activities.at/entry.php?id=10271&&ser=968901" "Mozilla/5.0 (Windows NT 10.0; Win64; x64) AppleWebKit/537.36 (KHTML, like Gecko) Chrome/122.0.0.0 Safari/537.36"
91.141.34.226 - - [26/Feb/2024:18:37:02 +0100] "GET /entry.php?id=10271&&ser=968961 HTTP/1.1" 200 987 "http://hausegger.activities.at/entry.php?id=10271&&ser=968901" "Mozilla/5.0 (Windows NT 10.0; Win64; x64) AppleWebKit/537.36 (KHTML, like Gecko) Chrome/122.0.0.0 Safari/537.36"
91.141.34.226 - - [26/Feb/2024:18:37:02 +0100] "GET /gui/javascript/form_form.js?1708969022 HTTP/1.1" 200 16206 "http://hausegger.activities.at/entry.php?id=10271&&ser=968961" "Mozilla/5.0 (Windows NT 10.0; Win64; x64) AppleWebKit/537.36 (KHTML, like Gecko) Chrome/122.0.0.0 Safari/537.36"
91.141.34.226 - - [26/Feb/2024:18:38:02 +0100] "GET /entry.php?id=10271&&ser=969022 HTTP/1.1" 200 987 "http://hausegger.activities.at/entry.php?id=10271&&ser=968961" "Mozilla/5.0 (Windows NT 10.0; Win64; x64) AppleWebKit/537.36 (KHTML, like Gecko) Chrome/122.0.0.0 Safari/537.36"
91.141.34.226 - - [26/Feb/2024:18:38:02 +0100] "GET /gui/javascript/form_form.js?1708969082 HTTP/1.1" 200 16206 "http://hausegger.activities.at/entry.php?id=10271&&ser=969022" "Mozilla/5.0 (Windows NT 10.0; Win64; x64) AppleWebKit/537.36 (KHTML, like Gecko) Chrome/122.0.0.0 Safari/537.36"
91.141.34.226 - - [26/Feb/2024:18:39:02 +0100] "GET /entry.php?id=10271&&ser=969082 HTTP/1.1" 200 987 "http://hausegger.activities.at/entry.php?id=10271&&ser=969022" "Mozilla/5.0 (Windows NT 10.0; Win64; x64) AppleWebKit/537.36 (KHTML, like Gecko) Chrome/122.0.0.0 Safari/537.36"
91.141.34.226 - - [26/Feb/2024:18:39:02 +0100] "GET /gui/javascript/form_form.js?1708969142 HTTP/1.1" 200 16206 "http://hausegger.activities.at/entry.php?id=10271&&ser=969082" "Mozilla/5.0 (Windows NT 10.0; Win64; x64) AppleWebKit/537.36 (KHTML, like Gecko) Chrome/122.0.0.0 Safari/537.36"
91.141.34.226 - - [26/Feb/2024:18:40:02 +0100] "GET /entry.php?id=10271&&ser=969142 HTTP/1.1" 200 986 "http://hausegger.activities.at/entry.php?id=10271&&ser=969082" "Mozilla/5.0 (Windows NT 10.0; Win64; x64) AppleWebKit/537.36 (KHTML, like Gecko) Chrome/122.0.0.0 Safari/537.36"
91.141.34.226 - - [26/Feb/2024:18:40:03 +0100] "GET /gui/javascript/form_form.js?1708969203 HTTP/1.1" 200 16206 "http://hausegger.activities.at/entry.php?id=10271&&ser=969142" "Mozilla/5.0 (Windows NT 10.0; Win64; x64) AppleWebKit/537.36 (KHTML, like Gecko) Chrome/122.0.0.0 Safari/537.36"
91.141.34.226 - - [26/Feb/2024:18:41:03 +0100] "GET /entry.php?id=10271&&ser=969203 HTTP/1.1" 200 987 "http://hausegger.activities.at/entry.php?id=10271&&ser=969142" "Mozilla/5.0 (Windows NT 10.0; Win64; x64) AppleWebKit/537.36 (KHTML, like Gecko) Chrome/122.0.0.0 Safari/537.36"
91.141.34.226 - - [26/Feb/2024:18:41:03 +0100] "GET /gui/javascript/form_form.js?1708969263 HTTP/1.1" 200 16206 "http://hausegger.activities.at/entry.php?id=10271&&ser=969203" "Mozilla/5.0 (Windows NT 10.0; Win64; x64) AppleWebKit/537.36 (KHTML, like Gecko) Chrome/122.0.0.0 Safari/537.36"
45.79.168.172 - - [26/Feb/2024:18:41:11 +0100] "GET / HTTP/1.1" 200 274 "-" "Mozilla/5.0 zgrab/0.x"
45.33.80.243 - - [26/Feb/2024:18:41:25 +0100] "GET / HTTP/1.1" 200 274 "-" "Mozilla/5.0 (Macintosh; Intel Mac OS X 13_1) AppleWebKit/537.36 (KHTML, like Gecko) Chrome/108.0.0.0 Safari/537.36"
91.141.34.226 - - [26/Feb/2024:18:42:03 +0100] "GET /entry.php?id=10271&&ser=969263 HTTP/1.1" 200 987 "http://hausegger.activities.at/entry.php?id=10271&&ser=969203" "Mozilla/5.0 (Windows NT 10.0; Win64; x64) AppleWebKit/537.36 (KHTML, like Gecko) Chrome/122.0.0.0 Safari/537.36"
91.141.34.226 - - [26/Feb/2024:18:42:03 +0100] "GET /gui/javascript/form_form.js?1708969323 HTTP/1.1" 200 16206 "http://hausegger.activities.at/entry.php?id=10271&&ser=969263" "Mozilla/5.0 (Windows NT 10.0; Win64; x64) AppleWebKit/537.36 (KHTML, like Gecko) Chrome/122.0.0.0 Safari/537.36"
91.141.34.226 - - [26/Feb/2024:18:43:03 +0100] "GET /entry.php?id=10271&&ser=969323 HTTP/1.1" 200 987 "http://hausegger.activities.at/entry.php?id=10271&&ser=969263" "Mozilla/5.0 (Windows NT 10.0; Win64; x64) AppleWebKit/537.36 (KHTML, like Gecko) Chrome/122.0.0.0 Safari/537.36"
91.141.34.226 - - [26/Feb/2024:18:43:03 +0100] "GET /gui/javascript/form_form.js?1708969383 HTTP/1.1" 200 16206 "http://hausegger.activities.at/entry.php?id=10271&&ser=969323" "Mozilla/5.0 (Windows NT 10.0; Win64; x64) AppleWebKit/537.36 (KHTML, like Gecko) Chrome/122.0.0.0 Safari/537.36"
91.141.34.226 - - [26/Feb/2024:18:44:04 +0100] "GET /entry.php?id=10271&&ser=969383 HTTP/1.1" 200 988 "http://hausegger.activities.at/entry.php?id=10271&&ser=969323" "Mozilla/5.0 (Windows NT 10.0; Win64; x64) AppleWebKit/537.36 (KHTML, like Gecko) Chrome/122.0.0.0 Safari/537.36"
91.141.34.226 - - [26/Feb/2024:18:44:04 +0100] "GET /gui/javascript/form_form.js?1708969444 HTTP/1.1" 200 16206 "http://hausegger.activities.at/entry.php?id=10271&&ser=969383" "Mozilla/5.0 (Windows NT 10.0; Win64; x64) AppleWebKit/537.36 (KHTML, like Gecko) Chrome/122.0.0.0 Safari/537.36"
91.141.34.226 - - [26/Feb/2024:18:45:04 +0100] "GET /entry.php?id=10271&&ser=969444 HTTP/1.1" 200 987 "http://hausegger.activities.at/entry.php?id=10271&&ser=969383" "Mozilla/5.0 (Windows NT 10.0; Win64; x64) AppleWebKit/537.36 (KHTML, like Gecko) Chrome/122.0.0.0 Safari/537.36"
91.141.34.226 - - [26/Feb/2024:18:45:04 +0100] "GET /gui/javascript/form_form.js?1708969504 HTTP/1.1" 200 16206 "http://hausegger.activities.at/entry.php?id=10271&&ser=969444" "Mozilla/5.0 (Windows NT 10.0; Win64; x64) AppleWebKit/537.36 (KHTML, like Gecko) Chrome/122.0.0.0 Safari/537.36"
91.141.34.226 - - [26/Feb/2024:18:46:04 +0100] "GET /entry.php?id=10271&&ser=969504 HTTP/1.1" 200 987 "http://hausegger.activities.at/entry.php?id=10271&&ser=969444" "Mozilla/5.0 (Windows NT 10.0; Win64; x64) AppleWebKit/537.36 (KHTML, like Gecko) Chrome/122.0.0.0 Safari/537.36"
91.141.34.226 - - [26/Feb/2024:18:46:04 +0100] "GET /gui/javascript/form_form.js?1708969564 HTTP/1.1" 200 16206 "http://hausegger.activities.at/entry.php?id=10271&&ser=969504" "Mozilla/5.0 (Windows NT 10.0; Win64; x64) AppleWebKit/537.36 (KHTML, like Gecko) Chrome/122.0.0.0 Safari/537.36"
91.141.34.226 - - [26/Feb/2024:18:47:05 +0100] "GET /entry.php?id=10271&&ser=969564 HTTP/1.1" 200 987 "http://hausegger.activities.at/entry.php?id=10271&&ser=969504" "Mozilla/5.0 (Windows NT 10.0; Win64; x64) AppleWebKit/537.36 (KHTML, like Gecko) Chrome/122.0.0.0 Safari/537.36"
91.141.34.226 - - [26/Feb/2024:18:47:05 +0100] "GET /gui/javascript/form_form.js?1708969625 HTTP/1.1" 200 16206 "http://hausegger.activities.at/entry.php?id=10271&&ser=969564" "Mozilla/5.0 (Windows NT 10.0; Win64; x64) AppleWebKit/537.36 (KHTML, like Gecko) Chrome/122.0.0.0 Safari/537.36"
91.141.34.226 - - [26/Feb/2024:18:48:05 +0100] "GET /entry.php?id=10271&&ser=969625 HTTP/1.1" 200 987 "http://hausegger.activities.at/entry.php?id=10271&&ser=969564" "Mozilla/5.0 (Windows NT 10.0; Win64; x64) AppleWebKit/537.36 (KHTML, like Gecko) Chrome/122.0.0.0 Safari/537.36"
91.141.34.226 - - [26/Feb/2024:18:48:05 +0100] "GET /gui/javascript/form_form.js?1708969685 HTTP/1.1" 200 16206 "http://hausegger.activities.at/entry.php?id=10271&&ser=969625" "Mozilla/5.0 (Windows NT 10.0; Win64; x64) AppleWebKit/537.36 (KHTML, like Gecko) Chrome/122.0.0.0 Safari/537.36"
91.141.34.226 - - [26/Feb/2024:18:49:05 +0100] "GET /entry.php?id=10271&&ser=969685 HTTP/1.1" 200 987 "http://hausegger.activities.at/entry.php?id=10271&&ser=969625" "Mozilla/5.0 (Windows NT 10.0; Win64; x64) AppleWebKit/537.36 (KHTML, like Gecko) Chrome/122.0.0.0 Safari/537.36"
91.141.34.226 - - [26/Feb/2024:18:49:05 +0100] "GET /gui/javascript/form_form.js?1708969745 HTTP/1.1" 200 16206 "http://hausegger.activities.at/entry.php?id=10271&&ser=969685" "Mozilla/5.0 (Windows NT 10.0; Win64; x64) AppleWebKit/537.36 (KHTML, like Gecko) Chrome/122.0.0.0 Safari/537.36"
47.128.38.125 - - [26/Feb/2024:18:49:43 +0100] "GET /robots.txt HTTP/1.1" 404 284 "-" "Mozilla/5.0 (Linux; Android 5.0) AppleWebKit/537.36 (KHTML, like Gecko) Mobile Safari/537.36 (compatible; Bytespider; spider-feedback@bytedance.com)"
91.141.34.226 - - [26/Feb/2024:18:50:06 +0100] "GET /entry.php?id=10271&&ser=969745 HTTP/1.1" 200 986 "http://hausegger.activities.at/entry.php?id=10271&&ser=969685" "Mozilla/5.0 (Windows NT 10.0; Win64; x64) AppleWebKit/537.36 (KHTML, like Gecko) Chrome/122.0.0.0 Safari/537.36"
91.141.34.226 - - [26/Feb/2024:18:50:06 +0100] "GET /gui/javascript/form_form.js?1708969806 HTTP/1.1" 200 16206 "http://hausegger.activities.at/entry.php?id=10271&&ser=969745" "Mozilla/5.0 (Windows NT 10.0; Win64; x64) AppleWebKit/537.36 (KHTML, like Gecko) Chrome/122.0.0.0 Safari/537.36"
91.141.34.226 - - [26/Feb/2024:18:51:06 +0100] "GET /entry.php?id=10271&&ser=969806 HTTP/1.1" 200 986 "http://hausegger.activities.at/entry.php?id=10271&&ser=969745" "Mozilla/5.0 (Windows NT 10.0; Win64; x64) AppleWebKit/537.36 (KHTML, like Gecko) Chrome/122.0.0.0 Safari/537.36"
91.141.34.226 - - [26/Feb/2024:18:51:06 +0100] "GET /gui/javascript/form_form.js?1708969866 HTTP/1.1" 200 16206 "http://hausegger.activities.at/entry.php?id=10271&&ser=969806" "Mozilla/5.0 (Windows NT 10.0; Win64; x64) AppleWebKit/537.36 (KHTML, like Gecko) Chrome/122.0.0.0 Safari/537.36"
91.141.34.226 - - [26/Feb/2024:18:51:55 +0100] "POST /entry.php?id=10889 HTTP/1.1" 200 1664 "http://hausegger.activities.at/entry.php?id=10889" "Mozilla/5.0 (Windows NT 10.0; Win64; x64) AppleWebKit/537.36 (KHTML, like Gecko) Chrome/122.0.0.0 Safari/537.36"
91.141.34.226 - - [26/Feb/2024:18:51:55 +0100] "GET /gui/javascript/form_form.js?1708969915 HTTP/1.1" 200 16206 "http://hausegger.activities.at/entry.php?id=10889" "Mozilla/5.0 (Windows NT 10.0; Win64; x64) AppleWebKit/537.36 (KHTML, like Gecko) Chrome/122.0.0.0 Safari/537.36"
91.141.34.226 - - [26/Feb/2024:18:52:03 +0100] "POST /entry.php?id=10889 HTTP/1.1" 200 1829 "http://hausegger.activities.at/entry.php?id=10889" "Mozilla/5.0 (Windows NT 10.0; Win64; x64) AppleWebKit/537.36 (KHTML, like Gecko) Chrome/122.0.0.0 Safari/537.36"
91.141.34.226 - - [26/Feb/2024:18:52:04 +0100] "GET /gui/javascript/form_form.js?1708969924 HTTP/1.1" 200 16206 "http://hausegger.activities.at/entry.php?id=10889" "Mozilla/5.0 (Windows NT 10.0; Win64; x64) AppleWebKit/537.36 (KHTML, like Gecko) Chrome/122.0.0.0 Safari/537.36"
91.141.34.226 - - [26/Feb/2024:18:52:06 +0100] "GET /entry.php?id=10271&&ser=969866 HTTP/1.1" 200 987 "http://hausegger.activities.at/entry.php?id=10271&&ser=969806" "Mozilla/5.0 (Windows NT 10.0; Win64; x64) AppleWebKit/537.36 (KHTML, like Gecko) Chrome/122.0.0.0 Safari/537.36"
91.141.34.226 - - [26/Feb/2024:18:52:06 +0100] "GET /gui/javascript/form_form.js?1708969926 HTTP/1.1" 200 16206 "http://hausegger.activities.at/entry.php?id=10271&&ser=969866" "Mozilla/5.0 (Windows NT 10.0; Win64; x64) AppleWebKit/537.36 (KHTML, like Gecko) Chrome/122.0.0.0 Safari/537.36"
91.141.34.226 - - [26/Feb/2024:18:52:19 +0100] "POST /entry.php?id=10889 HTTP/1.1" 200 1806 "http://hausegger.activities.at/entry.php?id=10889" "Mozilla/5.0 (Windows NT 10.0; Win64; x64) AppleWebKit/537.36 (KHTML, like Gecko) Chrome/122.0.0.0 Safari/537.36"
91.141.34.226 - - [26/Feb/2024:18:52:19 +0100] "GET /gui/javascript/form_form.js?1708969939 HTTP/1.1" 200 16206 "http://hausegger.activities.at/entry.php?id=10889" "Mozilla/5.0 (Windows NT 10.0; Win64; x64) AppleWebKit/537.36 (KHTML, like Gecko) Chrome/122.0.0.0 Safari/537.36"
91.141.34.226 - - [26/Feb/2024:18:52:35 +0100] "GET /entry.php?id=11270&document=10334370 HTTP/1.1" 200 1975 "http://hausegger.activities.at/entry.php?id=10828" "Mozilla/5.0 (Windows NT 10.0; Win64; x64) AppleWebKit/537.36 (KHTML, like Gecko) Chrome/122.0.0.0 Safari/537.36"
91.141.34.226 - - [26/Feb/2024:18:52:36 +0100] "GET /gui/javascript/form_bu_document.js?1708969956 HTTP/1.1" 200 2675 "http://hausegger.activities.at/entry.php?id=11270&document=10334370" "Mozilla/5.0 (Windows NT 10.0; Win64; x64) AppleWebKit/537.36 (KHTML, like Gecko) Chrome/122.0.0.0 Safari/537.36"
91.141.34.226 - - [26/Feb/2024:18:52:36 +0100] "GET /gui/javascript/form_form.js?1708969956 HTTP/1.1" 200 16206 "http://hausegger.activities.at/entry.php?id=11270&document=10334370" "Mozilla/5.0 (Windows NT 10.0; Win64; x64) AppleWebKit/537.36 (KHTML, like Gecko) Chrome/122.0.0.0 Safari/537.36"
91.141.34.226 - - [26/Feb/2024:18:52:36 +0100] "GET /entry.php?id=11241&images=false&document=10334370 HTTP/1.1" 200 3142 "http://hausegger.activities.at/entry.php?id=11270&document=10334370" "Mozilla/5.0 (Windows NT 10.0; Win64; x64) AppleWebKit/537.36 (KHTML, like Gecko) Chrome/122.0.0.0 Safari/537.36"
91.141.34.226 - - [26/Feb/2024:18:52:36 +0100] "GET /entry.php?id=10877&mode=observePrint HTTP/1.1" 200 58 "http://hausegger.activities.at/entry.php?id=11270&document=10334370" "Mozilla/5.0 (Windows NT 10.0; Win64; x64) AppleWebKit/537.36 (KHTML, like Gecko) Chrome/122.0.0.0 Safari/537.36"
91.141.34.226 - - [26/Feb/2024:18:53:06 +0100] "GET /entry.php?id=10271&&ser=969926 HTTP/1.1" 200 987 "http://hausegger.activities.at/entry.php?id=10271&&ser=969866" "Mozilla/5.0 (Windows NT 10.0; Win64; x64) AppleWebKit/537.36 (KHTML, like Gecko) Chrome/122.0.0.0 Safari/537.36"
91.141.34.226 - - [26/Feb/2024:18:53:07 +0100] "GET /gui/javascript/form_form.js?1708969986 HTTP/1.1" 200 16206 "http://hausegger.activities.at/entry.php?id=10271&&ser=969926" "Mozilla/5.0 (Windows NT 10.0; Win64; x64) AppleWebKit/537.36 (KHTML, like Gecko) Chrome/122.0.0.0 Safari/537.36"
91.141.34.226 - - [26/Feb/2024:18:53:32 +0100] "GET /binaries/10222042.jpg HTTP/1.1" 200 13888 "-" "Mozilla/4.0 (compatible; MSIE 7.0; Windows NT 10.0; WOW64; Trident/7.0; .NET4.0C; .NET4.0E; Tablet PC 2.0; ms-office; MSOffice 16)"
91.141.34.226 - - [26/Feb/2024:18:53:59 +0100] "GET /entry.php?id=10287&login=1 HTTP/1.1" 200 1878 "http://hausegger.activities.at/entry.php?id=10273&" "Mozilla/5.0 (Windows NT 10.0; Win64; x64) AppleWebKit/537.36 (KHTML, like Gecko) Chrome/122.0.0.0 Safari/537.36"
91.141.34.226 - - [26/Feb/2024:18:53:59 +0100] "GET /gui/javascript/form_form.js?1708970039 HTTP/1.1" 200 16206 "http://hausegger.activities.at/entry.php?id=10287&login=1" "Mozilla/5.0 (Windows NT 10.0; Win64; x64) AppleWebKit/537.36 (KHTML, like Gecko) Chrome/122.0.0.0 Safari/537.36"
91.141.34.226 - - [26/Feb/2024:18:54:00 +0100] "POST /entry.php?id=10287& HTTP/1.1" 200 2432 "http://hausegger.activities.at/entry.php?id=10287&login=1" "Mozilla/5.0 (Windows NT 10.0; Win64; x64) AppleWebKit/537.36 (KHTML, like Gecko) Chrome/122.0.0.0 Safari/537.36"
91.141.34.226 - - [26/Feb/2024:18:54:01 +0100] "GET /gui/javascript/form_form.js?1708970041 HTTP/1.1" 200 16206 "http://hausegger.activities.at/entry.php?id=10287&" "Mozilla/5.0 (Windows NT 10.0; Win64; x64) AppleWebKit/537.36 (KHTML, like Gecko) Chrome/122.0.0.0 Safari/537.36"
91.141.34.226 - - [26/Feb/2024:18:54:01 +0100] "GET /entry.php?id=10270& HTTP/1.1" 200 909 "http://hausegger.activities.at/entry.php?id=10287&" "Mozilla/5.0 (Windows NT 10.0; Win64; x64) AppleWebKit/537.36 (KHTML, like Gecko) Chrome/122.0.0.0 Safari/537.36"
91.141.34.226 - - [26/Feb/2024:18:54:01 +0100] "GET /entry.php?id=10273&logout=true& HTTP/1.1" 200 1912 "http://hausegger.activities.at/entry.php?id=10287&" "Mozilla/5.0 (Windows NT 10.0; Win64; x64) AppleWebKit/537.36 (KHTML, like Gecko) Chrome/122.0.0.0 Safari/537.36"
94.25.168.124 - - [26/Feb/2024:19:10:41 +0100] "GET /index.php HTTP/1.0" 200 423 "http://triadian.castlegem.co.uk/index.php" "Mozilla/5.0 (Windows NT 10.0; WOW64) AppleWebKit/537.36 (KHTML, like Gecko) Chrome/103.0.5060.114 Safari/537.36"
95.214.27.12 - - [26/Feb/2024:19:22:00 +0100] "GET /boaform/admin/formLogin HTTP/1.1" 404 293 "-" "Mozilla/5.0 (Windows NT 10.0; Win64; x64) AppleWebKit/537.36 (KHTML, like Gecko) Chrome/121.0.0.0 Safari/537.36"
91.92.243.107 - - [26/Feb/2024:19:53:29 +0100] "GET /inputs.php HTTP/1.1" 404 298 "-" "Mozlila/5.0 (Linux; Android 7.0; SM-G892A Bulid/NRD90M; wv) AppleWebKit/537.36 (KHTML, like Gecko) Version/4.0 Chrome/60.0.3112.107 Moblie Safari/537.36"
91.92.243.107 - - [26/Feb/2024:19:53:44 +0100] "GET /wp-includes/inputs.php HTTP/1.1" 404 306 "-" "Mozlila/5.0 (Linux; Android 7.0; SM-G892A Bulid/NRD90M; wv) AppleWebKit/537.36 (KHTML, like Gecko) Version/4.0 Chrome/60.0.3112.107 Moblie Safari/537.36"
91.92.243.107 - - [26/Feb/2024:19:53:59 +0100] "GET /wp-admin/inputs.php HTTP/1.1" 404 304 "-" "Mozlila/5.0 (Linux; Android 7.0; SM-G892A Bulid/NRD90M; wv) AppleWebKit/537.36 (KHTML, like Gecko) Version/4.0 Chrome/60.0.3112.107 Moblie Safari/537.36"
91.92.243.107 - - [26/Feb/2024:19:54:21 +0100] "GET /wp-content/inputs.php HTTP/1.1" 404 305 "-" "Mozlila/5.0 (Linux; Android 7.0; SM-G892A Bulid/NRD90M; wv) AppleWebKit/537.36 (KHTML, like Gecko) Version/4.0 Chrome/60.0.3112.107 Moblie Safari/537.36"
125.212.218.5 - - [26/Feb/2024:20:11:54 +0100] "GET /wp-login.php HTTP/1.1" 404 297 "-" "Mozilla/5.0 (X11; Fedora; Linux x86_64; rv:94.0) Gecko/20100101 Firefox/95.0"
95.214.27.12 - - [26/Feb/2024:20:30:02 +0100] "GET /boaform/admin/formLogin HTTP/1.1" 404 293 "-" "Mozilla/5.0 (Windows NT 10.0; Win64; x64) AppleWebKit/537.36 (KHTML, like Gecko) Chrome/121.0.0.0 Safari/537.36"
150.158.86.18 - - [26/Feb/2024:20:35:06 +0100] "GET /xmlrpc.php HTTP/1.1" 404 292 "-" "Mozilla/5.0 (Windows NT 6.1; WOW64; rv:45.0) Gecko/20100101 Firefox/45.0"
180.149.125.166 - - [26/Feb/2024:20:39:04 +0100] "GET / HTTP/1.1" 200 274 "-" "Mozilla/5.0 (Windows NT 5.1; Win64; x64) AppleWebKit/537.36 (KHTML, like Gecko) Chrome/60.0.3112.90 Safari/537.36"
89.149.26.55 - - [26/Feb/2024:20:44:13 +0100] "GET /~ridersde/joomla/index.php?option=com_xijc&view=captcha HTTP/1.1" 404 309 "https://www.google.com/" "Mozilla/5.0 (Windows NT 10.0; Win64; x64; rv:94.0) Gecko/20100101 Firefox/94.0"
146.19.24.28 - - [26/Feb/2024:20:54:13 +0100] "GET / HTTP/1.1" 200 423 "-" "-"
167.94.145.58 - - [26/Feb/2024:21:37:01 +0100] "GET / HTTP/1.1" 200 423 "-" "-"
167.94.145.58 - - [26/Feb/2024:21:37:04 +0100] "GET / HTTP/1.1" 200 274 "-" "Mozilla/5.0 (compatible; CensysInspect/1.1; +https://about.censys.io/)"
167.94.145.58 - - [26/Feb/2024:21:37:04 +0100] "PRI * HTTP/2.0" 400 383 "-" "-"
167.94.145.58 - - [26/Feb/2024:21:37:04 +0100] "GET /activities.ico HTTP/1.1" 200 1406 "-" "Mozilla/5.0 (compatible; CensysInspect/1.1; +https://about.censys.io/)"
167.94.145.58 - - [26/Feb/2024:21:37:04 +0100] "GET /favicon.ico HTTP/1.1" 404 284 "-" "Mozilla/5.0 (compatible; CensysInspect/1.1; +https://about.censys.io/)"
45.128.232.90 - - [26/Feb/2024:22:16:18 +0100] "GET / HTTP/1.1" 200 274 "-" "Linux Gnu (cow)"
179.43.145.26 - - [26/Feb/2024:22:45:23 +0100] "GET /.svn/wc.db HTTP/1.1" 404 284 "-" "Mozilla/5.0 (Macintosh; Intel Mac OS X 10_15_7) AppleWebKit/537.36 (KHTML, like Gecko) Chrome/98.0.4758.141 YaBrowser/22.3.3.865 Yowser/2.5 Safari/537.36"
87.236.176.159 - - [26/Feb/2024:22:49:42 +0100] "GET / HTTP/1.1" 200 274 "-" "Mozilla/5.0 (compatible; InternetMeasurement/1.0; +https://internet-measurement.com/)"
87.236.176.81 - - [26/Feb/2024:22:49:42 +0100] "GET /activities.ico HTTP/1.1" 200 1406 "-" "Mozilla/5.0 (compatible; InternetMeasurement/1.0; +https://internet-measurement.com/)"
146.19.24.28 - - [26/Feb/2024:22:52:52 +0100] "GET / HTTP/1.1" 200 423 "-" "-"
5.190.208.244 - - [26/Feb/2024:23:40:59 +0100] "GET / HTTP/1.1" 200 423 "-" "Mozilla/5.0 (Windows NT 10.0; WOW64) AppleWebKit/537.36 (KHTML, like Gecko) Chrome/52.0.2743.116 Safari/537.36"
175.24.165.6 - - [26/Feb/2024:23:52:46 +0100] "GET /xmlrpc.php HTTP/1.1" 404 289 "-" "Mozilla/5.0 (Windows NT 6.1; WOW64; rv:45.0) Gecko/20100101 Firefox/45.0"
183.56.249.160 - - [27/Feb/2024:00:02:46 +0100] "GET /wp-login.php HTTP/1.1" 404 299 "-" "Apache-HttpClient/4.5.2 (Java/1.8.0_161)"
183.56.249.160 - - [27/Feb/2024:00:02:47 +0100] "GET /?author=1 HTTP/1.1" 200 274 "-" "Apache-HttpClient/4.5.2 (Java/1.8.0_161)"
183.56.249.160 - - [27/Feb/2024:00:02:48 +0100] "GET /?author=2 HTTP/1.1" 200 274 "-" "Apache-HttpClient/4.5.2 (Java/1.8.0_161)"
183.56.249.160 - - [27/Feb/2024:00:02:48 +0100] "GET /?author=3 HTTP/1.1" 200 274 "-" "Apache-HttpClient/4.5.2 (Java/1.8.0_161)"
183.56.249.160 - - [27/Feb/2024:00:02:48 +0100] "GET /?author=4 HTTP/1.1" 200 274 "-" "Apache-HttpClient/4.5.2 (Java/1.8.0_161)"
183.56.249.160 - - [27/Feb/2024:00:02:49 +0100] "GET /?author=5 HTTP/1.1" 200 274 "-" "Apache-HttpClient/4.5.2 (Java/1.8.0_161)"
183.56.249.160 - - [27/Feb/2024:00:02:49 +0100] "GET /?author=6 HTTP/1.1" 200 274 "-" "Apache-HttpClient/4.5.2 (Java/1.8.0_161)"
183.56.249.160 - - [27/Feb/2024:00:02:50 +0100] "GET /?author=7 HTTP/1.1" 200 274 "-" "Apache-HttpClient/4.5.2 (Java/1.8.0_161)"
183.56.249.160 - - [27/Feb/2024:00:02:50 +0100] "GET /?author=8 HTTP/1.1" 200 274 "-" "Apache-HttpClient/4.5.2 (Java/1.8.0_161)"
183.56.249.160 - - [27/Feb/2024:00:02:51 +0100] "GET /?author=9 HTTP/1.1" 200 274 "-" "Apache-HttpClient/4.5.2 (Java/1.8.0_161)"
183.56.249.160 - - [27/Feb/2024:00:02:51 +0100] "GET /?author=10 HTTP/1.1" 200 274 "-" "Apache-HttpClient/4.5.2 (Java/1.8.0_161)"
183.56.249.160 - - [27/Feb/2024:00:02:52 +0100] "GET /?author=11 HTTP/1.1" 200 274 "-" "Apache-HttpClient/4.5.2 (Java/1.8.0_161)"
183.56.249.160 - - [27/Feb/2024:00:02:52 +0100] "GET /?author=12 HTTP/1.1" 200 274 "-" "Apache-HttpClient/4.5.2 (Java/1.8.0_161)"
183.56.249.160 - - [27/Feb/2024:00:02:52 +0100] "GET /?author=13 HTTP/1.1" 200 274 "-" "Apache-HttpClient/4.5.2 (Java/1.8.0_161)"
183.56.249.160 - - [27/Feb/2024:00:02:53 +0100] "GET /?author=14 HTTP/1.1" 200 274 "-" "Apache-HttpClient/4.5.2 (Java/1.8.0_161)"
183.56.249.160 - - [27/Feb/2024:00:02:53 +0100] "GET /?author=15 HTTP/1.1" 200 274 "-" "Apache-HttpClient/4.5.2 (Java/1.8.0_161)"
183.56.249.160 - - [27/Feb/2024:00:02:54 +0100] "GET /?author=16 HTTP/1.1" 200 274 "-" "Apache-HttpClient/4.5.2 (Java/1.8.0_161)"
183.56.249.160 - - [27/Feb/2024:00:02:54 +0100] "GET /?author=17 HTTP/1.1" 200 274 "-" "Apache-HttpClient/4.5.2 (Java/1.8.0_161)"
183.56.249.160 - - [27/Feb/2024:00:02:55 +0100] "GET /?author=18 HTTP/1.1" 200 274 "-" "Apache-HttpClient/4.5.2 (Java/1.8.0_161)"
183.56.249.160 - - [27/Feb/2024:00:02:55 +0100] "GET /?author=19 HTTP/1.1" 200 274 "-" "Apache-HttpClient/4.5.2 (Java/1.8.0_161)"
183.56.249.160 - - [27/Feb/2024:00:02:56 +0100] "GET /?author=20 HTTP/1.1" 200 274 "-" "Apache-HttpClient/4.5.2 (Java/1.8.0_161)"
37.46.113.166 - - [27/Feb/2024:00:32:06 +0100] "GET /~ridersde/joomla/index.php?option=com_xijc&view=captcha HTTP/1.1" 404 309 "https://www.google.com/" "Mozilla/5.0 (Macintosh; Intel Mac OS X 10.11; rv:102.0) Gecko/20100101 Firefox/102.0"
185.242.226.10 - - [27/Feb/2024:00:51:48 +0100] "GET /activities.ico HTTP/1.1" 200 1406 "-" "python-requests/2.26.0"
185.242.226.10 - - [27/Feb/2024:00:51:48 +0100] "GET / HTTP/1.1" 200 274 "-" "python-requests/2.26.0"
85.95.180.17 - - [27/Feb/2024:00:52:53 +0100] "GET /wp-content/themes/bricks/assets/js/feedback.min.js HTTP/1.1" 404 406 "-" "Mozilla/5.0 (Windows NT 10.0; Win64; x64) AppleWebKit/537.36 (KHTML, like Gecko) Chrome/92.0.4515.107 Safari/537.36"
43.129.50.135 - - [27/Feb/2024:00:54:32 +0100] "GET / HTTP/1.1" 200 423 "-" "curl/7.64.1"
36.99.136.136 - - [27/Feb/2024:00:54:44 +0100] "GET / HTTP/1.1" 200 274 "-" "Mozilla/5.0 (Macintosh; Intel Mac OS X 10_15_7) AppleWebKit/537.36 (KHTML, like Gecko) Chrome/96.0.4664.110 Safari/537.36"
36.99.136.136 - - [27/Feb/2024:00:54:45 +0100] "GET / HTTP/1.1" 200 274 "-" "Mozilla/5.0 (Macintosh; Intel Mac OS X 11_0_0) AppleWebKit/537.36 (KHTML, like Gecko) Chrome/87.0.4280.88 Safari/537.36"
36.99.136.137 - - [27/Feb/2024:00:54:45 +0100] "GET /layout.php HTTP/1.1" 200 816 "http://212.69.160.11/" "Mozilla/5.0 (X11; Linux x86_64) AppleWebKit/537.36 (KHTML, like Gecko) HeadlessChrome/114.0.5720.0 Safari/537.36"
36.99.136.136 - - [27/Feb/2024:00:54:46 +0100] "GET /gui/javascript/form_form.js HTTP/1.1" 200 16206 "http://212.69.160.11/layout.php" "Mozilla/5.0 (X11; Linux x86_64) AppleWebKit/537.36 (KHTML, like Gecko) HeadlessChrome/114.0.5720.0 Safari/537.36"
36.99.136.136 - - [27/Feb/2024:00:54:47 +0100] "GET /entry.php?id=10273 HTTP/1.1" 200 1901 "http://212.69.160.11/layout.php" "Mozilla/5.0 (X11; Linux x86_64) AppleWebKit/537.36 (KHTML, like Gecko) HeadlessChrome/114.0.5720.0 Safari/537.36"
36.99.136.136 - - [27/Feb/2024:00:54:47 +0100] "GET /entry.php?id=10270 HTTP/1.1" 200 907 "http://212.69.160.11/layout.php" "Mozilla/5.0 (X11; Linux x86_64) AppleWebKit/537.36 (KHTML, like Gecko) HeadlessChrome/114.0.5720.0 Safari/537.36"
36.99.136.136 - - [27/Feb/2024:00:54:47 +0100] "GET /entry.php?id=11412 HTTP/1.1" 200 1758 "http://212.69.160.11/layout.php" "Mozilla/5.0 (X11; Linux x86_64) AppleWebKit/537.36 (KHTML, like Gecko) HeadlessChrome/114.0.5720.0 Safari/537.36"
36.99.136.136 - - [27/Feb/2024:00:54:47 +0100] "GET /gui/javascript/jquery/css/gui-themes/custom.min.css HTTP/1.1" 200 5618 "http://212.69.160.11/entry.php?id=10273" "Mozilla/5.0 (X11; Linux x86_64) AppleWebKit/537.36 (KHTML, like Gecko) HeadlessChrome/114.0.5720.0 Safari/537.36"
36.99.136.136 - - [27/Feb/2024:00:54:47 +0100] "GET /entry.php?id=10272 HTTP/1.1" 200 1158 "http://212.69.160.11/layout.php" "Mozilla/5.0 (X11; Linux x86_64) AppleWebKit/537.36 (KHTML, like Gecko) HeadlessChrome/114.0.5720.0 Safari/537.36"
36.99.136.137 - - [27/Feb/2024:00:54:47 +0100] "GET /gui/javascript/jquery/css/gui-themes/ui.spinner.css HTTP/1.1" 200 350 "http://212.69.160.11/entry.php?id=10273" "Mozilla/5.0 (X11; Linux x86_64) AppleWebKit/537.36 (KHTML, like Gecko) HeadlessChrome/114.0.5720.0 Safari/537.36"
36.99.136.137 - - [27/Feb/2024:00:54:48 +0100] "GET /gui/javascript/jquery/css/gui-themes/jquery.tooltip.css HTTP/1.1" 200 246 "http://212.69.160.11/entry.php?id=10273" "Mozilla/5.0 (X11; Linux x86_64) AppleWebKit/537.36 (KHTML, like Gecko) HeadlessChrome/114.0.5720.0 Safari/537.36"
36.99.136.136 - - [27/Feb/2024:00:54:48 +0100] "GET /framework/webfx/style/toolbar/cb2.css HTTP/1.1" 200 793 "http://212.69.160.11/entry.php?id=10273" "Mozilla/5.0 (X11; Linux x86_64) AppleWebKit/537.36 (KHTML, like Gecko) HeadlessChrome/114.0.5720.0 Safari/537.36"
36.99.136.137 - - [27/Feb/2024:00:54:48 +0100] "GET /gui/styles/tmplDefault.css HTTP/1.1" 200 2135 "http://212.69.160.11/entry.php?id=11412" "Mozilla/5.0 (X11; Linux x86_64) AppleWebKit/537.36 (KHTML, like Gecko) HeadlessChrome/114.0.5720.0 Safari/537.36"
36.99.136.137 - - [27/Feb/2024:00:54:48 +0100] "GET /gui/javascript/form_form.js?1708991687 HTTP/1.1" 200 16206 "http://212.69.160.11/entry.php?id=10273" "Mozilla/5.0 (X11; Linux x86_64) AppleWebKit/537.36 (KHTML, like Gecko) HeadlessChrome/114.0.5720.0 Safari/537.36"
36.99.136.136 - - [27/Feb/2024:00:54:48 +0100] "GET /gui/javascript/jquery/js/jquery-1.8.2.js HTTP/1.1" 200 35391 "http://212.69.160.11/entry.php?id=10273" "Mozilla/5.0 (X11; Linux x86_64) AppleWebKit/537.36 (KHTML, like Gecko) HeadlessChrome/114.0.5720.0 Safari/537.36"
36.99.136.136 - - [27/Feb/2024:00:54:48 +0100] "GET /gui/javascript/jquery/jquery-tooltip/jquery.tooltip.min.js HTTP/1.1" 200 1982 "http://212.69.160.11/entry.php?id=10273" "Mozilla/5.0 (X11; Linux x86_64) AppleWebKit/537.36 (KHTML, like Gecko) HeadlessChrome/114.0.5720.0 Safari/537.36"
36.99.136.137 - - [27/Feb/2024:00:54:48 +0100] "GET /framework/webfx/javascript/toolbar/ieemu.js HTTP/1.1" 200 2366 "http://212.69.160.11/entry.php?id=10273" "Mozilla/5.0 (X11; Linux x86_64) AppleWebKit/537.36 (KHTML, like Gecko) HeadlessChrome/114.0.5720.0 Safari/537.36"
36.99.136.136 - - [27/Feb/2024:00:54:48 +0100] "GET /gui/javascript/jquery/js/jquery-ui-1.9.0.custom.min.js HTTP/1.1" 200 51286 "http://212.69.160.11/entry.php?id=10273" "Mozilla/5.0 (X11; Linux x86_64) AppleWebKit/537.36 (KHTML, like Gecko) HeadlessChrome/114.0.5720.0 Safari/537.36"
36.99.136.137 - - [27/Feb/2024:00:54:49 +0100] "GET /entry.php?id=10287 HTTP/1.1" 200 2385 "http://212.69.160.11/entry.php?id=11412" "Mozilla/5.0 (X11; Linux x86_64) AppleWebKit/537.36 (KHTML, like Gecko) HeadlessChrome/114.0.5720.0 Safari/537.36"
36.99.136.137 - - [27/Feb/2024:00:54:50 +0100] "GET /framework/webfx/javascript/toolbar/cb2.js HTTP/1.1" 200 1686 "http://212.69.160.11/entry.php?id=10273" "Mozilla/5.0 (X11; Linux x86_64) AppleWebKit/537.36 (KHTML, like Gecko) HeadlessChrome/114.0.5720.0 Safari/537.36"
36.99.136.136 - - [27/Feb/2024:00:54:50 +0100] "GET /framework/webfx/javascript/statusbar/statusBar.js HTTP/1.1" 200 649 "http://212.69.160.11/entry.php?id=10272" "Mozilla/5.0 (X11; Linux x86_64) AppleWebKit/537.36 (KHTML, like Gecko) HeadlessChrome/114.0.5720.0 Safari/537.36"
36.99.136.129 - - [27/Feb/2024:00:54:50 +0100] "GET /activities.ico HTTP/1.1" 200 1406 "-" "Mozilla/5.0 (Macintosh; Intel Mac OS X 10_15_7) AppleWebKit/537.36 (KHTML, like Gecko) Chrome/96.0.4664.110 Safari/537.36"
36.99.136.137 - - [27/Feb/2024:00:54:50 +0100] "GET /entry.php?id=10271& HTTP/1.1" 200 934 "http://212.69.160.11/entry.php?id=10272" "Mozilla/5.0 (X11; Linux x86_64) AppleWebKit/537.36 (KHTML, like Gecko) HeadlessChrome/114.0.5720.0 Safari/537.36"
36.99.136.136 - - [27/Feb/2024:00:54:51 +0100] "GET /gui/javascript/form_form.js?1708991689 HTTP/1.1" 200 16206 "http://212.69.160.11/entry.php?id=10287" "Mozilla/5.0 (X11; Linux x86_64) AppleWebKit/537.36 (KHTML, like Gecko) HeadlessChrome/114.0.5720.0 Safari/537.36"
36.99.136.136 - - [27/Feb/2024:00:54:52 +0100] "GET /entry.php?id=10273& HTTP/1.1" 200 1903 "http://212.69.160.11/entry.php?id=10287" "Mozilla/5.0 (X11; Linux x86_64) AppleWebKit/537.36 (KHTML, like Gecko) HeadlessChrome/114.0.5720.0 Safari/537.36"
36.99.136.137 - - [27/Feb/2024:00:54:52 +0100] "GET /entry.php?id=10270& HTTP/1.1" 200 908 "http://212.69.160.11/entry.php?id=10287" "Mozilla/5.0 (X11; Linux x86_64) AppleWebKit/537.36 (KHTML, like Gecko) HeadlessChrome/114.0.5720.0 Safari/537.36"
36.99.136.136 - - [27/Feb/2024:00:54:52 +0100] "GET /gui/javascript/form_form.js?1708991690 HTTP/1.1" 200 16206 "http://212.69.160.11/entry.php?id=10271&" "Mozilla/5.0 (X11; Linux x86_64) AppleWebKit/537.36 (KHTML, like Gecko) HeadlessChrome/114.0.5720.0 Safari/537.36"
36.99.136.137 - - [27/Feb/2024:00:54:54 +0100] "GET / HTTP/1.1" 200 274 "-" "Mozilla/5.0 (Macintosh; Intel Mac OS X 10_15_7) AppleWebKit/537.36 (KHTML, like Gecko) Chrome/96.0.4664.110 Safari/537.36"
36.99.136.137 - - [27/Feb/2024:00:54:54 +0100] "GET / HTTP/1.1" 200 274 "-" "Mozilla/5.0 (Macintosh; Intel Mac OS X 10_15_7) AppleWebKit/537.36 (KHTML, like Gecko) Chrome/96.0.4664.110 Safari/537.36"
36.99.136.136 - - [27/Feb/2024:00:54:55 +0100] "GET / HTTP/1.1" 200 274 "-" "Mozilla/5.0 (Macintosh; Intel Mac OS X 11_0_0) AppleWebKit/537.36 (KHTML, like Gecko) Chrome/87.0.4280.88 Safari/537.36"
36.99.136.136 - - [27/Feb/2024:00:54:55 +0100] "GET / HTTP/1.1" 200 274 "-" "Mozilla/5.0 (Macintosh; Intel Mac OS X 11_0_0) AppleWebKit/537.36 (KHTML, like Gecko) Chrome/87.0.4280.88 Safari/537.36"
36.99.136.136 - - [27/Feb/2024:00:54:57 +0100] "GET /layout.php HTTP/1.1" 200 826 "http://food-and-drink.vienna-lodgings.at/" "Mozilla/5.0 (X11; Linux x86_64) AppleWebKit/537.36 (KHTML, like Gecko) HeadlessChrome/114.0.5720.0 Safari/537.36"
36.99.136.137 - - [27/Feb/2024:00:54:57 +0100] "GET / HTTP/1.1" 200 274 "-" "Mozilla/5.0 (Macintosh; Intel Mac OS X 10_15_7) AppleWebKit/537.36 (KHTML, like Gecko) Chrome/96.0.4664.110 Safari/537.36"
111.7.96.155 - - [27/Feb/2024:00:54:57 +0100] "GET / HTTP/1.1" 200 274 "-" "Mozilla/5.0 (Macintosh; Intel Mac OS X 10_15_7) AppleWebKit/537.36 (KHTML, like Gecko) Chrome/96.0.4664.110 Safari/537.36"
36.99.136.137 - - [27/Feb/2024:00:54:57 +0100] "GET /gui/javascript/form_form.js HTTP/1.1" 200 16206 "http://food-and-drink.vienna-lodgings.at/layout.php" "Mozilla/5.0 (X11; Linux x86_64) AppleWebKit/537.36 (KHTML, like Gecko) HeadlessChrome/114.0.5720.0 Safari/537.36"
111.7.96.155 - - [27/Feb/2024:00:54:58 +0100] "GET / HTTP/1.1" 200 274 "-" "Mozilla/5.0 (Macintosh; Intel Mac OS X 11_0_0) AppleWebKit/537.36 (KHTML, like Gecko) Chrome/87.0.4280.88 Safari/537.36"
36.99.136.137 - - [27/Feb/2024:00:54:58 +0100] "GET /entry.php?id=10270 HTTP/1.1" 200 907 "http://food-and-drink.vienna-lodgings.at/layout.php" "Mozilla/5.0 (X11; Linux x86_64) AppleWebKit/537.36 (KHTML, like Gecko) HeadlessChrome/114.0.5720.0 Safari/537.36"
36.99.136.136 - - [27/Feb/2024:00:54:58 +0100] "GET /entry.php?id=10273 HTTP/1.1" 200 1903 "http://food-and-drink.vienna-lodgings.at/layout.php" "Mozilla/5.0 (X11; Linux x86_64) AppleWebKit/537.36 (KHTML, like Gecko) HeadlessChrome/114.0.5720.0 Safari/537.36"
36.99.136.137 - - [27/Feb/2024:00:54:58 +0100] "GET /entry.php?id=10272 HTTP/1.1" 200 1158 "http://food-and-drink.vienna-lodgings.at/layout.php" "Mozilla/5.0 (X11; Linux x86_64) AppleWebKit/537.36 (KHTML, like Gecko) HeadlessChrome/114.0.5720.0 Safari/537.36"
36.99.136.137 - - [27/Feb/2024:00:54:58 +0100] "GET /entry.php?id=11412 HTTP/1.1" 200 1759 "http://food-and-drink.vienna-lodgings.at/layout.php" "Mozilla/5.0 (X11; Linux x86_64) AppleWebKit/537.36 (KHTML, like Gecko) HeadlessChrome/114.0.5720.0 Safari/537.36"
36.99.136.128 - - [27/Feb/2024:00:54:58 +0100] "GET /layout.php HTTP/1.1" 200 817 "http://zafi.castlegem.co.uk/" "Mozilla/5.0 (X11; Linux x86_64) AppleWebKit/537.36 (KHTML, like Gecko) HeadlessChrome/114.0.5720.0 Safari/537.36"
36.99.136.137 - - [27/Feb/2024:00:54:58 +0100] "GET /gui/javascript/jquery/css/gui-themes/custom.min.css HTTP/1.1" 200 5618 "http://food-and-drink.vienna-lodgings.at/entry.php?id=10270" "Mozilla/5.0 (X11; Linux x86_64) AppleWebKit/537.36 (KHTML, like Gecko) HeadlessChrome/114.0.5720.0 Safari/537.36"
111.7.96.155 - - [27/Feb/2024:00:54:58 +0100] "GET /layout.php HTTP/1.1" 200 814 "http://mail.creativecube.at/" "Mozilla/5.0 (X11; Linux x86_64) AppleWebKit/537.36 (KHTML, like Gecko) HeadlessChrome/120.0.6099.199 Safari/537.36"
36.99.136.137 - - [27/Feb/2024:00:54:58 +0100] "GET /gui/javascript/jquery/css/gui-themes/ui.spinner.css HTTP/1.1" 200 350 "http://food-and-drink.vienna-lodgings.at/entry.php?id=10270" "Mozilla/5.0 (X11; Linux x86_64) AppleWebKit/537.36 (KHTML, like Gecko) HeadlessChrome/114.0.5720.0 Safari/537.36"
36.99.136.136 - - [27/Feb/2024:00:54:58 +0100] "GET /gui/javascript/jquery/css/gui-themes/jquery.tooltip.css HTTP/1.1" 200 246 "http://food-and-drink.vienna-lodgings.at/entry.php?id=10270" "Mozilla/5.0 (X11; Linux x86_64) AppleWebKit/537.36 (KHTML, like Gecko) HeadlessChrome/114.0.5720.0 Safari/537.36"
36.99.136.137 - - [27/Feb/2024:00:54:58 +0100] "GET /gui/styles/tmplDefault.css HTTP/1.1" 200 2135 "http://food-and-drink.vienna-lodgings.at/entry.php?id=10272" "Mozilla/5.0 (X11; Linux x86_64) AppleWebKit/537.36 (KHTML, like Gecko) HeadlessChrome/114.0.5720.0 Safari/537.36"
36.99.136.129 - - [27/Feb/2024:00:54:58 +0100] "GET /gui/javascript/form_form.js HTTP/1.1" 200 16206 "http://zafi.castlegem.co.uk/layout.php" "Mozilla/5.0 (X11; Linux x86_64) AppleWebKit/537.36 (KHTML, like Gecko) HeadlessChrome/114.0.5720.0 Safari/537.36"
36.99.136.137 - - [27/Feb/2024:00:54:59 +0100] "GET /framework/webfx/style/toolbar/cb2.css HTTP/1.1" 200 793 "http://food-and-drink.vienna-lodgings.at/entry.php?id=10273" "Mozilla/5.0 (X11; Linux x86_64) AppleWebKit/537.36 (KHTML, like Gecko) HeadlessChrome/114.0.5720.0 Safari/537.36"
111.7.96.155 - - [27/Feb/2024:00:54:58 +0100] "GET /gui/javascript/form_form.js HTTP/1.1" 200 16206 "http://mail.creativecube.at/layout.php" "Mozilla/5.0 (X11; Linux x86_64) AppleWebKit/537.36 (KHTML, like Gecko) HeadlessChrome/120.0.6099.199 Safari/537.36"
36.99.136.137 - - [27/Feb/2024:00:54:59 +0100] "GET /gui/javascript/form_form.js?1708991698 HTTP/1.1" 200 16206 "http://food-and-drink.vienna-lodgings.at/entry.php?id=10270" "Mozilla/5.0 (X11; Linux x86_64) AppleWebKit/537.36 (KHTML, like Gecko) HeadlessChrome/114.0.5720.0 Safari/537.36"
36.99.136.128 - - [27/Feb/2024:00:54:59 +0100] "GET / HTTP/1.1" 200 274 "-" "Mozilla/5.0 (Macintosh; Intel Mac OS X 10_15_7) AppleWebKit/537.36 (KHTML, like Gecko) Chrome/96.0.4664.110 Safari/537.36"
36.99.136.137 - - [27/Feb/2024:00:54:59 +0100] "GET /gui/javascript/jquery/js/jquery-1.8.2.js HTTP/1.1" 200 35391 "http://food-and-drink.vienna-lodgings.at/entry.php?id=10270" "Mozilla/5.0 (X11; Linux x86_64) AppleWebKit/537.36 (KHTML, like Gecko) HeadlessChrome/114.0.5720.0 Safari/537.36"
111.7.96.155 - - [27/Feb/2024:00:54:59 +0100] "GET /entry.php?id=10273 HTTP/1.1" 200 1903 "http://mail.creativecube.at/layout.php" "Mozilla/5.0 (X11; Linux x86_64) AppleWebKit/537.36 (KHTML, like Gecko) HeadlessChrome/120.0.6099.199 Safari/537.36"
36.99.136.129 - - [27/Feb/2024:00:54:59 +0100] "GET /entry.php?id=10270 HTTP/1.1" 200 908 "http://zafi.castlegem.co.uk/layout.php" "Mozilla/5.0 (X11; Linux x86_64) AppleWebKit/537.36 (KHTML, like Gecko) HeadlessChrome/114.0.5720.0 Safari/537.36"
111.7.96.155 - - [27/Feb/2024:00:54:59 +0100] "GET /entry.php?id=10270 HTTP/1.1" 200 908 "http://mail.creativecube.at/layout.php" "Mozilla/5.0 (X11; Linux x86_64) AppleWebKit/537.36 (KHTML, like Gecko) HeadlessChrome/120.0.6099.199 Safari/537.36"
36.99.136.128 - - [27/Feb/2024:00:54:59 +0100] "GET /entry.php?id=10273 HTTP/1.1" 200 1903 "http://zafi.castlegem.co.uk/layout.php" "Mozilla/5.0 (X11; Linux x86_64) AppleWebKit/537.36 (KHTML, like Gecko) HeadlessChrome/114.0.5720.0 Safari/537.36"
36.99.136.129 - - [27/Feb/2024:00:54:59 +0100] "GET /entry.php?id=10272 HTTP/1.1" 200 1159 "http://zafi.castlegem.co.uk/layout.php" "Mozilla/5.0 (X11; Linux x86_64) AppleWebKit/537.36 (KHTML, like Gecko) HeadlessChrome/114.0.5720.0 Safari/537.36"
111.7.96.155 - - [27/Feb/2024:00:54:59 +0100] "GET /entry.php?id=10272 HTTP/1.1" 200 1159 "http://mail.creativecube.at/layout.php" "Mozilla/5.0 (X11; Linux x86_64) AppleWebKit/537.36 (KHTML, like Gecko) HeadlessChrome/120.0.6099.199 Safari/537.36"
36.99.136.128 - - [27/Feb/2024:00:54:59 +0100] "GET /entry.php?id=11412 HTTP/1.1" 200 1759 "http://zafi.castlegem.co.uk/layout.php" "Mozilla/5.0 (X11; Linux x86_64) AppleWebKit/537.36 (KHTML, like Gecko) HeadlessChrome/114.0.5720.0 Safari/537.36"
111.7.96.155 - - [27/Feb/2024:00:54:59 +0100] "GET /entry.php?id=11412 HTTP/1.1" 200 1759 "http://mail.creativecube.at/layout.php" "Mozilla/5.0 (X11; Linux x86_64) AppleWebKit/537.36 (KHTML, like Gecko) HeadlessChrome/120.0.6099.199 Safari/537.36"
36.99.136.136 - - [27/Feb/2024:00:54:59 +0100] "GET /framework/webfx/javascript/statusbar/statusBar.js HTTP/1.1" 200 649 "http://food-and-drink.vienna-lodgings.at/entry.php?id=10272" "Mozilla/5.0 (X11; Linux x86_64) AppleWebKit/537.36 (KHTML, like Gecko) HeadlessChrome/114.0.5720.0 Safari/537.36"
36.99.136.137 - - [27/Feb/2024:00:55:00 +0100] "GET /gui/javascript/jquery/jquery-tooltip/jquery.tooltip.min.js HTTP/1.1" 200 1982 "http://food-and-drink.vienna-lodgings.at/entry.php?id=10270" "Mozilla/5.0 (X11; Linux x86_64) AppleWebKit/537.36 (KHTML, like Gecko) HeadlessChrome/114.0.5720.0 Safari/537.36"
36.99.136.137 - - [27/Feb/2024:00:54:59 +0100] "GET /gui/javascript/jquery/js/jquery-ui-1.9.0.custom.min.js HTTP/1.1" 200 51286 "http://food-and-drink.vienna-lodgings.at/entry.php?id=10270" "Mozilla/5.0 (X11; Linux x86_64) AppleWebKit/537.36 (KHTML, like Gecko) HeadlessChrome/114.0.5720.0 Safari/537.36"
111.7.96.155 - - [27/Feb/2024:00:55:00 +0100] "GET /gui/javascript/jquery/css/gui-themes/custom.min.css HTTP/1.1" 200 5618 "http://mail.creativecube.at/entry.php?id=10273" "Mozilla/5.0 (X11; Linux x86_64) AppleWebKit/537.36 (KHTML, like Gecko) HeadlessChrome/120.0.6099.199 Safari/537.36"
36.99.136.137 - - [27/Feb/2024:00:55:00 +0100] "GET /activities.ico HTTP/1.1" 200 1406 "-" "Mozilla/5.0 (Macintosh; Intel Mac OS X 10_15_7) AppleWebKit/537.36 (KHTML, like Gecko) Chrome/96.0.4664.110 Safari/537.36"
111.7.96.155 - - [27/Feb/2024:00:55:00 +0100] "GET /gui/javascript/jquery/css/gui-themes/ui.spinner.css HTTP/1.1" 200 350 "http://mail.creativecube.at/entry.php?id=10273" "Mozilla/5.0 (X11; Linux x86_64) AppleWebKit/537.36 (KHTML, like Gecko) HeadlessChrome/120.0.6099.199 Safari/537.36"
36.99.136.129 - - [27/Feb/2024:00:55:00 +0100] "GET /gui/javascript/jquery/css/gui-themes/custom.min.css HTTP/1.1" 200 5618 "http://zafi.castlegem.co.uk/entry.php?id=10270" "Mozilla/5.0 (X11; Linux x86_64) AppleWebKit/537.36 (KHTML, like Gecko) HeadlessChrome/114.0.5720.0 Safari/537.36"
111.7.96.155 - - [27/Feb/2024:00:55:00 +0100] "GET /gui/javascript/jquery/css/gui-themes/jquery.tooltip.css HTTP/1.1" 200 246 "http://mail.creativecube.at/entry.php?id=10273" "Mozilla/5.0 (X11; Linux x86_64) AppleWebKit/537.36 (KHTML, like Gecko) HeadlessChrome/120.0.6099.199 Safari/537.36"
36.99.136.129 - - [27/Feb/2024:00:55:00 +0100] "GET /gui/javascript/jquery/css/gui-themes/ui.spinner.css HTTP/1.1" 200 350 "http://zafi.castlegem.co.uk/entry.php?id=10270" "Mozilla/5.0 (X11; Linux x86_64) AppleWebKit/537.36 (KHTML, like Gecko) HeadlessChrome/114.0.5720.0 Safari/537.36"
36.99.136.136 - - [27/Feb/2024:00:55:00 +0100] "GET / HTTP/1.1" 200 274 "-" "Mozilla/5.0 (Macintosh; Intel Mac OS X 11_0_0) AppleWebKit/537.36 (KHTML, like Gecko) Chrome/87.0.4280.88 Safari/537.36"
36.99.136.129 - - [27/Feb/2024:00:55:00 +0100] "GET /gui/javascript/jquery/css/gui-themes/jquery.tooltip.css HTTP/1.1" 200 246 "http://zafi.castlegem.co.uk/entry.php?id=10270" "Mozilla/5.0 (X11; Linux x86_64) AppleWebKit/537.36 (KHTML, like Gecko) HeadlessChrome/114.0.5720.0 Safari/537.36"
36.99.136.129 - - [27/Feb/2024:00:55:00 +0100] "GET /activities.ico HTTP/1.1" 200 1406 "-" "Mozilla/5.0 (Macintosh; Intel Mac OS X 10_15_7) AppleWebKit/537.36 (KHTML, like Gecko) Chrome/96.0.4664.110 Safari/537.36"
36.99.136.128 - - [27/Feb/2024:00:55:00 +0100] "GET /framework/webfx/style/toolbar/cb2.css HTTP/1.1" 200 793 "http://zafi.castlegem.co.uk/entry.php?id=10273" "Mozilla/5.0 (X11; Linux x86_64) AppleWebKit/537.36 (KHTML, like Gecko) HeadlessChrome/114.0.5720.0 Safari/537.36"
111.7.96.155 - - [27/Feb/2024:00:55:00 +0100] "GET /gui/styles/tmplDefault.css HTTP/1.1" 200 2135 "http://mail.creativecube.at/entry.php?id=10272" "Mozilla/5.0 (X11; Linux x86_64) AppleWebKit/537.36 (KHTML, like Gecko) HeadlessChrome/120.0.6099.199 Safari/537.36"
111.7.96.155 - - [27/Feb/2024:00:55:00 +0100] "GET /framework/webfx/style/toolbar/cb2.css HTTP/1.1" 200 793 "http://mail.creativecube.at/entry.php?id=10273" "Mozilla/5.0 (X11; Linux x86_64) AppleWebKit/537.36 (KHTML, like Gecko) HeadlessChrome/120.0.6099.199 Safari/537.36"
36.99.136.128 - - [27/Feb/2024:00:55:00 +0100] "GET /gui/styles/tmplDefault.css HTTP/1.1" 200 2135 "http://zafi.castlegem.co.uk/entry.php?id=10272" "Mozilla/5.0 (X11; Linux x86_64) AppleWebKit/537.36 (KHTML, like Gecko) HeadlessChrome/114.0.5720.0 Safari/537.36"
36.99.136.137 - - [27/Feb/2024:00:55:00 +0100] "GET /framework/webfx/javascript/toolbar/ieemu.js HTTP/1.1" 200 2366 "http://food-and-drink.vienna-lodgings.at/entry.php?id=10273" "Mozilla/5.0 (X11; Linux x86_64) AppleWebKit/537.36 (KHTML, like Gecko) HeadlessChrome/114.0.5720.0 Safari/537.36"
111.7.96.155 - - [27/Feb/2024:00:55:00 +0100] "GET /gui/javascript/jquery/jquery-tooltip/jquery.tooltip.min.js HTTP/1.1" 200 1982 "http://mail.creativecube.at/entry.php?id=10273" "Mozilla/5.0 (X11; Linux x86_64) AppleWebKit/537.36 (KHTML, like Gecko) HeadlessChrome/120.0.6099.199 Safari/537.36"
36.99.136.129 - - [27/Feb/2024:00:55:00 +0100] "GET /gui/javascript/form_form.js?1708991699 HTTP/1.1" 200 16206 "http://zafi.castlegem.co.uk/entry.php?id=10270" "Mozilla/5.0 (X11; Linux x86_64) AppleWebKit/537.36 (KHTML, like Gecko) HeadlessChrome/114.0.5720.0 Safari/537.36"
111.7.96.155 - - [27/Feb/2024:00:55:00 +0100] "GET /gui/javascript/jquery/js/jquery-1.8.2.js HTTP/1.1" 200 35391 "http://mail.creativecube.at/entry.php?id=10273" "Mozilla/5.0 (X11; Linux x86_64) AppleWebKit/537.36 (KHTML, like Gecko) HeadlessChrome/120.0.6099.199 Safari/537.36"
111.7.96.155 - - [27/Feb/2024:00:55:00 +0100] "GET /gui/javascript/jquery/js/jquery-ui-1.9.0.custom.min.js HTTP/1.1" 200 51286 "http://mail.creativecube.at/entry.php?id=10273" "Mozilla/5.0 (X11; Linux x86_64) AppleWebKit/537.36 (KHTML, like Gecko) HeadlessChrome/120.0.6099.199 Safari/537.36"
111.7.96.155 - - [27/Feb/2024:00:55:00 +0100] "GET /framework/webfx/javascript/toolbar/ieemu.js HTTP/1.1" 200 2366 "http://mail.creativecube.at/entry.php?id=10273" "Mozilla/5.0 (X11; Linux x86_64) AppleWebKit/537.36 (KHTML, like Gecko) HeadlessChrome/120.0.6099.199 Safari/537.36"
36.99.136.128 - - [27/Feb/2024:00:55:00 +0100] "GET /gui/javascript/jquery/jquery-tooltip/jquery.tooltip.min.js HTTP/1.1" 200 1982 "http://zafi.castlegem.co.uk/entry.php?id=10270" "Mozilla/5.0 (X11; Linux x86_64) AppleWebKit/537.36 (KHTML, like Gecko) HeadlessChrome/114.0.5720.0 Safari/537.36"
111.7.96.155 - - [27/Feb/2024:00:55:00 +0100] "GET /framework/webfx/javascript/toolbar/cb2.js HTTP/1.1" 200 1686 "http://mail.creativecube.at/entry.php?id=10273" "Mozilla/5.0 (X11; Linux x86_64) AppleWebKit/537.36 (KHTML, like Gecko) HeadlessChrome/120.0.6099.199 Safari/537.36"
111.7.96.155 - - [27/Feb/2024:00:55:00 +0100] "GET /gui/javascript/form_form.js?1708991699 HTTP/1.1" 200 16206 "http://mail.creativecube.at/entry.php?id=10273" "Mozilla/5.0 (X11; Linux x86_64) AppleWebKit/537.36 (KHTML, like Gecko) HeadlessChrome/120.0.6099.199 Safari/537.36"
