77.119.165.170 - - [01/Mar/2024:12:33:10 +0100] "POST /entry.php?id=10715 HTTP/1.1" 200 2611 "http://hausegger.activities.at/entry.php?id=10715&" "Mozilla/5.0 (Windows NT 10.0; Win64; x64) AppleWebKit/537.36 (KHTML, like Gecko) Chrome/122.0.0.0 Safari/537.36"
77.119.165.170 - - [01/Mar/2024:12:33:10 +0100] "GET /gui/javascript/form_form.js?1709292790 HTTP/1.1" 200 16206 "http://hausegger.activities.at/entry.php?id=10715" "Mozilla/5.0 (Windows NT 10.0; Win64; x64) AppleWebKit/537.36 (KHTML, like Gecko) Chrome/122.0.0.0 Safari/537.36"
77.119.165.170 - - [01/Mar/2024:12:33:10 +0100] "GET /entry.php?id=10778&form=10560&name=list& HTTP/1.1" 200 3008 "http://hausegger.activities.at/entry.php?id=10715" "Mozilla/5.0 (Windows NT 10.0; Win64; x64) AppleWebKit/537.36 (KHTML, like Gecko) Chrome/122.0.0.0 Safari/537.36"
77.119.165.170 - - [01/Mar/2024:12:33:10 +0100] "GET /entry.php?id=10776&form=10560&name=list& HTTP/1.1" 200 2313 "http://hausegger.activities.at/entry.php?id=10715" "Mozilla/5.0 (Windows NT 10.0; Win64; x64) AppleWebKit/537.36 (KHTML, like Gecko) Chrome/122.0.0.0 Safari/537.36"
77.119.165.170 - - [01/Mar/2024:12:33:13 +0100] "POST /entry.php?id=10716 HTTP/1.1" 200 7711 "http://hausegger.activities.at/entry.php?id=10716&" "Mozilla/5.0 (Windows NT 10.0; Win64; x64) AppleWebKit/537.36 (KHTML, like Gecko) Chrome/122.0.0.0 Safari/537.36"
77.119.165.170 - - [01/Mar/2024:12:33:14 +0100] "GET /activities/framework/KoolControls/KoolAjax/koolajax.php?8436e354c842500aba3cbaf0584c0c24 HTTP/1.1" 200 4079 "http://hausegger.activities.at/entry.php?id=10716" "Mozilla/5.0 (Windows NT 10.0; Win64; x64) AppleWebKit/537.36 (KHTML, like Gecko) Chrome/122.0.0.0 Safari/537.36"
77.119.165.170 - - [01/Mar/2024:12:33:14 +0100] "GET /gui/javascript/form_form.js?1709292793 HTTP/1.1" 200 16206 "http://hausegger.activities.at/entry.php?id=10716" "Mozilla/5.0 (Windows NT 10.0; Win64; x64) AppleWebKit/537.36 (KHTML, like Gecko) Chrome/122.0.0.0 Safari/537.36"
77.119.165.170 - - [01/Mar/2024:12:33:14 +0100] "GET /activities/framework/KoolControls/KoolComboBox/koolcombobox.php?32981a13284db7a021131df49e6cd203 HTTP/1.1" 200 4607 "http://hausegger.activities.at/entry.php?id=10716" "Mozilla/5.0 (Windows NT 10.0; Win64; x64) AppleWebKit/537.36 (KHTML, like Gecko) Chrome/122.0.0.0 Safari/537.36"
77.119.165.170 - - [01/Mar/2024:12:33:14 +0100] "GET /activities/framework/KoolControls/KoolTreeView/kooltreeview.php?c7cd9180e88ffef8e70f13526bb4f5f7 HTTP/1.1" 200 5055 "http://hausegger.activities.at/entry.php?id=10716" "Mozilla/5.0 (Windows NT 10.0; Win64; x64) AppleWebKit/537.36 (KHTML, like Gecko) Chrome/122.0.0.0 Safari/537.36"
77.119.165.170 - - [01/Mar/2024:12:33:51 +0100] "GET /entry.php?id=10271&&ser=292770 HTTP/1.1" 200 986 "http://hausegger.activities.at/entry.php?id=10271&&ser=292710" "Mozilla/5.0 (Windows NT 10.0; Win64; x64) AppleWebKit/537.36 (KHTML, like Gecko) Chrome/122.0.0.0 Safari/537.36"
77.119.165.170 - - [01/Mar/2024:12:33:51 +0100] "GET /gui/javascript/form_form.js?1709292831 HTTP/1.1" 200 16206 "http://hausegger.activities.at/entry.php?id=10271&&ser=292770" "Mozilla/5.0 (Windows NT 10.0; Win64; x64) AppleWebKit/537.36 (KHTML, like Gecko) Chrome/122.0.0.0 Safari/537.36"
77.119.165.170 - - [01/Mar/2024:12:34:51 +0100] "GET /entry.php?id=10271&&ser=292831 HTTP/1.1" 200 987 "http://hausegger.activities.at/entry.php?id=10271&&ser=292770" "Mozilla/5.0 (Windows NT 10.0; Win64; x64) AppleWebKit/537.36 (KHTML, like Gecko) Chrome/122.0.0.0 Safari/537.36"
77.119.165.170 - - [01/Mar/2024:12:34:52 +0100] "GET /gui/javascript/form_form.js?1709292892 HTTP/1.1" 200 16206 "http://hausegger.activities.at/entry.php?id=10271&&ser=292831" "Mozilla/5.0 (Windows NT 10.0; Win64; x64) AppleWebKit/537.36 (KHTML, like Gecko) Chrome/122.0.0.0 Safari/537.36"
77.119.165.170 - - [01/Mar/2024:12:35:52 +0100] "GET /entry.php?id=10271&&ser=292892 HTTP/1.1" 200 986 "http://hausegger.activities.at/entry.php?id=10271&&ser=292831" "Mozilla/5.0 (Windows NT 10.0; Win64; x64) AppleWebKit/537.36 (KHTML, like Gecko) Chrome/122.0.0.0 Safari/537.36"
77.119.165.170 - - [01/Mar/2024:12:35:53 +0100] "GET /gui/javascript/form_form.js?1709292952 HTTP/1.1" 200 16206 "http://hausegger.activities.at/entry.php?id=10271&&ser=292892" "Mozilla/5.0 (Windows NT 10.0; Win64; x64) AppleWebKit/537.36 (KHTML, like Gecko) Chrome/122.0.0.0 Safari/537.36"
3.224.220.101 - - [01/Mar/2024:12:36:46 +0100] "GET /entry.php?id=10801 HTTP/1.1" 200 2419 "-" "Mozilla/5.0 (Macintosh; Intel Mac OS X 10_10_1) AppleWebKit/600.2.5 (KHTML, like Gecko) Version/8.0.2 Safari/600.2.5 (Amazonbot/0.1; +https://developer.amazon.com/support/amazonbot)"
77.119.165.170 - - [01/Mar/2024:12:36:53 +0100] "GET /entry.php?id=10271&&ser=292952 HTTP/1.1" 200 987 "http://hausegger.activities.at/entry.php?id=10271&&ser=292892" "Mozilla/5.0 (Windows NT 10.0; Win64; x64) AppleWebKit/537.36 (KHTML, like Gecko) Chrome/122.0.0.0 Safari/537.36"
77.119.165.170 - - [01/Mar/2024:12:36:54 +0100] "GET /gui/javascript/form_form.js?1709293013 HTTP/1.1" 200 16206 "http://hausegger.activities.at/entry.php?id=10271&&ser=292952" "Mozilla/5.0 (Windows NT 10.0; Win64; x64) AppleWebKit/537.36 (KHTML, like Gecko) Chrome/122.0.0.0 Safari/537.36"
23.22.35.162 - - [01/Mar/2024:12:37:19 +0100] "GET / HTTP/1.1" 200 274 "-" "Mozilla/5.0 (Macintosh; Intel Mac OS X 10_10_1) AppleWebKit/600.2.5 (KHTML, like Gecko) Version/8.0.2 Safari/600.2.5 (Amazonbot/0.1; +https://developer.amazon.com/support/amazonbot)"
23.22.35.162 - - [01/Mar/2024:12:37:24 +0100] "GET /entry.php?id=11347 HTTP/1.1" 200 2419 "-" "Mozilla/5.0 (Macintosh; Intel Mac OS X 10_10_1) AppleWebKit/600.2.5 (KHTML, like Gecko) Version/8.0.2 Safari/600.2.5 (Amazonbot/0.1; +https://developer.amazon.com/support/amazonbot)"
23.22.35.162 - - [01/Mar/2024:12:37:25 +0100] "GET /entry.php?id=11346 HTTP/1.1" 200 2419 "-" "Mozilla/5.0 (Macintosh; Intel Mac OS X 10_10_1) AppleWebKit/600.2.5 (KHTML, like Gecko) Version/8.0.2 Safari/600.2.5 (Amazonbot/0.1; +https://developer.amazon.com/support/amazonbot)"
3.224.220.101 - - [01/Mar/2024:12:37:29 +0100] "GET /entry.php?id=11345 HTTP/1.1" 200 2416 "-" "Mozilla/5.0 (Macintosh; Intel Mac OS X 10_10_1) AppleWebKit/600.2.5 (KHTML, like Gecko) Version/8.0.2 Safari/600.2.5 (Amazonbot/0.1; +https://developer.amazon.com/support/amazonbot)"
52.70.240.171 - - [01/Mar/2024:12:37:46 +0100] "GET /entry.php?id=11304 HTTP/1.1" 200 2415 "-" "Mozilla/5.0 (Macintosh; Intel Mac OS X 10_10_1) AppleWebKit/600.2.5 (KHTML, like Gecko) Version/8.0.2 Safari/600.2.5 (Amazonbot/0.1; +https://developer.amazon.com/support/amazonbot)"
3.224.220.101 - - [01/Mar/2024:12:37:49 +0100] "GET /entry.php?id=11302 HTTP/1.1" 200 2419 "-" "Mozilla/5.0 (Macintosh; Intel Mac OS X 10_10_1) AppleWebKit/600.2.5 (KHTML, like Gecko) Version/8.0.2 Safari/600.2.5 (Amazonbot/0.1; +https://developer.amazon.com/support/amazonbot)"
52.70.240.171 - - [01/Mar/2024:12:37:53 +0100] "GET /entry.php?id=11305 HTTP/1.1" 200 2419 "-" "Mozilla/5.0 (Macintosh; Intel Mac OS X 10_10_1) AppleWebKit/600.2.5 (KHTML, like Gecko) Version/8.0.2 Safari/600.2.5 (Amazonbot/0.1; +https://developer.amazon.com/support/amazonbot)"
77.119.165.170 - - [01/Mar/2024:12:37:54 +0100] "GET /entry.php?id=10271&&ser=293013 HTTP/1.1" 200 987 "http://hausegger.activities.at/entry.php?id=10271&&ser=292952" "Mozilla/5.0 (Windows NT 10.0; Win64; x64) AppleWebKit/537.36 (KHTML, like Gecko) Chrome/122.0.0.0 Safari/537.36"
77.119.165.170 - - [01/Mar/2024:12:37:55 +0100] "GET /gui/javascript/form_form.js?1709293074 HTTP/1.1" 200 16206 "http://hausegger.activities.at/entry.php?id=10271&&ser=293013" "Mozilla/5.0 (Windows NT 10.0; Win64; x64) AppleWebKit/537.36 (KHTML, like Gecko) Chrome/122.0.0.0 Safari/537.36"
52.70.240.171 - - [01/Mar/2024:12:37:57 +0100] "GET /entry.php?id=10910 HTTP/1.1" 200 2418 "-" "Mozilla/5.0 (Macintosh; Intel Mac OS X 10_10_1) AppleWebKit/600.2.5 (KHTML, like Gecko) Version/8.0.2 Safari/600.2.5 (Amazonbot/0.1; +https://developer.amazon.com/support/amazonbot)"
52.70.240.171 - - [01/Mar/2024:12:38:02 +0100] "GET /entry.php?id=10911 HTTP/1.1" 200 2419 "-" "Mozilla/5.0 (Macintosh; Intel Mac OS X 10_10_1) AppleWebKit/600.2.5 (KHTML, like Gecko) Version/8.0.2 Safari/600.2.5 (Amazonbot/0.1; +https://developer.amazon.com/support/amazonbot)"
3.224.220.101 - - [01/Mar/2024:12:38:06 +0100] "GET /entry.php?id=10908 HTTP/1.1" 200 2419 "-" "Mozilla/5.0 (Macintosh; Intel Mac OS X 10_10_1) AppleWebKit/600.2.5 (KHTML, like Gecko) Version/8.0.2 Safari/600.2.5 (Amazonbot/0.1; +https://developer.amazon.com/support/amazonbot)"
77.119.165.170 - - [01/Mar/2024:12:38:55 +0100] "GET /entry.php?id=10271&&ser=293074 HTTP/1.1" 200 987 "http://hausegger.activities.at/entry.php?id=10271&&ser=293013" "Mozilla/5.0 (Windows NT 10.0; Win64; x64) AppleWebKit/537.36 (KHTML, like Gecko) Chrome/122.0.0.0 Safari/537.36"
77.119.165.170 - - [01/Mar/2024:12:38:56 +0100] "GET /gui/javascript/form_form.js?1709293135 HTTP/1.1" 200 16206 "http://hausegger.activities.at/entry.php?id=10271&&ser=293074" "Mozilla/5.0 (Windows NT 10.0; Win64; x64) AppleWebKit/537.36 (KHTML, like Gecko) Chrome/122.0.0.0 Safari/537.36"
52.70.240.171 - - [01/Mar/2024:12:39:18 +0100] "GET /entry.php?id=11057 HTTP/1.1" 200 2419 "-" "Mozilla/5.0 (Macintosh; Intel Mac OS X 10_10_1) AppleWebKit/600.2.5 (KHTML, like Gecko) Version/8.0.2 Safari/600.2.5 (Amazonbot/0.1; +https://developer.amazon.com/support/amazonbot)"
3.224.220.101 - - [01/Mar/2024:12:39:21 +0100] "GET /entry.php?id=11056 HTTP/1.1" 200 2418 "-" "Mozilla/5.0 (Macintosh; Intel Mac OS X 10_10_1) AppleWebKit/600.2.5 (KHTML, like Gecko) Version/8.0.2 Safari/600.2.5 (Amazonbot/0.1; +https://developer.amazon.com/support/amazonbot)"
23.22.35.162 - - [01/Mar/2024:12:39:25 +0100] "GET /entry.php?id=11055 HTTP/1.1" 200 2421 "-" "Mozilla/5.0 (Macintosh; Intel Mac OS X 10_10_1) AppleWebKit/600.2.5 (KHTML, like Gecko) Version/8.0.2 Safari/600.2.5 (Amazonbot/0.1; +https://developer.amazon.com/support/amazonbot)"
77.119.165.170 - - [01/Mar/2024:12:39:56 +0100] "GET /entry.php?id=10271&&ser=293135 HTTP/1.1" 200 987 "http://hausegger.activities.at/entry.php?id=10271&&ser=293074" "Mozilla/5.0 (Windows NT 10.0; Win64; x64) AppleWebKit/537.36 (KHTML, like Gecko) Chrome/122.0.0.0 Safari/537.36"
77.119.165.170 - - [01/Mar/2024:12:39:57 +0100] "GET /gui/javascript/form_form.js?1709293196 HTTP/1.1" 200 16206 "http://hausegger.activities.at/entry.php?id=10271&&ser=293135" "Mozilla/5.0 (Windows NT 10.0; Win64; x64) AppleWebKit/537.36 (KHTML, like Gecko) Chrome/122.0.0.0 Safari/537.36"
77.119.165.170 - - [01/Mar/2024:12:40:57 +0100] "GET /entry.php?id=10271&&ser=293196 HTTP/1.1" 200 987 "http://hausegger.activities.at/entry.php?id=10271&&ser=293135" "Mozilla/5.0 (Windows NT 10.0; Win64; x64) AppleWebKit/537.36 (KHTML, like Gecko) Chrome/122.0.0.0 Safari/537.36"
77.119.165.170 - - [01/Mar/2024:12:40:58 +0100] "GET /gui/javascript/form_form.js?1709293258 HTTP/1.1" 200 16206 "http://hausegger.activities.at/entry.php?id=10271&&ser=293196" "Mozilla/5.0 (Windows NT 10.0; Win64; x64) AppleWebKit/537.36 (KHTML, like Gecko) Chrome/122.0.0.0 Safari/537.36"
77.119.165.170 - - [01/Mar/2024:12:41:58 +0100] "GET /entry.php?id=10271&&ser=293258 HTTP/1.1" 200 987 "http://hausegger.activities.at/entry.php?id=10271&&ser=293196" "Mozilla/5.0 (Windows NT 10.0; Win64; x64) AppleWebKit/537.36 (KHTML, like Gecko) Chrome/122.0.0.0 Safari/537.36"
77.119.165.170 - - [01/Mar/2024:12:41:59 +0100] "GET /gui/javascript/form_form.js?1709293318 HTTP/1.1" 200 16206 "http://hausegger.activities.at/entry.php?id=10271&&ser=293258" "Mozilla/5.0 (Windows NT 10.0; Win64; x64) AppleWebKit/537.36 (KHTML, like Gecko) Chrome/122.0.0.0 Safari/537.36"
77.119.165.170 - - [01/Mar/2024:12:42:59 +0100] "GET /entry.php?id=10271&&ser=293318 HTTP/1.1" 200 987 "http://hausegger.activities.at/entry.php?id=10271&&ser=293258" "Mozilla/5.0 (Windows NT 10.0; Win64; x64) AppleWebKit/537.36 (KHTML, like Gecko) Chrome/122.0.0.0 Safari/537.36"
77.119.165.170 - - [01/Mar/2024:12:43:00 +0100] "GET /gui/javascript/form_form.js?1709293379 HTTP/1.1" 200 16206 "http://hausegger.activities.at/entry.php?id=10271&&ser=293318" "Mozilla/5.0 (Windows NT 10.0; Win64; x64) AppleWebKit/537.36 (KHTML, like Gecko) Chrome/122.0.0.0 Safari/537.36"
77.119.165.170 - - [01/Mar/2024:12:44:00 +0100] "GET /entry.php?id=10271&&ser=293379 HTTP/1.1" 200 987 "http://hausegger.activities.at/entry.php?id=10271&&ser=293318" "Mozilla/5.0 (Windows NT 10.0; Win64; x64) AppleWebKit/537.36 (KHTML, like Gecko) Chrome/122.0.0.0 Safari/537.36"
77.119.165.170 - - [01/Mar/2024:12:44:01 +0100] "GET /gui/javascript/form_form.js?1709293440 HTTP/1.1" 200 16206 "http://hausegger.activities.at/entry.php?id=10271&&ser=293379" "Mozilla/5.0 (Windows NT 10.0; Win64; x64) AppleWebKit/537.36 (KHTML, like Gecko) Chrome/122.0.0.0 Safari/537.36"
52.70.240.171 - - [01/Mar/2024:12:44:33 +0100] "GET /entry.php?id=11467 HTTP/1.1" 200 2418 "-" "Mozilla/5.0 (Macintosh; Intel Mac OS X 10_10_1) AppleWebKit/600.2.5 (KHTML, like Gecko) Version/8.0.2 Safari/600.2.5 (Amazonbot/0.1; +https://developer.amazon.com/support/amazonbot)"
3.224.220.101 - - [01/Mar/2024:12:44:37 +0100] "GET /entry.php?id=10661 HTTP/1.1" 200 2419 "-" "Mozilla/5.0 (Macintosh; Intel Mac OS X 10_10_1) AppleWebKit/600.2.5 (KHTML, like Gecko) Version/8.0.2 Safari/600.2.5 (Amazonbot/0.1; +https://developer.amazon.com/support/amazonbot)"
52.70.240.171 - - [01/Mar/2024:12:44:41 +0100] "GET /entry.php?id=10663 HTTP/1.1" 200 2418 "-" "Mozilla/5.0 (Macintosh; Intel Mac OS X 10_10_1) AppleWebKit/600.2.5 (KHTML, like Gecko) Version/8.0.2 Safari/600.2.5 (Amazonbot/0.1; +https://developer.amazon.com/support/amazonbot)"
52.70.240.171 - - [01/Mar/2024:12:44:46 +0100] "GET /entry.php?id=11184 HTTP/1.1" 200 2418 "-" "Mozilla/5.0 (Macintosh; Intel Mac OS X 10_10_1) AppleWebKit/600.2.5 (KHTML, like Gecko) Version/8.0.2 Safari/600.2.5 (Amazonbot/0.1; +https://developer.amazon.com/support/amazonbot)"
52.70.240.171 - - [01/Mar/2024:12:44:49 +0100] "GET /entry.php?id=11036 HTTP/1.1" 200 2419 "-" "Mozilla/5.0 (Macintosh; Intel Mac OS X 10_10_1) AppleWebKit/600.2.5 (KHTML, like Gecko) Version/8.0.2 Safari/600.2.5 (Amazonbot/0.1; +https://developer.amazon.com/support/amazonbot)"
52.70.240.171 - - [01/Mar/2024:12:44:53 +0100] "GET /entry.php?id=11187 HTTP/1.1" 200 2420 "-" "Mozilla/5.0 (Macintosh; Intel Mac OS X 10_10_1) AppleWebKit/600.2.5 (KHTML, like Gecko) Version/8.0.2 Safari/600.2.5 (Amazonbot/0.1; +https://developer.amazon.com/support/amazonbot)"
3.224.220.101 - - [01/Mar/2024:12:44:57 +0100] "GET /entry.php?id=11186 HTTP/1.1" 200 2418 "-" "Mozilla/5.0 (Macintosh; Intel Mac OS X 10_10_1) AppleWebKit/600.2.5 (KHTML, like Gecko) Version/8.0.2 Safari/600.2.5 (Amazonbot/0.1; +https://developer.amazon.com/support/amazonbot)"
77.119.165.170 - - [01/Mar/2024:12:45:01 +0100] "GET /entry.php?id=10271&&ser=293440 HTTP/1.1" 200 987 "http://hausegger.activities.at/entry.php?id=10271&&ser=293379" "Mozilla/5.0 (Windows NT 10.0; Win64; x64) AppleWebKit/537.36 (KHTML, like Gecko) Chrome/122.0.0.0 Safari/537.36"
77.119.165.170 - - [01/Mar/2024:12:45:02 +0100] "GET /gui/javascript/form_form.js?1709293501 HTTP/1.1" 200 16206 "http://hausegger.activities.at/entry.php?id=10271&&ser=293440" "Mozilla/5.0 (Windows NT 10.0; Win64; x64) AppleWebKit/537.36 (KHTML, like Gecko) Chrome/122.0.0.0 Safari/537.36"
3.224.220.101 - - [01/Mar/2024:12:45:02 +0100] "GET /entry.php?id=11183 HTTP/1.1" 200 2419 "-" "Mozilla/5.0 (Macintosh; Intel Mac OS X 10_10_1) AppleWebKit/600.2.5 (KHTML, like Gecko) Version/8.0.2 Safari/600.2.5 (Amazonbot/0.1; +https://developer.amazon.com/support/amazonbot)"
77.119.165.170 - - [01/Mar/2024:12:46:02 +0100] "GET /entry.php?id=10271&&ser=293501 HTTP/1.1" 200 987 "http://hausegger.activities.at/entry.php?id=10271&&ser=293440" "Mozilla/5.0 (Windows NT 10.0; Win64; x64) AppleWebKit/537.36 (KHTML, like Gecko) Chrome/122.0.0.0 Safari/537.36"
77.119.165.170 - - [01/Mar/2024:12:46:03 +0100] "GET /gui/javascript/form_form.js?1709293562 HTTP/1.1" 200 16206 "http://hausegger.activities.at/entry.php?id=10271&&ser=293501" "Mozilla/5.0 (Windows NT 10.0; Win64; x64) AppleWebKit/537.36 (KHTML, like Gecko) Chrome/122.0.0.0 Safari/537.36"
52.70.240.171 - - [01/Mar/2024:12:46:41 +0100] "GET /entry.php? HTTP/1.1" 200 2418 "-" "Mozilla/5.0 (Macintosh; Intel Mac OS X 10_10_1) AppleWebKit/600.2.5 (KHTML, like Gecko) Version/8.0.2 Safari/600.2.5 (Amazonbot/0.1; +https://developer.amazon.com/support/amazonbot)"
23.22.35.162 - - [01/Mar/2024:12:46:47 +0100] "GET /entry.php?id=10850 HTTP/1.1" 200 2417 "-" "Mozilla/5.0 (Macintosh; Intel Mac OS X 10_10_1) AppleWebKit/600.2.5 (KHTML, like Gecko) Version/8.0.2 Safari/600.2.5 (Amazonbot/0.1; +https://developer.amazon.com/support/amazonbot)"
3.224.220.101 - - [01/Mar/2024:12:46:49 +0100] "GET /entry.php?id=10849 HTTP/1.1" 200 2418 "-" "Mozilla/5.0 (Macintosh; Intel Mac OS X 10_10_1) AppleWebKit/600.2.5 (KHTML, like Gecko) Version/8.0.2 Safari/600.2.5 (Amazonbot/0.1; +https://developer.amazon.com/support/amazonbot)"
3.224.220.101 - - [01/Mar/2024:12:46:53 +0100] "GET /entry.php?id=10848 HTTP/1.1" 200 2419 "-" "Mozilla/5.0 (Macintosh; Intel Mac OS X 10_10_1) AppleWebKit/600.2.5 (KHTML, like Gecko) Version/8.0.2 Safari/600.2.5 (Amazonbot/0.1; +https://developer.amazon.com/support/amazonbot)"
3.224.220.101 - - [01/Mar/2024:12:46:57 +0100] "GET /entry.php?id=10847 HTTP/1.1" 200 2418 "-" "Mozilla/5.0 (Macintosh; Intel Mac OS X 10_10_1) AppleWebKit/600.2.5 (KHTML, like Gecko) Version/8.0.2 Safari/600.2.5 (Amazonbot/0.1; +https://developer.amazon.com/support/amazonbot)"
52.70.240.171 - - [01/Mar/2024:12:47:01 +0100] "GET /entry.php?id=11221 HTTP/1.1" 200 2418 "-" "Mozilla/5.0 (Macintosh; Intel Mac OS X 10_10_1) AppleWebKit/600.2.5 (KHTML, like Gecko) Version/8.0.2 Safari/600.2.5 (Amazonbot/0.1; +https://developer.amazon.com/support/amazonbot)"
77.119.165.170 - - [01/Mar/2024:12:47:03 +0100] "GET /entry.php?id=10271&&ser=293562 HTTP/1.1" 200 987 "http://hausegger.activities.at/entry.php?id=10271&&ser=293501" "Mozilla/5.0 (Windows NT 10.0; Win64; x64) AppleWebKit/537.36 (KHTML, like Gecko) Chrome/122.0.0.0 Safari/537.36"
77.119.165.170 - - [01/Mar/2024:12:47:04 +0100] "GET /gui/javascript/form_form.js?1709293624 HTTP/1.1" 200 16206 "http://hausegger.activities.at/entry.php?id=10271&&ser=293562" "Mozilla/5.0 (Windows NT 10.0; Win64; x64) AppleWebKit/537.36 (KHTML, like Gecko) Chrome/122.0.0.0 Safari/537.36"
23.22.35.162 - - [01/Mar/2024:12:47:07 +0100] "GET /entry.php?id=11225 HTTP/1.1" 200 2419 "-" "Mozilla/5.0 (Macintosh; Intel Mac OS X 10_10_1) AppleWebKit/600.2.5 (KHTML, like Gecko) Version/8.0.2 Safari/600.2.5 (Amazonbot/0.1; +https://developer.amazon.com/support/amazonbot)"
23.22.35.162 - - [01/Mar/2024:12:47:10 +0100] "GET /entry.php?id=11222 HTTP/1.1" 200 2416 "-" "Mozilla/5.0 (Macintosh; Intel Mac OS X 10_10_1) AppleWebKit/600.2.5 (KHTML, like Gecko) Version/8.0.2 Safari/600.2.5 (Amazonbot/0.1; +https://developer.amazon.com/support/amazonbot)"
3.224.220.101 - - [01/Mar/2024:12:47:13 +0100] "GET /entry.php?id=11224 HTTP/1.1" 200 2418 "-" "Mozilla/5.0 (Macintosh; Intel Mac OS X 10_10_1) AppleWebKit/600.2.5 (KHTML, like Gecko) Version/8.0.2 Safari/600.2.5 (Amazonbot/0.1; +https://developer.amazon.com/support/amazonbot)"
52.70.240.171 - - [01/Mar/2024:12:47:17 +0100] "GET /entry.php?id=11223 HTTP/1.1" 200 2417 "-" "Mozilla/5.0 (Macintosh; Intel Mac OS X 10_10_1) AppleWebKit/600.2.5 (KHTML, like Gecko) Version/8.0.2 Safari/600.2.5 (Amazonbot/0.1; +https://developer.amazon.com/support/amazonbot)"
52.70.240.171 - - [01/Mar/2024:12:47:21 +0100] "GET /entry.php?id=11226 HTTP/1.1" 200 2418 "-" "Mozilla/5.0 (Macintosh; Intel Mac OS X 10_10_1) AppleWebKit/600.2.5 (KHTML, like Gecko) Version/8.0.2 Safari/600.2.5 (Amazonbot/0.1; +https://developer.amazon.com/support/amazonbot)"
52.70.240.171 - - [01/Mar/2024:12:47:25 +0100] "GET /entry.php?day=1613948400 HTTP/1.1" 200 2416 "-" "Mozilla/5.0 (Macintosh; Intel Mac OS X 10_10_1) AppleWebKit/600.2.5 (KHTML, like Gecko) Version/8.0.2 Safari/600.2.5 (Amazonbot/0.1; +https://developer.amazon.com/support/amazonbot)"
77.119.165.170 - - [01/Mar/2024:12:48:04 +0100] "GET /entry.php?id=10271&&ser=293624 HTTP/1.1" 200 987 "http://hausegger.activities.at/entry.php?id=10271&&ser=293562" "Mozilla/5.0 (Windows NT 10.0; Win64; x64) AppleWebKit/537.36 (KHTML, like Gecko) Chrome/122.0.0.0 Safari/537.36"
77.119.165.170 - - [01/Mar/2024:12:48:05 +0100] "GET /gui/javascript/form_form.js?1709293684 HTTP/1.1" 200 16206 "http://hausegger.activities.at/entry.php?id=10271&&ser=293624" "Mozilla/5.0 (Windows NT 10.0; Win64; x64) AppleWebKit/537.36 (KHTML, like Gecko) Chrome/122.0.0.0 Safari/537.36"
23.22.35.162 - - [01/Mar/2024:12:48:46 +0100] "GET /entry.php?id=11655 HTTP/1.1" 200 2420 "-" "Mozilla/5.0 (Macintosh; Intel Mac OS X 10_10_1) AppleWebKit/600.2.5 (KHTML, like Gecko) Version/8.0.2 Safari/600.2.5 (Amazonbot/0.1; +https://developer.amazon.com/support/amazonbot)"
77.119.165.170 - - [01/Mar/2024:12:49:05 +0100] "GET /entry.php?id=10271&&ser=293684 HTTP/1.1" 200 987 "http://hausegger.activities.at/entry.php?id=10271&&ser=293624" "Mozilla/5.0 (Windows NT 10.0; Win64; x64) AppleWebKit/537.36 (KHTML, like Gecko) Chrome/122.0.0.0 Safari/537.36"
77.119.165.170 - - [01/Mar/2024:12:49:06 +0100] "GET /gui/javascript/form_form.js?1709293745 HTTP/1.1" 200 16206 "http://hausegger.activities.at/entry.php?id=10271&&ser=293684" "Mozilla/5.0 (Windows NT 10.0; Win64; x64) AppleWebKit/537.36 (KHTML, like Gecko) Chrome/122.0.0.0 Safari/537.36"
77.119.165.170 - - [01/Mar/2024:12:50:06 +0100] "GET /entry.php?id=10271&&ser=293745 HTTP/1.1" 200 987 "http://hausegger.activities.at/entry.php?id=10271&&ser=293684" "Mozilla/5.0 (Windows NT 10.0; Win64; x64) AppleWebKit/537.36 (KHTML, like Gecko) Chrome/122.0.0.0 Safari/537.36"
77.119.165.170 - - [01/Mar/2024:12:50:07 +0100] "GET /gui/javascript/form_form.js?1709293806 HTTP/1.1" 200 16206 "http://hausegger.activities.at/entry.php?id=10271&&ser=293745" "Mozilla/5.0 (Windows NT 10.0; Win64; x64) AppleWebKit/537.36 (KHTML, like Gecko) Chrome/122.0.0.0 Safari/537.36"
52.70.240.171 - - [01/Mar/2024:12:50:21 +0100] "GET /entry.php?id=11449 HTTP/1.1" 200 2418 "-" "Mozilla/5.0 (Macintosh; Intel Mac OS X 10_10_1) AppleWebKit/600.2.5 (KHTML, like Gecko) Version/8.0.2 Safari/600.2.5 (Amazonbot/0.1; +https://developer.amazon.com/support/amazonbot)"
77.119.165.170 - - [01/Mar/2024:12:51:07 +0100] "GET /entry.php?id=10271&&ser=293806 HTTP/1.1" 200 987 "http://hausegger.activities.at/entry.php?id=10271&&ser=293745" "Mozilla/5.0 (Windows NT 10.0; Win64; x64) AppleWebKit/537.36 (KHTML, like Gecko) Chrome/122.0.0.0 Safari/537.36"
77.119.165.170 - - [01/Mar/2024:12:51:08 +0100] "GET /gui/javascript/form_form.js?1709293867 HTTP/1.1" 200 16206 "http://hausegger.activities.at/entry.php?id=10271&&ser=293806" "Mozilla/5.0 (Windows NT 10.0; Win64; x64) AppleWebKit/537.36 (KHTML, like Gecko) Chrome/122.0.0.0 Safari/537.36"
77.119.165.170 - - [01/Mar/2024:12:52:08 +0100] "GET /entry.php?id=10271&&ser=293867 HTTP/1.1" 200 988 "http://hausegger.activities.at/entry.php?id=10271&&ser=293806" "Mozilla/5.0 (Windows NT 10.0; Win64; x64) AppleWebKit/537.36 (KHTML, like Gecko) Chrome/122.0.0.0 Safari/537.36"
77.119.165.170 - - [01/Mar/2024:12:52:09 +0100] "GET /gui/javascript/form_form.js?1709293929 HTTP/1.1" 200 16206 "http://hausegger.activities.at/entry.php?id=10271&&ser=293867" "Mozilla/5.0 (Windows NT 10.0; Win64; x64) AppleWebKit/537.36 (KHTML, like Gecko) Chrome/122.0.0.0 Safari/537.36"
77.119.165.170 - - [01/Mar/2024:12:53:09 +0100] "GET /entry.php?id=10271&&ser=293928 HTTP/1.1" 200 987 "http://hausegger.activities.at/entry.php?id=10271&&ser=293867" "Mozilla/5.0 (Windows NT 10.0; Win64; x64) AppleWebKit/537.36 (KHTML, like Gecko) Chrome/122.0.0.0 Safari/537.36"
77.119.165.170 - - [01/Mar/2024:12:53:10 +0100] "GET /gui/javascript/form_form.js?1709293990 HTTP/1.1" 200 16206 "http://hausegger.activities.at/entry.php?id=10271&&ser=293928" "Mozilla/5.0 (Windows NT 10.0; Win64; x64) AppleWebKit/537.36 (KHTML, like Gecko) Chrome/122.0.0.0 Safari/537.36"
77.119.165.170 - - [01/Mar/2024:12:54:10 +0100] "GET /entry.php?id=10271&&ser=293990 HTTP/1.1" 200 987 "http://hausegger.activities.at/entry.php?id=10271&&ser=293928" "Mozilla/5.0 (Windows NT 10.0; Win64; x64) AppleWebKit/537.36 (KHTML, like Gecko) Chrome/122.0.0.0 Safari/537.36"
77.119.165.170 - - [01/Mar/2024:12:54:11 +0100] "GET /gui/javascript/form_form.js?1709294050 HTTP/1.1" 200 16206 "http://hausegger.activities.at/entry.php?id=10271&&ser=293990" "Mozilla/5.0 (Windows NT 10.0; Win64; x64) AppleWebKit/537.36 (KHTML, like Gecko) Chrome/122.0.0.0 Safari/537.36"
77.119.165.170 - - [01/Mar/2024:12:55:11 +0100] "GET /entry.php?id=10271&&ser=294050 HTTP/1.1" 200 989 "http://hausegger.activities.at/entry.php?id=10271&&ser=293990" "Mozilla/5.0 (Windows NT 10.0; Win64; x64) AppleWebKit/537.36 (KHTML, like Gecko) Chrome/122.0.0.0 Safari/537.36"
77.119.165.170 - - [01/Mar/2024:12:55:12 +0100] "GET /gui/javascript/form_form.js?1709294112 HTTP/1.1" 200 16206 "http://hausegger.activities.at/entry.php?id=10271&&ser=294050" "Mozilla/5.0 (Windows NT 10.0; Win64; x64) AppleWebKit/537.36 (KHTML, like Gecko) Chrome/122.0.0.0 Safari/537.36"
77.119.165.170 - - [01/Mar/2024:12:55:25 +0100] "GET /entry.php?id=11237&type=10665 HTTP/1.1" 200 276 "http://hausegger.activities.at/entry.php?id=10828" "Mozilla/5.0 (Windows NT 10.0; Win64; x64; rv:123.0) Gecko/20100101 Firefox/123.0"
77.119.165.170 - - [01/Mar/2024:12:55:26 +0100] "GET /entry.php?id=10676&&title=Belegsuche HTTP/1.1" 200 1392 "http://hausegger.activities.at/entry.php?id=11237&type=10665" "Mozilla/5.0 (Windows NT 10.0; Win64; x64; rv:123.0) Gecko/20100101 Firefox/123.0"
77.119.165.170 - - [01/Mar/2024:12:55:26 +0100] "GET /gui/javascript/form_form.js?1709294126 HTTP/1.1" 200 16206 "http://hausegger.activities.at/entry.php?id=10676&&title=Belegsuche" "Mozilla/5.0 (Windows NT 10.0; Win64; x64; rv:123.0) Gecko/20100101 Firefox/123.0"
77.119.165.170 - - [01/Mar/2024:12:55:26 +0100] "GET /entry.php?id=11239&mode=document&form=10665& HTTP/1.1" 200 2018 "http://hausegger.activities.at/entry.php?id=11237&type=10665" "Mozilla/5.0 (Windows NT 10.0; Win64; x64; rv:123.0) Gecko/20100101 Firefox/123.0"
77.119.165.170 - - [01/Mar/2024:12:55:26 +0100] "GET /gui/javascript/form_bu_document_workflow.js?1709294126 HTTP/1.1" 200 4900 "http://hausegger.activities.at/entry.php?id=11239&mode=document&form=10665&" "Mozilla/5.0 (Windows NT 10.0; Win64; x64; rv:123.0) Gecko/20100101 Firefox/123.0"
77.119.165.170 - - [01/Mar/2024:12:55:26 +0100] "GET /entry.php?id=11238&mode=document&form=10665& HTTP/1.1" 200 3305 "http://hausegger.activities.at/entry.php?id=11237&type=10665" "Mozilla/5.0 (Windows NT 10.0; Win64; x64; rv:123.0) Gecko/20100101 Firefox/123.0"
77.119.165.170 - - [01/Mar/2024:12:55:26 +0100] "GET /entry.php?id=11240&mode=document&form=10665& HTTP/1.1" 200 2672 "http://hausegger.activities.at/entry.php?id=11237&type=10665" "Mozilla/5.0 (Windows NT 10.0; Win64; x64; rv:123.0) Gecko/20100101 Firefox/123.0"
77.119.165.170 - - [01/Mar/2024:12:55:26 +0100] "GET /entry.php?id=10776&form=11066&name=list& HTTP/1.1" 200 1513 "http://hausegger.activities.at/entry.php?id=11240&mode=document&form=10665&" "Mozilla/5.0 (Windows NT 10.0; Win64; x64; rv:123.0) Gecko/20100101 Firefox/123.0"
77.119.165.170 - - [01/Mar/2024:12:55:26 +0100] "GET /entry.php?id=10778&form=11066&name=list& HTTP/1.1" 200 2586 "http://hausegger.activities.at/entry.php?id=11240&mode=document&form=10665&" "Mozilla/5.0 (Windows NT 10.0; Win64; x64; rv:123.0) Gecko/20100101 Firefox/123.0"
77.119.165.170 - - [01/Mar/2024:12:55:26 +0100] "POST /entry.php?id=11240 HTTP/1.1" 200 2673 "http://hausegger.activities.at/entry.php?id=11240&mode=document&form=10665&" "Mozilla/5.0 (Windows NT 10.0; Win64; x64; rv:123.0) Gecko/20100101 Firefox/123.0"
77.119.165.170 - - [01/Mar/2024:12:55:27 +0100] "GET /gui/javascript/form_bu_document_workflow.js?1709294127 HTTP/1.1" 200 4900 "http://hausegger.activities.at/entry.php?id=11240" "Mozilla/5.0 (Windows NT 10.0; Win64; x64; rv:123.0) Gecko/20100101 Firefox/123.0"
77.119.165.170 - - [01/Mar/2024:12:55:27 +0100] "GET /gui/javascript/form_form.js?1709294127 HTTP/1.1" 200 16206 "http://hausegger.activities.at/entry.php?id=11240" "Mozilla/5.0 (Windows NT 10.0; Win64; x64; rv:123.0) Gecko/20100101 Firefox/123.0"
77.119.165.170 - - [01/Mar/2024:12:55:27 +0100] "GET /entry.php?id=10778&form=11066&name=list& HTTP/1.1" 200 3343 "http://hausegger.activities.at/entry.php?id=11240" "Mozilla/5.0 (Windows NT 10.0; Win64; x64; rv:123.0) Gecko/20100101 Firefox/123.0"
77.119.165.170 - - [01/Mar/2024:12:55:27 +0100] "GET /entry.php?id=10776&form=11066&name=list& HTTP/1.1" 200 1514 "http://hausegger.activities.at/entry.php?id=11240" "Mozilla/5.0 (Windows NT 10.0; Win64; x64; rv:123.0) Gecko/20100101 Firefox/123.0"
167.86.95.198 - - [01/Mar/2024:12:55:44 +0100] "GET / HTTP/1.0" 200 423 "-" "masscan/1.3 (https://github.com/robertdavidgraham/masscan)"
77.119.165.170 - - [01/Mar/2024:12:56:12 +0100] "GET /entry.php?id=10271&&ser=294111 HTTP/1.1" 200 987 "http://hausegger.activities.at/entry.php?id=10271&&ser=294050" "Mozilla/5.0 (Windows NT 10.0; Win64; x64) AppleWebKit/537.36 (KHTML, like Gecko) Chrome/122.0.0.0 Safari/537.36"
77.119.165.170 - - [01/Mar/2024:12:56:13 +0100] "GET /gui/javascript/form_form.js?1709294172 HTTP/1.1" 200 16206 "http://hausegger.activities.at/entry.php?id=10271&&ser=294111" "Mozilla/5.0 (Windows NT 10.0; Win64; x64) AppleWebKit/537.36 (KHTML, like Gecko) Chrome/122.0.0.0 Safari/537.36"
77.119.165.170 - - [01/Mar/2024:12:57:13 +0100] "GET /entry.php?id=10271&&ser=294172 HTTP/1.1" 200 987 "http://hausegger.activities.at/entry.php?id=10271&&ser=294111" "Mozilla/5.0 (Windows NT 10.0; Win64; x64) AppleWebKit/537.36 (KHTML, like Gecko) Chrome/122.0.0.0 Safari/537.36"
77.119.165.170 - - [01/Mar/2024:12:57:14 +0100] "GET /gui/javascript/form_form.js?1709294233 HTTP/1.1" 200 16206 "http://hausegger.activities.at/entry.php?id=10271&&ser=294172" "Mozilla/5.0 (Windows NT 10.0; Win64; x64) AppleWebKit/537.36 (KHTML, like Gecko) Chrome/122.0.0.0 Safari/537.36"
77.119.165.170 - - [01/Mar/2024:12:58:14 +0100] "GET /entry.php?id=10271&&ser=294233 HTTP/1.1" 200 986 "http://hausegger.activities.at/entry.php?id=10271&&ser=294172" "Mozilla/5.0 (Windows NT 10.0; Win64; x64) AppleWebKit/537.36 (KHTML, like Gecko) Chrome/122.0.0.0 Safari/537.36"
77.119.165.170 - - [01/Mar/2024:12:58:15 +0100] "GET /gui/javascript/form_form.js?1709294294 HTTP/1.1" 200 16206 "http://hausegger.activities.at/entry.php?id=10271&&ser=294233" "Mozilla/5.0 (Windows NT 10.0; Win64; x64) AppleWebKit/537.36 (KHTML, like Gecko) Chrome/122.0.0.0 Safari/537.36"
3.224.220.101 - - [01/Mar/2024:12:58:26 +0100] "GET /entry.php?id=11035 HTTP/1.1" 200 2417 "-" "Mozilla/5.0 (Macintosh; Intel Mac OS X 10_10_1) AppleWebKit/600.2.5 (KHTML, like Gecko) Version/8.0.2 Safari/600.2.5 (Amazonbot/0.1; +https://developer.amazon.com/support/amazonbot)"
23.22.35.162 - - [01/Mar/2024:12:58:30 +0100] "GET /entry.php?id=11033 HTTP/1.1" 200 2418 "-" "Mozilla/5.0 (Macintosh; Intel Mac OS X 10_10_1) AppleWebKit/600.2.5 (KHTML, like Gecko) Version/8.0.2 Safari/600.2.5 (Amazonbot/0.1; +https://developer.amazon.com/support/amazonbot)"
3.224.220.101 - - [01/Mar/2024:12:58:34 +0100] "GET /entry.php?id=11032 HTTP/1.1" 200 2418 "-" "Mozilla/5.0 (Macintosh; Intel Mac OS X 10_10_1) AppleWebKit/600.2.5 (KHTML, like Gecko) Version/8.0.2 Safari/600.2.5 (Amazonbot/0.1; +https://developer.amazon.com/support/amazonbot)"
77.119.165.170 - - [01/Mar/2024:12:59:15 +0100] "GET /entry.php?id=10271&&ser=294294 HTTP/1.1" 200 989 "http://hausegger.activities.at/entry.php?id=10271&&ser=294233" "Mozilla/5.0 (Windows NT 10.0; Win64; x64) AppleWebKit/537.36 (KHTML, like Gecko) Chrome/122.0.0.0 Safari/537.36"
77.119.165.170 - - [01/Mar/2024:12:59:16 +0100] "GET /gui/javascript/form_form.js?1709294356 HTTP/1.1" 200 16206 "http://hausegger.activities.at/entry.php?id=10271&&ser=294294" "Mozilla/5.0 (Windows NT 10.0; Win64; x64) AppleWebKit/537.36 (KHTML, like Gecko) Chrome/122.0.0.0 Safari/537.36"
164.92.179.174 - - [01/Mar/2024:13:00:01 +0100] "GET / HTTP/1.1" 200 274 "-" "Mozilla/5.0 (X11; Linux x86_64) AppleWebKit/537.36 (KHTML, like Gecko) Chrome/108.0.0.0 Safari/537.36"
77.119.165.170 - - [01/Mar/2024:13:00:16 +0100] "GET /entry.php?id=10271&&ser=294355 HTTP/1.1" 200 988 "http://hausegger.activities.at/entry.php?id=10271&&ser=294294" "Mozilla/5.0 (Windows NT 10.0; Win64; x64) AppleWebKit/537.36 (KHTML, like Gecko) Chrome/122.0.0.0 Safari/537.36"
77.119.165.170 - - [01/Mar/2024:13:00:17 +0100] "GET /gui/javascript/form_form.js?1709294417 HTTP/1.1" 200 16206 "http://hausegger.activities.at/entry.php?id=10271&&ser=294355" "Mozilla/5.0 (Windows NT 10.0; Win64; x64) AppleWebKit/537.36 (KHTML, like Gecko) Chrome/122.0.0.0 Safari/537.36"
77.119.165.170 - - [01/Mar/2024:13:01:17 +0100] "GET /entry.php?id=10271&&ser=294416 HTTP/1.1" 200 986 "http://hausegger.activities.at/entry.php?id=10271&&ser=294355" "Mozilla/5.0 (Windows NT 10.0; Win64; x64) AppleWebKit/537.36 (KHTML, like Gecko) Chrome/122.0.0.0 Safari/537.36"
77.119.165.170 - - [01/Mar/2024:13:01:18 +0100] "GET /gui/javascript/form_form.js?1709294478 HTTP/1.1" 200 16206 "http://hausegger.activities.at/entry.php?id=10271&&ser=294416" "Mozilla/5.0 (Windows NT 10.0; Win64; x64) AppleWebKit/537.36 (KHTML, like Gecko) Chrome/122.0.0.0 Safari/537.36"
23.22.35.162 - - [01/Mar/2024:13:01:26 +0100] "GET /entry.php?id=10927 HTTP/1.1" 200 2417 "-" "Mozilla/5.0 (Macintosh; Intel Mac OS X 10_10_1) AppleWebKit/600.2.5 (KHTML, like Gecko) Version/8.0.2 Safari/600.2.5 (Amazonbot/0.1; +https://developer.amazon.com/support/amazonbot)"
52.70.240.171 - - [01/Mar/2024:13:01:29 +0100] "GET /entry.php?id=10928 HTTP/1.1" 200 2419 "-" "Mozilla/5.0 (Macintosh; Intel Mac OS X 10_10_1) AppleWebKit/600.2.5 (KHTML, like Gecko) Version/8.0.2 Safari/600.2.5 (Amazonbot/0.1; +https://developer.amazon.com/support/amazonbot)"
52.70.240.171 - - [01/Mar/2024:13:01:34 +0100] "GET /entry.php?id=10926 HTTP/1.1" 200 2419 "-" "Mozilla/5.0 (Macintosh; Intel Mac OS X 10_10_1) AppleWebKit/600.2.5 (KHTML, like Gecko) Version/8.0.2 Safari/600.2.5 (Amazonbot/0.1; +https://developer.amazon.com/support/amazonbot)"
52.70.240.171 - - [01/Mar/2024:13:02:06 +0100] "GET /entry.php?id=11615 HTTP/1.1" 200 2419 "-" "Mozilla/5.0 (Macintosh; Intel Mac OS X 10_10_1) AppleWebKit/600.2.5 (KHTML, like Gecko) Version/8.0.2 Safari/600.2.5 (Amazonbot/0.1; +https://developer.amazon.com/support/amazonbot)"
52.70.240.171 - - [01/Mar/2024:13:02:09 +0100] "GET /entry.php?id=11614 HTTP/1.1" 200 2419 "-" "Mozilla/5.0 (Macintosh; Intel Mac OS X 10_10_1) AppleWebKit/600.2.5 (KHTML, like Gecko) Version/8.0.2 Safari/600.2.5 (Amazonbot/0.1; +https://developer.amazon.com/support/amazonbot)"
23.22.35.162 - - [01/Mar/2024:13:02:13 +0100] "GET /entry.php?id=11612 HTTP/1.1" 200 2420 "-" "Mozilla/5.0 (Macintosh; Intel Mac OS X 10_10_1) AppleWebKit/600.2.5 (KHTML, like Gecko) Version/8.0.2 Safari/600.2.5 (Amazonbot/0.1; +https://developer.amazon.com/support/amazonbot)"
77.119.165.170 - - [01/Mar/2024:13:02:18 +0100] "GET /entry.php?id=10271&&ser=294478 HTTP/1.1" 200 987 "http://hausegger.activities.at/entry.php?id=10271&&ser=294416" "Mozilla/5.0 (Windows NT 10.0; Win64; x64) AppleWebKit/537.36 (KHTML, like Gecko) Chrome/122.0.0.0 Safari/537.36"
77.119.165.170 - - [01/Mar/2024:13:02:19 +0100] "GET /gui/javascript/form_form.js?1709294538 HTTP/1.1" 200 16206 "http://hausegger.activities.at/entry.php?id=10271&&ser=294478" "Mozilla/5.0 (Windows NT 10.0; Win64; x64) AppleWebKit/537.36 (KHTML, like Gecko) Chrome/122.0.0.0 Safari/537.36"
77.119.165.170 - - [01/Mar/2024:13:03:19 +0100] "GET /entry.php?id=10271&&ser=294538 HTTP/1.1" 200 987 "http://hausegger.activities.at/entry.php?id=10271&&ser=294478" "Mozilla/5.0 (Windows NT 10.0; Win64; x64) AppleWebKit/537.36 (KHTML, like Gecko) Chrome/122.0.0.0 Safari/537.36"
77.119.165.170 - - [01/Mar/2024:13:03:20 +0100] "GET /gui/javascript/form_form.js?1709294599 HTTP/1.1" 200 16206 "http://hausegger.activities.at/entry.php?id=10271&&ser=294538" "Mozilla/5.0 (Windows NT 10.0; Win64; x64) AppleWebKit/537.36 (KHTML, like Gecko) Chrome/122.0.0.0 Safari/537.36"
77.119.165.170 - - [01/Mar/2024:13:03:20 +0100] "GET /entry.php?id=11237&type=10665 HTTP/1.1" 200 276 "http://hausegger.activities.at/entry.php?id=10828" "Mozilla/5.0 (Windows NT 10.0; Win64; x64; rv:123.0) Gecko/20100101 Firefox/123.0"
77.119.165.170 - - [01/Mar/2024:13:03:20 +0100] "GET /entry.php?id=10676&&title=Belegsuche HTTP/1.1" 200 1391 "http://hausegger.activities.at/entry.php?id=11237&type=10665" "Mozilla/5.0 (Windows NT 10.0; Win64; x64; rv:123.0) Gecko/20100101 Firefox/123.0"
77.119.165.170 - - [01/Mar/2024:13:03:21 +0100] "GET /gui/javascript/form_form.js?1709294601 HTTP/1.1" 200 16206 "http://hausegger.activities.at/entry.php?id=10676&&title=Belegsuche" "Mozilla/5.0 (Windows NT 10.0; Win64; x64; rv:123.0) Gecko/20100101 Firefox/123.0"
77.119.165.170 - - [01/Mar/2024:13:03:20 +0100] "GET /entry.php?id=11240&mode=document&form=10665& HTTP/1.1" 200 2672 "http://hausegger.activities.at/entry.php?id=11237&type=10665" "Mozilla/5.0 (Windows NT 10.0; Win64; x64; rv:123.0) Gecko/20100101 Firefox/123.0"
77.119.165.170 - - [01/Mar/2024:13:03:21 +0100] "GET /gui/javascript/form_bu_document_workflow.js?1709294601 HTTP/1.1" 200 4900 "http://hausegger.activities.at/entry.php?id=11240&mode=document&form=10665&" "Mozilla/5.0 (Windows NT 10.0; Win64; x64; rv:123.0) Gecko/20100101 Firefox/123.0"
77.119.165.170 - - [01/Mar/2024:13:03:20 +0100] "GET /entry.php?id=11238&mode=document&form=10665& HTTP/1.1" 200 3304 "http://hausegger.activities.at/entry.php?id=11237&type=10665" "Mozilla/5.0 (Windows NT 10.0; Win64; x64; rv:123.0) Gecko/20100101 Firefox/123.0"
77.119.165.170 - - [01/Mar/2024:13:03:20 +0100] "GET /entry.php?id=11239&mode=document&form=10665& HTTP/1.1" 200 2018 "http://hausegger.activities.at/entry.php?id=11237&type=10665" "Mozilla/5.0 (Windows NT 10.0; Win64; x64; rv:123.0) Gecko/20100101 Firefox/123.0"
77.119.165.170 - - [01/Mar/2024:13:03:21 +0100] "GET /entry.php?id=10776&form=11066&name=list& HTTP/1.1" 200 1513 "http://hausegger.activities.at/entry.php?id=11240&mode=document&form=10665&" "Mozilla/5.0 (Windows NT 10.0; Win64; x64; rv:123.0) Gecko/20100101 Firefox/123.0"
77.119.165.170 - - [01/Mar/2024:13:03:21 +0100] "GET /entry.php?id=10778&form=11066&name=list& HTTP/1.1" 200 2586 "http://hausegger.activities.at/entry.php?id=11240&mode=document&form=10665&" "Mozilla/5.0 (Windows NT 10.0; Win64; x64; rv:123.0) Gecko/20100101 Firefox/123.0"
77.119.165.170 - - [01/Mar/2024:13:03:21 +0100] "POST /entry.php?id=11240 HTTP/1.1" 200 2673 "http://hausegger.activities.at/entry.php?id=11240&mode=document&form=10665&" "Mozilla/5.0 (Windows NT 10.0; Win64; x64; rv:123.0) Gecko/20100101 Firefox/123.0"
77.119.165.170 - - [01/Mar/2024:13:03:22 +0100] "GET /gui/javascript/form_bu_document_workflow.js?1709294602 HTTP/1.1" 200 4900 "http://hausegger.activities.at/entry.php?id=11240" "Mozilla/5.0 (Windows NT 10.0; Win64; x64; rv:123.0) Gecko/20100101 Firefox/123.0"
77.119.165.170 - - [01/Mar/2024:13:03:22 +0100] "GET /gui/javascript/form_form.js?1709294602 HTTP/1.1" 200 16206 "http://hausegger.activities.at/entry.php?id=11240" "Mozilla/5.0 (Windows NT 10.0; Win64; x64; rv:123.0) Gecko/20100101 Firefox/123.0"
77.119.165.170 - - [01/Mar/2024:13:03:22 +0100] "GET /entry.php?id=10776&form=11066&name=list& HTTP/1.1" 200 1514 "http://hausegger.activities.at/entry.php?id=11240" "Mozilla/5.0 (Windows NT 10.0; Win64; x64; rv:123.0) Gecko/20100101 Firefox/123.0"
77.119.165.170 - - [01/Mar/2024:13:03:22 +0100] "GET /entry.php?id=10778&form=11066&name=list& HTTP/1.1" 200 3343 "http://hausegger.activities.at/entry.php?id=11240" "Mozilla/5.0 (Windows NT 10.0; Win64; x64; rv:123.0) Gecko/20100101 Firefox/123.0"
77.119.165.170 - - [01/Mar/2024:13:03:29 +0100] "POST /entry.php?id=10828 HTTP/1.1" 200 9332 "http://hausegger.activities.at/entry.php?id=10828" "Mozilla/5.0 (Windows NT 10.0; Win64; x64; rv:123.0) Gecko/20100101 Firefox/123.0"
77.119.165.170 - - [01/Mar/2024:13:03:29 +0100] "GET /gui/javascript/form_form.js?1709294609 HTTP/1.1" 200 16206 "http://hausegger.activities.at/entry.php?id=10828" "Mozilla/5.0 (Windows NT 10.0; Win64; x64; rv:123.0) Gecko/20100101 Firefox/123.0"
77.119.165.170 - - [01/Mar/2024:13:03:29 +0100] "GET /entry.php?id=10889&document_id=& HTTP/1.1" 200 1510 "http://hausegger.activities.at/entry.php?id=10828" "Mozilla/5.0 (Windows NT 10.0; Win64; x64; rv:123.0) Gecko/20100101 Firefox/123.0"
77.119.165.170 - - [01/Mar/2024:13:03:34 +0100] "GET /entry.php?id=10877&mode=loadSearchCustomer&obj=number&tag=debitor&value=wa&ser=1709290031493 HTTP/1.1" 200 221 "http://hausegger.activities.at/entry.php?id=10828" "Mozilla/5.0 (Windows NT 10.0; Win64; x64; rv:123.0) Gecko/20100101 Firefox/123.0"
77.119.165.170 - - [01/Mar/2024:13:03:34 +0100] "GET /entry.php?id=10877&mode=loadSearchCustomer&obj=number&tag=debitor&value=wa&ser=1709290031605 HTTP/1.1" 200 221 "http://hausegger.activities.at/entry.php?id=10828" "Mozilla/5.0 (Windows NT 10.0; Win64; x64; rv:123.0) Gecko/20100101 Firefox/123.0"
77.119.165.170 - - [01/Mar/2024:13:03:35 +0100] "POST /entry.php?id=10889 HTTP/1.1" 200 1772 "http://hausegger.activities.at/entry.php?id=10889&document_id=&" "Mozilla/5.0 (Windows NT 10.0; Win64; x64; rv:123.0) Gecko/20100101 Firefox/123.0"
77.119.165.170 - - [01/Mar/2024:13:03:35 +0100] "GET /gui/javascript/form_form.js?1709294615 HTTP/1.1" 200 16206 "http://hausegger.activities.at/entry.php?id=10889" "Mozilla/5.0 (Windows NT 10.0; Win64; x64; rv:123.0) Gecko/20100101 Firefox/123.0"
3.224.220.101 - - [01/Mar/2024:13:04:09 +0100] "GET /entry.php?id=10761 HTTP/1.1" 200 2419 "-" "Mozilla/5.0 (Macintosh; Intel Mac OS X 10_10_1) AppleWebKit/600.2.5 (KHTML, like Gecko) Version/8.0.2 Safari/600.2.5 (Amazonbot/0.1; +https://developer.amazon.com/support/amazonbot)"
77.119.165.170 - - [01/Mar/2024:13:04:20 +0100] "GET /entry.php?id=10271&&ser=294599 HTTP/1.1" 200 987 "http://hausegger.activities.at/entry.php?id=10271&&ser=294538" "Mozilla/5.0 (Windows NT 10.0; Win64; x64) AppleWebKit/537.36 (KHTML, like Gecko) Chrome/122.0.0.0 Safari/537.36"
77.119.165.170 - - [01/Mar/2024:13:04:21 +0100] "GET /gui/javascript/form_form.js?1709294660 HTTP/1.1" 200 16206 "http://hausegger.activities.at/entry.php?id=10271&&ser=294599" "Mozilla/5.0 (Windows NT 10.0; Win64; x64) AppleWebKit/537.36 (KHTML, like Gecko) Chrome/122.0.0.0 Safari/537.36"
77.119.165.170 - - [01/Mar/2024:13:04:44 +0100] "POST /entry.php?id=10828 HTTP/1.1" 200 8770 "http://hausegger.activities.at/entry.php?id=10828" "Mozilla/5.0 (Windows NT 10.0; Win64; x64; rv:123.0) Gecko/20100101 Firefox/123.0"
77.119.165.170 - - [01/Mar/2024:13:04:44 +0100] "GET /gui/javascript/form_form.js?1709294684 HTTP/1.1" 200 16206 "http://hausegger.activities.at/entry.php?id=10828" "Mozilla/5.0 (Windows NT 10.0; Win64; x64; rv:123.0) Gecko/20100101 Firefox/123.0"
77.119.165.170 - - [01/Mar/2024:13:04:44 +0100] "GET /entry.php?id=10889&document_id=10334643& HTTP/1.1" 200 1509 "http://hausegger.activities.at/entry.php?id=10828" "Mozilla/5.0 (Windows NT 10.0; Win64; x64; rv:123.0) Gecko/20100101 Firefox/123.0"
77.119.165.170 - - [01/Mar/2024:13:04:45 +0100] "GET /gui/javascript/form_form.js?1709294685 HTTP/1.1" 200 16206 "http://hausegger.activities.at/entry.php?id=10889&document_id=10334643&" "Mozilla/5.0 (Windows NT 10.0; Win64; x64; rv:123.0) Gecko/20100101 Firefox/123.0"
77.119.165.170 - - [01/Mar/2024:13:04:46 +0100] "POST /entry.php?id=10828 HTTP/1.1" 200 4988 "http://hausegger.activities.at/entry.php?id=10828" "Mozilla/5.0 (Windows NT 10.0; Win64; x64; rv:123.0) Gecko/20100101 Firefox/123.0"
77.119.165.170 - - [01/Mar/2024:13:04:46 +0100] "GET /gui/javascript/form_form.js?1709294686 HTTP/1.1" 200 16206 "http://hausegger.activities.at/entry.php?id=10828" "Mozilla/5.0 (Windows NT 10.0; Win64; x64; rv:123.0) Gecko/20100101 Firefox/123.0"
77.119.165.170 - - [01/Mar/2024:13:04:46 +0100] "GET /entry.php?id=10889&document_id=10334643& HTTP/1.1" 200 1510 "http://hausegger.activities.at/entry.php?id=10828" "Mozilla/5.0 (Windows NT 10.0; Win64; x64; rv:123.0) Gecko/20100101 Firefox/123.0"
77.119.165.170 - - [01/Mar/2024:13:04:52 +0100] "POST /entry.php?id=10828 HTTP/1.1" 200 4998 "http://hausegger.activities.at/entry.php?id=10828" "Mozilla/5.0 (Windows NT 10.0; Win64; x64; rv:123.0) Gecko/20100101 Firefox/123.0"
77.119.165.170 - - [01/Mar/2024:13:04:52 +0100] "GET /gui/javascript/form_form.js?1709294692 HTTP/1.1" 200 16206 "http://hausegger.activities.at/entry.php?id=10828" "Mozilla/5.0 (Windows NT 10.0; Win64; x64; rv:123.0) Gecko/20100101 Firefox/123.0"
77.119.165.170 - - [01/Mar/2024:13:04:52 +0100] "GET /entry.php?id=10889&document_id=10334643& HTTP/1.1" 200 1510 "http://hausegger.activities.at/entry.php?id=10828" "Mozilla/5.0 (Windows NT 10.0; Win64; x64; rv:123.0) Gecko/20100101 Firefox/123.0"
77.119.165.170 - - [01/Mar/2024:13:04:53 +0100] "POST /entry.php?id=10828 HTTP/1.1" 200 4788 "http://hausegger.activities.at/entry.php?id=10828" "Mozilla/5.0 (Windows NT 10.0; Win64; x64; rv:123.0) Gecko/20100101 Firefox/123.0"
77.119.165.170 - - [01/Mar/2024:13:04:53 +0100] "GET /gui/javascript/form_form.js?1709294693 HTTP/1.1" 200 16206 "http://hausegger.activities.at/entry.php?id=10828" "Mozilla/5.0 (Windows NT 10.0; Win64; x64; rv:123.0) Gecko/20100101 Firefox/123.0"
77.119.165.170 - - [01/Mar/2024:13:04:54 +0100] "GET /entry.php?id=10830&&object=10334643&account=&mode=documentdebitor HTTP/1.1" 200 3132 "http://hausegger.activities.at/entry.php?id=10828" "Mozilla/5.0 (Windows NT 10.0; Win64; x64; rv:123.0) Gecko/20100101 Firefox/123.0"
77.119.165.170 - - [01/Mar/2024:13:04:54 +0100] "GET /gui/javascript/form_form.js?1709294694 HTTP/1.1" 200 16206 "http://hausegger.activities.at/entry.php?id=10830&&object=10334643&account=&mode=documentdebitor" "Mozilla/5.0 (Windows NT 10.0; Win64; x64; rv:123.0) Gecko/20100101 Firefox/123.0"
77.119.165.170 - - [01/Mar/2024:13:04:54 +0100] "GET /entry.php?id=10889&document_id=10334643& HTTP/1.1" 200 1510 "http://hausegger.activities.at/entry.php?id=10828" "Mozilla/5.0 (Windows NT 10.0; Win64; x64; rv:123.0) Gecko/20100101 Firefox/123.0"
77.119.165.170 - - [01/Mar/2024:13:04:55 +0100] "POST /entry.php?id=10889 HTTP/1.1" 200 1582 "http://hausegger.activities.at/entry.php?id=10889&document_id=10334643&" "Mozilla/5.0 (Windows NT 10.0; Win64; x64; rv:123.0) Gecko/20100101 Firefox/123.0"
77.119.165.170 - - [01/Mar/2024:13:04:55 +0100] "GET /gui/javascript/form_form.js?1709294695 HTTP/1.1" 200 16206 "http://hausegger.activities.at/entry.php?id=10889" "Mozilla/5.0 (Windows NT 10.0; Win64; x64; rv:123.0) Gecko/20100101 Firefox/123.0"
77.119.165.170 - - [01/Mar/2024:13:04:56 +0100] "GET /entry.php?id=10877&mode=loadSearchArticle&obj=article_1&tag=debit&refobject=10334643&value=1&ser=1709290113894 HTTP/1.1" 200 35244 "http://hausegger.activities.at/entry.php?id=10830&&object=10334643&account=&mode=documentdebitor" "Mozilla/5.0 (Windows NT 10.0; Win64; x64; rv:123.0) Gecko/20100101 Firefox/123.0"
77.119.165.170 - - [01/Mar/2024:13:04:56 +0100] "GET /entry.php?id=10877&mode=loadSearchArticle&obj=article_1&tag=debit&refobject=10334643&value=14&ser=1709290114085 HTTP/1.1" 200 1335 "http://hausegger.activities.at/entry.php?id=10830&&object=10334643&account=&mode=documentdebitor" "Mozilla/5.0 (Windows NT 10.0; Win64; x64; rv:123.0) Gecko/20100101 Firefox/123.0"
77.119.165.170 - - [01/Mar/2024:13:04:57 +0100] "GET /entry.php?id=10877&mode=loadSearchArticle&obj=article_1&tag=debit&refobject=10334643&value=147&ser=1709290114277 HTTP/1.1" 200 450 "http://hausegger.activities.at/entry.php?id=10830&&object=10334643&account=&mode=documentdebitor" "Mozilla/5.0 (Windows NT 10.0; Win64; x64; rv:123.0) Gecko/20100101 Firefox/123.0"
77.119.165.170 - - [01/Mar/2024:13:04:57 +0100] "GET /entry.php?id=10877&mode=loadSearchArticle&obj=article_1&tag=debit&refobject=10334643&value=1474&ser=1709290114589 HTTP/1.1" 200 265 "http://hausegger.activities.at/entry.php?id=10830&&object=10334643&account=&mode=documentdebitor" "Mozilla/5.0 (Windows NT 10.0; Win64; x64; rv:123.0) Gecko/20100101 Firefox/123.0"
77.119.165.170 - - [01/Mar/2024:13:04:57 +0100] "GET /entry.php?id=10877&mode=loadSearchArticle&obj=article_1&tag=debit&refobject=10334643&value=14747&ser=1709290114813 HTTP/1.1" 200 265 "http://hausegger.activities.at/entry.php?id=10830&&object=10334643&account=&mode=documentdebitor" "Mozilla/5.0 (Windows NT 10.0; Win64; x64; rv:123.0) Gecko/20100101 Firefox/123.0"
77.119.165.170 - - [01/Mar/2024:13:04:58 +0100] "GET /entry.php?id=10877&mode=loadSearchArticle&obj=article_1&tag=debit&refobject=10334643&value=147479&ser=1709290115318 HTTP/1.1" 200 265 "http://hausegger.activities.at/entry.php?id=10830&&object=10334643&account=&mode=documentdebitor" "Mozilla/5.0 (Windows NT 10.0; Win64; x64; rv:123.0) Gecko/20100101 Firefox/123.0"
77.119.165.170 - - [01/Mar/2024:13:04:58 +0100] "GET /entry.php?id=10877&mode=loadSearchArticle&obj=article_1&tag=debit&refobject=10334643&value=1474796&ser=1709290115517 HTTP/1.1" 200 265 "http://hausegger.activities.at/entry.php?id=10830&&object=10334643&account=&mode=documentdebitor" "Mozilla/5.0 (Windows NT 10.0; Win64; x64; rv:123.0) Gecko/20100101 Firefox/123.0"
77.119.165.170 - - [01/Mar/2024:13:04:58 +0100] "GET /entry.php?id=10877&mode=loadSearchArticle&obj=article_1&tag=debit&refobject=10334643&value=14747968&ser=1709290115693 HTTP/1.1" 200 265 "http://hausegger.activities.at/entry.php?id=10830&&object=10334643&account=&mode=documentdebitor" "Mozilla/5.0 (Windows NT 10.0; Win64; x64; rv:123.0) Gecko/20100101 Firefox/123.0"
