52.70.240.171 - - [05/Mar/2024:11:09:55 +0100] "GET /entry.php?id=10271&ser=946977 HTTP/1.1" 200 935 "-" "Mozilla/5.0 (Macintosh; Intel Mac OS X 10_10_1) AppleWebKit/600.2.5 (KHTML, like Gecko) Version/8.0.2 Safari/600.2.5 (Amazonbot/0.1; +https://developer.amazon.com/support/amazonbot)"
52.70.240.171 - - [05/Mar/2024:11:10:00 +0100] "GET /entry.php?id=10271&ser=964730 HTTP/1.1" 200 934 "-" "Mozilla/5.0 (Macintosh; Intel Mac OS X 10_10_1) AppleWebKit/600.2.5 (KHTML, like Gecko) Version/8.0.2 Safari/600.2.5 (Amazonbot/0.1; +https://developer.amazon.com/support/amazonbot)"
52.70.240.171 - - [05/Mar/2024:11:10:03 +0100] "GET /entry.php?id=10271&ser=946916 HTTP/1.1" 200 935 "-" "Mozilla/5.0 (Macintosh; Intel Mac OS X 10_10_1) AppleWebKit/600.2.5 (KHTML, like Gecko) Version/8.0.2 Safari/600.2.5 (Amazonbot/0.1; +https://developer.amazon.com/support/amazonbot)"
23.22.35.162 - - [05/Mar/2024:11:10:07 +0100] "GET /entry.php?id=10271&ser=964669 HTTP/1.1" 200 934 "-" "Mozilla/5.0 (Macintosh; Intel Mac OS X 10_10_1) AppleWebKit/600.2.5 (KHTML, like Gecko) Version/8.0.2 Safari/600.2.5 (Amazonbot/0.1; +https://developer.amazon.com/support/amazonbot)"
52.70.240.171 - - [05/Mar/2024:11:10:12 +0100] "GET /entry.php?id=10271&ser=946855 HTTP/1.1" 200 934 "-" "Mozilla/5.0 (Macintosh; Intel Mac OS X 10_10_1) AppleWebKit/600.2.5 (KHTML, like Gecko) Version/8.0.2 Safari/600.2.5 (Amazonbot/0.1; +https://developer.amazon.com/support/amazonbot)"
23.22.35.162 - - [05/Mar/2024:11:10:16 +0100] "GET /entry.php?id=10271&ser=946794 HTTP/1.1" 200 934 "-" "Mozilla/5.0 (Macintosh; Intel Mac OS X 10_10_1) AppleWebKit/600.2.5 (KHTML, like Gecko) Version/8.0.2 Safari/600.2.5 (Amazonbot/0.1; +https://developer.amazon.com/support/amazonbot)"
23.22.35.162 - - [05/Mar/2024:11:10:20 +0100] "GET /entry.php?id=10271&ser=964608 HTTP/1.1" 200 934 "-" "Mozilla/5.0 (Macintosh; Intel Mac OS X 10_10_1) AppleWebKit/600.2.5 (KHTML, like Gecko) Version/8.0.2 Safari/600.2.5 (Amazonbot/0.1; +https://developer.amazon.com/support/amazonbot)"
3.224.220.101 - - [05/Mar/2024:11:10:23 +0100] "GET /entry.php?id=10271&ser=964546 HTTP/1.1" 200 934 "-" "Mozilla/5.0 (Macintosh; Intel Mac OS X 10_10_1) AppleWebKit/600.2.5 (KHTML, like Gecko) Version/8.0.2 Safari/600.2.5 (Amazonbot/0.1; +https://developer.amazon.com/support/amazonbot)"
52.70.240.171 - - [05/Mar/2024:11:10:28 +0100] "GET /entry.php?id=10271&ser=946733 HTTP/1.1" 200 934 "-" "Mozilla/5.0 (Macintosh; Intel Mac OS X 10_10_1) AppleWebKit/600.2.5 (KHTML, like Gecko) Version/8.0.2 Safari/600.2.5 (Amazonbot/0.1; +https://developer.amazon.com/support/amazonbot)"
23.22.35.162 - - [05/Mar/2024:11:10:32 +0100] "GET /entry.php?id=10271&ser=964484 HTTP/1.1" 200 934 "-" "Mozilla/5.0 (Macintosh; Intel Mac OS X 10_10_1) AppleWebKit/600.2.5 (KHTML, like Gecko) Version/8.0.2 Safari/600.2.5 (Amazonbot/0.1; +https://developer.amazon.com/support/amazonbot)"
23.22.35.162 - - [05/Mar/2024:11:10:35 +0100] "GET /entry.php?id=10271&ser=946672 HTTP/1.1" 200 935 "-" "Mozilla/5.0 (Macintosh; Intel Mac OS X 10_10_1) AppleWebKit/600.2.5 (KHTML, like Gecko) Version/8.0.2 Safari/600.2.5 (Amazonbot/0.1; +https://developer.amazon.com/support/amazonbot)"
23.22.35.162 - - [05/Mar/2024:11:10:39 +0100] "GET /entry.php?id=10271&ser=964423 HTTP/1.1" 200 934 "-" "Mozilla/5.0 (Macintosh; Intel Mac OS X 10_10_1) AppleWebKit/600.2.5 (KHTML, like Gecko) Version/8.0.2 Safari/600.2.5 (Amazonbot/0.1; +https://developer.amazon.com/support/amazonbot)"
52.70.240.171 - - [05/Mar/2024:11:10:46 +0100] "GET /entry.php?id=10271&ser=946611 HTTP/1.1" 200 934 "-" "Mozilla/5.0 (Macintosh; Intel Mac OS X 10_10_1) AppleWebKit/600.2.5 (KHTML, like Gecko) Version/8.0.2 Safari/600.2.5 (Amazonbot/0.1; +https://developer.amazon.com/support/amazonbot)"
23.22.35.162 - - [05/Mar/2024:11:10:48 +0100] "GET /entry.php?id=10271&ser=964363 HTTP/1.1" 200 934 "-" "Mozilla/5.0 (Macintosh; Intel Mac OS X 10_10_1) AppleWebKit/600.2.5 (KHTML, like Gecko) Version/8.0.2 Safari/600.2.5 (Amazonbot/0.1; +https://developer.amazon.com/support/amazonbot)"
52.70.240.171 - - [05/Mar/2024:11:10:51 +0100] "GET /entry.php?id=10271&ser=946549 HTTP/1.1" 200 934 "-" "Mozilla/5.0 (Macintosh; Intel Mac OS X 10_10_1) AppleWebKit/600.2.5 (KHTML, like Gecko) Version/8.0.2 Safari/600.2.5 (Amazonbot/0.1; +https://developer.amazon.com/support/amazonbot)"
3.224.220.101 - - [05/Mar/2024:11:10:55 +0100] "GET /entry.php?id=10271&ser=964301 HTTP/1.1" 200 934 "-" "Mozilla/5.0 (Macintosh; Intel Mac OS X 10_10_1) AppleWebKit/600.2.5 (KHTML, like Gecko) Version/8.0.2 Safari/600.2.5 (Amazonbot/0.1; +https://developer.amazon.com/support/amazonbot)"
178.165.191.142 - - [05/Mar/2024:11:10:56 +0100] "GET /entry.php?id=10271&&ser=633395 HTTP/1.1" 200 987 "http://hausegger.activities.at/entry.php?id=10271&&ser=633335" "Mozilla/5.0 (Windows NT 10.0; Win64; x64; rv:123.0) Gecko/20100101 Firefox/123.0"
178.165.191.142 - - [05/Mar/2024:11:10:56 +0100] "GET /gui/javascript/form_form.js?1709633456 HTTP/1.1" 200 16206 "http://hausegger.activities.at/entry.php?id=10271&&ser=633395" "Mozilla/5.0 (Windows NT 10.0; Win64; x64; rv:123.0) Gecko/20100101 Firefox/123.0"
23.22.35.162 - - [05/Mar/2024:11:11:00 +0100] "GET /entry.php?id=10271&ser=946488 HTTP/1.1" 200 934 "-" "Mozilla/5.0 (Macintosh; Intel Mac OS X 10_10_1) AppleWebKit/600.2.5 (KHTML, like Gecko) Version/8.0.2 Safari/600.2.5 (Amazonbot/0.1; +https://developer.amazon.com/support/amazonbot)"
23.22.35.162 - - [05/Mar/2024:11:11:03 +0100] "GET /entry.php?id=10271&ser=964239 HTTP/1.1" 200 935 "-" "Mozilla/5.0 (Macintosh; Intel Mac OS X 10_10_1) AppleWebKit/600.2.5 (KHTML, like Gecko) Version/8.0.2 Safari/600.2.5 (Amazonbot/0.1; +https://developer.amazon.com/support/amazonbot)"
52.70.240.171 - - [05/Mar/2024:11:11:07 +0100] "GET /entry.php?id=10271&ser=946426 HTTP/1.1" 200 934 "-" "Mozilla/5.0 (Macintosh; Intel Mac OS X 10_10_1) AppleWebKit/600.2.5 (KHTML, like Gecko) Version/8.0.2 Safari/600.2.5 (Amazonbot/0.1; +https://developer.amazon.com/support/amazonbot)"
3.224.220.101 - - [05/Mar/2024:11:11:12 +0100] "GET /entry.php?id=10271&ser=964177 HTTP/1.1" 200 934 "-" "Mozilla/5.0 (Macintosh; Intel Mac OS X 10_10_1) AppleWebKit/600.2.5 (KHTML, like Gecko) Version/8.0.2 Safari/600.2.5 (Amazonbot/0.1; +https://developer.amazon.com/support/amazonbot)"
23.22.35.162 - - [05/Mar/2024:11:11:16 +0100] "GET /entry.php?id=10271&ser=946365 HTTP/1.1" 200 934 "-" "Mozilla/5.0 (Macintosh; Intel Mac OS X 10_10_1) AppleWebKit/600.2.5 (KHTML, like Gecko) Version/8.0.2 Safari/600.2.5 (Amazonbot/0.1; +https://developer.amazon.com/support/amazonbot)"
23.22.35.162 - - [05/Mar/2024:11:11:20 +0100] "GET /entry.php?id=10271&ser=964116 HTTP/1.1" 200 934 "-" "Mozilla/5.0 (Macintosh; Intel Mac OS X 10_10_1) AppleWebKit/600.2.5 (KHTML, like Gecko) Version/8.0.2 Safari/600.2.5 (Amazonbot/0.1; +https://developer.amazon.com/support/amazonbot)"
23.22.35.162 - - [05/Mar/2024:11:11:23 +0100] "GET /entry.php?id=10271&ser=946304 HTTP/1.1" 200 935 "-" "Mozilla/5.0 (Macintosh; Intel Mac OS X 10_10_1) AppleWebKit/600.2.5 (KHTML, like Gecko) Version/8.0.2 Safari/600.2.5 (Amazonbot/0.1; +https://developer.amazon.com/support/amazonbot)"
52.70.240.171 - - [05/Mar/2024:11:11:28 +0100] "GET /entry.php?id=10271&ser=946243 HTTP/1.1" 200 934 "-" "Mozilla/5.0 (Macintosh; Intel Mac OS X 10_10_1) AppleWebKit/600.2.5 (KHTML, like Gecko) Version/8.0.2 Safari/600.2.5 (Amazonbot/0.1; +https://developer.amazon.com/support/amazonbot)"
23.22.35.162 - - [05/Mar/2024:11:11:32 +0100] "GET /entry.php?id=10271&ser=964054 HTTP/1.1" 200 934 "-" "Mozilla/5.0 (Macintosh; Intel Mac OS X 10_10_1) AppleWebKit/600.2.5 (KHTML, like Gecko) Version/8.0.2 Safari/600.2.5 (Amazonbot/0.1; +https://developer.amazon.com/support/amazonbot)"
52.70.240.171 - - [05/Mar/2024:11:11:36 +0100] "GET /entry.php?id=10271&ser=946181 HTTP/1.1" 200 934 "-" "Mozilla/5.0 (Macintosh; Intel Mac OS X 10_10_1) AppleWebKit/600.2.5 (KHTML, like Gecko) Version/8.0.2 Safari/600.2.5 (Amazonbot/0.1; +https://developer.amazon.com/support/amazonbot)"
23.22.35.162 - - [05/Mar/2024:11:11:41 +0100] "GET /entry.php?id=10271&ser=963993 HTTP/1.1" 200 933 "-" "Mozilla/5.0 (Macintosh; Intel Mac OS X 10_10_1) AppleWebKit/600.2.5 (KHTML, like Gecko) Version/8.0.2 Safari/600.2.5 (Amazonbot/0.1; +https://developer.amazon.com/support/amazonbot)"
3.224.220.101 - - [05/Mar/2024:11:11:43 +0100] "GET /entry.php?id=10271&ser=946120 HTTP/1.1" 200 935 "-" "Mozilla/5.0 (Macintosh; Intel Mac OS X 10_10_1) AppleWebKit/600.2.5 (KHTML, like Gecko) Version/8.0.2 Safari/600.2.5 (Amazonbot/0.1; +https://developer.amazon.com/support/amazonbot)"
52.70.240.171 - - [05/Mar/2024:11:11:47 +0100] "GET /entry.php?id=10271&ser=963932 HTTP/1.1" 200 934 "-" "Mozilla/5.0 (Macintosh; Intel Mac OS X 10_10_1) AppleWebKit/600.2.5 (KHTML, like Gecko) Version/8.0.2 Safari/600.2.5 (Amazonbot/0.1; +https://developer.amazon.com/support/amazonbot)"
3.224.220.101 - - [05/Mar/2024:11:11:52 +0100] "GET /entry.php?id=10271&ser=963871 HTTP/1.1" 200 934 "-" "Mozilla/5.0 (Macintosh; Intel Mac OS X 10_10_1) AppleWebKit/600.2.5 (KHTML, like Gecko) Version/8.0.2 Safari/600.2.5 (Amazonbot/0.1; +https://developer.amazon.com/support/amazonbot)"
3.224.220.101 - - [05/Mar/2024:11:11:55 +0100] "GET /entry.php?id=10271&ser=946058 HTTP/1.1" 200 934 "-" "Mozilla/5.0 (Macintosh; Intel Mac OS X 10_10_1) AppleWebKit/600.2.5 (KHTML, like Gecko) Version/8.0.2 Safari/600.2.5 (Amazonbot/0.1; +https://developer.amazon.com/support/amazonbot)"
178.165.191.142 - - [05/Mar/2024:11:11:56 +0100] "GET /entry.php?id=10271&&ser=633456 HTTP/1.1" 200 987 "http://hausegger.activities.at/entry.php?id=10271&&ser=633395" "Mozilla/5.0 (Windows NT 10.0; Win64; x64; rv:123.0) Gecko/20100101 Firefox/123.0"
178.165.191.142 - - [05/Mar/2024:11:11:56 +0100] "GET /gui/javascript/form_form.js?1709633516 HTTP/1.1" 200 16206 "http://hausegger.activities.at/entry.php?id=10271&&ser=633456" "Mozilla/5.0 (Windows NT 10.0; Win64; x64; rv:123.0) Gecko/20100101 Firefox/123.0"
23.22.35.162 - - [05/Mar/2024:11:11:59 +0100] "GET /entry.php?id=10271&ser=945996 HTTP/1.1" 200 934 "-" "Mozilla/5.0 (Macintosh; Intel Mac OS X 10_10_1) AppleWebKit/600.2.5 (KHTML, like Gecko) Version/8.0.2 Safari/600.2.5 (Amazonbot/0.1; +https://developer.amazon.com/support/amazonbot)"
52.70.240.171 - - [05/Mar/2024:11:12:04 +0100] "GET /entry.php?id=10271&ser=963810 HTTP/1.1" 200 934 "-" "Mozilla/5.0 (Macintosh; Intel Mac OS X 10_10_1) AppleWebKit/600.2.5 (KHTML, like Gecko) Version/8.0.2 Safari/600.2.5 (Amazonbot/0.1; +https://developer.amazon.com/support/amazonbot)"
223.93.159.44 - - [05/Mar/2024:11:12:05 +0100] "GET /ucp.php?mode=delete_cookies&sid=e134e60821e92afa64d70081c986b321 HTTP/1.1" 404 290 "http://triadian.castlegem.co.uk/ucp.php?mode=delete_cookies&sid=e134e60821e92afa64d70081c986b321" "Mozilla/5.0 (Macintosh; Intel Mac OS X 10_15_7) AppleWebKit/537.36 (KHTML, like Gecko) Chrome/114.0.0.0 Safari/537.36"
3.224.220.101 - - [05/Mar/2024:11:12:08 +0100] "GET /entry.php?id=10271&ser=945934 HTTP/1.1" 200 934 "-" "Mozilla/5.0 (Macintosh; Intel Mac OS X 10_10_1) AppleWebKit/600.2.5 (KHTML, like Gecko) Version/8.0.2 Safari/600.2.5 (Amazonbot/0.1; +https://developer.amazon.com/support/amazonbot)"
52.70.240.171 - - [05/Mar/2024:11:12:11 +0100] "GET /entry.php?id=10271&ser=963750 HTTP/1.1" 200 934 "-" "Mozilla/5.0 (Macintosh; Intel Mac OS X 10_10_1) AppleWebKit/600.2.5 (KHTML, like Gecko) Version/8.0.2 Safari/600.2.5 (Amazonbot/0.1; +https://developer.amazon.com/support/amazonbot)"
3.224.220.101 - - [05/Mar/2024:11:12:15 +0100] "GET /entry.php?id=10271&ser=945873 HTTP/1.1" 200 935 "-" "Mozilla/5.0 (Macintosh; Intel Mac OS X 10_10_1) AppleWebKit/600.2.5 (KHTML, like Gecko) Version/8.0.2 Safari/600.2.5 (Amazonbot/0.1; +https://developer.amazon.com/support/amazonbot)"
23.22.35.162 - - [05/Mar/2024:11:12:20 +0100] "GET /entry.php?id=10271&ser=963689 HTTP/1.1" 200 934 "-" "Mozilla/5.0 (Macintosh; Intel Mac OS X 10_10_1) AppleWebKit/600.2.5 (KHTML, like Gecko) Version/8.0.2 Safari/600.2.5 (Amazonbot/0.1; +https://developer.amazon.com/support/amazonbot)"
23.22.35.162 - - [05/Mar/2024:11:12:24 +0100] "GET /entry.php?id=10271&ser=945812 HTTP/1.1" 200 934 "-" "Mozilla/5.0 (Macintosh; Intel Mac OS X 10_10_1) AppleWebKit/600.2.5 (KHTML, like Gecko) Version/8.0.2 Safari/600.2.5 (Amazonbot/0.1; +https://developer.amazon.com/support/amazonbot)"
52.70.240.171 - - [05/Mar/2024:11:12:27 +0100] "GET /entry.php?id=10271&ser=963628 HTTP/1.1" 200 934 "-" "Mozilla/5.0 (Macintosh; Intel Mac OS X 10_10_1) AppleWebKit/600.2.5 (KHTML, like Gecko) Version/8.0.2 Safari/600.2.5 (Amazonbot/0.1; +https://developer.amazon.com/support/amazonbot)"
3.224.220.101 - - [05/Mar/2024:11:12:31 +0100] "GET /entry.php?id=10271&ser=963567 HTTP/1.1" 200 934 "-" "Mozilla/5.0 (Macintosh; Intel Mac OS X 10_10_1) AppleWebKit/600.2.5 (KHTML, like Gecko) Version/8.0.2 Safari/600.2.5 (Amazonbot/0.1; +https://developer.amazon.com/support/amazonbot)"
3.224.220.101 - - [05/Mar/2024:11:12:35 +0100] "GET /entry.php?id=10271&ser=963506 HTTP/1.1" 200 935 "-" "Mozilla/5.0 (Macintosh; Intel Mac OS X 10_10_1) AppleWebKit/600.2.5 (KHTML, like Gecko) Version/8.0.2 Safari/600.2.5 (Amazonbot/0.1; +https://developer.amazon.com/support/amazonbot)"
23.22.35.162 - - [05/Mar/2024:11:12:40 +0100] "GET /entry.php?id=10271&ser=963445 HTTP/1.1" 200 934 "-" "Mozilla/5.0 (Macintosh; Intel Mac OS X 10_10_1) AppleWebKit/600.2.5 (KHTML, like Gecko) Version/8.0.2 Safari/600.2.5 (Amazonbot/0.1; +https://developer.amazon.com/support/amazonbot)"
23.22.35.162 - - [05/Mar/2024:11:12:43 +0100] "GET /entry.php?id=10271&ser=963384 HTTP/1.1" 200 935 "-" "Mozilla/5.0 (Macintosh; Intel Mac OS X 10_10_1) AppleWebKit/600.2.5 (KHTML, like Gecko) Version/8.0.2 Safari/600.2.5 (Amazonbot/0.1; +https://developer.amazon.com/support/amazonbot)"
52.70.240.171 - - [05/Mar/2024:11:12:47 +0100] "GET /entry.php?id=10271&ser=963323 HTTP/1.1" 200 934 "-" "Mozilla/5.0 (Macintosh; Intel Mac OS X 10_10_1) AppleWebKit/600.2.5 (KHTML, like Gecko) Version/8.0.2 Safari/600.2.5 (Amazonbot/0.1; +https://developer.amazon.com/support/amazonbot)"
23.22.35.162 - - [05/Mar/2024:11:12:51 +0100] "GET /entry.php?id=10271&ser=963262 HTTP/1.1" 200 934 "-" "Mozilla/5.0 (Macintosh; Intel Mac OS X 10_10_1) AppleWebKit/600.2.5 (KHTML, like Gecko) Version/8.0.2 Safari/600.2.5 (Amazonbot/0.1; +https://developer.amazon.com/support/amazonbot)"
52.70.240.171 - - [05/Mar/2024:11:12:56 +0100] "GET /entry.php?id=10271&ser=963201 HTTP/1.1" 200 934 "-" "Mozilla/5.0 (Macintosh; Intel Mac OS X 10_10_1) AppleWebKit/600.2.5 (KHTML, like Gecko) Version/8.0.2 Safari/600.2.5 (Amazonbot/0.1; +https://developer.amazon.com/support/amazonbot)"
178.165.191.142 - - [05/Mar/2024:11:12:56 +0100] "GET /entry.php?id=10271&&ser=633516 HTTP/1.1" 200 987 "http://hausegger.activities.at/entry.php?id=10271&&ser=633456" "Mozilla/5.0 (Windows NT 10.0; Win64; x64; rv:123.0) Gecko/20100101 Firefox/123.0"
178.165.191.142 - - [05/Mar/2024:11:12:56 +0100] "GET /gui/javascript/form_form.js?1709633576 HTTP/1.1" 200 16206 "http://hausegger.activities.at/entry.php?id=10271&&ser=633516" "Mozilla/5.0 (Windows NT 10.0; Win64; x64; rv:123.0) Gecko/20100101 Firefox/123.0"
23.22.35.162 - - [05/Mar/2024:11:13:00 +0100] "GET /entry.php?id=10271&ser=963140 HTTP/1.1" 200 934 "-" "Mozilla/5.0 (Macintosh; Intel Mac OS X 10_10_1) AppleWebKit/600.2.5 (KHTML, like Gecko) Version/8.0.2 Safari/600.2.5 (Amazonbot/0.1; +https://developer.amazon.com/support/amazonbot)"
3.224.220.101 - - [05/Mar/2024:11:13:03 +0100] "GET /entry.php?id=10271&ser=963079 HTTP/1.1" 200 935 "-" "Mozilla/5.0 (Macintosh; Intel Mac OS X 10_10_1) AppleWebKit/600.2.5 (KHTML, like Gecko) Version/8.0.2 Safari/600.2.5 (Amazonbot/0.1; +https://developer.amazon.com/support/amazonbot)"
3.224.220.101 - - [05/Mar/2024:11:13:08 +0100] "GET /entry.php?id=10271&ser=963017 HTTP/1.1" 200 934 "-" "Mozilla/5.0 (Macintosh; Intel Mac OS X 10_10_1) AppleWebKit/600.2.5 (KHTML, like Gecko) Version/8.0.2 Safari/600.2.5 (Amazonbot/0.1; +https://developer.amazon.com/support/amazonbot)"
3.224.220.101 - - [05/Mar/2024:11:13:12 +0100] "GET /entry.php?id=10271&ser=962956 HTTP/1.1" 200 934 "-" "Mozilla/5.0 (Macintosh; Intel Mac OS X 10_10_1) AppleWebKit/600.2.5 (KHTML, like Gecko) Version/8.0.2 Safari/600.2.5 (Amazonbot/0.1; +https://developer.amazon.com/support/amazonbot)"
23.22.35.162 - - [05/Mar/2024:11:13:16 +0100] "GET /entry.php?id=10271&ser=945750 HTTP/1.1" 200 934 "-" "Mozilla/5.0 (Macintosh; Intel Mac OS X 10_10_1) AppleWebKit/600.2.5 (KHTML, like Gecko) Version/8.0.2 Safari/600.2.5 (Amazonbot/0.1; +https://developer.amazon.com/support/amazonbot)"
52.70.240.171 - - [05/Mar/2024:11:13:21 +0100] "GET /entry.php?id=10271&ser=962894 HTTP/1.1" 200 934 "-" "Mozilla/5.0 (Macintosh; Intel Mac OS X 10_10_1) AppleWebKit/600.2.5 (KHTML, like Gecko) Version/8.0.2 Safari/600.2.5 (Amazonbot/0.1; +https://developer.amazon.com/support/amazonbot)"
3.224.220.101 - - [05/Mar/2024:11:13:23 +0100] "GET /entry.php?id=10271&ser=945688 HTTP/1.1" 200 935 "-" "Mozilla/5.0 (Macintosh; Intel Mac OS X 10_10_1) AppleWebKit/600.2.5 (KHTML, like Gecko) Version/8.0.2 Safari/600.2.5 (Amazonbot/0.1; +https://developer.amazon.com/support/amazonbot)"
52.70.240.171 - - [05/Mar/2024:11:13:27 +0100] "GET /entry.php?id=10271&ser=962833 HTTP/1.1" 200 934 "-" "Mozilla/5.0 (Macintosh; Intel Mac OS X 10_10_1) AppleWebKit/600.2.5 (KHTML, like Gecko) Version/8.0.2 Safari/600.2.5 (Amazonbot/0.1; +https://developer.amazon.com/support/amazonbot)"
23.22.35.162 - - [05/Mar/2024:11:13:31 +0100] "GET /entry.php?id=10271&ser=945627 HTTP/1.1" 200 934 "-" "Mozilla/5.0 (Macintosh; Intel Mac OS X 10_10_1) AppleWebKit/600.2.5 (KHTML, like Gecko) Version/8.0.2 Safari/600.2.5 (Amazonbot/0.1; +https://developer.amazon.com/support/amazonbot)"
3.224.220.101 - - [05/Mar/2024:11:13:35 +0100] "GET /entry.php?id=10271&ser=962772 HTTP/1.1" 200 934 "-" "Mozilla/5.0 (Macintosh; Intel Mac OS X 10_10_1) AppleWebKit/600.2.5 (KHTML, like Gecko) Version/8.0.2 Safari/600.2.5 (Amazonbot/0.1; +https://developer.amazon.com/support/amazonbot)"
52.70.240.171 - - [05/Mar/2024:11:13:40 +0100] "GET /entry.php?id=10271&ser=945565 HTTP/1.1" 200 934 "-" "Mozilla/5.0 (Macintosh; Intel Mac OS X 10_10_1) AppleWebKit/600.2.5 (KHTML, like Gecko) Version/8.0.2 Safari/600.2.5 (Amazonbot/0.1; +https://developer.amazon.com/support/amazonbot)"
52.70.240.171 - - [05/Mar/2024:11:13:45 +0100] "GET /entry.php?id=10271&ser=962710 HTTP/1.1" 200 934 "-" "Mozilla/5.0 (Macintosh; Intel Mac OS X 10_10_1) AppleWebKit/600.2.5 (KHTML, like Gecko) Version/8.0.2 Safari/600.2.5 (Amazonbot/0.1; +https://developer.amazon.com/support/amazonbot)"
3.224.220.101 - - [05/Mar/2024:11:13:48 +0100] "GET /entry.php?id=10271&ser=945504 HTTP/1.1" 200 935 "-" "Mozilla/5.0 (Macintosh; Intel Mac OS X 10_10_1) AppleWebKit/600.2.5 (KHTML, like Gecko) Version/8.0.2 Safari/600.2.5 (Amazonbot/0.1; +https://developer.amazon.com/support/amazonbot)"
23.22.35.162 - - [05/Mar/2024:11:13:52 +0100] "GET /entry.php?id=10271&ser=962649 HTTP/1.1" 200 934 "-" "Mozilla/5.0 (Macintosh; Intel Mac OS X 10_10_1) AppleWebKit/600.2.5 (KHTML, like Gecko) Version/8.0.2 Safari/600.2.5 (Amazonbot/0.1; +https://developer.amazon.com/support/amazonbot)"
3.224.220.101 - - [05/Mar/2024:11:13:56 +0100] "GET /entry.php?id=10271&ser=945443 HTTP/1.1" 200 935 "-" "Mozilla/5.0 (Macintosh; Intel Mac OS X 10_10_1) AppleWebKit/600.2.5 (KHTML, like Gecko) Version/8.0.2 Safari/600.2.5 (Amazonbot/0.1; +https://developer.amazon.com/support/amazonbot)"
178.165.191.142 - - [05/Mar/2024:11:13:56 +0100] "GET /entry.php?id=10271&&ser=633576 HTTP/1.1" 200 988 "http://hausegger.activities.at/entry.php?id=10271&&ser=633516" "Mozilla/5.0 (Windows NT 10.0; Win64; x64; rv:123.0) Gecko/20100101 Firefox/123.0"
178.165.191.142 - - [05/Mar/2024:11:13:57 +0100] "GET /gui/javascript/form_form.js?1709633636 HTTP/1.1" 200 16206 "http://hausegger.activities.at/entry.php?id=10271&&ser=633576" "Mozilla/5.0 (Windows NT 10.0; Win64; x64; rv:123.0) Gecko/20100101 Firefox/123.0"
23.22.35.162 - - [05/Mar/2024:11:14:00 +0100] "GET /entry.php?id=10271&ser=945380 HTTP/1.1" 200 934 "-" "Mozilla/5.0 (Macintosh; Intel Mac OS X 10_10_1) AppleWebKit/600.2.5 (KHTML, like Gecko) Version/8.0.2 Safari/600.2.5 (Amazonbot/0.1; +https://developer.amazon.com/support/amazonbot)"
23.22.35.162 - - [05/Mar/2024:11:14:04 +0100] "GET /entry.php?id=10271&ser=962588 HTTP/1.1" 200 934 "-" "Mozilla/5.0 (Macintosh; Intel Mac OS X 10_10_1) AppleWebKit/600.2.5 (KHTML, like Gecko) Version/8.0.2 Safari/600.2.5 (Amazonbot/0.1; +https://developer.amazon.com/support/amazonbot)"
3.224.220.101 - - [05/Mar/2024:11:14:07 +0100] "GET /entry.php?id=10271&ser=945319 HTTP/1.1" 200 934 "-" "Mozilla/5.0 (Macintosh; Intel Mac OS X 10_10_1) AppleWebKit/600.2.5 (KHTML, like Gecko) Version/8.0.2 Safari/600.2.5 (Amazonbot/0.1; +https://developer.amazon.com/support/amazonbot)"
3.224.220.101 - - [05/Mar/2024:11:14:11 +0100] "GET /entry.php?id=10271&ser=945258 HTTP/1.1" 200 934 "-" "Mozilla/5.0 (Macintosh; Intel Mac OS X 10_10_1) AppleWebKit/600.2.5 (KHTML, like Gecko) Version/8.0.2 Safari/600.2.5 (Amazonbot/0.1; +https://developer.amazon.com/support/amazonbot)"
52.70.240.171 - - [05/Mar/2024:11:14:16 +0100] "GET /entry.php?id=10271&ser=945196 HTTP/1.1" 200 934 "-" "Mozilla/5.0 (Macintosh; Intel Mac OS X 10_10_1) AppleWebKit/600.2.5 (KHTML, like Gecko) Version/8.0.2 Safari/600.2.5 (Amazonbot/0.1; +https://developer.amazon.com/support/amazonbot)"
178.165.191.142 - - [05/Mar/2024:11:14:18 +0100] "-" 408 - "-" "-"
23.22.35.162 - - [05/Mar/2024:11:14:21 +0100] "GET /entry.php?id=10271&ser=962526 HTTP/1.1" 200 934 "-" "Mozilla/5.0 (Macintosh; Intel Mac OS X 10_10_1) AppleWebKit/600.2.5 (KHTML, like Gecko) Version/8.0.2 Safari/600.2.5 (Amazonbot/0.1; +https://developer.amazon.com/support/amazonbot)"
52.70.240.171 - - [05/Mar/2024:11:14:24 +0100] "GET /entry.php?id=10271&ser=945134 HTTP/1.1" 200 934 "-" "Mozilla/5.0 (Macintosh; Intel Mac OS X 10_10_1) AppleWebKit/600.2.5 (KHTML, like Gecko) Version/8.0.2 Safari/600.2.5 (Amazonbot/0.1; +https://developer.amazon.com/support/amazonbot)"
52.70.240.171 - - [05/Mar/2024:11:14:28 +0100] "GET /entry.php?id=10271&ser=962465 HTTP/1.1" 200 934 "-" "Mozilla/5.0 (Macintosh; Intel Mac OS X 10_10_1) AppleWebKit/600.2.5 (KHTML, like Gecko) Version/8.0.2 Safari/600.2.5 (Amazonbot/0.1; +https://developer.amazon.com/support/amazonbot)"
3.224.220.101 - - [05/Mar/2024:11:14:31 +0100] "GET /entry.php?id=10271&ser=945072 HTTP/1.1" 200 934 "-" "Mozilla/5.0 (Macintosh; Intel Mac OS X 10_10_1) AppleWebKit/600.2.5 (KHTML, like Gecko) Version/8.0.2 Safari/600.2.5 (Amazonbot/0.1; +https://developer.amazon.com/support/amazonbot)"
3.224.220.101 - - [05/Mar/2024:11:14:35 +0100] "GET /entry.php?id=10271&ser=962404 HTTP/1.1" 200 934 "-" "Mozilla/5.0 (Macintosh; Intel Mac OS X 10_10_1) AppleWebKit/600.2.5 (KHTML, like Gecko) Version/8.0.2 Safari/600.2.5 (Amazonbot/0.1; +https://developer.amazon.com/support/amazonbot)"
23.22.35.162 - - [05/Mar/2024:11:14:40 +0100] "GET /entry.php?id=10271&ser=945012 HTTP/1.1" 200 934 "-" "Mozilla/5.0 (Macintosh; Intel Mac OS X 10_10_1) AppleWebKit/600.2.5 (KHTML, like Gecko) Version/8.0.2 Safari/600.2.5 (Amazonbot/0.1; +https://developer.amazon.com/support/amazonbot)"
52.70.240.171 - - [05/Mar/2024:11:14:43 +0100] "GET /entry.php?id=10271&ser=962343 HTTP/1.1" 200 935 "-" "Mozilla/5.0 (Macintosh; Intel Mac OS X 10_10_1) AppleWebKit/600.2.5 (KHTML, like Gecko) Version/8.0.2 Safari/600.2.5 (Amazonbot/0.1; +https://developer.amazon.com/support/amazonbot)"
52.70.240.171 - - [05/Mar/2024:11:14:48 +0100] "GET /entry.php?id=10271&ser=944951 HTTP/1.1" 200 934 "-" "Mozilla/5.0 (Macintosh; Intel Mac OS X 10_10_1) AppleWebKit/600.2.5 (KHTML, like Gecko) Version/8.0.2 Safari/600.2.5 (Amazonbot/0.1; +https://developer.amazon.com/support/amazonbot)"
23.22.35.162 - - [05/Mar/2024:11:14:52 +0100] "GET /entry.php?id=10271&ser=944889 HTTP/1.1" 200 934 "-" "Mozilla/5.0 (Macintosh; Intel Mac OS X 10_10_1) AppleWebKit/600.2.5 (KHTML, like Gecko) Version/8.0.2 Safari/600.2.5 (Amazonbot/0.1; +https://developer.amazon.com/support/amazonbot)"
52.70.240.171 - - [05/Mar/2024:11:14:55 +0100] "GET /entry.php?id=10271&ser=944828 HTTP/1.1" 200 934 "-" "Mozilla/5.0 (Macintosh; Intel Mac OS X 10_10_1) AppleWebKit/600.2.5 (KHTML, like Gecko) Version/8.0.2 Safari/600.2.5 (Amazonbot/0.1; +https://developer.amazon.com/support/amazonbot)"
178.165.185.73 - - [05/Mar/2024:11:14:57 +0100] "GET /entry.php?id=10271&&ser=633636 HTTP/1.1" 200 987 "http://hausegger.activities.at/entry.php?id=10271&&ser=633576" "Mozilla/5.0 (Windows NT 10.0; Win64; x64; rv:123.0) Gecko/20100101 Firefox/123.0"
178.165.185.73 - - [05/Mar/2024:11:14:57 +0100] "GET /gui/javascript/form_form.js?1709633697 HTTP/1.1" 200 16206 "http://hausegger.activities.at/entry.php?id=10271&&ser=633636" "Mozilla/5.0 (Windows NT 10.0; Win64; x64; rv:123.0) Gecko/20100101 Firefox/123.0"
52.70.240.171 - - [05/Mar/2024:11:15:00 +0100] "GET /entry.php?id=10271&ser=944767 HTTP/1.1" 200 934 "-" "Mozilla/5.0 (Macintosh; Intel Mac OS X 10_10_1) AppleWebKit/600.2.5 (KHTML, like Gecko) Version/8.0.2 Safari/600.2.5 (Amazonbot/0.1; +https://developer.amazon.com/support/amazonbot)"
23.22.35.162 - - [05/Mar/2024:11:15:04 +0100] "GET /entry.php?id=10271&ser=944706 HTTP/1.1" 200 934 "-" "Mozilla/5.0 (Macintosh; Intel Mac OS X 10_10_1) AppleWebKit/600.2.5 (KHTML, like Gecko) Version/8.0.2 Safari/600.2.5 (Amazonbot/0.1; +https://developer.amazon.com/support/amazonbot)"
3.224.220.101 - - [05/Mar/2024:11:15:07 +0100] "GET /entry.php?id=10271&ser=962282 HTTP/1.1" 200 934 "-" "Mozilla/5.0 (Macintosh; Intel Mac OS X 10_10_1) AppleWebKit/600.2.5 (KHTML, like Gecko) Version/8.0.2 Safari/600.2.5 (Amazonbot/0.1; +https://developer.amazon.com/support/amazonbot)"
52.70.240.171 - - [05/Mar/2024:11:15:11 +0100] "GET /entry.php?id=10271&ser=944646 HTTP/1.1" 200 933 "-" "Mozilla/5.0 (Macintosh; Intel Mac OS X 10_10_1) AppleWebKit/600.2.5 (KHTML, like Gecko) Version/8.0.2 Safari/600.2.5 (Amazonbot/0.1; +https://developer.amazon.com/support/amazonbot)"
23.22.35.162 - - [05/Mar/2024:11:15:16 +0100] "GET /entry.php?id=10271&ser=962221 HTTP/1.1" 200 934 "-" "Mozilla/5.0 (Macintosh; Intel Mac OS X 10_10_1) AppleWebKit/600.2.5 (KHTML, like Gecko) Version/8.0.2 Safari/600.2.5 (Amazonbot/0.1; +https://developer.amazon.com/support/amazonbot)"
23.22.35.162 - - [05/Mar/2024:11:15:20 +0100] "GET /entry.php?id=10271&ser=944585 HTTP/1.1" 200 934 "-" "Mozilla/5.0 (Macintosh; Intel Mac OS X 10_10_1) AppleWebKit/600.2.5 (KHTML, like Gecko) Version/8.0.2 Safari/600.2.5 (Amazonbot/0.1; +https://developer.amazon.com/support/amazonbot)"
3.224.220.101 - - [05/Mar/2024:11:15:23 +0100] "GET /entry.php?id=10271&ser=944524 HTTP/1.1" 200 934 "-" "Mozilla/5.0 (Macintosh; Intel Mac OS X 10_10_1) AppleWebKit/600.2.5 (KHTML, like Gecko) Version/8.0.2 Safari/600.2.5 (Amazonbot/0.1; +https://developer.amazon.com/support/amazonbot)"
23.22.35.162 - - [05/Mar/2024:11:15:27 +0100] "GET /entry.php?id=10271&ser=962160 HTTP/1.1" 200 934 "-" "Mozilla/5.0 (Macintosh; Intel Mac OS X 10_10_1) AppleWebKit/600.2.5 (KHTML, like Gecko) Version/8.0.2 Safari/600.2.5 (Amazonbot/0.1; +https://developer.amazon.com/support/amazonbot)"
23.22.35.162 - - [05/Mar/2024:11:15:31 +0100] "GET /entry.php?id=10271&ser=944462 HTTP/1.1" 200 934 "-" "Mozilla/5.0 (Macintosh; Intel Mac OS X 10_10_1) AppleWebKit/600.2.5 (KHTML, like Gecko) Version/8.0.2 Safari/600.2.5 (Amazonbot/0.1; +https://developer.amazon.com/support/amazonbot)"
23.22.35.162 - - [05/Mar/2024:11:15:36 +0100] "GET /entry.php?id=10271&ser=962098 HTTP/1.1" 200 935 "-" "Mozilla/5.0 (Macintosh; Intel Mac OS X 10_10_1) AppleWebKit/600.2.5 (KHTML, like Gecko) Version/8.0.2 Safari/600.2.5 (Amazonbot/0.1; +https://developer.amazon.com/support/amazonbot)"
23.22.35.162 - - [05/Mar/2024:11:15:39 +0100] "GET /entry.php?id=10271&ser=944401 HTTP/1.1" 200 935 "-" "Mozilla/5.0 (Macintosh; Intel Mac OS X 10_10_1) AppleWebKit/600.2.5 (KHTML, like Gecko) Version/8.0.2 Safari/600.2.5 (Amazonbot/0.1; +https://developer.amazon.com/support/amazonbot)"
23.22.35.162 - - [05/Mar/2024:11:15:43 +0100] "GET /entry.php?id=10271&ser=962036 HTTP/1.1" 200 934 "-" "Mozilla/5.0 (Macintosh; Intel Mac OS X 10_10_1) AppleWebKit/600.2.5 (KHTML, like Gecko) Version/8.0.2 Safari/600.2.5 (Amazonbot/0.1; +https://developer.amazon.com/support/amazonbot)"
23.22.35.162 - - [05/Mar/2024:11:15:48 +0100] "GET /entry.php?id=10271&ser=944340 HTTP/1.1" 200 934 "-" "Mozilla/5.0 (Macintosh; Intel Mac OS X 10_10_1) AppleWebKit/600.2.5 (KHTML, like Gecko) Version/8.0.2 Safari/600.2.5 (Amazonbot/0.1; +https://developer.amazon.com/support/amazonbot)"
52.70.240.171 - - [05/Mar/2024:11:15:53 +0100] "GET /entry.php?id=10271&ser=961974 HTTP/1.1" 200 934 "-" "Mozilla/5.0 (Macintosh; Intel Mac OS X 10_10_1) AppleWebKit/600.2.5 (KHTML, like Gecko) Version/8.0.2 Safari/600.2.5 (Amazonbot/0.1; +https://developer.amazon.com/support/amazonbot)"
52.70.240.171 - - [05/Mar/2024:11:15:55 +0100] "GET /entry.php?id=10271&ser=944278 HTTP/1.1" 200 934 "-" "Mozilla/5.0 (Macintosh; Intel Mac OS X 10_10_1) AppleWebKit/600.2.5 (KHTML, like Gecko) Version/8.0.2 Safari/600.2.5 (Amazonbot/0.1; +https://developer.amazon.com/support/amazonbot)"
23.22.35.162 - - [05/Mar/2024:11:16:00 +0100] "GET /entry.php?id=10271&ser=961912 HTTP/1.1" 200 934 "-" "Mozilla/5.0 (Macintosh; Intel Mac OS X 10_10_1) AppleWebKit/600.2.5 (KHTML, like Gecko) Version/8.0.2 Safari/600.2.5 (Amazonbot/0.1; +https://developer.amazon.com/support/amazonbot)"
178.165.185.73 - - [05/Mar/2024:11:16:01 +0100] "GET /entry.php?id=10271&&ser=633697 HTTP/1.1" 200 987 "http://hausegger.activities.at/entry.php?id=10271&&ser=633636" "Mozilla/5.0 (Windows NT 10.0; Win64; x64; rv:123.0) Gecko/20100101 Firefox/123.0"
178.165.185.73 - - [05/Mar/2024:11:16:01 +0100] "GET /gui/javascript/form_form.js?1709633761 HTTP/1.1" 200 16206 "http://hausegger.activities.at/entry.php?id=10271&&ser=633697" "Mozilla/5.0 (Windows NT 10.0; Win64; x64; rv:123.0) Gecko/20100101 Firefox/123.0"
52.70.240.171 - - [05/Mar/2024:11:16:03 +0100] "GET /entry.php?id=10271&ser=944216 HTTP/1.1" 200 935 "-" "Mozilla/5.0 (Macintosh; Intel Mac OS X 10_10_1) AppleWebKit/600.2.5 (KHTML, like Gecko) Version/8.0.2 Safari/600.2.5 (Amazonbot/0.1; +https://developer.amazon.com/support/amazonbot)"
52.70.240.171 - - [05/Mar/2024:11:16:07 +0100] "GET /entry.php?id=10271&ser=961851 HTTP/1.1" 200 934 "-" "Mozilla/5.0 (Macintosh; Intel Mac OS X 10_10_1) AppleWebKit/600.2.5 (KHTML, like Gecko) Version/8.0.2 Safari/600.2.5 (Amazonbot/0.1; +https://developer.amazon.com/support/amazonbot)"
3.224.220.101 - - [05/Mar/2024:11:16:12 +0100] "GET /entry.php?id=10271&ser=944155 HTTP/1.1" 200 934 "-" "Mozilla/5.0 (Macintosh; Intel Mac OS X 10_10_1) AppleWebKit/600.2.5 (KHTML, like Gecko) Version/8.0.2 Safari/600.2.5 (Amazonbot/0.1; +https://developer.amazon.com/support/amazonbot)"
3.224.220.101 - - [05/Mar/2024:11:16:17 +0100] "GET /entry.php?id=10271&ser=961790 HTTP/1.1" 200 935 "-" "Mozilla/5.0 (Macintosh; Intel Mac OS X 10_10_1) AppleWebKit/600.2.5 (KHTML, like Gecko) Version/8.0.2 Safari/600.2.5 (Amazonbot/0.1; +https://developer.amazon.com/support/amazonbot)"
52.70.240.171 - - [05/Mar/2024:11:16:19 +0100] "GET /entry.php?id=10271&ser=944093 HTTP/1.1" 200 934 "-" "Mozilla/5.0 (Macintosh; Intel Mac OS X 10_10_1) AppleWebKit/600.2.5 (KHTML, like Gecko) Version/8.0.2 Safari/600.2.5 (Amazonbot/0.1; +https://developer.amazon.com/support/amazonbot)"
23.22.35.162 - - [05/Mar/2024:11:16:24 +0100] "GET /entry.php?id=10271&ser=961729 HTTP/1.1" 200 934 "-" "Mozilla/5.0 (Macintosh; Intel Mac OS X 10_10_1) AppleWebKit/600.2.5 (KHTML, like Gecko) Version/8.0.2 Safari/600.2.5 (Amazonbot/0.1; +https://developer.amazon.com/support/amazonbot)"
3.224.220.101 - - [05/Mar/2024:11:16:28 +0100] "GET /entry.php?id=10271&ser=944032 HTTP/1.1" 200 934 "-" "Mozilla/5.0 (Macintosh; Intel Mac OS X 10_10_1) AppleWebKit/600.2.5 (KHTML, like Gecko) Version/8.0.2 Safari/600.2.5 (Amazonbot/0.1; +https://developer.amazon.com/support/amazonbot)"
52.70.240.171 - - [05/Mar/2024:11:16:32 +0100] "GET /entry.php?id=10271&ser=961667 HTTP/1.1" 200 934 "-" "Mozilla/5.0 (Macintosh; Intel Mac OS X 10_10_1) AppleWebKit/600.2.5 (KHTML, like Gecko) Version/8.0.2 Safari/600.2.5 (Amazonbot/0.1; +https://developer.amazon.com/support/amazonbot)"
3.224.220.101 - - [05/Mar/2024:11:16:35 +0100] "GET /entry.php?id=10271&ser=943972 HTTP/1.1" 200 934 "-" "Mozilla/5.0 (Macintosh; Intel Mac OS X 10_10_1) AppleWebKit/600.2.5 (KHTML, like Gecko) Version/8.0.2 Safari/600.2.5 (Amazonbot/0.1; +https://developer.amazon.com/support/amazonbot)"
52.70.240.171 - - [05/Mar/2024:11:16:39 +0100] "GET /entry.php?id=10271&ser=961606 HTTP/1.1" 200 934 "-" "Mozilla/5.0 (Macintosh; Intel Mac OS X 10_10_1) AppleWebKit/600.2.5 (KHTML, like Gecko) Version/8.0.2 Safari/600.2.5 (Amazonbot/0.1; +https://developer.amazon.com/support/amazonbot)"
23.22.35.162 - - [05/Mar/2024:11:16:43 +0100] "GET /entry.php?id=10271&ser=943910 HTTP/1.1" 200 934 "-" "Mozilla/5.0 (Macintosh; Intel Mac OS X 10_10_1) AppleWebKit/600.2.5 (KHTML, like Gecko) Version/8.0.2 Safari/600.2.5 (Amazonbot/0.1; +https://developer.amazon.com/support/amazonbot)"
23.22.35.162 - - [05/Mar/2024:11:16:49 +0100] "GET /entry.php?id=10271&ser=961483 HTTP/1.1" 200 934 "-" "Mozilla/5.0 (Macintosh; Intel Mac OS X 10_10_1) AppleWebKit/600.2.5 (KHTML, like Gecko) Version/8.0.2 Safari/600.2.5 (Amazonbot/0.1; +https://developer.amazon.com/support/amazonbot)"
52.70.240.171 - - [05/Mar/2024:11:16:51 +0100] "GET /entry.php?id=10271&ser=943849 HTTP/1.1" 200 934 "-" "Mozilla/5.0 (Macintosh; Intel Mac OS X 10_10_1) AppleWebKit/600.2.5 (KHTML, like Gecko) Version/8.0.2 Safari/600.2.5 (Amazonbot/0.1; +https://developer.amazon.com/support/amazonbot)"
3.224.220.101 - - [05/Mar/2024:11:16:56 +0100] "GET /entry.php?id=10271&ser=961421 HTTP/1.1" 200 934 "-" "Mozilla/5.0 (Macintosh; Intel Mac OS X 10_10_1) AppleWebKit/600.2.5 (KHTML, like Gecko) Version/8.0.2 Safari/600.2.5 (Amazonbot/0.1; +https://developer.amazon.com/support/amazonbot)"
52.70.240.171 - - [05/Mar/2024:11:16:59 +0100] "GET /entry.php?id=10271&ser=943788 HTTP/1.1" 200 934 "-" "Mozilla/5.0 (Macintosh; Intel Mac OS X 10_10_1) AppleWebKit/600.2.5 (KHTML, like Gecko) Version/8.0.2 Safari/600.2.5 (Amazonbot/0.1; +https://developer.amazon.com/support/amazonbot)"
178.165.185.73 - - [05/Mar/2024:11:17:01 +0100] "GET /entry.php?id=10271&&ser=633761 HTTP/1.1" 200 987 "http://hausegger.activities.at/entry.php?id=10271&&ser=633697" "Mozilla/5.0 (Windows NT 10.0; Win64; x64; rv:123.0) Gecko/20100101 Firefox/123.0"
178.165.185.73 - - [05/Mar/2024:11:17:01 +0100] "GET /gui/javascript/form_form.js?1709633821 HTTP/1.1" 200 16206 "http://hausegger.activities.at/entry.php?id=10271&&ser=633761" "Mozilla/5.0 (Windows NT 10.0; Win64; x64; rv:123.0) Gecko/20100101 Firefox/123.0"
3.224.220.101 - - [05/Mar/2024:11:17:04 +0100] "GET /entry.php?id=10271&ser=961359 HTTP/1.1" 200 934 "-" "Mozilla/5.0 (Macintosh; Intel Mac OS X 10_10_1) AppleWebKit/600.2.5 (KHTML, like Gecko) Version/8.0.2 Safari/600.2.5 (Amazonbot/0.1; +https://developer.amazon.com/support/amazonbot)"
52.70.240.171 - - [05/Mar/2024:11:17:09 +0100] "GET /entry.php?id=10271&ser=943727 HTTP/1.1" 200 934 "-" "Mozilla/5.0 (Macintosh; Intel Mac OS X 10_10_1) AppleWebKit/600.2.5 (KHTML, like Gecko) Version/8.0.2 Safari/600.2.5 (Amazonbot/0.1; +https://developer.amazon.com/support/amazonbot)"
3.224.220.101 - - [05/Mar/2024:11:17:12 +0100] "GET /entry.php?id=10271&ser=961298 HTTP/1.1" 200 934 "-" "Mozilla/5.0 (Macintosh; Intel Mac OS X 10_10_1) AppleWebKit/600.2.5 (KHTML, like Gecko) Version/8.0.2 Safari/600.2.5 (Amazonbot/0.1; +https://developer.amazon.com/support/amazonbot)"
3.224.220.101 - - [05/Mar/2024:11:17:15 +0100] "GET /entry.php?id=10271&ser=943665 HTTP/1.1" 200 935 "-" "Mozilla/5.0 (Macintosh; Intel Mac OS X 10_10_1) AppleWebKit/600.2.5 (KHTML, like Gecko) Version/8.0.2 Safari/600.2.5 (Amazonbot/0.1; +https://developer.amazon.com/support/amazonbot)"
3.224.220.101 - - [05/Mar/2024:11:17:20 +0100] "GET /entry.php?id=10271&ser=961236 HTTP/1.1" 200 934 "-" "Mozilla/5.0 (Macintosh; Intel Mac OS X 10_10_1) AppleWebKit/600.2.5 (KHTML, like Gecko) Version/8.0.2 Safari/600.2.5 (Amazonbot/0.1; +https://developer.amazon.com/support/amazonbot)"
3.224.220.101 - - [05/Mar/2024:11:17:23 +0100] "GET /entry.php?id=10271&ser=943604 HTTP/1.1" 200 934 "-" "Mozilla/5.0 (Macintosh; Intel Mac OS X 10_10_1) AppleWebKit/600.2.5 (KHTML, like Gecko) Version/8.0.2 Safari/600.2.5 (Amazonbot/0.1; +https://developer.amazon.com/support/amazonbot)"
52.70.240.171 - - [05/Mar/2024:11:17:27 +0100] "GET /entry.php?document=10269477&id=11270 HTTP/1.1" 200 2418 "-" "Mozilla/5.0 (Macintosh; Intel Mac OS X 10_10_1) AppleWebKit/600.2.5 (KHTML, like Gecko) Version/8.0.2 Safari/600.2.5 (Amazonbot/0.1; +https://developer.amazon.com/support/amazonbot)"
23.22.35.162 - - [05/Mar/2024:11:17:32 +0100] "GET /entry.php?document_id=10269477&id=10889 HTTP/1.1" 200 2418 "-" "Mozilla/5.0 (Macintosh; Intel Mac OS X 10_10_1) AppleWebKit/600.2.5 (KHTML, like Gecko) Version/8.0.2 Safari/600.2.5 (Amazonbot/0.1; +https://developer.amazon.com/support/amazonbot)"
3.224.220.101 - - [05/Mar/2024:11:17:35 +0100] "GET /entry.php?document=10269468&id=11270 HTTP/1.1" 200 2418 "-" "Mozilla/5.0 (Macintosh; Intel Mac OS X 10_10_1) AppleWebKit/600.2.5 (KHTML, like Gecko) Version/8.0.2 Safari/600.2.5 (Amazonbot/0.1; +https://developer.amazon.com/support/amazonbot)"
23.22.35.162 - - [05/Mar/2024:11:17:40 +0100] "GET /entry.php?document_id=10269468&id=10889 HTTP/1.1" 200 2420 "-" "Mozilla/5.0 (Macintosh; Intel Mac OS X 10_10_1) AppleWebKit/600.2.5 (KHTML, like Gecko) Version/8.0.2 Safari/600.2.5 (Amazonbot/0.1; +https://developer.amazon.com/support/amazonbot)"
3.224.220.101 - - [05/Mar/2024:11:17:43 +0100] "GET /entry.php?document=10269461&id=11270 HTTP/1.1" 200 2418 "-" "Mozilla/5.0 (Macintosh; Intel Mac OS X 10_10_1) AppleWebKit/600.2.5 (KHTML, like Gecko) Version/8.0.2 Safari/600.2.5 (Amazonbot/0.1; +https://developer.amazon.com/support/amazonbot)"
23.22.35.162 - - [05/Mar/2024:11:17:48 +0100] "GET /entry.php?document_id=10269461&id=10889 HTTP/1.1" 200 2419 "-" "Mozilla/5.0 (Macintosh; Intel Mac OS X 10_10_1) AppleWebKit/600.2.5 (KHTML, like Gecko) Version/8.0.2 Safari/600.2.5 (Amazonbot/0.1; +https://developer.amazon.com/support/amazonbot)"
23.22.35.162 - - [05/Mar/2024:11:17:52 +0100] "GET /entry.php?document=10269448&id=11270 HTTP/1.1" 200 2419 "-" "Mozilla/5.0 (Macintosh; Intel Mac OS X 10_10_1) AppleWebKit/600.2.5 (KHTML, like Gecko) Version/8.0.2 Safari/600.2.5 (Amazonbot/0.1; +https://developer.amazon.com/support/amazonbot)"
52.70.240.171 - - [05/Mar/2024:11:17:55 +0100] "GET /entry.php?document_id=10269448&id=10889 HTTP/1.1" 200 2420 "-" "Mozilla/5.0 (Macintosh; Intel Mac OS X 10_10_1) AppleWebKit/600.2.5 (KHTML, like Gecko) Version/8.0.2 Safari/600.2.5 (Amazonbot/0.1; +https://developer.amazon.com/support/amazonbot)"
3.224.220.101 - - [05/Mar/2024:11:17:59 +0100] "GET /entry.php?document=10269411&id=11270 HTTP/1.1" 200 2418 "-" "Mozilla/5.0 (Macintosh; Intel Mac OS X 10_10_1) AppleWebKit/600.2.5 (KHTML, like Gecko) Version/8.0.2 Safari/600.2.5 (Amazonbot/0.1; +https://developer.amazon.com/support/amazonbot)"
178.165.185.73 - - [05/Mar/2024:11:18:02 +0100] "GET /entry.php?id=10271&&ser=633821 HTTP/1.1" 200 987 "http://hausegger.activities.at/entry.php?id=10271&&ser=633761" "Mozilla/5.0 (Windows NT 10.0; Win64; x64; rv:123.0) Gecko/20100101 Firefox/123.0"
178.165.185.73 - - [05/Mar/2024:11:18:02 +0100] "GET /gui/javascript/form_form.js?1709633882 HTTP/1.1" 200 16206 "http://hausegger.activities.at/entry.php?id=10271&&ser=633821" "Mozilla/5.0 (Windows NT 10.0; Win64; x64; rv:123.0) Gecko/20100101 Firefox/123.0"
23.22.35.162 - - [05/Mar/2024:11:18:03 +0100] "GET /entry.php?document=10269443&id=11270 HTTP/1.1" 200 2419 "-" "Mozilla/5.0 (Macintosh; Intel Mac OS X 10_10_1) AppleWebKit/600.2.5 (KHTML, like Gecko) Version/8.0.2 Safari/600.2.5 (Amazonbot/0.1; +https://developer.amazon.com/support/amazonbot)"
3.224.220.101 - - [05/Mar/2024:11:18:07 +0100] "GET /entry.php?document_id=10269443&id=10889 HTTP/1.1" 200 2419 "-" "Mozilla/5.0 (Macintosh; Intel Mac OS X 10_10_1) AppleWebKit/600.2.5 (KHTML, like Gecko) Version/8.0.2 Safari/600.2.5 (Amazonbot/0.1; +https://developer.amazon.com/support/amazonbot)"
23.22.35.162 - - [05/Mar/2024:11:18:12 +0100] "GET /entry.php?document=10269443&id=11241&images=false HTTP/1.1" 200 2235 "-" "Mozilla/5.0 (Macintosh; Intel Mac OS X 10_10_1) AppleWebKit/600.2.5 (KHTML, like Gecko) Version/8.0.2 Safari/600.2.5 (Amazonbot/0.1; +https://developer.amazon.com/support/amazonbot)"
52.70.240.171 - - [05/Mar/2024:11:18:15 +0100] "GET /entry.php?account=&id=10830&mode=documentdebitor&object=10269388 HTTP/1.1" 200 2418 "-" "Mozilla/5.0 (Macintosh; Intel Mac OS X 10_10_1) AppleWebKit/600.2.5 (KHTML, like Gecko) Version/8.0.2 Safari/600.2.5 (Amazonbot/0.1; +https://developer.amazon.com/support/amazonbot)"
23.22.35.162 - - [05/Mar/2024:11:18:20 +0100] "GET /entry.php?account=&id=10830&mode=documentkreditor&object=10269382 HTTP/1.1" 200 2420 "-" "Mozilla/5.0 (Macintosh; Intel Mac OS X 10_10_1) AppleWebKit/600.2.5 (KHTML, like Gecko) Version/8.0.2 Safari/600.2.5 (Amazonbot/0.1; +https://developer.amazon.com/support/amazonbot)"
23.22.35.162 - - [05/Mar/2024:11:18:24 +0100] "GET /entry.php?hiddetitle=1&id=10752&object=10269379&opener=false HTTP/1.1" 200 2418 "-" "Mozilla/5.0 (Macintosh; Intel Mac OS X 10_10_1) AppleWebKit/600.2.5 (KHTML, like Gecko) Version/8.0.2 Safari/600.2.5 (Amazonbot/0.1; +https://developer.amazon.com/support/amazonbot)"
23.22.35.162 - - [05/Mar/2024:11:18:27 +0100] "GET /entry.php?hiddetitle=1&id=10745&object=10269379&opener=false HTTP/1.1" 200 2420 "-" "Mozilla/5.0 (Macintosh; Intel Mac OS X 10_10_1) AppleWebKit/600.2.5 (KHTML, like Gecko) Version/8.0.2 Safari/600.2.5 (Amazonbot/0.1; +https://developer.amazon.com/support/amazonbot)"
3.224.220.101 - - [05/Mar/2024:11:18:31 +0100] "GET /entry.php?hiddetitle=1&id=10752&object=10269377&opener=false HTTP/1.1" 200 2419 "-" "Mozilla/5.0 (Macintosh; Intel Mac OS X 10_10_1) AppleWebKit/600.2.5 (KHTML, like Gecko) Version/8.0.2 Safari/600.2.5 (Amazonbot/0.1; +https://developer.amazon.com/support/amazonbot)"
23.22.35.162 - - [05/Mar/2024:11:18:35 +0100] "GET /entry.php?hiddetitle=1&id=10745&object=10269377&opener=false HTTP/1.1" 200 2418 "-" "Mozilla/5.0 (Macintosh; Intel Mac OS X 10_10_1) AppleWebKit/600.2.5 (KHTML, like Gecko) Version/8.0.2 Safari/600.2.5 (Amazonbot/0.1; +https://developer.amazon.com/support/amazonbot)"
23.22.35.162 - - [05/Mar/2024:11:18:39 +0100] "GET /entry.php?account=&id=10830&mode=documentkreditor&object=10269372 HTTP/1.1" 200 2418 "-" "Mozilla/5.0 (Macintosh; Intel Mac OS X 10_10_1) AppleWebKit/600.2.5 (KHTML, like Gecko) Version/8.0.2 Safari/600.2.5 (Amazonbot/0.1; +https://developer.amazon.com/support/amazonbot)"
52.70.240.171 - - [05/Mar/2024:11:18:44 +0100] "GET /entry.php?account=&id=10830&mode=documentkreditor&object=10269419 HTTP/1.1" 200 2418 "-" "Mozilla/5.0 (Macintosh; Intel Mac OS X 10_10_1) AppleWebKit/600.2.5 (KHTML, like Gecko) Version/8.0.2 Safari/600.2.5 (Amazonbot/0.1; +https://developer.amazon.com/support/amazonbot)"
3.224.220.101 - - [05/Mar/2024:11:18:47 +0100] "GET /entry.php?id=10271&ser=961175 HTTP/1.1" 200 934 "-" "Mozilla/5.0 (Macintosh; Intel Mac OS X 10_10_1) AppleWebKit/600.2.5 (KHTML, like Gecko) Version/8.0.2 Safari/600.2.5 (Amazonbot/0.1; +https://developer.amazon.com/support/amazonbot)"
23.22.35.162 - - [05/Mar/2024:11:18:52 +0100] "GET /entry.php?id=10271&ser=943543 HTTP/1.1" 200 934 "-" "Mozilla/5.0 (Macintosh; Intel Mac OS X 10_10_1) AppleWebKit/600.2.5 (KHTML, like Gecko) Version/8.0.2 Safari/600.2.5 (Amazonbot/0.1; +https://developer.amazon.com/support/amazonbot)"
3.224.220.101 - - [05/Mar/2024:11:18:55 +0100] "GET /entry.php?id=10271&ser=961113 HTTP/1.1" 200 935 "-" "Mozilla/5.0 (Macintosh; Intel Mac OS X 10_10_1) AppleWebKit/600.2.5 (KHTML, like Gecko) Version/8.0.2 Safari/600.2.5 (Amazonbot/0.1; +https://developer.amazon.com/support/amazonbot)"
52.70.240.171 - - [05/Mar/2024:11:18:59 +0100] "GET /entry.php?id=10271&ser=943481 HTTP/1.1" 200 935 "-" "Mozilla/5.0 (Macintosh; Intel Mac OS X 10_10_1) AppleWebKit/600.2.5 (KHTML, like Gecko) Version/8.0.2 Safari/600.2.5 (Amazonbot/0.1; +https://developer.amazon.com/support/amazonbot)"
178.165.185.73 - - [05/Mar/2024:11:19:02 +0100] "GET /entry.php?id=10271&&ser=633882 HTTP/1.1" 200 987 "http://hausegger.activities.at/entry.php?id=10271&&ser=633821" "Mozilla/5.0 (Windows NT 10.0; Win64; x64; rv:123.0) Gecko/20100101 Firefox/123.0"
178.165.185.73 - - [05/Mar/2024:11:19:02 +0100] "GET /gui/javascript/form_form.js?1709633942 HTTP/1.1" 200 16206 "http://hausegger.activities.at/entry.php?id=10271&&ser=633882" "Mozilla/5.0 (Windows NT 10.0; Win64; x64; rv:123.0) Gecko/20100101 Firefox/123.0"
3.224.220.101 - - [05/Mar/2024:11:19:03 +0100] "GET /entry.php?id=10271&ser=961051 HTTP/1.1" 200 934 "-" "Mozilla/5.0 (Macintosh; Intel Mac OS X 10_10_1) AppleWebKit/600.2.5 (KHTML, like Gecko) Version/8.0.2 Safari/600.2.5 (Amazonbot/0.1; +https://developer.amazon.com/support/amazonbot)"
23.22.35.162 - - [05/Mar/2024:11:19:07 +0100] "GET /entry.php?id=10271&ser=943419 HTTP/1.1" 200 934 "-" "Mozilla/5.0 (Macintosh; Intel Mac OS X 10_10_1) AppleWebKit/600.2.5 (KHTML, like Gecko) Version/8.0.2 Safari/600.2.5 (Amazonbot/0.1; +https://developer.amazon.com/support/amazonbot)"
23.22.35.162 - - [05/Mar/2024:11:19:12 +0100] "GET /entry.php?id=10271&ser=960990 HTTP/1.1" 200 934 "-" "Mozilla/5.0 (Macintosh; Intel Mac OS X 10_10_1) AppleWebKit/600.2.5 (KHTML, like Gecko) Version/8.0.2 Safari/600.2.5 (Amazonbot/0.1; +https://developer.amazon.com/support/amazonbot)"
52.70.240.171 - - [05/Mar/2024:11:19:16 +0100] "GET /entry.php?id=10271&ser=943358 HTTP/1.1" 200 934 "-" "Mozilla/5.0 (Macintosh; Intel Mac OS X 10_10_1) AppleWebKit/600.2.5 (KHTML, like Gecko) Version/8.0.2 Safari/600.2.5 (Amazonbot/0.1; +https://developer.amazon.com/support/amazonbot)"
52.70.240.171 - - [05/Mar/2024:11:19:20 +0100] "GET /entry.php?id=10271&ser=960928 HTTP/1.1" 200 934 "-" "Mozilla/5.0 (Macintosh; Intel Mac OS X 10_10_1) AppleWebKit/600.2.5 (KHTML, like Gecko) Version/8.0.2 Safari/600.2.5 (Amazonbot/0.1; +https://developer.amazon.com/support/amazonbot)"
3.224.220.101 - - [05/Mar/2024:11:19:25 +0100] "GET /entry.php?id=10271&ser=943235 HTTP/1.1" 200 934 "-" "Mozilla/5.0 (Macintosh; Intel Mac OS X 10_10_1) AppleWebKit/600.2.5 (KHTML, like Gecko) Version/8.0.2 Safari/600.2.5 (Amazonbot/0.1; +https://developer.amazon.com/support/amazonbot)"
3.224.220.101 - - [05/Mar/2024:11:19:27 +0100] "GET /entry.php?id=10271&ser=960866 HTTP/1.1" 200 934 "-" "Mozilla/5.0 (Macintosh; Intel Mac OS X 10_10_1) AppleWebKit/600.2.5 (KHTML, like Gecko) Version/8.0.2 Safari/600.2.5 (Amazonbot/0.1; +https://developer.amazon.com/support/amazonbot)"
23.22.35.162 - - [05/Mar/2024:11:19:32 +0100] "GET /entry.php?id=10271&ser=960805 HTTP/1.1" 200 934 "-" "Mozilla/5.0 (Macintosh; Intel Mac OS X 10_10_1) AppleWebKit/600.2.5 (KHTML, like Gecko) Version/8.0.2 Safari/600.2.5 (Amazonbot/0.1; +https://developer.amazon.com/support/amazonbot)"
3.224.220.101 - - [05/Mar/2024:11:19:36 +0100] "GET /entry.php?id=10271&ser=943173 HTTP/1.1" 200 934 "-" "Mozilla/5.0 (Macintosh; Intel Mac OS X 10_10_1) AppleWebKit/600.2.5 (KHTML, like Gecko) Version/8.0.2 Safari/600.2.5 (Amazonbot/0.1; +https://developer.amazon.com/support/amazonbot)"
3.224.220.101 - - [05/Mar/2024:11:19:39 +0100] "GET /entry.php?id=10271&ser=960743 HTTP/1.1" 200 934 "-" "Mozilla/5.0 (Macintosh; Intel Mac OS X 10_10_1) AppleWebKit/600.2.5 (KHTML, like Gecko) Version/8.0.2 Safari/600.2.5 (Amazonbot/0.1; +https://developer.amazon.com/support/amazonbot)"
52.70.240.171 - - [05/Mar/2024:11:19:44 +0100] "GET /entry.php?id=10271&ser=943112 HTTP/1.1" 200 934 "-" "Mozilla/5.0 (Macintosh; Intel Mac OS X 10_10_1) AppleWebKit/600.2.5 (KHTML, like Gecko) Version/8.0.2 Safari/600.2.5 (Amazonbot/0.1; +https://developer.amazon.com/support/amazonbot)"
23.22.35.162 - - [05/Mar/2024:11:19:48 +0100] "GET /entry.php?id=10271&ser=960682 HTTP/1.1" 200 934 "-" "Mozilla/5.0 (Macintosh; Intel Mac OS X 10_10_1) AppleWebKit/600.2.5 (KHTML, like Gecko) Version/8.0.2 Safari/600.2.5 (Amazonbot/0.1; +https://developer.amazon.com/support/amazonbot)"
52.70.240.171 - - [05/Mar/2024:11:19:52 +0100] "GET /entry.php?id=10271&ser=942927 HTTP/1.1" 200 934 "-" "Mozilla/5.0 (Macintosh; Intel Mac OS X 10_10_1) AppleWebKit/600.2.5 (KHTML, like Gecko) Version/8.0.2 Safari/600.2.5 (Amazonbot/0.1; +https://developer.amazon.com/support/amazonbot)"
23.22.35.162 - - [05/Mar/2024:11:19:56 +0100] "GET /entry.php?id=10271&ser=960620 HTTP/1.1" 200 934 "-" "Mozilla/5.0 (Macintosh; Intel Mac OS X 10_10_1) AppleWebKit/600.2.5 (KHTML, like Gecko) Version/8.0.2 Safari/600.2.5 (Amazonbot/0.1; +https://developer.amazon.com/support/amazonbot)"
3.224.220.101 - - [05/Mar/2024:11:20:00 +0100] "GET /entry.php?id=10271&ser=942866 HTTP/1.1" 200 934 "-" "Mozilla/5.0 (Macintosh; Intel Mac OS X 10_10_1) AppleWebKit/600.2.5 (KHTML, like Gecko) Version/8.0.2 Safari/600.2.5 (Amazonbot/0.1; +https://developer.amazon.com/support/amazonbot)"
178.165.185.73 - - [05/Mar/2024:11:20:02 +0100] "GET /entry.php?id=10271&&ser=633942 HTTP/1.1" 200 986 "http://hausegger.activities.at/entry.php?id=10271&&ser=633882" "Mozilla/5.0 (Windows NT 10.0; Win64; x64; rv:123.0) Gecko/20100101 Firefox/123.0"
178.165.185.73 - - [05/Mar/2024:11:20:02 +0100] "GET /gui/javascript/form_form.js?1709634002 HTTP/1.1" 200 16206 "http://hausegger.activities.at/entry.php?id=10271&&ser=633942" "Mozilla/5.0 (Windows NT 10.0; Win64; x64; rv:123.0) Gecko/20100101 Firefox/123.0"
