52.70.240.171 - - [05/Mar/2024:08:28:05 +0100] "GET /entry.php?id=10271&ser=261908 HTTP/1.1" 200 934 "-" "Mozilla/5.0 (Macintosh; Intel Mac OS X 10_10_1) AppleWebKit/600.2.5 (KHTML, like Gecko) Version/8.0.2 Safari/600.2.5 (Amazonbot/0.1; +https://developer.amazon.com/support/amazonbot)"
52.70.240.171 - - [05/Mar/2024:08:28:09 +0100] "GET /entry.php?id=10271&ser=360981 HTTP/1.1" 200 934 "-" "Mozilla/5.0 (Macintosh; Intel Mac OS X 10_10_1) AppleWebKit/600.2.5 (KHTML, like Gecko) Version/8.0.2 Safari/600.2.5 (Amazonbot/0.1; +https://developer.amazon.com/support/amazonbot)"
3.224.220.101 - - [05/Mar/2024:08:28:13 +0100] "GET /entry.php?id=10271&ser=261847 HTTP/1.1" 200 934 "-" "Mozilla/5.0 (Macintosh; Intel Mac OS X 10_10_1) AppleWebKit/600.2.5 (KHTML, like Gecko) Version/8.0.2 Safari/600.2.5 (Amazonbot/0.1; +https://developer.amazon.com/support/amazonbot)"
23.22.35.162 - - [05/Mar/2024:08:28:16 +0100] "GET /entry.php?id=10271&ser=360919 HTTP/1.1" 200 934 "-" "Mozilla/5.0 (Macintosh; Intel Mac OS X 10_10_1) AppleWebKit/600.2.5 (KHTML, like Gecko) Version/8.0.2 Safari/600.2.5 (Amazonbot/0.1; +https://developer.amazon.com/support/amazonbot)"
23.22.35.162 - - [05/Mar/2024:08:28:19 +0100] "GET /entry.php?id=10271&ser=261786 HTTP/1.1" 200 934 "-" "Mozilla/5.0 (Macintosh; Intel Mac OS X 10_10_1) AppleWebKit/600.2.5 (KHTML, like Gecko) Version/8.0.2 Safari/600.2.5 (Amazonbot/0.1; +https://developer.amazon.com/support/amazonbot)"
3.224.220.101 - - [05/Mar/2024:08:28:23 +0100] "GET /entry.php?id=10271&ser=278884 HTTP/1.1" 200 934 "-" "Mozilla/5.0 (Macintosh; Intel Mac OS X 10_10_1) AppleWebKit/600.2.5 (KHTML, like Gecko) Version/8.0.2 Safari/600.2.5 (Amazonbot/0.1; +https://developer.amazon.com/support/amazonbot)"
23.22.35.162 - - [05/Mar/2024:08:28:28 +0100] "GET /entry.php?id=10271&ser=360859 HTTP/1.1" 200 933 "-" "Mozilla/5.0 (Macintosh; Intel Mac OS X 10_10_1) AppleWebKit/600.2.5 (KHTML, like Gecko) Version/8.0.2 Safari/600.2.5 (Amazonbot/0.1; +https://developer.amazon.com/support/amazonbot)"
23.22.35.162 - - [05/Mar/2024:08:28:32 +0100] "GET /entry.php?id=10271&ser=261725 HTTP/1.1" 200 934 "-" "Mozilla/5.0 (Macintosh; Intel Mac OS X 10_10_1) AppleWebKit/600.2.5 (KHTML, like Gecko) Version/8.0.2 Safari/600.2.5 (Amazonbot/0.1; +https://developer.amazon.com/support/amazonbot)"
23.22.35.162 - - [05/Mar/2024:08:28:35 +0100] "GET /entry.php?id=10271&ser=278822 HTTP/1.1" 200 934 "-" "Mozilla/5.0 (Macintosh; Intel Mac OS X 10_10_1) AppleWebKit/600.2.5 (KHTML, like Gecko) Version/8.0.2 Safari/600.2.5 (Amazonbot/0.1; +https://developer.amazon.com/support/amazonbot)"
23.22.35.162 - - [05/Mar/2024:08:28:40 +0100] "GET /entry.php?id=10271&ser=360798 HTTP/1.1" 200 934 "-" "Mozilla/5.0 (Macintosh; Intel Mac OS X 10_10_1) AppleWebKit/600.2.5 (KHTML, like Gecko) Version/8.0.2 Safari/600.2.5 (Amazonbot/0.1; +https://developer.amazon.com/support/amazonbot)"
3.224.220.101 - - [05/Mar/2024:08:28:43 +0100] "GET /entry.php?id=10271&ser=261664 HTTP/1.1" 200 934 "-" "Mozilla/5.0 (Macintosh; Intel Mac OS X 10_10_1) AppleWebKit/600.2.5 (KHTML, like Gecko) Version/8.0.2 Safari/600.2.5 (Amazonbot/0.1; +https://developer.amazon.com/support/amazonbot)"
52.70.240.171 - - [05/Mar/2024:08:28:47 +0100] "GET /entry.php?id=10271&ser=278761 HTTP/1.1" 200 934 "-" "Mozilla/5.0 (Macintosh; Intel Mac OS X 10_10_1) AppleWebKit/600.2.5 (KHTML, like Gecko) Version/8.0.2 Safari/600.2.5 (Amazonbot/0.1; +https://developer.amazon.com/support/amazonbot)"
52.70.240.171 - - [05/Mar/2024:08:28:51 +0100] "GET /entry.php?id=10271&ser=360737 HTTP/1.1" 200 933 "-" "Mozilla/5.0 (Macintosh; Intel Mac OS X 10_10_1) AppleWebKit/600.2.5 (KHTML, like Gecko) Version/8.0.2 Safari/600.2.5 (Amazonbot/0.1; +https://developer.amazon.com/support/amazonbot)"
52.70.240.171 - - [05/Mar/2024:08:28:55 +0100] "GET /entry.php?id=10271&ser=261603 HTTP/1.1" 200 934 "-" "Mozilla/5.0 (Macintosh; Intel Mac OS X 10_10_1) AppleWebKit/600.2.5 (KHTML, like Gecko) Version/8.0.2 Safari/600.2.5 (Amazonbot/0.1; +https://developer.amazon.com/support/amazonbot)"
52.70.240.171 - - [05/Mar/2024:08:28:59 +0100] "GET /entry.php?id=10271&ser=278701 HTTP/1.1" 200 934 "-" "Mozilla/5.0 (Macintosh; Intel Mac OS X 10_10_1) AppleWebKit/600.2.5 (KHTML, like Gecko) Version/8.0.2 Safari/600.2.5 (Amazonbot/0.1; +https://developer.amazon.com/support/amazonbot)"
3.224.220.101 - - [05/Mar/2024:08:29:03 +0100] "GET /entry.php?id=10271&ser=360676 HTTP/1.1" 200 934 "-" "Mozilla/5.0 (Macintosh; Intel Mac OS X 10_10_1) AppleWebKit/600.2.5 (KHTML, like Gecko) Version/8.0.2 Safari/600.2.5 (Amazonbot/0.1; +https://developer.amazon.com/support/amazonbot)"
178.165.191.142 - - [05/Mar/2024:08:29:06 +0100] "GET /layout.php HTTP/1.1" 200 815 "-" "Mozilla/5.0 (Windows NT 10.0; Win64; x64; rv:123.0) Gecko/20100101 Firefox/123.0"
178.165.191.142 - - [05/Mar/2024:08:29:07 +0100] "GET /entry.php?id=10273 HTTP/1.1" 200 1902 "http://hausegger.activities.at/layout.php" "Mozilla/5.0 (Windows NT 10.0; Win64; x64; rv:123.0) Gecko/20100101 Firefox/123.0"
178.165.191.142 - - [05/Mar/2024:08:29:07 +0100] "GET /entry.php?id=10270 HTTP/1.1" 200 909 "http://hausegger.activities.at/layout.php" "Mozilla/5.0 (Windows NT 10.0; Win64; x64; rv:123.0) Gecko/20100101 Firefox/123.0"
178.165.191.142 - - [05/Mar/2024:08:29:07 +0100] "GET /entry.php?id=10272 HTTP/1.1" 200 1159 "http://hausegger.activities.at/layout.php" "Mozilla/5.0 (Windows NT 10.0; Win64; x64; rv:123.0) Gecko/20100101 Firefox/123.0"
178.165.191.142 - - [05/Mar/2024:08:29:07 +0100] "GET /entry.php?id=11412 HTTP/1.1" 200 1760 "http://hausegger.activities.at/layout.php" "Mozilla/5.0 (Windows NT 10.0; Win64; x64; rv:123.0) Gecko/20100101 Firefox/123.0"
3.224.220.101 - - [05/Mar/2024:08:29:07 +0100] "GET /entry.php?id=10271&ser=261542 HTTP/1.1" 200 935 "-" "Mozilla/5.0 (Macintosh; Intel Mac OS X 10_10_1) AppleWebKit/600.2.5 (KHTML, like Gecko) Version/8.0.2 Safari/600.2.5 (Amazonbot/0.1; +https://developer.amazon.com/support/amazonbot)"
178.165.191.142 - - [05/Mar/2024:08:29:07 +0100] "GET /gui/javascript/form_form.js?1709623747 HTTP/1.1" 200 16206 "http://hausegger.activities.at/entry.php?id=10273" "Mozilla/5.0 (Windows NT 10.0; Win64; x64; rv:123.0) Gecko/20100101 Firefox/123.0"
178.165.191.142 - - [05/Mar/2024:08:29:08 +0100] "GET /framework/webfx/javascript/statusbar/statusBar.js HTTP/1.1" 304 - "http://hausegger.activities.at/entry.php?id=10272" "Mozilla/5.0 (Windows NT 10.0; Win64; x64; rv:123.0) Gecko/20100101 Firefox/123.0"
178.165.191.142 - - [05/Mar/2024:08:29:08 +0100] "GET /entry.php?id=10287 HTTP/1.1" 200 2419 "http://hausegger.activities.at/entry.php?id=11412" "Mozilla/5.0 (Windows NT 10.0; Win64; x64; rv:123.0) Gecko/20100101 Firefox/123.0"
178.165.191.142 - - [05/Mar/2024:08:29:08 +0100] "GET /entry.php?id=10271& HTTP/1.1" 200 934 "http://hausegger.activities.at/entry.php?id=10272" "Mozilla/5.0 (Windows NT 10.0; Win64; x64; rv:123.0) Gecko/20100101 Firefox/123.0"
178.165.191.142 - - [05/Mar/2024:08:29:08 +0100] "GET /gui/javascript/form_form.js?1709623748 HTTP/1.1" 200 16206 "http://hausegger.activities.at/entry.php?id=10287" "Mozilla/5.0 (Windows NT 10.0; Win64; x64; rv:123.0) Gecko/20100101 Firefox/123.0"
178.165.191.142 - - [05/Mar/2024:08:29:08 +0100] "GET /entry.php?id=10270& HTTP/1.1" 200 909 "http://hausegger.activities.at/entry.php?id=10287" "Mozilla/5.0 (Windows NT 10.0; Win64; x64; rv:123.0) Gecko/20100101 Firefox/123.0"
178.165.191.142 - - [05/Mar/2024:08:29:08 +0100] "GET /entry.php?id=10273& HTTP/1.1" 200 1902 "http://hausegger.activities.at/entry.php?id=10287" "Mozilla/5.0 (Windows NT 10.0; Win64; x64; rv:123.0) Gecko/20100101 Firefox/123.0"
52.70.240.171 - - [05/Mar/2024:08:29:11 +0100] "GET /entry.php?id=10271&ser=278640 HTTP/1.1" 200 933 "-" "Mozilla/5.0 (Macintosh; Intel Mac OS X 10_10_1) AppleWebKit/600.2.5 (KHTML, like Gecko) Version/8.0.2 Safari/600.2.5 (Amazonbot/0.1; +https://developer.amazon.com/support/amazonbot)"
23.22.35.162 - - [05/Mar/2024:08:29:16 +0100] "GET /entry.php?id=10271&ser=360615 HTTP/1.1" 200 934 "-" "Mozilla/5.0 (Macintosh; Intel Mac OS X 10_10_1) AppleWebKit/600.2.5 (KHTML, like Gecko) Version/8.0.2 Safari/600.2.5 (Amazonbot/0.1; +https://developer.amazon.com/support/amazonbot)"
52.70.240.171 - - [05/Mar/2024:08:29:19 +0100] "GET /entry.php?id=10271&ser=261480 HTTP/1.1" 200 934 "-" "Mozilla/5.0 (Macintosh; Intel Mac OS X 10_10_1) AppleWebKit/600.2.5 (KHTML, like Gecko) Version/8.0.2 Safari/600.2.5 (Amazonbot/0.1; +https://developer.amazon.com/support/amazonbot)"
3.224.220.101 - - [05/Mar/2024:08:29:23 +0100] "GET /entry.php?id=10271&ser=278578 HTTP/1.1" 200 934 "-" "Mozilla/5.0 (Macintosh; Intel Mac OS X 10_10_1) AppleWebKit/600.2.5 (KHTML, like Gecko) Version/8.0.2 Safari/600.2.5 (Amazonbot/0.1; +https://developer.amazon.com/support/amazonbot)"
52.70.240.171 - - [05/Mar/2024:08:29:27 +0100] "GET /entry.php?id=10271&ser=360554 HTTP/1.1" 200 935 "-" "Mozilla/5.0 (Macintosh; Intel Mac OS X 10_10_1) AppleWebKit/600.2.5 (KHTML, like Gecko) Version/8.0.2 Safari/600.2.5 (Amazonbot/0.1; +https://developer.amazon.com/support/amazonbot)"
3.224.220.101 - - [05/Mar/2024:08:29:31 +0100] "GET /entry.php?id=10271&ser=261419 HTTP/1.1" 200 934 "-" "Mozilla/5.0 (Macintosh; Intel Mac OS X 10_10_1) AppleWebKit/600.2.5 (KHTML, like Gecko) Version/8.0.2 Safari/600.2.5 (Amazonbot/0.1; +https://developer.amazon.com/support/amazonbot)"
52.70.240.171 - - [05/Mar/2024:08:29:35 +0100] "GET /entry.php?id=10271&ser=278518 HTTP/1.1" 200 935 "-" "Mozilla/5.0 (Macintosh; Intel Mac OS X 10_10_1) AppleWebKit/600.2.5 (KHTML, like Gecko) Version/8.0.2 Safari/600.2.5 (Amazonbot/0.1; +https://developer.amazon.com/support/amazonbot)"
23.22.35.162 - - [05/Mar/2024:08:29:39 +0100] "GET /entry.php?id=10271&ser=360494 HTTP/1.1" 200 935 "-" "Mozilla/5.0 (Macintosh; Intel Mac OS X 10_10_1) AppleWebKit/600.2.5 (KHTML, like Gecko) Version/8.0.2 Safari/600.2.5 (Amazonbot/0.1; +https://developer.amazon.com/support/amazonbot)"
23.22.35.162 - - [05/Mar/2024:08:29:44 +0100] "GET /entry.php?id=10271&ser=261357 HTTP/1.1" 200 934 "-" "Mozilla/5.0 (Macintosh; Intel Mac OS X 10_10_1) AppleWebKit/600.2.5 (KHTML, like Gecko) Version/8.0.2 Safari/600.2.5 (Amazonbot/0.1; +https://developer.amazon.com/support/amazonbot)"
3.224.220.101 - - [05/Mar/2024:08:29:47 +0100] "GET /entry.php?id=10271&ser=278457 HTTP/1.1" 200 934 "-" "Mozilla/5.0 (Macintosh; Intel Mac OS X 10_10_1) AppleWebKit/600.2.5 (KHTML, like Gecko) Version/8.0.2 Safari/600.2.5 (Amazonbot/0.1; +https://developer.amazon.com/support/amazonbot)"
3.224.220.101 - - [05/Mar/2024:08:29:51 +0100] "GET /entry.php?id=10271&ser=360433 HTTP/1.1" 200 934 "-" "Mozilla/5.0 (Macintosh; Intel Mac OS X 10_10_1) AppleWebKit/600.2.5 (KHTML, like Gecko) Version/8.0.2 Safari/600.2.5 (Amazonbot/0.1; +https://developer.amazon.com/support/amazonbot)"
3.224.220.101 - - [05/Mar/2024:08:29:55 +0100] "GET /entry.php?id=10271&ser=261297 HTTP/1.1" 200 934 "-" "Mozilla/5.0 (Macintosh; Intel Mac OS X 10_10_1) AppleWebKit/600.2.5 (KHTML, like Gecko) Version/8.0.2 Safari/600.2.5 (Amazonbot/0.1; +https://developer.amazon.com/support/amazonbot)"
3.224.220.101 - - [05/Mar/2024:08:29:59 +0100] "GET /entry.php?id=10271&ser=360371 HTTP/1.1" 200 934 "-" "Mozilla/5.0 (Macintosh; Intel Mac OS X 10_10_1) AppleWebKit/600.2.5 (KHTML, like Gecko) Version/8.0.2 Safari/600.2.5 (Amazonbot/0.1; +https://developer.amazon.com/support/amazonbot)"
52.70.240.171 - - [05/Mar/2024:08:30:03 +0100] "GET /entry.php?id=10271&ser=261235 HTTP/1.1" 200 934 "-" "Mozilla/5.0 (Macintosh; Intel Mac OS X 10_10_1) AppleWebKit/600.2.5 (KHTML, like Gecko) Version/8.0.2 Safari/600.2.5 (Amazonbot/0.1; +https://developer.amazon.com/support/amazonbot)"
3.224.220.101 - - [05/Mar/2024:08:30:07 +0100] "GET /entry.php?id=10271&ser=278396 HTTP/1.1" 200 934 "-" "Mozilla/5.0 (Macintosh; Intel Mac OS X 10_10_1) AppleWebKit/600.2.5 (KHTML, like Gecko) Version/8.0.2 Safari/600.2.5 (Amazonbot/0.1; +https://developer.amazon.com/support/amazonbot)"
3.224.220.101 - - [05/Mar/2024:08:30:11 +0100] "GET /entry.php?id=10271&ser=360311 HTTP/1.1" 200 933 "-" "Mozilla/5.0 (Macintosh; Intel Mac OS X 10_10_1) AppleWebKit/600.2.5 (KHTML, like Gecko) Version/8.0.2 Safari/600.2.5 (Amazonbot/0.1; +https://developer.amazon.com/support/amazonbot)"
178.165.191.142 - - [05/Mar/2024:08:29:11 +0100] "POST /entry.php?id=10287& HTTP/1.1" 200 1966 "http://hausegger.activities.at/entry.php?id=10287" "Mozilla/5.0 (Windows NT 10.0; Win64; x64; rv:123.0) Gecko/20100101 Firefox/123.0"
178.165.191.142 - - [05/Mar/2024:08:30:15 +0100] "GET /gui/javascript/form_form.js?1709623815 HTTP/1.1" 200 16206 "http://hausegger.activities.at/entry.php?id=10287&" "Mozilla/5.0 (Windows NT 10.0; Win64; x64; rv:123.0) Gecko/20100101 Firefox/123.0"
178.165.191.142 - - [05/Mar/2024:08:30:15 +0100] "GET /entry.php?id=10273& HTTP/1.1" 200 2011 "http://hausegger.activities.at/entry.php?id=10287&" "Mozilla/5.0 (Windows NT 10.0; Win64; x64; rv:123.0) Gecko/20100101 Firefox/123.0"
178.165.191.142 - - [05/Mar/2024:08:30:15 +0100] "GET /framework/webfx/style/toolbar/images/cbback.gif HTTP/1.1" 404 318 "http://hausegger.activities.at/framework/webfx/style/toolbar/cb2.css" "Mozilla/5.0 (Windows NT 10.0; Win64; x64; rv:123.0) Gecko/20100101 Firefox/123.0"
178.165.191.142 - - [05/Mar/2024:08:30:15 +0100] "GET /entry.php?id=10270&__app__=10006038 HTTP/1.1" 200 2230 "http://hausegger.activities.at/entry.php?id=10273&" "Mozilla/5.0 (Windows NT 10.0; Win64; x64; rv:123.0) Gecko/20100101 Firefox/123.0"
178.165.191.142 - - [05/Mar/2024:08:30:15 +0100] "GET /entry.php?id=10271& HTTP/1.1" 200 987 "http://hausegger.activities.at/entry.php?id=10272" "Mozilla/5.0 (Windows NT 10.0; Win64; x64; rv:123.0) Gecko/20100101 Firefox/123.0"
178.165.191.142 - - [05/Mar/2024:08:30:15 +0100] "GET /framework/webfx/javascript/navigation/crossbrowser.js HTTP/1.1" 304 - "http://hausegger.activities.at/entry.php?id=10270&__app__=10006038" "Mozilla/5.0 (Windows NT 10.0; Win64; x64; rv:123.0) Gecko/20100101 Firefox/123.0"
178.165.191.142 - - [05/Mar/2024:08:30:15 +0100] "GET /framework/webfx/javascript/navigation/outlook.js HTTP/1.1" 304 - "http://hausegger.activities.at/entry.php?id=10270&__app__=10006038" "Mozilla/5.0 (Windows NT 10.0; Win64; x64; rv:123.0) Gecko/20100101 Firefox/123.0"
178.165.191.142 - - [05/Mar/2024:08:30:15 +0100] "GET /gui/images/icons/pers_einstellungen.gif HTTP/1.1" 304 - "http://hausegger.activities.at/entry.php?id=10270&__app__=10006038" "Mozilla/5.0 (Windows NT 10.0; Win64; x64; rv:123.0) Gecko/20100101 Firefox/123.0"
178.165.191.142 - - [05/Mar/2024:08:30:15 +0100] "GET /framework/icons/navigation/arrowup.gif HTTP/1.1" 304 - "http://hausegger.activities.at/entry.php?id=10270&__app__=10006038" "Mozilla/5.0 (Windows NT 10.0; Win64; x64; rv:123.0) Gecko/20100101 Firefox/123.0"
178.165.191.142 - - [05/Mar/2024:08:30:15 +0100] "GET /framework/icons/navigation/arrowdown.gif HTTP/1.1" 304 - "http://hausegger.activities.at/entry.php?id=10270&__app__=10006038" "Mozilla/5.0 (Windows NT 10.0; Win64; x64; rv:123.0) Gecko/20100101 Firefox/123.0"
178.165.191.142 - - [05/Mar/2024:08:30:15 +0100] "GET /gui/images/icons/default_item.gif HTTP/1.1" 304 - "http://hausegger.activities.at/entry.php?id=10270&__app__=10006038" "Mozilla/5.0 (Windows NT 10.0; Win64; x64; rv:123.0) Gecko/20100101 Firefox/123.0"
178.165.191.142 - - [05/Mar/2024:08:30:15 +0100] "GET /undefined HTTP/1.1" 404 289 "http://hausegger.activities.at/entry.php?id=10270&__app__=10006038" "Mozilla/5.0 (Windows NT 10.0; Win64; x64; rv:123.0) Gecko/20100101 Firefox/123.0"
178.165.191.142 - - [05/Mar/2024:08:30:15 +0100] "GET /gui/images/icons/i_resourcenverwaltung.gif HTTP/1.1" 304 - "http://hausegger.activities.at/entry.php?id=10270&__app__=10006038" "Mozilla/5.0 (Windows NT 10.0; Win64; x64; rv:123.0) Gecko/20100101 Firefox/123.0"
178.165.191.142 - - [05/Mar/2024:08:30:15 +0100] "GET /gui/images/icons/rechnungswesen_einstellungen.gif HTTP/1.1" 304 - "http://hausegger.activities.at/entry.php?id=10270&__app__=10006038" "Mozilla/5.0 (Windows NT 10.0; Win64; x64; rv:123.0) Gecko/20100101 Firefox/123.0"
178.165.191.142 - - [05/Mar/2024:08:30:15 +0100] "GET /gui/images/icons/lager.gif HTTP/1.1" 304 - "http://hausegger.activities.at/entry.php?id=10270&__app__=10006038" "Mozilla/5.0 (Windows NT 10.0; Win64; x64; rv:123.0) Gecko/20100101 Firefox/123.0"
178.165.191.142 - - [05/Mar/2024:08:30:15 +0100] "GET /gui/images/icons/i_lagertransaktion.gif HTTP/1.1" 304 - "http://hausegger.activities.at/entry.php?id=10270&__app__=10006038" "Mozilla/5.0 (Windows NT 10.0; Win64; x64; rv:123.0) Gecko/20100101 Firefox/123.0"
178.165.191.142 - - [05/Mar/2024:08:30:15 +0100] "GET /gui/images/icons/grundlagen.gif HTTP/1.1" 304 - "http://hausegger.activities.at/entry.php?id=10270&__app__=10006038" "Mozilla/5.0 (Windows NT 10.0; Win64; x64; rv:123.0) Gecko/20100101 Firefox/123.0"
178.165.191.142 - - [05/Mar/2024:08:30:15 +0100] "GET /gui/images/icons/i_artikelgruppen.gif HTTP/1.1" 304 - "http://hausegger.activities.at/entry.php?id=10270&__app__=10006038" "Mozilla/5.0 (Windows NT 10.0; Win64; x64; rv:123.0) Gecko/20100101 Firefox/123.0"
178.165.191.142 - - [05/Mar/2024:08:30:15 +0100] "GET /gui/images/icons/i_artikel.gif HTTP/1.1" 304 - "http://hausegger.activities.at/entry.php?id=10270&__app__=10006038" "Mozilla/5.0 (Windows NT 10.0; Win64; x64; rv:123.0) Gecko/20100101 Firefox/123.0"
178.165.191.142 - - [05/Mar/2024:08:30:15 +0100] "GET /gui/images/icons/person.png HTTP/1.1" 304 - "http://hausegger.activities.at/entry.php?id=10270&__app__=10006038" "Mozilla/5.0 (Windows NT 10.0; Win64; x64; rv:123.0) Gecko/20100101 Firefox/123.0"
178.165.191.142 - - [05/Mar/2024:08:30:15 +0100] "GET /gui/images/icons/i_einzelbestellung.gif HTTP/1.1" 304 - "http://hausegger.activities.at/entry.php?id=10270&__app__=10006038" "Mozilla/5.0 (Windows NT 10.0; Win64; x64; rv:123.0) Gecko/20100101 Firefox/123.0"
178.165.191.142 - - [05/Mar/2024:08:30:15 +0100] "GET /gui/images/icons/i_aktionen.gif HTTP/1.1" 304 - "http://hausegger.activities.at/entry.php?id=10270&__app__=10006038" "Mozilla/5.0 (Windows NT 10.0; Win64; x64; rv:123.0) Gecko/20100101 Firefox/123.0"
178.165.191.142 - - [05/Mar/2024:08:30:15 +0100] "GET /gui/images/icons/i_aktionstypen.gif HTTP/1.1" 304 - "http://hausegger.activities.at/entry.php?id=10270&__app__=10006038" "Mozilla/5.0 (Windows NT 10.0; Win64; x64; rv:123.0) Gecko/20100101 Firefox/123.0"
178.165.191.142 - - [05/Mar/2024:08:30:15 +0100] "GET /gui/images/icons/verwaltung_automarken.gif HTTP/1.1" 304 - "http://hausegger.activities.at/entry.php?id=10270&__app__=10006038" "Mozilla/5.0 (Windows NT 10.0; Win64; x64; rv:123.0) Gecko/20100101 Firefox/123.0"
178.165.191.142 - - [05/Mar/2024:08:30:15 +0100] "GET /gui/images/icons/menumanagement.gif HTTP/1.1" 304 - "http://hausegger.activities.at/entry.php?id=10270&__app__=10006038" "Mozilla/5.0 (Windows NT 10.0; Win64; x64; rv:123.0) Gecko/20100101 Firefox/123.0"
178.165.191.142 - - [05/Mar/2024:08:30:15 +0100] "GET /gui/images/icons/artikelbearbeitung_verfassung.gif HTTP/1.1" 304 - "http://hausegger.activities.at/entry.php?id=10270&__app__=10006038" "Mozilla/5.0 (Windows NT 10.0; Win64; x64; rv:123.0) Gecko/20100101 Firefox/123.0"
178.165.191.142 - - [05/Mar/2024:08:30:15 +0100] "GET /gui/images/icons/lagerstandorte.gif HTTP/1.1" 304 - "http://hausegger.activities.at/entry.php?id=10270&__app__=10006038" "Mozilla/5.0 (Windows NT 10.0; Win64; x64; rv:123.0) Gecko/20100101 Firefox/123.0"
52.70.240.171 - - [05/Mar/2024:08:30:16 +0100] "GET /entry.php?id=10271&ser=261174 HTTP/1.1" 200 934 "-" "Mozilla/5.0 (Macintosh; Intel Mac OS X 10_10_1) AppleWebKit/600.2.5 (KHTML, like Gecko) Version/8.0.2 Safari/600.2.5 (Amazonbot/0.1; +https://developer.amazon.com/support/amazonbot)"
3.224.220.101 - - [05/Mar/2024:08:30:19 +0100] "GET /entry.php?id=10271&ser=278335 HTTP/1.1" 200 933 "-" "Mozilla/5.0 (Macintosh; Intel Mac OS X 10_10_1) AppleWebKit/600.2.5 (KHTML, like Gecko) Version/8.0.2 Safari/600.2.5 (Amazonbot/0.1; +https://developer.amazon.com/support/amazonbot)"
52.70.240.171 - - [05/Mar/2024:08:30:23 +0100] "GET /entry.php?id=10271&ser=360250 HTTP/1.1" 200 934 "-" "Mozilla/5.0 (Macintosh; Intel Mac OS X 10_10_1) AppleWebKit/600.2.5 (KHTML, like Gecko) Version/8.0.2 Safari/600.2.5 (Amazonbot/0.1; +https://developer.amazon.com/support/amazonbot)"
52.70.240.171 - - [05/Mar/2024:08:30:27 +0100] "GET /entry.php?id=10271&ser=261114 HTTP/1.1" 200 934 "-" "Mozilla/5.0 (Macintosh; Intel Mac OS X 10_10_1) AppleWebKit/600.2.5 (KHTML, like Gecko) Version/8.0.2 Safari/600.2.5 (Amazonbot/0.1; +https://developer.amazon.com/support/amazonbot)"
52.70.240.171 - - [05/Mar/2024:08:30:32 +0100] "GET /entry.php?id=10271&ser=278275 HTTP/1.1" 200 934 "-" "Mozilla/5.0 (Macintosh; Intel Mac OS X 10_10_1) AppleWebKit/600.2.5 (KHTML, like Gecko) Version/8.0.2 Safari/600.2.5 (Amazonbot/0.1; +https://developer.amazon.com/support/amazonbot)"
52.70.240.171 - - [05/Mar/2024:08:30:36 +0100] "GET /entry.php?id=10271&ser=360189 HTTP/1.1" 200 934 "-" "Mozilla/5.0 (Macintosh; Intel Mac OS X 10_10_1) AppleWebKit/600.2.5 (KHTML, like Gecko) Version/8.0.2 Safari/600.2.5 (Amazonbot/0.1; +https://developer.amazon.com/support/amazonbot)"
52.70.240.171 - - [05/Mar/2024:08:30:39 +0100] "GET /entry.php?id=10271&ser=261053 HTTP/1.1" 200 934 "-" "Mozilla/5.0 (Macintosh; Intel Mac OS X 10_10_1) AppleWebKit/600.2.5 (KHTML, like Gecko) Version/8.0.2 Safari/600.2.5 (Amazonbot/0.1; +https://developer.amazon.com/support/amazonbot)"
52.70.240.171 - - [05/Mar/2024:08:30:44 +0100] "GET /entry.php?id=10271&ser=278213 HTTP/1.1" 200 934 "-" "Mozilla/5.0 (Macintosh; Intel Mac OS X 10_10_1) AppleWebKit/600.2.5 (KHTML, like Gecko) Version/8.0.2 Safari/600.2.5 (Amazonbot/0.1; +https://developer.amazon.com/support/amazonbot)"
3.224.220.101 - - [05/Mar/2024:08:30:47 +0100] "GET /entry.php?id=10271&ser=260993 HTTP/1.1" 200 934 "-" "Mozilla/5.0 (Macintosh; Intel Mac OS X 10_10_1) AppleWebKit/600.2.5 (KHTML, like Gecko) Version/8.0.2 Safari/600.2.5 (Amazonbot/0.1; +https://developer.amazon.com/support/amazonbot)"
23.22.35.162 - - [05/Mar/2024:08:30:51 +0100] "GET /entry.php?id=10271&ser=360128 HTTP/1.1" 200 934 "-" "Mozilla/5.0 (Macintosh; Intel Mac OS X 10_10_1) AppleWebKit/600.2.5 (KHTML, like Gecko) Version/8.0.2 Safari/600.2.5 (Amazonbot/0.1; +https://developer.amazon.com/support/amazonbot)"
3.224.220.101 - - [05/Mar/2024:08:30:55 +0100] "GET /entry.php?id=10271&ser=278152 HTTP/1.1" 200 935 "-" "Mozilla/5.0 (Macintosh; Intel Mac OS X 10_10_1) AppleWebKit/600.2.5 (KHTML, like Gecko) Version/8.0.2 Safari/600.2.5 (Amazonbot/0.1; +https://developer.amazon.com/support/amazonbot)"
3.224.220.101 - - [05/Mar/2024:08:30:59 +0100] "GET /entry.php?id=10271&ser=360067 HTTP/1.1" 200 934 "-" "Mozilla/5.0 (Macintosh; Intel Mac OS X 10_10_1) AppleWebKit/600.2.5 (KHTML, like Gecko) Version/8.0.2 Safari/600.2.5 (Amazonbot/0.1; +https://developer.amazon.com/support/amazonbot)"
23.22.35.162 - - [05/Mar/2024:08:31:04 +0100] "GET /entry.php?id=10271&ser=260931 HTTP/1.1" 200 934 "-" "Mozilla/5.0 (Macintosh; Intel Mac OS X 10_10_1) AppleWebKit/600.2.5 (KHTML, like Gecko) Version/8.0.2 Safari/600.2.5 (Amazonbot/0.1; +https://developer.amazon.com/support/amazonbot)"
3.224.220.101 - - [05/Mar/2024:08:31:07 +0100] "GET /entry.php?id=10271&ser=278091 HTTP/1.1" 200 934 "-" "Mozilla/5.0 (Macintosh; Intel Mac OS X 10_10_1) AppleWebKit/600.2.5 (KHTML, like Gecko) Version/8.0.2 Safari/600.2.5 (Amazonbot/0.1; +https://developer.amazon.com/support/amazonbot)"
52.70.240.171 - - [05/Mar/2024:08:31:11 +0100] "GET /entry.php?document=10269324&id=11270 HTTP/1.1" 200 2418 "-" "Mozilla/5.0 (Macintosh; Intel Mac OS X 10_10_1) AppleWebKit/600.2.5 (KHTML, like Gecko) Version/8.0.2 Safari/600.2.5 (Amazonbot/0.1; +https://developer.amazon.com/support/amazonbot)"
23.22.35.162 - - [05/Mar/2024:08:31:15 +0100] "GET /entry.php?document=10269319&id=11270 HTTP/1.1" 200 2419 "-" "Mozilla/5.0 (Macintosh; Intel Mac OS X 10_10_1) AppleWebKit/600.2.5 (KHTML, like Gecko) Version/8.0.2 Safari/600.2.5 (Amazonbot/0.1; +https://developer.amazon.com/support/amazonbot)"
178.165.191.142 - - [05/Mar/2024:08:31:15 +0100] "GET /entry.php?id=10271&&ser=623815 HTTP/1.1" 200 987 "http://hausegger.activities.at/entry.php?id=10271&" "Mozilla/5.0 (Windows NT 10.0; Win64; x64; rv:123.0) Gecko/20100101 Firefox/123.0"
178.165.191.142 - - [05/Mar/2024:08:31:15 +0100] "GET /gui/javascript/form_form.js?1709623875 HTTP/1.1" 200 16206 "http://hausegger.activities.at/entry.php?id=10271&&ser=623815" "Mozilla/5.0 (Windows NT 10.0; Win64; x64; rv:123.0) Gecko/20100101 Firefox/123.0"
3.224.220.101 - - [05/Mar/2024:08:31:19 +0100] "GET /entry.php?document_id=10269319&id=10889 HTTP/1.1" 200 2419 "-" "Mozilla/5.0 (Macintosh; Intel Mac OS X 10_10_1) AppleWebKit/600.2.5 (KHTML, like Gecko) Version/8.0.2 Safari/600.2.5 (Amazonbot/0.1; +https://developer.amazon.com/support/amazonbot)"
52.70.240.171 - - [05/Mar/2024:08:31:23 +0100] "GET /entry.php?document=10269312&id=11270 HTTP/1.1" 200 2418 "-" "Mozilla/5.0 (Macintosh; Intel Mac OS X 10_10_1) AppleWebKit/600.2.5 (KHTML, like Gecko) Version/8.0.2 Safari/600.2.5 (Amazonbot/0.1; +https://developer.amazon.com/support/amazonbot)"
52.70.240.171 - - [05/Mar/2024:08:31:28 +0100] "GET /entry.php?document=10269304&id=11270 HTTP/1.1" 200 2420 "-" "Mozilla/5.0 (Macintosh; Intel Mac OS X 10_10_1) AppleWebKit/600.2.5 (KHTML, like Gecko) Version/8.0.2 Safari/600.2.5 (Amazonbot/0.1; +https://developer.amazon.com/support/amazonbot)"
3.224.220.101 - - [05/Mar/2024:08:31:31 +0100] "GET /entry.php?document_id=10269304&id=10889 HTTP/1.1" 200 2419 "-" "Mozilla/5.0 (Macintosh; Intel Mac OS X 10_10_1) AppleWebKit/600.2.5 (KHTML, like Gecko) Version/8.0.2 Safari/600.2.5 (Amazonbot/0.1; +https://developer.amazon.com/support/amazonbot)"
3.224.220.101 - - [05/Mar/2024:08:31:35 +0100] "GET /entry.php?form=11066&id=10777&name=list HTTP/1.1" 200 382 "-" "Mozilla/5.0 (Macintosh; Intel Mac OS X 10_10_1) AppleWebKit/600.2.5 (KHTML, like Gecko) Version/8.0.2 Safari/600.2.5 (Amazonbot/0.1; +https://developer.amazon.com/support/amazonbot)"
23.22.35.162 - - [05/Mar/2024:08:31:40 +0100] "GET /entry.php?hiddetitle=1&id=10752&object=10269268&opener=false HTTP/1.1" 200 2419 "-" "Mozilla/5.0 (Macintosh; Intel Mac OS X 10_10_1) AppleWebKit/600.2.5 (KHTML, like Gecko) Version/8.0.2 Safari/600.2.5 (Amazonbot/0.1; +https://developer.amazon.com/support/amazonbot)"
23.22.35.162 - - [05/Mar/2024:08:31:43 +0100] "GET /entry.php?hiddetitle=1&id=10745&object=10269268&opener=false HTTP/1.1" 200 2419 "-" "Mozilla/5.0 (Macintosh; Intel Mac OS X 10_10_1) AppleWebKit/600.2.5 (KHTML, like Gecko) Version/8.0.2 Safari/600.2.5 (Amazonbot/0.1; +https://developer.amazon.com/support/amazonbot)"
23.22.35.162 - - [05/Mar/2024:08:31:47 +0100] "GET /entry.php?account=&id=10830&mode=documentdebitor&object=10269250 HTTP/1.1" 200 2418 "-" "Mozilla/5.0 (Macintosh; Intel Mac OS X 10_10_1) AppleWebKit/600.2.5 (KHTML, like Gecko) Version/8.0.2 Safari/600.2.5 (Amazonbot/0.1; +https://developer.amazon.com/support/amazonbot)"
3.224.220.101 - - [05/Mar/2024:08:31:51 +0100] "GET /entry.php?account=&id=10830&mode=documentkreditor&object=10269242 HTTP/1.1" 200 2417 "-" "Mozilla/5.0 (Macintosh; Intel Mac OS X 10_10_1) AppleWebKit/600.2.5 (KHTML, like Gecko) Version/8.0.2 Safari/600.2.5 (Amazonbot/0.1; +https://developer.amazon.com/support/amazonbot)"
3.224.220.101 - - [05/Mar/2024:08:31:55 +0100] "GET /entry.php?account=&id=10830&mode=documentkreditor&object=10269297 HTTP/1.1" 200 2419 "-" "Mozilla/5.0 (Macintosh; Intel Mac OS X 10_10_1) AppleWebKit/600.2.5 (KHTML, like Gecko) Version/8.0.2 Safari/600.2.5 (Amazonbot/0.1; +https://developer.amazon.com/support/amazonbot)"
52.70.240.171 - - [05/Mar/2024:08:31:59 +0100] "GET /entry.php?account=&id=10830&mode=documentdebitor&object=10269294 HTTP/1.1" 200 2418 "-" "Mozilla/5.0 (Macintosh; Intel Mac OS X 10_10_1) AppleWebKit/600.2.5 (KHTML, like Gecko) Version/8.0.2 Safari/600.2.5 (Amazonbot/0.1; +https://developer.amazon.com/support/amazonbot)"
3.224.220.101 - - [05/Mar/2024:08:32:03 +0100] "GET /entry.php?account=&id=10830&mode=documentdebitor&object=10269289 HTTP/1.1" 200 2419 "-" "Mozilla/5.0 (Macintosh; Intel Mac OS X 10_10_1) AppleWebKit/600.2.5 (KHTML, like Gecko) Version/8.0.2 Safari/600.2.5 (Amazonbot/0.1; +https://developer.amazon.com/support/amazonbot)"
23.22.35.162 - - [05/Mar/2024:08:32:07 +0100] "GET /entry.php?id=10271&ser=260871 HTTP/1.1" 200 934 "-" "Mozilla/5.0 (Macintosh; Intel Mac OS X 10_10_1) AppleWebKit/600.2.5 (KHTML, like Gecko) Version/8.0.2 Safari/600.2.5 (Amazonbot/0.1; +https://developer.amazon.com/support/amazonbot)"
3.224.220.101 - - [05/Mar/2024:08:32:11 +0100] "GET /entry.php?id=10271&ser=360007 HTTP/1.1" 200 934 "-" "Mozilla/5.0 (Macintosh; Intel Mac OS X 10_10_1) AppleWebKit/600.2.5 (KHTML, like Gecko) Version/8.0.2 Safari/600.2.5 (Amazonbot/0.1; +https://developer.amazon.com/support/amazonbot)"
178.165.191.142 - - [05/Mar/2024:08:32:16 +0100] "GET /entry.php?id=10271&&ser=623875 HTTP/1.1" 200 987 "http://hausegger.activities.at/entry.php?id=10271&&ser=623815" "Mozilla/5.0 (Windows NT 10.0; Win64; x64; rv:123.0) Gecko/20100101 Firefox/123.0"
178.165.191.142 - - [05/Mar/2024:08:32:16 +0100] "GET /gui/javascript/form_form.js?1709623936 HTTP/1.1" 200 16206 "http://hausegger.activities.at/entry.php?id=10271&&ser=623875" "Mozilla/5.0 (Windows NT 10.0; Win64; x64; rv:123.0) Gecko/20100101 Firefox/123.0"
23.22.35.162 - - [05/Mar/2024:08:32:16 +0100] "GET /entry.php?id=10271&ser=278030 HTTP/1.1" 200 934 "-" "Mozilla/5.0 (Macintosh; Intel Mac OS X 10_10_1) AppleWebKit/600.2.5 (KHTML, like Gecko) Version/8.0.2 Safari/600.2.5 (Amazonbot/0.1; +https://developer.amazon.com/support/amazonbot)"
52.70.240.171 - - [05/Mar/2024:08:32:19 +0100] "GET /entry.php?id=10271&ser=260810 HTTP/1.1" 200 934 "-" "Mozilla/5.0 (Macintosh; Intel Mac OS X 10_10_1) AppleWebKit/600.2.5 (KHTML, like Gecko) Version/8.0.2 Safari/600.2.5 (Amazonbot/0.1; +https://developer.amazon.com/support/amazonbot)"
52.70.240.171 - - [05/Mar/2024:08:32:23 +0100] "GET /entry.php?id=10271&ser=359946 HTTP/1.1" 200 934 "-" "Mozilla/5.0 (Macintosh; Intel Mac OS X 10_10_1) AppleWebKit/600.2.5 (KHTML, like Gecko) Version/8.0.2 Safari/600.2.5 (Amazonbot/0.1; +https://developer.amazon.com/support/amazonbot)"
52.70.240.171 - - [05/Mar/2024:08:32:28 +0100] "GET /entry.php?id=10271&ser=277968 HTTP/1.1" 200 934 "-" "Mozilla/5.0 (Macintosh; Intel Mac OS X 10_10_1) AppleWebKit/600.2.5 (KHTML, like Gecko) Version/8.0.2 Safari/600.2.5 (Amazonbot/0.1; +https://developer.amazon.com/support/amazonbot)"
52.70.240.171 - - [05/Mar/2024:08:32:31 +0100] "GET /entry.php?id=10271&ser=260749 HTTP/1.1" 200 934 "-" "Mozilla/5.0 (Macintosh; Intel Mac OS X 10_10_1) AppleWebKit/600.2.5 (KHTML, like Gecko) Version/8.0.2 Safari/600.2.5 (Amazonbot/0.1; +https://developer.amazon.com/support/amazonbot)"
52.70.240.171 - - [05/Mar/2024:08:32:35 +0100] "GET /entry.php?id=10271&ser=359885 HTTP/1.1" 200 935 "-" "Mozilla/5.0 (Macintosh; Intel Mac OS X 10_10_1) AppleWebKit/600.2.5 (KHTML, like Gecko) Version/8.0.2 Safari/600.2.5 (Amazonbot/0.1; +https://developer.amazon.com/support/amazonbot)"
3.224.220.101 - - [05/Mar/2024:08:32:39 +0100] "GET /entry.php?id=10271&ser=260688 HTTP/1.1" 200 934 "-" "Mozilla/5.0 (Macintosh; Intel Mac OS X 10_10_1) AppleWebKit/600.2.5 (KHTML, like Gecko) Version/8.0.2 Safari/600.2.5 (Amazonbot/0.1; +https://developer.amazon.com/support/amazonbot)"
23.22.35.162 - - [05/Mar/2024:08:32:44 +0100] "GET /entry.php?id=10271&ser=277908 HTTP/1.1" 200 934 "-" "Mozilla/5.0 (Macintosh; Intel Mac OS X 10_10_1) AppleWebKit/600.2.5 (KHTML, like Gecko) Version/8.0.2 Safari/600.2.5 (Amazonbot/0.1; +https://developer.amazon.com/support/amazonbot)"
23.22.35.162 - - [05/Mar/2024:08:32:47 +0100] "GET /entry.php?id=10271&ser=359824 HTTP/1.1" 200 934 "-" "Mozilla/5.0 (Macintosh; Intel Mac OS X 10_10_1) AppleWebKit/600.2.5 (KHTML, like Gecko) Version/8.0.2 Safari/600.2.5 (Amazonbot/0.1; +https://developer.amazon.com/support/amazonbot)"
23.22.35.162 - - [05/Mar/2024:08:32:52 +0100] "GET /entry.php?id=10271&ser=277846 HTTP/1.1" 200 934 "-" "Mozilla/5.0 (Macintosh; Intel Mac OS X 10_10_1) AppleWebKit/600.2.5 (KHTML, like Gecko) Version/8.0.2 Safari/600.2.5 (Amazonbot/0.1; +https://developer.amazon.com/support/amazonbot)"
23.22.35.162 - - [05/Mar/2024:08:32:55 +0100] "GET /entry.php?id=10271&ser=260627 HTTP/1.1" 200 934 "-" "Mozilla/5.0 (Macintosh; Intel Mac OS X 10_10_1) AppleWebKit/600.2.5 (KHTML, like Gecko) Version/8.0.2 Safari/600.2.5 (Amazonbot/0.1; +https://developer.amazon.com/support/amazonbot)"
23.22.35.162 - - [05/Mar/2024:08:33:00 +0100] "GET /entry.php?id=10271&ser=359764 HTTP/1.1" 200 934 "-" "Mozilla/5.0 (Macintosh; Intel Mac OS X 10_10_1) AppleWebKit/600.2.5 (KHTML, like Gecko) Version/8.0.2 Safari/600.2.5 (Amazonbot/0.1; +https://developer.amazon.com/support/amazonbot)"
52.70.240.171 - - [05/Mar/2024:08:33:04 +0100] "GET /entry.php?id=10271&ser=277785 HTTP/1.1" 200 934 "-" "Mozilla/5.0 (Macintosh; Intel Mac OS X 10_10_1) AppleWebKit/600.2.5 (KHTML, like Gecko) Version/8.0.2 Safari/600.2.5 (Amazonbot/0.1; +https://developer.amazon.com/support/amazonbot)"
23.22.35.162 - - [05/Mar/2024:08:33:09 +0100] "GET /entry.php?id=10271&ser=260567 HTTP/1.1" 200 934 "-" "Mozilla/5.0 (Macintosh; Intel Mac OS X 10_10_1) AppleWebKit/600.2.5 (KHTML, like Gecko) Version/8.0.2 Safari/600.2.5 (Amazonbot/0.1; +https://developer.amazon.com/support/amazonbot)"
23.22.35.162 - - [05/Mar/2024:08:33:12 +0100] "GET /entry.php?id=10271&ser=359703 HTTP/1.1" 200 934 "-" "Mozilla/5.0 (Macintosh; Intel Mac OS X 10_10_1) AppleWebKit/600.2.5 (KHTML, like Gecko) Version/8.0.2 Safari/600.2.5 (Amazonbot/0.1; +https://developer.amazon.com/support/amazonbot)"
178.165.191.142 - - [05/Mar/2024:08:33:16 +0100] "GET /entry.php?id=10271&&ser=623936 HTTP/1.1" 200 987 "http://hausegger.activities.at/entry.php?id=10271&&ser=623875" "Mozilla/5.0 (Windows NT 10.0; Win64; x64; rv:123.0) Gecko/20100101 Firefox/123.0"
178.165.191.142 - - [05/Mar/2024:08:33:16 +0100] "GET /gui/javascript/form_form.js?1709623996 HTTP/1.1" 200 16206 "http://hausegger.activities.at/entry.php?id=10271&&ser=623936" "Mozilla/5.0 (Windows NT 10.0; Win64; x64; rv:123.0) Gecko/20100101 Firefox/123.0"
23.22.35.162 - - [05/Mar/2024:08:33:16 +0100] "GET /entry.php?id=10271&ser=277722 HTTP/1.1" 200 934 "-" "Mozilla/5.0 (Macintosh; Intel Mac OS X 10_10_1) AppleWebKit/600.2.5 (KHTML, like Gecko) Version/8.0.2 Safari/600.2.5 (Amazonbot/0.1; +https://developer.amazon.com/support/amazonbot)"
23.22.35.162 - - [05/Mar/2024:08:33:19 +0100] "GET /entry.php?id=10271&ser=260506 HTTP/1.1" 200 934 "-" "Mozilla/5.0 (Macintosh; Intel Mac OS X 10_10_1) AppleWebKit/600.2.5 (KHTML, like Gecko) Version/8.0.2 Safari/600.2.5 (Amazonbot/0.1; +https://developer.amazon.com/support/amazonbot)"
52.70.240.171 - - [05/Mar/2024:08:33:23 +0100] "GET /entry.php?id=10271&ser=359642 HTTP/1.1" 200 934 "-" "Mozilla/5.0 (Macintosh; Intel Mac OS X 10_10_1) AppleWebKit/600.2.5 (KHTML, like Gecko) Version/8.0.2 Safari/600.2.5 (Amazonbot/0.1; +https://developer.amazon.com/support/amazonbot)"
3.224.220.101 - - [05/Mar/2024:08:33:27 +0100] "GET /entry.php?id=10271&ser=277661 HTTP/1.1" 200 934 "-" "Mozilla/5.0 (Macintosh; Intel Mac OS X 10_10_1) AppleWebKit/600.2.5 (KHTML, like Gecko) Version/8.0.2 Safari/600.2.5 (Amazonbot/0.1; +https://developer.amazon.com/support/amazonbot)"
52.70.240.171 - - [05/Mar/2024:08:33:31 +0100] "GET /entry.php?id=10271&ser=260445 HTTP/1.1" 200 933 "-" "Mozilla/5.0 (Macintosh; Intel Mac OS X 10_10_1) AppleWebKit/600.2.5 (KHTML, like Gecko) Version/8.0.2 Safari/600.2.5 (Amazonbot/0.1; +https://developer.amazon.com/support/amazonbot)"
3.224.220.101 - - [05/Mar/2024:08:33:35 +0100] "GET /entry.php?id=10271&ser=359582 HTTP/1.1" 200 934 "-" "Mozilla/5.0 (Macintosh; Intel Mac OS X 10_10_1) AppleWebKit/600.2.5 (KHTML, like Gecko) Version/8.0.2 Safari/600.2.5 (Amazonbot/0.1; +https://developer.amazon.com/support/amazonbot)"
3.224.220.101 - - [05/Mar/2024:08:33:39 +0100] "GET /entry.php?id=10271&ser=277600 HTTP/1.1" 200 934 "-" "Mozilla/5.0 (Macintosh; Intel Mac OS X 10_10_1) AppleWebKit/600.2.5 (KHTML, like Gecko) Version/8.0.2 Safari/600.2.5 (Amazonbot/0.1; +https://developer.amazon.com/support/amazonbot)"
3.224.220.101 - - [05/Mar/2024:08:33:43 +0100] "GET /entry.php?id=10271&ser=260385 HTTP/1.1" 200 934 "-" "Mozilla/5.0 (Macintosh; Intel Mac OS X 10_10_1) AppleWebKit/600.2.5 (KHTML, like Gecko) Version/8.0.2 Safari/600.2.5 (Amazonbot/0.1; +https://developer.amazon.com/support/amazonbot)"
23.22.35.162 - - [05/Mar/2024:08:33:48 +0100] "GET /entry.php?id=10271&ser=277539 HTTP/1.1" 200 934 "-" "Mozilla/5.0 (Macintosh; Intel Mac OS X 10_10_1) AppleWebKit/600.2.5 (KHTML, like Gecko) Version/8.0.2 Safari/600.2.5 (Amazonbot/0.1; +https://developer.amazon.com/support/amazonbot)"
23.22.35.162 - - [05/Mar/2024:08:33:52 +0100] "GET /entry.php?id=10271&ser=260323 HTTP/1.1" 200 934 "-" "Mozilla/5.0 (Macintosh; Intel Mac OS X 10_10_1) AppleWebKit/600.2.5 (KHTML, like Gecko) Version/8.0.2 Safari/600.2.5 (Amazonbot/0.1; +https://developer.amazon.com/support/amazonbot)"
52.70.240.171 - - [05/Mar/2024:08:33:55 +0100] "GET /entry.php?id=10271&ser=277479 HTTP/1.1" 200 934 "-" "Mozilla/5.0 (Macintosh; Intel Mac OS X 10_10_1) AppleWebKit/600.2.5 (KHTML, like Gecko) Version/8.0.2 Safari/600.2.5 (Amazonbot/0.1; +https://developer.amazon.com/support/amazonbot)"
52.70.240.171 - - [05/Mar/2024:08:33:59 +0100] "GET /entry.php?id=10271&ser=260262 HTTP/1.1" 200 934 "-" "Mozilla/5.0 (Macintosh; Intel Mac OS X 10_10_1) AppleWebKit/600.2.5 (KHTML, like Gecko) Version/8.0.2 Safari/600.2.5 (Amazonbot/0.1; +https://developer.amazon.com/support/amazonbot)"
52.70.240.171 - - [05/Mar/2024:08:34:03 +0100] "GET /entry.php?id=10271&ser=260201 HTTP/1.1" 200 934 "-" "Mozilla/5.0 (Macintosh; Intel Mac OS X 10_10_1) AppleWebKit/600.2.5 (KHTML, like Gecko) Version/8.0.2 Safari/600.2.5 (Amazonbot/0.1; +https://developer.amazon.com/support/amazonbot)"
23.22.35.162 - - [05/Mar/2024:08:34:08 +0100] "GET /entry.php?id=10271&ser=277417 HTTP/1.1" 200 934 "-" "Mozilla/5.0 (Macintosh; Intel Mac OS X 10_10_1) AppleWebKit/600.2.5 (KHTML, like Gecko) Version/8.0.2 Safari/600.2.5 (Amazonbot/0.1; +https://developer.amazon.com/support/amazonbot)"
23.22.35.162 - - [05/Mar/2024:08:34:12 +0100] "GET /entry.php?id=10271&ser=260140 HTTP/1.1" 200 934 "-" "Mozilla/5.0 (Macintosh; Intel Mac OS X 10_10_1) AppleWebKit/600.2.5 (KHTML, like Gecko) Version/8.0.2 Safari/600.2.5 (Amazonbot/0.1; +https://developer.amazon.com/support/amazonbot)"
178.165.191.142 - - [05/Mar/2024:08:34:16 +0100] "GET /entry.php?id=10271&&ser=623996 HTTP/1.1" 200 987 "http://hausegger.activities.at/entry.php?id=10271&&ser=623936" "Mozilla/5.0 (Windows NT 10.0; Win64; x64; rv:123.0) Gecko/20100101 Firefox/123.0"
178.165.191.142 - - [05/Mar/2024:08:34:16 +0100] "GET /gui/javascript/form_form.js?1709624056 HTTP/1.1" 200 16206 "http://hausegger.activities.at/entry.php?id=10271&&ser=623996" "Mozilla/5.0 (Windows NT 10.0; Win64; x64; rv:123.0) Gecko/20100101 Firefox/123.0"
23.22.35.162 - - [05/Mar/2024:08:34:18 +0100] "GET /entry.php?id=10271&ser=277355 HTTP/1.1" 200 934 "-" "Mozilla/5.0 (Macintosh; Intel Mac OS X 10_10_1) AppleWebKit/600.2.5 (KHTML, like Gecko) Version/8.0.2 Safari/600.2.5 (Amazonbot/0.1; +https://developer.amazon.com/support/amazonbot)"
3.224.220.101 - - [05/Mar/2024:08:34:19 +0100] "GET /entry.php?id=10271&ser=359521 HTTP/1.1" 200 934 "-" "Mozilla/5.0 (Macintosh; Intel Mac OS X 10_10_1) AppleWebKit/600.2.5 (KHTML, like Gecko) Version/8.0.2 Safari/600.2.5 (Amazonbot/0.1; +https://developer.amazon.com/support/amazonbot)"
3.224.220.101 - - [05/Mar/2024:08:34:24 +0100] "GET /entry.php?id=10271&ser=260080 HTTP/1.1" 200 934 "-" "Mozilla/5.0 (Macintosh; Intel Mac OS X 10_10_1) AppleWebKit/600.2.5 (KHTML, like Gecko) Version/8.0.2 Safari/600.2.5 (Amazonbot/0.1; +https://developer.amazon.com/support/amazonbot)"
52.70.240.171 - - [05/Mar/2024:08:34:27 +0100] "GET /entry.php?id=10271&ser=277294 HTTP/1.1" 200 934 "-" "Mozilla/5.0 (Macintosh; Intel Mac OS X 10_10_1) AppleWebKit/600.2.5 (KHTML, like Gecko) Version/8.0.2 Safari/600.2.5 (Amazonbot/0.1; +https://developer.amazon.com/support/amazonbot)"
23.22.35.162 - - [05/Mar/2024:08:34:33 +0100] "GET /entry.php?id=10271&ser=260018 HTTP/1.1" 200 934 "-" "Mozilla/5.0 (Macintosh; Intel Mac OS X 10_10_1) AppleWebKit/600.2.5 (KHTML, like Gecko) Version/8.0.2 Safari/600.2.5 (Amazonbot/0.1; +https://developer.amazon.com/support/amazonbot)"
3.224.220.101 - - [05/Mar/2024:08:34:35 +0100] "GET /entry.php?id=10271&ser=277233 HTTP/1.1" 200 934 "-" "Mozilla/5.0 (Macintosh; Intel Mac OS X 10_10_1) AppleWebKit/600.2.5 (KHTML, like Gecko) Version/8.0.2 Safari/600.2.5 (Amazonbot/0.1; +https://developer.amazon.com/support/amazonbot)"
52.70.240.171 - - [05/Mar/2024:08:34:39 +0100] "GET /entry.php?id=10271&ser=359460 HTTP/1.1" 200 934 "-" "Mozilla/5.0 (Macintosh; Intel Mac OS X 10_10_1) AppleWebKit/600.2.5 (KHTML, like Gecko) Version/8.0.2 Safari/600.2.5 (Amazonbot/0.1; +https://developer.amazon.com/support/amazonbot)"
52.70.240.171 - - [05/Mar/2024:08:34:43 +0100] "GET /entry.php?id=10271&ser=359399 HTTP/1.1" 200 934 "-" "Mozilla/5.0 (Macintosh; Intel Mac OS X 10_10_1) AppleWebKit/600.2.5 (KHTML, like Gecko) Version/8.0.2 Safari/600.2.5 (Amazonbot/0.1; +https://developer.amazon.com/support/amazonbot)"
52.70.240.171 - - [05/Mar/2024:08:34:47 +0100] "GET /entry.php?id=10271&ser=259957 HTTP/1.1" 200 934 "-" "Mozilla/5.0 (Macintosh; Intel Mac OS X 10_10_1) AppleWebKit/600.2.5 (KHTML, like Gecko) Version/8.0.2 Safari/600.2.5 (Amazonbot/0.1; +https://developer.amazon.com/support/amazonbot)"
52.70.240.171 - - [05/Mar/2024:08:34:52 +0100] "GET /entry.php?id=10271&ser=277172 HTTP/1.1" 200 934 "-" "Mozilla/5.0 (Macintosh; Intel Mac OS X 10_10_1) AppleWebKit/600.2.5 (KHTML, like Gecko) Version/8.0.2 Safari/600.2.5 (Amazonbot/0.1; +https://developer.amazon.com/support/amazonbot)"
3.224.220.101 - - [05/Mar/2024:08:34:55 +0100] "GET /entry.php?id=10271&ser=359338 HTTP/1.1" 200 934 "-" "Mozilla/5.0 (Macintosh; Intel Mac OS X 10_10_1) AppleWebKit/600.2.5 (KHTML, like Gecko) Version/8.0.2 Safari/600.2.5 (Amazonbot/0.1; +https://developer.amazon.com/support/amazonbot)"
52.70.240.171 - - [05/Mar/2024:08:34:59 +0100] "GET /entry.php?id=10271&ser=259896 HTTP/1.1" 200 934 "-" "Mozilla/5.0 (Macintosh; Intel Mac OS X 10_10_1) AppleWebKit/600.2.5 (KHTML, like Gecko) Version/8.0.2 Safari/600.2.5 (Amazonbot/0.1; +https://developer.amazon.com/support/amazonbot)"
52.70.240.171 - - [05/Mar/2024:08:35:03 +0100] "GET /entry.php?id=10271&ser=277112 HTTP/1.1" 200 934 "-" "Mozilla/5.0 (Macintosh; Intel Mac OS X 10_10_1) AppleWebKit/600.2.5 (KHTML, like Gecko) Version/8.0.2 Safari/600.2.5 (Amazonbot/0.1; +https://developer.amazon.com/support/amazonbot)"
52.70.240.171 - - [05/Mar/2024:08:35:07 +0100] "GET /entry.php?id=10271&ser=359277 HTTP/1.1" 200 934 "-" "Mozilla/5.0 (Macintosh; Intel Mac OS X 10_10_1) AppleWebKit/600.2.5 (KHTML, like Gecko) Version/8.0.2 Safari/600.2.5 (Amazonbot/0.1; +https://developer.amazon.com/support/amazonbot)"
23.22.35.162 - - [05/Mar/2024:08:35:12 +0100] "GET /entry.php?id=10271&ser=259834 HTTP/1.1" 200 934 "-" "Mozilla/5.0 (Macintosh; Intel Mac OS X 10_10_1) AppleWebKit/600.2.5 (KHTML, like Gecko) Version/8.0.2 Safari/600.2.5 (Amazonbot/0.1; +https://developer.amazon.com/support/amazonbot)"
3.224.220.101 - - [05/Mar/2024:08:35:15 +0100] "GET /entry.php?id=10271&ser=277051 HTTP/1.1" 200 935 "-" "Mozilla/5.0 (Macintosh; Intel Mac OS X 10_10_1) AppleWebKit/600.2.5 (KHTML, like Gecko) Version/8.0.2 Safari/600.2.5 (Amazonbot/0.1; +https://developer.amazon.com/support/amazonbot)"
178.165.191.142 - - [05/Mar/2024:08:35:16 +0100] "GET /entry.php?id=10271&&ser=624056 HTTP/1.1" 200 987 "http://hausegger.activities.at/entry.php?id=10271&&ser=623996" "Mozilla/5.0 (Windows NT 10.0; Win64; x64; rv:123.0) Gecko/20100101 Firefox/123.0"
178.165.191.142 - - [05/Mar/2024:08:35:16 +0100] "GET /gui/javascript/form_form.js?1709624116 HTTP/1.1" 200 16206 "http://hausegger.activities.at/entry.php?id=10271&&ser=624056" "Mozilla/5.0 (Windows NT 10.0; Win64; x64; rv:123.0) Gecko/20100101 Firefox/123.0"
23.22.35.162 - - [05/Mar/2024:08:35:19 +0100] "GET /entry.php?id=10271&ser=359217 HTTP/1.1" 200 935 "-" "Mozilla/5.0 (Macintosh; Intel Mac OS X 10_10_1) AppleWebKit/600.2.5 (KHTML, like Gecko) Version/8.0.2 Safari/600.2.5 (Amazonbot/0.1; +https://developer.amazon.com/support/amazonbot)"
3.224.220.101 - - [05/Mar/2024:08:35:23 +0100] "GET /entry.php?id=10271&ser=259773 HTTP/1.1" 200 934 "-" "Mozilla/5.0 (Macintosh; Intel Mac OS X 10_10_1) AppleWebKit/600.2.5 (KHTML, like Gecko) Version/8.0.2 Safari/600.2.5 (Amazonbot/0.1; +https://developer.amazon.com/support/amazonbot)"
52.70.240.171 - - [05/Mar/2024:08:35:27 +0100] "GET /entry.php?id=10271&ser=276990 HTTP/1.1" 200 934 "-" "Mozilla/5.0 (Macintosh; Intel Mac OS X 10_10_1) AppleWebKit/600.2.5 (KHTML, like Gecko) Version/8.0.2 Safari/600.2.5 (Amazonbot/0.1; +https://developer.amazon.com/support/amazonbot)"
52.70.240.171 - - [05/Mar/2024:08:35:31 +0100] "GET /entry.php?id=10271&ser=259712 HTTP/1.1" 200 934 "-" "Mozilla/5.0 (Macintosh; Intel Mac OS X 10_10_1) AppleWebKit/600.2.5 (KHTML, like Gecko) Version/8.0.2 Safari/600.2.5 (Amazonbot/0.1; +https://developer.amazon.com/support/amazonbot)"
23.22.35.162 - - [05/Mar/2024:08:35:37 +0100] "GET /entry.php?id=10271&ser=359156 HTTP/1.1" 200 934 "-" "Mozilla/5.0 (Macintosh; Intel Mac OS X 10_10_1) AppleWebKit/600.2.5 (KHTML, like Gecko) Version/8.0.2 Safari/600.2.5 (Amazonbot/0.1; +https://developer.amazon.com/support/amazonbot)"
23.22.35.162 - - [05/Mar/2024:08:35:40 +0100] "GET /entry.php?id=10271&ser=359095 HTTP/1.1" 200 934 "-" "Mozilla/5.0 (Macintosh; Intel Mac OS X 10_10_1) AppleWebKit/600.2.5 (KHTML, like Gecko) Version/8.0.2 Safari/600.2.5 (Amazonbot/0.1; +https://developer.amazon.com/support/amazonbot)"
3.224.220.101 - - [05/Mar/2024:08:35:43 +0100] "GET /entry.php?id=10271&ser=259652 HTTP/1.1" 200 934 "-" "Mozilla/5.0 (Macintosh; Intel Mac OS X 10_10_1) AppleWebKit/600.2.5 (KHTML, like Gecko) Version/8.0.2 Safari/600.2.5 (Amazonbot/0.1; +https://developer.amazon.com/support/amazonbot)"
3.224.220.101 - - [05/Mar/2024:08:35:47 +0100] "GET /entry.php?id=10271&ser=276929 HTTP/1.1" 200 934 "-" "Mozilla/5.0 (Macintosh; Intel Mac OS X 10_10_1) AppleWebKit/600.2.5 (KHTML, like Gecko) Version/8.0.2 Safari/600.2.5 (Amazonbot/0.1; +https://developer.amazon.com/support/amazonbot)"
3.224.220.101 - - [05/Mar/2024:08:35:51 +0100] "GET /entry.php?id=10271&ser=276868 HTTP/1.1" 200 933 "-" "Mozilla/5.0 (Macintosh; Intel Mac OS X 10_10_1) AppleWebKit/600.2.5 (KHTML, like Gecko) Version/8.0.2 Safari/600.2.5 (Amazonbot/0.1; +https://developer.amazon.com/support/amazonbot)"
52.70.240.171 - - [05/Mar/2024:08:35:55 +0100] "GET /entry.php?id=10271&ser=359035 HTTP/1.1" 200 934 "-" "Mozilla/5.0 (Macintosh; Intel Mac OS X 10_10_1) AppleWebKit/600.2.5 (KHTML, like Gecko) Version/8.0.2 Safari/600.2.5 (Amazonbot/0.1; +https://developer.amazon.com/support/amazonbot)"
52.70.240.171 - - [05/Mar/2024:08:35:59 +0100] "GET /entry.php?id=10271&ser=276806 HTTP/1.1" 200 934 "-" "Mozilla/5.0 (Macintosh; Intel Mac OS X 10_10_1) AppleWebKit/600.2.5 (KHTML, like Gecko) Version/8.0.2 Safari/600.2.5 (Amazonbot/0.1; +https://developer.amazon.com/support/amazonbot)"
3.224.220.101 - - [05/Mar/2024:08:36:04 +0100] "GET /entry.php?id=10271&ser=358974 HTTP/1.1" 200 934 "-" "Mozilla/5.0 (Macintosh; Intel Mac OS X 10_10_1) AppleWebKit/600.2.5 (KHTML, like Gecko) Version/8.0.2 Safari/600.2.5 (Amazonbot/0.1; +https://developer.amazon.com/support/amazonbot)"
3.224.220.101 - - [05/Mar/2024:08:36:07 +0100] "GET /entry.php?id=10271&ser=259590 HTTP/1.1" 200 934 "-" "Mozilla/5.0 (Macintosh; Intel Mac OS X 10_10_1) AppleWebKit/600.2.5 (KHTML, like Gecko) Version/8.0.2 Safari/600.2.5 (Amazonbot/0.1; +https://developer.amazon.com/support/amazonbot)"
52.70.240.171 - - [05/Mar/2024:08:36:11 +0100] "GET /entry.php?id=10271&ser=259528 HTTP/1.1" 200 934 "-" "Mozilla/5.0 (Macintosh; Intel Mac OS X 10_10_1) AppleWebKit/600.2.5 (KHTML, like Gecko) Version/8.0.2 Safari/600.2.5 (Amazonbot/0.1; +https://developer.amazon.com/support/amazonbot)"
52.70.240.171 - - [05/Mar/2024:08:36:15 +0100] "GET /entry.php?id=10271&ser=276744 HTTP/1.1" 200 934 "-" "Mozilla/5.0 (Macintosh; Intel Mac OS X 10_10_1) AppleWebKit/600.2.5 (KHTML, like Gecko) Version/8.0.2 Safari/600.2.5 (Amazonbot/0.1; +https://developer.amazon.com/support/amazonbot)"
178.165.191.142 - - [05/Mar/2024:08:36:17 +0100] "GET /entry.php?id=10271&&ser=624116 HTTP/1.1" 200 987 "http://hausegger.activities.at/entry.php?id=10271&&ser=624056" "Mozilla/5.0 (Windows NT 10.0; Win64; x64; rv:123.0) Gecko/20100101 Firefox/123.0"
178.165.191.142 - - [05/Mar/2024:08:36:17 +0100] "GET /gui/javascript/form_form.js?1709624177 HTTP/1.1" 200 16206 "http://hausegger.activities.at/entry.php?id=10271&&ser=624116" "Mozilla/5.0 (Windows NT 10.0; Win64; x64; rv:123.0) Gecko/20100101 Firefox/123.0"
23.22.35.162 - - [05/Mar/2024:08:36:19 +0100] "GET /entry.php?id=10271&ser=358912 HTTP/1.1" 200 934 "-" "Mozilla/5.0 (Macintosh; Intel Mac OS X 10_10_1) AppleWebKit/600.2.5 (KHTML, like Gecko) Version/8.0.2 Safari/600.2.5 (Amazonbot/0.1; +https://developer.amazon.com/support/amazonbot)"
52.70.240.171 - - [05/Mar/2024:08:36:23 +0100] "GET /entry.php?id=10271&ser=276683 HTTP/1.1" 200 934 "-" "Mozilla/5.0 (Macintosh; Intel Mac OS X 10_10_1) AppleWebKit/600.2.5 (KHTML, like Gecko) Version/8.0.2 Safari/600.2.5 (Amazonbot/0.1; +https://developer.amazon.com/support/amazonbot)"
3.224.220.101 - - [05/Mar/2024:08:36:28 +0100] "GET /entry.php?id=10271&ser=259467 HTTP/1.1" 200 933 "-" "Mozilla/5.0 (Macintosh; Intel Mac OS X 10_10_1) AppleWebKit/600.2.5 (KHTML, like Gecko) Version/8.0.2 Safari/600.2.5 (Amazonbot/0.1; +https://developer.amazon.com/support/amazonbot)"
