23.22.35.162 - - [05/Mar/2024:10:08:31 +0100] "GET /entry.php?id=10271&ser=788328 HTTP/1.1" 200 934 "-" "Mozilla/5.0 (Macintosh; Intel Mac OS X 10_10_1) AppleWebKit/600.2.5 (KHTML, like Gecko) Version/8.0.2 Safari/600.2.5 (Amazonbot/0.1; +https://developer.amazon.com/support/amazonbot)"
178.165.191.142 - - [05/Mar/2024:10:08:33 +0100] "GET /entry.php?id=10271&&ser=629653 HTTP/1.1" 200 987 "http://hausegger.activities.at/entry.php?id=10271&&ser=629593" "Mozilla/5.0 (Windows NT 10.0; Win64; x64; rv:123.0) Gecko/20100101 Firefox/123.0"
178.165.191.142 - - [05/Mar/2024:10:08:33 +0100] "GET /gui/javascript/form_form.js?1709629713 HTTP/1.1" 200 16206 "http://hausegger.activities.at/entry.php?id=10271&&ser=629653" "Mozilla/5.0 (Windows NT 10.0; Win64; x64; rv:123.0) Gecko/20100101 Firefox/123.0"
3.224.220.101 - - [05/Mar/2024:10:08:35 +0100] "GET /entry.php?id=10271&ser=885912 HTTP/1.1" 200 934 "-" "Mozilla/5.0 (Macintosh; Intel Mac OS X 10_10_1) AppleWebKit/600.2.5 (KHTML, like Gecko) Version/8.0.2 Safari/600.2.5 (Amazonbot/0.1; +https://developer.amazon.com/support/amazonbot)"
52.70.240.171 - - [05/Mar/2024:10:08:39 +0100] "GET /entry.php?id=10271&ser=773303 HTTP/1.1" 200 934 "-" "Mozilla/5.0 (Macintosh; Intel Mac OS X 10_10_1) AppleWebKit/600.2.5 (KHTML, like Gecko) Version/8.0.2 Safari/600.2.5 (Amazonbot/0.1; +https://developer.amazon.com/support/amazonbot)"
52.70.240.171 - - [05/Mar/2024:10:08:43 +0100] "GET /entry.php?id=10271&ser=788268 HTTP/1.1" 200 934 "-" "Mozilla/5.0 (Macintosh; Intel Mac OS X 10_10_1) AppleWebKit/600.2.5 (KHTML, like Gecko) Version/8.0.2 Safari/600.2.5 (Amazonbot/0.1; +https://developer.amazon.com/support/amazonbot)"
23.22.35.162 - - [05/Mar/2024:10:08:48 +0100] "GET /entry.php?id=10271&ser=885852 HTTP/1.1" 200 935 "-" "Mozilla/5.0 (Macintosh; Intel Mac OS X 10_10_1) AppleWebKit/600.2.5 (KHTML, like Gecko) Version/8.0.2 Safari/600.2.5 (Amazonbot/0.1; +https://developer.amazon.com/support/amazonbot)"
52.70.240.171 - - [05/Mar/2024:10:08:52 +0100] "GET /entry.php?id=10271&ser=773242 HTTP/1.1" 200 934 "-" "Mozilla/5.0 (Macintosh; Intel Mac OS X 10_10_1) AppleWebKit/600.2.5 (KHTML, like Gecko) Version/8.0.2 Safari/600.2.5 (Amazonbot/0.1; +https://developer.amazon.com/support/amazonbot)"
52.70.240.171 - - [05/Mar/2024:10:08:56 +0100] "GET /entry.php?id=10271&ser=885791 HTTP/1.1" 200 934 "-" "Mozilla/5.0 (Macintosh; Intel Mac OS X 10_10_1) AppleWebKit/600.2.5 (KHTML, like Gecko) Version/8.0.2 Safari/600.2.5 (Amazonbot/0.1; +https://developer.amazon.com/support/amazonbot)"
23.22.35.162 - - [05/Mar/2024:10:08:59 +0100] "GET /entry.php?id=10271&ser=788206 HTTP/1.1" 200 934 "-" "Mozilla/5.0 (Macintosh; Intel Mac OS X 10_10_1) AppleWebKit/600.2.5 (KHTML, like Gecko) Version/8.0.2 Safari/600.2.5 (Amazonbot/0.1; +https://developer.amazon.com/support/amazonbot)"
3.224.220.101 - - [05/Mar/2024:10:09:03 +0100] "GET /entry.php?id=10271&ser=788144 HTTP/1.1" 200 934 "-" "Mozilla/5.0 (Macintosh; Intel Mac OS X 10_10_1) AppleWebKit/600.2.5 (KHTML, like Gecko) Version/8.0.2 Safari/600.2.5 (Amazonbot/0.1; +https://developer.amazon.com/support/amazonbot)"
52.70.240.171 - - [05/Mar/2024:10:09:08 +0100] "GET /entry.php?id=10271&ser=885729 HTTP/1.1" 200 934 "-" "Mozilla/5.0 (Macintosh; Intel Mac OS X 10_10_1) AppleWebKit/600.2.5 (KHTML, like Gecko) Version/8.0.2 Safari/600.2.5 (Amazonbot/0.1; +https://developer.amazon.com/support/amazonbot)"
23.22.35.162 - - [05/Mar/2024:10:09:12 +0100] "GET /entry.php?id=10271&ser=773180 HTTP/1.1" 200 934 "-" "Mozilla/5.0 (Macintosh; Intel Mac OS X 10_10_1) AppleWebKit/600.2.5 (KHTML, like Gecko) Version/8.0.2 Safari/600.2.5 (Amazonbot/0.1; +https://developer.amazon.com/support/amazonbot)"
52.70.240.171 - - [05/Mar/2024:10:09:16 +0100] "GET /entry.php?id=10271&ser=885668 HTTP/1.1" 200 934 "-" "Mozilla/5.0 (Macintosh; Intel Mac OS X 10_10_1) AppleWebKit/600.2.5 (KHTML, like Gecko) Version/8.0.2 Safari/600.2.5 (Amazonbot/0.1; +https://developer.amazon.com/support/amazonbot)"
23.22.35.162 - - [05/Mar/2024:10:09:20 +0100] "GET /entry.php?id=10271&ser=773119 HTTP/1.1" 200 934 "-" "Mozilla/5.0 (Macintosh; Intel Mac OS X 10_10_1) AppleWebKit/600.2.5 (KHTML, like Gecko) Version/8.0.2 Safari/600.2.5 (Amazonbot/0.1; +https://developer.amazon.com/support/amazonbot)"
3.224.220.101 - - [05/Mar/2024:10:09:23 +0100] "GET /entry.php?id=10271&ser=788084 HTTP/1.1" 200 934 "-" "Mozilla/5.0 (Macintosh; Intel Mac OS X 10_10_1) AppleWebKit/600.2.5 (KHTML, like Gecko) Version/8.0.2 Safari/600.2.5 (Amazonbot/0.1; +https://developer.amazon.com/support/amazonbot)"
52.70.240.171 - - [05/Mar/2024:10:09:28 +0100] "GET /entry.php?id=10271&ser=885606 HTTP/1.1" 200 934 "-" "Mozilla/5.0 (Macintosh; Intel Mac OS X 10_10_1) AppleWebKit/600.2.5 (KHTML, like Gecko) Version/8.0.2 Safari/600.2.5 (Amazonbot/0.1; +https://developer.amazon.com/support/amazonbot)"
52.70.240.171 - - [05/Mar/2024:10:09:31 +0100] "GET /entry.php?id=10271&ser=773059 HTTP/1.1" 200 934 "-" "Mozilla/5.0 (Macintosh; Intel Mac OS X 10_10_1) AppleWebKit/600.2.5 (KHTML, like Gecko) Version/8.0.2 Safari/600.2.5 (Amazonbot/0.1; +https://developer.amazon.com/support/amazonbot)"
52.70.240.171 - - [05/Mar/2024:10:09:35 +0100] "GET /entry.php?id=10271&ser=788022 HTTP/1.1" 200 935 "-" "Mozilla/5.0 (Macintosh; Intel Mac OS X 10_10_1) AppleWebKit/600.2.5 (KHTML, like Gecko) Version/8.0.2 Safari/600.2.5 (Amazonbot/0.1; +https://developer.amazon.com/support/amazonbot)"
178.165.191.142 - - [05/Mar/2024:10:09:37 +0100] "GET /entry.php?id=10271&&ser=629713 HTTP/1.1" 200 987 "http://hausegger.activities.at/entry.php?id=10271&&ser=629653" "Mozilla/5.0 (Windows NT 10.0; Win64; x64; rv:123.0) Gecko/20100101 Firefox/123.0"
178.165.191.142 - - [05/Mar/2024:10:09:38 +0100] "GET /gui/javascript/form_form.js?1709629778 HTTP/1.1" 200 16206 "http://hausegger.activities.at/entry.php?id=10271&&ser=629713" "Mozilla/5.0 (Windows NT 10.0; Win64; x64; rv:123.0) Gecko/20100101 Firefox/123.0"
23.22.35.162 - - [05/Mar/2024:10:09:39 +0100] "GET /entry.php?id=10271&ser=885545 HTTP/1.1" 200 934 "-" "Mozilla/5.0 (Macintosh; Intel Mac OS X 10_10_1) AppleWebKit/600.2.5 (KHTML, like Gecko) Version/8.0.2 Safari/600.2.5 (Amazonbot/0.1; +https://developer.amazon.com/support/amazonbot)"
23.22.35.162 - - [05/Mar/2024:10:09:43 +0100] "GET /entry.php?id=10271&ser=772998 HTTP/1.1" 200 934 "-" "Mozilla/5.0 (Macintosh; Intel Mac OS X 10_10_1) AppleWebKit/600.2.5 (KHTML, like Gecko) Version/8.0.2 Safari/600.2.5 (Amazonbot/0.1; +https://developer.amazon.com/support/amazonbot)"
23.22.35.162 - - [05/Mar/2024:10:09:48 +0100] "GET /entry.php?id=10271&ser=787962 HTTP/1.1" 200 934 "-" "Mozilla/5.0 (Macintosh; Intel Mac OS X 10_10_1) AppleWebKit/600.2.5 (KHTML, like Gecko) Version/8.0.2 Safari/600.2.5 (Amazonbot/0.1; +https://developer.amazon.com/support/amazonbot)"
23.22.35.162 - - [05/Mar/2024:10:09:52 +0100] "GET /entry.php?id=10271&ser=885483 HTTP/1.1" 200 934 "-" "Mozilla/5.0 (Macintosh; Intel Mac OS X 10_10_1) AppleWebKit/600.2.5 (KHTML, like Gecko) Version/8.0.2 Safari/600.2.5 (Amazonbot/0.1; +https://developer.amazon.com/support/amazonbot)"
52.70.240.171 - - [05/Mar/2024:10:09:56 +0100] "GET /entry.php?id=10271&ser=772937 HTTP/1.1" 200 934 "-" "Mozilla/5.0 (Macintosh; Intel Mac OS X 10_10_1) AppleWebKit/600.2.5 (KHTML, like Gecko) Version/8.0.2 Safari/600.2.5 (Amazonbot/0.1; +https://developer.amazon.com/support/amazonbot)"
52.70.240.171 - - [05/Mar/2024:10:10:00 +0100] "GET /entry.php?id=10271&ser=885421 HTTP/1.1" 200 934 "-" "Mozilla/5.0 (Macintosh; Intel Mac OS X 10_10_1) AppleWebKit/600.2.5 (KHTML, like Gecko) Version/8.0.2 Safari/600.2.5 (Amazonbot/0.1; +https://developer.amazon.com/support/amazonbot)"
3.224.220.101 - - [05/Mar/2024:10:10:03 +0100] "GET /entry.php?id=10271&ser=772874 HTTP/1.1" 200 934 "-" "Mozilla/5.0 (Macintosh; Intel Mac OS X 10_10_1) AppleWebKit/600.2.5 (KHTML, like Gecko) Version/8.0.2 Safari/600.2.5 (Amazonbot/0.1; +https://developer.amazon.com/support/amazonbot)"
52.70.240.171 - - [05/Mar/2024:10:10:07 +0100] "GET /entry.php?id=10271&ser=787900 HTTP/1.1" 200 934 "-" "Mozilla/5.0 (Macintosh; Intel Mac OS X 10_10_1) AppleWebKit/600.2.5 (KHTML, like Gecko) Version/8.0.2 Safari/600.2.5 (Amazonbot/0.1; +https://developer.amazon.com/support/amazonbot)"
52.70.240.171 - - [05/Mar/2024:10:10:11 +0100] "GET /entry.php?id=10271&ser=787838 HTTP/1.1" 200 933 "-" "Mozilla/5.0 (Macintosh; Intel Mac OS X 10_10_1) AppleWebKit/600.2.5 (KHTML, like Gecko) Version/8.0.2 Safari/600.2.5 (Amazonbot/0.1; +https://developer.amazon.com/support/amazonbot)"
52.70.240.171 - - [05/Mar/2024:10:10:15 +0100] "GET /entry.php?id=10271&ser=885360 HTTP/1.1" 200 934 "-" "Mozilla/5.0 (Macintosh; Intel Mac OS X 10_10_1) AppleWebKit/600.2.5 (KHTML, like Gecko) Version/8.0.2 Safari/600.2.5 (Amazonbot/0.1; +https://developer.amazon.com/support/amazonbot)"
52.70.240.171 - - [05/Mar/2024:10:10:21 +0100] "GET /entry.php?id=10271&ser=772813 HTTP/1.1" 200 933 "-" "Mozilla/5.0 (Macintosh; Intel Mac OS X 10_10_1) AppleWebKit/600.2.5 (KHTML, like Gecko) Version/8.0.2 Safari/600.2.5 (Amazonbot/0.1; +https://developer.amazon.com/support/amazonbot)"
52.70.240.171 - - [05/Mar/2024:10:10:23 +0100] "GET /entry.php?id=10271&ser=787776 HTTP/1.1" 200 934 "-" "Mozilla/5.0 (Macintosh; Intel Mac OS X 10_10_1) AppleWebKit/600.2.5 (KHTML, like Gecko) Version/8.0.2 Safari/600.2.5 (Amazonbot/0.1; +https://developer.amazon.com/support/amazonbot)"
23.22.35.162 - - [05/Mar/2024:10:10:27 +0100] "GET /entry.php?id=10271&ser=885298 HTTP/1.1" 200 934 "-" "Mozilla/5.0 (Macintosh; Intel Mac OS X 10_10_1) AppleWebKit/600.2.5 (KHTML, like Gecko) Version/8.0.2 Safari/600.2.5 (Amazonbot/0.1; +https://developer.amazon.com/support/amazonbot)"
23.22.35.162 - - [05/Mar/2024:10:10:32 +0100] "GET /entry.php?id=10271&ser=772751 HTTP/1.1" 200 934 "-" "Mozilla/5.0 (Macintosh; Intel Mac OS X 10_10_1) AppleWebKit/600.2.5 (KHTML, like Gecko) Version/8.0.2 Safari/600.2.5 (Amazonbot/0.1; +https://developer.amazon.com/support/amazonbot)"
3.224.220.101 - - [05/Mar/2024:10:10:35 +0100] "GET /entry.php?id=10271&ser=885237 HTTP/1.1" 200 934 "-" "Mozilla/5.0 (Macintosh; Intel Mac OS X 10_10_1) AppleWebKit/600.2.5 (KHTML, like Gecko) Version/8.0.2 Safari/600.2.5 (Amazonbot/0.1; +https://developer.amazon.com/support/amazonbot)"
23.22.35.162 - - [05/Mar/2024:10:10:39 +0100] "GET /entry.php?id=10271&ser=772690 HTTP/1.1" 200 934 "-" "Mozilla/5.0 (Macintosh; Intel Mac OS X 10_10_1) AppleWebKit/600.2.5 (KHTML, like Gecko) Version/8.0.2 Safari/600.2.5 (Amazonbot/0.1; +https://developer.amazon.com/support/amazonbot)"
178.165.191.142 - - [05/Mar/2024:10:10:42 +0100] "GET /entry.php?id=10271&&ser=629778 HTTP/1.1" 200 987 "http://hausegger.activities.at/entry.php?id=10271&&ser=629713" "Mozilla/5.0 (Windows NT 10.0; Win64; x64; rv:123.0) Gecko/20100101 Firefox/123.0"
178.165.191.142 - - [05/Mar/2024:10:10:42 +0100] "GET /gui/javascript/form_form.js?1709629842 HTTP/1.1" 200 16206 "http://hausegger.activities.at/entry.php?id=10271&&ser=629778" "Mozilla/5.0 (Windows NT 10.0; Win64; x64; rv:123.0) Gecko/20100101 Firefox/123.0"
23.22.35.162 - - [05/Mar/2024:10:10:43 +0100] "GET /entry.php?id=10271&ser=787715 HTTP/1.1" 200 934 "-" "Mozilla/5.0 (Macintosh; Intel Mac OS X 10_10_1) AppleWebKit/600.2.5 (KHTML, like Gecko) Version/8.0.2 Safari/600.2.5 (Amazonbot/0.1; +https://developer.amazon.com/support/amazonbot)"
52.70.240.171 - - [05/Mar/2024:10:10:47 +0100] "GET /entry.php?id=10271&ser=885175 HTTP/1.1" 200 934 "-" "Mozilla/5.0 (Macintosh; Intel Mac OS X 10_10_1) AppleWebKit/600.2.5 (KHTML, like Gecko) Version/8.0.2 Safari/600.2.5 (Amazonbot/0.1; +https://developer.amazon.com/support/amazonbot)"
3.224.220.101 - - [05/Mar/2024:10:10:52 +0100] "GET /entry.php?id=10271&ser=772628 HTTP/1.1" 200 933 "-" "Mozilla/5.0 (Macintosh; Intel Mac OS X 10_10_1) AppleWebKit/600.2.5 (KHTML, like Gecko) Version/8.0.2 Safari/600.2.5 (Amazonbot/0.1; +https://developer.amazon.com/support/amazonbot)"
23.22.35.162 - - [05/Mar/2024:10:10:57 +0100] "GET /entry.php?id=10271&ser=885113 HTTP/1.1" 200 933 "-" "Mozilla/5.0 (Macintosh; Intel Mac OS X 10_10_1) AppleWebKit/600.2.5 (KHTML, like Gecko) Version/8.0.2 Safari/600.2.5 (Amazonbot/0.1; +https://developer.amazon.com/support/amazonbot)"
3.224.220.101 - - [05/Mar/2024:10:10:59 +0100] "GET /entry.php?id=10271&ser=772566 HTTP/1.1" 200 933 "-" "Mozilla/5.0 (Macintosh; Intel Mac OS X 10_10_1) AppleWebKit/600.2.5 (KHTML, like Gecko) Version/8.0.2 Safari/600.2.5 (Amazonbot/0.1; +https://developer.amazon.com/support/amazonbot)"
23.22.35.162 - - [05/Mar/2024:10:11:03 +0100] "GET /entry.php?id=10271&ser=885052 HTTP/1.1" 200 934 "-" "Mozilla/5.0 (Macintosh; Intel Mac OS X 10_10_1) AppleWebKit/600.2.5 (KHTML, like Gecko) Version/8.0.2 Safari/600.2.5 (Amazonbot/0.1; +https://developer.amazon.com/support/amazonbot)"
52.70.240.171 - - [05/Mar/2024:10:11:08 +0100] "GET /entry.php?id=10271&ser=772505 HTTP/1.1" 200 934 "-" "Mozilla/5.0 (Macintosh; Intel Mac OS X 10_10_1) AppleWebKit/600.2.5 (KHTML, like Gecko) Version/8.0.2 Safari/600.2.5 (Amazonbot/0.1; +https://developer.amazon.com/support/amazonbot)"
23.22.35.162 - - [05/Mar/2024:10:11:12 +0100] "GET /entry.php?id=10271&ser=787653 HTTP/1.1" 200 934 "-" "Mozilla/5.0 (Macintosh; Intel Mac OS X 10_10_1) AppleWebKit/600.2.5 (KHTML, like Gecko) Version/8.0.2 Safari/600.2.5 (Amazonbot/0.1; +https://developer.amazon.com/support/amazonbot)"
3.224.220.101 - - [05/Mar/2024:10:11:15 +0100] "GET /entry.php?id=10271&ser=884990 HTTP/1.1" 200 934 "-" "Mozilla/5.0 (Macintosh; Intel Mac OS X 10_10_1) AppleWebKit/600.2.5 (KHTML, like Gecko) Version/8.0.2 Safari/600.2.5 (Amazonbot/0.1; +https://developer.amazon.com/support/amazonbot)"
23.22.35.162 - - [05/Mar/2024:10:11:19 +0100] "GET /entry.php?id=10271&ser=772444 HTTP/1.1" 200 934 "-" "Mozilla/5.0 (Macintosh; Intel Mac OS X 10_10_1) AppleWebKit/600.2.5 (KHTML, like Gecko) Version/8.0.2 Safari/600.2.5 (Amazonbot/0.1; +https://developer.amazon.com/support/amazonbot)"
3.224.220.101 - - [05/Mar/2024:10:11:23 +0100] "GET /entry.php?id=10271&ser=787592 HTTP/1.1" 200 934 "-" "Mozilla/5.0 (Macintosh; Intel Mac OS X 10_10_1) AppleWebKit/600.2.5 (KHTML, like Gecko) Version/8.0.2 Safari/600.2.5 (Amazonbot/0.1; +https://developer.amazon.com/support/amazonbot)"
165.154.36.91 - - [05/Mar/2024:10:11:25 +0100] "GET / HTTP/1.1" 200 423 "-" "-"
23.22.35.162 - - [05/Mar/2024:10:11:28 +0100] "GET /entry.php?document=10269419&id=11270 HTTP/1.1" 200 2416 "-" "Mozilla/5.0 (Macintosh; Intel Mac OS X 10_10_1) AppleWebKit/600.2.5 (KHTML, like Gecko) Version/8.0.2 Safari/600.2.5 (Amazonbot/0.1; +https://developer.amazon.com/support/amazonbot)"
3.224.220.101 - - [05/Mar/2024:10:11:31 +0100] "GET /entry.php?document_id=10269419&id=10889 HTTP/1.1" 200 2418 "-" "Mozilla/5.0 (Macintosh; Intel Mac OS X 10_10_1) AppleWebKit/600.2.5 (KHTML, like Gecko) Version/8.0.2 Safari/600.2.5 (Amazonbot/0.1; +https://developer.amazon.com/support/amazonbot)"
3.224.220.101 - - [05/Mar/2024:10:11:35 +0100] "GET /entry.php?document=10269414&id=11270 HTTP/1.1" 200 2417 "-" "Mozilla/5.0 (Macintosh; Intel Mac OS X 10_10_1) AppleWebKit/600.2.5 (KHTML, like Gecko) Version/8.0.2 Safari/600.2.5 (Amazonbot/0.1; +https://developer.amazon.com/support/amazonbot)"
3.224.220.101 - - [05/Mar/2024:10:11:39 +0100] "GET /entry.php?document_id=10269414&id=10889 HTTP/1.1" 200 2418 "-" "Mozilla/5.0 (Macintosh; Intel Mac OS X 10_10_1) AppleWebKit/600.2.5 (KHTML, like Gecko) Version/8.0.2 Safari/600.2.5 (Amazonbot/0.1; +https://developer.amazon.com/support/amazonbot)"
52.70.240.171 - - [05/Mar/2024:10:11:44 +0100] "GET /entry.php?id=10676&title=Lagerstandorte HTTP/1.1" 200 2419 "-" "Mozilla/5.0 (Macintosh; Intel Mac OS X 10_10_1) AppleWebKit/600.2.5 (KHTML, like Gecko) Version/8.0.2 Safari/600.2.5 (Amazonbot/0.1; +https://developer.amazon.com/support/amazonbot)"
178.165.191.142 - - [05/Mar/2024:10:11:46 +0100] "GET /entry.php?id=10271&&ser=629842 HTTP/1.1" 200 987 "http://hausegger.activities.at/entry.php?id=10271&&ser=629778" "Mozilla/5.0 (Windows NT 10.0; Win64; x64; rv:123.0) Gecko/20100101 Firefox/123.0"
178.165.191.142 - - [05/Mar/2024:10:11:46 +0100] "GET /gui/javascript/form_form.js?1709629906 HTTP/1.1" 200 16206 "http://hausegger.activities.at/entry.php?id=10271&&ser=629842" "Mozilla/5.0 (Windows NT 10.0; Win64; x64; rv:123.0) Gecko/20100101 Firefox/123.0"
52.70.240.171 - - [05/Mar/2024:10:11:48 +0100] "GET /entry.php?document=10269408&id=11270 HTTP/1.1" 200 2419 "-" "Mozilla/5.0 (Macintosh; Intel Mac OS X 10_10_1) AppleWebKit/600.2.5 (KHTML, like Gecko) Version/8.0.2 Safari/600.2.5 (Amazonbot/0.1; +https://developer.amazon.com/support/amazonbot)"
23.22.35.162 - - [05/Mar/2024:10:11:51 +0100] "GET /entry.php?document_id=10269349&id=10889 HTTP/1.1" 200 2418 "-" "Mozilla/5.0 (Macintosh; Intel Mac OS X 10_10_1) AppleWebKit/600.2.5 (KHTML, like Gecko) Version/8.0.2 Safari/600.2.5 (Amazonbot/0.1; +https://developer.amazon.com/support/amazonbot)"
52.70.240.171 - - [05/Mar/2024:10:11:56 +0100] "GET /entry.php?account=&id=10830&mode=documentkreditor&object=10269337 HTTP/1.1" 200 2418 "-" "Mozilla/5.0 (Macintosh; Intel Mac OS X 10_10_1) AppleWebKit/600.2.5 (KHTML, like Gecko) Version/8.0.2 Safari/600.2.5 (Amazonbot/0.1; +https://developer.amazon.com/support/amazonbot)"
52.70.240.171 - - [05/Mar/2024:10:11:59 +0100] "GET /entry.php?account=&id=10830&mode=documentdebitor&object=10269396 HTTP/1.1" 200 2417 "-" "Mozilla/5.0 (Macintosh; Intel Mac OS X 10_10_1) AppleWebKit/600.2.5 (KHTML, like Gecko) Version/8.0.2 Safari/600.2.5 (Amazonbot/0.1; +https://developer.amazon.com/support/amazonbot)"
3.224.220.101 - - [05/Mar/2024:10:12:04 +0100] "GET /entry.php?account=&id=10830&mode=documentdebitor&object=10269391 HTTP/1.1" 200 2420 "-" "Mozilla/5.0 (Macintosh; Intel Mac OS X 10_10_1) AppleWebKit/600.2.5 (KHTML, like Gecko) Version/8.0.2 Safari/600.2.5 (Amazonbot/0.1; +https://developer.amazon.com/support/amazonbot)"
23.22.35.162 - - [05/Mar/2024:10:12:08 +0100] "GET /entry.php?id=10271&ser=884928 HTTP/1.1" 200 934 "-" "Mozilla/5.0 (Macintosh; Intel Mac OS X 10_10_1) AppleWebKit/600.2.5 (KHTML, like Gecko) Version/8.0.2 Safari/600.2.5 (Amazonbot/0.1; +https://developer.amazon.com/support/amazonbot)"
52.70.240.171 - - [05/Mar/2024:10:12:12 +0100] "GET /entry.php?id=10271&ser=772384 HTTP/1.1" 200 934 "-" "Mozilla/5.0 (Macintosh; Intel Mac OS X 10_10_1) AppleWebKit/600.2.5 (KHTML, like Gecko) Version/8.0.2 Safari/600.2.5 (Amazonbot/0.1; +https://developer.amazon.com/support/amazonbot)"
52.70.240.171 - - [05/Mar/2024:10:12:15 +0100] "GET /entry.php?id=10271&ser=787531 HTTP/1.1" 200 934 "-" "Mozilla/5.0 (Macintosh; Intel Mac OS X 10_10_1) AppleWebKit/600.2.5 (KHTML, like Gecko) Version/8.0.2 Safari/600.2.5 (Amazonbot/0.1; +https://developer.amazon.com/support/amazonbot)"
3.224.220.101 - - [05/Mar/2024:10:12:19 +0100] "GET /entry.php?id=10271&ser=884867 HTTP/1.1" 200 934 "-" "Mozilla/5.0 (Macintosh; Intel Mac OS X 10_10_1) AppleWebKit/600.2.5 (KHTML, like Gecko) Version/8.0.2 Safari/600.2.5 (Amazonbot/0.1; +https://developer.amazon.com/support/amazonbot)"
52.70.240.171 - - [05/Mar/2024:10:12:23 +0100] "GET /entry.php?id=10271&ser=884806 HTTP/1.1" 200 934 "-" "Mozilla/5.0 (Macintosh; Intel Mac OS X 10_10_1) AppleWebKit/600.2.5 (KHTML, like Gecko) Version/8.0.2 Safari/600.2.5 (Amazonbot/0.1; +https://developer.amazon.com/support/amazonbot)"
52.70.240.171 - - [05/Mar/2024:10:12:27 +0100] "GET /entry.php?id=10271&ser=787470 HTTP/1.1" 200 934 "-" "Mozilla/5.0 (Macintosh; Intel Mac OS X 10_10_1) AppleWebKit/600.2.5 (KHTML, like Gecko) Version/8.0.2 Safari/600.2.5 (Amazonbot/0.1; +https://developer.amazon.com/support/amazonbot)"
52.70.240.171 - - [05/Mar/2024:10:12:31 +0100] "GET /entry.php?id=10271&ser=772322 HTTP/1.1" 200 934 "-" "Mozilla/5.0 (Macintosh; Intel Mac OS X 10_10_1) AppleWebKit/600.2.5 (KHTML, like Gecko) Version/8.0.2 Safari/600.2.5 (Amazonbot/0.1; +https://developer.amazon.com/support/amazonbot)"
23.22.35.162 - - [05/Mar/2024:10:12:36 +0100] "GET /entry.php?id=10271&ser=884744 HTTP/1.1" 200 934 "-" "Mozilla/5.0 (Macintosh; Intel Mac OS X 10_10_1) AppleWebKit/600.2.5 (KHTML, like Gecko) Version/8.0.2 Safari/600.2.5 (Amazonbot/0.1; +https://developer.amazon.com/support/amazonbot)"
23.22.35.162 - - [05/Mar/2024:10:12:39 +0100] "GET /entry.php?id=10271&ser=787409 HTTP/1.1" 200 934 "-" "Mozilla/5.0 (Macintosh; Intel Mac OS X 10_10_1) AppleWebKit/600.2.5 (KHTML, like Gecko) Version/8.0.2 Safari/600.2.5 (Amazonbot/0.1; +https://developer.amazon.com/support/amazonbot)"
3.224.220.101 - - [05/Mar/2024:10:12:44 +0100] "GET /entry.php?id=10271&ser=772260 HTTP/1.1" 200 934 "-" "Mozilla/5.0 (Macintosh; Intel Mac OS X 10_10_1) AppleWebKit/600.2.5 (KHTML, like Gecko) Version/8.0.2 Safari/600.2.5 (Amazonbot/0.1; +https://developer.amazon.com/support/amazonbot)"
23.22.35.162 - - [05/Mar/2024:10:12:48 +0100] "GET /entry.php?id=10271&ser=787348 HTTP/1.1" 200 934 "-" "Mozilla/5.0 (Macintosh; Intel Mac OS X 10_10_1) AppleWebKit/600.2.5 (KHTML, like Gecko) Version/8.0.2 Safari/600.2.5 (Amazonbot/0.1; +https://developer.amazon.com/support/amazonbot)"
178.165.191.142 - - [05/Mar/2024:10:12:50 +0100] "GET /entry.php?id=10271&&ser=629906 HTTP/1.1" 200 987 "http://hausegger.activities.at/entry.php?id=10271&&ser=629842" "Mozilla/5.0 (Windows NT 10.0; Win64; x64; rv:123.0) Gecko/20100101 Firefox/123.0"
178.165.191.142 - - [05/Mar/2024:10:12:51 +0100] "GET /gui/javascript/form_form.js?1709629971 HTTP/1.1" 200 16206 "http://hausegger.activities.at/entry.php?id=10271&&ser=629906" "Mozilla/5.0 (Windows NT 10.0; Win64; x64; rv:123.0) Gecko/20100101 Firefox/123.0"
52.70.240.171 - - [05/Mar/2024:10:12:52 +0100] "GET /entry.php?id=10271&ser=884683 HTTP/1.1" 200 934 "-" "Mozilla/5.0 (Macintosh; Intel Mac OS X 10_10_1) AppleWebKit/600.2.5 (KHTML, like Gecko) Version/8.0.2 Safari/600.2.5 (Amazonbot/0.1; +https://developer.amazon.com/support/amazonbot)"
23.22.35.162 - - [05/Mar/2024:10:12:56 +0100] "GET /entry.php?id=10271&ser=772199 HTTP/1.1" 200 934 "-" "Mozilla/5.0 (Macintosh; Intel Mac OS X 10_10_1) AppleWebKit/600.2.5 (KHTML, like Gecko) Version/8.0.2 Safari/600.2.5 (Amazonbot/0.1; +https://developer.amazon.com/support/amazonbot)"
223.93.159.37 - - [05/Mar/2024:10:12:59 +0100] "GET /ucp.php?i=pm&folder=inbox&sid=bc5e47dde33b553504d50ac1d6c5dd71 HTTP/1.1" 404 290 "http://triadian.castlegem.co.uk/ucp.php?i=pm&folder=inbox&sid=bc5e47dde33b553504d50ac1d6c5dd71" "Mozilla/5.0 (Macintosh; Intel Mac OS X 10_15_7) AppleWebKit/537.36 (KHTML, like Gecko) Chrome/114.0.0.0 Safari/537.36"
52.70.240.171 - - [05/Mar/2024:10:13:01 +0100] "GET /entry.php?id=10271&ser=787288 HTTP/1.1" 200 933 "-" "Mozilla/5.0 (Macintosh; Intel Mac OS X 10_10_1) AppleWebKit/600.2.5 (KHTML, like Gecko) Version/8.0.2 Safari/600.2.5 (Amazonbot/0.1; +https://developer.amazon.com/support/amazonbot)"
23.22.35.162 - - [05/Mar/2024:10:13:03 +0100] "GET /entry.php?id=10271&ser=884621 HTTP/1.1" 200 934 "-" "Mozilla/5.0 (Macintosh; Intel Mac OS X 10_10_1) AppleWebKit/600.2.5 (KHTML, like Gecko) Version/8.0.2 Safari/600.2.5 (Amazonbot/0.1; +https://developer.amazon.com/support/amazonbot)"
3.224.220.101 - - [05/Mar/2024:10:13:07 +0100] "GET /entry.php?id=10271&ser=772137 HTTP/1.1" 200 934 "-" "Mozilla/5.0 (Macintosh; Intel Mac OS X 10_10_1) AppleWebKit/600.2.5 (KHTML, like Gecko) Version/8.0.2 Safari/600.2.5 (Amazonbot/0.1; +https://developer.amazon.com/support/amazonbot)"
3.224.220.101 - - [05/Mar/2024:10:13:11 +0100] "GET /entry.php?id=10271&ser=787226 HTTP/1.1" 200 933 "-" "Mozilla/5.0 (Macintosh; Intel Mac OS X 10_10_1) AppleWebKit/600.2.5 (KHTML, like Gecko) Version/8.0.2 Safari/600.2.5 (Amazonbot/0.1; +https://developer.amazon.com/support/amazonbot)"
52.70.240.171 - - [05/Mar/2024:10:13:16 +0100] "GET /entry.php?id=10271&ser=884559 HTTP/1.1" 200 934 "-" "Mozilla/5.0 (Macintosh; Intel Mac OS X 10_10_1) AppleWebKit/600.2.5 (KHTML, like Gecko) Version/8.0.2 Safari/600.2.5 (Amazonbot/0.1; +https://developer.amazon.com/support/amazonbot)"
23.22.35.162 - - [05/Mar/2024:10:13:20 +0100] "GET /entry.php?id=10271&ser=772076 HTTP/1.1" 200 933 "-" "Mozilla/5.0 (Macintosh; Intel Mac OS X 10_10_1) AppleWebKit/600.2.5 (KHTML, like Gecko) Version/8.0.2 Safari/600.2.5 (Amazonbot/0.1; +https://developer.amazon.com/support/amazonbot)"
23.22.35.162 - - [05/Mar/2024:10:13:23 +0100] "GET /entry.php?id=10271&ser=884497 HTTP/1.1" 200 934 "-" "Mozilla/5.0 (Macintosh; Intel Mac OS X 10_10_1) AppleWebKit/600.2.5 (KHTML, like Gecko) Version/8.0.2 Safari/600.2.5 (Amazonbot/0.1; +https://developer.amazon.com/support/amazonbot)"
52.70.240.171 - - [05/Mar/2024:10:13:27 +0100] "GET /entry.php?id=10271&ser=787165 HTTP/1.1" 200 934 "-" "Mozilla/5.0 (Macintosh; Intel Mac OS X 10_10_1) AppleWebKit/600.2.5 (KHTML, like Gecko) Version/8.0.2 Safari/600.2.5 (Amazonbot/0.1; +https://developer.amazon.com/support/amazonbot)"
3.224.220.101 - - [05/Mar/2024:10:13:31 +0100] "GET /entry.php?id=10271&ser=772015 HTTP/1.1" 200 933 "-" "Mozilla/5.0 (Macintosh; Intel Mac OS X 10_10_1) AppleWebKit/600.2.5 (KHTML, like Gecko) Version/8.0.2 Safari/600.2.5 (Amazonbot/0.1; +https://developer.amazon.com/support/amazonbot)"
52.70.240.171 - - [05/Mar/2024:10:13:36 +0100] "GET /entry.php?id=10271&ser=787103 HTTP/1.1" 200 934 "-" "Mozilla/5.0 (Macintosh; Intel Mac OS X 10_10_1) AppleWebKit/600.2.5 (KHTML, like Gecko) Version/8.0.2 Safari/600.2.5 (Amazonbot/0.1; +https://developer.amazon.com/support/amazonbot)"
23.22.35.162 - - [05/Mar/2024:10:13:40 +0100] "GET /entry.php?id=10271&ser=884436 HTTP/1.1" 200 934 "-" "Mozilla/5.0 (Macintosh; Intel Mac OS X 10_10_1) AppleWebKit/600.2.5 (KHTML, like Gecko) Version/8.0.2 Safari/600.2.5 (Amazonbot/0.1; +https://developer.amazon.com/support/amazonbot)"
52.70.240.171 - - [05/Mar/2024:10:13:43 +0100] "GET /entry.php?id=10271&ser=771954 HTTP/1.1" 200 934 "-" "Mozilla/5.0 (Macintosh; Intel Mac OS X 10_10_1) AppleWebKit/600.2.5 (KHTML, like Gecko) Version/8.0.2 Safari/600.2.5 (Amazonbot/0.1; +https://developer.amazon.com/support/amazonbot)"
3.224.220.101 - - [05/Mar/2024:10:13:47 +0100] "GET /entry.php?id=10271&ser=884374 HTTP/1.1" 200 934 "-" "Mozilla/5.0 (Macintosh; Intel Mac OS X 10_10_1) AppleWebKit/600.2.5 (KHTML, like Gecko) Version/8.0.2 Safari/600.2.5 (Amazonbot/0.1; +https://developer.amazon.com/support/amazonbot)"
52.70.240.171 - - [05/Mar/2024:10:13:52 +0100] "GET /entry.php?id=10271&ser=884313 HTTP/1.1" 200 934 "-" "Mozilla/5.0 (Macintosh; Intel Mac OS X 10_10_1) AppleWebKit/600.2.5 (KHTML, like Gecko) Version/8.0.2 Safari/600.2.5 (Amazonbot/0.1; +https://developer.amazon.com/support/amazonbot)"
185.165.169.131 - - [05/Mar/2024:10:13:53 +0100] "GET /.git/config HTTP/1.1" 404 356 "-" "fasthttp"
178.165.191.142 - - [05/Mar/2024:10:13:55 +0100] "GET /entry.php?id=10271&&ser=629971 HTTP/1.1" 200 987 "http://hausegger.activities.at/entry.php?id=10271&&ser=629906" "Mozilla/5.0 (Windows NT 10.0; Win64; x64; rv:123.0) Gecko/20100101 Firefox/123.0"
178.165.191.142 - - [05/Mar/2024:10:13:55 +0100] "GET /gui/javascript/form_form.js?1709630035 HTTP/1.1" 200 16206 "http://hausegger.activities.at/entry.php?id=10271&&ser=629971" "Mozilla/5.0 (Windows NT 10.0; Win64; x64; rv:123.0) Gecko/20100101 Firefox/123.0"
23.22.35.162 - - [05/Mar/2024:10:13:55 +0100] "GET /entry.php?id=10271&ser=771893 HTTP/1.1" 200 933 "-" "Mozilla/5.0 (Macintosh; Intel Mac OS X 10_10_1) AppleWebKit/600.2.5 (KHTML, like Gecko) Version/8.0.2 Safari/600.2.5 (Amazonbot/0.1; +https://developer.amazon.com/support/amazonbot)"
3.224.220.101 - - [05/Mar/2024:10:14:00 +0100] "GET /entry.php?id=10271&ser=884252 HTTP/1.1" 200 934 "-" "Mozilla/5.0 (Macintosh; Intel Mac OS X 10_10_1) AppleWebKit/600.2.5 (KHTML, like Gecko) Version/8.0.2 Safari/600.2.5 (Amazonbot/0.1; +https://developer.amazon.com/support/amazonbot)"
3.224.220.101 - - [05/Mar/2024:10:14:03 +0100] "GET /entry.php?id=10271&ser=771833 HTTP/1.1" 200 934 "-" "Mozilla/5.0 (Macintosh; Intel Mac OS X 10_10_1) AppleWebKit/600.2.5 (KHTML, like Gecko) Version/8.0.2 Safari/600.2.5 (Amazonbot/0.1; +https://developer.amazon.com/support/amazonbot)"
3.224.220.101 - - [05/Mar/2024:10:14:07 +0100] "GET /entry.php?id=10271&ser=787042 HTTP/1.1" 200 934 "-" "Mozilla/5.0 (Macintosh; Intel Mac OS X 10_10_1) AppleWebKit/600.2.5 (KHTML, like Gecko) Version/8.0.2 Safari/600.2.5 (Amazonbot/0.1; +https://developer.amazon.com/support/amazonbot)"
23.22.35.162 - - [05/Mar/2024:10:14:11 +0100] "GET /entry.php?id=10271&ser=884191 HTTP/1.1" 200 933 "-" "Mozilla/5.0 (Macintosh; Intel Mac OS X 10_10_1) AppleWebKit/600.2.5 (KHTML, like Gecko) Version/8.0.2 Safari/600.2.5 (Amazonbot/0.1; +https://developer.amazon.com/support/amazonbot)"
52.70.240.171 - - [05/Mar/2024:10:14:15 +0100] "GET /entry.php?id=10271&ser=771772 HTTP/1.1" 200 934 "-" "Mozilla/5.0 (Macintosh; Intel Mac OS X 10_10_1) AppleWebKit/600.2.5 (KHTML, like Gecko) Version/8.0.2 Safari/600.2.5 (Amazonbot/0.1; +https://developer.amazon.com/support/amazonbot)"
3.224.220.101 - - [05/Mar/2024:10:14:20 +0100] "GET /entry.php?id=10271&ser=884130 HTTP/1.1" 200 934 "-" "Mozilla/5.0 (Macintosh; Intel Mac OS X 10_10_1) AppleWebKit/600.2.5 (KHTML, like Gecko) Version/8.0.2 Safari/600.2.5 (Amazonbot/0.1; +https://developer.amazon.com/support/amazonbot)"
52.70.240.171 - - [05/Mar/2024:10:14:23 +0100] "GET /entry.php?id=10271&ser=771710 HTTP/1.1" 200 934 "-" "Mozilla/5.0 (Macintosh; Intel Mac OS X 10_10_1) AppleWebKit/600.2.5 (KHTML, like Gecko) Version/8.0.2 Safari/600.2.5 (Amazonbot/0.1; +https://developer.amazon.com/support/amazonbot)"
3.224.220.101 - - [05/Mar/2024:10:14:27 +0100] "GET /entry.php?id=10271&ser=884069 HTTP/1.1" 200 934 "-" "Mozilla/5.0 (Macintosh; Intel Mac OS X 10_10_1) AppleWebKit/600.2.5 (KHTML, like Gecko) Version/8.0.2 Safari/600.2.5 (Amazonbot/0.1; +https://developer.amazon.com/support/amazonbot)"
23.22.35.162 - - [05/Mar/2024:10:14:31 +0100] "GET /entry.php?id=10271&ser=884008 HTTP/1.1" 200 934 "-" "Mozilla/5.0 (Macintosh; Intel Mac OS X 10_10_1) AppleWebKit/600.2.5 (KHTML, like Gecko) Version/8.0.2 Safari/600.2.5 (Amazonbot/0.1; +https://developer.amazon.com/support/amazonbot)"
3.224.220.101 - - [05/Mar/2024:10:14:35 +0100] "GET /entry.php?id=10271&ser=771649 HTTP/1.1" 200 934 "-" "Mozilla/5.0 (Macintosh; Intel Mac OS X 10_10_1) AppleWebKit/600.2.5 (KHTML, like Gecko) Version/8.0.2 Safari/600.2.5 (Amazonbot/0.1; +https://developer.amazon.com/support/amazonbot)"
52.70.240.171 - - [05/Mar/2024:10:14:39 +0100] "GET /entry.php?id=10271&ser=771588 HTTP/1.1" 200 934 "-" "Mozilla/5.0 (Macintosh; Intel Mac OS X 10_10_1) AppleWebKit/600.2.5 (KHTML, like Gecko) Version/8.0.2 Safari/600.2.5 (Amazonbot/0.1; +https://developer.amazon.com/support/amazonbot)"
52.70.240.171 - - [05/Mar/2024:10:14:43 +0100] "GET /entry.php?id=10271&ser=883947 HTTP/1.1" 200 934 "-" "Mozilla/5.0 (Macintosh; Intel Mac OS X 10_10_1) AppleWebKit/600.2.5 (KHTML, like Gecko) Version/8.0.2 Safari/600.2.5 (Amazonbot/0.1; +https://developer.amazon.com/support/amazonbot)"
3.224.220.101 - - [05/Mar/2024:10:14:47 +0100] "GET /entry.php?id=10271&ser=771527 HTTP/1.1" 200 934 "-" "Mozilla/5.0 (Macintosh; Intel Mac OS X 10_10_1) AppleWebKit/600.2.5 (KHTML, like Gecko) Version/8.0.2 Safari/600.2.5 (Amazonbot/0.1; +https://developer.amazon.com/support/amazonbot)"
23.22.35.162 - - [05/Mar/2024:10:14:51 +0100] "GET /entry.php?id=10271&ser=883885 HTTP/1.1" 200 934 "-" "Mozilla/5.0 (Macintosh; Intel Mac OS X 10_10_1) AppleWebKit/600.2.5 (KHTML, like Gecko) Version/8.0.2 Safari/600.2.5 (Amazonbot/0.1; +https://developer.amazon.com/support/amazonbot)"
23.22.35.162 - - [05/Mar/2024:10:14:55 +0100] "GET /entry.php?id=10271&ser=771467 HTTP/1.1" 200 934 "-" "Mozilla/5.0 (Macintosh; Intel Mac OS X 10_10_1) AppleWebKit/600.2.5 (KHTML, like Gecko) Version/8.0.2 Safari/600.2.5 (Amazonbot/0.1; +https://developer.amazon.com/support/amazonbot)"
178.165.191.142 - - [05/Mar/2024:10:14:59 +0100] "GET /entry.php?id=10271&&ser=630035 HTTP/1.1" 200 987 "http://hausegger.activities.at/entry.php?id=10271&&ser=629971" "Mozilla/5.0 (Windows NT 10.0; Win64; x64; rv:123.0) Gecko/20100101 Firefox/123.0"
178.165.191.142 - - [05/Mar/2024:10:14:59 +0100] "GET /gui/javascript/form_form.js?1709630099 HTTP/1.1" 200 16206 "http://hausegger.activities.at/entry.php?id=10271&&ser=630035" "Mozilla/5.0 (Windows NT 10.0; Win64; x64; rv:123.0) Gecko/20100101 Firefox/123.0"
3.224.220.101 - - [05/Mar/2024:10:14:59 +0100] "GET /entry.php?id=10271&ser=771406 HTTP/1.1" 200 934 "-" "Mozilla/5.0 (Macintosh; Intel Mac OS X 10_10_1) AppleWebKit/600.2.5 (KHTML, like Gecko) Version/8.0.2 Safari/600.2.5 (Amazonbot/0.1; +https://developer.amazon.com/support/amazonbot)"
3.224.220.101 - - [05/Mar/2024:10:15:06 +0100] "GET /entry.php?id=10271&ser=771345 HTTP/1.1" 200 934 "-" "Mozilla/5.0 (Macintosh; Intel Mac OS X 10_10_1) AppleWebKit/600.2.5 (KHTML, like Gecko) Version/8.0.2 Safari/600.2.5 (Amazonbot/0.1; +https://developer.amazon.com/support/amazonbot)"
23.22.35.162 - - [05/Mar/2024:10:15:09 +0100] "GET /entry.php?id=10271&ser=771285 HTTP/1.1" 200 934 "-" "Mozilla/5.0 (Macintosh; Intel Mac OS X 10_10_1) AppleWebKit/600.2.5 (KHTML, like Gecko) Version/8.0.2 Safari/600.2.5 (Amazonbot/0.1; +https://developer.amazon.com/support/amazonbot)"
52.70.240.171 - - [05/Mar/2024:10:15:11 +0100] "GET /entry.php?id=10271&ser=883823 HTTP/1.1" 200 934 "-" "Mozilla/5.0 (Macintosh; Intel Mac OS X 10_10_1) AppleWebKit/600.2.5 (KHTML, like Gecko) Version/8.0.2 Safari/600.2.5 (Amazonbot/0.1; +https://developer.amazon.com/support/amazonbot)"
223.93.149.228 - - [05/Mar/2024:10:15:14 +0100] "GET /memberlist.php?mode=leaders&sid=2de9bcaadd946d16c007e34fa2a9b1bf HTTP/1.1" 404 295 "http://triadian.castlegem.co.uk/memberlist.php?mode=leaders&sid=2de9bcaadd946d16c007e34fa2a9b1bf" "Mozilla/5.0 (Macintosh; Intel Mac OS X 10_15_7) AppleWebKit/537.36 (KHTML, like Gecko) Chrome/114.0.0.0 Safari/537.36"
52.70.240.171 - - [05/Mar/2024:10:15:15 +0100] "GET /entry.php?id=10271&ser=771224 HTTP/1.1" 200 934 "-" "Mozilla/5.0 (Macintosh; Intel Mac OS X 10_10_1) AppleWebKit/600.2.5 (KHTML, like Gecko) Version/8.0.2 Safari/600.2.5 (Amazonbot/0.1; +https://developer.amazon.com/support/amazonbot)"
52.70.240.171 - - [05/Mar/2024:10:15:20 +0100] "GET /entry.php?id=10271&ser=883762 HTTP/1.1" 200 934 "-" "Mozilla/5.0 (Macintosh; Intel Mac OS X 10_10_1) AppleWebKit/600.2.5 (KHTML, like Gecko) Version/8.0.2 Safari/600.2.5 (Amazonbot/0.1; +https://developer.amazon.com/support/amazonbot)"
52.70.240.171 - - [05/Mar/2024:10:15:23 +0100] "GET /entry.php?id=10271&ser=771162 HTTP/1.1" 200 934 "-" "Mozilla/5.0 (Macintosh; Intel Mac OS X 10_10_1) AppleWebKit/600.2.5 (KHTML, like Gecko) Version/8.0.2 Safari/600.2.5 (Amazonbot/0.1; +https://developer.amazon.com/support/amazonbot)"
52.70.240.171 - - [05/Mar/2024:10:15:27 +0100] "GET /entry.php?id=10271&ser=771101 HTTP/1.1" 200 934 "-" "Mozilla/5.0 (Macintosh; Intel Mac OS X 10_10_1) AppleWebKit/600.2.5 (KHTML, like Gecko) Version/8.0.2 Safari/600.2.5 (Amazonbot/0.1; +https://developer.amazon.com/support/amazonbot)"
23.22.35.162 - - [05/Mar/2024:10:15:31 +0100] "GET /entry.php?id=10271&ser=771039 HTTP/1.1" 200 933 "-" "Mozilla/5.0 (Macintosh; Intel Mac OS X 10_10_1) AppleWebKit/600.2.5 (KHTML, like Gecko) Version/8.0.2 Safari/600.2.5 (Amazonbot/0.1; +https://developer.amazon.com/support/amazonbot)"
3.224.220.101 - - [05/Mar/2024:10:15:35 +0100] "GET /entry.php?id=10271&ser=770978 HTTP/1.1" 200 934 "-" "Mozilla/5.0 (Macintosh; Intel Mac OS X 10_10_1) AppleWebKit/600.2.5 (KHTML, like Gecko) Version/8.0.2 Safari/600.2.5 (Amazonbot/0.1; +https://developer.amazon.com/support/amazonbot)"
3.224.220.101 - - [05/Mar/2024:10:15:39 +0100] "GET /entry.php?id=10271&ser=770917 HTTP/1.1" 200 934 "-" "Mozilla/5.0 (Macintosh; Intel Mac OS X 10_10_1) AppleWebKit/600.2.5 (KHTML, like Gecko) Version/8.0.2 Safari/600.2.5 (Amazonbot/0.1; +https://developer.amazon.com/support/amazonbot)"
52.70.240.171 - - [05/Mar/2024:10:15:44 +0100] "GET /entry.php?id=10271&ser=770856 HTTP/1.1" 200 934 "-" "Mozilla/5.0 (Macintosh; Intel Mac OS X 10_10_1) AppleWebKit/600.2.5 (KHTML, like Gecko) Version/8.0.2 Safari/600.2.5 (Amazonbot/0.1; +https://developer.amazon.com/support/amazonbot)"
23.22.35.162 - - [05/Mar/2024:10:15:48 +0100] "GET /entry.php?id=10271&ser=770796 HTTP/1.1" 200 934 "-" "Mozilla/5.0 (Macintosh; Intel Mac OS X 10_10_1) AppleWebKit/600.2.5 (KHTML, like Gecko) Version/8.0.2 Safari/600.2.5 (Amazonbot/0.1; +https://developer.amazon.com/support/amazonbot)"
3.224.220.101 - - [05/Mar/2024:10:15:51 +0100] "GET /entry.php?id=10271&ser=770735 HTTP/1.1" 200 934 "-" "Mozilla/5.0 (Macintosh; Intel Mac OS X 10_10_1) AppleWebKit/600.2.5 (KHTML, like Gecko) Version/8.0.2 Safari/600.2.5 (Amazonbot/0.1; +https://developer.amazon.com/support/amazonbot)"
52.70.240.171 - - [05/Mar/2024:10:15:56 +0100] "GET /entry.php?id=10271&ser=770674 HTTP/1.1" 200 934 "-" "Mozilla/5.0 (Macintosh; Intel Mac OS X 10_10_1) AppleWebKit/600.2.5 (KHTML, like Gecko) Version/8.0.2 Safari/600.2.5 (Amazonbot/0.1; +https://developer.amazon.com/support/amazonbot)"
52.70.240.171 - - [05/Mar/2024:10:15:59 +0100] "GET /entry.php?id=10271&ser=770613 HTTP/1.1" 200 934 "-" "Mozilla/5.0 (Macintosh; Intel Mac OS X 10_10_1) AppleWebKit/600.2.5 (KHTML, like Gecko) Version/8.0.2 Safari/600.2.5 (Amazonbot/0.1; +https://developer.amazon.com/support/amazonbot)"
178.165.191.142 - - [05/Mar/2024:10:16:03 +0100] "GET /entry.php?id=10271&&ser=630099 HTTP/1.1" 200 987 "http://hausegger.activities.at/entry.php?id=10271&&ser=630035" "Mozilla/5.0 (Windows NT 10.0; Win64; x64; rv:123.0) Gecko/20100101 Firefox/123.0"
178.165.191.142 - - [05/Mar/2024:10:16:04 +0100] "GET /gui/javascript/form_form.js?1709630164 HTTP/1.1" 200 16206 "http://hausegger.activities.at/entry.php?id=10271&&ser=630099" "Mozilla/5.0 (Windows NT 10.0; Win64; x64; rv:123.0) Gecko/20100101 Firefox/123.0"
23.22.35.162 - - [05/Mar/2024:10:16:04 +0100] "GET /entry.php?id=10271&ser=770551 HTTP/1.1" 200 934 "-" "Mozilla/5.0 (Macintosh; Intel Mac OS X 10_10_1) AppleWebKit/600.2.5 (KHTML, like Gecko) Version/8.0.2 Safari/600.2.5 (Amazonbot/0.1; +https://developer.amazon.com/support/amazonbot)"
3.224.220.101 - - [05/Mar/2024:10:16:07 +0100] "GET /entry.php?id=10271&ser=770489 HTTP/1.1" 200 934 "-" "Mozilla/5.0 (Macintosh; Intel Mac OS X 10_10_1) AppleWebKit/600.2.5 (KHTML, like Gecko) Version/8.0.2 Safari/600.2.5 (Amazonbot/0.1; +https://developer.amazon.com/support/amazonbot)"
3.224.220.101 - - [05/Mar/2024:10:16:11 +0100] "GET /entry.php?id=10271&ser=883701 HTTP/1.1" 200 934 "-" "Mozilla/5.0 (Macintosh; Intel Mac OS X 10_10_1) AppleWebKit/600.2.5 (KHTML, like Gecko) Version/8.0.2 Safari/600.2.5 (Amazonbot/0.1; +https://developer.amazon.com/support/amazonbot)"
52.70.240.171 - - [05/Mar/2024:10:16:15 +0100] "GET /entry.php?id=10271&ser=883639 HTTP/1.1" 200 934 "-" "Mozilla/5.0 (Macintosh; Intel Mac OS X 10_10_1) AppleWebKit/600.2.5 (KHTML, like Gecko) Version/8.0.2 Safari/600.2.5 (Amazonbot/0.1; +https://developer.amazon.com/support/amazonbot)"
3.224.220.101 - - [05/Mar/2024:10:16:19 +0100] "GET /entry.php?id=10271&ser=770428 HTTP/1.1" 200 934 "-" "Mozilla/5.0 (Macintosh; Intel Mac OS X 10_10_1) AppleWebKit/600.2.5 (KHTML, like Gecko) Version/8.0.2 Safari/600.2.5 (Amazonbot/0.1; +https://developer.amazon.com/support/amazonbot)"
23.22.35.162 - - [05/Mar/2024:10:16:23 +0100] "GET /entry.php?id=10271&ser=883578 HTTP/1.1" 200 934 "-" "Mozilla/5.0 (Macintosh; Intel Mac OS X 10_10_1) AppleWebKit/600.2.5 (KHTML, like Gecko) Version/8.0.2 Safari/600.2.5 (Amazonbot/0.1; +https://developer.amazon.com/support/amazonbot)"
3.224.220.101 - - [05/Mar/2024:10:16:28 +0100] "GET /entry.php?id=10271&ser=770366 HTTP/1.1" 200 932 "-" "Mozilla/5.0 (Macintosh; Intel Mac OS X 10_10_1) AppleWebKit/600.2.5 (KHTML, like Gecko) Version/8.0.2 Safari/600.2.5 (Amazonbot/0.1; +https://developer.amazon.com/support/amazonbot)"
3.224.220.101 - - [05/Mar/2024:10:16:31 +0100] "GET /entry.php?id=10271&ser=883516 HTTP/1.1" 200 934 "-" "Mozilla/5.0 (Macintosh; Intel Mac OS X 10_10_1) AppleWebKit/600.2.5 (KHTML, like Gecko) Version/8.0.2 Safari/600.2.5 (Amazonbot/0.1; +https://developer.amazon.com/support/amazonbot)"
52.70.240.171 - - [05/Mar/2024:10:16:36 +0100] "GET /entry.php?id=10271&ser=770304 HTTP/1.1" 200 934 "-" "Mozilla/5.0 (Macintosh; Intel Mac OS X 10_10_1) AppleWebKit/600.2.5 (KHTML, like Gecko) Version/8.0.2 Safari/600.2.5 (Amazonbot/0.1; +https://developer.amazon.com/support/amazonbot)"
3.224.220.101 - - [05/Mar/2024:10:16:39 +0100] "GET /entry.php?id=10271&ser=770243 HTTP/1.1" 200 934 "-" "Mozilla/5.0 (Macintosh; Intel Mac OS X 10_10_1) AppleWebKit/600.2.5 (KHTML, like Gecko) Version/8.0.2 Safari/600.2.5 (Amazonbot/0.1; +https://developer.amazon.com/support/amazonbot)"
23.22.35.162 - - [05/Mar/2024:10:16:44 +0100] "GET /entry.php?id=10271&ser=883454 HTTP/1.1" 200 934 "-" "Mozilla/5.0 (Macintosh; Intel Mac OS X 10_10_1) AppleWebKit/600.2.5 (KHTML, like Gecko) Version/8.0.2 Safari/600.2.5 (Amazonbot/0.1; +https://developer.amazon.com/support/amazonbot)"
3.224.220.101 - - [05/Mar/2024:10:16:47 +0100] "GET /entry.php?id=10271&ser=770181 HTTP/1.1" 200 934 "-" "Mozilla/5.0 (Macintosh; Intel Mac OS X 10_10_1) AppleWebKit/600.2.5 (KHTML, like Gecko) Version/8.0.2 Safari/600.2.5 (Amazonbot/0.1; +https://developer.amazon.com/support/amazonbot)"
3.224.220.101 - - [05/Mar/2024:10:16:51 +0100] "GET /entry.php?id=10271&ser=883393 HTTP/1.1" 200 934 "-" "Mozilla/5.0 (Macintosh; Intel Mac OS X 10_10_1) AppleWebKit/600.2.5 (KHTML, like Gecko) Version/8.0.2 Safari/600.2.5 (Amazonbot/0.1; +https://developer.amazon.com/support/amazonbot)"
3.224.220.101 - - [05/Mar/2024:10:16:55 +0100] "GET /entry.php?id=10271&ser=770119 HTTP/1.1" 200 934 "-" "Mozilla/5.0 (Macintosh; Intel Mac OS X 10_10_1) AppleWebKit/600.2.5 (KHTML, like Gecko) Version/8.0.2 Safari/600.2.5 (Amazonbot/0.1; +https://developer.amazon.com/support/amazonbot)"
52.70.240.171 - - [05/Mar/2024:10:16:59 +0100] "GET /entry.php?id=10271&ser=883333 HTTP/1.1" 200 934 "-" "Mozilla/5.0 (Macintosh; Intel Mac OS X 10_10_1) AppleWebKit/600.2.5 (KHTML, like Gecko) Version/8.0.2 Safari/600.2.5 (Amazonbot/0.1; +https://developer.amazon.com/support/amazonbot)"
23.22.35.162 - - [05/Mar/2024:10:17:04 +0100] "GET /entry.php?id=10271&ser=770058 HTTP/1.1" 200 934 "-" "Mozilla/5.0 (Macintosh; Intel Mac OS X 10_10_1) AppleWebKit/600.2.5 (KHTML, like Gecko) Version/8.0.2 Safari/600.2.5 (Amazonbot/0.1; +https://developer.amazon.com/support/amazonbot)"
23.22.35.162 - - [05/Mar/2024:10:17:07 +0100] "GET /entry.php?id=10271&ser=883272 HTTP/1.1" 200 934 "-" "Mozilla/5.0 (Macintosh; Intel Mac OS X 10_10_1) AppleWebKit/600.2.5 (KHTML, like Gecko) Version/8.0.2 Safari/600.2.5 (Amazonbot/0.1; +https://developer.amazon.com/support/amazonbot)"
178.165.191.142 - - [05/Mar/2024:10:17:08 +0100] "GET /entry.php?id=10271&&ser=630164 HTTP/1.1" 200 987 "http://hausegger.activities.at/entry.php?id=10271&&ser=630099" "Mozilla/5.0 (Windows NT 10.0; Win64; x64; rv:123.0) Gecko/20100101 Firefox/123.0"
178.165.191.142 - - [05/Mar/2024:10:17:08 +0100] "GET /gui/javascript/form_form.js?1709630228 HTTP/1.1" 200 16206 "http://hausegger.activities.at/entry.php?id=10271&&ser=630164" "Mozilla/5.0 (Windows NT 10.0; Win64; x64; rv:123.0) Gecko/20100101 Firefox/123.0"
23.22.35.162 - - [05/Mar/2024:10:17:11 +0100] "GET /entry.php?id=10271&ser=769997 HTTP/1.1" 200 933 "-" "Mozilla/5.0 (Macintosh; Intel Mac OS X 10_10_1) AppleWebKit/600.2.5 (KHTML, like Gecko) Version/8.0.2 Safari/600.2.5 (Amazonbot/0.1; +https://developer.amazon.com/support/amazonbot)"
23.22.35.162 - - [05/Mar/2024:10:17:15 +0100] "GET /entry.php?id=10271&ser=883210 HTTP/1.1" 200 934 "-" "Mozilla/5.0 (Macintosh; Intel Mac OS X 10_10_1) AppleWebKit/600.2.5 (KHTML, like Gecko) Version/8.0.2 Safari/600.2.5 (Amazonbot/0.1; +https://developer.amazon.com/support/amazonbot)"
52.70.240.171 - - [05/Mar/2024:10:17:19 +0100] "GET /entry.php?id=10271&ser=769937 HTTP/1.1" 200 934 "-" "Mozilla/5.0 (Macintosh; Intel Mac OS X 10_10_1) AppleWebKit/600.2.5 (KHTML, like Gecko) Version/8.0.2 Safari/600.2.5 (Amazonbot/0.1; +https://developer.amazon.com/support/amazonbot)"
23.22.35.162 - - [05/Mar/2024:10:17:23 +0100] "GET /entry.php?id=10271&ser=883148 HTTP/1.1" 200 934 "-" "Mozilla/5.0 (Macintosh; Intel Mac OS X 10_10_1) AppleWebKit/600.2.5 (KHTML, like Gecko) Version/8.0.2 Safari/600.2.5 (Amazonbot/0.1; +https://developer.amazon.com/support/amazonbot)"
23.22.35.162 - - [05/Mar/2024:10:17:27 +0100] "GET /entry.php?id=10271&ser=769876 HTTP/1.1" 200 934 "-" "Mozilla/5.0 (Macintosh; Intel Mac OS X 10_10_1) AppleWebKit/600.2.5 (KHTML, like Gecko) Version/8.0.2 Safari/600.2.5 (Amazonbot/0.1; +https://developer.amazon.com/support/amazonbot)"
52.70.240.171 - - [05/Mar/2024:10:17:32 +0100] "GET /entry.php?id=10271&ser=883087 HTTP/1.1" 200 933 "-" "Mozilla/5.0 (Macintosh; Intel Mac OS X 10_10_1) AppleWebKit/600.2.5 (KHTML, like Gecko) Version/8.0.2 Safari/600.2.5 (Amazonbot/0.1; +https://developer.amazon.com/support/amazonbot)"
23.22.35.162 - - [05/Mar/2024:10:17:36 +0100] "GET /entry.php?id=10271&ser=883026 HTTP/1.1" 200 934 "-" "Mozilla/5.0 (Macintosh; Intel Mac OS X 10_10_1) AppleWebKit/600.2.5 (KHTML, like Gecko) Version/8.0.2 Safari/600.2.5 (Amazonbot/0.1; +https://developer.amazon.com/support/amazonbot)"
3.224.220.101 - - [05/Mar/2024:10:17:40 +0100] "GET /entry.php?id=10271&ser=882964 HTTP/1.1" 200 934 "-" "Mozilla/5.0 (Macintosh; Intel Mac OS X 10_10_1) AppleWebKit/600.2.5 (KHTML, like Gecko) Version/8.0.2 Safari/600.2.5 (Amazonbot/0.1; +https://developer.amazon.com/support/amazonbot)"
23.22.35.162 - - [05/Mar/2024:10:17:44 +0100] "GET /entry.php?id=10271&ser=769814 HTTP/1.1" 200 934 "-" "Mozilla/5.0 (Macintosh; Intel Mac OS X 10_10_1) AppleWebKit/600.2.5 (KHTML, like Gecko) Version/8.0.2 Safari/600.2.5 (Amazonbot/0.1; +https://developer.amazon.com/support/amazonbot)"
52.70.240.171 - - [05/Mar/2024:10:17:48 +0100] "GET /entry.php?id=10271&ser=882903 HTTP/1.1" 200 934 "-" "Mozilla/5.0 (Macintosh; Intel Mac OS X 10_10_1) AppleWebKit/600.2.5 (KHTML, like Gecko) Version/8.0.2 Safari/600.2.5 (Amazonbot/0.1; +https://developer.amazon.com/support/amazonbot)"
52.70.240.171 - - [05/Mar/2024:10:17:51 +0100] "GET /entry.php?id=10271&ser=882841 HTTP/1.1" 200 933 "-" "Mozilla/5.0 (Macintosh; Intel Mac OS X 10_10_1) AppleWebKit/600.2.5 (KHTML, like Gecko) Version/8.0.2 Safari/600.2.5 (Amazonbot/0.1; +https://developer.amazon.com/support/amazonbot)"
52.70.240.171 - - [05/Mar/2024:10:17:55 +0100] "GET /entry.php?id=10271&ser=882780 HTTP/1.1" 200 934 "-" "Mozilla/5.0 (Macintosh; Intel Mac OS X 10_10_1) AppleWebKit/600.2.5 (KHTML, like Gecko) Version/8.0.2 Safari/600.2.5 (Amazonbot/0.1; +https://developer.amazon.com/support/amazonbot)"
52.70.240.171 - - [05/Mar/2024:10:17:59 +0100] "GET /entry.php?id=10271&ser=769752 HTTP/1.1" 200 934 "-" "Mozilla/5.0 (Macintosh; Intel Mac OS X 10_10_1) AppleWebKit/600.2.5 (KHTML, like Gecko) Version/8.0.2 Safari/600.2.5 (Amazonbot/0.1; +https://developer.amazon.com/support/amazonbot)"
3.224.220.101 - - [05/Mar/2024:10:18:08 +0100] "GET /entry.php?id=10271&ser=882719 HTTP/1.1" 200 934 "-" "Mozilla/5.0 (Macintosh; Intel Mac OS X 10_10_1) AppleWebKit/600.2.5 (KHTML, like Gecko) Version/8.0.2 Safari/600.2.5 (Amazonbot/0.1; +https://developer.amazon.com/support/amazonbot)"
3.224.220.101 - - [05/Mar/2024:10:18:09 +0100] "GET /entry.php?id=10271&ser=882657 HTTP/1.1" 200 934 "-" "Mozilla/5.0 (Macintosh; Intel Mac OS X 10_10_1) AppleWebKit/600.2.5 (KHTML, like Gecko) Version/8.0.2 Safari/600.2.5 (Amazonbot/0.1; +https://developer.amazon.com/support/amazonbot)"
3.224.220.101 - - [05/Mar/2024:10:18:11 +0100] "GET /entry.php?id=10271&ser=882595 HTTP/1.1" 200 934 "-" "Mozilla/5.0 (Macintosh; Intel Mac OS X 10_10_1) AppleWebKit/600.2.5 (KHTML, like Gecko) Version/8.0.2 Safari/600.2.5 (Amazonbot/0.1; +https://developer.amazon.com/support/amazonbot)"
178.165.191.142 - - [05/Mar/2024:10:18:12 +0100] "GET /entry.php?id=10271&&ser=630228 HTTP/1.1" 200 987 "http://hausegger.activities.at/entry.php?id=10271&&ser=630164" "Mozilla/5.0 (Windows NT 10.0; Win64; x64; rv:123.0) Gecko/20100101 Firefox/123.0"
178.165.191.142 - - [05/Mar/2024:10:18:12 +0100] "GET /gui/javascript/form_form.js?1709630292 HTTP/1.1" 200 16206 "http://hausegger.activities.at/entry.php?id=10271&&ser=630228" "Mozilla/5.0 (Windows NT 10.0; Win64; x64; rv:123.0) Gecko/20100101 Firefox/123.0"
3.224.220.101 - - [05/Mar/2024:10:18:15 +0100] "GET /entry.php?id=10271&ser=882534 HTTP/1.1" 200 934 "-" "Mozilla/5.0 (Macintosh; Intel Mac OS X 10_10_1) AppleWebKit/600.2.5 (KHTML, like Gecko) Version/8.0.2 Safari/600.2.5 (Amazonbot/0.1; +https://developer.amazon.com/support/amazonbot)"
23.22.35.162 - - [05/Mar/2024:10:18:19 +0100] "GET /entry.php?id=10271&ser=882472 HTTP/1.1" 200 934 "-" "Mozilla/5.0 (Macintosh; Intel Mac OS X 10_10_1) AppleWebKit/600.2.5 (KHTML, like Gecko) Version/8.0.2 Safari/600.2.5 (Amazonbot/0.1; +https://developer.amazon.com/support/amazonbot)"
52.70.240.171 - - [05/Mar/2024:10:18:23 +0100] "GET /entry.php?id=10271&ser=882411 HTTP/1.1" 200 934 "-" "Mozilla/5.0 (Macintosh; Intel Mac OS X 10_10_1) AppleWebKit/600.2.5 (KHTML, like Gecko) Version/8.0.2 Safari/600.2.5 (Amazonbot/0.1; +https://developer.amazon.com/support/amazonbot)"
52.70.240.171 - - [05/Mar/2024:10:18:27 +0100] "GET /entry.php?id=10271&ser=882349 HTTP/1.1" 200 934 "-" "Mozilla/5.0 (Macintosh; Intel Mac OS X 10_10_1) AppleWebKit/600.2.5 (KHTML, like Gecko) Version/8.0.2 Safari/600.2.5 (Amazonbot/0.1; +https://developer.amazon.com/support/amazonbot)"
23.22.35.162 - - [05/Mar/2024:10:18:32 +0100] "GET /entry.php?id=10271&ser=882288 HTTP/1.1" 200 934 "-" "Mozilla/5.0 (Macintosh; Intel Mac OS X 10_10_1) AppleWebKit/600.2.5 (KHTML, like Gecko) Version/8.0.2 Safari/600.2.5 (Amazonbot/0.1; +https://developer.amazon.com/support/amazonbot)"
