18.221.165.246 - - [16/Apr/2024:17:32:54 +0200] "GET /posting.php?mode=reply&f=8&t=554&sid=78b56b319420e8de3ea07af8bc237243 HTTP/1.1" 404 367 "-" "claudebot"
91.141.41.251 - - [16/Apr/2024:17:33:17 +0200] "GET /entry.php?id=10271&&ser=281536 HTTP/1.1" 200 987 "http://hausegger.activities.at/entry.php?id=10271&&ser=281475" "Mozilla/5.0 (Windows NT 10.0; Win64; x64) AppleWebKit/537.36 (KHTML, like Gecko) Chrome/123.0.0.0 Safari/537.36"
91.141.41.251 - - [16/Apr/2024:17:33:17 +0200] "GET /gui/javascript/form_form.js?1713281597 HTTP/1.1" 200 16206 "http://hausegger.activities.at/entry.php?id=10271&&ser=281536" "Mozilla/5.0 (Windows NT 10.0; Win64; x64) AppleWebKit/537.36 (KHTML, like Gecko) Chrome/123.0.0.0 Safari/537.36"
91.141.41.251 - - [16/Apr/2024:17:33:29 +0200] "GET /entry.php?id=10271&&ser=281549 HTTP/1.1" 200 987 "http://hausegger.activities.at/entry.php?id=10271&&ser=281489" "Mozilla/5.0 (Windows NT 10.0; Win64; x64; rv:124.0) Gecko/20100101 Firefox/124.0"
91.141.41.251 - - [16/Apr/2024:17:33:30 +0200] "GET /gui/javascript/form_form.js?1713281609 HTTP/1.1" 200 16206 "http://hausegger.activities.at/entry.php?id=10271&&ser=281549" "Mozilla/5.0 (Windows NT 10.0; Win64; x64; rv:124.0) Gecko/20100101 Firefox/124.0"
91.141.41.251 - - [16/Apr/2024:17:34:18 +0200] "GET /entry.php?id=10271&&ser=281597 HTTP/1.1" 200 987 "http://hausegger.activities.at/entry.php?id=10271&&ser=281536" "Mozilla/5.0 (Windows NT 10.0; Win64; x64) AppleWebKit/537.36 (KHTML, like Gecko) Chrome/123.0.0.0 Safari/537.36"
91.141.41.251 - - [16/Apr/2024:17:34:18 +0200] "GET /gui/javascript/form_form.js?1713281658 HTTP/1.1" 200 16206 "http://hausegger.activities.at/entry.php?id=10271&&ser=281597" "Mozilla/5.0 (Windows NT 10.0; Win64; x64) AppleWebKit/537.36 (KHTML, like Gecko) Chrome/123.0.0.0 Safari/537.36"
3.133.146.143 - - [16/Apr/2024:17:34:20 +0200] "GET /robots.txt HTTP/1.1" 404 366 "-" "claudebot"
3.133.146.143 - - [16/Apr/2024:17:34:21 +0200] "GET /portal.php?sid=fc6901aff83366b092bcb5da61ad16a8 HTTP/1.1" 404 366 "-" "claudebot"
91.141.41.251 - - [16/Apr/2024:17:34:30 +0200] "GET /entry.php?id=10271&&ser=281609 HTTP/1.1" 200 987 "http://hausegger.activities.at/entry.php?id=10271&&ser=281549" "Mozilla/5.0 (Windows NT 10.0; Win64; x64; rv:124.0) Gecko/20100101 Firefox/124.0"
91.141.41.251 - - [16/Apr/2024:17:34:30 +0200] "GET /gui/javascript/form_form.js?1713281670 HTTP/1.1" 200 16206 "http://hausegger.activities.at/entry.php?id=10271&&ser=281609" "Mozilla/5.0 (Windows NT 10.0; Win64; x64; rv:124.0) Gecko/20100101 Firefox/124.0"
91.141.41.251 - - [16/Apr/2024:17:35:19 +0200] "GET /entry.php?id=10271&&ser=281658 HTTP/1.1" 200 986 "http://hausegger.activities.at/entry.php?id=10271&&ser=281597" "Mozilla/5.0 (Windows NT 10.0; Win64; x64) AppleWebKit/537.36 (KHTML, like Gecko) Chrome/123.0.0.0 Safari/537.36"
91.141.41.251 - - [16/Apr/2024:17:35:19 +0200] "GET /gui/javascript/form_form.js?1713281719 HTTP/1.1" 200 16206 "http://hausegger.activities.at/entry.php?id=10271&&ser=281658" "Mozilla/5.0 (Windows NT 10.0; Win64; x64) AppleWebKit/537.36 (KHTML, like Gecko) Chrome/123.0.0.0 Safari/537.36"
91.141.41.251 - - [16/Apr/2024:17:35:30 +0200] "GET /entry.php?id=10271&&ser=281670 HTTP/1.1" 200 987 "http://hausegger.activities.at/entry.php?id=10271&&ser=281609" "Mozilla/5.0 (Windows NT 10.0; Win64; x64; rv:124.0) Gecko/20100101 Firefox/124.0"
91.141.41.251 - - [16/Apr/2024:17:35:30 +0200] "GET /gui/javascript/form_form.js?1713281730 HTTP/1.1" 200 16206 "http://hausegger.activities.at/entry.php?id=10271&&ser=281670" "Mozilla/5.0 (Windows NT 10.0; Win64; x64; rv:124.0) Gecko/20100101 Firefox/124.0"
91.141.41.251 - - [16/Apr/2024:17:36:20 +0200] "GET /entry.php?id=10271&&ser=281719 HTTP/1.1" 200 987 "http://hausegger.activities.at/entry.php?id=10271&&ser=281658" "Mozilla/5.0 (Windows NT 10.0; Win64; x64) AppleWebKit/537.36 (KHTML, like Gecko) Chrome/123.0.0.0 Safari/537.36"
91.141.41.251 - - [16/Apr/2024:17:36:20 +0200] "GET /gui/javascript/form_form.js?1713281780 HTTP/1.1" 200 16206 "http://hausegger.activities.at/entry.php?id=10271&&ser=281719" "Mozilla/5.0 (Windows NT 10.0; Win64; x64) AppleWebKit/537.36 (KHTML, like Gecko) Chrome/123.0.0.0 Safari/537.36"
91.141.41.251 - - [16/Apr/2024:17:36:30 +0200] "GET /entry.php?id=10271&&ser=281730 HTTP/1.1" 200 987 "http://hausegger.activities.at/entry.php?id=10271&&ser=281670" "Mozilla/5.0 (Windows NT 10.0; Win64; x64; rv:124.0) Gecko/20100101 Firefox/124.0"
91.141.41.251 - - [16/Apr/2024:17:36:30 +0200] "GET /gui/javascript/form_form.js?1713281790 HTTP/1.1" 200 16206 "http://hausegger.activities.at/entry.php?id=10271&&ser=281730" "Mozilla/5.0 (Windows NT 10.0; Win64; x64; rv:124.0) Gecko/20100101 Firefox/124.0"
51.124.190.250 - - [16/Apr/2024:17:36:54 +0200] "GET /test.php?Ghost=send HTTP/1.1" 200 20 "-" "Mozilla/5.0 (Macintosh; Intel Mac OS X 10_10_1) AppleWebKit/537.36 (KHTML, like Gecko) Chrome/39.0.2171.95 Safari/537.36"
91.141.41.251 - - [16/Apr/2024:17:37:21 +0200] "GET /entry.php?id=10271&&ser=281780 HTTP/1.1" 200 986 "http://hausegger.activities.at/entry.php?id=10271&&ser=281719" "Mozilla/5.0 (Windows NT 10.0; Win64; x64) AppleWebKit/537.36 (KHTML, like Gecko) Chrome/123.0.0.0 Safari/537.36"
91.141.41.251 - - [16/Apr/2024:17:37:21 +0200] "GET /gui/javascript/form_form.js?1713281841 HTTP/1.1" 200 16206 "http://hausegger.activities.at/entry.php?id=10271&&ser=281780" "Mozilla/5.0 (Windows NT 10.0; Win64; x64) AppleWebKit/537.36 (KHTML, like Gecko) Chrome/123.0.0.0 Safari/537.36"
91.141.41.251 - - [16/Apr/2024:17:37:31 +0200] "GET /entry.php?id=10271&&ser=281790 HTTP/1.1" 200 986 "http://hausegger.activities.at/entry.php?id=10271&&ser=281730" "Mozilla/5.0 (Windows NT 10.0; Win64; x64; rv:124.0) Gecko/20100101 Firefox/124.0"
91.141.41.251 - - [16/Apr/2024:17:37:31 +0200] "GET /gui/javascript/form_form.js?1713281851 HTTP/1.1" 200 16206 "http://hausegger.activities.at/entry.php?id=10271&&ser=281790" "Mozilla/5.0 (Windows NT 10.0; Win64; x64; rv:124.0) Gecko/20100101 Firefox/124.0"
91.141.41.251 - - [16/Apr/2024:17:38:22 +0200] "GET /entry.php?id=10271&&ser=281841 HTTP/1.1" 200 986 "http://hausegger.activities.at/entry.php?id=10271&&ser=281780" "Mozilla/5.0 (Windows NT 10.0; Win64; x64) AppleWebKit/537.36 (KHTML, like Gecko) Chrome/123.0.0.0 Safari/537.36"
91.141.41.251 - - [16/Apr/2024:17:38:22 +0200] "GET /gui/javascript/form_form.js?1713281902 HTTP/1.1" 200 16206 "http://hausegger.activities.at/entry.php?id=10271&&ser=281841" "Mozilla/5.0 (Windows NT 10.0; Win64; x64) AppleWebKit/537.36 (KHTML, like Gecko) Chrome/123.0.0.0 Safari/537.36"
3.133.12.172 - - [16/Apr/2024:17:38:26 +0200] "GET /robots.txt HTTP/1.1" 404 366 "-" "claudebot"
3.133.12.172 - - [16/Apr/2024:17:38:27 +0200] "GET /memberlist.php?mode=viewprofile&u=244&sid=813e12765d3dc7a70b938719d12f14bd HTTP/1.1" 404 370 "-" "claudebot"
91.141.41.251 - - [16/Apr/2024:17:38:31 +0200] "GET /entry.php?id=10271&&ser=281851 HTTP/1.1" 200 986 "http://hausegger.activities.at/entry.php?id=10271&&ser=281790" "Mozilla/5.0 (Windows NT 10.0; Win64; x64; rv:124.0) Gecko/20100101 Firefox/124.0"
91.141.41.251 - - [16/Apr/2024:17:38:31 +0200] "GET /gui/javascript/form_form.js?1713281911 HTTP/1.1" 200 16206 "http://hausegger.activities.at/entry.php?id=10271&&ser=281851" "Mozilla/5.0 (Windows NT 10.0; Win64; x64; rv:124.0) Gecko/20100101 Firefox/124.0"
3.149.234.251 - - [16/Apr/2024:17:39:03 +0200] "GET /robots.txt HTTP/1.1" 404 366 "-" "claudebot"
3.149.234.251 - - [16/Apr/2024:17:39:04 +0200] "GET /about.php?sid=81e571a55aebd87546992226cea3e17a HTTP/1.1" 404 365 "-" "claudebot"
91.141.41.251 - - [16/Apr/2024:17:39:23 +0200] "GET /entry.php?id=10271&&ser=281902 HTTP/1.1" 200 986 "http://hausegger.activities.at/entry.php?id=10271&&ser=281841" "Mozilla/5.0 (Windows NT 10.0; Win64; x64) AppleWebKit/537.36 (KHTML, like Gecko) Chrome/123.0.0.0 Safari/537.36"
91.141.41.251 - - [16/Apr/2024:17:39:23 +0200] "GET /gui/javascript/form_form.js?1713281963 HTTP/1.1" 200 16206 "http://hausegger.activities.at/entry.php?id=10271&&ser=281902" "Mozilla/5.0 (Windows NT 10.0; Win64; x64) AppleWebKit/537.36 (KHTML, like Gecko) Chrome/123.0.0.0 Safari/537.36"
91.141.41.251 - - [16/Apr/2024:17:39:31 +0200] "GET /entry.php?id=10271&&ser=281911 HTTP/1.1" 200 986 "http://hausegger.activities.at/entry.php?id=10271&&ser=281851" "Mozilla/5.0 (Windows NT 10.0; Win64; x64; rv:124.0) Gecko/20100101 Firefox/124.0"
91.141.41.251 - - [16/Apr/2024:17:39:31 +0200] "GET /gui/javascript/form_form.js?1713281971 HTTP/1.1" 200 16206 "http://hausegger.activities.at/entry.php?id=10271&&ser=281911" "Mozilla/5.0 (Windows NT 10.0; Win64; x64; rv:124.0) Gecko/20100101 Firefox/124.0"
91.141.41.251 - - [16/Apr/2024:17:40:24 +0200] "GET /entry.php?id=10271&&ser=281963 HTTP/1.1" 200 986 "http://hausegger.activities.at/entry.php?id=10271&&ser=281902" "Mozilla/5.0 (Windows NT 10.0; Win64; x64) AppleWebKit/537.36 (KHTML, like Gecko) Chrome/123.0.0.0 Safari/537.36"
91.141.41.251 - - [16/Apr/2024:17:40:24 +0200] "GET /gui/javascript/form_form.js?1713282024 HTTP/1.1" 200 16206 "http://hausegger.activities.at/entry.php?id=10271&&ser=281963" "Mozilla/5.0 (Windows NT 10.0; Win64; x64) AppleWebKit/537.36 (KHTML, like Gecko) Chrome/123.0.0.0 Safari/537.36"
91.141.41.251 - - [16/Apr/2024:17:40:31 +0200] "GET /entry.php?id=10271&&ser=281971 HTTP/1.1" 200 986 "http://hausegger.activities.at/entry.php?id=10271&&ser=281911" "Mozilla/5.0 (Windows NT 10.0; Win64; x64; rv:124.0) Gecko/20100101 Firefox/124.0"
91.141.41.251 - - [16/Apr/2024:17:40:32 +0200] "GET /gui/javascript/form_form.js?1713282031 HTTP/1.1" 200 16206 "http://hausegger.activities.at/entry.php?id=10271&&ser=281971" "Mozilla/5.0 (Windows NT 10.0; Win64; x64; rv:124.0) Gecko/20100101 Firefox/124.0"
91.141.41.251 - - [16/Apr/2024:17:41:25 +0200] "GET /entry.php?id=10271&&ser=282024 HTTP/1.1" 200 987 "http://hausegger.activities.at/entry.php?id=10271&&ser=281963" "Mozilla/5.0 (Windows NT 10.0; Win64; x64) AppleWebKit/537.36 (KHTML, like Gecko) Chrome/123.0.0.0 Safari/537.36"
91.141.41.251 - - [16/Apr/2024:17:41:25 +0200] "GET /gui/javascript/form_form.js?1713282085 HTTP/1.1" 200 16206 "http://hausegger.activities.at/entry.php?id=10271&&ser=282024" "Mozilla/5.0 (Windows NT 10.0; Win64; x64) AppleWebKit/537.36 (KHTML, like Gecko) Chrome/123.0.0.0 Safari/537.36"
91.141.41.251 - - [16/Apr/2024:17:41:32 +0200] "GET /entry.php?id=10271&&ser=282031 HTTP/1.1" 200 987 "http://hausegger.activities.at/entry.php?id=10271&&ser=281971" "Mozilla/5.0 (Windows NT 10.0; Win64; x64; rv:124.0) Gecko/20100101 Firefox/124.0"
91.141.41.251 - - [16/Apr/2024:17:41:32 +0200] "GET /gui/javascript/form_form.js?1713282092 HTTP/1.1" 200 16206 "http://hausegger.activities.at/entry.php?id=10271&&ser=282031" "Mozilla/5.0 (Windows NT 10.0; Win64; x64; rv:124.0) Gecko/20100101 Firefox/124.0"
91.141.41.251 - - [16/Apr/2024:17:42:26 +0200] "GET /entry.php?id=10271&&ser=282085 HTTP/1.1" 200 987 "http://hausegger.activities.at/entry.php?id=10271&&ser=282024" "Mozilla/5.0 (Windows NT 10.0; Win64; x64) AppleWebKit/537.36 (KHTML, like Gecko) Chrome/123.0.0.0 Safari/537.36"
91.141.41.251 - - [16/Apr/2024:17:42:26 +0200] "GET /gui/javascript/form_form.js?1713282146 HTTP/1.1" 200 16206 "http://hausegger.activities.at/entry.php?id=10271&&ser=282085" "Mozilla/5.0 (Windows NT 10.0; Win64; x64) AppleWebKit/537.36 (KHTML, like Gecko) Chrome/123.0.0.0 Safari/537.36"
91.141.41.251 - - [16/Apr/2024:17:42:32 +0200] "GET /entry.php?id=10271&&ser=282092 HTTP/1.1" 200 987 "http://hausegger.activities.at/entry.php?id=10271&&ser=282031" "Mozilla/5.0 (Windows NT 10.0; Win64; x64; rv:124.0) Gecko/20100101 Firefox/124.0"
91.141.41.251 - - [16/Apr/2024:17:42:32 +0200] "GET /gui/javascript/form_form.js?1713282152 HTTP/1.1" 200 16206 "http://hausegger.activities.at/entry.php?id=10271&&ser=282092" "Mozilla/5.0 (Windows NT 10.0; Win64; x64; rv:124.0) Gecko/20100101 Firefox/124.0"
91.141.41.251 - - [16/Apr/2024:17:43:27 +0200] "GET /entry.php?id=10271&&ser=282146 HTTP/1.1" 200 987 "http://hausegger.activities.at/entry.php?id=10271&&ser=282085" "Mozilla/5.0 (Windows NT 10.0; Win64; x64) AppleWebKit/537.36 (KHTML, like Gecko) Chrome/123.0.0.0 Safari/537.36"
91.141.41.251 - - [16/Apr/2024:17:43:27 +0200] "GET /gui/javascript/form_form.js?1713282207 HTTP/1.1" 200 16206 "http://hausegger.activities.at/entry.php?id=10271&&ser=282146" "Mozilla/5.0 (Windows NT 10.0; Win64; x64) AppleWebKit/537.36 (KHTML, like Gecko) Chrome/123.0.0.0 Safari/537.36"
91.141.41.251 - - [16/Apr/2024:17:43:32 +0200] "GET /entry.php?id=10271&&ser=282152 HTTP/1.1" 200 987 "http://hausegger.activities.at/entry.php?id=10271&&ser=282092" "Mozilla/5.0 (Windows NT 10.0; Win64; x64; rv:124.0) Gecko/20100101 Firefox/124.0"
91.141.41.251 - - [16/Apr/2024:17:43:32 +0200] "GET /gui/javascript/form_form.js?1713282212 HTTP/1.1" 200 16206 "http://hausegger.activities.at/entry.php?id=10271&&ser=282152" "Mozilla/5.0 (Windows NT 10.0; Win64; x64; rv:124.0) Gecko/20100101 Firefox/124.0"
91.141.41.251 - - [16/Apr/2024:17:44:28 +0200] "GET /entry.php?id=10271&&ser=282207 HTTP/1.1" 200 987 "http://hausegger.activities.at/entry.php?id=10271&&ser=282146" "Mozilla/5.0 (Windows NT 10.0; Win64; x64) AppleWebKit/537.36 (KHTML, like Gecko) Chrome/123.0.0.0 Safari/537.36"
91.141.41.251 - - [16/Apr/2024:17:44:28 +0200] "GET /gui/javascript/form_form.js?1713282268 HTTP/1.1" 200 16206 "http://hausegger.activities.at/entry.php?id=10271&&ser=282207" "Mozilla/5.0 (Windows NT 10.0; Win64; x64) AppleWebKit/537.36 (KHTML, like Gecko) Chrome/123.0.0.0 Safari/537.36"
91.141.41.251 - - [16/Apr/2024:17:44:33 +0200] "GET /entry.php?id=10271&&ser=282212 HTTP/1.1" 200 987 "http://hausegger.activities.at/entry.php?id=10271&&ser=282152" "Mozilla/5.0 (Windows NT 10.0; Win64; x64; rv:124.0) Gecko/20100101 Firefox/124.0"
91.141.41.251 - - [16/Apr/2024:17:44:33 +0200] "GET /gui/javascript/form_form.js?1713282273 HTTP/1.1" 200 16206 "http://hausegger.activities.at/entry.php?id=10271&&ser=282212" "Mozilla/5.0 (Windows NT 10.0; Win64; x64; rv:124.0) Gecko/20100101 Firefox/124.0"
91.141.41.251 - - [16/Apr/2024:17:45:29 +0200] "GET /entry.php?id=10271&&ser=282268 HTTP/1.1" 200 987 "http://hausegger.activities.at/entry.php?id=10271&&ser=282207" "Mozilla/5.0 (Windows NT 10.0; Win64; x64) AppleWebKit/537.36 (KHTML, like Gecko) Chrome/123.0.0.0 Safari/537.36"
91.141.41.251 - - [16/Apr/2024:17:45:29 +0200] "GET /gui/javascript/form_form.js?1713282329 HTTP/1.1" 200 16206 "http://hausegger.activities.at/entry.php?id=10271&&ser=282268" "Mozilla/5.0 (Windows NT 10.0; Win64; x64) AppleWebKit/537.36 (KHTML, like Gecko) Chrome/123.0.0.0 Safari/537.36"
91.141.41.251 - - [16/Apr/2024:17:45:33 +0200] "GET /entry.php?id=10271&&ser=282273 HTTP/1.1" 200 987 "http://hausegger.activities.at/entry.php?id=10271&&ser=282212" "Mozilla/5.0 (Windows NT 10.0; Win64; x64; rv:124.0) Gecko/20100101 Firefox/124.0"
91.141.41.251 - - [16/Apr/2024:17:45:33 +0200] "GET /gui/javascript/form_form.js?1713282333 HTTP/1.1" 200 16206 "http://hausegger.activities.at/entry.php?id=10271&&ser=282273" "Mozilla/5.0 (Windows NT 10.0; Win64; x64; rv:124.0) Gecko/20100101 Firefox/124.0"
146.19.24.28 - - [16/Apr/2024:17:46:15 +0200] "GET / HTTP/1.1" 200 423 "-" "-"
91.141.41.251 - - [16/Apr/2024:17:46:30 +0200] "GET /entry.php?id=10271&&ser=282329 HTTP/1.1" 200 987 "http://hausegger.activities.at/entry.php?id=10271&&ser=282268" "Mozilla/5.0 (Windows NT 10.0; Win64; x64) AppleWebKit/537.36 (KHTML, like Gecko) Chrome/123.0.0.0 Safari/537.36"
91.141.41.251 - - [16/Apr/2024:17:46:30 +0200] "GET /gui/javascript/form_form.js?1713282390 HTTP/1.1" 200 16206 "http://hausegger.activities.at/entry.php?id=10271&&ser=282329" "Mozilla/5.0 (Windows NT 10.0; Win64; x64) AppleWebKit/537.36 (KHTML, like Gecko) Chrome/123.0.0.0 Safari/537.36"
91.141.41.251 - - [16/Apr/2024:17:46:33 +0200] "GET /entry.php?id=10271&&ser=282333 HTTP/1.1" 200 987 "http://hausegger.activities.at/entry.php?id=10271&&ser=282273" "Mozilla/5.0 (Windows NT 10.0; Win64; x64; rv:124.0) Gecko/20100101 Firefox/124.0"
91.141.41.251 - - [16/Apr/2024:17:46:33 +0200] "GET /gui/javascript/form_form.js?1713282393 HTTP/1.1" 200 16206 "http://hausegger.activities.at/entry.php?id=10271&&ser=282333" "Mozilla/5.0 (Windows NT 10.0; Win64; x64; rv:124.0) Gecko/20100101 Firefox/124.0"
91.141.41.251 - - [16/Apr/2024:17:47:31 +0200] "GET /entry.php?id=10271&&ser=282390 HTTP/1.1" 200 986 "http://hausegger.activities.at/entry.php?id=10271&&ser=282329" "Mozilla/5.0 (Windows NT 10.0; Win64; x64) AppleWebKit/537.36 (KHTML, like Gecko) Chrome/123.0.0.0 Safari/537.36"
91.141.41.251 - - [16/Apr/2024:17:47:31 +0200] "GET /gui/javascript/form_form.js?1713282451 HTTP/1.1" 200 16206 "http://hausegger.activities.at/entry.php?id=10271&&ser=282390" "Mozilla/5.0 (Windows NT 10.0; Win64; x64) AppleWebKit/537.36 (KHTML, like Gecko) Chrome/123.0.0.0 Safari/537.36"
91.141.41.251 - - [16/Apr/2024:17:47:33 +0200] "GET /entry.php?id=10271&&ser=282393 HTTP/1.1" 200 987 "http://hausegger.activities.at/entry.php?id=10271&&ser=282333" "Mozilla/5.0 (Windows NT 10.0; Win64; x64; rv:124.0) Gecko/20100101 Firefox/124.0"
91.141.41.251 - - [16/Apr/2024:17:47:34 +0200] "GET /gui/javascript/form_form.js?1713282454 HTTP/1.1" 200 16206 "http://hausegger.activities.at/entry.php?id=10271&&ser=282393" "Mozilla/5.0 (Windows NT 10.0; Win64; x64; rv:124.0) Gecko/20100101 Firefox/124.0"
91.141.41.251 - - [16/Apr/2024:17:48:32 +0200] "GET /entry.php?id=10271&&ser=282451 HTTP/1.1" 200 987 "http://hausegger.activities.at/entry.php?id=10271&&ser=282390" "Mozilla/5.0 (Windows NT 10.0; Win64; x64) AppleWebKit/537.36 (KHTML, like Gecko) Chrome/123.0.0.0 Safari/537.36"
91.141.41.251 - - [16/Apr/2024:17:48:32 +0200] "GET /gui/javascript/form_form.js?1713282512 HTTP/1.1" 200 16206 "http://hausegger.activities.at/entry.php?id=10271&&ser=282451" "Mozilla/5.0 (Windows NT 10.0; Win64; x64) AppleWebKit/537.36 (KHTML, like Gecko) Chrome/123.0.0.0 Safari/537.36"
91.141.41.251 - - [16/Apr/2024:17:48:34 +0200] "GET /entry.php?id=10271&&ser=282454 HTTP/1.1" 200 987 "http://hausegger.activities.at/entry.php?id=10271&&ser=282393" "Mozilla/5.0 (Windows NT 10.0; Win64; x64; rv:124.0) Gecko/20100101 Firefox/124.0"
91.141.41.251 - - [16/Apr/2024:17:48:34 +0200] "GET /gui/javascript/form_form.js?1713282514 HTTP/1.1" 200 16206 "http://hausegger.activities.at/entry.php?id=10271&&ser=282454" "Mozilla/5.0 (Windows NT 10.0; Win64; x64; rv:124.0) Gecko/20100101 Firefox/124.0"
3.17.6.75 - - [16/Apr/2024:17:48:58 +0200] "GET /robots.txt HTTP/1.1" 404 366 "-" "claudebot"
3.17.6.75 - - [16/Apr/2024:17:48:59 +0200] "GET /portal.php?sid=5ae190c46a29c85c4ca42cace3816485 HTTP/1.1" 404 366 "-" "claudebot"
91.141.41.251 - - [16/Apr/2024:17:49:33 +0200] "GET /entry.php?id=10271&&ser=282512 HTTP/1.1" 200 987 "http://hausegger.activities.at/entry.php?id=10271&&ser=282451" "Mozilla/5.0 (Windows NT 10.0; Win64; x64) AppleWebKit/537.36 (KHTML, like Gecko) Chrome/123.0.0.0 Safari/537.36"
91.141.41.251 - - [16/Apr/2024:17:49:33 +0200] "GET /gui/javascript/form_form.js?1713282573 HTTP/1.1" 200 16206 "http://hausegger.activities.at/entry.php?id=10271&&ser=282512" "Mozilla/5.0 (Windows NT 10.0; Win64; x64) AppleWebKit/537.36 (KHTML, like Gecko) Chrome/123.0.0.0 Safari/537.36"
91.141.41.251 - - [16/Apr/2024:17:49:34 +0200] "GET /entry.php?id=10271&&ser=282514 HTTP/1.1" 200 987 "http://hausegger.activities.at/entry.php?id=10271&&ser=282454" "Mozilla/5.0 (Windows NT 10.0; Win64; x64; rv:124.0) Gecko/20100101 Firefox/124.0"
91.141.41.251 - - [16/Apr/2024:17:49:34 +0200] "GET /gui/javascript/form_form.js?1713282574 HTTP/1.1" 200 16206 "http://hausegger.activities.at/entry.php?id=10271&&ser=282514" "Mozilla/5.0 (Windows NT 10.0; Win64; x64; rv:124.0) Gecko/20100101 Firefox/124.0"
91.141.41.251 - - [16/Apr/2024:17:50:34 +0200] "GET /entry.php?id=10271&&ser=282573 HTTP/1.1" 200 987 "http://hausegger.activities.at/entry.php?id=10271&&ser=282512" "Mozilla/5.0 (Windows NT 10.0; Win64; x64) AppleWebKit/537.36 (KHTML, like Gecko) Chrome/123.0.0.0 Safari/537.36"
91.141.41.251 - - [16/Apr/2024:17:50:34 +0200] "GET /gui/javascript/form_form.js?1713282634 HTTP/1.1" 200 16206 "http://hausegger.activities.at/entry.php?id=10271&&ser=282573" "Mozilla/5.0 (Windows NT 10.0; Win64; x64) AppleWebKit/537.36 (KHTML, like Gecko) Chrome/123.0.0.0 Safari/537.36"
91.141.41.251 - - [16/Apr/2024:17:50:34 +0200] "GET /entry.php?id=10271&&ser=282574 HTTP/1.1" 200 987 "http://hausegger.activities.at/entry.php?id=10271&&ser=282514" "Mozilla/5.0 (Windows NT 10.0; Win64; x64; rv:124.0) Gecko/20100101 Firefox/124.0"
91.141.41.251 - - [16/Apr/2024:17:50:34 +0200] "GET /gui/javascript/form_form.js?1713282634 HTTP/1.1" 200 16206 "http://hausegger.activities.at/entry.php?id=10271&&ser=282574" "Mozilla/5.0 (Windows NT 10.0; Win64; x64; rv:124.0) Gecko/20100101 Firefox/124.0"
91.141.41.251 - - [16/Apr/2024:17:50:43 +0200] "GET /entry.php?id=10287&login=1 HTTP/1.1" 200 1877 "http://hausegger.activities.at/entry.php?id=10273&" "Mozilla/5.0 (Windows NT 10.0; Win64; x64; rv:124.0) Gecko/20100101 Firefox/124.0"
91.141.41.251 - - [16/Apr/2024:17:50:43 +0200] "GET /gui/javascript/form_form.js?1713282643 HTTP/1.1" 200 16206 "http://hausegger.activities.at/entry.php?id=10287&login=1" "Mozilla/5.0 (Windows NT 10.0; Win64; x64; rv:124.0) Gecko/20100101 Firefox/124.0"
91.141.41.251 - - [16/Apr/2024:17:50:44 +0200] "POST /entry.php?id=10287& HTTP/1.1" 200 2434 "http://hausegger.activities.at/entry.php?id=10287&login=1" "Mozilla/5.0 (Windows NT 10.0; Win64; x64; rv:124.0) Gecko/20100101 Firefox/124.0"
91.141.41.251 - - [16/Apr/2024:17:50:45 +0200] "GET /gui/javascript/form_form.js?1713282645 HTTP/1.1" 200 16206 "http://hausegger.activities.at/entry.php?id=10287&" "Mozilla/5.0 (Windows NT 10.0; Win64; x64; rv:124.0) Gecko/20100101 Firefox/124.0"
91.141.41.251 - - [16/Apr/2024:17:50:45 +0200] "GET /entry.php?id=10273&logout=true& HTTP/1.1" 200 1912 "http://hausegger.activities.at/entry.php?id=10287&" "Mozilla/5.0 (Windows NT 10.0; Win64; x64; rv:124.0) Gecko/20100101 Firefox/124.0"
91.141.41.251 - - [16/Apr/2024:17:50:45 +0200] "GET /entry.php?id=10270& HTTP/1.1" 200 909 "http://hausegger.activities.at/entry.php?id=10287&" "Mozilla/5.0 (Windows NT 10.0; Win64; x64; rv:124.0) Gecko/20100101 Firefox/124.0"
91.141.41.251 - - [16/Apr/2024:17:51:35 +0200] "GET /entry.php?id=10271&&ser=282634 HTTP/1.1" 200 987 "http://hausegger.activities.at/entry.php?id=10271&&ser=282573" "Mozilla/5.0 (Windows NT 10.0; Win64; x64) AppleWebKit/537.36 (KHTML, like Gecko) Chrome/123.0.0.0 Safari/537.36"
91.141.41.251 - - [16/Apr/2024:17:51:35 +0200] "GET /gui/javascript/form_form.js?1713282695 HTTP/1.1" 200 16206 "http://hausegger.activities.at/entry.php?id=10271&&ser=282634" "Mozilla/5.0 (Windows NT 10.0; Win64; x64) AppleWebKit/537.36 (KHTML, like Gecko) Chrome/123.0.0.0 Safari/537.36"
91.141.41.251 - - [16/Apr/2024:17:52:36 +0200] "GET /entry.php?id=10271&&ser=282695 HTTP/1.1" 200 987 "http://hausegger.activities.at/entry.php?id=10271&&ser=282634" "Mozilla/5.0 (Windows NT 10.0; Win64; x64) AppleWebKit/537.36 (KHTML, like Gecko) Chrome/123.0.0.0 Safari/537.36"
91.141.41.251 - - [16/Apr/2024:17:52:36 +0200] "GET /gui/javascript/form_form.js?1713282756 HTTP/1.1" 200 16206 "http://hausegger.activities.at/entry.php?id=10271&&ser=282695" "Mozilla/5.0 (Windows NT 10.0; Win64; x64) AppleWebKit/537.36 (KHTML, like Gecko) Chrome/123.0.0.0 Safari/537.36"
91.141.41.251 - - [16/Apr/2024:17:53:37 +0200] "GET /entry.php?id=10271&&ser=282756 HTTP/1.1" 200 987 "http://hausegger.activities.at/entry.php?id=10271&&ser=282695" "Mozilla/5.0 (Windows NT 10.0; Win64; x64) AppleWebKit/537.36 (KHTML, like Gecko) Chrome/123.0.0.0 Safari/537.36"
91.141.41.251 - - [16/Apr/2024:17:53:37 +0200] "GET /gui/javascript/form_form.js?1713282817 HTTP/1.1" 200 16206 "http://hausegger.activities.at/entry.php?id=10271&&ser=282756" "Mozilla/5.0 (Windows NT 10.0; Win64; x64) AppleWebKit/537.36 (KHTML, like Gecko) Chrome/123.0.0.0 Safari/537.36"
18.189.2.122 - - [16/Apr/2024:17:53:44 +0200] "GET /robots.txt HTTP/1.1" 404 366 "-" "claudebot"
18.189.2.122 - - [16/Apr/2024:17:53:45 +0200] "GET /index.php?sid=0326a3edf4cb12fa2b8551880c2f34b6 HTTP/1.1" 200 423 "-" "claudebot"
3.141.100.120 - - [16/Apr/2024:17:53:46 +0200] "GET /robots.txt HTTP/1.1" 404 366 "-" "claudebot"
3.141.100.120 - - [16/Apr/2024:17:53:47 +0200] "GET /viewtopic.php?p=4099&sid=597abe37acdee4f24340c15dd9d86e3d HTTP/1.1" 404 369 "-" "claudebot"
91.141.41.251 - - [16/Apr/2024:17:54:38 +0200] "GET /entry.php?id=10271&&ser=282817 HTTP/1.1" 200 987 "http://hausegger.activities.at/entry.php?id=10271&&ser=282756" "Mozilla/5.0 (Windows NT 10.0; Win64; x64) AppleWebKit/537.36 (KHTML, like Gecko) Chrome/123.0.0.0 Safari/537.36"
91.141.41.251 - - [16/Apr/2024:17:54:38 +0200] "GET /gui/javascript/form_form.js?1713282878 HTTP/1.1" 200 16206 "http://hausegger.activities.at/entry.php?id=10271&&ser=282817" "Mozilla/5.0 (Windows NT 10.0; Win64; x64) AppleWebKit/537.36 (KHTML, like Gecko) Chrome/123.0.0.0 Safari/537.36"
13.59.36.203 - - [16/Apr/2024:17:55:34 +0200] "GET /robots.txt HTTP/1.1" 404 366 "-" "claudebot"
13.59.36.203 - - [16/Apr/2024:17:55:35 +0200] "GET /ucp.php?mode=terms&sid=17d2bbed982a739b18b8f5cfe4100453 HTTP/1.1" 404 363 "-" "claudebot"
71.6.134.232 - - [16/Apr/2024:17:55:39 +0200] "\x16\x03\x01" 400 383 "-" "-"
91.141.41.251 - - [16/Apr/2024:17:55:39 +0200] "GET /entry.php?id=10271&&ser=282878 HTTP/1.1" 200 987 "http://hausegger.activities.at/entry.php?id=10271&&ser=282817" "Mozilla/5.0 (Windows NT 10.0; Win64; x64) AppleWebKit/537.36 (KHTML, like Gecko) Chrome/123.0.0.0 Safari/537.36"
91.141.41.251 - - [16/Apr/2024:17:55:39 +0200] "GET /gui/javascript/form_form.js?1713282939 HTTP/1.1" 200 16206 "http://hausegger.activities.at/entry.php?id=10271&&ser=282878" "Mozilla/5.0 (Windows NT 10.0; Win64; x64) AppleWebKit/537.36 (KHTML, like Gecko) Chrome/123.0.0.0 Safari/537.36"
18.189.170.17 - - [16/Apr/2024:17:56:14 +0200] "GET /robots.txt HTTP/1.1" 404 366 "-" "claudebot"
18.189.170.17 - - [16/Apr/2024:17:56:15 +0200] "GET /memberlist.php?mode=group&g=4&sid=0577dfc7128ebbb68d59527b673a8137 HTTP/1.1" 404 370 "-" "claudebot"
91.141.41.251 - - [16/Apr/2024:17:56:40 +0200] "GET /entry.php?id=10271&&ser=282939 HTTP/1.1" 200 987 "http://hausegger.activities.at/entry.php?id=10271&&ser=282878" "Mozilla/5.0 (Windows NT 10.0; Win64; x64) AppleWebKit/537.36 (KHTML, like Gecko) Chrome/123.0.0.0 Safari/537.36"
91.141.41.251 - - [16/Apr/2024:17:56:40 +0200] "GET /gui/javascript/form_form.js?1713283000 HTTP/1.1" 200 16206 "http://hausegger.activities.at/entry.php?id=10271&&ser=282939" "Mozilla/5.0 (Windows NT 10.0; Win64; x64) AppleWebKit/537.36 (KHTML, like Gecko) Chrome/123.0.0.0 Safari/537.36"
18.216.190.167 - - [16/Apr/2024:17:56:46 +0200] "GET /robots.txt HTTP/1.1" 404 366 "-" "claudebot"
18.216.190.167 - - [16/Apr/2024:17:56:47 +0200] "GET /viewtopic.php?f=8&t=540&sid=5e5f8b24256a5cda8ea35aedc7efbb6f HTTP/1.1" 404 369 "-" "claudebot"
91.141.41.251 - - [16/Apr/2024:17:57:41 +0200] "GET /entry.php?id=10271&&ser=283000 HTTP/1.1" 200 986 "http://hausegger.activities.at/entry.php?id=10271&&ser=282939" "Mozilla/5.0 (Windows NT 10.0; Win64; x64) AppleWebKit/537.36 (KHTML, like Gecko) Chrome/123.0.0.0 Safari/537.36"
91.141.41.251 - - [16/Apr/2024:17:57:41 +0200] "GET /gui/javascript/form_form.js?1713283061 HTTP/1.1" 200 16206 "http://hausegger.activities.at/entry.php?id=10271&&ser=283000" "Mozilla/5.0 (Windows NT 10.0; Win64; x64) AppleWebKit/537.36 (KHTML, like Gecko) Chrome/123.0.0.0 Safari/537.36"
3.135.205.146 - - [16/Apr/2024:17:58:09 +0200] "GET /robots.txt HTTP/1.1" 404 366 "-" "claudebot"
3.135.205.146 - - [16/Apr/2024:17:58:10 +0200] "GET /ucp.php?mode=register&sid=bf89604e316d285888c1c7854ca2bb5a HTTP/1.1" 404 363 "-" "claudebot"
91.141.41.251 - - [16/Apr/2024:17:58:42 +0200] "GET /entry.php?id=10271&&ser=283061 HTTP/1.1" 200 987 "http://hausegger.activities.at/entry.php?id=10271&&ser=283000" "Mozilla/5.0 (Windows NT 10.0; Win64; x64) AppleWebKit/537.36 (KHTML, like Gecko) Chrome/123.0.0.0 Safari/537.36"
91.141.41.251 - - [16/Apr/2024:17:58:42 +0200] "GET /gui/javascript/form_form.js?1713283122 HTTP/1.1" 200 16206 "http://hausegger.activities.at/entry.php?id=10271&&ser=283061" "Mozilla/5.0 (Windows NT 10.0; Win64; x64) AppleWebKit/537.36 (KHTML, like Gecko) Chrome/123.0.0.0 Safari/537.36"
18.188.40.207 - - [16/Apr/2024:17:58:53 +0200] "GET /robots.txt HTTP/1.1" 404 366 "-" "claudebot"
18.188.40.207 - - [16/Apr/2024:17:58:54 +0200] "GET /memberlist.php?sid=c7819a043b79c1d4c9defa902ceb4186 HTTP/1.1" 404 370 "-" "claudebot"
91.141.41.251 - - [16/Apr/2024:17:59:43 +0200] "GET /entry.php?id=10271&&ser=283122 HTTP/1.1" 200 987 "http://hausegger.activities.at/entry.php?id=10271&&ser=283061" "Mozilla/5.0 (Windows NT 10.0; Win64; x64) AppleWebKit/537.36 (KHTML, like Gecko) Chrome/123.0.0.0 Safari/537.36"
91.141.41.251 - - [16/Apr/2024:17:59:43 +0200] "GET /gui/javascript/form_form.js?1713283183 HTTP/1.1" 200 16206 "http://hausegger.activities.at/entry.php?id=10271&&ser=283122" "Mozilla/5.0 (Windows NT 10.0; Win64; x64) AppleWebKit/537.36 (KHTML, like Gecko) Chrome/123.0.0.0 Safari/537.36"
91.141.41.251 - - [16/Apr/2024:18:00:44 +0200] "GET /entry.php?id=10271&&ser=283183 HTTP/1.1" 200 987 "http://hausegger.activities.at/entry.php?id=10271&&ser=283122" "Mozilla/5.0 (Windows NT 10.0; Win64; x64) AppleWebKit/537.36 (KHTML, like Gecko) Chrome/123.0.0.0 Safari/537.36"
91.141.41.251 - - [16/Apr/2024:18:00:44 +0200] "GET /gui/javascript/form_form.js?1713283244 HTTP/1.1" 200 16206 "http://hausegger.activities.at/entry.php?id=10271&&ser=283183" "Mozilla/5.0 (Windows NT 10.0; Win64; x64) AppleWebKit/537.36 (KHTML, like Gecko) Chrome/123.0.0.0 Safari/537.36"
91.141.41.251 - - [16/Apr/2024:18:01:45 +0200] "GET /entry.php?id=10271&&ser=283244 HTTP/1.1" 200 987 "http://hausegger.activities.at/entry.php?id=10271&&ser=283183" "Mozilla/5.0 (Windows NT 10.0; Win64; x64) AppleWebKit/537.36 (KHTML, like Gecko) Chrome/123.0.0.0 Safari/537.36"
91.141.41.251 - - [16/Apr/2024:18:01:45 +0200] "GET /gui/javascript/form_form.js?1713283305 HTTP/1.1" 200 16206 "http://hausegger.activities.at/entry.php?id=10271&&ser=283244" "Mozilla/5.0 (Windows NT 10.0; Win64; x64) AppleWebKit/537.36 (KHTML, like Gecko) Chrome/123.0.0.0 Safari/537.36"
91.141.41.251 - - [16/Apr/2024:18:02:46 +0200] "GET /entry.php?id=10271&&ser=283305 HTTP/1.1" 200 987 "http://hausegger.activities.at/entry.php?id=10271&&ser=283244" "Mozilla/5.0 (Windows NT 10.0; Win64; x64) AppleWebKit/537.36 (KHTML, like Gecko) Chrome/123.0.0.0 Safari/537.36"
91.141.41.251 - - [16/Apr/2024:18:02:46 +0200] "GET /gui/javascript/form_form.js?1713283366 HTTP/1.1" 200 16206 "http://hausegger.activities.at/entry.php?id=10271&&ser=283305" "Mozilla/5.0 (Windows NT 10.0; Win64; x64) AppleWebKit/537.36 (KHTML, like Gecko) Chrome/123.0.0.0 Safari/537.36"
18.217.67.225 - - [16/Apr/2024:18:02:47 +0200] "GET /robots.txt HTTP/1.1" 404 366 "-" "claudebot"
18.217.67.225 - - [16/Apr/2024:18:02:48 +0200] "GET /memberlist.php?mode=viewprofile&u=2&sid=9b88cff751f27a809289dd31254b8116 HTTP/1.1" 404 370 "-" "claudebot"
91.141.41.251 - - [16/Apr/2024:18:03:47 +0200] "GET /entry.php?id=10271&&ser=283366 HTTP/1.1" 200 987 "http://hausegger.activities.at/entry.php?id=10271&&ser=283305" "Mozilla/5.0 (Windows NT 10.0; Win64; x64) AppleWebKit/537.36 (KHTML, like Gecko) Chrome/123.0.0.0 Safari/537.36"
91.141.41.251 - - [16/Apr/2024:18:03:47 +0200] "GET /gui/javascript/form_form.js?1713283427 HTTP/1.1" 200 16206 "http://hausegger.activities.at/entry.php?id=10271&&ser=283366" "Mozilla/5.0 (Windows NT 10.0; Win64; x64) AppleWebKit/537.36 (KHTML, like Gecko) Chrome/123.0.0.0 Safari/537.36"
3.133.147.87 - - [16/Apr/2024:18:04:24 +0200] "GET /robots.txt HTTP/1.1" 404 366 "-" "claudebot"
3.133.147.87 - - [16/Apr/2024:18:04:25 +0200] "GET /search.php?sid=74090fc3d9d206691e2232acc42f650f HTTP/1.1" 404 366 "-" "claudebot"
91.141.41.251 - - [16/Apr/2024:18:04:48 +0200] "GET /entry.php?id=10271&&ser=283427 HTTP/1.1" 200 987 "http://hausegger.activities.at/entry.php?id=10271&&ser=283366" "Mozilla/5.0 (Windows NT 10.0; Win64; x64) AppleWebKit/537.36 (KHTML, like Gecko) Chrome/123.0.0.0 Safari/537.36"
91.141.41.251 - - [16/Apr/2024:18:04:48 +0200] "GET /gui/javascript/form_form.js?1713283488 HTTP/1.1" 200 16206 "http://hausegger.activities.at/entry.php?id=10271&&ser=283427" "Mozilla/5.0 (Windows NT 10.0; Win64; x64) AppleWebKit/537.36 (KHTML, like Gecko) Chrome/123.0.0.0 Safari/537.36"
91.141.41.251 - - [16/Apr/2024:18:05:49 +0200] "GET /entry.php?id=10271&&ser=283488 HTTP/1.1" 200 987 "http://hausegger.activities.at/entry.php?id=10271&&ser=283427" "Mozilla/5.0 (Windows NT 10.0; Win64; x64) AppleWebKit/537.36 (KHTML, like Gecko) Chrome/123.0.0.0 Safari/537.36"
91.141.41.251 - - [16/Apr/2024:18:05:49 +0200] "GET /gui/javascript/form_form.js?1713283549 HTTP/1.1" 200 16206 "http://hausegger.activities.at/entry.php?id=10271&&ser=283488" "Mozilla/5.0 (Windows NT 10.0; Win64; x64) AppleWebKit/537.36 (KHTML, like Gecko) Chrome/123.0.0.0 Safari/537.36"
18.221.187.121 - - [16/Apr/2024:18:06:18 +0200] "GET /robots.txt HTTP/1.1" 404 366 "-" "claudebot"
18.221.187.121 - - [16/Apr/2024:18:06:19 +0200] "GET /viewtopic.php?f=8&t=446&sid=e4b147b5257638987f0db5e60f4acc50 HTTP/1.1" 404 369 "-" "claudebot"
91.141.41.251 - - [16/Apr/2024:18:06:50 +0200] "GET /entry.php?id=10271&&ser=283549 HTTP/1.1" 200 987 "http://hausegger.activities.at/entry.php?id=10271&&ser=283488" "Mozilla/5.0 (Windows NT 10.0; Win64; x64) AppleWebKit/537.36 (KHTML, like Gecko) Chrome/123.0.0.0 Safari/537.36"
91.141.41.251 - - [16/Apr/2024:18:06:50 +0200] "GET /gui/javascript/form_form.js?1713283610 HTTP/1.1" 200 16206 "http://hausegger.activities.at/entry.php?id=10271&&ser=283549" "Mozilla/5.0 (Windows NT 10.0; Win64; x64) AppleWebKit/537.36 (KHTML, like Gecko) Chrome/123.0.0.0 Safari/537.36"
52.14.0.24 - - [16/Apr/2024:18:07:47 +0200] "GET /robots.txt HTTP/1.1" 404 366 "-" "claudebot"
52.14.0.24 - - [16/Apr/2024:18:07:48 +0200] "GET /memberlist.php?sid=fd405d71f403bb5be0429dc159a6d3cd HTTP/1.1" 404 370 "-" "claudebot"
91.141.41.251 - - [16/Apr/2024:18:07:51 +0200] "GET /entry.php?id=10271&&ser=283610 HTTP/1.1" 200 987 "http://hausegger.activities.at/entry.php?id=10271&&ser=283549" "Mozilla/5.0 (Windows NT 10.0; Win64; x64) AppleWebKit/537.36 (KHTML, like Gecko) Chrome/123.0.0.0 Safari/537.36"
91.141.41.251 - - [16/Apr/2024:18:07:51 +0200] "GET /gui/javascript/form_form.js?1713283671 HTTP/1.1" 200 16206 "http://hausegger.activities.at/entry.php?id=10271&&ser=283610" "Mozilla/5.0 (Windows NT 10.0; Win64; x64) AppleWebKit/537.36 (KHTML, like Gecko) Chrome/123.0.0.0 Safari/537.36"
216.219.94.195 - - [16/Apr/2024:18:08:35 +0200] "GET / HTTP/1.1" 200 274 "-" "Mozilla/5.0 (Windows NT 10.0; Win64; x64) AppleWebKit/537.36 (KHTML, like Gecko) Chrome/123.0.0.0 Safari/537.36"
91.141.41.251 - - [16/Apr/2024:18:08:52 +0200] "GET /entry.php?id=10271&&ser=283671 HTTP/1.1" 200 987 "http://hausegger.activities.at/entry.php?id=10271&&ser=283610" "Mozilla/5.0 (Windows NT 10.0; Win64; x64) AppleWebKit/537.36 (KHTML, like Gecko) Chrome/123.0.0.0 Safari/537.36"
91.141.41.251 - - [16/Apr/2024:18:08:52 +0200] "GET /gui/javascript/form_form.js?1713283732 HTTP/1.1" 200 16206 "http://hausegger.activities.at/entry.php?id=10271&&ser=283671" "Mozilla/5.0 (Windows NT 10.0; Win64; x64) AppleWebKit/537.36 (KHTML, like Gecko) Chrome/123.0.0.0 Safari/537.36"
3.138.138.144 - - [16/Apr/2024:18:09:11 +0200] "GET /robots.txt HTTP/1.1" 404 366 "-" "claudebot"
3.138.138.144 - - [16/Apr/2024:18:09:12 +0200] "GET /memberlist.php?mode=viewprofile&u=164&sid=c4bb6ec4b3ece4211d5d98f504882a0e HTTP/1.1" 404 370 "-" "claudebot"
91.141.41.251 - - [16/Apr/2024:18:09:53 +0200] "GET /entry.php?id=10271&&ser=283732 HTTP/1.1" 200 987 "http://hausegger.activities.at/entry.php?id=10271&&ser=283671" "Mozilla/5.0 (Windows NT 10.0; Win64; x64) AppleWebKit/537.36 (KHTML, like Gecko) Chrome/123.0.0.0 Safari/537.36"
91.141.41.251 - - [16/Apr/2024:18:09:53 +0200] "GET /gui/javascript/form_form.js?1713283793 HTTP/1.1" 200 16206 "http://hausegger.activities.at/entry.php?id=10271&&ser=283732" "Mozilla/5.0 (Windows NT 10.0; Win64; x64) AppleWebKit/537.36 (KHTML, like Gecko) Chrome/123.0.0.0 Safari/537.36"
52.14.221.113 - - [16/Apr/2024:18:10:07 +0200] "GET /robots.txt HTTP/1.1" 404 366 "-" "claudebot"
52.14.221.113 - - [16/Apr/2024:18:10:08 +0200] "GET /viewtopic.php?p=3171&sid=50612c8b94e481097ee14ac450a1803b HTTP/1.1" 404 369 "-" "claudebot"
91.141.41.251 - - [16/Apr/2024:18:10:54 +0200] "GET /entry.php?id=10271&&ser=283793 HTTP/1.1" 200 987 "http://hausegger.activities.at/entry.php?id=10271&&ser=283732" "Mozilla/5.0 (Windows NT 10.0; Win64; x64) AppleWebKit/537.36 (KHTML, like Gecko) Chrome/123.0.0.0 Safari/537.36"
91.141.41.251 - - [16/Apr/2024:18:10:54 +0200] "GET /gui/javascript/form_form.js?1713283854 HTTP/1.1" 200 16206 "http://hausegger.activities.at/entry.php?id=10271&&ser=283793" "Mozilla/5.0 (Windows NT 10.0; Win64; x64) AppleWebKit/537.36 (KHTML, like Gecko) Chrome/123.0.0.0 Safari/537.36"
91.141.41.251 - - [16/Apr/2024:18:11:55 +0200] "GET /entry.php?id=10271&&ser=283854 HTTP/1.1" 200 987 "http://hausegger.activities.at/entry.php?id=10271&&ser=283793" "Mozilla/5.0 (Windows NT 10.0; Win64; x64) AppleWebKit/537.36 (KHTML, like Gecko) Chrome/123.0.0.0 Safari/537.36"
91.141.41.251 - - [16/Apr/2024:18:11:55 +0200] "GET /gui/javascript/form_form.js?1713283915 HTTP/1.1" 200 16206 "http://hausegger.activities.at/entry.php?id=10271&&ser=283854" "Mozilla/5.0 (Windows NT 10.0; Win64; x64) AppleWebKit/537.36 (KHTML, like Gecko) Chrome/123.0.0.0 Safari/537.36"
71.6.134.232 - - [16/Apr/2024:18:12:05 +0200] "GET / HTTP/1.1" 200 274 "-" "Mozilla/5.0 (Windows NT 10.0; Win64; x64) AppleWebKit/537.36 (KHTML, like Gecko) Chrome/102.0.0.0 Safari/537.36"
91.141.41.251 - - [16/Apr/2024:18:12:56 +0200] "GET /entry.php?id=10271&&ser=283915 HTTP/1.1" 200 987 "http://hausegger.activities.at/entry.php?id=10271&&ser=283854" "Mozilla/5.0 (Windows NT 10.0; Win64; x64) AppleWebKit/537.36 (KHTML, like Gecko) Chrome/123.0.0.0 Safari/537.36"
91.141.41.251 - - [16/Apr/2024:18:12:56 +0200] "GET /gui/javascript/form_form.js?1713283976 HTTP/1.1" 200 16206 "http://hausegger.activities.at/entry.php?id=10271&&ser=283915" "Mozilla/5.0 (Windows NT 10.0; Win64; x64) AppleWebKit/537.36 (KHTML, like Gecko) Chrome/123.0.0.0 Safari/537.36"
18.219.112.111 - - [16/Apr/2024:18:13:21 +0200] "GET /robots.txt HTTP/1.1" 404 366 "-" "claudebot"
18.219.112.111 - - [16/Apr/2024:18:13:27 +0200] "GET /memberlist.php?sid=ab1085ebfcc1c7ca72a18e00c400e6a9 HTTP/1.1" 404 370 "-" "claudebot"
18.219.112.111 - - [16/Apr/2024:18:13:28 +0200] "GET /memberlist.php?mode=viewprofile&u=71&sid=39c2db2f3ad49c5b53c6969d3cdb36b6 HTTP/1.1" 404 370 "-" "claudebot"
91.141.41.251 - - [16/Apr/2024:18:13:57 +0200] "GET /entry.php?id=10271&&ser=283976 HTTP/1.1" 200 987 "http://hausegger.activities.at/entry.php?id=10271&&ser=283915" "Mozilla/5.0 (Windows NT 10.0; Win64; x64) AppleWebKit/537.36 (KHTML, like Gecko) Chrome/123.0.0.0 Safari/537.36"
91.141.41.251 - - [16/Apr/2024:18:13:57 +0200] "GET /gui/javascript/form_form.js?1713284037 HTTP/1.1" 200 16206 "http://hausegger.activities.at/entry.php?id=10271&&ser=283976" "Mozilla/5.0 (Windows NT 10.0; Win64; x64) AppleWebKit/537.36 (KHTML, like Gecko) Chrome/123.0.0.0 Safari/537.36"
3.129.247.196 - - [16/Apr/2024:18:14:38 +0200] "GET /robots.txt HTTP/1.1" 404 366 "-" "claudebot"
3.129.247.196 - - [16/Apr/2024:18:14:39 +0200] "GET /faq.php?sid=747615a73ea6cabbe4b88c48a2b96e55 HTTP/1.1" 404 363 "-" "claudebot"
91.141.41.251 - - [16/Apr/2024:18:14:58 +0200] "GET /entry.php?id=10271&&ser=284037 HTTP/1.1" 200 987 "http://hausegger.activities.at/entry.php?id=10271&&ser=283976" "Mozilla/5.0 (Windows NT 10.0; Win64; x64) AppleWebKit/537.36 (KHTML, like Gecko) Chrome/123.0.0.0 Safari/537.36"
91.141.41.251 - - [16/Apr/2024:18:14:58 +0200] "GET /gui/javascript/form_form.js?1713284098 HTTP/1.1" 200 16206 "http://hausegger.activities.at/entry.php?id=10271&&ser=284037" "Mozilla/5.0 (Windows NT 10.0; Win64; x64) AppleWebKit/537.36 (KHTML, like Gecko) Chrome/123.0.0.0 Safari/537.36"
18.223.32.230 - - [16/Apr/2024:18:15:47 +0200] "GET /robots.txt HTTP/1.1" 404 366 "-" "claudebot"
18.223.32.230 - - [16/Apr/2024:18:15:48 +0200] "GET /memberlist.php?sid=97a8e3632af38d5bd32358126c9aea49 HTTP/1.1" 404 370 "-" "claudebot"
91.141.41.251 - - [16/Apr/2024:18:15:59 +0200] "GET /entry.php?id=10271&&ser=284098 HTTP/1.1" 200 987 "http://hausegger.activities.at/entry.php?id=10271&&ser=284037" "Mozilla/5.0 (Windows NT 10.0; Win64; x64) AppleWebKit/537.36 (KHTML, like Gecko) Chrome/123.0.0.0 Safari/537.36"
91.141.41.251 - - [16/Apr/2024:18:15:59 +0200] "GET /gui/javascript/form_form.js?1713284159 HTTP/1.1" 200 16206 "http://hausegger.activities.at/entry.php?id=10271&&ser=284098" "Mozilla/5.0 (Windows NT 10.0; Win64; x64) AppleWebKit/537.36 (KHTML, like Gecko) Chrome/123.0.0.0 Safari/537.36"
71.6.134.232 - - [16/Apr/2024:18:16:42 +0200] "GET /activities.ico HTTP/1.1" 200 1406 "-" "Mozilla/5.0 (Windows NT 10.0; Win64; x64) AppleWebKit/537.36 (KHTML, like Gecko) Chrome/102.0.0.0 Safari/537.36"
91.141.41.251 - - [16/Apr/2024:18:17:00 +0200] "GET /entry.php?id=10271&&ser=284159 HTTP/1.1" 200 987 "http://hausegger.activities.at/entry.php?id=10271&&ser=284098" "Mozilla/5.0 (Windows NT 10.0; Win64; x64) AppleWebKit/537.36 (KHTML, like Gecko) Chrome/123.0.0.0 Safari/537.36"
91.141.41.251 - - [16/Apr/2024:18:17:00 +0200] "GET /gui/javascript/form_form.js?1713284220 HTTP/1.1" 200 16206 "http://hausegger.activities.at/entry.php?id=10271&&ser=284159" "Mozilla/5.0 (Windows NT 10.0; Win64; x64) AppleWebKit/537.36 (KHTML, like Gecko) Chrome/123.0.0.0 Safari/537.36"
91.141.41.251 - - [16/Apr/2024:18:18:01 +0200] "GET /entry.php?id=10271&&ser=284220 HTTP/1.1" 200 986 "http://hausegger.activities.at/entry.php?id=10271&&ser=284159" "Mozilla/5.0 (Windows NT 10.0; Win64; x64) AppleWebKit/537.36 (KHTML, like Gecko) Chrome/123.0.0.0 Safari/537.36"
91.141.41.251 - - [16/Apr/2024:18:18:01 +0200] "GET /gui/javascript/form_form.js?1713284281 HTTP/1.1" 200 16206 "http://hausegger.activities.at/entry.php?id=10271&&ser=284220" "Mozilla/5.0 (Windows NT 10.0; Win64; x64) AppleWebKit/537.36 (KHTML, like Gecko) Chrome/123.0.0.0 Safari/537.36"
91.141.41.251 - - [16/Apr/2024:18:19:02 +0200] "GET /entry.php?id=10271&&ser=284281 HTTP/1.1" 200 987 "http://hausegger.activities.at/entry.php?id=10271&&ser=284220" "Mozilla/5.0 (Windows NT 10.0; Win64; x64) AppleWebKit/537.36 (KHTML, like Gecko) Chrome/123.0.0.0 Safari/537.36"
91.141.41.251 - - [16/Apr/2024:18:19:02 +0200] "GET /gui/javascript/form_form.js?1713284342 HTTP/1.1" 200 16206 "http://hausegger.activities.at/entry.php?id=10271&&ser=284281" "Mozilla/5.0 (Windows NT 10.0; Win64; x64) AppleWebKit/537.36 (KHTML, like Gecko) Chrome/123.0.0.0 Safari/537.36"
91.141.41.251 - - [16/Apr/2024:18:20:03 +0200] "GET /entry.php?id=10271&&ser=284342 HTTP/1.1" 200 987 "http://hausegger.activities.at/entry.php?id=10271&&ser=284281" "Mozilla/5.0 (Windows NT 10.0; Win64; x64) AppleWebKit/537.36 (KHTML, like Gecko) Chrome/123.0.0.0 Safari/537.36"
91.141.41.251 - - [16/Apr/2024:18:20:03 +0200] "GET /gui/javascript/form_form.js?1713284403 HTTP/1.1" 200 16206 "http://hausegger.activities.at/entry.php?id=10271&&ser=284342" "Mozilla/5.0 (Windows NT 10.0; Win64; x64) AppleWebKit/537.36 (KHTML, like Gecko) Chrome/123.0.0.0 Safari/537.36"
91.141.41.251 - - [16/Apr/2024:18:21:04 +0200] "GET /entry.php?id=10271&&ser=284403 HTTP/1.1" 200 987 "http://hausegger.activities.at/entry.php?id=10271&&ser=284342" "Mozilla/5.0 (Windows NT 10.0; Win64; x64) AppleWebKit/537.36 (KHTML, like Gecko) Chrome/123.0.0.0 Safari/537.36"
91.141.41.251 - - [16/Apr/2024:18:21:04 +0200] "GET /gui/javascript/form_form.js?1713284464 HTTP/1.1" 200 16206 "http://hausegger.activities.at/entry.php?id=10271&&ser=284403" "Mozilla/5.0 (Windows NT 10.0; Win64; x64) AppleWebKit/537.36 (KHTML, like Gecko) Chrome/123.0.0.0 Safari/537.36"
91.141.41.251 - - [16/Apr/2024:18:22:05 +0200] "GET /entry.php?id=10271&&ser=284464 HTTP/1.1" 200 987 "http://hausegger.activities.at/entry.php?id=10271&&ser=284403" "Mozilla/5.0 (Windows NT 10.0; Win64; x64) AppleWebKit/537.36 (KHTML, like Gecko) Chrome/123.0.0.0 Safari/537.36"
91.141.41.251 - - [16/Apr/2024:18:22:05 +0200] "GET /gui/javascript/form_form.js?1713284525 HTTP/1.1" 200 16206 "http://hausegger.activities.at/entry.php?id=10271&&ser=284464" "Mozilla/5.0 (Windows NT 10.0; Win64; x64) AppleWebKit/537.36 (KHTML, like Gecko) Chrome/123.0.0.0 Safari/537.36"
18.118.145.114 - - [16/Apr/2024:18:22:45 +0200] "GET /robots.txt HTTP/1.1" 404 366 "-" "claudebot"
18.118.145.114 - - [16/Apr/2024:18:22:46 +0200] "GET /viewtopic.php?f=8&t=540&p=4063&sid=fc86baf287c8c85fa45255ad9f845b44 HTTP/1.1" 404 369 "-" "claudebot"
52.14.126.74 - - [16/Apr/2024:18:23:06 +0200] "GET /robots.txt HTTP/1.1" 404 366 "-" "claudebot"
91.141.41.251 - - [16/Apr/2024:18:23:06 +0200] "GET /entry.php?id=10271&&ser=284525 HTTP/1.1" 200 987 "http://hausegger.activities.at/entry.php?id=10271&&ser=284464" "Mozilla/5.0 (Windows NT 10.0; Win64; x64) AppleWebKit/537.36 (KHTML, like Gecko) Chrome/123.0.0.0 Safari/537.36"
91.141.41.251 - - [16/Apr/2024:18:23:06 +0200] "GET /gui/javascript/form_form.js?1713284586 HTTP/1.1" 200 16206 "http://hausegger.activities.at/entry.php?id=10271&&ser=284525" "Mozilla/5.0 (Windows NT 10.0; Win64; x64) AppleWebKit/537.36 (KHTML, like Gecko) Chrome/123.0.0.0 Safari/537.36"
52.14.126.74 - - [16/Apr/2024:18:23:07 +0200] "GET /viewforum.php?f=18&sid=da3fd386f363cacf06b3f1218604015a HTTP/1.1" 404 369 "-" "claudebot"
91.141.41.251 - - [16/Apr/2024:18:24:07 +0200] "GET /entry.php?id=10271&&ser=284586 HTTP/1.1" 200 987 "http://hausegger.activities.at/entry.php?id=10271&&ser=284525" "Mozilla/5.0 (Windows NT 10.0; Win64; x64) AppleWebKit/537.36 (KHTML, like Gecko) Chrome/123.0.0.0 Safari/537.36"
91.141.41.251 - - [16/Apr/2024:18:24:07 +0200] "GET /gui/javascript/form_form.js?1713284647 HTTP/1.1" 200 16206 "http://hausegger.activities.at/entry.php?id=10271&&ser=284586" "Mozilla/5.0 (Windows NT 10.0; Win64; x64) AppleWebKit/537.36 (KHTML, like Gecko) Chrome/123.0.0.0 Safari/537.36"
91.141.41.251 - - [16/Apr/2024:18:25:08 +0200] "GET /entry.php?id=10271&&ser=284647 HTTP/1.1" 200 987 "http://hausegger.activities.at/entry.php?id=10271&&ser=284586" "Mozilla/5.0 (Windows NT 10.0; Win64; x64) AppleWebKit/537.36 (KHTML, like Gecko) Chrome/123.0.0.0 Safari/537.36"
91.141.41.251 - - [16/Apr/2024:18:25:08 +0200] "GET /gui/javascript/form_form.js?1713284708 HTTP/1.1" 200 16206 "http://hausegger.activities.at/entry.php?id=10271&&ser=284647" "Mozilla/5.0 (Windows NT 10.0; Win64; x64) AppleWebKit/537.36 (KHTML, like Gecko) Chrome/123.0.0.0 Safari/537.36"
91.141.41.251 - - [16/Apr/2024:18:26:09 +0200] "GET /entry.php?id=10271&&ser=284708 HTTP/1.1" 200 987 "http://hausegger.activities.at/entry.php?id=10271&&ser=284647" "Mozilla/5.0 (Windows NT 10.0; Win64; x64) AppleWebKit/537.36 (KHTML, like Gecko) Chrome/123.0.0.0 Safari/537.36"
91.141.41.251 - - [16/Apr/2024:18:26:09 +0200] "GET /gui/javascript/form_form.js?1713284769 HTTP/1.1" 200 16206 "http://hausegger.activities.at/entry.php?id=10271&&ser=284708" "Mozilla/5.0 (Windows NT 10.0; Win64; x64) AppleWebKit/537.36 (KHTML, like Gecko) Chrome/123.0.0.0 Safari/537.36"
91.141.41.251 - - [16/Apr/2024:18:27:10 +0200] "GET /entry.php?id=10271&&ser=284769 HTTP/1.1" 200 987 "http://hausegger.activities.at/entry.php?id=10271&&ser=284708" "Mozilla/5.0 (Windows NT 10.0; Win64; x64) AppleWebKit/537.36 (KHTML, like Gecko) Chrome/123.0.0.0 Safari/537.36"
91.141.41.251 - - [16/Apr/2024:18:27:10 +0200] "GET /gui/javascript/form_form.js?1713284830 HTTP/1.1" 200 16206 "http://hausegger.activities.at/entry.php?id=10271&&ser=284769" "Mozilla/5.0 (Windows NT 10.0; Win64; x64) AppleWebKit/537.36 (KHTML, like Gecko) Chrome/123.0.0.0 Safari/537.36"
91.141.41.251 - - [16/Apr/2024:18:28:11 +0200] "GET /entry.php?id=10271&&ser=284830 HTTP/1.1" 200 986 "http://hausegger.activities.at/entry.php?id=10271&&ser=284769" "Mozilla/5.0 (Windows NT 10.0; Win64; x64) AppleWebKit/537.36 (KHTML, like Gecko) Chrome/123.0.0.0 Safari/537.36"
91.141.41.251 - - [16/Apr/2024:18:28:11 +0200] "GET /gui/javascript/form_form.js?1713284891 HTTP/1.1" 200 16206 "http://hausegger.activities.at/entry.php?id=10271&&ser=284830" "Mozilla/5.0 (Windows NT 10.0; Win64; x64) AppleWebKit/537.36 (KHTML, like Gecko) Chrome/123.0.0.0 Safari/537.36"
91.141.41.251 - - [16/Apr/2024:18:29:12 +0200] "GET /entry.php?id=10271&&ser=284891 HTTP/1.1" 200 987 "http://hausegger.activities.at/entry.php?id=10271&&ser=284830" "Mozilla/5.0 (Windows NT 10.0; Win64; x64) AppleWebKit/537.36 (KHTML, like Gecko) Chrome/123.0.0.0 Safari/537.36"
91.141.41.251 - - [16/Apr/2024:18:29:12 +0200] "GET /gui/javascript/form_form.js?1713284952 HTTP/1.1" 200 16206 "http://hausegger.activities.at/entry.php?id=10271&&ser=284891" "Mozilla/5.0 (Windows NT 10.0; Win64; x64) AppleWebKit/537.36 (KHTML, like Gecko) Chrome/123.0.0.0 Safari/537.36"
18.218.184.214 - - [16/Apr/2024:18:29:59 +0200] "GET /robots.txt HTTP/1.1" 404 366 "-" "claudebot"
18.218.184.214 - - [16/Apr/2024:18:30:00 +0200] "GET /ucp.php?i=pm&folder=inbox&sid=5651155126a7c2a814587bb41a52b341 HTTP/1.1" 404 363 "-" "claudebot"
91.141.41.251 - - [16/Apr/2024:18:30:13 +0200] "GET /entry.php?id=10271&&ser=284952 HTTP/1.1" 200 987 "http://hausegger.activities.at/entry.php?id=10271&&ser=284891" "Mozilla/5.0 (Windows NT 10.0; Win64; x64) AppleWebKit/537.36 (KHTML, like Gecko) Chrome/123.0.0.0 Safari/537.36"
91.141.41.251 - - [16/Apr/2024:18:30:13 +0200] "GET /gui/javascript/form_form.js?1713285013 HTTP/1.1" 200 16206 "http://hausegger.activities.at/entry.php?id=10271&&ser=284952" "Mozilla/5.0 (Windows NT 10.0; Win64; x64) AppleWebKit/537.36 (KHTML, like Gecko) Chrome/123.0.0.0 Safari/537.36"
