178.165.178.173 - - [24/Apr/2024:13:00:40 +0200] "GET /gui/javascript/form_form.js?1713956440 HTTP/1.1" 200 16206 "http://hausegger.activities.at/entry.php?id=10271&&ser=956379" "Mozilla/5.0 (Windows NT 10.0; Win64; x64) AppleWebKit/537.36 (KHTML, like Gecko) Chrome/124.0.0.0 Safari/537.36"
178.165.178.173 - - [24/Apr/2024:13:00:59 +0200] "GET /entry.php?id=10271&&ser=956399 HTTP/1.1" 200 987 "http://hausegger.activities.at/entry.php?id=10271&&ser=956338" "Mozilla/5.0 (Windows NT 10.0; Win64; x64; rv:125.0) Gecko/20100101 Firefox/125.0"
178.165.178.173 - - [24/Apr/2024:13:00:59 +0200] "GET /gui/javascript/form_form.js?1713956459 HTTP/1.1" 200 16206 "http://hausegger.activities.at/entry.php?id=10271&&ser=956399" "Mozilla/5.0 (Windows NT 10.0; Win64; x64; rv:125.0) Gecko/20100101 Firefox/125.0"
178.165.178.173 - - [24/Apr/2024:13:01:41 +0200] "GET /entry.php?id=10271&&ser=956440 HTTP/1.1" 200 987 "http://hausegger.activities.at/entry.php?id=10271&&ser=956379" "Mozilla/5.0 (Windows NT 10.0; Win64; x64) AppleWebKit/537.36 (KHTML, like Gecko) Chrome/124.0.0.0 Safari/537.36"
178.165.178.173 - - [24/Apr/2024:13:01:41 +0200] "GET /gui/javascript/form_form.js?1713956501 HTTP/1.1" 200 16206 "http://hausegger.activities.at/entry.php?id=10271&&ser=956440" "Mozilla/5.0 (Windows NT 10.0; Win64; x64) AppleWebKit/537.36 (KHTML, like Gecko) Chrome/124.0.0.0 Safari/537.36"
18.119.107.96 - - [24/Apr/2024:13:01:44 +0200] "GET /viewforum.php?f=25&sid=d53ba1bc05850db60c27c3fc3dea374a HTTP/1.1" 404 369 "-" "Mozilla/5.0 AppleWebKit/537.36 (KHTML, like Gecko; compatible; ClaudeBot/1.0; +claudebot@anthropic.com)"
3.143.4.181 - - [24/Apr/2024:13:01:45 +0200] "GET /ucp.php?mode=login&sid=0feddc77a486b6ef0417cff56fa63757 HTTP/1.1" 404 363 "-" "Mozilla/5.0 AppleWebKit/537.36 (KHTML, like Gecko; compatible; ClaudeBot/1.0; +claudebot@anthropic.com)"
3.138.141.202 - - [24/Apr/2024:13:01:51 +0200] "GET /search.php?sid=31ad4cadb8234f1b2ae79d8324e2b37d HTTP/1.1" 404 366 "-" "Mozilla/5.0 AppleWebKit/537.36 (KHTML, like Gecko; compatible; ClaudeBot/1.0; +claudebot@anthropic.com)"
178.165.178.173 - - [24/Apr/2024:13:01:59 +0200] "GET /entry.php?id=10271&&ser=956459 HTTP/1.1" 200 987 "http://hausegger.activities.at/entry.php?id=10271&&ser=956399" "Mozilla/5.0 (Windows NT 10.0; Win64; x64; rv:125.0) Gecko/20100101 Firefox/125.0"
178.165.178.173 - - [24/Apr/2024:13:01:59 +0200] "GET /gui/javascript/form_form.js?1713956519 HTTP/1.1" 200 16206 "http://hausegger.activities.at/entry.php?id=10271&&ser=956459" "Mozilla/5.0 (Windows NT 10.0; Win64; x64; rv:125.0) Gecko/20100101 Firefox/125.0"
178.165.178.173 - - [24/Apr/2024:13:02:42 +0200] "GET /entry.php?id=10271&&ser=956501 HTTP/1.1" 200 987 "http://hausegger.activities.at/entry.php?id=10271&&ser=956440" "Mozilla/5.0 (Windows NT 10.0; Win64; x64) AppleWebKit/537.36 (KHTML, like Gecko) Chrome/124.0.0.0 Safari/537.36"
178.165.178.173 - - [24/Apr/2024:13:02:42 +0200] "GET /gui/javascript/form_form.js?1713956562 HTTP/1.1" 200 16206 "http://hausegger.activities.at/entry.php?id=10271&&ser=956501" "Mozilla/5.0 (Windows NT 10.0; Win64; x64) AppleWebKit/537.36 (KHTML, like Gecko) Chrome/124.0.0.0 Safari/537.36"
178.165.178.173 - - [24/Apr/2024:13:03:00 +0200] "GET /entry.php?id=10271&&ser=956519 HTTP/1.1" 200 987 "http://hausegger.activities.at/entry.php?id=10271&&ser=956459" "Mozilla/5.0 (Windows NT 10.0; Win64; x64; rv:125.0) Gecko/20100101 Firefox/125.0"
178.165.178.173 - - [24/Apr/2024:13:03:00 +0200] "GET /gui/javascript/form_form.js?1713956580 HTTP/1.1" 200 16206 "http://hausegger.activities.at/entry.php?id=10271&&ser=956519" "Mozilla/5.0 (Windows NT 10.0; Win64; x64; rv:125.0) Gecko/20100101 Firefox/125.0"
18.221.41.214 - - [24/Apr/2024:13:03:19 +0200] "GET /gallery/index.php?sid=e4f2f528e45e34a5b077afed88709cea HTTP/1.1" 404 373 "-" "Mozilla/5.0 AppleWebKit/537.36 (KHTML, like Gecko; compatible; ClaudeBot/1.0; +claudebot@anthropic.com)"
178.165.178.173 - - [24/Apr/2024:13:03:43 +0200] "GET /entry.php?id=10271&&ser=956562 HTTP/1.1" 200 987 "http://hausegger.activities.at/entry.php?id=10271&&ser=956501" "Mozilla/5.0 (Windows NT 10.0; Win64; x64) AppleWebKit/537.36 (KHTML, like Gecko) Chrome/124.0.0.0 Safari/537.36"
178.165.178.173 - - [24/Apr/2024:13:03:43 +0200] "GET /gui/javascript/form_form.js?1713956623 HTTP/1.1" 200 16206 "http://hausegger.activities.at/entry.php?id=10271&&ser=956562" "Mozilla/5.0 (Windows NT 10.0; Win64; x64) AppleWebKit/537.36 (KHTML, like Gecko) Chrome/124.0.0.0 Safari/537.36"
178.165.178.173 - - [24/Apr/2024:13:04:00 +0200] "GET /entry.php?id=10271&&ser=956580 HTTP/1.1" 200 987 "http://hausegger.activities.at/entry.php?id=10271&&ser=956519" "Mozilla/5.0 (Windows NT 10.0; Win64; x64; rv:125.0) Gecko/20100101 Firefox/125.0"
178.165.178.173 - - [24/Apr/2024:13:04:00 +0200] "GET /gui/javascript/form_form.js?1713956640 HTTP/1.1" 200 16206 "http://hausegger.activities.at/entry.php?id=10271&&ser=956580" "Mozilla/5.0 (Windows NT 10.0; Win64; x64; rv:125.0) Gecko/20100101 Firefox/125.0"
3.141.24.134 - - [24/Apr/2024:13:04:26 +0200] "GET /portal.php?sid=c0d5629ec798fa38685d07955da13b7c HTTP/1.1" 404 366 "-" "Mozilla/5.0 AppleWebKit/537.36 (KHTML, like Gecko; compatible; ClaudeBot/1.0; +claudebot@anthropic.com)"
178.165.178.173 - - [24/Apr/2024:13:04:44 +0200] "GET /entry.php?id=10271&&ser=956623 HTTP/1.1" 200 987 "http://hausegger.activities.at/entry.php?id=10271&&ser=956562" "Mozilla/5.0 (Windows NT 10.0; Win64; x64) AppleWebKit/537.36 (KHTML, like Gecko) Chrome/124.0.0.0 Safari/537.36"
178.165.178.173 - - [24/Apr/2024:13:04:44 +0200] "GET /gui/javascript/form_form.js?1713956684 HTTP/1.1" 200 16206 "http://hausegger.activities.at/entry.php?id=10271&&ser=956623" "Mozilla/5.0 (Windows NT 10.0; Win64; x64) AppleWebKit/537.36 (KHTML, like Gecko) Chrome/124.0.0.0 Safari/537.36"
178.165.178.173 - - [24/Apr/2024:13:05:00 +0200] "GET /entry.php?id=10271&&ser=956640 HTTP/1.1" 200 987 "http://hausegger.activities.at/entry.php?id=10271&&ser=956580" "Mozilla/5.0 (Windows NT 10.0; Win64; x64; rv:125.0) Gecko/20100101 Firefox/125.0"
178.165.178.173 - - [24/Apr/2024:13:05:00 +0200] "GET /gui/javascript/form_form.js?1713956700 HTTP/1.1" 200 16206 "http://hausegger.activities.at/entry.php?id=10271&&ser=956640" "Mozilla/5.0 (Windows NT 10.0; Win64; x64; rv:125.0) Gecko/20100101 Firefox/125.0"
178.165.178.173 - - [24/Apr/2024:13:05:45 +0200] "GET /entry.php?id=10271&&ser=956684 HTTP/1.1" 200 987 "http://hausegger.activities.at/entry.php?id=10271&&ser=956623" "Mozilla/5.0 (Windows NT 10.0; Win64; x64) AppleWebKit/537.36 (KHTML, like Gecko) Chrome/124.0.0.0 Safari/537.36"
178.165.178.173 - - [24/Apr/2024:13:05:45 +0200] "GET /gui/javascript/form_form.js?1713956745 HTTP/1.1" 200 16206 "http://hausegger.activities.at/entry.php?id=10271&&ser=956684" "Mozilla/5.0 (Windows NT 10.0; Win64; x64) AppleWebKit/537.36 (KHTML, like Gecko) Chrome/124.0.0.0 Safari/537.36"
178.165.178.173 - - [24/Apr/2024:13:06:00 +0200] "GET /entry.php?id=10271&&ser=956700 HTTP/1.1" 200 987 "http://hausegger.activities.at/entry.php?id=10271&&ser=956640" "Mozilla/5.0 (Windows NT 10.0; Win64; x64; rv:125.0) Gecko/20100101 Firefox/125.0"
178.165.178.173 - - [24/Apr/2024:13:06:01 +0200] "GET /gui/javascript/form_form.js?1713956761 HTTP/1.1" 200 16206 "http://hausegger.activities.at/entry.php?id=10271&&ser=956700" "Mozilla/5.0 (Windows NT 10.0; Win64; x64; rv:125.0) Gecko/20100101 Firefox/125.0"
18.221.41.214 - - [24/Apr/2024:13:06:12 +0200] "GET /memberlist.php?mode=leaders&sid=3155ffad3fc5ad17b073b2e8246b99a7 HTTP/1.1" 404 370 "-" "Mozilla/5.0 AppleWebKit/537.36 (KHTML, like Gecko; compatible; ClaudeBot/1.0; +claudebot@anthropic.com)"
13.59.36.203 - - [24/Apr/2024:13:06:43 +0200] "GET /faq.php?sid=01c6aeb4dc1a5aca4fd5674d15fadb9d HTTP/1.1" 404 363 "-" "Mozilla/5.0 AppleWebKit/537.36 (KHTML, like Gecko; compatible; ClaudeBot/1.0; +claudebot@anthropic.com)"
178.165.178.173 - - [24/Apr/2024:13:06:46 +0200] "GET /entry.php?id=10271&&ser=956745 HTTP/1.1" 200 987 "http://hausegger.activities.at/entry.php?id=10271&&ser=956684" "Mozilla/5.0 (Windows NT 10.0; Win64; x64) AppleWebKit/537.36 (KHTML, like Gecko) Chrome/124.0.0.0 Safari/537.36"
178.165.178.173 - - [24/Apr/2024:13:06:46 +0200] "GET /gui/javascript/form_form.js?1713956806 HTTP/1.1" 200 16206 "http://hausegger.activities.at/entry.php?id=10271&&ser=956745" "Mozilla/5.0 (Windows NT 10.0; Win64; x64) AppleWebKit/537.36 (KHTML, like Gecko) Chrome/124.0.0.0 Safari/537.36"
178.165.178.173 - - [24/Apr/2024:13:07:01 +0200] "GET /entry.php?id=10271&&ser=956761 HTTP/1.1" 200 987 "http://hausegger.activities.at/entry.php?id=10271&&ser=956700" "Mozilla/5.0 (Windows NT 10.0; Win64; x64; rv:125.0) Gecko/20100101 Firefox/125.0"
178.165.178.173 - - [24/Apr/2024:13:07:01 +0200] "GET /gui/javascript/form_form.js?1713956821 HTTP/1.1" 200 16206 "http://hausegger.activities.at/entry.php?id=10271&&ser=956761" "Mozilla/5.0 (Windows NT 10.0; Win64; x64; rv:125.0) Gecko/20100101 Firefox/125.0"
3.140.185.147 - - [24/Apr/2024:13:07:13 +0200] "GET /memberlist.php?mode=leaders&sid=284f7c4ec085f2960c4323976f6bccdf HTTP/1.1" 404 370 "-" "Mozilla/5.0 AppleWebKit/537.36 (KHTML, like Gecko; compatible; ClaudeBot/1.0; +claudebot@anthropic.com)"
3.144.84.155 - - [24/Apr/2024:13:07:20 +0200] "GET /viewforum.php?f=8&sid=3f29d331f94b1787e560404096508c27 HTTP/1.1" 404 369 "-" "Mozilla/5.0 AppleWebKit/537.36 (KHTML, like Gecko; compatible; ClaudeBot/1.0; +claudebot@anthropic.com)"
3.149.230.44 - - [24/Apr/2024:13:07:27 +0200] "GET /gallery/index.php?sid=9af555695fa8316b2e0caa1304ee32d1 HTTP/1.1" 404 373 "-" "Mozilla/5.0 AppleWebKit/537.36 (KHTML, like Gecko; compatible; ClaudeBot/1.0; +claudebot@anthropic.com)"
178.165.178.173 - - [24/Apr/2024:13:07:47 +0200] "GET /entry.php?id=10271&&ser=956806 HTTP/1.1" 200 987 "http://hausegger.activities.at/entry.php?id=10271&&ser=956745" "Mozilla/5.0 (Windows NT 10.0; Win64; x64) AppleWebKit/537.36 (KHTML, like Gecko) Chrome/124.0.0.0 Safari/537.36"
178.165.178.173 - - [24/Apr/2024:13:07:47 +0200] "GET /gui/javascript/form_form.js?1713956867 HTTP/1.1" 200 16206 "http://hausegger.activities.at/entry.php?id=10271&&ser=956806" "Mozilla/5.0 (Windows NT 10.0; Win64; x64) AppleWebKit/537.36 (KHTML, like Gecko) Chrome/124.0.0.0 Safari/537.36"
45.128.232.229 - - [24/Apr/2024:13:07:53 +0200] "POST /cgi-bin/param.cgi?post_network_other_conf HTTP/1.1" 404 362 "-" "-"
178.165.178.173 - - [24/Apr/2024:13:08:01 +0200] "GET /entry.php?id=10271&&ser=956821 HTTP/1.1" 200 986 "http://hausegger.activities.at/entry.php?id=10271&&ser=956761" "Mozilla/5.0 (Windows NT 10.0; Win64; x64; rv:125.0) Gecko/20100101 Firefox/125.0"
178.165.178.173 - - [24/Apr/2024:13:08:01 +0200] "GET /gui/javascript/form_form.js?1713956881 HTTP/1.1" 200 16206 "http://hausegger.activities.at/entry.php?id=10271&&ser=956821" "Mozilla/5.0 (Windows NT 10.0; Win64; x64; rv:125.0) Gecko/20100101 Firefox/125.0"
18.218.38.125 - - [24/Apr/2024:13:08:20 +0200] "GET /memberlist.php?mode=leaders&sid=d926eb3abaa529117a5688b3b2cc60f9 HTTP/1.1" 404 370 "-" "Mozilla/5.0 AppleWebKit/537.36 (KHTML, like Gecko; compatible; ClaudeBot/1.0; +claudebot@anthropic.com)"
3.133.12.172 - - [24/Apr/2024:13:08:36 +0200] "GET /viewforum.php?f=8&sid=01c6aeb4dc1a5aca4fd5674d15fadb9d HTTP/1.1" 404 369 "-" "Mozilla/5.0 AppleWebKit/537.36 (KHTML, like Gecko; compatible; ClaudeBot/1.0; +claudebot@anthropic.com)"
185.224.128.43 - - [24/Apr/2024:13:08:37 +0200] "GET / HTTP/1.1" 200 274 "-" "Mozilla/5.0 (Windows NT 10.0; Win64; x64) AppleWebKit/537.36 (KHTML, like Gecko) Chrome/90.0.4430.85 Safari/537.36 Edg/90.0.818.46"
178.165.178.173 - - [24/Apr/2024:13:08:48 +0200] "GET /entry.php?id=10271&&ser=956867 HTTP/1.1" 200 987 "http://hausegger.activities.at/entry.php?id=10271&&ser=956806" "Mozilla/5.0 (Windows NT 10.0; Win64; x64) AppleWebKit/537.36 (KHTML, like Gecko) Chrome/124.0.0.0 Safari/537.36"
178.165.178.173 - - [24/Apr/2024:13:08:48 +0200] "GET /gui/javascript/form_form.js?1713956928 HTTP/1.1" 200 16206 "http://hausegger.activities.at/entry.php?id=10271&&ser=956867" "Mozilla/5.0 (Windows NT 10.0; Win64; x64) AppleWebKit/537.36 (KHTML, like Gecko) Chrome/124.0.0.0 Safari/537.36"
178.165.178.173 - - [24/Apr/2024:13:09:01 +0200] "GET /entry.php?id=10271&&ser=956881 HTTP/1.1" 200 987 "http://hausegger.activities.at/entry.php?id=10271&&ser=956821" "Mozilla/5.0 (Windows NT 10.0; Win64; x64; rv:125.0) Gecko/20100101 Firefox/125.0"
178.165.178.173 - - [24/Apr/2024:13:09:01 +0200] "GET /gui/javascript/form_form.js?1713956941 HTTP/1.1" 200 16206 "http://hausegger.activities.at/entry.php?id=10271&&ser=956881" "Mozilla/5.0 (Windows NT 10.0; Win64; x64; rv:125.0) Gecko/20100101 Firefox/125.0"
178.165.178.173 - - [24/Apr/2024:13:09:49 +0200] "GET /entry.php?id=10271&&ser=956928 HTTP/1.1" 200 986 "http://hausegger.activities.at/entry.php?id=10271&&ser=956867" "Mozilla/5.0 (Windows NT 10.0; Win64; x64) AppleWebKit/537.36 (KHTML, like Gecko) Chrome/124.0.0.0 Safari/537.36"
178.165.178.173 - - [24/Apr/2024:13:09:49 +0200] "GET /gui/javascript/form_form.js?1713956989 HTTP/1.1" 200 16206 "http://hausegger.activities.at/entry.php?id=10271&&ser=956928" "Mozilla/5.0 (Windows NT 10.0; Win64; x64) AppleWebKit/537.36 (KHTML, like Gecko) Chrome/124.0.0.0 Safari/537.36"
178.165.178.173 - - [24/Apr/2024:13:10:02 +0200] "GET /entry.php?id=10271&&ser=956941 HTTP/1.1" 200 986 "http://hausegger.activities.at/entry.php?id=10271&&ser=956881" "Mozilla/5.0 (Windows NT 10.0; Win64; x64; rv:125.0) Gecko/20100101 Firefox/125.0"
178.165.178.173 - - [24/Apr/2024:13:10:02 +0200] "GET /gui/javascript/form_form.js?1713957002 HTTP/1.1" 200 16206 "http://hausegger.activities.at/entry.php?id=10271&&ser=956941" "Mozilla/5.0 (Windows NT 10.0; Win64; x64; rv:125.0) Gecko/20100101 Firefox/125.0"
3.145.166.7 - - [24/Apr/2024:13:10:03 +0200] "GET /memberlist.php?mode=leaders&sid=d59a9e354b5986d1227c53e240d1c182 HTTP/1.1" 404 370 "-" "Mozilla/5.0 AppleWebKit/537.36 (KHTML, like Gecko; compatible; ClaudeBot/1.0; +claudebot@anthropic.com)"
178.165.178.173 - - [24/Apr/2024:13:10:50 +0200] "GET /entry.php?id=10271&&ser=956989 HTTP/1.1" 200 987 "http://hausegger.activities.at/entry.php?id=10271&&ser=956928" "Mozilla/5.0 (Windows NT 10.0; Win64; x64) AppleWebKit/537.36 (KHTML, like Gecko) Chrome/124.0.0.0 Safari/537.36"
178.165.178.173 - - [24/Apr/2024:13:10:50 +0200] "GET /gui/javascript/form_form.js?1713957050 HTTP/1.1" 200 16206 "http://hausegger.activities.at/entry.php?id=10271&&ser=956989" "Mozilla/5.0 (Windows NT 10.0; Win64; x64) AppleWebKit/537.36 (KHTML, like Gecko) Chrome/124.0.0.0 Safari/537.36"
178.165.178.173 - - [24/Apr/2024:13:11:02 +0200] "GET /entry.php?id=10271&&ser=957002 HTTP/1.1" 200 987 "http://hausegger.activities.at/entry.php?id=10271&&ser=956941" "Mozilla/5.0 (Windows NT 10.0; Win64; x64; rv:125.0) Gecko/20100101 Firefox/125.0"
178.165.178.173 - - [24/Apr/2024:13:11:02 +0200] "GET /gui/javascript/form_form.js?1713957062 HTTP/1.1" 200 16206 "http://hausegger.activities.at/entry.php?id=10271&&ser=957002" "Mozilla/5.0 (Windows NT 10.0; Win64; x64; rv:125.0) Gecko/20100101 Firefox/125.0"
3.16.218.62 - - [24/Apr/2024:13:11:37 +0200] "GET /about.php?sid=256c4d2211222ddaa23f2a4d8bba802f HTTP/1.1" 404 365 "-" "Mozilla/5.0 AppleWebKit/537.36 (KHTML, like Gecko; compatible; ClaudeBot/1.0; +claudebot@anthropic.com)"
178.165.178.173 - - [24/Apr/2024:13:11:51 +0200] "GET /entry.php?id=10271&&ser=957050 HTTP/1.1" 200 987 "http://hausegger.activities.at/entry.php?id=10271&&ser=956989" "Mozilla/5.0 (Windows NT 10.0; Win64; x64) AppleWebKit/537.36 (KHTML, like Gecko) Chrome/124.0.0.0 Safari/537.36"
178.165.178.173 - - [24/Apr/2024:13:11:51 +0200] "GET /gui/javascript/form_form.js?1713957111 HTTP/1.1" 200 16206 "http://hausegger.activities.at/entry.php?id=10271&&ser=957050" "Mozilla/5.0 (Windows NT 10.0; Win64; x64) AppleWebKit/537.36 (KHTML, like Gecko) Chrome/124.0.0.0 Safari/537.36"
178.165.178.173 - - [24/Apr/2024:13:12:02 +0200] "GET /entry.php?id=10271&&ser=957062 HTTP/1.1" 200 987 "http://hausegger.activities.at/entry.php?id=10271&&ser=957002" "Mozilla/5.0 (Windows NT 10.0; Win64; x64; rv:125.0) Gecko/20100101 Firefox/125.0"
178.165.178.173 - - [24/Apr/2024:13:12:02 +0200] "GET /gui/javascript/form_form.js?1713957122 HTTP/1.1" 200 16206 "http://hausegger.activities.at/entry.php?id=10271&&ser=957062" "Mozilla/5.0 (Windows NT 10.0; Win64; x64; rv:125.0) Gecko/20100101 Firefox/125.0"
3.145.2.184 - - [24/Apr/2024:13:12:40 +0200] "GET /portal.php?sid=4492002397562209952433a1d010b5d6 HTTP/1.1" 404 366 "-" "Mozilla/5.0 AppleWebKit/537.36 (KHTML, like Gecko; compatible; ClaudeBot/1.0; +claudebot@anthropic.com)"
178.165.178.173 - - [24/Apr/2024:13:12:52 +0200] "GET /entry.php?id=10271&&ser=957111 HTTP/1.1" 200 987 "http://hausegger.activities.at/entry.php?id=10271&&ser=957050" "Mozilla/5.0 (Windows NT 10.0; Win64; x64) AppleWebKit/537.36 (KHTML, like Gecko) Chrome/124.0.0.0 Safari/537.36"
178.165.178.173 - - [24/Apr/2024:13:12:52 +0200] "GET /gui/javascript/form_form.js?1713957172 HTTP/1.1" 200 16206 "http://hausegger.activities.at/entry.php?id=10271&&ser=957111" "Mozilla/5.0 (Windows NT 10.0; Win64; x64) AppleWebKit/537.36 (KHTML, like Gecko) Chrome/124.0.0.0 Safari/537.36"
178.165.178.173 - - [24/Apr/2024:13:13:03 +0200] "GET /entry.php?id=10271&&ser=957122 HTTP/1.1" 200 987 "http://hausegger.activities.at/entry.php?id=10271&&ser=957062" "Mozilla/5.0 (Windows NT 10.0; Win64; x64; rv:125.0) Gecko/20100101 Firefox/125.0"
178.165.178.173 - - [24/Apr/2024:13:13:03 +0200] "GET /gui/javascript/form_form.js?1713957183 HTTP/1.1" 200 16206 "http://hausegger.activities.at/entry.php?id=10271&&ser=957122" "Mozilla/5.0 (Windows NT 10.0; Win64; x64; rv:125.0) Gecko/20100101 Firefox/125.0"
18.219.236.62 - - [24/Apr/2024:13:13:35 +0200] "GET /viewtopic.php?p=2785&sid=78105d877855b089473304da426309de HTTP/1.1" 404 369 "-" "Mozilla/5.0 AppleWebKit/537.36 (KHTML, like Gecko; compatible; ClaudeBot/1.0; +claudebot@anthropic.com)"
178.165.178.173 - - [24/Apr/2024:13:13:53 +0200] "GET /entry.php?id=10271&&ser=957172 HTTP/1.1" 200 987 "http://hausegger.activities.at/entry.php?id=10271&&ser=957111" "Mozilla/5.0 (Windows NT 10.0; Win64; x64) AppleWebKit/537.36 (KHTML, like Gecko) Chrome/124.0.0.0 Safari/537.36"
178.165.178.173 - - [24/Apr/2024:13:13:53 +0200] "GET /gui/javascript/form_form.js?1713957233 HTTP/1.1" 200 16206 "http://hausegger.activities.at/entry.php?id=10271&&ser=957172" "Mozilla/5.0 (Windows NT 10.0; Win64; x64) AppleWebKit/537.36 (KHTML, like Gecko) Chrome/124.0.0.0 Safari/537.36"
178.165.178.173 - - [24/Apr/2024:13:14:03 +0200] "GET /entry.php?id=10271&&ser=957183 HTTP/1.1" 200 987 "http://hausegger.activities.at/entry.php?id=10271&&ser=957122" "Mozilla/5.0 (Windows NT 10.0; Win64; x64; rv:125.0) Gecko/20100101 Firefox/125.0"
178.165.178.173 - - [24/Apr/2024:13:14:03 +0200] "GET /gui/javascript/form_form.js?1713957243 HTTP/1.1" 200 16206 "http://hausegger.activities.at/entry.php?id=10271&&ser=957183" "Mozilla/5.0 (Windows NT 10.0; Win64; x64; rv:125.0) Gecko/20100101 Firefox/125.0"
3.146.221.204 - - [24/Apr/2024:13:14:13 +0200] "GET /robots.txt HTTP/1.1" 404 366 "-" "Mozilla/5.0 AppleWebKit/537.36 (KHTML, like Gecko; compatible; ClaudeBot/1.0; +claudebot@anthropic.com)"
3.146.221.204 - - [24/Apr/2024:13:14:13 +0200] "GET /viewtopic.php?p=4041&sid=34c5c7b9a0ecb58c3cbb5446fa31a924 HTTP/1.1" 404 369 "-" "Mozilla/5.0 AppleWebKit/537.36 (KHTML, like Gecko; compatible; ClaudeBot/1.0; +claudebot@anthropic.com)"
3.143.168.172 - - [24/Apr/2024:13:14:52 +0200] "GET /portal.php?sid=90df12dea6a4f0ec8b4a1d2212a0b03e HTTP/1.1" 404 366 "-" "Mozilla/5.0 AppleWebKit/537.36 (KHTML, like Gecko; compatible; ClaudeBot/1.0; +claudebot@anthropic.com)"
178.165.178.173 - - [24/Apr/2024:13:14:54 +0200] "GET /entry.php?id=10271&&ser=957233 HTTP/1.1" 200 987 "http://hausegger.activities.at/entry.php?id=10271&&ser=957172" "Mozilla/5.0 (Windows NT 10.0; Win64; x64) AppleWebKit/537.36 (KHTML, like Gecko) Chrome/124.0.0.0 Safari/537.36"
178.165.178.173 - - [24/Apr/2024:13:14:54 +0200] "GET /gui/javascript/form_form.js?1713957294 HTTP/1.1" 200 16206 "http://hausegger.activities.at/entry.php?id=10271&&ser=957233" "Mozilla/5.0 (Windows NT 10.0; Win64; x64) AppleWebKit/537.36 (KHTML, like Gecko) Chrome/124.0.0.0 Safari/537.36"
178.165.178.173 - - [24/Apr/2024:13:15:03 +0200] "GET /entry.php?id=10271&&ser=957243 HTTP/1.1" 200 988 "http://hausegger.activities.at/entry.php?id=10271&&ser=957183" "Mozilla/5.0 (Windows NT 10.0; Win64; x64; rv:125.0) Gecko/20100101 Firefox/125.0"
178.165.178.173 - - [24/Apr/2024:13:15:03 +0200] "GET /gui/javascript/form_form.js?1713957303 HTTP/1.1" 200 16206 "http://hausegger.activities.at/entry.php?id=10271&&ser=957243" "Mozilla/5.0 (Windows NT 10.0; Win64; x64; rv:125.0) Gecko/20100101 Firefox/125.0"
178.165.178.173 - - [24/Apr/2024:13:15:55 +0200] "GET /entry.php?id=10271&&ser=957294 HTTP/1.1" 200 988 "http://hausegger.activities.at/entry.php?id=10271&&ser=957233" "Mozilla/5.0 (Windows NT 10.0; Win64; x64) AppleWebKit/537.36 (KHTML, like Gecko) Chrome/124.0.0.0 Safari/537.36"
178.165.178.173 - - [24/Apr/2024:13:15:55 +0200] "GET /gui/javascript/form_form.js?1713957355 HTTP/1.1" 200 16206 "http://hausegger.activities.at/entry.php?id=10271&&ser=957294" "Mozilla/5.0 (Windows NT 10.0; Win64; x64) AppleWebKit/537.36 (KHTML, like Gecko) Chrome/124.0.0.0 Safari/537.36"
178.165.178.173 - - [24/Apr/2024:13:16:03 +0200] "GET /entry.php?id=10271&&ser=957303 HTTP/1.1" 200 988 "http://hausegger.activities.at/entry.php?id=10271&&ser=957243" "Mozilla/5.0 (Windows NT 10.0; Win64; x64; rv:125.0) Gecko/20100101 Firefox/125.0"
178.165.178.173 - - [24/Apr/2024:13:16:04 +0200] "GET /gui/javascript/form_form.js?1713957363 HTTP/1.1" 200 16206 "http://hausegger.activities.at/entry.php?id=10271&&ser=957303" "Mozilla/5.0 (Windows NT 10.0; Win64; x64; rv:125.0) Gecko/20100101 Firefox/125.0"
3.144.84.155 - - [24/Apr/2024:13:16:06 +0200] "GET /faq.php?sid=e6e7f181764da48e1242e13aab208120 HTTP/1.1" 404 363 "-" "Mozilla/5.0 AppleWebKit/537.36 (KHTML, like Gecko; compatible; ClaudeBot/1.0; +claudebot@anthropic.com)"
178.165.178.173 - - [24/Apr/2024:13:16:56 +0200] "GET /entry.php?id=10271&&ser=957355 HTTP/1.1" 200 987 "http://hausegger.activities.at/entry.php?id=10271&&ser=957294" "Mozilla/5.0 (Windows NT 10.0; Win64; x64) AppleWebKit/537.36 (KHTML, like Gecko) Chrome/124.0.0.0 Safari/537.36"
178.165.178.173 - - [24/Apr/2024:13:16:56 +0200] "GET /gui/javascript/form_form.js?1713957416 HTTP/1.1" 200 16206 "http://hausegger.activities.at/entry.php?id=10271&&ser=957355" "Mozilla/5.0 (Windows NT 10.0; Win64; x64) AppleWebKit/537.36 (KHTML, like Gecko) Chrome/124.0.0.0 Safari/537.36"
18.117.182.179 - - [24/Apr/2024:13:17:04 +0200] "GET /viewforum.php?f=8&sid=a8b6b0b086c35de55b65ccdc3841b327 HTTP/1.1" 404 369 "-" "Mozilla/5.0 AppleWebKit/537.36 (KHTML, like Gecko; compatible; ClaudeBot/1.0; +claudebot@anthropic.com)"
178.165.178.173 - - [24/Apr/2024:13:17:04 +0200] "GET /entry.php?id=10271&&ser=957363 HTTP/1.1" 200 987 "http://hausegger.activities.at/entry.php?id=10271&&ser=957303" "Mozilla/5.0 (Windows NT 10.0; Win64; x64; rv:125.0) Gecko/20100101 Firefox/125.0"
178.165.178.173 - - [24/Apr/2024:13:17:04 +0200] "GET /gui/javascript/form_form.js?1713957424 HTTP/1.1" 200 16206 "http://hausegger.activities.at/entry.php?id=10271&&ser=957363" "Mozilla/5.0 (Windows NT 10.0; Win64; x64; rv:125.0) Gecko/20100101 Firefox/125.0"
18.117.182.179 - - [24/Apr/2024:13:17:04 +0200] "GET /about.php?sid=137c1e8701b56f9c0424fa996a300149 HTTP/1.1" 404 365 "-" "Mozilla/5.0 AppleWebKit/537.36 (KHTML, like Gecko; compatible; ClaudeBot/1.0; +claudebot@anthropic.com)"
18.117.81.240 - - [24/Apr/2024:13:17:18 +0200] "GET /gallery/index.php?sid=4a7a16bbcd8bdd708f0368378fe1a371 HTTP/1.1" 404 373 "-" "Mozilla/5.0 AppleWebKit/537.36 (KHTML, like Gecko; compatible; ClaudeBot/1.0; +claudebot@anthropic.com)"
18.188.61.223 - - [24/Apr/2024:13:17:49 +0200] "GET /memberlist.php?mode=leaders&sid=83d62474ceba51d03a52a389c735d992 HTTP/1.1" 404 370 "-" "Mozilla/5.0 AppleWebKit/537.36 (KHTML, like Gecko; compatible; ClaudeBot/1.0; +claudebot@anthropic.com)"
18.223.32.230 - - [24/Apr/2024:13:17:54 +0200] "GET /ucp.php?mode=privacy&sid=321c9d768844b7dc4390e3ccfafac197 HTTP/1.1" 404 363 "-" "Mozilla/5.0 AppleWebKit/537.36 (KHTML, like Gecko; compatible; ClaudeBot/1.0; +claudebot@anthropic.com)"
178.165.178.173 - - [24/Apr/2024:13:17:57 +0200] "GET /entry.php?id=10271&&ser=957416 HTTP/1.1" 200 988 "http://hausegger.activities.at/entry.php?id=10271&&ser=957355" "Mozilla/5.0 (Windows NT 10.0; Win64; x64) AppleWebKit/537.36 (KHTML, like Gecko) Chrome/124.0.0.0 Safari/537.36"
178.165.178.173 - - [24/Apr/2024:13:17:57 +0200] "GET /gui/javascript/form_form.js?1713957477 HTTP/1.1" 200 16206 "http://hausegger.activities.at/entry.php?id=10271&&ser=957416" "Mozilla/5.0 (Windows NT 10.0; Win64; x64) AppleWebKit/537.36 (KHTML, like Gecko) Chrome/124.0.0.0 Safari/537.36"
178.165.178.173 - - [24/Apr/2024:13:18:04 +0200] "GET /entry.php?id=10271&&ser=957424 HTTP/1.1" 200 987 "http://hausegger.activities.at/entry.php?id=10271&&ser=957363" "Mozilla/5.0 (Windows NT 10.0; Win64; x64; rv:125.0) Gecko/20100101 Firefox/125.0"
178.165.178.173 - - [24/Apr/2024:13:18:04 +0200] "GET /gui/javascript/form_form.js?1713957484 HTTP/1.1" 200 16206 "http://hausegger.activities.at/entry.php?id=10271&&ser=957424" "Mozilla/5.0 (Windows NT 10.0; Win64; x64; rv:125.0) Gecko/20100101 Firefox/125.0"
3.141.30.162 - - [24/Apr/2024:13:18:30 +0200] "GET /gallery/index.php?sid=1f753af4a1fd752d414dbb746ec74e09 HTTP/1.1" 404 373 "-" "Mozilla/5.0 AppleWebKit/537.36 (KHTML, like Gecko; compatible; ClaudeBot/1.0; +claudebot@anthropic.com)"
178.165.178.173 - - [24/Apr/2024:13:18:58 +0200] "GET /entry.php?id=10271&&ser=957477 HTTP/1.1" 200 987 "http://hausegger.activities.at/entry.php?id=10271&&ser=957416" "Mozilla/5.0 (Windows NT 10.0; Win64; x64) AppleWebKit/537.36 (KHTML, like Gecko) Chrome/124.0.0.0 Safari/537.36"
178.165.178.173 - - [24/Apr/2024:13:18:58 +0200] "GET /gui/javascript/form_form.js?1713957538 HTTP/1.1" 200 16206 "http://hausegger.activities.at/entry.php?id=10271&&ser=957477" "Mozilla/5.0 (Windows NT 10.0; Win64; x64) AppleWebKit/537.36 (KHTML, like Gecko) Chrome/124.0.0.0 Safari/537.36"
178.165.178.173 - - [24/Apr/2024:13:19:04 +0200] "GET /entry.php?id=10271&&ser=957484 HTTP/1.1" 200 987 "http://hausegger.activities.at/entry.php?id=10271&&ser=957424" "Mozilla/5.0 (Windows NT 10.0; Win64; x64; rv:125.0) Gecko/20100101 Firefox/125.0"
178.165.178.173 - - [24/Apr/2024:13:19:04 +0200] "GET /gui/javascript/form_form.js?1713957544 HTTP/1.1" 200 16206 "http://hausegger.activities.at/entry.php?id=10271&&ser=957484" "Mozilla/5.0 (Windows NT 10.0; Win64; x64; rv:125.0) Gecko/20100101 Firefox/125.0"
178.165.178.173 - - [24/Apr/2024:13:19:59 +0200] "GET /entry.php?id=10271&&ser=957538 HTTP/1.1" 200 987 "http://hausegger.activities.at/entry.php?id=10271&&ser=957477" "Mozilla/5.0 (Windows NT 10.0; Win64; x64) AppleWebKit/537.36 (KHTML, like Gecko) Chrome/124.0.0.0 Safari/537.36"
178.165.178.173 - - [24/Apr/2024:13:19:59 +0200] "GET /gui/javascript/form_form.js?1713957599 HTTP/1.1" 200 16206 "http://hausegger.activities.at/entry.php?id=10271&&ser=957538" "Mozilla/5.0 (Windows NT 10.0; Win64; x64) AppleWebKit/537.36 (KHTML, like Gecko) Chrome/124.0.0.0 Safari/537.36"
178.165.178.173 - - [24/Apr/2024:13:20:05 +0200] "GET /entry.php?id=10271&&ser=957544 HTTP/1.1" 200 987 "http://hausegger.activities.at/entry.php?id=10271&&ser=957484" "Mozilla/5.0 (Windows NT 10.0; Win64; x64; rv:125.0) Gecko/20100101 Firefox/125.0"
178.165.178.173 - - [24/Apr/2024:13:20:05 +0200] "GET /gui/javascript/form_form.js?1713957605 HTTP/1.1" 200 16206 "http://hausegger.activities.at/entry.php?id=10271&&ser=957544" "Mozilla/5.0 (Windows NT 10.0; Win64; x64; rv:125.0) Gecko/20100101 Firefox/125.0"
18.216.190.167 - - [24/Apr/2024:13:20:46 +0200] "GET /faq.php?sid=50c6d24a29faf1dc960f90539caeb9ac HTTP/1.1" 404 363 "-" "Mozilla/5.0 AppleWebKit/537.36 (KHTML, like Gecko; compatible; ClaudeBot/1.0; +claudebot@anthropic.com)"
178.165.178.173 - - [24/Apr/2024:13:21:00 +0200] "GET /entry.php?id=10271&&ser=957599 HTTP/1.1" 200 987 "http://hausegger.activities.at/entry.php?id=10271&&ser=957538" "Mozilla/5.0 (Windows NT 10.0; Win64; x64) AppleWebKit/537.36 (KHTML, like Gecko) Chrome/124.0.0.0 Safari/537.36"
178.165.178.173 - - [24/Apr/2024:13:21:00 +0200] "GET /gui/javascript/form_form.js?1713957660 HTTP/1.1" 200 16206 "http://hausegger.activities.at/entry.php?id=10271&&ser=957599" "Mozilla/5.0 (Windows NT 10.0; Win64; x64) AppleWebKit/537.36 (KHTML, like Gecko) Chrome/124.0.0.0 Safari/537.36"
178.165.178.173 - - [24/Apr/2024:13:21:05 +0200] "GET /entry.php?id=10271&&ser=957605 HTTP/1.1" 200 987 "http://hausegger.activities.at/entry.php?id=10271&&ser=957544" "Mozilla/5.0 (Windows NT 10.0; Win64; x64; rv:125.0) Gecko/20100101 Firefox/125.0"
178.165.178.173 - - [24/Apr/2024:13:21:05 +0200] "GET /gui/javascript/form_form.js?1713957665 HTTP/1.1" 200 16206 "http://hausegger.activities.at/entry.php?id=10271&&ser=957605" "Mozilla/5.0 (Windows NT 10.0; Win64; x64; rv:125.0) Gecko/20100101 Firefox/125.0"
178.165.178.173 - - [24/Apr/2024:13:22:01 +0200] "GET /entry.php?id=10271&&ser=957660 HTTP/1.1" 200 987 "http://hausegger.activities.at/entry.php?id=10271&&ser=957599" "Mozilla/5.0 (Windows NT 10.0; Win64; x64) AppleWebKit/537.36 (KHTML, like Gecko) Chrome/124.0.0.0 Safari/537.36"
178.165.178.173 - - [24/Apr/2024:13:22:01 +0200] "GET /gui/javascript/form_form.js?1713957721 HTTP/1.1" 200 16206 "http://hausegger.activities.at/entry.php?id=10271&&ser=957660" "Mozilla/5.0 (Windows NT 10.0; Win64; x64) AppleWebKit/537.36 (KHTML, like Gecko) Chrome/124.0.0.0 Safari/537.36"
18.118.2.15 - - [24/Apr/2024:13:22:04 +0200] "GET /viewtopic.php?p=3182&sid=6554a678d4e2e4da200e055a1ff2ddd9 HTTP/1.1" 404 369 "-" "Mozilla/5.0 AppleWebKit/537.36 (KHTML, like Gecko; compatible; ClaudeBot/1.0; +claudebot@anthropic.com)"
178.165.178.173 - - [24/Apr/2024:13:22:05 +0200] "GET /entry.php?id=10271&&ser=957665 HTTP/1.1" 200 987 "http://hausegger.activities.at/entry.php?id=10271&&ser=957605" "Mozilla/5.0 (Windows NT 10.0; Win64; x64; rv:125.0) Gecko/20100101 Firefox/125.0"
178.165.178.173 - - [24/Apr/2024:13:22:05 +0200] "GET /gui/javascript/form_form.js?1713957725 HTTP/1.1" 200 16206 "http://hausegger.activities.at/entry.php?id=10271&&ser=957665" "Mozilla/5.0 (Windows NT 10.0; Win64; x64; rv:125.0) Gecko/20100101 Firefox/125.0"
178.165.178.173 - - [24/Apr/2024:13:23:02 +0200] "GET /entry.php?id=10271&&ser=957721 HTTP/1.1" 200 987 "http://hausegger.activities.at/entry.php?id=10271&&ser=957660" "Mozilla/5.0 (Windows NT 10.0; Win64; x64) AppleWebKit/537.36 (KHTML, like Gecko) Chrome/124.0.0.0 Safari/537.36"
178.165.178.173 - - [24/Apr/2024:13:23:02 +0200] "GET /gui/javascript/form_form.js?1713957782 HTTP/1.1" 200 16206 "http://hausegger.activities.at/entry.php?id=10271&&ser=957721" "Mozilla/5.0 (Windows NT 10.0; Win64; x64) AppleWebKit/537.36 (KHTML, like Gecko) Chrome/124.0.0.0 Safari/537.36"
178.165.178.173 - - [24/Apr/2024:13:23:10 +0200] "GET /entry.php?id=10271&&ser=957725 HTTP/1.1" 200 987 "http://hausegger.activities.at/entry.php?id=10271&&ser=957665" "Mozilla/5.0 (Windows NT 10.0; Win64; x64; rv:125.0) Gecko/20100101 Firefox/125.0"
178.165.178.173 - - [24/Apr/2024:13:23:10 +0200] "GET /gui/javascript/form_form.js?1713957790 HTTP/1.1" 200 16206 "http://hausegger.activities.at/entry.php?id=10271&&ser=957725" "Mozilla/5.0 (Windows NT 10.0; Win64; x64; rv:125.0) Gecko/20100101 Firefox/125.0"
13.58.82.79 - - [24/Apr/2024:13:23:59 +0200] "GET /index.php?sid=49c0fc4eeb3f92c9660927737ccca25c HTTP/1.1" 200 423 "-" "Mozilla/5.0 AppleWebKit/537.36 (KHTML, like Gecko; compatible; ClaudeBot/1.0; +claudebot@anthropic.com)"
178.165.178.173 - - [24/Apr/2024:13:24:03 +0200] "GET /entry.php?id=10271&&ser=957782 HTTP/1.1" 200 987 "http://hausegger.activities.at/entry.php?id=10271&&ser=957721" "Mozilla/5.0 (Windows NT 10.0; Win64; x64) AppleWebKit/537.36 (KHTML, like Gecko) Chrome/124.0.0.0 Safari/537.36"
178.165.178.173 - - [24/Apr/2024:13:24:03 +0200] "GET /gui/javascript/form_form.js?1713957843 HTTP/1.1" 200 16206 "http://hausegger.activities.at/entry.php?id=10271&&ser=957782" "Mozilla/5.0 (Windows NT 10.0; Win64; x64) AppleWebKit/537.36 (KHTML, like Gecko) Chrome/124.0.0.0 Safari/537.36"
87.121.69.52 - - [24/Apr/2024:13:24:10 +0200] "CONNECT google.com:443 HTTP/1.1" 200 423 "-" "Go-http-client/1.1"
178.165.178.173 - - [24/Apr/2024:13:24:10 +0200] "GET /entry.php?id=10271&&ser=957790 HTTP/1.1" 200 987 "http://hausegger.activities.at/entry.php?id=10271&&ser=957725" "Mozilla/5.0 (Windows NT 10.0; Win64; x64; rv:125.0) Gecko/20100101 Firefox/125.0"
178.165.178.173 - - [24/Apr/2024:13:24:10 +0200] "GET /gui/javascript/form_form.js?1713957850 HTTP/1.1" 200 16206 "http://hausegger.activities.at/entry.php?id=10271&&ser=957790" "Mozilla/5.0 (Windows NT 10.0; Win64; x64; rv:125.0) Gecko/20100101 Firefox/125.0"
3.138.114.94 - - [24/Apr/2024:13:24:55 +0200] "GET /faq.php?sid=8893e540cef2405bb0662df1c3638901 HTTP/1.1" 404 363 "-" "Mozilla/5.0 AppleWebKit/537.36 (KHTML, like Gecko; compatible; ClaudeBot/1.0; +claudebot@anthropic.com)"
178.165.178.173 - - [24/Apr/2024:13:25:04 +0200] "GET /entry.php?id=10271&&ser=957843 HTTP/1.1" 200 987 "http://hausegger.activities.at/entry.php?id=10271&&ser=957782" "Mozilla/5.0 (Windows NT 10.0; Win64; x64) AppleWebKit/537.36 (KHTML, like Gecko) Chrome/124.0.0.0 Safari/537.36"
178.165.178.173 - - [24/Apr/2024:13:25:04 +0200] "GET /gui/javascript/form_form.js?1713957904 HTTP/1.1" 200 16206 "http://hausegger.activities.at/entry.php?id=10271&&ser=957843" "Mozilla/5.0 (Windows NT 10.0; Win64; x64) AppleWebKit/537.36 (KHTML, like Gecko) Chrome/124.0.0.0 Safari/537.36"
18.116.239.195 - - [24/Apr/2024:13:25:07 +0200] "GET /viewtopic.php?p=1049&sid=f6b9ed9bd547f3a4cb103220c01afca5 HTTP/1.1" 404 369 "-" "Mozilla/5.0 AppleWebKit/537.36 (KHTML, like Gecko; compatible; ClaudeBot/1.0; +claudebot@anthropic.com)"
178.165.178.173 - - [24/Apr/2024:13:25:10 +0200] "GET /entry.php?id=10271&&ser=957850 HTTP/1.1" 200 987 "http://hausegger.activities.at/entry.php?id=10271&&ser=957790" "Mozilla/5.0 (Windows NT 10.0; Win64; x64; rv:125.0) Gecko/20100101 Firefox/125.0"
178.165.178.173 - - [24/Apr/2024:13:25:10 +0200] "GET /gui/javascript/form_form.js?1713957910 HTTP/1.1" 200 16206 "http://hausegger.activities.at/entry.php?id=10271&&ser=957850" "Mozilla/5.0 (Windows NT 10.0; Win64; x64; rv:125.0) Gecko/20100101 Firefox/125.0"
178.165.178.173 - - [24/Apr/2024:13:26:05 +0200] "GET /entry.php?id=10271&&ser=957904 HTTP/1.1" 200 987 "http://hausegger.activities.at/entry.php?id=10271&&ser=957843" "Mozilla/5.0 (Windows NT 10.0; Win64; x64) AppleWebKit/537.36 (KHTML, like Gecko) Chrome/124.0.0.0 Safari/537.36"
178.165.178.173 - - [24/Apr/2024:13:26:05 +0200] "GET /gui/javascript/form_form.js?1713957965 HTTP/1.1" 200 16206 "http://hausegger.activities.at/entry.php?id=10271&&ser=957904" "Mozilla/5.0 (Windows NT 10.0; Win64; x64) AppleWebKit/537.36 (KHTML, like Gecko) Chrome/124.0.0.0 Safari/537.36"
178.165.178.173 - - [24/Apr/2024:13:26:10 +0200] "GET /entry.php?id=10271&&ser=957910 HTTP/1.1" 200 987 "http://hausegger.activities.at/entry.php?id=10271&&ser=957850" "Mozilla/5.0 (Windows NT 10.0; Win64; x64; rv:125.0) Gecko/20100101 Firefox/125.0"
178.165.178.173 - - [24/Apr/2024:13:26:11 +0200] "GET /gui/javascript/form_form.js?1713957971 HTTP/1.1" 200 16206 "http://hausegger.activities.at/entry.php?id=10271&&ser=957910" "Mozilla/5.0 (Windows NT 10.0; Win64; x64; rv:125.0) Gecko/20100101 Firefox/125.0"
13.59.218.147 - - [24/Apr/2024:13:26:15 +0200] "GET /viewtopic.php?p=3892&sid=a43c3ca006c9554fb88668d9236e39d3 HTTP/1.1" 404 369 "-" "Mozilla/5.0 AppleWebKit/537.36 (KHTML, like Gecko; compatible; ClaudeBot/1.0; +claudebot@anthropic.com)"
3.17.150.163 - - [24/Apr/2024:13:26:29 +0200] "GET /viewtopic.php?f=8&t=437&p=3304&sid=2fb789357f6d4a9875a943ab3bd14cbd HTTP/1.1" 404 369 "-" "Mozilla/5.0 AppleWebKit/537.36 (KHTML, like Gecko; compatible; ClaudeBot/1.0; +claudebot@anthropic.com)"
3.144.189.177 - - [24/Apr/2024:13:27:04 +0200] "GET /portal.php?sid=b7b6354ea41826193b46ab19b48341a2 HTTP/1.1" 404 366 "-" "Mozilla/5.0 AppleWebKit/537.36 (KHTML, like Gecko; compatible; ClaudeBot/1.0; +claudebot@anthropic.com)"
178.165.178.173 - - [24/Apr/2024:13:27:06 +0200] "GET /entry.php?id=10271&&ser=957965 HTTP/1.1" 200 987 "http://hausegger.activities.at/entry.php?id=10271&&ser=957904" "Mozilla/5.0 (Windows NT 10.0; Win64; x64) AppleWebKit/537.36 (KHTML, like Gecko) Chrome/124.0.0.0 Safari/537.36"
178.165.178.173 - - [24/Apr/2024:13:27:06 +0200] "GET /gui/javascript/form_form.js?1713958026 HTTP/1.1" 200 16206 "http://hausegger.activities.at/entry.php?id=10271&&ser=957965" "Mozilla/5.0 (Windows NT 10.0; Win64; x64) AppleWebKit/537.36 (KHTML, like Gecko) Chrome/124.0.0.0 Safari/537.36"
178.165.178.173 - - [24/Apr/2024:13:27:11 +0200] "GET /entry.php?id=10271&&ser=957971 HTTP/1.1" 200 986 "http://hausegger.activities.at/entry.php?id=10271&&ser=957910" "Mozilla/5.0 (Windows NT 10.0; Win64; x64; rv:125.0) Gecko/20100101 Firefox/125.0"
178.165.178.173 - - [24/Apr/2024:13:27:11 +0200] "GET /gui/javascript/form_form.js?1713958031 HTTP/1.1" 200 16206 "http://hausegger.activities.at/entry.php?id=10271&&ser=957971" "Mozilla/5.0 (Windows NT 10.0; Win64; x64; rv:125.0) Gecko/20100101 Firefox/125.0"
18.188.20.56 - - [24/Apr/2024:13:27:18 +0200] "GET /memberlist.php?sid=2d6a9b77f66fe1f7b4ed35da77644501 HTTP/1.1" 404 370 "-" "Mozilla/5.0 AppleWebKit/537.36 (KHTML, like Gecko; compatible; ClaudeBot/1.0; +claudebot@anthropic.com)"
3.147.104.120 - - [24/Apr/2024:13:27:38 +0200] "GET /memberlist.php?sid=2f8119bd7de929868d2720d57de17a08 HTTP/1.1" 404 370 "-" "Mozilla/5.0 AppleWebKit/537.36 (KHTML, like Gecko; compatible; ClaudeBot/1.0; +claudebot@anthropic.com)"
3.133.131.168 - - [24/Apr/2024:13:27:50 +0200] "GET /viewtopic.php?f=8&t=142&p=663&sid=36924c7979a8c9bd510749020b6eb8e8 HTTP/1.1" 404 369 "-" "Mozilla/5.0 AppleWebKit/537.36 (KHTML, like Gecko; compatible; ClaudeBot/1.0; +claudebot@anthropic.com)"
178.165.178.173 - - [24/Apr/2024:13:28:07 +0200] "GET /entry.php?id=10271&&ser=958026 HTTP/1.1" 200 987 "http://hausegger.activities.at/entry.php?id=10271&&ser=957965" "Mozilla/5.0 (Windows NT 10.0; Win64; x64) AppleWebKit/537.36 (KHTML, like Gecko) Chrome/124.0.0.0 Safari/537.36"
178.165.178.173 - - [24/Apr/2024:13:28:07 +0200] "GET /gui/javascript/form_form.js?1713958087 HTTP/1.1" 200 16206 "http://hausegger.activities.at/entry.php?id=10271&&ser=958026" "Mozilla/5.0 (Windows NT 10.0; Win64; x64) AppleWebKit/537.36 (KHTML, like Gecko) Chrome/124.0.0.0 Safari/537.36"
178.165.178.173 - - [24/Apr/2024:13:28:11 +0200] "GET /entry.php?id=10271&&ser=958031 HTTP/1.1" 200 986 "http://hausegger.activities.at/entry.php?id=10271&&ser=957971" "Mozilla/5.0 (Windows NT 10.0; Win64; x64; rv:125.0) Gecko/20100101 Firefox/125.0"
178.165.178.173 - - [24/Apr/2024:13:28:11 +0200] "GET /gui/javascript/form_form.js?1713958091 HTTP/1.1" 200 16206 "http://hausegger.activities.at/entry.php?id=10271&&ser=958031" "Mozilla/5.0 (Windows NT 10.0; Win64; x64; rv:125.0) Gecko/20100101 Firefox/125.0"
3.147.104.248 - - [24/Apr/2024:13:28:38 +0200] "GET /memberlist.php?mode=viewprofile&u=187&sid=4ba80b1e71bf33e4fc5417463f56d8cf HTTP/1.1" 404 370 "-" "Mozilla/5.0 AppleWebKit/537.36 (KHTML, like Gecko; compatible; ClaudeBot/1.0; +claudebot@anthropic.com)"
18.227.24.209 - - [24/Apr/2024:13:28:48 +0200] "GET /ucp.php?mode=delete_cookies&sid=2d2081bb873390197de452a98cb660c8 HTTP/1.1" 404 363 "-" "Mozilla/5.0 AppleWebKit/537.36 (KHTML, like Gecko; compatible; ClaudeBot/1.0; +claudebot@anthropic.com)"
178.165.178.173 - - [24/Apr/2024:13:29:08 +0200] "GET /entry.php?id=10271&&ser=958087 HTTP/1.1" 200 987 "http://hausegger.activities.at/entry.php?id=10271&&ser=958026" "Mozilla/5.0 (Windows NT 10.0; Win64; x64) AppleWebKit/537.36 (KHTML, like Gecko) Chrome/124.0.0.0 Safari/537.36"
178.165.178.173 - - [24/Apr/2024:13:29:08 +0200] "GET /gui/javascript/form_form.js?1713958148 HTTP/1.1" 200 16206 "http://hausegger.activities.at/entry.php?id=10271&&ser=958087" "Mozilla/5.0 (Windows NT 10.0; Win64; x64) AppleWebKit/537.36 (KHTML, like Gecko) Chrome/124.0.0.0 Safari/537.36"
178.165.178.173 - - [24/Apr/2024:13:29:11 +0200] "GET /entry.php?id=10271&&ser=958091 HTTP/1.1" 200 986 "http://hausegger.activities.at/entry.php?id=10271&&ser=958031" "Mozilla/5.0 (Windows NT 10.0; Win64; x64; rv:125.0) Gecko/20100101 Firefox/125.0"
178.165.178.173 - - [24/Apr/2024:13:29:11 +0200] "GET /gui/javascript/form_form.js?1713958151 HTTP/1.1" 200 16206 "http://hausegger.activities.at/entry.php?id=10271&&ser=958091" "Mozilla/5.0 (Windows NT 10.0; Win64; x64; rv:125.0) Gecko/20100101 Firefox/125.0"
178.165.178.173 - - [24/Apr/2024:13:30:09 +0200] "GET /entry.php?id=10271&&ser=958148 HTTP/1.1" 200 987 "http://hausegger.activities.at/entry.php?id=10271&&ser=958087" "Mozilla/5.0 (Windows NT 10.0; Win64; x64) AppleWebKit/537.36 (KHTML, like Gecko) Chrome/124.0.0.0 Safari/537.36"
178.165.178.173 - - [24/Apr/2024:13:30:09 +0200] "GET /gui/javascript/form_form.js?1713958209 HTTP/1.1" 200 16206 "http://hausegger.activities.at/entry.php?id=10271&&ser=958148" "Mozilla/5.0 (Windows NT 10.0; Win64; x64) AppleWebKit/537.36 (KHTML, like Gecko) Chrome/124.0.0.0 Safari/537.36"
178.165.178.173 - - [24/Apr/2024:13:30:12 +0200] "GET /entry.php?id=10271&&ser=958151 HTTP/1.1" 200 987 "http://hausegger.activities.at/entry.php?id=10271&&ser=958091" "Mozilla/5.0 (Windows NT 10.0; Win64; x64; rv:125.0) Gecko/20100101 Firefox/125.0"
178.165.178.173 - - [24/Apr/2024:13:30:12 +0200] "GET /gui/javascript/form_form.js?1713958212 HTTP/1.1" 200 16206 "http://hausegger.activities.at/entry.php?id=10271&&ser=958151" "Mozilla/5.0 (Windows NT 10.0; Win64; x64; rv:125.0) Gecko/20100101 Firefox/125.0"
178.165.178.173 - - [24/Apr/2024:13:31:10 +0200] "GET /entry.php?id=10271&&ser=958209 HTTP/1.1" 200 987 "http://hausegger.activities.at/entry.php?id=10271&&ser=958148" "Mozilla/5.0 (Windows NT 10.0; Win64; x64) AppleWebKit/537.36 (KHTML, like Gecko) Chrome/124.0.0.0 Safari/537.36"
178.165.178.173 - - [24/Apr/2024:13:31:10 +0200] "GET /gui/javascript/form_form.js?1713958270 HTTP/1.1" 200 16206 "http://hausegger.activities.at/entry.php?id=10271&&ser=958209" "Mozilla/5.0 (Windows NT 10.0; Win64; x64) AppleWebKit/537.36 (KHTML, like Gecko) Chrome/124.0.0.0 Safari/537.36"
178.165.178.173 - - [24/Apr/2024:13:31:12 +0200] "GET /entry.php?id=10271&&ser=958212 HTTP/1.1" 200 987 "http://hausegger.activities.at/entry.php?id=10271&&ser=958151" "Mozilla/5.0 (Windows NT 10.0; Win64; x64; rv:125.0) Gecko/20100101 Firefox/125.0"
178.165.178.173 - - [24/Apr/2024:13:31:12 +0200] "GET /gui/javascript/form_form.js?1713958272 HTTP/1.1" 200 16206 "http://hausegger.activities.at/entry.php?id=10271&&ser=958212" "Mozilla/5.0 (Windows NT 10.0; Win64; x64; rv:125.0) Gecko/20100101 Firefox/125.0"
3.15.156.140 - - [24/Apr/2024:13:32:05 +0200] "GET /viewtopic.php?f=8&t=231&p=1778&sid=b4b1625bbfae7320376aed176ad3d722 HTTP/1.1" 404 369 "-" "Mozilla/5.0 AppleWebKit/537.36 (KHTML, like Gecko; compatible; ClaudeBot/1.0; +claudebot@anthropic.com)"
18.219.236.62 - - [24/Apr/2024:13:32:08 +0200] "GET /memberlist.php?mode=viewprofile&u=164&sid=0c581afe32078828392f93a2cd02cae5 HTTP/1.1" 404 370 "-" "Mozilla/5.0 AppleWebKit/537.36 (KHTML, like Gecko; compatible; ClaudeBot/1.0; +claudebot@anthropic.com)"
178.165.178.173 - - [24/Apr/2024:13:32:11 +0200] "GET /entry.php?id=10271&&ser=958270 HTTP/1.1" 200 987 "http://hausegger.activities.at/entry.php?id=10271&&ser=958209" "Mozilla/5.0 (Windows NT 10.0; Win64; x64) AppleWebKit/537.36 (KHTML, like Gecko) Chrome/124.0.0.0 Safari/537.36"
178.165.178.173 - - [24/Apr/2024:13:32:11 +0200] "GET /gui/javascript/form_form.js?1713958331 HTTP/1.1" 200 16206 "http://hausegger.activities.at/entry.php?id=10271&&ser=958270" "Mozilla/5.0 (Windows NT 10.0; Win64; x64) AppleWebKit/537.36 (KHTML, like Gecko) Chrome/124.0.0.0 Safari/537.36"
178.165.178.173 - - [24/Apr/2024:13:32:12 +0200] "GET /entry.php?id=10271&&ser=958272 HTTP/1.1" 200 987 "http://hausegger.activities.at/entry.php?id=10271&&ser=958212" "Mozilla/5.0 (Windows NT 10.0; Win64; x64; rv:125.0) Gecko/20100101 Firefox/125.0"
178.165.178.173 - - [24/Apr/2024:13:32:12 +0200] "GET /gui/javascript/form_form.js?1713958332 HTTP/1.1" 200 16206 "http://hausegger.activities.at/entry.php?id=10271&&ser=958272" "Mozilla/5.0 (Windows NT 10.0; Win64; x64; rv:125.0) Gecko/20100101 Firefox/125.0"
3.144.212.145 - - [24/Apr/2024:13:32:51 +0200] "GET /memberlist.php?mode=viewprofile&u=65&sid=4b85ab3f801888d61226a668f7705846 HTTP/1.1" 404 370 "-" "Mozilla/5.0 AppleWebKit/537.36 (KHTML, like Gecko; compatible; ClaudeBot/1.0; +claudebot@anthropic.com)"
3.137.161.222 - - [24/Apr/2024:13:32:58 +0200] "GET /memberlist.php?mode=viewprofile&u=78&sid=e5f3c430118ba4c8cc00989d7136fa31 HTTP/1.1" 404 370 "-" "Mozilla/5.0 AppleWebKit/537.36 (KHTML, like Gecko; compatible; ClaudeBot/1.0; +claudebot@anthropic.com)"
13.58.82.79 - - [24/Apr/2024:13:33:02 +0200] "GET /about.php?sid=01c58f606d0285a8f86f963575157d8e HTTP/1.1" 404 365 "-" "Mozilla/5.0 AppleWebKit/537.36 (KHTML, like Gecko; compatible; ClaudeBot/1.0; +claudebot@anthropic.com)"
178.165.178.173 - - [24/Apr/2024:13:33:12 +0200] "GET /entry.php?id=10271&&ser=958331 HTTP/1.1" 200 987 "http://hausegger.activities.at/entry.php?id=10271&&ser=958270" "Mozilla/5.0 (Windows NT 10.0; Win64; x64) AppleWebKit/537.36 (KHTML, like Gecko) Chrome/124.0.0.0 Safari/537.36"
178.165.178.173 - - [24/Apr/2024:13:33:12 +0200] "GET /gui/javascript/form_form.js?1713958392 HTTP/1.1" 200 16206 "http://hausegger.activities.at/entry.php?id=10271&&ser=958331" "Mozilla/5.0 (Windows NT 10.0; Win64; x64) AppleWebKit/537.36 (KHTML, like Gecko) Chrome/124.0.0.0 Safari/537.36"
178.165.178.173 - - [24/Apr/2024:13:33:12 +0200] "GET /entry.php?id=10271&&ser=958332 HTTP/1.1" 200 988 "http://hausegger.activities.at/entry.php?id=10271&&ser=958272" "Mozilla/5.0 (Windows NT 10.0; Win64; x64; rv:125.0) Gecko/20100101 Firefox/125.0"
178.165.178.173 - - [24/Apr/2024:13:33:13 +0200] "GET /gui/javascript/form_form.js?1713958393 HTTP/1.1" 200 16206 "http://hausegger.activities.at/entry.php?id=10271&&ser=958332" "Mozilla/5.0 (Windows NT 10.0; Win64; x64; rv:125.0) Gecko/20100101 Firefox/125.0"
18.119.160.154 - - [24/Apr/2024:13:33:22 +0200] "GET /ucp.php?i=pm&folder=inbox&sid=90df12dea6a4f0ec8b4a1d2212a0b03e HTTP/1.1" 404 363 "-" "Mozilla/5.0 AppleWebKit/537.36 (KHTML, like Gecko; compatible; ClaudeBot/1.0; +claudebot@anthropic.com)"
178.165.178.173 - - [24/Apr/2024:13:34:13 +0200] "GET /entry.php?id=10271&&ser=958393 HTTP/1.1" 200 987 "http://hausegger.activities.at/entry.php?id=10271&&ser=958332" "Mozilla/5.0 (Windows NT 10.0; Win64; x64; rv:125.0) Gecko/20100101 Firefox/125.0"
178.165.178.173 - - [24/Apr/2024:13:34:13 +0200] "GET /entry.php?id=10271&&ser=958392 HTTP/1.1" 200 987 "http://hausegger.activities.at/entry.php?id=10271&&ser=958331" "Mozilla/5.0 (Windows NT 10.0; Win64; x64) AppleWebKit/537.36 (KHTML, like Gecko) Chrome/124.0.0.0 Safari/537.36"
178.165.178.173 - - [24/Apr/2024:13:34:13 +0200] "GET /gui/javascript/form_form.js?1713958453 HTTP/1.1" 200 16206 "http://hausegger.activities.at/entry.php?id=10271&&ser=958393" "Mozilla/5.0 (Windows NT 10.0; Win64; x64; rv:125.0) Gecko/20100101 Firefox/125.0"
178.165.178.173 - - [24/Apr/2024:13:34:13 +0200] "GET /gui/javascript/form_form.js?1713958453 HTTP/1.1" 200 16206 "http://hausegger.activities.at/entry.php?id=10271&&ser=958392" "Mozilla/5.0 (Windows NT 10.0; Win64; x64) AppleWebKit/537.36 (KHTML, like Gecko) Chrome/124.0.0.0 Safari/537.36"
18.191.211.66 - - [24/Apr/2024:13:34:23 +0200] "GET /memberlist.php?sid=a0b7f1e8cad130b19d4704ff7f7d7dc5 HTTP/1.1" 404 370 "-" "Mozilla/5.0 AppleWebKit/537.36 (KHTML, like Gecko; compatible; ClaudeBot/1.0; +claudebot@anthropic.com)"
3.144.84.155 - - [24/Apr/2024:13:34:32 +0200] "GET /viewtopic.php?f=8&t=540&sid=03be53762bac19e64daefe97e1d01693 HTTP/1.1" 404 369 "-" "Mozilla/5.0 AppleWebKit/537.36 (KHTML, like Gecko; compatible; ClaudeBot/1.0; +claudebot@anthropic.com)"
18.224.44.108 - - [24/Apr/2024:13:34:33 +0200] "GET /ucp.php?mode=terms&sid=955fc3876fa3c68c52f6edbed385ad0f HTTP/1.1" 404 363 "-" "Mozilla/5.0 AppleWebKit/537.36 (KHTML, like Gecko; compatible; ClaudeBot/1.0; +claudebot@anthropic.com)"
178.165.178.173 - - [24/Apr/2024:13:35:14 +0200] "GET /entry.php?id=10271&&ser=958453 HTTP/1.1" 200 987 "http://hausegger.activities.at/entry.php?id=10271&&ser=958392" "Mozilla/5.0 (Windows NT 10.0; Win64; x64) AppleWebKit/537.36 (KHTML, like Gecko) Chrome/124.0.0.0 Safari/537.36"
178.165.178.173 - - [24/Apr/2024:13:35:14 +0200] "GET /gui/javascript/form_form.js?1713958514 HTTP/1.1" 200 16206 "http://hausegger.activities.at/entry.php?id=10271&&ser=958453" "Mozilla/5.0 (Windows NT 10.0; Win64; x64) AppleWebKit/537.36 (KHTML, like Gecko) Chrome/124.0.0.0 Safari/537.36"
178.165.178.173 - - [24/Apr/2024:13:35:17 +0200] "GET /entry.php?id=10271&&ser=958453 HTTP/1.1" 200 987 "http://hausegger.activities.at/entry.php?id=10271&&ser=958393" "Mozilla/5.0 (Windows NT 10.0; Win64; x64; rv:125.0) Gecko/20100101 Firefox/125.0"
178.165.178.173 - - [24/Apr/2024:13:35:17 +0200] "GET /gui/javascript/form_form.js?1713958517 HTTP/1.1" 200 16206 "http://hausegger.activities.at/entry.php?id=10271&&ser=958453" "Mozilla/5.0 (Windows NT 10.0; Win64; x64; rv:125.0) Gecko/20100101 Firefox/125.0"
178.165.178.173 - - [24/Apr/2024:13:36:15 +0200] "GET /entry.php?id=10271&&ser=958514 HTTP/1.1" 200 988 "http://hausegger.activities.at/entry.php?id=10271&&ser=958453" "Mozilla/5.0 (Windows NT 10.0; Win64; x64) AppleWebKit/537.36 (KHTML, like Gecko) Chrome/124.0.0.0 Safari/537.36"
