156.59.198.135 - - [17/Jul/2024:15:39:36 +0200] "GET /renault.activities.at/htdocs/export/pdf/emuc_document/10963703.pdf HTTP/1.0" 404 323 "http://212.69.160.11:443/renault.activities.at/htdocs/export/pdf/emuc_document/" "Mozilla/5.0 (Linux; Android 5.0) AppleWebKit/537.36 (KHTML, like Gecko) Mobile Safari/537.36 (compatible; Bytespider; spider-feedback@bytedance.com)"
156.59.198.136 - - [17/Jul/2024:15:39:57 +0200] "GET /renault.activities.at/htdocs/export/pdf/emuc_document/11810037.pdf HTTP/1.0" 404 322 "http://212.69.160.11:443/renault.activities.at/htdocs/export/pdf/emuc_document/" "Mozilla/5.0 (Linux; Android 5.0) AppleWebKit/537.36 (KHTML, like Gecko) Mobile Safari/537.36 (compatible; Bytespider; spider-feedback@bytedance.com)"
156.59.198.135 - - [17/Jul/2024:15:40:19 +0200] "GET /renault.activities.at/htdocs/export/pdf/emuc_document/10777758.pdf HTTP/1.0" 404 321 "http://212.69.160.11:443/renault.activities.at/htdocs/export/pdf/emuc_document/" "Mozilla/5.0 (Linux; Android 5.0) AppleWebKit/537.36 (KHTML, like Gecko) Mobile Safari/537.36 (compatible; Bytespider; spider-feedback@bytedance.com)"
156.59.198.135 - - [17/Jul/2024:15:40:40 +0200] "GET /renault.activities.at/htdocs/export/pdf/emuc_document/10404938.pdf HTTP/1.0" 404 322 "http://212.69.160.11:443/renault.activities.at/htdocs/export/pdf/emuc_document/" "Mozilla/5.0 (Linux; Android 5.0) AppleWebKit/537.36 (KHTML, like Gecko) Mobile Safari/537.36 (compatible; Bytespider; spider-feedback@bytedance.com)"
156.59.198.135 - - [17/Jul/2024:15:41:01 +0200] "GET /renault.activities.at/htdocs/export/pdf/emuc_document/10608218.pdf HTTP/1.0" 404 321 "http://212.69.160.11:443/renault.activities.at/htdocs/export/pdf/emuc_document/" "Mozilla/5.0 (Linux; Android 5.0) AppleWebKit/537.36 (KHTML, like Gecko) Mobile Safari/537.36 (compatible; Bytespider; spider-feedback@bytedance.com)"
156.59.198.136 - - [17/Jul/2024:15:41:22 +0200] "GET /renault.activities.at/htdocs/export/pdf/emuc_document/10839744.pdf HTTP/1.0" 404 323 "http://212.69.160.11:443/renault.activities.at/htdocs/export/pdf/emuc_document/" "Mozilla/5.0 (Linux; Android 5.0) AppleWebKit/537.36 (KHTML, like Gecko) Mobile Safari/537.36 (compatible; Bytespider; spider-feedback@bytedance.com)"
156.59.198.136 - - [17/Jul/2024:15:41:43 +0200] "GET /renault.activities.at/htdocs/export/pdf/emuc_document/11659844.pdf HTTP/1.0" 404 322 "http://212.69.160.11:443/renault.activities.at/htdocs/export/pdf/emuc_document/" "Mozilla/5.0 (Linux; Android 5.0) AppleWebKit/537.36 (KHTML, like Gecko) Mobile Safari/537.36 (compatible; Bytespider; spider-feedback@bytedance.com)"
156.59.198.136 - - [17/Jul/2024:15:42:05 +0200] "GET /renault.activities.at/htdocs/export/pdf/emuc_document/10530971.pdf HTTP/1.0" 404 322 "http://212.69.160.11:443/renault.activities.at/htdocs/export/pdf/emuc_document/" "Mozilla/5.0 (Linux; Android 5.0) AppleWebKit/537.36 (KHTML, like Gecko) Mobile Safari/537.36 (compatible; Bytespider; spider-feedback@bytedance.com)"
156.59.198.136 - - [17/Jul/2024:15:42:26 +0200] "GET /renault.activities.at/htdocs/export/pdf/emuc_document/10609189.pdf HTTP/1.0" 404 321 "http://212.69.160.11:443/renault.activities.at/htdocs/export/pdf/emuc_document/" "Mozilla/5.0 (Linux; Android 5.0) AppleWebKit/537.36 (KHTML, like Gecko) Mobile Safari/537.36 (compatible; Bytespider; spider-feedback@bytedance.com)"
91.92.241.222 - - [17/Jul/2024:15:42:28 +0200] "GET /.git/config HTTP/1.1" 404 285 "-" "Mozilla/5.0 (Linux; Android 5.1.1; KYOCERA-C6742) AppleWebKit/537.36 (KHTML, like Gecko) Chrome/76.0.3809.111 Mobile Safari/537.36"
156.59.198.136 - - [17/Jul/2024:15:42:47 +0200] "GET /renault.activities.at/htdocs/export/pdf/emuc_document/10848186.pdf HTTP/1.0" 404 321 "http://212.69.160.11:443/renault.activities.at/htdocs/export/pdf/emuc_document/" "Mozilla/5.0 (Linux; Android 5.0) AppleWebKit/537.36 (KHTML, like Gecko) Mobile Safari/537.36 (compatible; Bytespider; spider-feedback@bytedance.com)"
156.59.198.135 - - [17/Jul/2024:15:43:09 +0200] "GET /renault.activities.at/htdocs/export/pdf/emuc_document/11320996.pdf HTTP/1.0" 404 322 "http://212.69.160.11:443/renault.activities.at/htdocs/export/pdf/emuc_document/" "Mozilla/5.0 (Linux; Android 5.0) AppleWebKit/537.36 (KHTML, like Gecko) Mobile Safari/537.36 (compatible; Bytespider; spider-feedback@bytedance.com)"
156.59.198.135 - - [17/Jul/2024:15:43:51 +0200] "GET /renault.activities.at/htdocs/export/pdf/emuc_document/10949079.pdf HTTP/1.0" 404 322 "http://212.69.160.11:443/renault.activities.at/htdocs/export/pdf/emuc_document/" "Mozilla/5.0 (Linux; Android 5.0) AppleWebKit/537.36 (KHTML, like Gecko) Mobile Safari/537.36 (compatible; Bytespider; spider-feedback@bytedance.com)"
156.59.198.136 - - [17/Jul/2024:15:44:12 +0200] "GET /renault.activities.at/htdocs/export/pdf/emuc_document/10608452.pdf HTTP/1.0" 404 321 "http://212.69.160.11:443/renault.activities.at/htdocs/export/pdf/emuc_document/" "Mozilla/5.0 (Linux; Android 5.0) AppleWebKit/537.36 (KHTML, like Gecko) Mobile Safari/537.36 (compatible; Bytespider; spider-feedback@bytedance.com)"
156.59.198.135 - - [17/Jul/2024:15:44:34 +0200] "GET /renault.activities.at/htdocs/export/pdf/emuc_document/11245441.pdf HTTP/1.0" 404 321 "http://212.69.160.11:443/renault.activities.at/htdocs/export/pdf/emuc_document/" "Mozilla/5.0 (Linux; Android 5.0) AppleWebKit/537.36 (KHTML, like Gecko) Mobile Safari/537.36 (compatible; Bytespider; spider-feedback@bytedance.com)"
156.59.198.135 - - [17/Jul/2024:15:44:55 +0200] "GET /renault.activities.at/htdocs/export/pdf/emuc_document/10883788.pdf HTTP/1.0" 404 323 "http://212.69.160.11:443/renault.activities.at/htdocs/export/pdf/emuc_document/" "Mozilla/5.0 (Linux; Android 5.0) AppleWebKit/537.36 (KHTML, like Gecko) Mobile Safari/537.36 (compatible; Bytespider; spider-feedback@bytedance.com)"
156.59.198.136 - - [17/Jul/2024:15:45:17 +0200] "GET /renault.activities.at/htdocs/export/pdf/emuc_document/10605727.pdf HTTP/1.0" 404 322 "http://212.69.160.11:443/renault.activities.at/htdocs/export/pdf/emuc_document/" "Mozilla/5.0 (Linux; Android 5.0) AppleWebKit/537.36 (KHTML, like Gecko) Mobile Safari/537.36 (compatible; Bytespider; spider-feedback@bytedance.com)"
156.59.198.135 - - [17/Jul/2024:15:45:37 +0200] "GET /renault.activities.at/htdocs/export/pdf/emuc_document/10355005.pdf HTTP/1.0" 404 322 "http://212.69.160.11:443/renault.activities.at/htdocs/export/pdf/emuc_document/" "Mozilla/5.0 (Linux; Android 5.0) AppleWebKit/537.36 (KHTML, like Gecko) Mobile Safari/537.36 (compatible; Bytespider; spider-feedback@bytedance.com)"
156.59.198.135 - - [17/Jul/2024:15:45:59 +0200] "GET /renault.activities.at/htdocs/export/pdf/emuc_document/10694226.pdf HTTP/1.0" 404 322 "http://212.69.160.11:443/renault.activities.at/htdocs/export/pdf/emuc_document/" "Mozilla/5.0 (Linux; Android 5.0) AppleWebKit/537.36 (KHTML, like Gecko) Mobile Safari/537.36 (compatible; Bytespider; spider-feedback@bytedance.com)"
156.59.198.135 - - [17/Jul/2024:15:46:20 +0200] "GET /renault.activities.at/htdocs/export/pdf/emuc_document/11537892.pdf HTTP/1.0" 404 322 "http://212.69.160.11:443/renault.activities.at/htdocs/export/pdf/emuc_document/" "Mozilla/5.0 (Linux; Android 5.0) AppleWebKit/537.36 (KHTML, like Gecko) Mobile Safari/537.36 (compatible; Bytespider; spider-feedback@bytedance.com)"
156.59.198.135 - - [17/Jul/2024:15:46:41 +0200] "GET /renault.activities.at/htdocs/export/pdf/emuc_document/10314932.pdf HTTP/1.0" 404 322 "http://212.69.160.11:443/renault.activities.at/htdocs/export/pdf/emuc_document/" "Mozilla/5.0 (Linux; Android 5.0) AppleWebKit/537.36 (KHTML, like Gecko) Mobile Safari/537.36 (compatible; Bytespider; spider-feedback@bytedance.com)"
156.59.198.135 - - [17/Jul/2024:15:47:04 +0200] "GET /renault.activities.at/htdocs/export/pdf/emuc_document/10981037.pdf HTTP/1.0" 404 322 "http://212.69.160.11:443/renault.activities.at/htdocs/export/pdf/emuc_document/" "Mozilla/5.0 (Linux; Android 5.0) AppleWebKit/537.36 (KHTML, like Gecko) Mobile Safari/537.36 (compatible; Bytespider; spider-feedback@bytedance.com)"
156.59.198.135 - - [17/Jul/2024:15:47:25 +0200] "GET /renault.activities.at/htdocs/export/pdf/emuc_document/11791237.pdf HTTP/1.0" 404 322 "http://212.69.160.11:443/renault.activities.at/htdocs/export/pdf/emuc_document/" "Mozilla/5.0 (Linux; Android 5.0) AppleWebKit/537.36 (KHTML, like Gecko) Mobile Safari/537.36 (compatible; Bytespider; spider-feedback@bytedance.com)"
178.165.188.60 - - [17/Jul/2024:15:47:42 +0200] "POST /entry.php?id=10715 HTTP/1.1" 200 2610 "http://hausegger.activities.at/entry.php?id=10715" "Mozilla/5.0 (Windows NT 10.0; Win64; x64) AppleWebKit/537.36 (KHTML, like Gecko) Chrome/126.0.0.0 Safari/537.36"
178.165.188.60 - - [17/Jul/2024:15:47:42 +0200] "GET /gui/javascript/form_form.js?1721224062 HTTP/1.1" 200 16206 "http://hausegger.activities.at/entry.php?id=10715" "Mozilla/5.0 (Windows NT 10.0; Win64; x64) AppleWebKit/537.36 (KHTML, like Gecko) Chrome/126.0.0.0 Safari/537.36"
178.165.188.60 - - [17/Jul/2024:15:47:42 +0200] "GET /entry.php?id=10778&form=10560&name=list& HTTP/1.1" 200 3007 "http://hausegger.activities.at/entry.php?id=10715" "Mozilla/5.0 (Windows NT 10.0; Win64; x64) AppleWebKit/537.36 (KHTML, like Gecko) Chrome/126.0.0.0 Safari/537.36"
178.165.188.60 - - [17/Jul/2024:15:47:42 +0200] "GET /entry.php?id=10776&form=10560&name=list& HTTP/1.1" 200 2313 "http://hausegger.activities.at/entry.php?id=10715" "Mozilla/5.0 (Windows NT 10.0; Win64; x64) AppleWebKit/537.36 (KHTML, like Gecko) Chrome/126.0.0.0 Safari/537.36"
156.59.198.135 - - [17/Jul/2024:15:47:47 +0200] "GET /renault.activities.at/htdocs/export/pdf/emuc_document/10625453.pdf HTTP/1.0" 404 322 "http://212.69.160.11:443/renault.activities.at/htdocs/export/pdf/emuc_document/" "Mozilla/5.0 (Linux; Android 5.0) AppleWebKit/537.36 (KHTML, like Gecko) Mobile Safari/537.36 (compatible; Bytespider; spider-feedback@bytedance.com)"
178.165.188.60 - - [17/Jul/2024:15:47:49 +0200] "POST /entry.php?id=10716 HTTP/1.1" 200 7759 "http://hausegger.activities.at/entry.php?id=10716&" "Mozilla/5.0 (Windows NT 10.0; Win64; x64) AppleWebKit/537.36 (KHTML, like Gecko) Chrome/126.0.0.0 Safari/537.36"
178.165.188.60 - - [17/Jul/2024:15:47:49 +0200] "GET /activities/framework/KoolControls/KoolComboBox/styles/default/none.gif HTTP/1.1" 200 49 "http://hausegger.activities.at/entry.php?id=10716" "Mozilla/5.0 (Windows NT 10.0; Win64; x64) AppleWebKit/537.36 (KHTML, like Gecko) Chrome/126.0.0.0 Safari/537.36"
178.165.188.60 - - [17/Jul/2024:15:47:49 +0200] "GET /activities/framework/KoolControls/KoolAjax/koolajax.php?8436e354c842500aba3cbaf0584c0c24 HTTP/1.1" 200 4079 "http://hausegger.activities.at/entry.php?id=10716" "Mozilla/5.0 (Windows NT 10.0; Win64; x64) AppleWebKit/537.36 (KHTML, like Gecko) Chrome/126.0.0.0 Safari/537.36"
178.165.188.60 - - [17/Jul/2024:15:47:49 +0200] "GET /gui/javascript/form_form.js?1721224069 HTTP/1.1" 200 16206 "http://hausegger.activities.at/entry.php?id=10716" "Mozilla/5.0 (Windows NT 10.0; Win64; x64) AppleWebKit/537.36 (KHTML, like Gecko) Chrome/126.0.0.0 Safari/537.36"
178.165.188.60 - - [17/Jul/2024:15:47:49 +0200] "GET /activities/framework/KoolControls/KoolTreeView/icons/i_artikelgruppen.gif HTTP/1.1" 200 1044 "http://hausegger.activities.at/entry.php?id=10716" "Mozilla/5.0 (Windows NT 10.0; Win64; x64) AppleWebKit/537.36 (KHTML, like Gecko) Chrome/126.0.0.0 Safari/537.36"
178.165.188.60 - - [17/Jul/2024:15:47:49 +0200] "GET /activities/framework/KoolControls/KoolTreeView/icons/square_greenS.gif HTTP/1.1" 200 541 "http://hausegger.activities.at/entry.php?id=10716" "Mozilla/5.0 (Windows NT 10.0; Win64; x64) AppleWebKit/537.36 (KHTML, like Gecko) Chrome/126.0.0.0 Safari/537.36"
178.165.188.60 - - [17/Jul/2024:15:47:49 +0200] "GET /activities/framework/KoolControls/KoolComboBox/styles/default/default.css HTTP/1.1" 200 846 "http://hausegger.activities.at/entry.php?id=10716" "Mozilla/5.0 (Windows NT 10.0; Win64; x64) AppleWebKit/537.36 (KHTML, like Gecko) Chrome/126.0.0.0 Safari/537.36"
178.165.188.60 - - [17/Jul/2024:15:47:49 +0200] "GET /activities/framework/KoolControls/KoolComboBox/koolcombobox.php?32981a13284db7a021131df49e6cd203 HTTP/1.1" 200 4607 "http://hausegger.activities.at/entry.php?id=10716" "Mozilla/5.0 (Windows NT 10.0; Win64; x64) AppleWebKit/537.36 (KHTML, like Gecko) Chrome/126.0.0.0 Safari/537.36"
178.165.188.60 - - [17/Jul/2024:15:47:49 +0200] "GET /activities/framework/KoolControls/KoolComboBox/styles/default/arrow.gif HTTP/1.1" 200 274 "http://hausegger.activities.at/activities/framework/KoolControls/KoolComboBox/styles/default/default.css" "Mozilla/5.0 (Windows NT 10.0; Win64; x64) AppleWebKit/537.36 (KHTML, like Gecko) Chrome/126.0.0.0 Safari/537.36"
178.165.188.60 - - [17/Jul/2024:15:47:49 +0200] "GET /activities/framework/KoolControls/KoolTreeView/kooltreeview.php?c7cd9180e88ffef8e70f13526bb4f5f7 HTTP/1.1" 200 5055 "http://hausegger.activities.at/entry.php?id=10716" "Mozilla/5.0 (Windows NT 10.0; Win64; x64) AppleWebKit/537.36 (KHTML, like Gecko) Chrome/126.0.0.0 Safari/537.36"
34.22.213.78 - - [17/Jul/2024:15:48:04 +0200] "GET / HTTP/1.1" 200 274 "-" "python-requests/2.32.2"
156.59.198.136 - - [17/Jul/2024:15:48:09 +0200] "GET /renault.activities.at/htdocs/export/pdf/emuc_document/10619288.pdf HTTP/1.0" 404 321 "http://212.69.160.11:443/renault.activities.at/htdocs/export/pdf/emuc_document/" "Mozilla/5.0 (Linux; Android 5.0) AppleWebKit/537.36 (KHTML, like Gecko) Mobile Safari/537.36 (compatible; Bytespider; spider-feedback@bytedance.com)"
156.59.198.135 - - [17/Jul/2024:15:48:30 +0200] "GET /renault.activities.at/htdocs/export/pdf/emuc_document/11901421.pdf HTTP/1.0" 404 321 "http://212.69.160.11:443/renault.activities.at/htdocs/export/pdf/emuc_document/" "Mozilla/5.0 (Linux; Android 5.0) AppleWebKit/537.36 (KHTML, like Gecko) Mobile Safari/537.36 (compatible; Bytespider; spider-feedback@bytedance.com)"
156.59.198.136 - - [17/Jul/2024:15:48:51 +0200] "GET /renault.activities.at/htdocs/export/pdf/emuc_document/10659792.pdf HTTP/1.0" 404 322 "http://212.69.160.11:443/renault.activities.at/htdocs/export/pdf/emuc_document/" "Mozilla/5.0 (Linux; Android 5.0) AppleWebKit/537.36 (KHTML, like Gecko) Mobile Safari/537.36 (compatible; Bytespider; spider-feedback@bytedance.com)"
156.59.198.135 - - [17/Jul/2024:15:49:13 +0200] "GET /renault.activities.at/htdocs/export/pdf/emuc_document/10404987.pdf HTTP/1.0" 404 321 "http://212.69.160.11:443/renault.activities.at/htdocs/export/pdf/emuc_document/" "Mozilla/5.0 (Linux; Android 5.0) AppleWebKit/537.36 (KHTML, like Gecko) Mobile Safari/537.36 (compatible; Bytespider; spider-feedback@bytedance.com)"
156.59.198.135 - - [17/Jul/2024:15:49:34 +0200] "GET /renault.activities.at/htdocs/export/pdf/emuc_document/10711479.pdf HTTP/1.0" 404 322 "http://212.69.160.11:443/renault.activities.at/htdocs/export/pdf/emuc_document/" "Mozilla/5.0 (Linux; Android 5.0) AppleWebKit/537.36 (KHTML, like Gecko) Mobile Safari/537.36 (compatible; Bytespider; spider-feedback@bytedance.com)"
156.59.198.136 - - [17/Jul/2024:15:49:55 +0200] "GET /renault.activities.at/htdocs/export/pdf/emuc_document/11869259.pdf HTTP/1.0" 404 322 "http://212.69.160.11:443/renault.activities.at/htdocs/export/pdf/emuc_document/" "Mozilla/5.0 (Linux; Android 5.0) AppleWebKit/537.36 (KHTML, like Gecko) Mobile Safari/537.36 (compatible; Bytespider; spider-feedback@bytedance.com)"
156.59.198.136 - - [17/Jul/2024:15:50:17 +0200] "GET /renault.activities.at/htdocs/export/pdf/emuc_document/11503848.pdf HTTP/1.0" 404 322 "http://212.69.160.11:443/renault.activities.at/htdocs/export/pdf/emuc_document/" "Mozilla/5.0 (Linux; Android 5.0) AppleWebKit/537.36 (KHTML, like Gecko) Mobile Safari/537.36 (compatible; Bytespider; spider-feedback@bytedance.com)"
156.59.198.136 - - [17/Jul/2024:15:50:39 +0200] "GET /renault.activities.at/htdocs/export/pdf/emuc_document/10403714.pdf HTTP/1.0" 404 322 "http://212.69.160.11:443/renault.activities.at/htdocs/export/pdf/emuc_document/" "Mozilla/5.0 (Linux; Android 5.0) AppleWebKit/537.36 (KHTML, like Gecko) Mobile Safari/537.36 (compatible; Bytespider; spider-feedback@bytedance.com)"
156.59.198.136 - - [17/Jul/2024:15:51:00 +0200] "GET /renault.activities.at/htdocs/export/pdf/emuc_document/11626542.pdf HTTP/1.0" 404 322 "http://212.69.160.11:443/renault.activities.at/htdocs/export/pdf/emuc_document/" "Mozilla/5.0 (Linux; Android 5.0) AppleWebKit/537.36 (KHTML, like Gecko) Mobile Safari/537.36 (compatible; Bytespider; spider-feedback@bytedance.com)"
185.242.226.10 - - [17/Jul/2024:15:51:19 +0200] "GET / HTTP/1.1" 200 274 "-" "Mozilla/5.0 (Windows NT 10.0; Win64; x64) AppleWebKit/537.36 (KHTML, like Gecko) Chrome/88.0.4324.190 Safari/537.36"
156.59.198.135 - - [17/Jul/2024:15:51:21 +0200] "GET /renault.activities.at/htdocs/export/pdf/emuc_document/10936669.pdf HTTP/1.0" 404 322 "http://212.69.160.11:443/renault.activities.at/htdocs/export/pdf/emuc_document/" "Mozilla/5.0 (Linux; Android 5.0) AppleWebKit/537.36 (KHTML, like Gecko) Mobile Safari/537.36 (compatible; Bytespider; spider-feedback@bytedance.com)"
156.59.198.136 - - [17/Jul/2024:15:51:42 +0200] "GET /renault.activities.at/htdocs/export/pdf/emuc_document/10430454.pdf HTTP/1.0" 404 322 "http://212.69.160.11:443/renault.activities.at/htdocs/export/pdf/emuc_document/" "Mozilla/5.0 (Linux; Android 5.0) AppleWebKit/537.36 (KHTML, like Gecko) Mobile Safari/537.36 (compatible; Bytespider; spider-feedback@bytedance.com)"
156.59.198.135 - - [17/Jul/2024:15:52:03 +0200] "GET /renault.activities.at/htdocs/export/pdf/emuc_document/10883764.pdf HTTP/1.0" 404 323 "http://212.69.160.11:443/renault.activities.at/htdocs/export/pdf/emuc_document/" "Mozilla/5.0 (Linux; Android 5.0) AppleWebKit/537.36 (KHTML, like Gecko) Mobile Safari/537.36 (compatible; Bytespider; spider-feedback@bytedance.com)"
156.59.198.135 - - [17/Jul/2024:15:52:24 +0200] "GET /renault.activities.at/htdocs/export/pdf/emuc_document/11549158.pdf HTTP/1.0" 404 321 "http://212.69.160.11:443/renault.activities.at/htdocs/export/pdf/emuc_document/" "Mozilla/5.0 (Linux; Android 5.0) AppleWebKit/537.36 (KHTML, like Gecko) Mobile Safari/537.36 (compatible; Bytespider; spider-feedback@bytedance.com)"
178.165.188.60 - - [17/Jul/2024:15:52:31 +0200] "GET /entry.php?id=10831 HTTP/1.1" 200 8821 "http://hausegger.activities.at/entry.php?id=10270&__app__=10006038" "Mozilla/5.0 (Windows NT 10.0; Win64; x64; rv:128.0) Gecko/20100101 Firefox/128.0"
178.165.188.60 - - [17/Jul/2024:15:52:32 +0200] "GET /gui/javascript/form_form.js?1721224351 HTTP/1.1" 200 16206 "http://hausegger.activities.at/entry.php?id=10831" "Mozilla/5.0 (Windows NT 10.0; Win64; x64; rv:128.0) Gecko/20100101 Firefox/128.0"
178.165.188.60 - - [17/Jul/2024:15:52:32 +0200] "GET /entry.php?id=10889&document_id=& HTTP/1.1" 200 1509 "http://hausegger.activities.at/entry.php?id=10831" "Mozilla/5.0 (Windows NT 10.0; Win64; x64; rv:128.0) Gecko/20100101 Firefox/128.0"
178.165.188.60 - - [17/Jul/2024:15:52:32 +0200] "GET /gui/javascript/form_form.js?1721224352 HTTP/1.1" 200 16206 "http://hausegger.activities.at/entry.php?id=10889&document_id=&" "Mozilla/5.0 (Windows NT 10.0; Win64; x64; rv:128.0) Gecko/20100101 Firefox/128.0"
178.165.188.60 - - [17/Jul/2024:15:52:33 +0200] "GET /entry.php?id=11237&type=10668 HTTP/1.1" 200 276 "http://hausegger.activities.at/entry.php?id=10831" "Mozilla/5.0 (Windows NT 10.0; Win64; x64; rv:128.0) Gecko/20100101 Firefox/128.0"
178.165.188.60 - - [17/Jul/2024:15:52:34 +0200] "GET /entry.php?id=10676&&title=Belegsuche HTTP/1.1" 200 1390 "http://hausegger.activities.at/entry.php?id=11237&type=10668" "Mozilla/5.0 (Windows NT 10.0; Win64; x64; rv:128.0) Gecko/20100101 Firefox/128.0"
178.165.188.60 - - [17/Jul/2024:15:52:34 +0200] "GET /entry.php?id=11239&mode=document&form=10668& HTTP/1.1" 200 2023 "http://hausegger.activities.at/entry.php?id=11237&type=10668" "Mozilla/5.0 (Windows NT 10.0; Win64; x64; rv:128.0) Gecko/20100101 Firefox/128.0"
178.165.188.60 - - [17/Jul/2024:15:52:34 +0200] "GET /gui/javascript/form_form.js?1721224354 HTTP/1.1" 200 16206 "http://hausegger.activities.at/entry.php?id=10676&&title=Belegsuche" "Mozilla/5.0 (Windows NT 10.0; Win64; x64; rv:128.0) Gecko/20100101 Firefox/128.0"
178.165.188.60 - - [17/Jul/2024:15:52:34 +0200] "GET /gui/javascript/form_bu_document_workflow.js?1721224354 HTTP/1.1" 200 4900 "http://hausegger.activities.at/entry.php?id=11239&mode=document&form=10668&" "Mozilla/5.0 (Windows NT 10.0; Win64; x64; rv:128.0) Gecko/20100101 Firefox/128.0"
178.165.188.60 - - [17/Jul/2024:15:52:34 +0200] "GET /gui/javascript/form_form.js?1721224354 HTTP/1.1" 200 16206 "http://hausegger.activities.at/entry.php?id=11239&mode=document&form=10668&" "Mozilla/5.0 (Windows NT 10.0; Win64; x64; rv:128.0) Gecko/20100101 Firefox/128.0"
178.165.188.60 - - [17/Jul/2024:15:52:34 +0200] "GET /entry.php?id=11238&mode=document&form=10668& HTTP/1.1" 200 3239 "http://hausegger.activities.at/entry.php?id=11237&type=10668" "Mozilla/5.0 (Windows NT 10.0; Win64; x64; rv:128.0) Gecko/20100101 Firefox/128.0"
178.165.188.60 - - [17/Jul/2024:15:52:34 +0200] "GET /entry.php?id=11240&mode=document&form=10668& HTTP/1.1" 200 2673 "http://hausegger.activities.at/entry.php?id=11237&type=10668" "Mozilla/5.0 (Windows NT 10.0; Win64; x64; rv:128.0) Gecko/20100101 Firefox/128.0"
178.165.188.60 - - [17/Jul/2024:15:52:34 +0200] "GET /entry.php?id=10778&form=11066&name=list& HTTP/1.1" 200 2588 "http://hausegger.activities.at/entry.php?id=11240&mode=document&form=10668&" "Mozilla/5.0 (Windows NT 10.0; Win64; x64; rv:128.0) Gecko/20100101 Firefox/128.0"
178.165.188.60 - - [17/Jul/2024:15:52:34 +0200] "GET /entry.php?id=10776&form=11066&name=list& HTTP/1.1" 200 1515 "http://hausegger.activities.at/entry.php?id=11240&mode=document&form=10668&" "Mozilla/5.0 (Windows NT 10.0; Win64; x64; rv:128.0) Gecko/20100101 Firefox/128.0"
178.165.188.60 - - [17/Jul/2024:15:52:35 +0200] "POST /entry.php?id=11240 HTTP/1.1" 200 2673 "http://hausegger.activities.at/entry.php?id=11240&mode=document&form=10668&" "Mozilla/5.0 (Windows NT 10.0; Win64; x64; rv:128.0) Gecko/20100101 Firefox/128.0"
178.165.188.60 - - [17/Jul/2024:15:52:35 +0200] "GET /gui/javascript/form_bu_document_workflow.js?1721224355 HTTP/1.1" 200 4900 "http://hausegger.activities.at/entry.php?id=11240" "Mozilla/5.0 (Windows NT 10.0; Win64; x64; rv:128.0) Gecko/20100101 Firefox/128.0"
178.165.188.60 - - [17/Jul/2024:15:52:35 +0200] "GET /gui/javascript/form_form.js?1721224355 HTTP/1.1" 200 16206 "http://hausegger.activities.at/entry.php?id=11240" "Mozilla/5.0 (Windows NT 10.0; Win64; x64; rv:128.0) Gecko/20100101 Firefox/128.0"
178.165.188.60 - - [17/Jul/2024:15:52:35 +0200] "GET /entry.php?id=10776&form=11066&name=list& HTTP/1.1" 200 1515 "http://hausegger.activities.at/entry.php?id=11240" "Mozilla/5.0 (Windows NT 10.0; Win64; x64; rv:128.0) Gecko/20100101 Firefox/128.0"
178.165.188.60 - - [17/Jul/2024:15:52:35 +0200] "GET /entry.php?id=10778&form=11066&name=list& HTTP/1.1" 200 2893 "http://hausegger.activities.at/entry.php?id=11240" "Mozilla/5.0 (Windows NT 10.0; Win64; x64; rv:128.0) Gecko/20100101 Firefox/128.0"
178.165.188.60 - - [17/Jul/2024:15:52:37 +0200] "GET /framework/icons/rowselect.gif HTTP/1.1" 200 67 "http://hausegger.activities.at/entry.php?id=10778&form=11066&name=list&" "Mozilla/5.0 (Windows NT 10.0; Win64; x64; rv:128.0) Gecko/20100101 Firefox/128.0"
178.165.188.60 - - [17/Jul/2024:15:52:39 +0200] "POST /entry.php?id=10831 HTTP/1.1" 200 8340 "http://hausegger.activities.at/entry.php?id=10831" "Mozilla/5.0 (Windows NT 10.0; Win64; x64; rv:128.0) Gecko/20100101 Firefox/128.0"
178.165.188.60 - - [17/Jul/2024:15:52:39 +0200] "GET /gui/javascript/form_form.js?1721224359 HTTP/1.1" 200 16206 "http://hausegger.activities.at/entry.php?id=10831" "Mozilla/5.0 (Windows NT 10.0; Win64; x64; rv:128.0) Gecko/20100101 Firefox/128.0"
178.165.188.60 - - [17/Jul/2024:15:52:39 +0200] "GET /entry.php?id=10889&document_id=10339856& HTTP/1.1" 200 1510 "http://hausegger.activities.at/entry.php?id=10831" "Mozilla/5.0 (Windows NT 10.0; Win64; x64; rv:128.0) Gecko/20100101 Firefox/128.0"
156.59.198.136 - - [17/Jul/2024:15:52:45 +0200] "GET /renault.activities.at/htdocs/export/pdf/emuc_document/11201465.pdf HTTP/1.0" 404 321 "http://212.69.160.11:443/renault.activities.at/htdocs/export/pdf/emuc_document/" "Mozilla/5.0 (Linux; Android 5.0) AppleWebKit/537.36 (KHTML, like Gecko) Mobile Safari/537.36 (compatible; Bytespider; spider-feedback@bytedance.com)"
178.165.188.60 - - [17/Jul/2024:15:52:53 +0200] "POST /entry.php?id=10831 HTTP/1.1" 200 8398 "http://hausegger.activities.at/entry.php?id=10831" "Mozilla/5.0 (Windows NT 10.0; Win64; x64; rv:128.0) Gecko/20100101 Firefox/128.0"
178.165.188.60 - - [17/Jul/2024:15:52:53 +0200] "GET /gui/javascript/form_form.js?1721224373 HTTP/1.1" 200 16206 "http://hausegger.activities.at/entry.php?id=10831" "Mozilla/5.0 (Windows NT 10.0; Win64; x64; rv:128.0) Gecko/20100101 Firefox/128.0"
178.165.188.60 - - [17/Jul/2024:15:52:53 +0200] "GET /entry.php?id=10889&document_id=10339856& HTTP/1.1" 200 1510 "http://hausegger.activities.at/entry.php?id=10831" "Mozilla/5.0 (Windows NT 10.0; Win64; x64; rv:128.0) Gecko/20100101 Firefox/128.0"
156.59.198.135 - - [17/Jul/2024:15:53:07 +0200] "GET /renault.activities.at/htdocs/export/pdf/emuc_document/11829384.pdf HTTP/1.0" 404 322 "http://212.69.160.11:443/renault.activities.at/htdocs/export/pdf/emuc_document/" "Mozilla/5.0 (Linux; Android 5.0) AppleWebKit/537.36 (KHTML, like Gecko) Mobile Safari/537.36 (compatible; Bytespider; spider-feedback@bytedance.com)"
156.59.198.135 - - [17/Jul/2024:15:53:28 +0200] "GET /renault.activities.at/htdocs/export/pdf/emuc_document/11224899.pdf HTTP/1.0" 404 321 "http://212.69.160.11:443/renault.activities.at/htdocs/export/pdf/emuc_document/" "Mozilla/5.0 (Linux; Android 5.0) AppleWebKit/537.36 (KHTML, like Gecko) Mobile Safari/537.36 (compatible; Bytespider; spider-feedback@bytedance.com)"
156.59.198.135 - - [17/Jul/2024:15:53:50 +0200] "GET /renault.activities.at/htdocs/export/pdf/emuc_document/11379336.pdf HTTP/1.0" 404 322 "http://212.69.160.11:443/renault.activities.at/htdocs/export/pdf/emuc_document/" "Mozilla/5.0 (Linux; Android 5.0) AppleWebKit/537.36 (KHTML, like Gecko) Mobile Safari/537.36 (compatible; Bytespider; spider-feedback@bytedance.com)"
156.59.198.135 - - [17/Jul/2024:15:54:11 +0200] "GET /renault.activities.at/htdocs/export/pdf/emuc_document/11791292.pdf HTTP/1.0" 404 322 "http://212.69.160.11:443/renault.activities.at/htdocs/export/pdf/emuc_document/" "Mozilla/5.0 (Linux; Android 5.0) AppleWebKit/537.36 (KHTML, like Gecko) Mobile Safari/537.36 (compatible; Bytespider; spider-feedback@bytedance.com)"
156.59.198.135 - - [17/Jul/2024:15:54:32 +0200] "GET /renault.activities.at/htdocs/export/pdf/emuc_document/11536877.pdf HTTP/1.0" 404 322 "http://212.69.160.11:443/renault.activities.at/htdocs/export/pdf/emuc_document/" "Mozilla/5.0 (Linux; Android 5.0) AppleWebKit/537.36 (KHTML, like Gecko) Mobile Safari/537.36 (compatible; Bytespider; spider-feedback@bytedance.com)"
156.59.198.135 - - [17/Jul/2024:15:54:53 +0200] "GET /renault.activities.at/htdocs/export/pdf/emuc_document/11824074.pdf HTTP/1.0" 404 322 "http://212.69.160.11:443/renault.activities.at/htdocs/export/pdf/emuc_document/" "Mozilla/5.0 (Linux; Android 5.0) AppleWebKit/537.36 (KHTML, like Gecko) Mobile Safari/537.36 (compatible; Bytespider; spider-feedback@bytedance.com)"
156.59.198.136 - - [17/Jul/2024:15:55:14 +0200] "GET /renault.activities.at/htdocs/export/pdf/emuc_document/11354015.pdf HTTP/1.0" 404 322 "http://212.69.160.11:443/renault.activities.at/htdocs/export/pdf/emuc_document/" "Mozilla/5.0 (Linux; Android 5.0) AppleWebKit/537.36 (KHTML, like Gecko) Mobile Safari/537.36 (compatible; Bytespider; spider-feedback@bytedance.com)"
156.59.198.135 - - [17/Jul/2024:15:55:36 +0200] "GET /renault.activities.at/htdocs/export/pdf/emuc_document/10371256.pdf HTTP/1.0" 404 322 "http://212.69.160.11:443/renault.activities.at/htdocs/export/pdf/emuc_document/" "Mozilla/5.0 (Linux; Android 5.0) AppleWebKit/537.36 (KHTML, like Gecko) Mobile Safari/537.36 (compatible; Bytespider; spider-feedback@bytedance.com)"
156.59.198.135 - - [17/Jul/2024:15:55:57 +0200] "GET /renault.activities.at/htdocs/export/pdf/emuc_document/11379617.pdf HTTP/1.0" 404 322 "http://212.69.160.11:443/renault.activities.at/htdocs/export/pdf/emuc_document/" "Mozilla/5.0 (Linux; Android 5.0) AppleWebKit/537.36 (KHTML, like Gecko) Mobile Safari/537.36 (compatible; Bytespider; spider-feedback@bytedance.com)"
156.59.198.136 - - [17/Jul/2024:15:56:18 +0200] "GET /renault.activities.at/htdocs/export/pdf/emuc_document/10533414.pdf HTTP/1.0" 404 322 "http://212.69.160.11:443/renault.activities.at/htdocs/export/pdf/emuc_document/" "Mozilla/5.0 (Linux; Android 5.0) AppleWebKit/537.36 (KHTML, like Gecko) Mobile Safari/537.36 (compatible; Bytespider; spider-feedback@bytedance.com)"
156.59.198.135 - - [17/Jul/2024:15:56:40 +0200] "GET /renault.activities.at/htdocs/export/pdf/emuc_document/11851275.pdf HTTP/1.0" 404 322 "http://212.69.160.11:443/renault.activities.at/htdocs/export/pdf/emuc_document/" "Mozilla/5.0 (Linux; Android 5.0) AppleWebKit/537.36 (KHTML, like Gecko) Mobile Safari/537.36 (compatible; Bytespider; spider-feedback@bytedance.com)"
156.59.198.136 - - [17/Jul/2024:15:57:02 +0200] "GET /renault.activities.at/htdocs/export/pdf/emuc_document/10790150.pdf HTTP/1.0" 404 322 "http://212.69.160.11:443/renault.activities.at/htdocs/export/pdf/emuc_document/" "Mozilla/5.0 (Linux; Android 5.0) AppleWebKit/537.36 (KHTML, like Gecko) Mobile Safari/537.36 (compatible; Bytespider; spider-feedback@bytedance.com)"
156.59.198.136 - - [17/Jul/2024:15:57:23 +0200] "GET /renault.activities.at/htdocs/export/pdf/emuc_document/11072186.pdf HTTP/1.0" 404 322 "http://212.69.160.11:443/renault.activities.at/htdocs/export/pdf/emuc_document/" "Mozilla/5.0 (Linux; Android 5.0) AppleWebKit/537.36 (KHTML, like Gecko) Mobile Safari/537.36 (compatible; Bytespider; spider-feedback@bytedance.com)"
156.59.198.136 - - [17/Jul/2024:15:57:44 +0200] "GET /renault.activities.at/htdocs/export/pdf/emuc_document/11333433.pdf HTTP/1.0" 404 322 "http://212.69.160.11:443/renault.activities.at/htdocs/export/pdf/emuc_document/" "Mozilla/5.0 (Linux; Android 5.0) AppleWebKit/537.36 (KHTML, like Gecko) Mobile Safari/537.36 (compatible; Bytespider; spider-feedback@bytedance.com)"
156.59.198.136 - - [17/Jul/2024:15:58:05 +0200] "GET /renault.activities.at/htdocs/export/pdf/emuc_document/10424834.pdf HTTP/1.0" 404 322 "http://212.69.160.11:443/renault.activities.at/htdocs/export/pdf/emuc_document/" "Mozilla/5.0 (Linux; Android 5.0) AppleWebKit/537.36 (KHTML, like Gecko) Mobile Safari/537.36 (compatible; Bytespider; spider-feedback@bytedance.com)"
156.59.198.136 - - [17/Jul/2024:15:58:26 +0200] "GET /renault.activities.at/htdocs/export/pdf/emuc_document/11169060.pdf HTTP/1.0" 404 321 "http://212.69.160.11:443/renault.activities.at/htdocs/export/pdf/emuc_document/" "Mozilla/5.0 (Linux; Android 5.0) AppleWebKit/537.36 (KHTML, like Gecko) Mobile Safari/537.36 (compatible; Bytespider; spider-feedback@bytedance.com)"
156.59.198.136 - - [17/Jul/2024:15:58:48 +0200] "GET /renault.activities.at/htdocs/export/pdf/emuc_document/10957397.pdf HTTP/1.0" 404 323 "http://212.69.160.11:443/renault.activities.at/htdocs/export/pdf/emuc_document/" "Mozilla/5.0 (Linux; Android 5.0) AppleWebKit/537.36 (KHTML, like Gecko) Mobile Safari/537.36 (compatible; Bytespider; spider-feedback@bytedance.com)"
156.59.198.135 - - [17/Jul/2024:15:59:09 +0200] "GET /renault.activities.at/htdocs/export/pdf/emuc_document/11214601.pdf HTTP/1.0" 404 321 "http://212.69.160.11:443/renault.activities.at/htdocs/export/pdf/emuc_document/" "Mozilla/5.0 (Linux; Android 5.0) AppleWebKit/537.36 (KHTML, like Gecko) Mobile Safari/537.36 (compatible; Bytespider; spider-feedback@bytedance.com)"
156.59.198.135 - - [17/Jul/2024:15:59:30 +0200] "GET /renault.activities.at/htdocs/export/pdf/emuc_document/11274278.pdf HTTP/1.0" 404 322 "http://212.69.160.11:443/renault.activities.at/htdocs/export/pdf/emuc_document/" "Mozilla/5.0 (Linux; Android 5.0) AppleWebKit/537.36 (KHTML, like Gecko) Mobile Safari/537.36 (compatible; Bytespider; spider-feedback@bytedance.com)"
156.59.198.135 - - [17/Jul/2024:15:59:51 +0200] "GET /renault.activities.at/htdocs/export/pdf/emuc_document/10432164.pdf HTTP/1.0" 404 322 "http://212.69.160.11:443/renault.activities.at/htdocs/export/pdf/emuc_document/" "Mozilla/5.0 (Linux; Android 5.0) AppleWebKit/537.36 (KHTML, like Gecko) Mobile Safari/537.36 (compatible; Bytespider; spider-feedback@bytedance.com)"
156.59.198.136 - - [17/Jul/2024:16:00:13 +0200] "GET /renault.activities.at/htdocs/export/pdf/emuc_document/10709256.pdf HTTP/1.0" 404 322 "http://212.69.160.11:443/renault.activities.at/htdocs/export/pdf/emuc_document/" "Mozilla/5.0 (Linux; Android 5.0) AppleWebKit/537.36 (KHTML, like Gecko) Mobile Safari/537.36 (compatible; Bytespider; spider-feedback@bytedance.com)"
156.59.198.135 - - [17/Jul/2024:16:00:34 +0200] "GET /renault.activities.at/htdocs/export/pdf/emuc_document/11076823.pdf HTTP/1.0" 404 322 "http://212.69.160.11:443/renault.activities.at/htdocs/export/pdf/emuc_document/" "Mozilla/5.0 (Linux; Android 5.0) AppleWebKit/537.36 (KHTML, like Gecko) Mobile Safari/537.36 (compatible; Bytespider; spider-feedback@bytedance.com)"
156.59.198.136 - - [17/Jul/2024:16:00:55 +0200] "GET /renault.activities.at/htdocs/export/pdf/emuc_document/10672798.pdf HTTP/1.0" 404 322 "http://212.69.160.11:443/renault.activities.at/htdocs/export/pdf/emuc_document/" "Mozilla/5.0 (Linux; Android 5.0) AppleWebKit/537.36 (KHTML, like Gecko) Mobile Safari/537.36 (compatible; Bytespider; spider-feedback@bytedance.com)"
156.59.198.135 - - [17/Jul/2024:16:01:17 +0200] "GET /renault.activities.at/htdocs/export/pdf/emuc_document/11549041.pdf HTTP/1.0" 404 321 "http://212.69.160.11:443/renault.activities.at/htdocs/export/pdf/emuc_document/" "Mozilla/5.0 (Linux; Android 5.0) AppleWebKit/537.36 (KHTML, like Gecko) Mobile Safari/537.36 (compatible; Bytespider; spider-feedback@bytedance.com)"
156.59.198.136 - - [17/Jul/2024:16:01:38 +0200] "GET /renault.activities.at/htdocs/export/pdf/emuc_document/10659843.pdf HTTP/1.0" 404 322 "http://212.69.160.11:443/renault.activities.at/htdocs/export/pdf/emuc_document/" "Mozilla/5.0 (Linux; Android 5.0) AppleWebKit/537.36 (KHTML, like Gecko) Mobile Safari/537.36 (compatible; Bytespider; spider-feedback@bytedance.com)"
156.59.198.135 - - [17/Jul/2024:16:01:59 +0200] "GET /renault.activities.at/htdocs/export/pdf/emuc_document/11331620.pdf HTTP/1.0" 404 322 "http://212.69.160.11:443/renault.activities.at/htdocs/export/pdf/emuc_document/" "Mozilla/5.0 (Linux; Android 5.0) AppleWebKit/537.36 (KHTML, like Gecko) Mobile Safari/537.36 (compatible; Bytespider; spider-feedback@bytedance.com)"
156.59.198.136 - - [17/Jul/2024:16:02:21 +0200] "GET /renault.activities.at/htdocs/export/pdf/emuc_document/11359000.pdf HTTP/1.0" 404 322 "http://212.69.160.11:443/renault.activities.at/htdocs/export/pdf/emuc_document/" "Mozilla/5.0 (Linux; Android 5.0) AppleWebKit/537.36 (KHTML, like Gecko) Mobile Safari/537.36 (compatible; Bytespider; spider-feedback@bytedance.com)"
156.59.198.135 - - [17/Jul/2024:16:02:41 +0200] "GET /renault.activities.at/htdocs/export/pdf/emuc_document/11133586.pdf HTTP/1.0" 404 322 "http://212.69.160.11:443/renault.activities.at/htdocs/export/pdf/emuc_document/" "Mozilla/5.0 (Linux; Android 5.0) AppleWebKit/537.36 (KHTML, like Gecko) Mobile Safari/537.36 (compatible; Bytespider; spider-feedback@bytedance.com)"
156.59.198.136 - - [17/Jul/2024:16:03:03 +0200] "GET /renault.activities.at/htdocs/export/pdf/emuc_document/10744896.pdf HTTP/1.0" 404 322 "http://212.69.160.11:443/renault.activities.at/htdocs/export/pdf/emuc_document/" "Mozilla/5.0 (Linux; Android 5.0) AppleWebKit/537.36 (KHTML, like Gecko) Mobile Safari/537.36 (compatible; Bytespider; spider-feedback@bytedance.com)"
156.59.198.135 - - [17/Jul/2024:16:03:24 +0200] "GET /renault.activities.at/htdocs/export/pdf/emuc_document/10608493.pdf HTTP/1.0" 404 322 "http://212.69.160.11:443/renault.activities.at/htdocs/export/pdf/emuc_document/" "Mozilla/5.0 (Linux; Android 5.0) AppleWebKit/537.36 (KHTML, like Gecko) Mobile Safari/537.36 (compatible; Bytespider; spider-feedback@bytedance.com)"
156.59.198.136 - - [17/Jul/2024:16:03:45 +0200] "GET /renault.activities.at/htdocs/export/pdf/emuc_document/10252768.pdf HTTP/1.0" 404 322 "http://212.69.160.11:443/renault.activities.at/htdocs/export/pdf/emuc_document/" "Mozilla/5.0 (Linux; Android 5.0) AppleWebKit/537.36 (KHTML, like Gecko) Mobile Safari/537.36 (compatible; Bytespider; spider-feedback@bytedance.com)"
178.165.188.60 - - [17/Jul/2024:16:03:57 +0200] "GET /entry.php?id=11237&type=10668 HTTP/1.1" 200 276 "http://hausegger.activities.at/entry.php?id=10831" "Mozilla/5.0 (Windows NT 10.0; Win64; x64; rv:128.0) Gecko/20100101 Firefox/128.0"
178.165.188.60 - - [17/Jul/2024:16:03:57 +0200] "GET /entry.php?id=11240&mode=document&form=10668& HTTP/1.1" 200 2673 "http://hausegger.activities.at/entry.php?id=11237&type=10668" "Mozilla/5.0 (Windows NT 10.0; Win64; x64; rv:128.0) Gecko/20100101 Firefox/128.0"
178.165.188.60 - - [17/Jul/2024:16:03:57 +0200] "GET /entry.php?id=10676&&title=Belegsuche HTTP/1.1" 200 1391 "http://hausegger.activities.at/entry.php?id=11237&type=10668" "Mozilla/5.0 (Windows NT 10.0; Win64; x64; rv:128.0) Gecko/20100101 Firefox/128.0"
178.165.188.60 - - [17/Jul/2024:16:03:57 +0200] "GET /gui/javascript/form_bu_document_workflow.js?1721225037 HTTP/1.1" 200 4900 "http://hausegger.activities.at/entry.php?id=11240&mode=document&form=10668&" "Mozilla/5.0 (Windows NT 10.0; Win64; x64; rv:128.0) Gecko/20100101 Firefox/128.0"
178.165.188.60 - - [17/Jul/2024:16:03:57 +0200] "GET /gui/javascript/form_form.js?1721225037 HTTP/1.1" 200 16206 "http://hausegger.activities.at/entry.php?id=11240&mode=document&form=10668&" "Mozilla/5.0 (Windows NT 10.0; Win64; x64; rv:128.0) Gecko/20100101 Firefox/128.0"
178.165.188.60 - - [17/Jul/2024:16:03:57 +0200] "GET /gui/javascript/form_form.js?1721225037 HTTP/1.1" 200 16206 "http://hausegger.activities.at/entry.php?id=10676&&title=Belegsuche" "Mozilla/5.0 (Windows NT 10.0; Win64; x64; rv:128.0) Gecko/20100101 Firefox/128.0"
178.165.188.60 - - [17/Jul/2024:16:03:57 +0200] "GET /entry.php?id=11239&mode=document&form=10668& HTTP/1.1" 200 2022 "http://hausegger.activities.at/entry.php?id=11237&type=10668" "Mozilla/5.0 (Windows NT 10.0; Win64; x64; rv:128.0) Gecko/20100101 Firefox/128.0"
178.165.188.60 - - [17/Jul/2024:16:03:57 +0200] "GET /framework/icons/treeview/ftv2node.gif HTTP/1.1" 200 147 "http://hausegger.activities.at/entry.php?id=11239&mode=document&form=10668&" "Mozilla/5.0 (Windows NT 10.0; Win64; x64; rv:128.0) Gecko/20100101 Firefox/128.0"
178.165.188.60 - - [17/Jul/2024:16:03:57 +0200] "GET /entry.php?id=11238&mode=document&form=10668& HTTP/1.1" 200 3239 "http://hausegger.activities.at/entry.php?id=11237&type=10668" "Mozilla/5.0 (Windows NT 10.0; Win64; x64; rv:128.0) Gecko/20100101 Firefox/128.0"
178.165.188.60 - - [17/Jul/2024:16:03:57 +0200] "GET /entry.php?id=10776&form=11066&name=list& HTTP/1.1" 200 1515 "http://hausegger.activities.at/entry.php?id=11240&mode=document&form=10668&" "Mozilla/5.0 (Windows NT 10.0; Win64; x64; rv:128.0) Gecko/20100101 Firefox/128.0"
178.165.188.60 - - [17/Jul/2024:16:03:57 +0200] "GET /gui/images/icons/kalender.gif HTTP/1.1" 200 564 "http://hausegger.activities.at/entry.php?id=11238&mode=document&form=10668&" "Mozilla/5.0 (Windows NT 10.0; Win64; x64; rv:128.0) Gecko/20100101 Firefox/128.0"
178.165.188.60 - - [17/Jul/2024:16:03:57 +0200] "GET /entry.php?id=10778&form=11066&name=list& HTTP/1.1" 200 2588 "http://hausegger.activities.at/entry.php?id=11240&mode=document&form=10668&" "Mozilla/5.0 (Windows NT 10.0; Win64; x64; rv:128.0) Gecko/20100101 Firefox/128.0"
178.165.188.60 - - [17/Jul/2024:16:03:57 +0200] "GET /framework/icons/fwx_trans.gif HTTP/1.1" 200 43 "http://hausegger.activities.at/entry.php?id=10776&form=11066&name=list&" "Mozilla/5.0 (Windows NT 10.0; Win64; x64; rv:128.0) Gecko/20100101 Firefox/128.0"
178.165.188.60 - - [17/Jul/2024:16:03:58 +0200] "POST /entry.php?id=11240 HTTP/1.1" 200 2673 "http://hausegger.activities.at/entry.php?id=11240&mode=document&form=10668&" "Mozilla/5.0 (Windows NT 10.0; Win64; x64; rv:128.0) Gecko/20100101 Firefox/128.0"
178.165.188.60 - - [17/Jul/2024:16:03:58 +0200] "GET /gui/javascript/form_bu_document_workflow.js?1721225038 HTTP/1.1" 200 4900 "http://hausegger.activities.at/entry.php?id=11240" "Mozilla/5.0 (Windows NT 10.0; Win64; x64; rv:128.0) Gecko/20100101 Firefox/128.0"
178.165.188.60 - - [17/Jul/2024:16:03:58 +0200] "GET /gui/javascript/form_form.js?1721225038 HTTP/1.1" 200 16206 "http://hausegger.activities.at/entry.php?id=11240" "Mozilla/5.0 (Windows NT 10.0; Win64; x64; rv:128.0) Gecko/20100101 Firefox/128.0"
178.165.188.60 - - [17/Jul/2024:16:03:58 +0200] "GET /entry.php?id=10776&form=11066&name=list& HTTP/1.1" 200 1515 "http://hausegger.activities.at/entry.php?id=11240" "Mozilla/5.0 (Windows NT 10.0; Win64; x64; rv:128.0) Gecko/20100101 Firefox/128.0"
178.165.188.60 - - [17/Jul/2024:16:03:58 +0200] "GET /entry.php?id=10778&form=11066&name=list& HTTP/1.1" 200 2790 "http://hausegger.activities.at/entry.php?id=11240" "Mozilla/5.0 (Windows NT 10.0; Win64; x64; rv:128.0) Gecko/20100101 Firefox/128.0"
178.165.188.60 - - [17/Jul/2024:16:04:01 +0200] "POST /entry.php?id=10831 HTTP/1.1" 200 8326 "http://hausegger.activities.at/entry.php?id=10831" "Mozilla/5.0 (Windows NT 10.0; Win64; x64; rv:128.0) Gecko/20100101 Firefox/128.0"
178.165.188.60 - - [17/Jul/2024:16:04:01 +0200] "GET /gui/javascript/form_form.js?1721225041 HTTP/1.1" 200 16206 "http://hausegger.activities.at/entry.php?id=10831" "Mozilla/5.0 (Windows NT 10.0; Win64; x64; rv:128.0) Gecko/20100101 Firefox/128.0"
178.165.188.60 - - [17/Jul/2024:16:04:01 +0200] "GET /entry.php?id=10889&document_id=10339836& HTTP/1.1" 200 1509 "http://hausegger.activities.at/entry.php?id=10831" "Mozilla/5.0 (Windows NT 10.0; Win64; x64; rv:128.0) Gecko/20100101 Firefox/128.0"
156.59.198.136 - - [17/Jul/2024:16:04:06 +0200] "GET /renault.activities.at/htdocs/export/pdf/emuc_document/11792536.pdf HTTP/1.0" 404 322 "http://212.69.160.11:443/renault.activities.at/htdocs/export/pdf/emuc_document/" "Mozilla/5.0 (Linux; Android 5.0) AppleWebKit/537.36 (KHTML, like Gecko) Mobile Safari/537.36 (compatible; Bytespider; spider-feedback@bytedance.com)"
178.165.188.60 - - [17/Jul/2024:16:04:10 +0200] "POST /entry.php?id=10831 HTTP/1.1" 200 8326 "http://hausegger.activities.at/entry.php?id=10831" "Mozilla/5.0 (Windows NT 10.0; Win64; x64; rv:128.0) Gecko/20100101 Firefox/128.0"
178.165.188.60 - - [17/Jul/2024:16:04:10 +0200] "GET /gui/javascript/form_form.js?1721225050 HTTP/1.1" 200 16206 "http://hausegger.activities.at/entry.php?id=10831" "Mozilla/5.0 (Windows NT 10.0; Win64; x64; rv:128.0) Gecko/20100101 Firefox/128.0"
178.165.188.60 - - [17/Jul/2024:16:04:10 +0200] "GET /entry.php?id=10889&document_id=10339836& HTTP/1.1" 200 1509 "http://hausegger.activities.at/entry.php?id=10831" "Mozilla/5.0 (Windows NT 10.0; Win64; x64; rv:128.0) Gecko/20100101 Firefox/128.0"
156.59.198.136 - - [17/Jul/2024:16:04:28 +0200] "GET /renault.activities.at/htdocs/export/pdf/emuc_document/11868056.pdf HTTP/1.0" 404 321 "http://212.69.160.11:443/renault.activities.at/htdocs/export/pdf/emuc_document/" "Mozilla/5.0 (Linux; Android 5.0) AppleWebKit/537.36 (KHTML, like Gecko) Mobile Safari/537.36 (compatible; Bytespider; spider-feedback@bytedance.com)"
156.59.198.136 - - [17/Jul/2024:16:04:48 +0200] "GET /renault.activities.at/htdocs/export/pdf/emuc_document/11483523.pdf HTTP/1.0" 404 322 "http://212.69.160.11:443/renault.activities.at/htdocs/export/pdf/emuc_document/" "Mozilla/5.0 (Linux; Android 5.0) AppleWebKit/537.36 (KHTML, like Gecko) Mobile Safari/537.36 (compatible; Bytespider; spider-feedback@bytedance.com)"
156.59.198.136 - - [17/Jul/2024:16:05:09 +0200] "GET /renault.activities.at/htdocs/export/pdf/emuc_document/10482244.pdf HTTP/1.0" 404 322 "http://212.69.160.11:443/renault.activities.at/htdocs/export/pdf/emuc_document/" "Mozilla/5.0 (Linux; Android 5.0) AppleWebKit/537.36 (KHTML, like Gecko) Mobile Safari/537.36 (compatible; Bytespider; spider-feedback@bytedance.com)"
156.59.198.136 - - [17/Jul/2024:16:05:31 +0200] "GET /renault.activities.at/htdocs/export/pdf/emuc_document/11250519.pdf HTTP/1.0" 404 321 "http://212.69.160.11:443/renault.activities.at/htdocs/export/pdf/emuc_document/" "Mozilla/5.0 (Linux; Android 5.0) AppleWebKit/537.36 (KHTML, like Gecko) Mobile Safari/537.36 (compatible; Bytespider; spider-feedback@bytedance.com)"
178.165.188.60 - - [17/Jul/2024:16:05:50 +0200] "POST /entry.php?id=10831 HTTP/1.1" 200 8327 "http://hausegger.activities.at/entry.php?id=10831" "Mozilla/5.0 (Windows NT 10.0; Win64; x64; rv:128.0) Gecko/20100101 Firefox/128.0"
178.165.188.60 - - [17/Jul/2024:16:05:50 +0200] "GET /gui/javascript/form_form.js?1721225150 HTTP/1.1" 200 16206 "http://hausegger.activities.at/entry.php?id=10831" "Mozilla/5.0 (Windows NT 10.0; Win64; x64; rv:128.0) Gecko/20100101 Firefox/128.0"
178.165.188.60 - - [17/Jul/2024:16:05:50 +0200] "GET /entry.php?id=10889&document_id=10339836& HTTP/1.1" 200 1509 "http://hausegger.activities.at/entry.php?id=10831" "Mozilla/5.0 (Windows NT 10.0; Win64; x64; rv:128.0) Gecko/20100101 Firefox/128.0"
156.59.198.136 - - [17/Jul/2024:16:05:52 +0200] "GET /renault.activities.at/htdocs/export/pdf/emuc_document/11177631.pdf HTTP/1.0" 404 322 "http://212.69.160.11:443/renault.activities.at/htdocs/export/pdf/emuc_document/" "Mozilla/5.0 (Linux; Android 5.0) AppleWebKit/537.36 (KHTML, like Gecko) Mobile Safari/537.36 (compatible; Bytespider; spider-feedback@bytedance.com)"
178.165.188.60 - - [17/Jul/2024:16:06:00 +0200] "GET /entry.php?id=10828 HTTP/1.1" 200 9142 "http://hausegger.activities.at/entry.php?id=10270&__app__=10006038" "Mozilla/5.0 (Windows NT 10.0; Win64; x64; rv:128.0) Gecko/20100101 Firefox/128.0"
178.165.188.60 - - [17/Jul/2024:16:06:00 +0200] "GET /gui/javascript/form_form.js?1721225160 HTTP/1.1" 200 16206 "http://hausegger.activities.at/entry.php?id=10828" "Mozilla/5.0 (Windows NT 10.0; Win64; x64; rv:128.0) Gecko/20100101 Firefox/128.0"
178.165.188.60 - - [17/Jul/2024:16:06:01 +0200] "GET /entry.php?id=10889&document_id=& HTTP/1.1" 200 1508 "http://hausegger.activities.at/entry.php?id=10828" "Mozilla/5.0 (Windows NT 10.0; Win64; x64; rv:128.0) Gecko/20100101 Firefox/128.0"
178.165.188.60 - - [17/Jul/2024:16:06:01 +0200] "GET /gui/javascript/form_form.js?1721225161 HTTP/1.1" 200 16206 "http://hausegger.activities.at/entry.php?id=10889&document_id=&" "Mozilla/5.0 (Windows NT 10.0; Win64; x64; rv:128.0) Gecko/20100101 Firefox/128.0"
178.165.188.60 - - [17/Jul/2024:16:06:03 +0200] "POST /entry.php?id=10828 HTTP/1.1" 200 9332 "http://hausegger.activities.at/entry.php?id=10828" "Mozilla/5.0 (Windows NT 10.0; Win64; x64; rv:128.0) Gecko/20100101 Firefox/128.0"
178.165.188.60 - - [17/Jul/2024:16:06:03 +0200] "GET /gui/javascript/form_form.js?1721225163 HTTP/1.1" 200 16206 "http://hausegger.activities.at/entry.php?id=10828" "Mozilla/5.0 (Windows NT 10.0; Win64; x64; rv:128.0) Gecko/20100101 Firefox/128.0"
178.165.188.60 - - [17/Jul/2024:16:06:03 +0200] "GET /entry.php?id=10889&document_id=& HTTP/1.1" 200 1509 "http://hausegger.activities.at/entry.php?id=10828" "Mozilla/5.0 (Windows NT 10.0; Win64; x64; rv:128.0) Gecko/20100101 Firefox/128.0"
178.165.188.60 - - [17/Jul/2024:16:06:07 +0200] "GET /entry.php?id=10877&mode=loadSearchCustomer&obj=number&tag=debitor&value=wa&ser=1721220239999 HTTP/1.1" 200 202 "http://hausegger.activities.at/entry.php?id=10828" "Mozilla/5.0 (Windows NT 10.0; Win64; x64; rv:128.0) Gecko/20100101 Firefox/128.0"
178.165.188.60 - - [17/Jul/2024:16:06:07 +0200] "GET /entry.php?id=10877&mode=loadSearchCustomer&obj=number&tag=debitor&value=wa&ser=1721220240096 HTTP/1.1" 200 202 "http://hausegger.activities.at/entry.php?id=10828" "Mozilla/5.0 (Windows NT 10.0; Win64; x64; rv:128.0) Gecko/20100101 Firefox/128.0"
178.165.188.60 - - [17/Jul/2024:16:06:07 +0200] "POST /entry.php?id=10889 HTTP/1.1" 200 1794 "http://hausegger.activities.at/entry.php?id=10889&document_id=&" "Mozilla/5.0 (Windows NT 10.0; Win64; x64; rv:128.0) Gecko/20100101 Firefox/128.0"
178.165.188.60 - - [17/Jul/2024:16:06:08 +0200] "GET /gui/javascript/form_form.js?1721225168 HTTP/1.1" 200 16206 "http://hausegger.activities.at/entry.php?id=10889" "Mozilla/5.0 (Windows NT 10.0; Win64; x64; rv:128.0) Gecko/20100101 Firefox/128.0"
178.165.188.60 - - [17/Jul/2024:16:06:09 +0200] "GET /entry.php?id=10877&mode=loadSearchCustomer&obj=number&tag=debitor&value=aw&ser=1721220242439 HTTP/1.1" 200 20 "http://hausegger.activities.at/entry.php?id=10828" "Mozilla/5.0 (Windows NT 10.0; Win64; x64; rv:128.0) Gecko/20100101 Firefox/128.0"
178.165.188.60 - - [17/Jul/2024:16:06:09 +0200] "GET /entry.php?id=10877&mode=loadSearchCustomer&obj=number&tag=debitor&value=aw&ser=1721220242519 HTTP/1.1" 200 20 "http://hausegger.activities.at/entry.php?id=10828" "Mozilla/5.0 (Windows NT 10.0; Win64; x64; rv:128.0) Gecko/20100101 Firefox/128.0"
178.165.188.60 - - [17/Jul/2024:16:06:10 +0200] "GET /entry.php?id=10877&mode=loadSearchCustomer&obj=number&tag=debitor&value=a&ser=1721220243383 HTTP/1.1" 200 406 "http://hausegger.activities.at/entry.php?id=10828" "Mozilla/5.0 (Windows NT 10.0; Win64; x64; rv:128.0) Gecko/20100101 Firefox/128.0"
178.165.188.60 - - [17/Jul/2024:16:06:10 +0200] "GET /entry.php?id=10877&mode=loadSearchCustomer&obj=number&tag=debitor&value=w&ser=1721220243703 HTTP/1.1" 200 292 "http://hausegger.activities.at/entry.php?id=10828" "Mozilla/5.0 (Windows NT 10.0; Win64; x64; rv:128.0) Gecko/20100101 Firefox/128.0"
