178.165.188.60 - - [26/Jul/2024:17:03:33 +0200] "POST /entry.php?id=10889 HTTP/1.1" 200 1679 "http://hausegger.activities.at/entry.php?id=10889" "Mozilla/5.0 (Windows NT 10.0; Win64; x64; rv:128.0) Gecko/20100101 Firefox/128.0"
178.165.188.60 - - [26/Jul/2024:17:03:34 +0200] "GET /gui/javascript/form_form.js?1722006214 HTTP/1.1" 200 16206 "http://hausegger.activities.at/entry.php?id=10889" "Mozilla/5.0 (Windows NT 10.0; Win64; x64; rv:128.0) Gecko/20100101 Firefox/128.0"
178.165.188.60 - - [26/Jul/2024:17:03:38 +0200] "POST /entry.php?id=10889 HTTP/1.1" 200 1857 "http://hausegger.activities.at/entry.php?id=10889" "Mozilla/5.0 (Windows NT 10.0; Win64; x64; rv:128.0) Gecko/20100101 Firefox/128.0"
178.165.188.60 - - [26/Jul/2024:17:03:39 +0200] "GET /gui/javascript/form_form.js?1722006219 HTTP/1.1" 200 16206 "http://hausegger.activities.at/entry.php?id=10889" "Mozilla/5.0 (Windows NT 10.0; Win64; x64; rv:128.0) Gecko/20100101 Firefox/128.0"
178.165.188.60 - - [26/Jul/2024:17:03:40 +0200] "GET /entry.php?id=10271&&ser=6159 HTTP/1.1" 200 986 "http://hausegger.activities.at/entry.php?id=10271&&ser=6099" "Mozilla/5.0 (Windows NT 10.0; Win64; x64; rv:128.0) Gecko/20100101 Firefox/128.0"
178.165.188.60 - - [26/Jul/2024:17:03:40 +0200] "GET /gui/javascript/form_form.js?1722006220 HTTP/1.1" 200 16206 "http://hausegger.activities.at/entry.php?id=10271&&ser=6159" "Mozilla/5.0 (Windows NT 10.0; Win64; x64; rv:128.0) Gecko/20100101 Firefox/128.0"
178.165.188.60 - - [26/Jul/2024:17:03:40 +0200] "POST /entry.php?id=10889 HTTP/1.1" 200 1666 "http://hausegger.activities.at/entry.php?id=10889" "Mozilla/5.0 (Windows NT 10.0; Win64; x64; rv:128.0) Gecko/20100101 Firefox/128.0"
178.165.188.60 - - [26/Jul/2024:17:03:41 +0200] "GET /entry.php?id=10877&mode=loadSearchArticle&obj=article_2&tag=debit&refobject=10340193&value=5&ser=1722001272369 HTTP/1.1" 200 3195 "http://hausegger.activities.at/entry.php?id=10830&&object=10340193&account=&mode=documentdebitor" "Mozilla/5.0 (Windows NT 10.0; Win64; x64; rv:128.0) Gecko/20100101 Firefox/128.0"
178.165.188.60 - - [26/Jul/2024:17:03:41 +0200] "GET /entry.php?id=10877&mode=loadSearchArticle&obj=article_2&tag=debit&refobject=10340193&value=56&ser=1722001272577 HTTP/1.1" 200 592 "http://hausegger.activities.at/entry.php?id=10830&&object=10340193&account=&mode=documentdebitor" "Mozilla/5.0 (Windows NT 10.0; Win64; x64; rv:128.0) Gecko/20100101 Firefox/128.0"
178.165.188.60 - - [26/Jul/2024:17:03:42 +0200] "GET /entry.php?id=10877&mode=loadSearchArticle&obj=article_2&tag=debit&refobject=10340193&value=561&ser=1722001272745 HTTP/1.1" 200 292 "http://hausegger.activities.at/entry.php?id=10830&&object=10340193&account=&mode=documentdebitor" "Mozilla/5.0 (Windows NT 10.0; Win64; x64; rv:128.0) Gecko/20100101 Firefox/128.0"
178.165.188.60 - - [26/Jul/2024:17:03:42 +0200] "GET /entry.php?id=10877&mode=loadSearchArticle&obj=article_2&tag=debit&refobject=10340193&value=561-&ser=1722001273016 HTTP/1.1" 200 262 "http://hausegger.activities.at/entry.php?id=10830&&object=10340193&account=&mode=documentdebitor" "Mozilla/5.0 (Windows NT 10.0; Win64; x64; rv:128.0) Gecko/20100101 Firefox/128.0"
178.165.188.60 - - [26/Jul/2024:17:03:42 +0200] "GET /entry.php?id=10877&mode=loadSearchArticle&obj=article_2&tag=debit&refobject=10340193&value=561-7&ser=1722001273232 HTTP/1.1" 200 262 "http://hausegger.activities.at/entry.php?id=10830&&object=10340193&account=&mode=documentdebitor" "Mozilla/5.0 (Windows NT 10.0; Win64; x64; rv:128.0) Gecko/20100101 Firefox/128.0"
178.165.188.60 - - [26/Jul/2024:17:03:42 +0200] "GET /entry.php?id=10877&mode=loadSearchArticle&obj=article_2&tag=debit&refobject=10340193&value=561-79&ser=1722001273432 HTTP/1.1" 200 262 "http://hausegger.activities.at/entry.php?id=10830&&object=10340193&account=&mode=documentdebitor" "Mozilla/5.0 (Windows NT 10.0; Win64; x64; rv:128.0) Gecko/20100101 Firefox/128.0"
178.165.188.60 - - [26/Jul/2024:17:03:44 +0200] "POST /entry.php?id=10889 HTTP/1.1" 200 1972 "http://hausegger.activities.at/entry.php?id=10889" "Mozilla/5.0 (Windows NT 10.0; Win64; x64; rv:128.0) Gecko/20100101 Firefox/128.0"
178.165.188.60 - - [26/Jul/2024:17:03:44 +0200] "GET /gui/javascript/form_form.js?1722006224 HTTP/1.1" 200 16206 "http://hausegger.activities.at/entry.php?id=10889" "Mozilla/5.0 (Windows NT 10.0; Win64; x64; rv:128.0) Gecko/20100101 Firefox/128.0"
178.165.188.60 - - [26/Jul/2024:17:03:44 +0200] "POST /entry.php?id=10889 HTTP/1.1" 200 1749 "http://hausegger.activities.at/entry.php?id=10889" "Mozilla/5.0 (Windows NT 10.0; Win64; x64; rv:128.0) Gecko/20100101 Firefox/128.0"
178.165.188.60 - - [26/Jul/2024:17:03:50 +0200] "POST /entry.php?id=10889 HTTP/1.1" 200 1841 "http://hausegger.activities.at/entry.php?id=10889" "Mozilla/5.0 (Windows NT 10.0; Win64; x64; rv:128.0) Gecko/20100101 Firefox/128.0"
178.165.188.60 - - [26/Jul/2024:17:03:51 +0200] "GET /gui/javascript/form_form.js?1722006230 HTTP/1.1" 200 16206 "http://hausegger.activities.at/entry.php?id=10889" "Mozilla/5.0 (Windows NT 10.0; Win64; x64; rv:128.0) Gecko/20100101 Firefox/128.0"
178.165.188.60 - - [26/Jul/2024:17:04:03 +0200] "GET /entry.php?id=10287&login=1 HTTP/1.1" 200 1877 "http://hausegger.activities.at/entry.php?id=10273&" "Mozilla/5.0 (Windows NT 10.0; Win64; x64; rv:128.0) Gecko/20100101 Firefox/128.0"
178.165.188.60 - - [26/Jul/2024:17:04:03 +0200] "GET /gui/javascript/form_form.js?1722006243 HTTP/1.1" 200 16206 "http://hausegger.activities.at/entry.php?id=10287&login=1" "Mozilla/5.0 (Windows NT 10.0; Win64; x64; rv:128.0) Gecko/20100101 Firefox/128.0"
178.165.188.60 - - [26/Jul/2024:17:04:05 +0200] "POST /entry.php?id=10287& HTTP/1.1" 200 2433 "http://hausegger.activities.at/entry.php?id=10287&login=1" "Mozilla/5.0 (Windows NT 10.0; Win64; x64; rv:128.0) Gecko/20100101 Firefox/128.0"
178.165.188.60 - - [26/Jul/2024:17:04:05 +0200] "GET /gui/javascript/form_form.js?1722006245 HTTP/1.1" 200 16206 "http://hausegger.activities.at/entry.php?id=10287&" "Mozilla/5.0 (Windows NT 10.0; Win64; x64; rv:128.0) Gecko/20100101 Firefox/128.0"
178.165.188.60 - - [26/Jul/2024:17:04:05 +0200] "GET /entry.php?id=10273&logout=true& HTTP/1.1" 200 1911 "http://hausegger.activities.at/entry.php?id=10287&" "Mozilla/5.0 (Windows NT 10.0; Win64; x64; rv:128.0) Gecko/20100101 Firefox/128.0"
178.165.188.60 - - [26/Jul/2024:17:04:05 +0200] "GET /entry.php?id=10270& HTTP/1.1" 200 908 "http://hausegger.activities.at/entry.php?id=10287&" "Mozilla/5.0 (Windows NT 10.0; Win64; x64; rv:128.0) Gecko/20100101 Firefox/128.0"
178.165.188.60 - - [26/Jul/2024:17:04:05 +0200] "GET /framework/webfx/javascript/toolbar/cb2.js HTTP/1.1" 304 - "http://hausegger.activities.at/entry.php?id=10273&logout=true&" "Mozilla/5.0 (Windows NT 10.0; Win64; x64; rv:128.0) Gecko/20100101 Firefox/128.0"
178.165.188.60 - - [26/Jul/2024:17:04:05 +0200] "GET /framework/webfx/javascript/toolbar/ieemu.js HTTP/1.1" 304 - "http://hausegger.activities.at/entry.php?id=10273&logout=true&" "Mozilla/5.0 (Windows NT 10.0; Win64; x64; rv:128.0) Gecko/20100101 Firefox/128.0"
156.59.198.136 - - [26/Jul/2024:17:09:17 +0200] "GET /renault.activities.at/htdocs/export/xml/data/orders/201910091103_RenOrder.xml HTTP/1.0" 404 329 "-" "Mozilla/5.0 (Linux; Android 5.0) AppleWebKit/537.36 (KHTML, like Gecko) Mobile Safari/537.36 (compatible; Bytespider; spider-feedback@bytedance.com)"
185.191.126.213 - - [26/Jul/2024:17:09:55 +0200] "GET / HTTP/1.1" 200 423 "-" "-"
185.191.126.213 - - [26/Jul/2024:17:24:35 +0200] "GET / HTTP/1.1" 200 423 "-" "-"
156.59.198.136 - - [26/Jul/2024:17:50:38 +0200] "GET /ed-test.activities.at/stats/lang/awstats-ca.txt HTTP/1.0" 404 306 "-" "Mozilla/5.0 (Linux; Android 5.0) AppleWebKit/537.36 (KHTML, like Gecko) Mobile Safari/537.36 (compatible; Bytespider; spider-feedback@bytedance.com)"
83.97.73.245 - - [26/Jul/2024:18:05:43 +0200] "GET /?XDEBUG_SESSION_START=phpstorm HTTP/1.1" 200 274 "-" "Mozilla/5.0 (Windows NT 10.0; Win64; x64) AppleWebKit/537.36 (KHTML, like Gecko) Chrome/78.0.3904.108 Safari/537.36"
156.59.198.136 - - [26/Jul/2024:18:10:44 +0200] "GET /renault.activities.at/htdocs/export/xml/data/orders/202004271103_RenOrder.xml HTTP/1.0" 404 329 "-" "Mozilla/5.0 (Linux; Android 5.0) AppleWebKit/537.36 (KHTML, like Gecko) Mobile Safari/537.36 (compatible; Bytespider; spider-feedback@bytedance.com)"
156.59.198.135 - - [26/Jul/2024:18:11:05 +0200] "GET /renault.activities.at/htdocs/export/xml/data/orders/201911161103_RenOrder.xml HTTP/1.0" 404 329 "-" "Mozilla/5.0 (Linux; Android 5.0) AppleWebKit/537.36 (KHTML, like Gecko) Mobile Safari/537.36 (compatible; Bytespider; spider-feedback@bytedance.com)"
156.59.198.135 - - [26/Jul/2024:18:11:37 +0200] "GET /ed-test.activities.at/stats/lang/awstats-it.txt HTTP/1.0" 404 306 "-" "Mozilla/5.0 (Linux; Android 5.0) AppleWebKit/537.36 (KHTML, like Gecko) Mobile Safari/537.36 (compatible; Bytespider; spider-feedback@bytedance.com)"
156.59.198.135 - - [26/Jul/2024:18:14:34 +0200] "GET /renault.activities.at/htdocs/export/pdf/emuc_document/10997824.pdf HTTP/1.0" 404 322 "-" "Mozilla/5.0 (Linux; Android 5.0) AppleWebKit/537.36 (KHTML, like Gecko) Mobile Safari/537.36 (compatible; Bytespider; spider-feedback@bytedance.com)"
106.75.152.66 - - [26/Jul/2024:18:20:37 +0200] "GET /.git/config HTTP/1.1" 404 285 "-" "Go-http-client/1.1"
185.224.128.43 - - [26/Jul/2024:18:26:02 +0200] "GET / HTTP/1.1" 200 274 "-" "Mozilla/5.0 (Windows NT 10.0; Win64; x64) AppleWebKit/537.36 (KHTML, like Gecko) Chrome/90.0.4430.85 Safari/537.36 Edg/90.0.818.46"
141.98.11.189 - - [26/Jul/2024:18:27:33 +0200] "GET / HTTP/1.1" 200 274 "-" "Mozilla/5.0 zgrab/0.x"
156.59.198.135 - - [26/Jul/2024:18:40:03 +0200] "GET /ed-test.activities.at/stats/lang/awstats-ba.txt HTTP/1.0" 404 306 "-" "Mozilla/5.0 (Linux; Android 5.0) AppleWebKit/537.36 (KHTML, like Gecko) Mobile Safari/537.36 (compatible; Bytespider; spider-feedback@bytedance.com)"
156.59.198.135 - - [26/Jul/2024:18:43:06 +0200] "GET /renault.activities.at/htdocs/export/xml/data/orders/202105071203_RenOrder.xml HTTP/1.0" 404 329 "-" "Mozilla/5.0 (Linux; Android 5.0) AppleWebKit/537.36 (KHTML, like Gecko) Mobile Safari/537.36 (compatible; Bytespider; spider-feedback@bytedance.com)"
91.238.181.20 - - [26/Jul/2024:18:44:44 +0200] "\x03" 400 383 "-" "-"
185.191.126.213 - - [26/Jul/2024:18:45:12 +0200] "GET / HTTP/1.1" 200 423 "-" "-"
156.59.198.136 - - [26/Jul/2024:18:54:26 +0200] "GET /renault.activities.at/htdocs/export/xml/data/orders/202004281703_RenOrder.xml HTTP/1.0" 404 329 "-" "Mozilla/5.0 (Linux; Android 5.0) AppleWebKit/537.36 (KHTML, like Gecko) Mobile Safari/537.36 (compatible; Bytespider; spider-feedback@bytedance.com)"
83.97.73.245 - - [26/Jul/2024:19:00:31 +0200] "GET /actuator/gateway/routes HTTP/1.1" 404 293 "-" "Mozilla/5.0 (Windows NT 10.0; Win64; x64) AppleWebKit/537.36 (KHTML, like Gecko) Chrome/78.0.3904.108 Safari/537.36"
156.59.198.135 - - [26/Jul/2024:19:02:51 +0200] "GET /renault.activities.at/htdocs/export/pdf/emuc_document/12248916.pdf HTTP/1.0" 404 321 "-" "Mozilla/5.0 (Linux; Android 5.0) AppleWebKit/537.36 (KHTML, like Gecko) Mobile Safari/537.36 (compatible; Bytespider; spider-feedback@bytedance.com)"
156.59.198.136 - - [26/Jul/2024:19:15:23 +0200] "GET /renault.2web.at/stats/lang/awstats-th.txt HTTP/1.0" 404 303 "-" "Mozilla/5.0 (Linux; Android 5.0) AppleWebKit/537.36 (KHTML, like Gecko) Mobile Safari/537.36 (compatible; Bytespider; spider-feedback@bytedance.com)"
156.59.198.136 - - [26/Jul/2024:19:32:08 +0200] "GET /renault.activities.at/htdocs/export/xml/data/orders/201910141003_RenOrder.xml HTTP/1.0" 404 329 "-" "Mozilla/5.0 (Linux; Android 5.0) AppleWebKit/537.36 (KHTML, like Gecko) Mobile Safari/537.36 (compatible; Bytespider; spider-feedback@bytedance.com)"
156.59.198.135 - - [26/Jul/2024:19:34:34 +0200] "GET /renault.activities.at/htdocs/export/pdf/emuc_document/12103324.pdf HTTP/1.0" 404 322 "-" "Mozilla/5.0 (Linux; Android 5.0) AppleWebKit/537.36 (KHTML, like Gecko) Mobile Safari/537.36 (compatible; Bytespider; spider-feedback@bytedance.com)"
198.12.247.139 - - [26/Jul/2024:19:37:17 +0200] "GET /wp-login.php HTTP/1.1" 404 297 "-" "Mozilla/5.0 (X11; Fedora; Linux x86_64; rv:94.0) Gecko/20100101 Firefox/95.0"
203.86.123.54 - - [26/Jul/2024:19:40:06 +0200] "POST /cgi-bin/.%2e/.%2e/.%2e/.%2e/.%2e/.%2e/.%2e/.%2e/.%2e/.%2e/bin/sh HTTP/1.1" 400 373 "-" "Custom-AsyncHttpClient"
203.86.123.54 - - [26/Jul/2024:19:40:15 +0200] "POST /cgi-bin/%%32%65%%32%65/%%32%65%%32%65/%%32%65%%32%65/%%32%65%%32%65/%%32%65%%32%65/%%32%65%%32%65/%%32%65%%32%65/bin/sh HTTP/1.1" 400 373 "-" "Custom-AsyncHttpClient"
156.59.198.136 - - [26/Jul/2024:19:44:26 +0200] "GET /renault.activities.at/htdocs/export/xml/data/orders/202110201603_RenOrder.xml HTTP/1.0" 404 329 "-" "Mozilla/5.0 (Linux; Android 5.0) AppleWebKit/537.36 (KHTML, like Gecko) Mobile Safari/537.36 (compatible; Bytespider; spider-feedback@bytedance.com)"
172.212.61.58 - - [26/Jul/2024:19:47:43 +0200] "GET /hudson HTTP/1.1" 404 280 "-" "Mozilla/5.0 zgrab/0.x"
156.59.198.135 - - [26/Jul/2024:19:51:15 +0200] "GET /renault.activities.at/htdocs/export/xml/data/orders/202002251603_RenOrder.xml HTTP/1.0" 404 329 "-" "Mozilla/5.0 (Linux; Android 5.0) AppleWebKit/537.36 (KHTML, like Gecko) Mobile Safari/537.36 (compatible; Bytespider; spider-feedback@bytedance.com)"
156.59.198.136 - - [26/Jul/2024:19:52:18 +0200] "GET /renault.activities.at/htdocs/export/xml/data/orders/202103191503_RenOrder.xml HTTP/1.0" 404 329 "-" "Mozilla/5.0 (Linux; Android 5.0) AppleWebKit/537.36 (KHTML, like Gecko) Mobile Safari/537.36 (compatible; Bytespider; spider-feedback@bytedance.com)"
156.59.198.135 - - [26/Jul/2024:19:52:38 +0200] "GET /renault.activities.at/htdocs/export/pdf/emuc_document/12465201.pdf HTTP/1.0" 404 321 "-" "Mozilla/5.0 (Linux; Android 5.0) AppleWebKit/537.36 (KHTML, like Gecko) Mobile Safari/537.36 (compatible; Bytespider; spider-feedback@bytedance.com)"
17.241.75.215 - - [26/Jul/2024:19:53:04 +0200] "GET /memberlist.php?mode=viewprofile&u=2 HTTP/1.1" 404 295 "-" "Mozilla/5.0 (Macintosh; Intel Mac OS X 10_15_7) AppleWebKit/605.1.15 (KHTML, like Gecko) Version/17.4 Safari/605.1.15 (Applebot/0.1; +http://www.apple.com/go/applebot)"
194.165.17.13 - - [26/Jul/2024:20:01:52 +0200] "CONNECT google.com:443 HTTP/1.1" 200 423 "-" "Go-http-client/1.1"
4.151.38.211 - - [26/Jul/2024:20:02:59 +0200] "GET /druid/index.html HTTP/1.1" 404 287 "-" "Mozilla/5.0 zgrab/0.x"
185.191.126.213 - - [26/Jul/2024:20:04:14 +0200] "GET / HTTP/1.1" 200 423 "-" "-"
185.242.226.10 - - [26/Jul/2024:20:11:14 +0200] "GET /activities.ico HTTP/1.1" 200 1406 "-" "python-requests/2.26.0"
185.242.226.10 - - [26/Jul/2024:20:11:14 +0200] "GET / HTTP/1.1" 200 274 "-" "python-requests/2.26.0"
194.38.20.13 - - [26/Jul/2024:20:22:15 +0200] "GET /sites/all/libraries/_elfinder/src/connectors/php/connector.php HTTP/1.1" 404 414 "-" "ALittle Client"
194.38.20.13 - - [26/Jul/2024:20:22:17 +0200] "GET /sites/all/libraries/_elfinder/src/connectors/php/connector.php HTTP/1.1" 404 427 "-" "ALittle Client"
185.191.126.213 - - [26/Jul/2024:20:25:46 +0200] "GET / HTTP/1.1" 200 423 "-" "-"
203.189.152.212 - - [26/Jul/2024:20:26:16 +0200] "GET / HTTP/1.1" 200 423 "-" "Mozilla/5.0 (Windows NT 6.1; WOW64) AppleWebKit/537.36 (KHTML, like Gecko) Chrome/51.0.2704.103 Safari/537.36"
156.59.198.136 - - [26/Jul/2024:20:31:49 +0200] "GET /renault.activities.at/htdocs/export/xml/data/orders/202108261103_RenOrder.xml HTTP/1.0" 404 329 "-" "Mozilla/5.0 (Linux; Android 5.0) AppleWebKit/537.36 (KHTML, like Gecko) Mobile Safari/537.36 (compatible; Bytespider; spider-feedback@bytedance.com)"
156.59.198.136 - - [26/Jul/2024:20:34:20 +0200] "GET /renault.activities.at/htdocs/export/xml/data/orders/202010291503_RenOrder.xml HTTP/1.0" 404 328 "-" "Mozilla/5.0 (Linux; Android 5.0) AppleWebKit/537.36 (KHTML, like Gecko) Mobile Safari/537.36 (compatible; Bytespider; spider-feedback@bytedance.com)"
163.172.107.161 - - [26/Jul/2024:20:35:52 +0200] "CONNECT web.realsysadm.in:443 HTTP/1.1" 200 423 "-" "Go-http-client/1.1"
156.59.198.136 - - [26/Jul/2024:20:40:33 +0200] "GET /renault.activities.at/htdocs/export/pdf/emuc_document/11444177.pdf HTTP/1.0" 404 322 "-" "Mozilla/5.0 (Linux; Android 5.0) AppleWebKit/537.36 (KHTML, like Gecko) Mobile Safari/537.36 (compatible; Bytespider; spider-feedback@bytedance.com)"
156.59.198.135 - - [26/Jul/2024:20:41:49 +0200] "GET /ed.activities.at/stats/lang/awstats-hr.txt HTTP/1.0" 404 304 "-" "Mozilla/5.0 (Linux; Android 5.0) AppleWebKit/537.36 (KHTML, like Gecko) Mobile Safari/537.36 (compatible; Bytespider; spider-feedback@bytedance.com)"
156.59.198.136 - - [26/Jul/2024:20:48:34 +0200] "GET /ed.activities.at/stats/lang/awstats-lv.txt HTTP/1.0" 404 304 "-" "Mozilla/5.0 (Linux; Android 5.0) AppleWebKit/537.36 (KHTML, like Gecko) Mobile Safari/537.36 (compatible; Bytespider; spider-feedback@bytedance.com)"
156.59.198.136 - - [26/Jul/2024:20:50:22 +0200] "GET /renault.activities.at/htdocs/export/xml/data/orders/202110150803_RenOrder.xml HTTP/1.0" 404 328 "-" "Mozilla/5.0 (Linux; Android 5.0) AppleWebKit/537.36 (KHTML, like Gecko) Mobile Safari/537.36 (compatible; Bytespider; spider-feedback@bytedance.com)"
80.82.77.202 - - [26/Jul/2024:20:55:53 +0200] "\x16\x03\x02\x01o\x01" 400 383 "-" "-"
17.241.75.24 - - [26/Jul/2024:20:59:00 +0200] "GET /robots.txt HTTP/1.1" 404 292 "-" "Mozilla/5.0 (Macintosh; Intel Mac OS X 10_15_7) AppleWebKit/605.1.15 (KHTML, like Gecko) Version/17.4 Safari/605.1.15 (Applebot/0.1; +http://www.apple.com/go/applebot)"
17.241.227.252 - - [26/Jul/2024:20:59:00 +0200] "GET /index.php?sid=437faafc95522ef16839f2099219f8bc HTTP/1.1" 200 274 "-" "Mozilla/5.0 (Macintosh; Intel Mac OS X 10_15_7) AppleWebKit/605.1.15 (KHTML, like Gecko) Version/17.4 Safari/605.1.15 (Applebot/0.1; +http://www.apple.com/go/applebot)"
156.59.198.135 - - [26/Jul/2024:21:02:14 +0200] "GET /ed.activities.at/stats/lang/awstats-gl.txt HTTP/1.0" 404 304 "-" "Mozilla/5.0 (Linux; Android 5.0) AppleWebKit/537.36 (KHTML, like Gecko) Mobile Safari/537.36 (compatible; Bytespider; spider-feedback@bytedance.com)"
156.59.198.135 - - [26/Jul/2024:21:10:22 +0200] "GET /renault.activities.at/htdocs/export/pdf/emuc_document/11354023.pdf HTTP/1.0" 404 322 "-" "Mozilla/5.0 (Linux; Android 5.0) AppleWebKit/537.36 (KHTML, like Gecko) Mobile Safari/537.36 (compatible; Bytespider; spider-feedback@bytedance.com)"
47.180.136.243 - - [26/Jul/2024:21:11:15 +0200] "GET / HTTP/1.0" 200 423 "-" "Mozilla/5.0 (Linux; U; Android 4.0.3; ko-kr; LG-L160L Build/IML74K) AppleWebkit/534.30 (KHTML, like Gecko) Version/4.0 Mobile Safari/534.30"
213.195.2.16 - - [26/Jul/2024:21:31:24 +0200] "GET / HTTP/1.1" 200 423 "-" "Mozilla/5.0 (Macintosh; Intel Mac OS X 10_11_6) AppleWebKit/601.7.7 (KHTML, like Gecko) Version/9.1.2 Safari/601.7.7"
141.98.11.189 - - [26/Jul/2024:21:38:10 +0200] "GET / HTTP/1.1" 200 274 "-" "Mozilla/5.0 zgrab/0.x"
114.119.166.95 - - [26/Jul/2024:21:41:28 +0200] "GET /robots.txt HTTP/1.1" 404 291 "-" "Mozilla/5.0 (compatible;PetalBot;+https://webmaster.petalsearch.com/site/petalbot)"
89.205.98.205 - - [26/Jul/2024:21:47:39 +0200] "GET / HTTP/1.1" 200 274 "-" "Mozilla/5.0 (Windows; U; Windows NT 6.0; nl) AppleWebKit/522.13.1 (KHTML, like Gecko) Version/3.0.2 Safari/522.13.1"
89.205.98.205 - - [26/Jul/2024:21:47:39 +0200] "GET /favicon.ico HTTP/1.1" 404 284 "-" "Mozilla/5.0 (Windows; U; Windows NT 6.0; nl) AppleWebKit/522.13.1 (KHTML, like Gecko) Version/3.0.2 Safari/522.13.1"
89.205.98.205 - - [26/Jul/2024:21:47:39 +0200] "GET /favicon.ico HTTP/1.1" 404 284 "-" "Mozilla/5.0 (Windows; U; Windows NT 6.0; nl) AppleWebKit/522.13.1 (KHTML, like Gecko) Version/3.0.2 Safari/522.13.1"
89.205.98.205 - - [26/Jul/2024:21:47:39 +0200] "GET /favicon.ico HTTP/1.1" 404 284 "-" "Mozilla/5.0 (Windows; U; Windows NT 6.0; nl) AppleWebKit/522.13.1 (KHTML, like Gecko) Version/3.0.2 Safari/522.13.1"
89.205.98.205 - - [26/Jul/2024:21:47:39 +0200] "GET /image/lgbg.jpg HTTP/1.1" 404 288 "-" "Mozilla/5.0 (Windows; U; Windows NT 6.0; nl) AppleWebKit/522.13.1 (KHTML, like Gecko) Version/3.0.2 Safari/522.13.1"
89.205.98.205 - - [26/Jul/2024:21:47:39 +0200] "GET /favicon.ico HTTP/1.1" 404 284 "-" "Mozilla/5.0 (Windows; U; Windows NT 6.0; nl) AppleWebKit/522.13.1 (KHTML, like Gecko) Version/3.0.2 Safari/522.13.1"
89.205.98.205 - - [26/Jul/2024:21:47:39 +0200] "GET /login.rsp HTTP/1.1" 404 284 "-" "Mozilla/5.0 (Windows; U; Windows NT 6.0; nl) AppleWebKit/522.13.1 (KHTML, like Gecko) Version/3.0.2 Safari/522.13.1"
89.205.98.205 - - [26/Jul/2024:21:47:39 +0200] "GET /favicon.ico HTTP/1.1" 404 284 "-" "Mozilla/5.0 (Windows; U; Windows NT 6.0; nl) AppleWebKit/522.13.1 (KHTML, like Gecko) Version/3.0.2 Safari/522.13.1"
89.205.98.205 - - [26/Jul/2024:21:47:39 +0200] "GET /favicon.ico HTTP/1.1" 404 284 "-" "Mozilla/5.0 (Windows; U; Windows NT 6.0; nl) AppleWebKit/522.13.1 (KHTML, like Gecko) Version/3.0.2 Safari/522.13.1"
89.205.98.205 - - [26/Jul/2024:21:47:40 +0200] "GET /favicon.ico HTTP/1.1" 404 284 "-" "Mozilla/5.0 (Windows; U; Windows NT 6.0; nl) AppleWebKit/522.13.1 (KHTML, like Gecko) Version/3.0.2 Safari/522.13.1"
93.174.93.12 - - [26/Jul/2024:21:48:08 +0200] "GET / HTTP/1.0" 200 423 "-" "Mozilla/5.0 (Windows NT 10.0; WOW64) AppleWebKit/537.36 (KHTML, like Gecko) Chrome/61.0.3163.79 Safari/537.36 Maxthon/5.2.7.5000"
156.59.198.136 - - [26/Jul/2024:21:53:58 +0200] "GET /ed-test.2web.at/stats/lang/awstats-jp.txt HTTP/1.0" 404 303 "-" "Mozilla/5.0 (Linux; Android 5.0) AppleWebKit/537.36 (KHTML, like Gecko) Mobile Safari/537.36 (compatible; Bytespider; spider-feedback@bytedance.com)"
156.59.198.136 - - [26/Jul/2024:21:54:20 +0200] "GET /renault.activities.at/htdocs/export/pdf/emuc_document/12322834.pdf HTTP/1.0" 404 322 "-" "Mozilla/5.0 (Linux; Android 5.0) AppleWebKit/537.36 (KHTML, like Gecko) Mobile Safari/537.36 (compatible; Bytespider; spider-feedback@bytedance.com)"
156.59.198.135 - - [26/Jul/2024:21:58:37 +0200] "GET /ed.activities.at/stats/lang/awstats-al.txt HTTP/1.0" 404 304 "-" "Mozilla/5.0 (Linux; Android 5.0) AppleWebKit/537.36 (KHTML, like Gecko) Mobile Safari/537.36 (compatible; Bytespider; spider-feedback@bytedance.com)"
156.59.198.136 - - [26/Jul/2024:22:05:30 +0200] "GET /renault.activities.at/htdocs/export/pdf/emuc_document/11504701.pdf HTTP/1.0" 404 322 "-" "Mozilla/5.0 (Linux; Android 5.0) AppleWebKit/537.36 (KHTML, like Gecko) Mobile Safari/537.36 (compatible; Bytespider; spider-feedback@bytedance.com)"
172.202.248.234 - - [26/Jul/2024:22:08:04 +0200] "MGLNDD_212.69.160.11_80" 400 383 "-" "-"
156.59.198.136 - - [26/Jul/2024:22:08:58 +0200] "GET /ed.activities.at/stats/lang/awstats-cn.txt HTTP/1.0" 404 304 "-" "Mozilla/5.0 (Linux; Android 5.0) AppleWebKit/537.36 (KHTML, like Gecko) Mobile Safari/537.36 (compatible; Bytespider; spider-feedback@bytedance.com)"
156.59.198.135 - - [26/Jul/2024:22:10:24 +0200] "GET /renault.activities.at/htdocs/export/xml/data/orders/202109171503_RenOrder.xml HTTP/1.0" 404 329 "-" "Mozilla/5.0 (Linux; Android 5.0) AppleWebKit/537.36 (KHTML, like Gecko) Mobile Safari/537.36 (compatible; Bytespider; spider-feedback@bytedance.com)"
156.59.198.136 - - [26/Jul/2024:22:10:55 +0200] "GET /renault.activities.at/htdocs/export/xml/data/orders/202003311803_RenOrder.xml HTTP/1.0" 404 329 "-" "Mozilla/5.0 (Linux; Android 5.0) AppleWebKit/537.36 (KHTML, like Gecko) Mobile Safari/537.36 (compatible; Bytespider; spider-feedback@bytedance.com)"
156.59.198.135 - - [26/Jul/2024:22:11:41 +0200] "GET /renault.activities.at/htdocs/export/pdf/emuc_document/10762352.pdf HTTP/1.0" 404 323 "-" "Mozilla/5.0 (Linux; Android 5.0) AppleWebKit/537.36 (KHTML, like Gecko) Mobile Safari/537.36 (compatible; Bytespider; spider-feedback@bytedance.com)"
17.241.227.150 - - [26/Jul/2024:22:19:16 +0200] "GET /viewtopic.php?f=8&t=518&p=3927&sid=54df32ee0ee0f7bf8a54e23511949d55 HTTP/1.1" 404 295 "-" "Mozilla/5.0 (Macintosh; Intel Mac OS X 10_15_7) AppleWebKit/605.1.15 (KHTML, like Gecko) Version/17.4 Safari/605.1.15 (Applebot/0.1; +http://www.apple.com/go/applebot)"
17.241.219.57 - - [26/Jul/2024:22:30:09 +0200] "GET /ucp.php?mode=delete_cookies&sid=8d4cbcd8990df6dd9ce51a173a313566 HTTP/1.1" 404 290 "-" "Mozilla/5.0 (Macintosh; Intel Mac OS X 10_15_7) AppleWebKit/605.1.15 (KHTML, like Gecko) Version/17.4 Safari/605.1.15 (Applebot/0.1; +http://www.apple.com/go/applebot)"
156.59.198.136 - - [26/Jul/2024:22:43:00 +0200] "GET /ed.activities.at/stats/lang/awstats-gr.txt HTTP/1.0" 404 304 "-" "Mozilla/5.0 (Linux; Android 5.0) AppleWebKit/537.36 (KHTML, like Gecko) Mobile Safari/537.36 (compatible; Bytespider; spider-feedback@bytedance.com)"
43.155.132.190 - - [26/Jul/2024:22:43:40 +0200] "POST /cgi-bin/.%2e/.%2e/.%2e/.%2e/.%2e/.%2e/.%2e/.%2e/.%2e/.%2e/bin/sh HTTP/1.1" 400 373 "-" "Custom-AsyncHttpClient"
185.224.128.43 - - [26/Jul/2024:22:49:56 +0200] "GET / HTTP/1.1" 200 274 "-" "Mozilla/5.0 (Windows NT 10.0; Win64; x64) AppleWebKit/537.36 (KHTML, like Gecko) Chrome/90.0.4430.85 Safari/537.36 Edg/90.0.818.46"
156.59.198.136 - - [26/Jul/2024:23:08:14 +0200] "GET /renault.activities.at/htdocs/export/pdf/emuc_document/12210012.pdf HTTP/1.0" 404 321 "-" "Mozilla/5.0 (Linux; Android 5.0) AppleWebKit/537.36 (KHTML, like Gecko) Mobile Safari/537.36 (compatible; Bytespider; spider-feedback@bytedance.com)"
156.59.198.136 - - [26/Jul/2024:23:14:29 +0200] "GET /renault.activities.at/htdocs/export/pdf/emuc_document/10790150.pdf HTTP/1.0" 404 322 "-" "Mozilla/5.0 (Linux; Android 5.0) AppleWebKit/537.36 (KHTML, like Gecko) Mobile Safari/537.36 (compatible; Bytespider; spider-feedback@bytedance.com)"
122.8.157.58 - - [26/Jul/2024:23:14:55 +0200] "POST /cgi-bin/.%2e/.%2e/.%2e/.%2e/.%2e/.%2e/.%2e/.%2e/.%2e/.%2e/bin/sh HTTP/1.1" 400 373 "-" "Custom-AsyncHttpClient"
122.8.157.58 - - [26/Jul/2024:23:15:03 +0200] "POST /cgi-bin/%%32%65%%32%65/%%32%65%%32%65/%%32%65%%32%65/%%32%65%%32%65/%%32%65%%32%65/%%32%65%%32%65/%%32%65%%32%65/bin/sh HTTP/1.1" 400 373 "-" "Custom-AsyncHttpClient"
122.8.157.58 - - [26/Jul/2024:23:15:05 +0200] "GET /vendor/phpunit/phpunit/src/Util/PHP/eval-stdin.php HTTP/1.1" 404 395 "-" "Custom-AsyncHttpClient"
122.8.157.58 - - [26/Jul/2024:23:15:09 +0200] "GET /vendor/phpunit/phpunit/Util/PHP/eval-stdin.php HTTP/1.1" 404 391 "-" "Custom-AsyncHttpClient"
122.8.157.58 - - [26/Jul/2024:23:15:12 +0200] "GET /vendor/phpunit/src/Util/PHP/eval-stdin.php HTTP/1.1" 404 387 "-" "Custom-AsyncHttpClient"
122.8.157.58 - - [26/Jul/2024:23:15:14 +0200] "GET /vendor/phpunit/Util/PHP/eval-stdin.php HTTP/1.1" 404 383 "-" "Custom-AsyncHttpClient"
122.8.157.58 - - [26/Jul/2024:23:15:16 +0200] "GET /vendor/phpunit/phpunit/LICENSE/eval-stdin.php HTTP/1.1" 404 390 "-" "Custom-AsyncHttpClient"
122.8.157.58 - - [26/Jul/2024:23:15:17 +0200] "GET /vendor/vendor/phpunit/phpunit/src/Util/PHP/eval-stdin.php HTTP/1.1" 404 402 "-" "Custom-AsyncHttpClient"
122.8.157.58 - - [26/Jul/2024:23:15:19 +0200] "GET /phpunit/phpunit/src/Util/PHP/eval-stdin.php HTTP/1.1" 404 388 "-" "Custom-AsyncHttpClient"
122.8.157.58 - - [26/Jul/2024:23:15:23 +0200] "GET /phpunit/phpunit/Util/PHP/eval-stdin.php HTTP/1.1" 404 384 "-" "Custom-AsyncHttpClient"
122.8.157.58 - - [26/Jul/2024:23:15:31 +0200] "GET /phpunit/src/Util/PHP/eval-stdin.php HTTP/1.1" 404 380 "-" "Custom-AsyncHttpClient"
122.8.157.58 - - [26/Jul/2024:23:15:32 +0200] "GET /phpunit/Util/PHP/eval-stdin.php HTTP/1.1" 404 376 "-" "Custom-AsyncHttpClient"
122.8.157.58 - - [26/Jul/2024:23:15:34 +0200] "GET /lib/phpunit/phpunit/src/Util/PHP/eval-stdin.php HTTP/1.1" 404 392 "-" "Custom-AsyncHttpClient"
122.8.157.58 - - [26/Jul/2024:23:15:50 +0200] "GET /lib/phpunit/phpunit/Util/PHP/eval-stdin.php HTTP/1.1" 404 388 "-" "Custom-AsyncHttpClient"
122.8.157.58 - - [26/Jul/2024:23:15:54 +0200] "GET /lib/phpunit/src/Util/PHP/eval-stdin.php HTTP/1.1" 404 384 "-" "Custom-AsyncHttpClient"
194.55.186.238 - - [26/Jul/2024:23:21:06 +0200] "GET /sftp-config.json HTTP/1.1" 404 289 "-" "Go-http-client/1.1"
194.233.83.109 - - [26/Jul/2024:23:21:47 +0200] "POST /wp-login.php HTTP/1.1" 404 286 "-" "Mozilla/5.0 (Windows NT 10.0; WOW64) AppleWebKit/537.36 (KHTML, like Gecko) Chrome/62.0.3202.9 Safari/537.36"
194.233.83.109 - - [26/Jul/2024:23:21:47 +0200] "POST /wordpress/wp-login.php HTTP/1.1" 404 292 "-" "Mozilla/5.0 (Windows NT 10.0; WOW64) AppleWebKit/537.36 (KHTML, like Gecko) Chrome/62.0.3202.9 Safari/537.36"
156.59.198.135 - - [26/Jul/2024:23:36:36 +0200] "GET /renault.activities.at/htdocs/export/pdf/emuc_document/10424530.pdf HTTP/1.0" 404 322 "-" "Mozilla/5.0 (Linux; Android 5.0) AppleWebKit/537.36 (KHTML, like Gecko) Mobile Safari/537.36 (compatible; Bytespider; spider-feedback@bytedance.com)"
91.92.244.183 - - [26/Jul/2024:23:41:53 +0200] "GET /.env HTTP/1.1" 404 280 "-" "Mozilla/5.0 (X11; Linux x86_64) AppleWebKit/537.36 (KHTML, like Gecko) Chrome/92.0.4515.131 Safari/537.36"
80.13.153.140 - - [26/Jul/2024:23:48:14 +0200] "GET / HTTP/1.0" 200 423 "-" "Mozilla/5.0 (Windows NT 10.0; Win64; x64) AppleWebKit/537.36 (KHTML, like Gecko) Chrome/79.0.3945.130 Safari/537.36"
156.59.198.135 - - [26/Jul/2024:23:54:20 +0200] "GET /renault.2web.at/stats/lang/awstats-lv.txt HTTP/1.0" 404 303 "-" "Mozilla/5.0 (Linux; Android 5.0) AppleWebKit/537.36 (KHTML, like Gecko) Mobile Safari/537.36 (compatible; Bytespider; spider-feedback@bytedance.com)"
156.59.198.136 - - [26/Jul/2024:23:55:02 +0200] "GET /ed.activities.at/stats/lang/awstats-cz.txt HTTP/1.0" 404 305 "-" "Mozilla/5.0 (Linux; Android 5.0) AppleWebKit/537.36 (KHTML, like Gecko) Mobile Safari/537.36 (compatible; Bytespider; spider-feedback@bytedance.com)"
156.59.198.136 - - [26/Jul/2024:23:56:18 +0200] "GET /ed.activities.at/stats/lang/awstats-sk.txt HTTP/1.0" 404 304 "-" "Mozilla/5.0 (Linux; Android 5.0) AppleWebKit/537.36 (KHTML, like Gecko) Mobile Safari/537.36 (compatible; Bytespider; spider-feedback@bytedance.com)"
156.59.198.136 - - [26/Jul/2024:23:57:52 +0200] "GET /renault.activities.at/htdocs/export/xml/data/orders/202003091303_RenOrder.xml HTTP/1.0" 404 329 "-" "Mozilla/5.0 (Linux; Android 5.0) AppleWebKit/537.36 (KHTML, like Gecko) Mobile Safari/537.36 (compatible; Bytespider; spider-feedback@bytedance.com)"
156.59.198.135 - - [27/Jul/2024:00:01:24 +0200] "GET /renault.activities.at/htdocs/export/pdf/emuc_document/10949079.pdf HTTP/1.0" 404 322 "-" "Mozilla/5.0 (Linux; Android 5.0) AppleWebKit/537.36 (KHTML, like Gecko) Mobile Safari/537.36 (compatible; Bytespider; spider-feedback@bytedance.com)"
82.147.84.180 - - [27/Jul/2024:00:09:20 +0200] "\x16\x03\x01" 400 383 "-" "-"
82.147.84.180 - - [27/Jul/2024:00:09:21 +0200] "GET / HTTP/1.1" 200 274 "-" "Mozilla/5.0 (X11; CrOS x86_64 14092.77.0) AppleWebKit/537.36 (KHTML, like Gecko) Chrome/93.0.4577.107 Safari/537.36"
156.59.198.136 - - [27/Jul/2024:00:10:07 +0200] "GET /renault.activities.at/htdocs/export/pdf/emuc_document/12103173.pdf HTTP/1.0" 404 322 "-" "Mozilla/5.0 (Linux; Android 5.0) AppleWebKit/537.36 (KHTML, like Gecko) Mobile Safari/537.36 (compatible; Bytespider; spider-feedback@bytedance.com)"
156.59.198.136 - - [27/Jul/2024:00:10:46 +0200] "GET /renault.activities.at/htdocs/export/pdf/emuc_document/12269113.pdf HTTP/1.0" 404 322 "-" "Mozilla/5.0 (Linux; Android 5.0) AppleWebKit/537.36 (KHTML, like Gecko) Mobile Safari/537.36 (compatible; Bytespider; spider-feedback@bytedance.com)"
156.59.198.135 - - [27/Jul/2024:00:15:51 +0200] "GET /renault.activities.at/htdocs/export/pdf/emuc_document/10777619.pdf HTTP/1.0" 404 322 "-" "Mozilla/5.0 (Linux; Android 5.0) AppleWebKit/537.36 (KHTML, like Gecko) Mobile Safari/537.36 (compatible; Bytespider; spider-feedback@bytedance.com)"
109.205.213.18 - - [27/Jul/2024:00:19:29 +0200] "GET / HTTP/1.1" 200 274 "-" "Mozilla/5.0 (X11; Linux x86_64) AppleWebKit/537.36 (KHTML, like Gecko) Ubuntu Chromium/65.0.3325.181 Chrome/65.0.3325.181 Safari/537.36"
156.59.198.135 - - [27/Jul/2024:00:34:59 +0200] "GET /renault.activities.at/htdocs/export/xml/data/orders/202103091103_RenOrder.xml HTTP/1.0" 404 328 "-" "Mozilla/5.0 (Linux; Android 5.0) AppleWebKit/537.36 (KHTML, like Gecko) Mobile Safari/537.36 (compatible; Bytespider; spider-feedback@bytedance.com)"
218.75.38.210 - - [27/Jul/2024:00:36:42 +0200] "GET / HTTP/1.0" 200 423 "-" "-"
80.13.153.140 - - [27/Jul/2024:00:41:51 +0200] "GET / HTTP/1.1" 200 274 "-" "Mozilla/5.0 (Windows NT 10.0; Win64; x64) AppleWebKit/537.36 (KHTML, like Gecko) Chrome/79.0.3945.130 Safari/537.36"
80.13.153.140 - - [27/Jul/2024:00:42:02 +0200] "GET /owa/auth/logon.aspx HTTP/1.1" 404 291 "-" "Mozilla/5.0 (Windows NT 10.0; Win64; x64) AppleWebKit/537.36 (KHTML, like Gecko) Chrome/79.0.3945.130 Safari/537.36"
80.13.153.140 - - [27/Jul/2024:00:42:13 +0200] "GET /.git/index HTTP/1.1" 404 285 "-" "Mozilla/5.0 (Windows NT 10.0; Win64; x64) AppleWebKit/537.36 (KHTML, like Gecko) Chrome/79.0.3945.130 Safari/537.36"
80.13.153.140 - - [27/Jul/2024:00:42:24 +0200] "GET /favicon.ico HTTP/1.1" 404 284 "-" "Mozilla/5.0 (Windows NT 10.0; Win64; x64) AppleWebKit/537.36 (KHTML, like Gecko) Chrome/79.0.3945.130 Safari/537.36"
80.13.153.140 - - [27/Jul/2024:00:42:36 +0200] "GET /centreon/ HTTP/1.1" 404 282 "-" "Mozilla/5.0 (Windows NT 10.0; Win64; x64) AppleWebKit/537.36 (KHTML, like Gecko) Chrome/79.0.3945.130 Safari/537.36"
156.59.198.135 - - [27/Jul/2024:00:42:46 +0200] "GET /renault.activities.at/htdocs/export/pdf/emuc_document/11829362.pdf HTTP/1.0" 404 322 "-" "Mozilla/5.0 (Linux; Android 5.0) AppleWebKit/537.36 (KHTML, like Gecko) Mobile Safari/537.36 (compatible; Bytespider; spider-feedback@bytedance.com)"
80.13.153.140 - - [27/Jul/2024:00:42:51 +0200] "GET /.well-known/security.txt HTTP/1.1" 404 295 "-" "Mozilla/5.0 ANSSI security.txt fetch (https://www.cert.ssi.gouv.fr/scans/)"
115.238.44.234 - - [27/Jul/2024:01:03:54 +0200] "GET / HTTP/1.0" 200 423 "-" "-"
156.59.198.135 - - [27/Jul/2024:01:10:33 +0200] "GET /ed.activities.at/stats/lang/awstats-lt.txt HTTP/1.0" 404 303 "-" "Mozilla/5.0 (Linux; Android 5.0) AppleWebKit/537.36 (KHTML, like Gecko) Mobile Safari/537.36 (compatible; Bytespider; spider-feedback@bytedance.com)"
156.59.198.135 - - [27/Jul/2024:01:14:00 +0200] "GET /renault.activities.at/htdocs/pinEdit/editor/help/userhelp-Dateien/image055.gif HTTP/1.0" 404 327 "-" "Mozilla/5.0 (Linux; Android 5.0) AppleWebKit/537.36 (KHTML, like Gecko) Mobile Safari/537.36 (compatible; Bytespider; spider-feedback@bytedance.com)"
156.59.198.136 - - [27/Jul/2024:01:15:46 +0200] "GET /renault.activities.at/htdocs/export/xml/data/orders/202108161603_RenOrder.xml HTTP/1.0" 404 329 "-" "Mozilla/5.0 (Linux; Android 5.0) AppleWebKit/537.36 (KHTML, like Gecko) Mobile Safari/537.36 (compatible; Bytespider; spider-feedback@bytedance.com)"
156.59.198.136 - - [27/Jul/2024:01:32:04 +0200] "GET /ed.activities.at/stats/lang/awstats-tr.txt HTTP/1.0" 404 303 "-" "Mozilla/5.0 (Linux; Android 5.0) AppleWebKit/537.36 (KHTML, like Gecko) Mobile Safari/537.36 (compatible; Bytespider; spider-feedback@bytedance.com)"
92.249.48.202 - - [27/Jul/2024:01:36:23 +0200] "GET / HTTP/1.1" 200 274 "-" "Mozilla/5.0 (Windows NT 10.0; Win64; x64) AppleWebKit/537.36 (KHTML, like Gecko) Chrome/90.0.4430.85 Safari/537.36 Edg/90.0.818.46"
156.59.198.136 - - [27/Jul/2024:01:41:36 +0200] "GET /renault.activities.at/htdocs/export/pdf/emuc_document/11671609.pdf HTTP/1.0" 404 322 "-" "Mozilla/5.0 (Linux; Android 5.0) AppleWebKit/537.36 (KHTML, like Gecko) Mobile Safari/537.36 (compatible; Bytespider; spider-feedback@bytedance.com)"
156.59.198.135 - - [27/Jul/2024:01:47:42 +0200] "GET /renault.activities.at/htdocs/export/pdf/emuc_document/10949192.pdf HTTP/1.0" 404 322 "-" "Mozilla/5.0 (Linux; Android 5.0) AppleWebKit/537.36 (KHTML, like Gecko) Mobile Safari/537.36 (compatible; Bytespider; spider-feedback@bytedance.com)"