178.165.188.60 - - [31/Jul/2024:18:36:50 +0200] "GET /gui/images/icons/paging_lastpage_disabled.gif HTTP/1.1" 200 78 "http://hausegger.activities.at/entry.php?id=10777&form=11185&name=list&" "Mozilla/5.0 (Windows NT 10.0; Win64; x64; rv:128.0) Gecko/20100101 Firefox/128.0"
178.165.188.60 - - [31/Jul/2024:18:36:54 +0200] "GET /entry.php?id=11270&document=10340281 HTTP/1.1" 200 1975 "http://hausegger.activities.at/entry.php?id=10778&form=11185&name=list&" "Mozilla/5.0 (Windows NT 10.0; Win64; x64; rv:128.0) Gecko/20100101 Firefox/128.0"
178.165.188.60 - - [31/Jul/2024:18:36:54 +0200] "GET /gui/javascript/form_bu_document.js?1722443814 HTTP/1.1" 200 2675 "http://hausegger.activities.at/entry.php?id=11270&document=10340281" "Mozilla/5.0 (Windows NT 10.0; Win64; x64; rv:128.0) Gecko/20100101 Firefox/128.0"
178.165.188.60 - - [31/Jul/2024:18:36:54 +0200] "GET /gui/javascript/form_form.js?1722443814 HTTP/1.1" 200 16206 "http://hausegger.activities.at/entry.php?id=11270&document=10340281" "Mozilla/5.0 (Windows NT 10.0; Win64; x64; rv:128.0) Gecko/20100101 Firefox/128.0"
178.165.188.60 - - [31/Jul/2024:18:36:54 +0200] "GET /entry.php?id=11241&images=false&document=10340281 HTTP/1.1" 200 2606 "http://hausegger.activities.at/entry.php?id=11270&document=10340281" "Mozilla/5.0 (Windows NT 10.0; Win64; x64; rv:128.0) Gecko/20100101 Firefox/128.0"
178.165.188.60 - - [31/Jul/2024:18:36:54 +0200] "GET /entry.php?id=10877&mode=observePrint HTTP/1.1" 200 58 "http://hausegger.activities.at/entry.php?id=11270&document=10340281" "Mozilla/5.0 (Windows NT 10.0; Win64; x64; rv:128.0) Gecko/20100101 Firefox/128.0"
178.165.188.60 - - [31/Jul/2024:18:37:04 +0200] "GET /entry.php?id=10271&&ser=443764 HTTP/1.1" 200 987 "http://hausegger.activities.at/entry.php?id=10271&&ser=443704" "Mozilla/5.0 (Windows NT 10.0; Win64; x64; rv:128.0) Gecko/20100101 Firefox/128.0"
178.165.188.60 - - [31/Jul/2024:18:37:05 +0200] "GET /gui/javascript/form_form.js?1722443825 HTTP/1.1" 200 16206 "http://hausegger.activities.at/entry.php?id=10271&&ser=443764" "Mozilla/5.0 (Windows NT 10.0; Win64; x64; rv:128.0) Gecko/20100101 Firefox/128.0"
178.165.188.60 - - [31/Jul/2024:18:37:30 +0200] "GET /entry.php?id=11270&document=10340146 HTTP/1.1" 200 1975 "http://hausegger.activities.at/entry.php?id=10778&form=11185&name=list&" "Mozilla/5.0 (Windows NT 10.0; Win64; x64; rv:128.0) Gecko/20100101 Firefox/128.0"
178.165.188.60 - - [31/Jul/2024:18:37:30 +0200] "GET /gui/javascript/form_bu_document.js?1722443850 HTTP/1.1" 200 2675 "http://hausegger.activities.at/entry.php?id=11270&document=10340146" "Mozilla/5.0 (Windows NT 10.0; Win64; x64; rv:128.0) Gecko/20100101 Firefox/128.0"
178.165.188.60 - - [31/Jul/2024:18:37:30 +0200] "GET /gui/javascript/form_form.js?1722443850 HTTP/1.1" 200 16206 "http://hausegger.activities.at/entry.php?id=11270&document=10340146" "Mozilla/5.0 (Windows NT 10.0; Win64; x64; rv:128.0) Gecko/20100101 Firefox/128.0"
178.165.188.60 - - [31/Jul/2024:18:37:30 +0200] "GET /entry.php?id=11241&images=false&document=10340146 HTTP/1.1" 200 2422 "http://hausegger.activities.at/entry.php?id=11270&document=10340146" "Mozilla/5.0 (Windows NT 10.0; Win64; x64; rv:128.0) Gecko/20100101 Firefox/128.0"
178.165.188.60 - - [31/Jul/2024:18:37:30 +0200] "GET /entry.php?id=10877&mode=observePrint HTTP/1.1" 200 58 "http://hausegger.activities.at/entry.php?id=11270&document=10340146" "Mozilla/5.0 (Windows NT 10.0; Win64; x64; rv:128.0) Gecko/20100101 Firefox/128.0"
178.165.188.60 - - [31/Jul/2024:18:38:06 +0200] "GET /entry.php?id=10271&&ser=443825 HTTP/1.1" 200 987 "http://hausegger.activities.at/entry.php?id=10271&&ser=443764" "Mozilla/5.0 (Windows NT 10.0; Win64; x64; rv:128.0) Gecko/20100101 Firefox/128.0"
178.165.188.60 - - [31/Jul/2024:18:38:06 +0200] "GET /gui/javascript/form_form.js?1722443886 HTTP/1.1" 200 16206 "http://hausegger.activities.at/entry.php?id=10271&&ser=443825" "Mozilla/5.0 (Windows NT 10.0; Win64; x64; rv:128.0) Gecko/20100101 Firefox/128.0"
156.59.198.135 - - [31/Jul/2024:18:38:15 +0200] "GET /renault.activities.at/htdocs/export/xml/data/orders/202006081403_RenOrder.xml HTTP/1.0" 404 329 "-" "Mozilla/5.0 (Linux; Android 5.0) AppleWebKit/537.36 (KHTML, like Gecko) Mobile Safari/537.36 (compatible; Bytespider; spider-feedback@bytedance.com)"
178.165.188.60 - - [31/Jul/2024:18:38:46 +0200] "POST /entry.php?id=11357 HTTP/1.1" 200 2297 "http://hausegger.activities.at/entry.php?id=11357" "Mozilla/5.0 (Windows NT 10.0; Win64; x64; rv:128.0) Gecko/20100101 Firefox/128.0"
178.165.188.60 - - [31/Jul/2024:18:38:46 +0200] "GET /gui/javascript/form_lo_store_administration.js?1722443926 HTTP/1.1" 200 4261 "http://hausegger.activities.at/entry.php?id=11357" "Mozilla/5.0 (Windows NT 10.0; Win64; x64; rv:128.0) Gecko/20100101 Firefox/128.0"
178.165.188.60 - - [31/Jul/2024:18:38:46 +0200] "GET /gui/javascript/form_form.js?1722443926 HTTP/1.1" 200 16206 "http://hausegger.activities.at/entry.php?id=11357" "Mozilla/5.0 (Windows NT 10.0; Win64; x64; rv:128.0) Gecko/20100101 Firefox/128.0"
178.165.188.60 - - [31/Jul/2024:18:38:46 +0200] "GET /entry.php?id=10776&form=11185&name=list& HTTP/1.1" 200 1556 "http://hausegger.activities.at/entry.php?id=11357" "Mozilla/5.0 (Windows NT 10.0; Win64; x64; rv:128.0) Gecko/20100101 Firefox/128.0"
178.165.188.60 - - [31/Jul/2024:18:38:46 +0200] "GET /entry.php?id=10778&form=11185&name=list& HTTP/1.1" 200 7997 "http://hausegger.activities.at/entry.php?id=11357" "Mozilla/5.0 (Windows NT 10.0; Win64; x64; rv:128.0) Gecko/20100101 Firefox/128.0"
178.165.188.60 - - [31/Jul/2024:18:38:50 +0200] "GET /entry.php?id=11270&document=10336907 HTTP/1.1" 200 1976 "http://hausegger.activities.at/entry.php?id=10778&form=11185&name=list&" "Mozilla/5.0 (Windows NT 10.0; Win64; x64; rv:128.0) Gecko/20100101 Firefox/128.0"
178.165.188.60 - - [31/Jul/2024:18:38:50 +0200] "GET /gui/javascript/form_bu_document.js?1722443930 HTTP/1.1" 200 2675 "http://hausegger.activities.at/entry.php?id=11270&document=10336907" "Mozilla/5.0 (Windows NT 10.0; Win64; x64; rv:128.0) Gecko/20100101 Firefox/128.0"
178.165.188.60 - - [31/Jul/2024:18:38:50 +0200] "GET /gui/javascript/form_form.js?1722443930 HTTP/1.1" 200 16206 "http://hausegger.activities.at/entry.php?id=11270&document=10336907" "Mozilla/5.0 (Windows NT 10.0; Win64; x64; rv:128.0) Gecko/20100101 Firefox/128.0"
178.165.188.60 - - [31/Jul/2024:18:38:50 +0200] "GET /entry.php?id=11241&images=false&document=10336907 HTTP/1.1" 200 2520 "http://hausegger.activities.at/entry.php?id=11270&document=10336907" "Mozilla/5.0 (Windows NT 10.0; Win64; x64; rv:128.0) Gecko/20100101 Firefox/128.0"
178.165.188.60 - - [31/Jul/2024:18:38:50 +0200] "GET /entry.php?id=10877&mode=observePrint HTTP/1.1" 200 58 "http://hausegger.activities.at/entry.php?id=11270&document=10336907" "Mozilla/5.0 (Windows NT 10.0; Win64; x64; rv:128.0) Gecko/20100101 Firefox/128.0"
178.165.188.60 - - [31/Jul/2024:18:39:06 +0200] "GET /entry.php?id=10271&&ser=443886 HTTP/1.1" 200 987 "http://hausegger.activities.at/entry.php?id=10271&&ser=443825" "Mozilla/5.0 (Windows NT 10.0; Win64; x64; rv:128.0) Gecko/20100101 Firefox/128.0"
178.165.188.60 - - [31/Jul/2024:18:39:07 +0200] "GET /gui/javascript/form_form.js?1722443947 HTTP/1.1" 200 16206 "http://hausegger.activities.at/entry.php?id=10271&&ser=443886" "Mozilla/5.0 (Windows NT 10.0; Win64; x64; rv:128.0) Gecko/20100101 Firefox/128.0"
92.249.48.202 - - [31/Jul/2024:18:39:49 +0200] "GET / HTTP/1.1" 200 274 "-" "Mozilla/5.0 (Windows NT 10.0; Win64; x64) AppleWebKit/537.36 (KHTML, like Gecko) Chrome/90.0.4430.85 Safari/537.36 Edg/90.0.818.46"
178.165.188.60 - - [31/Jul/2024:18:40:07 +0200] "GET /entry.php?id=10271&&ser=443947 HTTP/1.1" 200 987 "http://hausegger.activities.at/entry.php?id=10271&&ser=443886" "Mozilla/5.0 (Windows NT 10.0; Win64; x64; rv:128.0) Gecko/20100101 Firefox/128.0"
178.165.188.60 - - [31/Jul/2024:18:40:07 +0200] "GET /gui/javascript/form_form.js?1722444007 HTTP/1.1" 200 16206 "http://hausegger.activities.at/entry.php?id=10271&&ser=443947" "Mozilla/5.0 (Windows NT 10.0; Win64; x64; rv:128.0) Gecko/20100101 Firefox/128.0"
178.165.188.60 - - [31/Jul/2024:18:41:07 +0200] "GET /entry.php?id=10271&&ser=444007 HTTP/1.1" 200 987 "http://hausegger.activities.at/entry.php?id=10271&&ser=443947" "Mozilla/5.0 (Windows NT 10.0; Win64; x64; rv:128.0) Gecko/20100101 Firefox/128.0"
178.165.188.60 - - [31/Jul/2024:18:41:07 +0200] "GET /gui/javascript/form_form.js?1722444067 HTTP/1.1" 200 16206 "http://hausegger.activities.at/entry.php?id=10271&&ser=444007" "Mozilla/5.0 (Windows NT 10.0; Win64; x64; rv:128.0) Gecko/20100101 Firefox/128.0"
178.165.188.60 - - [31/Jul/2024:18:42:07 +0200] "GET /entry.php?id=10271&&ser=444067 HTTP/1.1" 200 987 "http://hausegger.activities.at/entry.php?id=10271&&ser=444007" "Mozilla/5.0 (Windows NT 10.0; Win64; x64; rv:128.0) Gecko/20100101 Firefox/128.0"
178.165.188.60 - - [31/Jul/2024:18:42:07 +0200] "GET /gui/javascript/form_form.js?1722444127 HTTP/1.1" 200 16206 "http://hausegger.activities.at/entry.php?id=10271&&ser=444067" "Mozilla/5.0 (Windows NT 10.0; Win64; x64; rv:128.0) Gecko/20100101 Firefox/128.0"
178.165.188.60 - - [31/Jul/2024:18:43:08 +0200] "GET /entry.php?id=10271&&ser=444127 HTTP/1.1" 200 986 "http://hausegger.activities.at/entry.php?id=10271&&ser=444067" "Mozilla/5.0 (Windows NT 10.0; Win64; x64; rv:128.0) Gecko/20100101 Firefox/128.0"
178.165.188.60 - - [31/Jul/2024:18:43:08 +0200] "GET /gui/javascript/form_form.js?1722444188 HTTP/1.1" 200 16206 "http://hausegger.activities.at/entry.php?id=10271&&ser=444127" "Mozilla/5.0 (Windows NT 10.0; Win64; x64; rv:128.0) Gecko/20100101 Firefox/128.0"
178.165.188.60 - - [31/Jul/2024:18:44:08 +0200] "GET /entry.php?id=10271&&ser=444188 HTTP/1.1" 200 987 "http://hausegger.activities.at/entry.php?id=10271&&ser=444127" "Mozilla/5.0 (Windows NT 10.0; Win64; x64; rv:128.0) Gecko/20100101 Firefox/128.0"
178.165.188.60 - - [31/Jul/2024:18:44:08 +0200] "GET /gui/javascript/form_form.js?1722444248 HTTP/1.1" 200 16206 "http://hausegger.activities.at/entry.php?id=10271&&ser=444188" "Mozilla/5.0 (Windows NT 10.0; Win64; x64; rv:128.0) Gecko/20100101 Firefox/128.0"
178.165.188.60 - - [31/Jul/2024:18:44:20 +0200] "GET /entry.php?id=10828 HTTP/1.1" 200 9145 "http://hausegger.activities.at/entry.php?id=10270&__app__=10006038" "Mozilla/5.0 (Windows NT 10.0; Win64; x64; rv:128.0) Gecko/20100101 Firefox/128.0"
178.165.188.60 - - [31/Jul/2024:18:44:20 +0200] "GET /gui/javascript/form_form.js?1722444260 HTTP/1.1" 200 16206 "http://hausegger.activities.at/entry.php?id=10828" "Mozilla/5.0 (Windows NT 10.0; Win64; x64; rv:128.0) Gecko/20100101 Firefox/128.0"
178.165.188.60 - - [31/Jul/2024:18:44:20 +0200] "GET /entry.php?id=10889&document_id=& HTTP/1.1" 200 1509 "http://hausegger.activities.at/entry.php?id=10828" "Mozilla/5.0 (Windows NT 10.0; Win64; x64; rv:128.0) Gecko/20100101 Firefox/128.0"
178.165.188.60 - - [31/Jul/2024:18:44:21 +0200] "GET /gui/javascript/form_form.js?1722444261 HTTP/1.1" 200 16206 "http://hausegger.activities.at/entry.php?id=10889&document_id=&" "Mozilla/5.0 (Windows NT 10.0; Win64; x64; rv:128.0) Gecko/20100101 Firefox/128.0"
178.165.188.60 - - [31/Jul/2024:18:44:51 +0200] "GET /entry.php?id=11237&type=10665 HTTP/1.1" 200 276 "http://hausegger.activities.at/entry.php?id=10828" "Mozilla/5.0 (Windows NT 10.0; Win64; x64; rv:128.0) Gecko/20100101 Firefox/128.0"
178.165.188.60 - - [31/Jul/2024:18:44:51 +0200] "GET /entry.php?id=11240&mode=document&form=10665& HTTP/1.1" 200 2672 "http://hausegger.activities.at/entry.php?id=11237&type=10665" "Mozilla/5.0 (Windows NT 10.0; Win64; x64; rv:128.0) Gecko/20100101 Firefox/128.0"
178.165.188.60 - - [31/Jul/2024:18:44:51 +0200] "GET /entry.php?id=10676&&title=Belegsuche HTTP/1.1" 200 1392 "http://hausegger.activities.at/entry.php?id=11237&type=10665" "Mozilla/5.0 (Windows NT 10.0; Win64; x64; rv:128.0) Gecko/20100101 Firefox/128.0"
178.165.188.60 - - [31/Jul/2024:18:44:52 +0200] "GET /gui/javascript/form_bu_document_workflow.js?1722444292 HTTP/1.1" 200 4900 "http://hausegger.activities.at/entry.php?id=11240&mode=document&form=10665&" "Mozilla/5.0 (Windows NT 10.0; Win64; x64; rv:128.0) Gecko/20100101 Firefox/128.0"
178.165.188.60 - - [31/Jul/2024:18:44:52 +0200] "GET /gui/javascript/form_form.js?1722444292 HTTP/1.1" 200 16206 "http://hausegger.activities.at/entry.php?id=11240&mode=document&form=10665&" "Mozilla/5.0 (Windows NT 10.0; Win64; x64; rv:128.0) Gecko/20100101 Firefox/128.0"
178.165.188.60 - - [31/Jul/2024:18:44:52 +0200] "GET /gui/javascript/form_form.js?1722444292 HTTP/1.1" 200 16206 "http://hausegger.activities.at/entry.php?id=10676&&title=Belegsuche" "Mozilla/5.0 (Windows NT 10.0; Win64; x64; rv:128.0) Gecko/20100101 Firefox/128.0"
178.165.188.60 - - [31/Jul/2024:18:44:51 +0200] "GET /entry.php?id=11238&mode=document&form=10665& HTTP/1.1" 200 3305 "http://hausegger.activities.at/entry.php?id=11237&type=10665" "Mozilla/5.0 (Windows NT 10.0; Win64; x64; rv:128.0) Gecko/20100101 Firefox/128.0"
178.165.188.60 - - [31/Jul/2024:18:44:51 +0200] "GET /entry.php?id=11239&mode=document&form=10665& HTTP/1.1" 200 2019 "http://hausegger.activities.at/entry.php?id=11237&type=10665" "Mozilla/5.0 (Windows NT 10.0; Win64; x64; rv:128.0) Gecko/20100101 Firefox/128.0"
178.165.188.60 - - [31/Jul/2024:18:44:52 +0200] "GET /entry.php?id=10776&form=11066&name=list& HTTP/1.1" 200 1513 "http://hausegger.activities.at/entry.php?id=11240&mode=document&form=10665&" "Mozilla/5.0 (Windows NT 10.0; Win64; x64; rv:128.0) Gecko/20100101 Firefox/128.0"
178.165.188.60 - - [31/Jul/2024:18:44:52 +0200] "GET /entry.php?id=10778&form=11066&name=list& HTTP/1.1" 200 2586 "http://hausegger.activities.at/entry.php?id=11240&mode=document&form=10665&" "Mozilla/5.0 (Windows NT 10.0; Win64; x64; rv:128.0) Gecko/20100101 Firefox/128.0"
178.165.188.60 - - [31/Jul/2024:18:44:52 +0200] "POST /entry.php?id=11240 HTTP/1.1" 200 2676 "http://hausegger.activities.at/entry.php?id=11240&mode=document&form=10665&" "Mozilla/5.0 (Windows NT 10.0; Win64; x64; rv:128.0) Gecko/20100101 Firefox/128.0"
178.165.188.60 - - [31/Jul/2024:18:44:53 +0200] "GET /gui/javascript/form_form.js?1722444293 HTTP/1.1" 200 16206 "http://hausegger.activities.at/entry.php?id=11240" "Mozilla/5.0 (Windows NT 10.0; Win64; x64; rv:128.0) Gecko/20100101 Firefox/128.0"
178.165.188.60 - - [31/Jul/2024:18:44:53 +0200] "GET /entry.php?id=10778&form=11066&name=list& HTTP/1.1" 200 3045 "http://hausegger.activities.at/entry.php?id=11240" "Mozilla/5.0 (Windows NT 10.0; Win64; x64; rv:128.0) Gecko/20100101 Firefox/128.0"
178.165.188.60 - - [31/Jul/2024:18:44:53 +0200] "GET /entry.php?id=10776&form=11066&name=list& HTTP/1.1" 200 1513 "http://hausegger.activities.at/entry.php?id=11240" "Mozilla/5.0 (Windows NT 10.0; Win64; x64; rv:128.0) Gecko/20100101 Firefox/128.0"
178.165.188.60 - - [31/Jul/2024:18:45:07 +0200] "POST /entry.php?id=10828 HTTP/1.1" 200 8737 "http://hausegger.activities.at/entry.php?id=10828" "Mozilla/5.0 (Windows NT 10.0; Win64; x64; rv:128.0) Gecko/20100101 Firefox/128.0"
178.165.188.60 - - [31/Jul/2024:18:45:07 +0200] "GET /gui/javascript/form_form.js?1722444307 HTTP/1.1" 200 16206 "http://hausegger.activities.at/entry.php?id=10828" "Mozilla/5.0 (Windows NT 10.0; Win64; x64; rv:128.0) Gecko/20100101 Firefox/128.0"
178.165.188.60 - - [31/Jul/2024:18:45:07 +0200] "GET /entry.php?id=10889&document_id=10340217& HTTP/1.1" 200 1510 "http://hausegger.activities.at/entry.php?id=10828" "Mozilla/5.0 (Windows NT 10.0; Win64; x64; rv:128.0) Gecko/20100101 Firefox/128.0"
178.165.188.60 - - [31/Jul/2024:18:45:08 +0200] "GET /entry.php?id=10271&&ser=444248 HTTP/1.1" 200 987 "http://hausegger.activities.at/entry.php?id=10271&&ser=444188" "Mozilla/5.0 (Windows NT 10.0; Win64; x64; rv:128.0) Gecko/20100101 Firefox/128.0"
178.165.188.60 - - [31/Jul/2024:18:45:08 +0200] "GET /gui/javascript/form_form.js?1722444308 HTTP/1.1" 200 16206 "http://hausegger.activities.at/entry.php?id=10271&&ser=444248" "Mozilla/5.0 (Windows NT 10.0; Win64; x64; rv:128.0) Gecko/20100101 Firefox/128.0"
178.165.188.60 - - [31/Jul/2024:18:45:09 +0200] "POST /entry.php?id=10828 HTTP/1.1" 200 8801 "http://hausegger.activities.at/entry.php?id=10828" "Mozilla/5.0 (Windows NT 10.0; Win64; x64; rv:128.0) Gecko/20100101 Firefox/128.0"
178.165.188.60 - - [31/Jul/2024:18:45:10 +0200] "GET /gui/javascript/form_form.js?1722444310 HTTP/1.1" 200 16206 "http://hausegger.activities.at/entry.php?id=10828" "Mozilla/5.0 (Windows NT 10.0; Win64; x64; rv:128.0) Gecko/20100101 Firefox/128.0"
178.165.188.60 - - [31/Jul/2024:18:45:10 +0200] "GET /entry.php?id=10889&document_id=10340217& HTTP/1.1" 200 1509 "http://hausegger.activities.at/entry.php?id=10828" "Mozilla/5.0 (Windows NT 10.0; Win64; x64; rv:128.0) Gecko/20100101 Firefox/128.0"
178.165.188.60 - - [31/Jul/2024:18:45:21 +0200] "GET /entry.php?id=10828 HTTP/1.1" 200 9143 "http://hausegger.activities.at/entry.php?id=10270&__app__=10006038" "Mozilla/5.0 (Windows NT 10.0; Win64; x64; rv:128.0) Gecko/20100101 Firefox/128.0"
178.165.188.60 - - [31/Jul/2024:18:45:21 +0200] "GET /gui/javascript/form_form.js?1722444321 HTTP/1.1" 200 16206 "http://hausegger.activities.at/entry.php?id=10828" "Mozilla/5.0 (Windows NT 10.0; Win64; x64; rv:128.0) Gecko/20100101 Firefox/128.0"
178.165.188.60 - - [31/Jul/2024:18:45:21 +0200] "GET /entry.php?id=10889&document_id=& HTTP/1.1" 200 1508 "http://hausegger.activities.at/entry.php?id=10828" "Mozilla/5.0 (Windows NT 10.0; Win64; x64; rv:128.0) Gecko/20100101 Firefox/128.0"
156.59.198.136 - - [31/Jul/2024:18:45:26 +0200] "GET /renault.activities.at/htdocs/export/xml/data/orders/201912121303_RenOrder.xml HTTP/1.0" 404 327 "-" "Mozilla/5.0 (Linux; Android 5.0) AppleWebKit/537.36 (KHTML, like Gecko) Mobile Safari/537.36 (compatible; Bytespider; spider-feedback@bytedance.com)"
178.165.188.60 - - [31/Jul/2024:18:46:08 +0200] "GET /entry.php?id=10271&&ser=444308 HTTP/1.1" 200 987 "http://hausegger.activities.at/entry.php?id=10271&&ser=444248" "Mozilla/5.0 (Windows NT 10.0; Win64; x64; rv:128.0) Gecko/20100101 Firefox/128.0"
178.165.188.60 - - [31/Jul/2024:18:46:09 +0200] "GET /gui/javascript/form_form.js?1722444369 HTTP/1.1" 200 16206 "http://hausegger.activities.at/entry.php?id=10271&&ser=444308" "Mozilla/5.0 (Windows NT 10.0; Win64; x64; rv:128.0) Gecko/20100101 Firefox/128.0"
178.165.188.60 - - [31/Jul/2024:18:47:09 +0200] "GET /entry.php?id=10271&&ser=444369 HTTP/1.1" 200 986 "http://hausegger.activities.at/entry.php?id=10271&&ser=444308" "Mozilla/5.0 (Windows NT 10.0; Win64; x64; rv:128.0) Gecko/20100101 Firefox/128.0"
178.165.188.60 - - [31/Jul/2024:18:47:09 +0200] "GET /gui/javascript/form_form.js?1722444429 HTTP/1.1" 200 16206 "http://hausegger.activities.at/entry.php?id=10271&&ser=444369" "Mozilla/5.0 (Windows NT 10.0; Win64; x64; rv:128.0) Gecko/20100101 Firefox/128.0"
178.165.188.60 - - [31/Jul/2024:18:48:09 +0200] "GET /entry.php?id=10271&&ser=444429 HTTP/1.1" 200 986 "http://hausegger.activities.at/entry.php?id=10271&&ser=444369" "Mozilla/5.0 (Windows NT 10.0; Win64; x64; rv:128.0) Gecko/20100101 Firefox/128.0"
178.165.188.60 - - [31/Jul/2024:18:48:09 +0200] "GET /gui/javascript/form_form.js?1722444489 HTTP/1.1" 200 16206 "http://hausegger.activities.at/entry.php?id=10271&&ser=444429" "Mozilla/5.0 (Windows NT 10.0; Win64; x64; rv:128.0) Gecko/20100101 Firefox/128.0"
156.59.198.136 - - [31/Jul/2024:18:48:20 +0200] "GET /default/cgi-bin/lang/tooltips_w/awstats-tt-ru.txt HTTP/1.0" 404 311 "-" "Mozilla/5.0 (Linux; Android 5.0) AppleWebKit/537.36 (KHTML, like Gecko) Mobile Safari/537.36 (compatible; Bytespider; spider-feedback@bytedance.com)"
178.165.188.60 - - [31/Jul/2024:18:49:09 +0200] "GET /entry.php?id=10271&&ser=444489 HTTP/1.1" 200 988 "http://hausegger.activities.at/entry.php?id=10271&&ser=444429" "Mozilla/5.0 (Windows NT 10.0; Win64; x64; rv:128.0) Gecko/20100101 Firefox/128.0"
178.165.188.60 - - [31/Jul/2024:18:49:09 +0200] "GET /gui/javascript/form_form.js?1722444549 HTTP/1.1" 200 16206 "http://hausegger.activities.at/entry.php?id=10271&&ser=444489" "Mozilla/5.0 (Windows NT 10.0; Win64; x64; rv:128.0) Gecko/20100101 Firefox/128.0"
178.165.188.60 - - [31/Jul/2024:18:50:10 +0200] "GET /entry.php?id=10271&&ser=444549 HTTP/1.1" 200 987 "http://hausegger.activities.at/entry.php?id=10271&&ser=444489" "Mozilla/5.0 (Windows NT 10.0; Win64; x64; rv:128.0) Gecko/20100101 Firefox/128.0"
178.165.188.60 - - [31/Jul/2024:18:50:10 +0200] "GET /gui/javascript/form_form.js?1722444610 HTTP/1.1" 200 16206 "http://hausegger.activities.at/entry.php?id=10271&&ser=444549" "Mozilla/5.0 (Windows NT 10.0; Win64; x64; rv:128.0) Gecko/20100101 Firefox/128.0"
156.59.198.136 - - [31/Jul/2024:18:50:36 +0200] "GET /renault.activities.at/htdocs/log/cron/importLogisticData_3115365.txt HTTP/1.0" 404 325 "-" "Mozilla/5.0 (Linux; Android 5.0) AppleWebKit/537.36 (KHTML, like Gecko) Mobile Safari/537.36 (compatible; Bytespider; spider-feedback@bytedance.com)"
178.165.188.60 - - [31/Jul/2024:18:51:10 +0200] "GET /entry.php?id=10271&&ser=444610 HTTP/1.1" 200 987 "http://hausegger.activities.at/entry.php?id=10271&&ser=444549" "Mozilla/5.0 (Windows NT 10.0; Win64; x64; rv:128.0) Gecko/20100101 Firefox/128.0"
178.165.188.60 - - [31/Jul/2024:18:51:10 +0200] "GET /gui/javascript/form_form.js?1722444670 HTTP/1.1" 200 16206 "http://hausegger.activities.at/entry.php?id=10271&&ser=444610" "Mozilla/5.0 (Windows NT 10.0; Win64; x64; rv:128.0) Gecko/20100101 Firefox/128.0"
178.165.188.60 - - [31/Jul/2024:18:52:10 +0200] "GET /entry.php?id=10271&&ser=444670 HTTP/1.1" 200 986 "http://hausegger.activities.at/entry.php?id=10271&&ser=444610" "Mozilla/5.0 (Windows NT 10.0; Win64; x64; rv:128.0) Gecko/20100101 Firefox/128.0"
178.165.188.60 - - [31/Jul/2024:18:52:10 +0200] "GET /gui/javascript/form_form.js?1722444730 HTTP/1.1" 200 16206 "http://hausegger.activities.at/entry.php?id=10271&&ser=444670" "Mozilla/5.0 (Windows NT 10.0; Win64; x64; rv:128.0) Gecko/20100101 Firefox/128.0"
178.165.188.60 - - [31/Jul/2024:18:53:11 +0200] "GET /entry.php?id=10271&&ser=444730 HTTP/1.1" 200 986 "http://hausegger.activities.at/entry.php?id=10271&&ser=444670" "Mozilla/5.0 (Windows NT 10.0; Win64; x64; rv:128.0) Gecko/20100101 Firefox/128.0"
178.165.188.60 - - [31/Jul/2024:18:53:11 +0200] "GET /gui/javascript/form_form.js?1722444791 HTTP/1.1" 200 16206 "http://hausegger.activities.at/entry.php?id=10271&&ser=444730" "Mozilla/5.0 (Windows NT 10.0; Win64; x64; rv:128.0) Gecko/20100101 Firefox/128.0"
178.165.188.60 - - [31/Jul/2024:18:54:11 +0200] "GET /entry.php?id=10271&&ser=444791 HTTP/1.1" 200 987 "http://hausegger.activities.at/entry.php?id=10271&&ser=444730" "Mozilla/5.0 (Windows NT 10.0; Win64; x64; rv:128.0) Gecko/20100101 Firefox/128.0"
178.165.188.60 - - [31/Jul/2024:18:54:11 +0200] "GET /gui/javascript/form_form.js?1722444851 HTTP/1.1" 200 16206 "http://hausegger.activities.at/entry.php?id=10271&&ser=444791" "Mozilla/5.0 (Windows NT 10.0; Win64; x64; rv:128.0) Gecko/20100101 Firefox/128.0"
178.165.188.60 - - [31/Jul/2024:18:55:11 +0200] "GET /entry.php?id=10271&&ser=444851 HTTP/1.1" 200 987 "http://hausegger.activities.at/entry.php?id=10271&&ser=444791" "Mozilla/5.0 (Windows NT 10.0; Win64; x64; rv:128.0) Gecko/20100101 Firefox/128.0"
178.165.188.60 - - [31/Jul/2024:18:55:11 +0200] "GET /gui/javascript/form_form.js?1722444911 HTTP/1.1" 200 16206 "http://hausegger.activities.at/entry.php?id=10271&&ser=444851" "Mozilla/5.0 (Windows NT 10.0; Win64; x64; rv:128.0) Gecko/20100101 Firefox/128.0"
178.165.188.60 - - [31/Jul/2024:18:56:11 +0200] "GET /entry.php?id=10271&&ser=444911 HTTP/1.1" 200 987 "http://hausegger.activities.at/entry.php?id=10271&&ser=444851" "Mozilla/5.0 (Windows NT 10.0; Win64; x64; rv:128.0) Gecko/20100101 Firefox/128.0"
178.165.188.60 - - [31/Jul/2024:18:56:12 +0200] "GET /gui/javascript/form_form.js?1722444971 HTTP/1.1" 200 16206 "http://hausegger.activities.at/entry.php?id=10271&&ser=444911" "Mozilla/5.0 (Windows NT 10.0; Win64; x64; rv:128.0) Gecko/20100101 Firefox/128.0"
178.165.188.60 - - [31/Jul/2024:18:57:12 +0200] "GET /entry.php?id=10271&&ser=444971 HTTP/1.1" 200 987 "http://hausegger.activities.at/entry.php?id=10271&&ser=444911" "Mozilla/5.0 (Windows NT 10.0; Win64; x64; rv:128.0) Gecko/20100101 Firefox/128.0"
178.165.188.60 - - [31/Jul/2024:18:57:12 +0200] "GET /gui/javascript/form_form.js?1722445032 HTTP/1.1" 200 16206 "http://hausegger.activities.at/entry.php?id=10271&&ser=444971" "Mozilla/5.0 (Windows NT 10.0; Win64; x64; rv:128.0) Gecko/20100101 Firefox/128.0"
156.59.198.136 - - [31/Jul/2024:18:57:53 +0200] "GET /default/cgi-bin/lang/tooltips_w/awstats-tt-gl.txt HTTP/1.0" 404 311 "-" "Mozilla/5.0 (Linux; Android 5.0) AppleWebKit/537.36 (KHTML, like Gecko) Mobile Safari/537.36 (compatible; Bytespider; spider-feedback@bytedance.com)"
156.59.198.135 - - [31/Jul/2024:18:58:14 +0200] "GET /renault.activities.at/htdocs/log/cron/system_mail_3116086.txt HTTP/1.0" 404 321 "-" "Mozilla/5.0 (Linux; Android 5.0) AppleWebKit/537.36 (KHTML, like Gecko) Mobile Safari/537.36 (compatible; Bytespider; spider-feedback@bytedance.com)"
178.165.188.60 - - [31/Jul/2024:18:58:15 +0200] "GET /entry.php?id=10271&&ser=445032 HTTP/1.1" 200 987 "http://hausegger.activities.at/entry.php?id=10271&&ser=444971" "Mozilla/5.0 (Windows NT 10.0; Win64; x64; rv:128.0) Gecko/20100101 Firefox/128.0"
178.165.188.60 - - [31/Jul/2024:18:58:15 +0200] "GET /gui/javascript/form_form.js?1722445095 HTTP/1.1" 200 16206 "http://hausegger.activities.at/entry.php?id=10271&&ser=445032" "Mozilla/5.0 (Windows NT 10.0; Win64; x64; rv:128.0) Gecko/20100101 Firefox/128.0"
178.165.188.60 - - [31/Jul/2024:18:59:15 +0200] "GET /entry.php?id=10271&&ser=445095 HTTP/1.1" 200 988 "http://hausegger.activities.at/entry.php?id=10271&&ser=445032" "Mozilla/5.0 (Windows NT 10.0; Win64; x64; rv:128.0) Gecko/20100101 Firefox/128.0"
178.165.188.60 - - [31/Jul/2024:18:59:15 +0200] "GET /gui/javascript/form_form.js?1722445155 HTTP/1.1" 200 16206 "http://hausegger.activities.at/entry.php?id=10271&&ser=445095" "Mozilla/5.0 (Windows NT 10.0; Win64; x64; rv:128.0) Gecko/20100101 Firefox/128.0"
178.165.188.60 - - [31/Jul/2024:19:00:16 +0200] "GET /entry.php?id=10271&&ser=445155 HTTP/1.1" 200 987 "http://hausegger.activities.at/entry.php?id=10271&&ser=445095" "Mozilla/5.0 (Windows NT 10.0; Win64; x64; rv:128.0) Gecko/20100101 Firefox/128.0"
178.165.188.60 - - [31/Jul/2024:19:00:16 +0200] "GET /gui/javascript/form_form.js?1722445216 HTTP/1.1" 200 16206 "http://hausegger.activities.at/entry.php?id=10271&&ser=445155" "Mozilla/5.0 (Windows NT 10.0; Win64; x64; rv:128.0) Gecko/20100101 Firefox/128.0"
17.241.75.116 - - [31/Jul/2024:19:00:29 +0200] "GET /viewtopic.php?f=8&t=474&sid=54df32ee0ee0f7bf8a54e23511949d55 HTTP/1.1" 404 295 "-" "Mozilla/5.0 (Macintosh; Intel Mac OS X 10_15_7) AppleWebKit/605.1.15 (KHTML, like Gecko) Version/17.4 Safari/605.1.15 (Applebot/0.1; +http://www.apple.com/go/applebot)"
178.165.188.60 - - [31/Jul/2024:19:01:16 +0200] "GET /entry.php?id=10271&&ser=445216 HTTP/1.1" 200 987 "http://hausegger.activities.at/entry.php?id=10271&&ser=445155" "Mozilla/5.0 (Windows NT 10.0; Win64; x64; rv:128.0) Gecko/20100101 Firefox/128.0"
178.165.188.60 - - [31/Jul/2024:19:01:16 +0200] "GET /gui/javascript/form_form.js?1722445276 HTTP/1.1" 200 16206 "http://hausegger.activities.at/entry.php?id=10271&&ser=445216" "Mozilla/5.0 (Windows NT 10.0; Win64; x64; rv:128.0) Gecko/20100101 Firefox/128.0"
178.165.188.60 - - [31/Jul/2024:19:02:16 +0200] "GET /entry.php?id=10271&&ser=445276 HTTP/1.1" 200 987 "http://hausegger.activities.at/entry.php?id=10271&&ser=445216" "Mozilla/5.0 (Windows NT 10.0; Win64; x64; rv:128.0) Gecko/20100101 Firefox/128.0"
178.165.188.60 - - [31/Jul/2024:19:02:16 +0200] "GET /gui/javascript/form_form.js?1722445336 HTTP/1.1" 200 16206 "http://hausegger.activities.at/entry.php?id=10271&&ser=445276" "Mozilla/5.0 (Windows NT 10.0; Win64; x64; rv:128.0) Gecko/20100101 Firefox/128.0"
178.165.188.60 - - [31/Jul/2024:19:03:16 +0200] "GET /entry.php?id=10271&&ser=445336 HTTP/1.1" 200 987 "http://hausegger.activities.at/entry.php?id=10271&&ser=445276" "Mozilla/5.0 (Windows NT 10.0; Win64; x64; rv:128.0) Gecko/20100101 Firefox/128.0"
178.165.188.60 - - [31/Jul/2024:19:03:17 +0200] "GET /gui/javascript/form_form.js?1722445397 HTTP/1.1" 200 16206 "http://hausegger.activities.at/entry.php?id=10271&&ser=445336" "Mozilla/5.0 (Windows NT 10.0; Win64; x64; rv:128.0) Gecko/20100101 Firefox/128.0"
178.165.188.60 - - [31/Jul/2024:19:04:17 +0200] "GET /entry.php?id=10271&&ser=445397 HTTP/1.1" 200 987 "http://hausegger.activities.at/entry.php?id=10271&&ser=445336" "Mozilla/5.0 (Windows NT 10.0; Win64; x64; rv:128.0) Gecko/20100101 Firefox/128.0"
178.165.188.60 - - [31/Jul/2024:19:04:17 +0200] "GET /gui/javascript/form_form.js?1722445457 HTTP/1.1" 200 16206 "http://hausegger.activities.at/entry.php?id=10271&&ser=445397" "Mozilla/5.0 (Windows NT 10.0; Win64; x64; rv:128.0) Gecko/20100101 Firefox/128.0"
178.165.188.60 - - [31/Jul/2024:19:05:17 +0200] "GET /entry.php?id=10271&&ser=445457 HTTP/1.1" 200 987 "http://hausegger.activities.at/entry.php?id=10271&&ser=445397" "Mozilla/5.0 (Windows NT 10.0; Win64; x64; rv:128.0) Gecko/20100101 Firefox/128.0"
178.165.188.60 - - [31/Jul/2024:19:05:17 +0200] "GET /gui/javascript/form_form.js?1722445517 HTTP/1.1" 200 16206 "http://hausegger.activities.at/entry.php?id=10271&&ser=445457" "Mozilla/5.0 (Windows NT 10.0; Win64; x64; rv:128.0) Gecko/20100101 Firefox/128.0"
156.59.198.136 - - [31/Jul/2024:19:05:19 +0200] "GET /renault.activities.at/htdocs/export/pdf/emuc_document/11167810.pdf HTTP/1.0" 404 321 "-" "Mozilla/5.0 (Linux; Android 5.0) AppleWebKit/537.36 (KHTML, like Gecko) Mobile Safari/537.36 (compatible; Bytespider; spider-feedback@bytedance.com)"
178.165.188.60 - - [31/Jul/2024:19:06:17 +0200] "GET /entry.php?id=10271&&ser=445517 HTTP/1.1" 200 987 "http://hausegger.activities.at/entry.php?id=10271&&ser=445457" "Mozilla/5.0 (Windows NT 10.0; Win64; x64; rv:128.0) Gecko/20100101 Firefox/128.0"
178.165.188.60 - - [31/Jul/2024:19:06:17 +0200] "GET /gui/javascript/form_form.js?1722445577 HTTP/1.1" 200 16206 "http://hausegger.activities.at/entry.php?id=10271&&ser=445517" "Mozilla/5.0 (Windows NT 10.0; Win64; x64; rv:128.0) Gecko/20100101 Firefox/128.0"
178.165.188.60 - - [31/Jul/2024:19:07:18 +0200] "GET /entry.php?id=10271&&ser=445577 HTTP/1.1" 200 987 "http://hausegger.activities.at/entry.php?id=10271&&ser=445517" "Mozilla/5.0 (Windows NT 10.0; Win64; x64; rv:128.0) Gecko/20100101 Firefox/128.0"
178.165.188.60 - - [31/Jul/2024:19:07:18 +0200] "GET /gui/javascript/form_form.js?1722445638 HTTP/1.1" 200 16206 "http://hausegger.activities.at/entry.php?id=10271&&ser=445577" "Mozilla/5.0 (Windows NT 10.0; Win64; x64; rv:128.0) Gecko/20100101 Firefox/128.0"
178.165.188.60 - - [31/Jul/2024:19:08:18 +0200] "GET /entry.php?id=10271&&ser=445638 HTTP/1.1" 200 986 "http://hausegger.activities.at/entry.php?id=10271&&ser=445577" "Mozilla/5.0 (Windows NT 10.0; Win64; x64; rv:128.0) Gecko/20100101 Firefox/128.0"
178.165.188.60 - - [31/Jul/2024:19:08:18 +0200] "GET /gui/javascript/form_form.js?1722445698 HTTP/1.1" 200 16206 "http://hausegger.activities.at/entry.php?id=10271&&ser=445638" "Mozilla/5.0 (Windows NT 10.0; Win64; x64; rv:128.0) Gecko/20100101 Firefox/128.0"
190.244.82.17 - - [31/Jul/2024:19:08:44 +0200] "GET /global-protect/login.esp HTTP/1.1" 404 369 "-" "Mozilla/5.0 (X11; Linux x86_64; rv:109.0) Gecko/20100101 Firefox/115.0"
156.59.198.136 - - [31/Jul/2024:19:09:02 +0200] "GET /renault.activities.at/htdocs/export/xml/data/orders/202005131503_RenOrder.xml HTTP/1.0" 404 329 "-" "Mozilla/5.0 (Linux; Android 5.0) AppleWebKit/537.36 (KHTML, like Gecko) Mobile Safari/537.36 (compatible; Bytespider; spider-feedback@bytedance.com)"
178.165.188.60 - - [31/Jul/2024:19:09:18 +0200] "GET /entry.php?id=10271&&ser=445698 HTTP/1.1" 200 987 "http://hausegger.activities.at/entry.php?id=10271&&ser=445638" "Mozilla/5.0 (Windows NT 10.0; Win64; x64; rv:128.0) Gecko/20100101 Firefox/128.0"
178.165.188.60 - - [31/Jul/2024:19:09:18 +0200] "GET /gui/javascript/form_form.js?1722445758 HTTP/1.1" 200 16206 "http://hausegger.activities.at/entry.php?id=10271&&ser=445698" "Mozilla/5.0 (Windows NT 10.0; Win64; x64; rv:128.0) Gecko/20100101 Firefox/128.0"
156.59.198.135 - - [31/Jul/2024:19:09:42 +0200] "GET /renault.activities.at/htdocs/export/xml/data/orders/202111241503_RenOrder.xml HTTP/1.0" 404 329 "-" "Mozilla/5.0 (Linux; Android 5.0) AppleWebKit/537.36 (KHTML, like Gecko) Mobile Safari/537.36 (compatible; Bytespider; spider-feedback@bytedance.com)"
178.165.188.60 - - [31/Jul/2024:19:10:18 +0200] "GET /entry.php?id=10271&&ser=445758 HTTP/1.1" 200 986 "http://hausegger.activities.at/entry.php?id=10271&&ser=445698" "Mozilla/5.0 (Windows NT 10.0; Win64; x64; rv:128.0) Gecko/20100101 Firefox/128.0"
178.165.188.60 - - [31/Jul/2024:19:10:19 +0200] "GET /gui/javascript/form_form.js?1722445819 HTTP/1.1" 200 16206 "http://hausegger.activities.at/entry.php?id=10271&&ser=445758" "Mozilla/5.0 (Windows NT 10.0; Win64; x64; rv:128.0) Gecko/20100101 Firefox/128.0"
178.165.188.60 - - [31/Jul/2024:19:11:19 +0200] "GET /entry.php?id=10271&&ser=445819 HTTP/1.1" 200 987 "http://hausegger.activities.at/entry.php?id=10271&&ser=445758" "Mozilla/5.0 (Windows NT 10.0; Win64; x64; rv:128.0) Gecko/20100101 Firefox/128.0"
178.165.188.60 - - [31/Jul/2024:19:11:19 +0200] "GET /gui/javascript/form_form.js?1722445879 HTTP/1.1" 200 16206 "http://hausegger.activities.at/entry.php?id=10271&&ser=445819" "Mozilla/5.0 (Windows NT 10.0; Win64; x64; rv:128.0) Gecko/20100101 Firefox/128.0"
178.165.188.60 - - [31/Jul/2024:19:12:19 +0200] "GET /entry.php?id=10271&&ser=445879 HTTP/1.1" 200 987 "http://hausegger.activities.at/entry.php?id=10271&&ser=445819" "Mozilla/5.0 (Windows NT 10.0; Win64; x64; rv:128.0) Gecko/20100101 Firefox/128.0"
178.165.188.60 - - [31/Jul/2024:19:12:19 +0200] "GET /gui/javascript/form_form.js?1722445939 HTTP/1.1" 200 16206 "http://hausegger.activities.at/entry.php?id=10271&&ser=445879" "Mozilla/5.0 (Windows NT 10.0; Win64; x64; rv:128.0) Gecko/20100101 Firefox/128.0"
178.165.188.60 - - [31/Jul/2024:19:13:16 +0200] "GET /entry.php?id=11237&type=10665 HTTP/1.1" 200 276 "http://hausegger.activities.at/entry.php?id=10828" "Mozilla/5.0 (Windows NT 10.0; Win64; x64; rv:128.0) Gecko/20100101 Firefox/128.0"
178.165.188.60 - - [31/Jul/2024:19:13:16 +0200] "GET /entry.php?id=10676&&title=Belegsuche HTTP/1.1" 200 1392 "http://hausegger.activities.at/entry.php?id=11237&type=10665" "Mozilla/5.0 (Windows NT 10.0; Win64; x64; rv:128.0) Gecko/20100101 Firefox/128.0"
178.165.188.60 - - [31/Jul/2024:19:13:16 +0200] "GET /gui/javascript/form_form.js?1722445996 HTTP/1.1" 200 16206 "http://hausegger.activities.at/entry.php?id=10676&&title=Belegsuche" "Mozilla/5.0 (Windows NT 10.0; Win64; x64; rv:128.0) Gecko/20100101 Firefox/128.0"
178.165.188.60 - - [31/Jul/2024:19:13:16 +0200] "GET /entry.php?id=11239&mode=document&form=10665& HTTP/1.1" 200 2019 "http://hausegger.activities.at/entry.php?id=11237&type=10665" "Mozilla/5.0 (Windows NT 10.0; Win64; x64; rv:128.0) Gecko/20100101 Firefox/128.0"
178.165.188.60 - - [31/Jul/2024:19:13:16 +0200] "GET /gui/javascript/form_bu_document_workflow.js?1722445996 HTTP/1.1" 200 4900 "http://hausegger.activities.at/entry.php?id=11239&mode=document&form=10665&" "Mozilla/5.0 (Windows NT 10.0; Win64; x64; rv:128.0) Gecko/20100101 Firefox/128.0"
178.165.188.60 - - [31/Jul/2024:19:13:16 +0200] "GET /entry.php?id=11240&mode=document&form=10665& HTTP/1.1" 200 2673 "http://hausegger.activities.at/entry.php?id=11237&type=10665" "Mozilla/5.0 (Windows NT 10.0; Win64; x64; rv:128.0) Gecko/20100101 Firefox/128.0"
178.165.188.60 - - [31/Jul/2024:19:13:16 +0200] "GET /entry.php?id=11238&mode=document&form=10665& HTTP/1.1" 200 3304 "http://hausegger.activities.at/entry.php?id=11237&type=10665" "Mozilla/5.0 (Windows NT 10.0; Win64; x64; rv:128.0) Gecko/20100101 Firefox/128.0"
178.165.188.60 - - [31/Jul/2024:19:13:17 +0200] "GET /gui/javascript/form_bu_document_workflow.js?1722445997 HTTP/1.1" 200 4900 "http://hausegger.activities.at/entry.php?id=11238&mode=document&form=10665&" "Mozilla/5.0 (Windows NT 10.0; Win64; x64; rv:128.0) Gecko/20100101 Firefox/128.0"
178.165.188.60 - - [31/Jul/2024:19:13:17 +0200] "GET /entry.php?id=10776&form=11066&name=list& HTTP/1.1" 200 1513 "http://hausegger.activities.at/entry.php?id=11240&mode=document&form=10665&" "Mozilla/5.0 (Windows NT 10.0; Win64; x64; rv:128.0) Gecko/20100101 Firefox/128.0"
178.165.188.60 - - [31/Jul/2024:19:13:17 +0200] "GET /gui/javascript/form_form.js?1722445997 HTTP/1.1" 200 16206 "http://hausegger.activities.at/entry.php?id=11238&mode=document&form=10665&" "Mozilla/5.0 (Windows NT 10.0; Win64; x64; rv:128.0) Gecko/20100101 Firefox/128.0"
178.165.188.60 - - [31/Jul/2024:19:13:17 +0200] "GET /entry.php?id=10778&form=11066&name=list& HTTP/1.1" 200 2586 "http://hausegger.activities.at/entry.php?id=11240&mode=document&form=10665&" "Mozilla/5.0 (Windows NT 10.0; Win64; x64; rv:128.0) Gecko/20100101 Firefox/128.0"
178.165.188.60 - - [31/Jul/2024:19:13:17 +0200] "POST /entry.php?id=11240 HTTP/1.1" 200 2673 "http://hausegger.activities.at/entry.php?id=11240&mode=document&form=10665&" "Mozilla/5.0 (Windows NT 10.0; Win64; x64; rv:128.0) Gecko/20100101 Firefox/128.0"
178.165.188.60 - - [31/Jul/2024:19:13:18 +0200] "GET /entry.php?id=10776&form=11066&name=list& HTTP/1.1" 200 1513 "http://hausegger.activities.at/entry.php?id=11240" "Mozilla/5.0 (Windows NT 10.0; Win64; x64; rv:128.0) Gecko/20100101 Firefox/128.0"
178.165.188.60 - - [31/Jul/2024:19:13:18 +0200] "GET /entry.php?id=10778&form=11066&name=list& HTTP/1.1" 200 2897 "http://hausegger.activities.at/entry.php?id=11240" "Mozilla/5.0 (Windows NT 10.0; Win64; x64; rv:128.0) Gecko/20100101 Firefox/128.0"
178.165.188.60 - - [31/Jul/2024:19:13:19 +0200] "GET /entry.php?id=10271&&ser=445939 HTTP/1.1" 200 987 "http://hausegger.activities.at/entry.php?id=10271&&ser=445879" "Mozilla/5.0 (Windows NT 10.0; Win64; x64; rv:128.0) Gecko/20100101 Firefox/128.0"
178.165.188.60 - - [31/Jul/2024:19:13:20 +0200] "GET /gui/javascript/form_form.js?1722445999 HTTP/1.1" 200 16206 "http://hausegger.activities.at/entry.php?id=10271&&ser=445939" "Mozilla/5.0 (Windows NT 10.0; Win64; x64; rv:128.0) Gecko/20100101 Firefox/128.0"
178.165.188.60 - - [31/Jul/2024:19:13:24 +0200] "GET /entry.php?id=10287&login=1 HTTP/1.1" 200 1879 "http://hausegger.activities.at/entry.php?id=10273&" "Mozilla/5.0 (Windows NT 10.0; Win64; x64; rv:128.0) Gecko/20100101 Firefox/128.0"
178.165.188.60 - - [31/Jul/2024:19:13:24 +0200] "GET /gui/javascript/form_form.js?1722446004 HTTP/1.1" 200 16206 "http://hausegger.activities.at/entry.php?id=10287&login=1" "Mozilla/5.0 (Windows NT 10.0; Win64; x64; rv:128.0) Gecko/20100101 Firefox/128.0"
178.165.188.60 - - [31/Jul/2024:19:13:26 +0200] "POST /entry.php?id=10287& HTTP/1.1" 200 2432 "http://hausegger.activities.at/entry.php?id=10287&login=1" "Mozilla/5.0 (Windows NT 10.0; Win64; x64; rv:128.0) Gecko/20100101 Firefox/128.0"
178.165.188.60 - - [31/Jul/2024:19:13:26 +0200] "GET /gui/javascript/form_form.js?1722446006 HTTP/1.1" 200 16206 "http://hausegger.activities.at/entry.php?id=10287&" "Mozilla/5.0 (Windows NT 10.0; Win64; x64; rv:128.0) Gecko/20100101 Firefox/128.0"
178.165.188.60 - - [31/Jul/2024:19:13:26 +0200] "GET /entry.php?id=10273&logout=true& HTTP/1.1" 200 1911 "http://hausegger.activities.at/entry.php?id=10287&" "Mozilla/5.0 (Windows NT 10.0; Win64; x64; rv:128.0) Gecko/20100101 Firefox/128.0"
178.165.188.60 - - [31/Jul/2024:19:13:26 +0200] "GET /entry.php?id=10270& HTTP/1.1" 200 909 "http://hausegger.activities.at/entry.php?id=10287&" "Mozilla/5.0 (Windows NT 10.0; Win64; x64; rv:128.0) Gecko/20100101 Firefox/128.0"
156.59.198.136 - - [31/Jul/2024:19:14:00 +0200] "GET /renault.activities.at/htdocs/log/cron/system_mail_3115145.txt HTTP/1.0" 404 320 "-" "Mozilla/5.0 (Linux; Android 5.0) AppleWebKit/537.36 (KHTML, like Gecko) Mobile Safari/537.36 (compatible; Bytespider; spider-feedback@bytedance.com)"
5.8.11.202 - - [31/Jul/2024:19:25:31 +0200] "GET / HTTP/1.0" 200 423 "-" "Mozilla/5.0 (Linux; U; Android 9; en-gb; Redmi Note 7 Pro Build/PKQ1.181203.001) AppleWebKit/537.36 (KHTML, like Gecko) Version/4.0 Chrome/71.0.3578.141 Mobile Safari/537.36 XiaoMi/MiuiBrowser/10.9.8-g"
156.59.198.135 - - [31/Jul/2024:19:46:06 +0200] "GET /renault.activities.at/htdocs/export/xml/data/orders/202102121403_RenOrder.xml HTTP/1.0" 404 328 "-" "Mozilla/5.0 (Linux; Android 5.0) AppleWebKit/537.36 (KHTML, like Gecko) Mobile Safari/537.36 (compatible; Bytespider; spider-feedback@bytedance.com)"
156.59.198.135 - - [31/Jul/2024:19:47:31 +0200] "GET /renault.activities.at/htdocs/export/pdf/emuc_document/11725071.pdf HTTP/1.0" 404 322 "-" "Mozilla/5.0 (Linux; Android 5.0) AppleWebKit/537.36 (KHTML, like Gecko) Mobile Safari/537.36 (compatible; Bytespider; spider-feedback@bytedance.com)"
156.59.198.136 - - [31/Jul/2024:19:47:51 +0200] "GET /renault.activities.at/htdocs/newsletter_log/nl_608197.txt HTTP/1.0" 404 317 "-" "Mozilla/5.0 (Linux; Android 5.0) AppleWebKit/537.36 (KHTML, like Gecko) Mobile Safari/537.36 (compatible; Bytespider; spider-feedback@bytedance.com)"
156.59.198.136 - - [31/Jul/2024:19:50:32 +0200] "GET /renault.activities.at/htdocs/export/pdf/emuc_document/12126666.pdf HTTP/1.0" 404 320 "-" "Mozilla/5.0 (Linux; Android 5.0) AppleWebKit/537.36 (KHTML, like Gecko) Mobile Safari/537.36 (compatible; Bytespider; spider-feedback@bytedance.com)"
156.59.198.136 - - [31/Jul/2024:19:52:46 +0200] "GET /renault.activities.at/htdocs/export/xml/data/orders/202007311203_RenOrder.xml HTTP/1.0" 404 329 "-" "Mozilla/5.0 (Linux; Android 5.0) AppleWebKit/537.36 (KHTML, like Gecko) Mobile Safari/537.36 (compatible; Bytespider; spider-feedback@bytedance.com)"
156.59.198.135 - - [31/Jul/2024:19:53:25 +0200] "GET /renault.activities.at/htdocs/export/xml/data/orders/201907261103_RenOrder.xml HTTP/1.0" 404 329 "-" "Mozilla/5.0 (Linux; Android 5.0) AppleWebKit/537.36 (KHTML, like Gecko) Mobile Safari/537.36 (compatible; Bytespider; spider-feedback@bytedance.com)"
156.59.198.135 - - [31/Jul/2024:19:54:42 +0200] "GET /renault.activities.at/htdocs/export/xml/data/orders/202101080903_RenOrder.xml HTTP/1.0" 404 329 "-" "Mozilla/5.0 (Linux; Android 5.0) AppleWebKit/537.36 (KHTML, like Gecko) Mobile Safari/537.36 (compatible; Bytespider; spider-feedback@bytedance.com)"
156.59.198.135 - - [31/Jul/2024:20:02:06 +0200] "GET /renault.activities.at/htdocs/export/xml/data/orders/202010141703_RenOrder.xml HTTP/1.0" 404 329 "-" "Mozilla/5.0 (Linux; Android 5.0) AppleWebKit/537.36 (KHTML, like Gecko) Mobile Safari/537.36 (compatible; Bytespider; spider-feedback@bytedance.com)"
18.206.175.103 - - [31/Jul/2024:20:05:27 +0200] "GET /.env HTTP/1.1" 404 280 "-" "Mozilla/5.0 (Linux; U; Android 4.4.2; en-US; HM NOTE 1W Build/KOT49H) AppleWebKit/534.30 (KHTML, like Gecko) Version/4.0 UCBrowser/11.0.5.850 U3/0.8.0 Mobile Safari/534.30"
18.206.175.103 - - [31/Jul/2024:20:05:28 +0200] "POST / HTTP/1.1" 200 274 "-" "Mozilla/5.0 (Linux; U; Android 4.4.2; en-US; HM NOTE 1W Build/KOT49H) AppleWebKit/534.30 (KHTML, like Gecko) Version/4.0 UCBrowser/11.0.5.850 U3/0.8.0 Mobile Safari/534.30"
156.59.198.136 - - [31/Jul/2024:20:05:45 +0200] "GET /renault.activities.at/htdocs/export/pdf/emuc_document/12129678.pdf HTTP/1.0" 404 322 "-" "Mozilla/5.0 (Linux; Android 5.0) AppleWebKit/537.36 (KHTML, like Gecko) Mobile Safari/537.36 (compatible; Bytespider; spider-feedback@bytedance.com)"
156.59.198.135 - - [31/Jul/2024:20:07:28 +0200] "GET /renault.activities.at/htdocs/newsletter_log/nl_608155.txt HTTP/1.0" 404 316 "-" "Mozilla/5.0 (Linux; Android 5.0) AppleWebKit/537.36 (KHTML, like Gecko) Mobile Safari/537.36 (compatible; Bytespider; spider-feedback@bytedance.com)"
156.59.198.135 - - [31/Jul/2024:20:08:30 +0200] "GET /renault.activities.at/htdocs/export/xml/data/orders/201912091203_RenOrder.xml HTTP/1.0" 404 327 "-" "Mozilla/5.0 (Linux; Android 5.0) AppleWebKit/537.36 (KHTML, like Gecko) Mobile Safari/537.36 (compatible; Bytespider; spider-feedback@bytedance.com)"
156.59.198.135 - - [31/Jul/2024:20:13:37 +0200] "GET /renault.activities.at/htdocs/export/pdf/emuc_document/12083860.pdf HTTP/1.0" 404 322 "-" "Mozilla/5.0 (Linux; Android 5.0) AppleWebKit/537.36 (KHTML, like Gecko) Mobile Safari/537.36 (compatible; Bytespider; spider-feedback@bytedance.com)"
156.59.198.135 - - [31/Jul/2024:20:20:50 +0200] "GET /renault.activities.at/htdocs/export/pdf/emuc_document/11860851.pdf HTTP/1.0" 404 321 "-" "Mozilla/5.0 (Linux; Android 5.0) AppleWebKit/537.36 (KHTML, like Gecko) Mobile Safari/537.36 (compatible; Bytespider; spider-feedback@bytedance.com)"
156.59.198.135 - - [31/Jul/2024:20:21:11 +0200] "GET /renault.activities.at/htdocs/log/cron/system_mail_3115076.txt HTTP/1.0" 404 321 "-" "Mozilla/5.0 (Linux; Android 5.0) AppleWebKit/537.36 (KHTML, like Gecko) Mobile Safari/537.36 (compatible; Bytespider; spider-feedback@bytedance.com)"
156.59.198.136 - - [31/Jul/2024:20:21:33 +0200] "GET /renault.activities.at/htdocs/export/pdf/emuc_document/12333283.pdf HTTP/1.0" 404 322 "-" "Mozilla/5.0 (Linux; Android 5.0) AppleWebKit/537.36 (KHTML, like Gecko) Mobile Safari/537.36 (compatible; Bytespider; spider-feedback@bytedance.com)"
156.59.198.135 - - [31/Jul/2024:20:24:02 +0200] "GET /renault.activities.at/htdocs/export/pdf/emuc_document/12000995.pdf HTTP/1.0" 404 321 "-" "Mozilla/5.0 (Linux; Android 5.0) AppleWebKit/537.36 (KHTML, like Gecko) Mobile Safari/537.36 (compatible; Bytespider; spider-feedback@bytedance.com)"
112.46.215.14 - - [31/Jul/2024:20:24:56 +0200] "GET / HTTP/1.1" 400 383 "-" "-"
156.59.198.135 - - [31/Jul/2024:20:32:09 +0200] "GET /renault.activities.at/htdocs/export/xml/data/orders/202101041503_RenOrder.xml HTTP/1.0" 404 329 "-" "Mozilla/5.0 (Linux; Android 5.0) AppleWebKit/537.36 (KHTML, like Gecko) Mobile Safari/537.36 (compatible; Bytespider; spider-feedback@bytedance.com)"
156.59.198.136 - - [31/Jul/2024:20:34:13 +0200] "GET /renault.activities.at/htdocs/export/pdf/emuc_document/10259187.pdf HTTP/1.0" 404 322 "-" "Mozilla/5.0 (Linux; Android 5.0) AppleWebKit/537.36 (KHTML, like Gecko) Mobile Safari/537.36 (compatible; Bytespider; spider-feedback@bytedance.com)"
156.59.198.135 - - [31/Jul/2024:20:36:10 +0200] "GET /renault.activities.at/htdocs/export/xml/data/orders/202109081403_RenOrder.xml HTTP/1.0" 404 329 "-" "Mozilla/5.0 (Linux; Android 5.0) AppleWebKit/537.36 (KHTML, like Gecko) Mobile Safari/537.36 (compatible; Bytespider; spider-feedback@bytedance.com)"
156.59.198.136 - - [31/Jul/2024:20:38:46 +0200] "GET /renault.activities.at/htdocs/export/pdf/emuc_document/11038592.pdf HTTP/1.0" 404 323 "-" "Mozilla/5.0 (Linux; Android 5.0) AppleWebKit/537.36 (KHTML, like Gecko) Mobile Safari/537.36 (compatible; Bytespider; spider-feedback@bytedance.com)"
156.59.198.135 - - [31/Jul/2024:20:40:59 +0200] "GET /renault.activities.at/htdocs/log/cron/system_mail_3116181.txt HTTP/1.0" 404 320 "-" "Mozilla/5.0 (Linux; Android 5.0) AppleWebKit/537.36 (KHTML, like Gecko) Mobile Safari/537.36 (compatible; Bytespider; spider-feedback@bytedance.com)"
156.59.198.135 - - [31/Jul/2024:20:41:23 +0200] "GET /renault.activities.at/htdocs/export/pdf/emuc_document/10789907.pdf HTTP/1.0" 404 322 "-" "Mozilla/5.0 (Linux; Android 5.0) AppleWebKit/537.36 (KHTML, like Gecko) Mobile Safari/537.36 (compatible; Bytespider; spider-feedback@bytedance.com)"
156.59.198.136 - - [31/Jul/2024:20:49:21 +0200] "GET /renault.activities.at/htdocs/log/cron/reminder_mailing_3116299.txt HTTP/1.0" 404 323 "-" "Mozilla/5.0 (Linux; Android 5.0) AppleWebKit/537.36 (KHTML, like Gecko) Mobile Safari/537.36 (compatible; Bytespider; spider-feedback@bytedance.com)"
156.59.198.136 - - [31/Jul/2024:20:51:40 +0200] "GET /renault.activities.at/htdocs/export/pdf/emuc_document/10354890.pdf HTTP/1.0" 404 322 "-" "Mozilla/5.0 (Linux; Android 5.0) AppleWebKit/537.36 (KHTML, like Gecko) Mobile Safari/537.36 (compatible; Bytespider; spider-feedback@bytedance.com)"
156.59.198.135 - - [31/Jul/2024:21:00:20 +0200] "GET /renault.activities.at/htdocs/log/cron/system_mail_3116395.txt HTTP/1.0" 404 321 "-" "Mozilla/5.0 (Linux; Android 5.0) AppleWebKit/537.36 (KHTML, like Gecko) Mobile Safari/537.36 (compatible; Bytespider; spider-feedback@bytedance.com)"
156.59.198.135 - - [31/Jul/2024:21:00:40 +0200] "GET /renault.activities.at/htdocs/log/cron/reminder_mailing_3114929.txt HTTP/1.0" 404 323 "-" "Mozilla/5.0 (Linux; Android 5.0) AppleWebKit/537.36 (KHTML, like Gecko) Mobile Safari/537.36 (compatible; Bytespider; spider-feedback@bytedance.com)"
156.59.198.135 - - [31/Jul/2024:21:01:01 +0200] "GET /renault.activities.at/htdocs/log/cron/system_mail_3115592.txt HTTP/1.0" 404 320 "-" "Mozilla/5.0 (Linux; Android 5.0) AppleWebKit/537.36 (KHTML, like Gecko) Mobile Safari/537.36 (compatible; Bytespider; spider-feedback@bytedance.com)"
156.59.198.135 - - [31/Jul/2024:21:02:47 +0200] "GET /renault.activities.at/htdocs/export/xml/data/orders/202110131103_RenOrder.xml HTTP/1.0" 404 328 "-" "Mozilla/5.0 (Linux; Android 5.0) AppleWebKit/537.36 (KHTML, like Gecko) Mobile Safari/537.36 (compatible; Bytespider; spider-feedback@bytedance.com)"
156.59.198.136 - - [31/Jul/2024:21:04:00 +0200] "GET /renault.activities.at/htdocs/log/cron/reminder_mailing_3116319.txt HTTP/1.0" 404 322 "-" "Mozilla/5.0 (Linux; Android 5.0) AppleWebKit/537.36 (KHTML, like Gecko) Mobile Safari/537.36 (compatible; Bytespider; spider-feedback@bytedance.com)"
156.59.198.135 - - [31/Jul/2024:21:07:46 +0200] "GET /renault.activities.at/htdocs/log/cron/pickupLogisticData_3115219.txt HTTP/1.0" 404 325 "-" "Mozilla/5.0 (Linux; Android 5.0) AppleWebKit/537.36 (KHTML, like Gecko) Mobile Safari/537.36 (compatible; Bytespider; spider-feedback@bytedance.com)"
