178.115.45.138 - - [06/Aug/2024:17:49:28 +0200] "GET /gui/javascript/form_form.js?1722959367 HTTP/1.1" 200 16206 "http://hausegger.activities.at/entry.php?id=10271&&ser=959306" "Mozilla/5.0 (Windows NT 10.0; Win64; x64; rv:128.0) Gecko/20100101 Firefox/128.0"
156.59.198.135 - - [06/Aug/2024:17:49:38 +0200] "GET /renault.activities.at/htdocs/export/pdf/emuc_document/12468507.pdf HTTP/1.0" 404 322 "-" "Mozilla/5.0 (Linux; Android 5.0) AppleWebKit/537.36 (KHTML, like Gecko) Mobile Safari/537.36 (compatible; Bytespider; spider-feedback@bytedance.com)"
156.59.198.136 - - [06/Aug/2024:17:49:59 +0200] "GET /renault.activities.at/htdocs/export/xml/data/orders/202110131003_RenOrder.xml HTTP/1.0" 404 329 "-" "Mozilla/5.0 (Linux; Android 5.0) AppleWebKit/537.36 (KHTML, like Gecko) Mobile Safari/537.36 (compatible; Bytespider; spider-feedback@bytedance.com)"
178.115.45.138 - - [06/Aug/2024:17:50:06 +0200] "POST /entry.php?id=10889 HTTP/1.1" 200 1860 "http://hausegger.activities.at/entry.php?id=10889" "Mozilla/5.0 (Windows NT 10.0; Win64; x64; rv:128.0) Gecko/20100101 Firefox/128.0"
178.115.45.138 - - [06/Aug/2024:17:50:06 +0200] "GET /gui/javascript/form_form.js?1722959406 HTTP/1.1" 200 16206 "http://hausegger.activities.at/entry.php?id=10889" "Mozilla/5.0 (Windows NT 10.0; Win64; x64; rv:128.0) Gecko/20100101 Firefox/128.0"
178.115.45.138 - - [06/Aug/2024:17:50:09 +0200] "GET /entry.php?id=11270&document=10340453 HTTP/1.1" 200 1975 "http://hausegger.activities.at/entry.php?id=10828" "Mozilla/5.0 (Windows NT 10.0; Win64; x64; rv:128.0) Gecko/20100101 Firefox/128.0"
178.115.45.138 - - [06/Aug/2024:17:50:09 +0200] "GET /gui/javascript/form_bu_document.js?1722959409 HTTP/1.1" 200 2675 "http://hausegger.activities.at/entry.php?id=11270&document=10340453" "Mozilla/5.0 (Windows NT 10.0; Win64; x64; rv:128.0) Gecko/20100101 Firefox/128.0"
178.115.45.138 - - [06/Aug/2024:17:50:09 +0200] "GET /gui/javascript/form_form.js?1722959409 HTTP/1.1" 200 16206 "http://hausegger.activities.at/entry.php?id=11270&document=10340453" "Mozilla/5.0 (Windows NT 10.0; Win64; x64; rv:128.0) Gecko/20100101 Firefox/128.0"
178.115.45.138 - - [06/Aug/2024:17:50:10 +0200] "GET /entry.php?id=10877&mode=observePrint HTTP/1.1" 200 55 "http://hausegger.activities.at/entry.php?id=11270&document=10340453" "Mozilla/5.0 (Windows NT 10.0; Win64; x64; rv:128.0) Gecko/20100101 Firefox/128.0"
178.115.45.138 - - [06/Aug/2024:17:50:10 +0200] "GET /entry.php?id=11241&images=false&document=10340453 HTTP/1.1" 200 2365 "http://hausegger.activities.at/entry.php?id=11270&document=10340453" "Mozilla/5.0 (Windows NT 10.0; Win64; x64; rv:128.0) Gecko/20100101 Firefox/128.0"
178.115.45.138 - - [06/Aug/2024:17:50:10 +0200] "GET /binaries/10222042.jpg HTTP/1.1" 200 13888 "http://hausegger.activities.at/entry.php?id=11241&images=false&document=10340453" "Mozilla/5.0 (Windows NT 10.0; Win64; x64; rv:128.0) Gecko/20100101 Firefox/128.0"
178.115.45.138 - - [06/Aug/2024:17:50:29 +0200] "GET /entry.php?id=10271&&ser=959367 HTTP/1.1" 200 987 "http://hausegger.activities.at/entry.php?id=10271&&ser=959306" "Mozilla/5.0 (Windows NT 10.0; Win64; x64; rv:128.0) Gecko/20100101 Firefox/128.0"
178.115.45.138 - - [06/Aug/2024:17:50:29 +0200] "GET /gui/javascript/form_form.js?1722959429 HTTP/1.1" 200 16206 "http://hausegger.activities.at/entry.php?id=10271&&ser=959367" "Mozilla/5.0 (Windows NT 10.0; Win64; x64; rv:128.0) Gecko/20100101 Firefox/128.0"
178.115.45.138 - - [06/Aug/2024:17:51:29 +0200] "GET /entry.php?id=10271&&ser=959429 HTTP/1.1" 200 987 "http://hausegger.activities.at/entry.php?id=10271&&ser=959367" "Mozilla/5.0 (Windows NT 10.0; Win64; x64; rv:128.0) Gecko/20100101 Firefox/128.0"
178.115.45.138 - - [06/Aug/2024:17:51:29 +0200] "GET /gui/javascript/form_form.js?1722959489 HTTP/1.1" 200 16206 "http://hausegger.activities.at/entry.php?id=10271&&ser=959429" "Mozilla/5.0 (Windows NT 10.0; Win64; x64; rv:128.0) Gecko/20100101 Firefox/128.0"
156.59.198.135 - - [06/Aug/2024:17:52:16 +0200] "GET /renault.activities.at/htdocs/export/xml/data/orders/202103031203_RenOrder.xml HTTP/1.0" 404 329 "-" "Mozilla/5.0 (Linux; Android 5.0) AppleWebKit/537.36 (KHTML, like Gecko) Mobile Safari/537.36 (compatible; Bytespider; spider-feedback@bytedance.com)"
17.241.227.165 - - [06/Aug/2024:17:52:19 +0200] "GET /viewtopic.php?f=8&t=395&p=3124&sid=54df32ee0ee0f7bf8a54e23511949d55 HTTP/1.1" 404 295 "-" "Mozilla/5.0 (Macintosh; Intel Mac OS X 10_15_7) AppleWebKit/605.1.15 (KHTML, like Gecko) Version/17.4 Safari/605.1.15 (Applebot/0.1; +http://www.apple.com/go/applebot)"
178.115.45.138 - - [06/Aug/2024:17:52:29 +0200] "GET /entry.php?id=10271&&ser=959489 HTTP/1.1" 200 987 "http://hausegger.activities.at/entry.php?id=10271&&ser=959429" "Mozilla/5.0 (Windows NT 10.0; Win64; x64; rv:128.0) Gecko/20100101 Firefox/128.0"
178.115.45.138 - - [06/Aug/2024:17:52:29 +0200] "GET /gui/javascript/form_form.js?1722959549 HTTP/1.1" 200 16206 "http://hausegger.activities.at/entry.php?id=10271&&ser=959489" "Mozilla/5.0 (Windows NT 10.0; Win64; x64; rv:128.0) Gecko/20100101 Firefox/128.0"
178.115.45.138 - - [06/Aug/2024:17:52:55 +0200] "POST /entry.php?id=10828 HTTP/1.1" 200 9329 "http://hausegger.activities.at/entry.php?id=10828" "Mozilla/5.0 (Windows NT 10.0; Win64; x64; rv:128.0) Gecko/20100101 Firefox/128.0"
178.115.45.138 - - [06/Aug/2024:17:52:55 +0200] "GET /gui/javascript/form_form.js?1722959575 HTTP/1.1" 200 16206 "http://hausegger.activities.at/entry.php?id=10828" "Mozilla/5.0 (Windows NT 10.0; Win64; x64; rv:128.0) Gecko/20100101 Firefox/128.0"
178.115.45.138 - - [06/Aug/2024:17:52:55 +0200] "GET /entry.php?id=10889&document_id=& HTTP/1.1" 200 1509 "http://hausegger.activities.at/entry.php?id=10828" "Mozilla/5.0 (Windows NT 10.0; Win64; x64; rv:128.0) Gecko/20100101 Firefox/128.0"
178.115.45.138 - - [06/Aug/2024:17:52:56 +0200] "GET /gui/javascript/form_form.js?1722959576 HTTP/1.1" 200 16206 "http://hausegger.activities.at/entry.php?id=10889&document_id=&" "Mozilla/5.0 (Windows NT 10.0; Win64; x64; rv:128.0) Gecko/20100101 Firefox/128.0"
178.115.45.138 - - [06/Aug/2024:17:53:01 +0200] "GET /entry.php?id=10877&mode=loadSearchCustomer&obj=number&tag=debitor&value=z&ser=1722954604533 HTTP/1.1" 200 203 "http://hausegger.activities.at/entry.php?id=10828" "Mozilla/5.0 (Windows NT 10.0; Win64; x64; rv:128.0) Gecko/20100101 Firefox/128.0"
178.115.45.138 - - [06/Aug/2024:17:53:04 +0200] "POST /entry.php?id=10889 HTTP/1.1" 200 1768 "http://hausegger.activities.at/entry.php?id=10889&document_id=&" "Mozilla/5.0 (Windows NT 10.0; Win64; x64; rv:128.0) Gecko/20100101 Firefox/128.0"
178.115.45.138 - - [06/Aug/2024:17:53:04 +0200] "GET /gui/javascript/form_form.js?1722959584 HTTP/1.1" 200 16206 "http://hausegger.activities.at/entry.php?id=10889" "Mozilla/5.0 (Windows NT 10.0; Win64; x64; rv:128.0) Gecko/20100101 Firefox/128.0"
178.115.45.138 - - [06/Aug/2024:17:53:29 +0200] "GET /entry.php?id=10271&&ser=959549 HTTP/1.1" 200 987 "http://hausegger.activities.at/entry.php?id=10271&&ser=959489" "Mozilla/5.0 (Windows NT 10.0; Win64; x64; rv:128.0) Gecko/20100101 Firefox/128.0"
178.115.45.138 - - [06/Aug/2024:17:53:29 +0200] "GET /gui/javascript/form_form.js?1722959609 HTTP/1.1" 200 16206 "http://hausegger.activities.at/entry.php?id=10271&&ser=959549" "Mozilla/5.0 (Windows NT 10.0; Win64; x64; rv:128.0) Gecko/20100101 Firefox/128.0"
156.59.198.135 - - [06/Aug/2024:17:54:07 +0200] "GET /renault.activities.at/htdocs/log/cron/reminder_mailing_3115843.txt HTTP/1.0" 404 323 "-" "Mozilla/5.0 (Linux; Android 5.0) AppleWebKit/537.36 (KHTML, like Gecko) Mobile Safari/537.36 (compatible; Bytespider; spider-feedback@bytedance.com)"
178.115.45.138 - - [06/Aug/2024:17:54:30 +0200] "GET /entry.php?id=10271&&ser=959609 HTTP/1.1" 200 987 "http://hausegger.activities.at/entry.php?id=10271&&ser=959549" "Mozilla/5.0 (Windows NT 10.0; Win64; x64; rv:128.0) Gecko/20100101 Firefox/128.0"
178.115.45.138 - - [06/Aug/2024:17:54:30 +0200] "GET /gui/javascript/form_form.js?1722959670 HTTP/1.1" 200 16206 "http://hausegger.activities.at/entry.php?id=10271&&ser=959609" "Mozilla/5.0 (Windows NT 10.0; Win64; x64; rv:128.0) Gecko/20100101 Firefox/128.0"
178.115.45.138 - - [06/Aug/2024:17:55:30 +0200] "GET /entry.php?id=10271&&ser=959670 HTTP/1.1" 200 987 "http://hausegger.activities.at/entry.php?id=10271&&ser=959609" "Mozilla/5.0 (Windows NT 10.0; Win64; x64; rv:128.0) Gecko/20100101 Firefox/128.0"
178.115.45.138 - - [06/Aug/2024:17:55:30 +0200] "GET /gui/javascript/form_form.js?1722959730 HTTP/1.1" 200 16206 "http://hausegger.activities.at/entry.php?id=10271&&ser=959670" "Mozilla/5.0 (Windows NT 10.0; Win64; x64; rv:128.0) Gecko/20100101 Firefox/128.0"
156.59.198.136 - - [06/Aug/2024:17:56:13 +0200] "GET /renault.activities.at/htdocs/log/cron/reminder_mailing_3115223.txt HTTP/1.0" 404 323 "-" "Mozilla/5.0 (Linux; Android 5.0) AppleWebKit/537.36 (KHTML, like Gecko) Mobile Safari/537.36 (compatible; Bytespider; spider-feedback@bytedance.com)"
178.115.45.138 - - [06/Aug/2024:17:56:30 +0200] "GET /entry.php?id=10271&&ser=959730 HTTP/1.1" 200 987 "http://hausegger.activities.at/entry.php?id=10271&&ser=959670" "Mozilla/5.0 (Windows NT 10.0; Win64; x64; rv:128.0) Gecko/20100101 Firefox/128.0"
178.115.45.138 - - [06/Aug/2024:17:56:30 +0200] "GET /gui/javascript/form_form.js?1722959790 HTTP/1.1" 200 16206 "http://hausegger.activities.at/entry.php?id=10271&&ser=959730" "Mozilla/5.0 (Windows NT 10.0; Win64; x64; rv:128.0) Gecko/20100101 Firefox/128.0"
178.115.45.138 - - [06/Aug/2024:17:56:32 +0200] "POST /entry.php?id=10828 HTTP/1.1" 200 8761 "http://hausegger.activities.at/entry.php?id=10828" "Mozilla/5.0 (Windows NT 10.0; Win64; x64; rv:128.0) Gecko/20100101 Firefox/128.0"
178.115.45.138 - - [06/Aug/2024:17:56:32 +0200] "GET /gui/javascript/form_form.js?1722959792 HTTP/1.1" 200 16206 "http://hausegger.activities.at/entry.php?id=10828" "Mozilla/5.0 (Windows NT 10.0; Win64; x64; rv:128.0) Gecko/20100101 Firefox/128.0"
178.115.45.138 - - [06/Aug/2024:17:56:32 +0200] "GET /entry.php?id=10889&document_id=10340458& HTTP/1.1" 200 1509 "http://hausegger.activities.at/entry.php?id=10828" "Mozilla/5.0 (Windows NT 10.0; Win64; x64; rv:128.0) Gecko/20100101 Firefox/128.0"
178.115.45.138 - - [06/Aug/2024:17:56:33 +0200] "GET /gui/javascript/form_form.js?1722959793 HTTP/1.1" 200 16206 "http://hausegger.activities.at/entry.php?id=10889&document_id=10340458&" "Mozilla/5.0 (Windows NT 10.0; Win64; x64; rv:128.0) Gecko/20100101 Firefox/128.0"
178.115.45.138 - - [06/Aug/2024:17:56:34 +0200] "POST /entry.php?id=10828 HTTP/1.1" 200 4992 "http://hausegger.activities.at/entry.php?id=10828" "Mozilla/5.0 (Windows NT 10.0; Win64; x64; rv:128.0) Gecko/20100101 Firefox/128.0"
178.115.45.138 - - [06/Aug/2024:17:56:34 +0200] "GET /gui/javascript/form_form.js?1722959794 HTTP/1.1" 200 16206 "http://hausegger.activities.at/entry.php?id=10828" "Mozilla/5.0 (Windows NT 10.0; Win64; x64; rv:128.0) Gecko/20100101 Firefox/128.0"
178.115.45.138 - - [06/Aug/2024:17:56:34 +0200] "GET /entry.php?id=10889&document_id=10340458& HTTP/1.1" 200 1510 "http://hausegger.activities.at/entry.php?id=10828" "Mozilla/5.0 (Windows NT 10.0; Win64; x64; rv:128.0) Gecko/20100101 Firefox/128.0"
178.115.45.138 - - [06/Aug/2024:17:56:49 +0200] "POST /entry.php?id=10828 HTTP/1.1" 200 4791 "http://hausegger.activities.at/entry.php?id=10828" "Mozilla/5.0 (Windows NT 10.0; Win64; x64; rv:128.0) Gecko/20100101 Firefox/128.0"
178.115.45.138 - - [06/Aug/2024:17:56:49 +0200] "GET /gui/javascript/form_form.js?1722959809 HTTP/1.1" 200 16206 "http://hausegger.activities.at/entry.php?id=10828" "Mozilla/5.0 (Windows NT 10.0; Win64; x64; rv:128.0) Gecko/20100101 Firefox/128.0"
178.115.45.138 - - [06/Aug/2024:17:56:49 +0200] "GET /entry.php?id=10889&document_id=10340458& HTTP/1.1" 200 1509 "http://hausegger.activities.at/entry.php?id=10828" "Mozilla/5.0 (Windows NT 10.0; Win64; x64; rv:128.0) Gecko/20100101 Firefox/128.0"
178.115.45.138 - - [06/Aug/2024:17:56:49 +0200] "GET /entry.php?id=10830&&object=10340458&account=&mode=documentdebitor HTTP/1.1" 200 3133 "http://hausegger.activities.at/entry.php?id=10828" "Mozilla/5.0 (Windows NT 10.0; Win64; x64; rv:128.0) Gecko/20100101 Firefox/128.0"
178.115.45.138 - - [06/Aug/2024:17:56:51 +0200] "POST /entry.php?id=10889 HTTP/1.1" 200 1580 "http://hausegger.activities.at/entry.php?id=10889&document_id=10340458&" "Mozilla/5.0 (Windows NT 10.0; Win64; x64; rv:128.0) Gecko/20100101 Firefox/128.0"
178.115.45.138 - - [06/Aug/2024:17:56:51 +0200] "GET /gui/javascript/form_form.js?1722959811 HTTP/1.1" 200 16206 "http://hausegger.activities.at/entry.php?id=10889" "Mozilla/5.0 (Windows NT 10.0; Win64; x64; rv:128.0) Gecko/20100101 Firefox/128.0"
178.115.45.138 - - [06/Aug/2024:17:56:56 +0200] "GET /entry.php?id=10877&mode=loadSearchArticle&obj=article_1&tag=debit&refobject=10340458&value=1&ser=1722954838957 HTTP/1.1" 200 36839 "http://hausegger.activities.at/entry.php?id=10830&&object=10340458&account=&mode=documentdebitor" "Mozilla/5.0 (Windows NT 10.0; Win64; x64; rv:128.0) Gecko/20100101 Firefox/128.0"
178.115.45.138 - - [06/Aug/2024:17:56:56 +0200] "GET /entry.php?id=10877&mode=loadSearchArticle&obj=article_1&tag=debit&refobject=10340458&value=19&ser=1722954839181 HTTP/1.1" 200 425 "http://hausegger.activities.at/entry.php?id=10830&&object=10340458&account=&mode=documentdebitor" "Mozilla/5.0 (Windows NT 10.0; Win64; x64; rv:128.0) Gecko/20100101 Firefox/128.0"
178.115.45.138 - - [06/Aug/2024:17:56:56 +0200] "GET /entry.php?id=10877&mode=loadSearchArticle&obj=article_1&tag=debit&refobject=10340458&value=197&ser=1722954839349 HTTP/1.1" 200 305 "http://hausegger.activities.at/entry.php?id=10830&&object=10340458&account=&mode=documentdebitor" "Mozilla/5.0 (Windows NT 10.0; Win64; x64; rv:128.0) Gecko/20100101 Firefox/128.0"
178.115.45.138 - - [06/Aug/2024:17:56:57 +0200] "GET /entry.php?id=10877&mode=loadSearchArticle&obj=article_1&tag=debit&refobject=10340458&value=197-&ser=1722954840325 HTTP/1.1" 200 276 "http://hausegger.activities.at/entry.php?id=10830&&object=10340458&account=&mode=documentdebitor" "Mozilla/5.0 (Windows NT 10.0; Win64; x64; rv:128.0) Gecko/20100101 Firefox/128.0"
178.115.45.138 - - [06/Aug/2024:17:56:58 +0200] "GET /entry.php?id=10877&mode=loadSearchArticle&obj=article_1&tag=debit&refobject=10340458&value=197-3&ser=1722954841429 HTTP/1.1" 200 276 "http://hausegger.activities.at/entry.php?id=10830&&object=10340458&account=&mode=documentdebitor" "Mozilla/5.0 (Windows NT 10.0; Win64; x64; rv:128.0) Gecko/20100101 Firefox/128.0"
178.115.45.138 - - [06/Aug/2024:17:56:59 +0200] "GET /entry.php?id=10877&mode=loadSearchArticle&obj=article_1&tag=debit&refobject=10340458&value=197-35&ser=1722954841596 HTTP/1.1" 200 276 "http://hausegger.activities.at/entry.php?id=10830&&object=10340458&account=&mode=documentdebitor" "Mozilla/5.0 (Windows NT 10.0; Win64; x64; rv:128.0) Gecko/20100101 Firefox/128.0"
178.115.45.138 - - [06/Aug/2024:17:57:01 +0200] "POST /entry.php?id=10889 HTTP/1.1" 200 1931 "http://hausegger.activities.at/entry.php?id=10889" "Mozilla/5.0 (Windows NT 10.0; Win64; x64; rv:128.0) Gecko/20100101 Firefox/128.0"
178.115.45.138 - - [06/Aug/2024:17:57:01 +0200] "GET /gui/javascript/form_form.js?1722959821 HTTP/1.1" 200 16206 "http://hausegger.activities.at/entry.php?id=10889" "Mozilla/5.0 (Windows NT 10.0; Win64; x64; rv:128.0) Gecko/20100101 Firefox/128.0"
178.115.45.138 - - [06/Aug/2024:17:57:01 +0200] "POST /entry.php?id=10889 HTTP/1.1" 200 1683 "http://hausegger.activities.at/entry.php?id=10889" "Mozilla/5.0 (Windows NT 10.0; Win64; x64; rv:128.0) Gecko/20100101 Firefox/128.0"
178.115.45.138 - - [06/Aug/2024:17:57:18 +0200] "POST /entry.php?id=10889 HTTP/1.1" 200 1860 "http://hausegger.activities.at/entry.php?id=10889" "Mozilla/5.0 (Windows NT 10.0; Win64; x64; rv:128.0) Gecko/20100101 Firefox/128.0"
178.115.45.138 - - [06/Aug/2024:17:57:18 +0200] "GET /gui/javascript/form_form.js?1722959838 HTTP/1.1" 200 16206 "http://hausegger.activities.at/entry.php?id=10889" "Mozilla/5.0 (Windows NT 10.0; Win64; x64; rv:128.0) Gecko/20100101 Firefox/128.0"
178.115.45.138 - - [06/Aug/2024:17:57:28 +0200] "GET /entry.php?id=11270&document=10340458 HTTP/1.1" 200 1975 "http://hausegger.activities.at/entry.php?id=10828" "Mozilla/5.0 (Windows NT 10.0; Win64; x64; rv:128.0) Gecko/20100101 Firefox/128.0"
178.115.45.138 - - [06/Aug/2024:17:57:28 +0200] "GET /gui/javascript/form_bu_document.js?1722959848 HTTP/1.1" 200 2675 "http://hausegger.activities.at/entry.php?id=11270&document=10340458" "Mozilla/5.0 (Windows NT 10.0; Win64; x64; rv:128.0) Gecko/20100101 Firefox/128.0"
178.115.45.138 - - [06/Aug/2024:17:57:28 +0200] "GET /gui/javascript/form_form.js?1722959848 HTTP/1.1" 200 16206 "http://hausegger.activities.at/entry.php?id=11270&document=10340458" "Mozilla/5.0 (Windows NT 10.0; Win64; x64; rv:128.0) Gecko/20100101 Firefox/128.0"
178.115.45.138 - - [06/Aug/2024:17:57:28 +0200] "GET /entry.php?id=11241&images=false&document=10340458 HTTP/1.1" 200 2262 "http://hausegger.activities.at/entry.php?id=11270&document=10340458" "Mozilla/5.0 (Windows NT 10.0; Win64; x64; rv:128.0) Gecko/20100101 Firefox/128.0"
178.115.45.138 - - [06/Aug/2024:17:57:28 +0200] "GET /entry.php?id=10877&mode=observePrint HTTP/1.1" 200 58 "http://hausegger.activities.at/entry.php?id=11270&document=10340458" "Mozilla/5.0 (Windows NT 10.0; Win64; x64; rv:128.0) Gecko/20100101 Firefox/128.0"
178.115.45.138 - - [06/Aug/2024:17:57:32 +0200] "GET /entry.php?id=10271&&ser=959790 HTTP/1.1" 200 986 "http://hausegger.activities.at/entry.php?id=10271&&ser=959730" "Mozilla/5.0 (Windows NT 10.0; Win64; x64; rv:128.0) Gecko/20100101 Firefox/128.0"
178.115.45.138 - - [06/Aug/2024:17:57:32 +0200] "GET /gui/javascript/form_form.js?1722959852 HTTP/1.1" 200 16206 "http://hausegger.activities.at/entry.php?id=10271&&ser=959790" "Mozilla/5.0 (Windows NT 10.0; Win64; x64; rv:128.0) Gecko/20100101 Firefox/128.0"
178.115.45.138 - - [06/Aug/2024:17:58:32 +0200] "GET /entry.php?id=10271&&ser=959852 HTTP/1.1" 200 987 "http://hausegger.activities.at/entry.php?id=10271&&ser=959790" "Mozilla/5.0 (Windows NT 10.0; Win64; x64; rv:128.0) Gecko/20100101 Firefox/128.0"
178.115.45.138 - - [06/Aug/2024:17:58:32 +0200] "GET /gui/javascript/form_form.js?1722959912 HTTP/1.1" 200 16206 "http://hausegger.activities.at/entry.php?id=10271&&ser=959852" "Mozilla/5.0 (Windows NT 10.0; Win64; x64; rv:128.0) Gecko/20100101 Firefox/128.0"
178.115.45.138 - - [06/Aug/2024:17:59:32 +0200] "GET /entry.php?id=10271&&ser=959912 HTTP/1.1" 200 987 "http://hausegger.activities.at/entry.php?id=10271&&ser=959852" "Mozilla/5.0 (Windows NT 10.0; Win64; x64; rv:128.0) Gecko/20100101 Firefox/128.0"
178.115.45.138 - - [06/Aug/2024:17:59:33 +0200] "GET /gui/javascript/form_form.js?1722959973 HTTP/1.1" 200 16206 "http://hausegger.activities.at/entry.php?id=10271&&ser=959912" "Mozilla/5.0 (Windows NT 10.0; Win64; x64; rv:128.0) Gecko/20100101 Firefox/128.0"
66.249.70.4 - - [06/Aug/2024:18:00:06 +0200] "GET /robots.txt HTTP/1.1" 404 293 "-" "Mozilla/5.0 (compatible; Googlebot/2.1; +http://www.google.com/bot.html)"
66.249.70.4 - - [06/Aug/2024:18:00:06 +0200] "GET / HTTP/1.1" 200 274 "-" "Mozilla/5.0 (Linux; Android 6.0.1; Nexus 5X Build/MMB29P) AppleWebKit/537.36 (KHTML, like Gecko) Chrome/126.0.6478.182 Mobile Safari/537.36 (compatible; Googlebot/2.1; +http://www.google.com/bot.html)"
178.115.45.138 - - [06/Aug/2024:18:00:34 +0200] "GET /entry.php?id=10271&&ser=959973 HTTP/1.1" 200 987 "http://hausegger.activities.at/entry.php?id=10271&&ser=959912" "Mozilla/5.0 (Windows NT 10.0; Win64; x64; rv:128.0) Gecko/20100101 Firefox/128.0"
178.115.45.138 - - [06/Aug/2024:18:00:34 +0200] "GET /gui/javascript/form_form.js?1722960034 HTTP/1.1" 200 16206 "http://hausegger.activities.at/entry.php?id=10271&&ser=959973" "Mozilla/5.0 (Windows NT 10.0; Win64; x64; rv:128.0) Gecko/20100101 Firefox/128.0"
156.59.198.136 - - [06/Aug/2024:18:00:42 +0200] "GET /renault.activities.at/htdocs/export/xml/data/orders/202110081303_RenOrder.xml HTTP/1.0" 404 328 "-" "Mozilla/5.0 (Linux; Android 5.0) AppleWebKit/537.36 (KHTML, like Gecko) Mobile Safari/537.36 (compatible; Bytespider; spider-feedback@bytedance.com)"
103.162.36.154 - - [06/Aug/2024:18:00:48 +0200] "POST /cgi-bin/.%2e/.%2e/.%2e/.%2e/.%2e/.%2e/.%2e/.%2e/.%2e/.%2e/bin/sh HTTP/1.1" 400 373 "-" "Custom-AsyncHttpClient"
103.162.36.154 - - [06/Aug/2024:18:00:49 +0200] "POST /cgi-bin/%%32%65%%32%65/%%32%65%%32%65/%%32%65%%32%65/%%32%65%%32%65/%%32%65%%32%65/%%32%65%%32%65/%%32%65%%32%65/bin/sh HTTP/1.1" 400 373 "-" "Custom-AsyncHttpClient"
103.162.36.154 - - [06/Aug/2024:18:00:50 +0200] "GET /vendor/phpunit/phpunit/src/Util/PHP/eval-stdin.php HTTP/1.1" 404 395 "-" "Custom-AsyncHttpClient"
103.162.36.154 - - [06/Aug/2024:18:00:51 +0200] "GET /vendor/phpunit/phpunit/Util/PHP/eval-stdin.php HTTP/1.1" 404 391 "-" "Custom-AsyncHttpClient"
103.162.36.154 - - [06/Aug/2024:18:00:52 +0200] "GET /vendor/phpunit/src/Util/PHP/eval-stdin.php HTTP/1.1" 404 387 "-" "Custom-AsyncHttpClient"
103.162.36.154 - - [06/Aug/2024:18:00:52 +0200] "GET /vendor/phpunit/Util/PHP/eval-stdin.php HTTP/1.1" 404 383 "-" "Custom-AsyncHttpClient"
205.169.39.20 - - [06/Aug/2024:18:00:53 +0200] "GET / HTTP/1.1" 200 274 "-" "Mozilla/5.0 (Windows NT 10.0) AppleWebKit/537.36 (KHTML, like Gecko) Chrome/106.0.0.0 Safari/537.36"
103.162.36.154 - - [06/Aug/2024:18:00:53 +0200] "GET /vendor/phpunit/phpunit/LICENSE/eval-stdin.php HTTP/1.1" 404 390 "-" "Custom-AsyncHttpClient"
103.162.36.154 - - [06/Aug/2024:18:00:54 +0200] "GET /vendor/vendor/phpunit/phpunit/src/Util/PHP/eval-stdin.php HTTP/1.1" 404 402 "-" "Custom-AsyncHttpClient"
103.162.36.154 - - [06/Aug/2024:18:00:55 +0200] "GET /phpunit/phpunit/src/Util/PHP/eval-stdin.php HTTP/1.1" 404 388 "-" "Custom-AsyncHttpClient"
103.162.36.154 - - [06/Aug/2024:18:00:56 +0200] "GET /phpunit/phpunit/Util/PHP/eval-stdin.php HTTP/1.1" 404 384 "-" "Custom-AsyncHttpClient"
103.162.36.154 - - [06/Aug/2024:18:00:58 +0200] "GET /phpunit/src/Util/PHP/eval-stdin.php HTTP/1.1" 404 380 "-" "Custom-AsyncHttpClient"
103.162.36.154 - - [06/Aug/2024:18:00:59 +0200] "GET /phpunit/Util/PHP/eval-stdin.php HTTP/1.1" 404 376 "-" "Custom-AsyncHttpClient"
103.162.36.154 - - [06/Aug/2024:18:01:00 +0200] "GET /lib/phpunit/phpunit/src/Util/PHP/eval-stdin.php HTTP/1.1" 404 392 "-" "Custom-AsyncHttpClient"
103.162.36.154 - - [06/Aug/2024:18:01:00 +0200] "GET /lib/phpunit/phpunit/Util/PHP/eval-stdin.php HTTP/1.1" 404 388 "-" "Custom-AsyncHttpClient"
103.162.36.154 - - [06/Aug/2024:18:01:01 +0200] "GET /lib/phpunit/src/Util/PHP/eval-stdin.php HTTP/1.1" 404 384 "-" "Custom-AsyncHttpClient"
103.162.36.154 - - [06/Aug/2024:18:01:02 +0200] "GET /lib/phpunit/Util/PHP/eval-stdin.php HTTP/1.1" 404 380 "-" "Custom-AsyncHttpClient"
103.162.36.154 - - [06/Aug/2024:18:01:03 +0200] "GET /lib/vendor/phpunit/phpunit/src/Util/PHP/eval-stdin.php HTTP/1.1" 404 399 "-" "Custom-AsyncHttpClient"
103.162.36.154 - - [06/Aug/2024:18:01:04 +0200] "GET /laravel/vendor/phpunit/phpunit/src/Util/PHP/eval-stdin.php HTTP/1.1" 404 403 "-" "Custom-AsyncHttpClient"
103.162.36.154 - - [06/Aug/2024:18:01:05 +0200] "GET /www/vendor/phpunit/phpunit/src/Util/PHP/eval-stdin.php HTTP/1.1" 404 399 "-" "Custom-AsyncHttpClient"
103.162.36.154 - - [06/Aug/2024:18:01:06 +0200] "GET /ws/vendor/phpunit/phpunit/src/Util/PHP/eval-stdin.php HTTP/1.1" 404 398 "-" "Custom-AsyncHttpClient"
103.162.36.154 - - [06/Aug/2024:18:01:07 +0200] "GET /yii/vendor/phpunit/phpunit/src/Util/PHP/eval-stdin.php HTTP/1.1" 404 399 "-" "Custom-AsyncHttpClient"
103.162.36.154 - - [06/Aug/2024:18:01:08 +0200] "GET /zend/vendor/phpunit/phpunit/src/Util/PHP/eval-stdin.php HTTP/1.1" 404 400 "-" "Custom-AsyncHttpClient"
103.162.36.154 - - [06/Aug/2024:18:01:09 +0200] "GET /ws/ec/vendor/phpunit/phpunit/src/Util/PHP/eval-stdin.php HTTP/1.1" 404 401 "-" "Custom-AsyncHttpClient"
103.162.36.154 - - [06/Aug/2024:18:01:09 +0200] "GET /V2/vendor/phpunit/phpunit/src/Util/PHP/eval-stdin.php HTTP/1.1" 404 398 "-" "Custom-AsyncHttpClient"
103.162.36.154 - - [06/Aug/2024:18:01:10 +0200] "GET /tests/vendor/phpunit/phpunit/src/Util/PHP/eval-stdin.php HTTP/1.1" 404 401 "-" "Custom-AsyncHttpClient"
103.162.36.154 - - [06/Aug/2024:18:01:11 +0200] "GET /test/vendor/phpunit/phpunit/src/Util/PHP/eval-stdin.php HTTP/1.1" 404 400 "-" "Custom-AsyncHttpClient"
103.162.36.154 - - [06/Aug/2024:18:01:12 +0200] "GET /testing/vendor/phpunit/phpunit/src/Util/PHP/eval-stdin.php HTTP/1.1" 404 403 "-" "Custom-AsyncHttpClient"
103.162.36.154 - - [06/Aug/2024:18:01:12 +0200] "GET /api/vendor/phpunit/phpunit/src/Util/PHP/eval-stdin.php HTTP/1.1" 404 399 "-" "Custom-AsyncHttpClient"
103.162.36.154 - - [06/Aug/2024:18:01:13 +0200] "GET /demo/vendor/phpunit/phpunit/src/Util/PHP/eval-stdin.php HTTP/1.1" 404 400 "-" "Custom-AsyncHttpClient"
103.162.36.154 - - [06/Aug/2024:18:01:14 +0200] "GET /cms/vendor/phpunit/phpunit/src/Util/PHP/eval-stdin.php HTTP/1.1" 404 399 "-" "Custom-AsyncHttpClient"
103.162.36.154 - - [06/Aug/2024:18:01:15 +0200] "GET /crm/vendor/phpunit/phpunit/src/Util/PHP/eval-stdin.php HTTP/1.1" 404 399 "-" "Custom-AsyncHttpClient"
103.162.36.154 - - [06/Aug/2024:18:01:16 +0200] "GET /admin/vendor/phpunit/phpunit/src/Util/PHP/eval-stdin.php HTTP/1.1" 404 401 "-" "Custom-AsyncHttpClient"
103.162.36.154 - - [06/Aug/2024:18:01:18 +0200] "GET /backup/vendor/phpunit/phpunit/src/Util/PHP/eval-stdin.php HTTP/1.1" 404 402 "-" "Custom-AsyncHttpClient"
103.162.36.154 - - [06/Aug/2024:18:01:19 +0200] "GET /blog/vendor/phpunit/phpunit/src/Util/PHP/eval-stdin.php HTTP/1.1" 404 400 "-" "Custom-AsyncHttpClient"
103.162.36.154 - - [06/Aug/2024:18:01:19 +0200] "GET /workspace/drupal/vendor/phpunit/phpunit/src/Util/PHP/eval-stdin.php HTTP/1.1" 404 412 "-" "Custom-AsyncHttpClient"
103.162.36.154 - - [06/Aug/2024:18:01:20 +0200] "GET /panel/vendor/phpunit/phpunit/src/Util/PHP/eval-stdin.php HTTP/1.1" 404 401 "-" "Custom-AsyncHttpClient"
103.162.36.154 - - [06/Aug/2024:18:01:21 +0200] "GET /public/vendor/phpunit/phpunit/src/Util/PHP/eval-stdin.php HTTP/1.1" 404 402 "-" "Custom-AsyncHttpClient"
103.162.36.154 - - [06/Aug/2024:18:01:22 +0200] "GET /apps/vendor/phpunit/phpunit/src/Util/PHP/eval-stdin.php HTTP/1.1" 404 400 "-" "Custom-AsyncHttpClient"
103.162.36.154 - - [06/Aug/2024:18:01:23 +0200] "GET /app/vendor/phpunit/phpunit/src/Util/PHP/eval-stdin.php HTTP/1.1" 404 399 "-" "Custom-AsyncHttpClient"
103.162.36.154 - - [06/Aug/2024:18:01:23 +0200] "GET /index.php?s=/index/\\think\\app/invokefunction&function=call_user_func_array&vars[0]=md5&vars[1][]=Hello HTTP/1.1" 200 423 "-" "Custom-AsyncHttpClient"
103.162.36.154 - - [06/Aug/2024:18:01:24 +0200] "GET /public/index.php?s=/index/\\think\\app/invokefunction&function=call_user_func_array&vars[0]=md5&vars[1][]=Hello HTTP/1.1" 404 361 "-" "Custom-AsyncHttpClient"
103.162.36.154 - - [06/Aug/2024:18:01:25 +0200] "GET /index.php?lang=../../../../../../../../usr/local/lib/php/pearcmd&+config-create+/&/+/tmp/index1.php HTTP/1.1" 200 423 "-" "Custom-AsyncHttpClient"
103.162.36.154 - - [06/Aug/2024:18:01:26 +0200] "GET /index.php?lang=../../../../../../../../tmp/index1 HTTP/1.1" 200 423 "-" "Custom-AsyncHttpClient"
178.115.45.138 - - [06/Aug/2024:18:01:34 +0200] "GET /entry.php?id=10271&&ser=960034 HTTP/1.1" 200 987 "http://hausegger.activities.at/entry.php?id=10271&&ser=959973" "Mozilla/5.0 (Windows NT 10.0; Win64; x64; rv:128.0) Gecko/20100101 Firefox/128.0"
178.115.45.138 - - [06/Aug/2024:18:01:34 +0200] "GET /gui/javascript/form_form.js?1722960094 HTTP/1.1" 200 16206 "http://hausegger.activities.at/entry.php?id=10271&&ser=960034" "Mozilla/5.0 (Windows NT 10.0; Win64; x64; rv:128.0) Gecko/20100101 Firefox/128.0"
178.115.45.138 - - [06/Aug/2024:18:02:34 +0200] "GET /entry.php?id=10271&&ser=960094 HTTP/1.1" 200 987 "http://hausegger.activities.at/entry.php?id=10271&&ser=960034" "Mozilla/5.0 (Windows NT 10.0; Win64; x64; rv:128.0) Gecko/20100101 Firefox/128.0"
178.115.45.138 - - [06/Aug/2024:18:02:34 +0200] "GET /gui/javascript/form_form.js?1722960154 HTTP/1.1" 200 16206 "http://hausegger.activities.at/entry.php?id=10271&&ser=960094" "Mozilla/5.0 (Windows NT 10.0; Win64; x64; rv:128.0) Gecko/20100101 Firefox/128.0"
178.115.45.138 - - [06/Aug/2024:18:03:35 +0200] "GET /entry.php?id=10271&&ser=960154 HTTP/1.1" 200 987 "http://hausegger.activities.at/entry.php?id=10271&&ser=960094" "Mozilla/5.0 (Windows NT 10.0; Win64; x64; rv:128.0) Gecko/20100101 Firefox/128.0"
178.115.45.138 - - [06/Aug/2024:18:03:35 +0200] "GET /gui/javascript/form_form.js?1722960215 HTTP/1.1" 200 16206 "http://hausegger.activities.at/entry.php?id=10271&&ser=960154" "Mozilla/5.0 (Windows NT 10.0; Win64; x64; rv:128.0) Gecko/20100101 Firefox/128.0"
178.115.45.138 - - [06/Aug/2024:18:04:35 +0200] "GET /entry.php?id=10271&&ser=960215 HTTP/1.1" 200 986 "http://hausegger.activities.at/entry.php?id=10271&&ser=960154" "Mozilla/5.0 (Windows NT 10.0; Win64; x64; rv:128.0) Gecko/20100101 Firefox/128.0"
178.115.45.138 - - [06/Aug/2024:18:04:35 +0200] "GET /gui/javascript/form_form.js?1722960275 HTTP/1.1" 200 16206 "http://hausegger.activities.at/entry.php?id=10271&&ser=960215" "Mozilla/5.0 (Windows NT 10.0; Win64; x64; rv:128.0) Gecko/20100101 Firefox/128.0"
156.59.198.135 - - [06/Aug/2024:18:04:56 +0200] "GET /renault.activities.at/htdocs/log/cron/system_mail_3115041.txt HTTP/1.0" 404 320 "-" "Mozilla/5.0 (Linux; Android 5.0) AppleWebKit/537.36 (KHTML, like Gecko) Mobile Safari/537.36 (compatible; Bytespider; spider-feedback@bytedance.com)"
17.241.219.6 - - [06/Aug/2024:18:05:10 +0200] "GET /viewtopic.php?p=3919 HTTP/1.1" 404 295 "-" "Mozilla/5.0 (Macintosh; Intel Mac OS X 10_15_7) AppleWebKit/605.1.15 (KHTML, like Gecko) Version/17.4 Safari/605.1.15 (Applebot/0.1; +http://www.apple.com/go/applebot)"
178.115.45.138 - - [06/Aug/2024:18:05:35 +0200] "GET /entry.php?id=10271&&ser=960275 HTTP/1.1" 200 987 "http://hausegger.activities.at/entry.php?id=10271&&ser=960215" "Mozilla/5.0 (Windows NT 10.0; Win64; x64; rv:128.0) Gecko/20100101 Firefox/128.0"
178.115.45.138 - - [06/Aug/2024:18:05:35 +0200] "GET /gui/javascript/form_form.js?1722960335 HTTP/1.1" 200 16206 "http://hausegger.activities.at/entry.php?id=10271&&ser=960275" "Mozilla/5.0 (Windows NT 10.0; Win64; x64; rv:128.0) Gecko/20100101 Firefox/128.0"
185.191.126.213 - - [06/Aug/2024:18:06:35 +0200] "GET / HTTP/1.1" 200 423 "-" "-"
178.115.45.138 - - [06/Aug/2024:18:06:35 +0200] "GET /entry.php?id=10271&&ser=960335 HTTP/1.1" 200 987 "http://hausegger.activities.at/entry.php?id=10271&&ser=960275" "Mozilla/5.0 (Windows NT 10.0; Win64; x64; rv:128.0) Gecko/20100101 Firefox/128.0"
178.115.45.138 - - [06/Aug/2024:18:06:35 +0200] "GET /gui/javascript/form_form.js?1722960395 HTTP/1.1" 200 16206 "http://hausegger.activities.at/entry.php?id=10271&&ser=960335" "Mozilla/5.0 (Windows NT 10.0; Win64; x64; rv:128.0) Gecko/20100101 Firefox/128.0"
178.115.45.138 - - [06/Aug/2024:18:07:36 +0200] "GET /entry.php?id=10271&&ser=960395 HTTP/1.1" 200 987 "http://hausegger.activities.at/entry.php?id=10271&&ser=960335" "Mozilla/5.0 (Windows NT 10.0; Win64; x64; rv:128.0) Gecko/20100101 Firefox/128.0"
178.115.45.138 - - [06/Aug/2024:18:07:36 +0200] "GET /gui/javascript/form_form.js?1722960456 HTTP/1.1" 200 16206 "http://hausegger.activities.at/entry.php?id=10271&&ser=960395" "Mozilla/5.0 (Windows NT 10.0; Win64; x64; rv:128.0) Gecko/20100101 Firefox/128.0"
156.59.198.136 - - [06/Aug/2024:18:08:18 +0200] "GET /renault.activities.at/htdocs/export/xml/data/orders/202103120903_RenOrder.xml HTTP/1.0" 404 328 "-" "Mozilla/5.0 (Linux; Android 5.0) AppleWebKit/537.36 (KHTML, like Gecko) Mobile Safari/537.36 (compatible; Bytespider; spider-feedback@bytedance.com)"
178.115.45.138 - - [06/Aug/2024:18:08:36 +0200] "GET /entry.php?id=10271&&ser=960456 HTTP/1.1" 200 987 "http://hausegger.activities.at/entry.php?id=10271&&ser=960395" "Mozilla/5.0 (Windows NT 10.0; Win64; x64; rv:128.0) Gecko/20100101 Firefox/128.0"
178.115.45.138 - - [06/Aug/2024:18:08:36 +0200] "GET /gui/javascript/form_form.js?1722960516 HTTP/1.1" 200 16206 "http://hausegger.activities.at/entry.php?id=10271&&ser=960456" "Mozilla/5.0 (Windows NT 10.0; Win64; x64; rv:128.0) Gecko/20100101 Firefox/128.0"
178.115.45.138 - - [06/Aug/2024:18:09:36 +0200] "GET /entry.php?id=10271&&ser=960516 HTTP/1.1" 200 987 "http://hausegger.activities.at/entry.php?id=10271&&ser=960456" "Mozilla/5.0 (Windows NT 10.0; Win64; x64; rv:128.0) Gecko/20100101 Firefox/128.0"
178.115.45.138 - - [06/Aug/2024:18:09:36 +0200] "GET /gui/javascript/form_form.js?1722960576 HTTP/1.1" 200 16206 "http://hausegger.activities.at/entry.php?id=10271&&ser=960516" "Mozilla/5.0 (Windows NT 10.0; Win64; x64; rv:128.0) Gecko/20100101 Firefox/128.0"
156.59.198.136 - - [06/Aug/2024:18:09:51 +0200] "GET /renault.activities.at/htdocs/export/pdf/emuc_document/10742434.pdf HTTP/1.0" 404 322 "-" "Mozilla/5.0 (Linux; Android 5.0) AppleWebKit/537.36 (KHTML, like Gecko) Mobile Safari/537.36 (compatible; Bytespider; spider-feedback@bytedance.com)"
178.115.45.138 - - [06/Aug/2024:18:10:36 +0200] "GET /entry.php?id=10271&&ser=960576 HTTP/1.1" 200 987 "http://hausegger.activities.at/entry.php?id=10271&&ser=960516" "Mozilla/5.0 (Windows NT 10.0; Win64; x64; rv:128.0) Gecko/20100101 Firefox/128.0"
178.115.45.138 - - [06/Aug/2024:18:10:36 +0200] "GET /gui/javascript/form_form.js?1722960636 HTTP/1.1" 200 16206 "http://hausegger.activities.at/entry.php?id=10271&&ser=960576" "Mozilla/5.0 (Windows NT 10.0; Win64; x64; rv:128.0) Gecko/20100101 Firefox/128.0"
178.115.45.138 - - [06/Aug/2024:18:11:37 +0200] "GET /entry.php?id=10271&&ser=960636 HTTP/1.1" 200 986 "http://hausegger.activities.at/entry.php?id=10271&&ser=960576" "Mozilla/5.0 (Windows NT 10.0; Win64; x64; rv:128.0) Gecko/20100101 Firefox/128.0"
178.115.45.138 - - [06/Aug/2024:18:11:37 +0200] "GET /gui/javascript/form_form.js?1722960697 HTTP/1.1" 200 16206 "http://hausegger.activities.at/entry.php?id=10271&&ser=960636" "Mozilla/5.0 (Windows NT 10.0; Win64; x64; rv:128.0) Gecko/20100101 Firefox/128.0"
178.115.45.138 - - [06/Aug/2024:18:12:37 +0200] "GET /entry.php?id=10271&&ser=960697 HTTP/1.1" 200 987 "http://hausegger.activities.at/entry.php?id=10271&&ser=960636" "Mozilla/5.0 (Windows NT 10.0; Win64; x64; rv:128.0) Gecko/20100101 Firefox/128.0"
178.115.45.138 - - [06/Aug/2024:18:12:37 +0200] "GET /gui/javascript/form_form.js?1722960757 HTTP/1.1" 200 16206 "http://hausegger.activities.at/entry.php?id=10271&&ser=960697" "Mozilla/5.0 (Windows NT 10.0; Win64; x64; rv:128.0) Gecko/20100101 Firefox/128.0"
178.115.45.138 - - [06/Aug/2024:18:13:37 +0200] "GET /entry.php?id=10271&&ser=960757 HTTP/1.1" 200 987 "http://hausegger.activities.at/entry.php?id=10271&&ser=960697" "Mozilla/5.0 (Windows NT 10.0; Win64; x64; rv:128.0) Gecko/20100101 Firefox/128.0"
178.115.45.138 - - [06/Aug/2024:18:13:37 +0200] "GET /gui/javascript/form_form.js?1722960817 HTTP/1.1" 200 16206 "http://hausegger.activities.at/entry.php?id=10271&&ser=960757" "Mozilla/5.0 (Windows NT 10.0; Win64; x64; rv:128.0) Gecko/20100101 Firefox/128.0"
156.59.198.136 - - [06/Aug/2024:18:14:11 +0200] "GET /renault.activities.at/htdocs/log/cron/reminder_mailing_3116075.txt HTTP/1.0" 404 323 "-" "Mozilla/5.0 (Linux; Android 5.0) AppleWebKit/537.36 (KHTML, like Gecko) Mobile Safari/537.36 (compatible; Bytespider; spider-feedback@bytedance.com)"
47.128.27.195 - - [06/Aug/2024:18:14:33 +0200] "GET /robots.txt HTTP/1.1" 404 284 "-" "Mozilla/5.0 (Linux; Android 5.0) AppleWebKit/537.36 (KHTML, like Gecko) Mobile Safari/537.36 (compatible; Bytespider; spider-feedback@bytedance.com)"
178.115.45.138 - - [06/Aug/2024:18:14:37 +0200] "GET /entry.php?id=10271&&ser=960817 HTTP/1.1" 200 986 "http://hausegger.activities.at/entry.php?id=10271&&ser=960757" "Mozilla/5.0 (Windows NT 10.0; Win64; x64; rv:128.0) Gecko/20100101 Firefox/128.0"
178.115.45.138 - - [06/Aug/2024:18:14:37 +0200] "GET /gui/javascript/form_form.js?1722960877 HTTP/1.1" 200 16206 "http://hausegger.activities.at/entry.php?id=10271&&ser=960817" "Mozilla/5.0 (Windows NT 10.0; Win64; x64; rv:128.0) Gecko/20100101 Firefox/128.0"
156.59.198.136 - - [06/Aug/2024:18:15:13 +0200] "GET /renault.activities.at/htdocs/export/pdf/emuc_document/10668141.pdf HTTP/1.0" 404 321 "-" "Mozilla/5.0 (Linux; Android 5.0) AppleWebKit/537.36 (KHTML, like Gecko) Mobile Safari/537.36 (compatible; Bytespider; spider-feedback@bytedance.com)"
156.59.198.135 - - [06/Aug/2024:18:15:34 +0200] "GET /renault.activities.at/htdocs/log/cron/shipp_Export_Data_3115334.txt HTTP/1.0" 404 325 "-" "Mozilla/5.0 (Linux; Android 5.0) AppleWebKit/537.36 (KHTML, like Gecko) Mobile Safari/537.36 (compatible; Bytespider; spider-feedback@bytedance.com)"
178.115.45.138 - - [06/Aug/2024:18:15:38 +0200] "GET /entry.php?id=10271&&ser=960877 HTTP/1.1" 200 987 "http://hausegger.activities.at/entry.php?id=10271&&ser=960817" "Mozilla/5.0 (Windows NT 10.0; Win64; x64; rv:128.0) Gecko/20100101 Firefox/128.0"
178.115.45.138 - - [06/Aug/2024:18:15:38 +0200] "GET /gui/javascript/form_form.js?1722960938 HTTP/1.1" 200 16206 "http://hausegger.activities.at/entry.php?id=10271&&ser=960877" "Mozilla/5.0 (Windows NT 10.0; Win64; x64; rv:128.0) Gecko/20100101 Firefox/128.0"
178.115.45.138 - - [06/Aug/2024:18:16:38 +0200] "GET /entry.php?id=10271&&ser=960938 HTTP/1.1" 200 987 "http://hausegger.activities.at/entry.php?id=10271&&ser=960877" "Mozilla/5.0 (Windows NT 10.0; Win64; x64; rv:128.0) Gecko/20100101 Firefox/128.0"
178.115.45.138 - - [06/Aug/2024:18:16:38 +0200] "GET /gui/javascript/form_form.js?1722960998 HTTP/1.1" 200 16206 "http://hausegger.activities.at/entry.php?id=10271&&ser=960938" "Mozilla/5.0 (Windows NT 10.0; Win64; x64; rv:128.0) Gecko/20100101 Firefox/128.0"
178.115.45.138 - - [06/Aug/2024:18:17:38 +0200] "GET /entry.php?id=10271&&ser=960998 HTTP/1.1" 200 987 "http://hausegger.activities.at/entry.php?id=10271&&ser=960938" "Mozilla/5.0 (Windows NT 10.0; Win64; x64; rv:128.0) Gecko/20100101 Firefox/128.0"
178.115.45.138 - - [06/Aug/2024:18:17:38 +0200] "GET /gui/javascript/form_form.js?1722961058 HTTP/1.1" 200 16206 "http://hausegger.activities.at/entry.php?id=10271&&ser=960998" "Mozilla/5.0 (Windows NT 10.0; Win64; x64; rv:128.0) Gecko/20100101 Firefox/128.0"
178.115.45.138 - - [06/Aug/2024:18:18:38 +0200] "GET /entry.php?id=10271&&ser=961058 HTTP/1.1" 200 988 "http://hausegger.activities.at/entry.php?id=10271&&ser=960998" "Mozilla/5.0 (Windows NT 10.0; Win64; x64; rv:128.0) Gecko/20100101 Firefox/128.0"
178.115.45.138 - - [06/Aug/2024:18:18:39 +0200] "GET /gui/javascript/form_form.js?1722961119 HTTP/1.1" 200 16206 "http://hausegger.activities.at/entry.php?id=10271&&ser=961058" "Mozilla/5.0 (Windows NT 10.0; Win64; x64; rv:128.0) Gecko/20100101 Firefox/128.0"
178.115.45.138 - - [06/Aug/2024:18:19:39 +0200] "GET /entry.php?id=10271&&ser=961119 HTTP/1.1" 200 987 "http://hausegger.activities.at/entry.php?id=10271&&ser=961058" "Mozilla/5.0 (Windows NT 10.0; Win64; x64; rv:128.0) Gecko/20100101 Firefox/128.0"
178.115.45.138 - - [06/Aug/2024:18:19:39 +0200] "GET /gui/javascript/form_form.js?1722961179 HTTP/1.1" 200 16206 "http://hausegger.activities.at/entry.php?id=10271&&ser=961119" "Mozilla/5.0 (Windows NT 10.0; Win64; x64; rv:128.0) Gecko/20100101 Firefox/128.0"
178.115.45.138 - - [06/Aug/2024:18:20:39 +0200] "GET /entry.php?id=10271&&ser=961179 HTTP/1.1" 200 987 "http://hausegger.activities.at/entry.php?id=10271&&ser=961119" "Mozilla/5.0 (Windows NT 10.0; Win64; x64; rv:128.0) Gecko/20100101 Firefox/128.0"
178.115.45.138 - - [06/Aug/2024:18:20:39 +0200] "GET /gui/javascript/form_form.js?1722961239 HTTP/1.1" 200 16206 "http://hausegger.activities.at/entry.php?id=10271&&ser=961179" "Mozilla/5.0 (Windows NT 10.0; Win64; x64; rv:128.0) Gecko/20100101 Firefox/128.0"
178.115.45.138 - - [06/Aug/2024:18:21:39 +0200] "GET /entry.php?id=10271&&ser=961239 HTTP/1.1" 200 987 "http://hausegger.activities.at/entry.php?id=10271&&ser=961179" "Mozilla/5.0 (Windows NT 10.0; Win64; x64; rv:128.0) Gecko/20100101 Firefox/128.0"
178.115.45.138 - - [06/Aug/2024:18:21:39 +0200] "GET /gui/javascript/form_form.js?1722961299 HTTP/1.1" 200 16206 "http://hausegger.activities.at/entry.php?id=10271&&ser=961239" "Mozilla/5.0 (Windows NT 10.0; Win64; x64; rv:128.0) Gecko/20100101 Firefox/128.0"
178.115.45.138 - - [06/Aug/2024:18:22:40 +0200] "GET /entry.php?id=10271&&ser=961299 HTTP/1.1" 200 987 "http://hausegger.activities.at/entry.php?id=10271&&ser=961239" "Mozilla/5.0 (Windows NT 10.0; Win64; x64; rv:128.0) Gecko/20100101 Firefox/128.0"
178.115.45.138 - - [06/Aug/2024:18:22:40 +0200] "GET /gui/javascript/form_form.js?1722961360 HTTP/1.1" 200 16206 "http://hausegger.activities.at/entry.php?id=10271&&ser=961299" "Mozilla/5.0 (Windows NT 10.0; Win64; x64; rv:128.0) Gecko/20100101 Firefox/128.0"
185.224.128.43 - - [06/Aug/2024:18:22:40 +0200] "GET / HTTP/1.1" 200 274 "-" "Mozilla/5.0 (Windows NT 10.0; Win64; x64) AppleWebKit/537.36 (KHTML, like Gecko) Chrome/90.0.4430.85 Safari/537.36 Edg/90.0.818.46"
178.115.45.138 - - [06/Aug/2024:18:23:41 +0200] "GET /entry.php?id=10271&&ser=961360 HTTP/1.1" 200 986 "http://hausegger.activities.at/entry.php?id=10271&&ser=961299" "Mozilla/5.0 (Windows NT 10.0; Win64; x64; rv:128.0) Gecko/20100101 Firefox/128.0"
178.115.45.138 - - [06/Aug/2024:18:23:41 +0200] "GET /gui/javascript/form_form.js?1722961421 HTTP/1.1" 200 16206 "http://hausegger.activities.at/entry.php?id=10271&&ser=961360" "Mozilla/5.0 (Windows NT 10.0; Win64; x64; rv:128.0) Gecko/20100101 Firefox/128.0"
178.115.45.138 - - [06/Aug/2024:18:24:41 +0200] "GET /entry.php?id=10271&&ser=961421 HTTP/1.1" 200 986 "http://hausegger.activities.at/entry.php?id=10271&&ser=961360" "Mozilla/5.0 (Windows NT 10.0; Win64; x64; rv:128.0) Gecko/20100101 Firefox/128.0"
178.115.45.138 - - [06/Aug/2024:18:24:41 +0200] "GET /gui/javascript/form_form.js?1722961481 HTTP/1.1" 200 16206 "http://hausegger.activities.at/entry.php?id=10271&&ser=961421" "Mozilla/5.0 (Windows NT 10.0; Win64; x64; rv:128.0) Gecko/20100101 Firefox/128.0"
178.115.45.138 - - [06/Aug/2024:18:25:42 +0200] "GET /entry.php?id=10271&&ser=961481 HTTP/1.1" 200 987 "http://hausegger.activities.at/entry.php?id=10271&&ser=961421" "Mozilla/5.0 (Windows NT 10.0; Win64; x64; rv:128.0) Gecko/20100101 Firefox/128.0"
178.115.45.138 - - [06/Aug/2024:18:25:42 +0200] "GET /gui/javascript/form_form.js?1722961542 HTTP/1.1" 200 16206 "http://hausegger.activities.at/entry.php?id=10271&&ser=961481" "Mozilla/5.0 (Windows NT 10.0; Win64; x64; rv:128.0) Gecko/20100101 Firefox/128.0"
178.115.45.138 - - [06/Aug/2024:18:26:42 +0200] "GET /entry.php?id=10271&&ser=961542 HTTP/1.1" 200 987 "http://hausegger.activities.at/entry.php?id=10271&&ser=961481" "Mozilla/5.0 (Windows NT 10.0; Win64; x64; rv:128.0) Gecko/20100101 Firefox/128.0"
178.115.45.138 - - [06/Aug/2024:18:26:42 +0200] "GET /gui/javascript/form_form.js?1722961602 HTTP/1.1" 200 16206 "http://hausegger.activities.at/entry.php?id=10271&&ser=961542" "Mozilla/5.0 (Windows NT 10.0; Win64; x64; rv:128.0) Gecko/20100101 Firefox/128.0"
178.115.45.138 - - [06/Aug/2024:18:27:42 +0200] "GET /entry.php?id=10271&&ser=961602 HTTP/1.1" 200 987 "http://hausegger.activities.at/entry.php?id=10271&&ser=961542" "Mozilla/5.0 (Windows NT 10.0; Win64; x64; rv:128.0) Gecko/20100101 Firefox/128.0"
178.115.45.138 - - [06/Aug/2024:18:27:42 +0200] "GET /gui/javascript/form_form.js?1722961662 HTTP/1.1" 200 16206 "http://hausegger.activities.at/entry.php?id=10271&&ser=961602" "Mozilla/5.0 (Windows NT 10.0; Win64; x64; rv:128.0) Gecko/20100101 Firefox/128.0"
178.115.45.138 - - [06/Aug/2024:18:28:42 +0200] "GET /entry.php?id=10271&&ser=961662 HTTP/1.1" 200 985 "http://hausegger.activities.at/entry.php?id=10271&&ser=961602" "Mozilla/5.0 (Windows NT 10.0; Win64; x64; rv:128.0) Gecko/20100101 Firefox/128.0"
178.115.45.138 - - [06/Aug/2024:18:28:43 +0200] "GET /gui/javascript/form_form.js?1722961722 HTTP/1.1" 200 16206 "http://hausegger.activities.at/entry.php?id=10271&&ser=961662" "Mozilla/5.0 (Windows NT 10.0; Win64; x64; rv:128.0) Gecko/20100101 Firefox/128.0"
178.115.45.138 - - [06/Aug/2024:18:29:43 +0200] "GET /entry.php?id=10271&&ser=961722 HTTP/1.1" 200 987 "http://hausegger.activities.at/entry.php?id=10271&&ser=961662" "Mozilla/5.0 (Windows NT 10.0; Win64; x64; rv:128.0) Gecko/20100101 Firefox/128.0"
178.115.45.138 - - [06/Aug/2024:18:29:43 +0200] "GET /gui/javascript/form_form.js?1722961783 HTTP/1.1" 200 16206 "http://hausegger.activities.at/entry.php?id=10271&&ser=961722" "Mozilla/5.0 (Windows NT 10.0; Win64; x64; rv:128.0) Gecko/20100101 Firefox/128.0"
178.115.45.138 - - [06/Aug/2024:18:30:43 +0200] "GET /entry.php?id=10271&&ser=961783 HTTP/1.1" 200 987 "http://hausegger.activities.at/entry.php?id=10271&&ser=961722" "Mozilla/5.0 (Windows NT 10.0; Win64; x64; rv:128.0) Gecko/20100101 Firefox/128.0"
178.115.45.138 - - [06/Aug/2024:18:30:43 +0200] "GET /gui/javascript/form_form.js?1722961843 HTTP/1.1" 200 16206 "http://hausegger.activities.at/entry.php?id=10271&&ser=961783" "Mozilla/5.0 (Windows NT 10.0; Win64; x64; rv:128.0) Gecko/20100101 Firefox/128.0"
178.115.45.138 - - [06/Aug/2024:18:31:43 +0200] "GET /entry.php?id=10271&&ser=961843 HTTP/1.1" 200 987 "http://hausegger.activities.at/entry.php?id=10271&&ser=961783" "Mozilla/5.0 (Windows NT 10.0; Win64; x64; rv:128.0) Gecko/20100101 Firefox/128.0"
178.115.45.138 - - [06/Aug/2024:18:31:43 +0200] "GET /gui/javascript/form_form.js?1722961903 HTTP/1.1" 200 16206 "http://hausegger.activities.at/entry.php?id=10271&&ser=961843" "Mozilla/5.0 (Windows NT 10.0; Win64; x64; rv:128.0) Gecko/20100101 Firefox/128.0"
156.59.198.135 - - [06/Aug/2024:18:31:50 +0200] "GET /renault.activities.at/htdocs/export/xml/data/orders/201908071703_RenOrder.xml HTTP/1.0" 404 330 "-" "Mozilla/5.0 (Linux; Android 5.0) AppleWebKit/537.36 (KHTML, like Gecko) Mobile Safari/537.36 (compatible; Bytespider; spider-feedback@bytedance.com)"
156.59.198.135 - - [06/Aug/2024:18:32:22 +0200] "GET /renault.activities.at/htdocs/export/pdf/emuc_document/11730110.pdf HTTP/1.0" 404 322 "-" "Mozilla/5.0 (Linux; Android 5.0) AppleWebKit/537.36 (KHTML, like Gecko) Mobile Safari/537.36 (compatible; Bytespider; spider-feedback@bytedance.com)"
178.115.45.138 - - [06/Aug/2024:18:32:43 +0200] "GET /entry.php?id=10271&&ser=961903 HTTP/1.1" 200 987 "http://hausegger.activities.at/entry.php?id=10271&&ser=961843" "Mozilla/5.0 (Windows NT 10.0; Win64; x64; rv:128.0) Gecko/20100101 Firefox/128.0"
178.115.45.138 - - [06/Aug/2024:18:32:44 +0200] "GET /gui/javascript/form_form.js?1722961963 HTTP/1.1" 200 16206 "http://hausegger.activities.at/entry.php?id=10271&&ser=961903" "Mozilla/5.0 (Windows NT 10.0; Win64; x64; rv:128.0) Gecko/20100101 Firefox/128.0"
178.115.45.138 - - [06/Aug/2024:18:33:44 +0200] "GET /entry.php?id=10271&&ser=961963 HTTP/1.1" 200 986 "http://hausegger.activities.at/entry.php?id=10271&&ser=961903" "Mozilla/5.0 (Windows NT 10.0; Win64; x64; rv:128.0) Gecko/20100101 Firefox/128.0"
178.115.45.138 - - [06/Aug/2024:18:33:44 +0200] "GET /gui/javascript/form_form.js?1722962024 HTTP/1.1" 200 16206 "http://hausegger.activities.at/entry.php?id=10271&&ser=961963" "Mozilla/5.0 (Windows NT 10.0; Win64; x64; rv:128.0) Gecko/20100101 Firefox/128.0"
178.115.45.138 - - [06/Aug/2024:18:34:44 +0200] "GET /entry.php?id=10271&&ser=962024 HTTP/1.1" 200 987 "http://hausegger.activities.at/entry.php?id=10271&&ser=961963" "Mozilla/5.0 (Windows NT 10.0; Win64; x64; rv:128.0) Gecko/20100101 Firefox/128.0"
178.115.45.138 - - [06/Aug/2024:18:34:44 +0200] "GET /gui/javascript/form_form.js?1722962084 HTTP/1.1" 200 16206 "http://hausegger.activities.at/entry.php?id=10271&&ser=962024" "Mozilla/5.0 (Windows NT 10.0; Win64; x64; rv:128.0) Gecko/20100101 Firefox/128.0"
156.59.198.135 - - [06/Aug/2024:18:34:56 +0200] "GET /renault.activities.at/htdocs/log/cron/importLogisticData_3115152.txt HTTP/1.0" 404 324 "-" "Mozilla/5.0 (Linux; Android 5.0) AppleWebKit/537.36 (KHTML, like Gecko) Mobile Safari/537.36 (compatible; Bytespider; spider-feedback@bytedance.com)"
156.59.198.136 - - [06/Aug/2024:18:35:28 +0200] "GET /renault.activities.at/htdocs/log/cron/shipp_Export_Data_3116056.txt HTTP/1.0" 404 325 "-" "Mozilla/5.0 (Linux; Android 5.0) AppleWebKit/537.36 (KHTML, like Gecko) Mobile Safari/537.36 (compatible; Bytespider; spider-feedback@bytedance.com)"
178.115.45.138 - - [06/Aug/2024:18:35:44 +0200] "GET /entry.php?id=10271&&ser=962084 HTTP/1.1" 200 987 "http://hausegger.activities.at/entry.php?id=10271&&ser=962024" "Mozilla/5.0 (Windows NT 10.0; Win64; x64; rv:128.0) Gecko/20100101 Firefox/128.0"
178.115.45.138 - - [06/Aug/2024:18:35:44 +0200] "GET /gui/javascript/form_form.js?1722962144 HTTP/1.1" 200 16206 "http://hausegger.activities.at/entry.php?id=10271&&ser=962084" "Mozilla/5.0 (Windows NT 10.0; Win64; x64; rv:128.0) Gecko/20100101 Firefox/128.0"
149.50.103.48 - - [06/Aug/2024:18:36:19 +0200] "GET / HTTP/1.1" 200 423 "-" "-"
178.115.45.138 - - [06/Aug/2024:18:36:45 +0200] "GET /entry.php?id=10271&&ser=962144 HTTP/1.1" 200 987 "http://hausegger.activities.at/entry.php?id=10271&&ser=962084" "Mozilla/5.0 (Windows NT 10.0; Win64; x64; rv:128.0) Gecko/20100101 Firefox/128.0"
178.115.45.138 - - [06/Aug/2024:18:36:45 +0200] "GET /gui/javascript/form_form.js?1722962205 HTTP/1.1" 200 16206 "http://hausegger.activities.at/entry.php?id=10271&&ser=962144" "Mozilla/5.0 (Windows NT 10.0; Win64; x64; rv:128.0) Gecko/20100101 Firefox/128.0"
156.59.198.136 - - [06/Aug/2024:18:36:47 +0200] "GET /renault.activities.at/htdocs/export/pdf/emuc_document/12126828.pdf HTTP/1.0" 404 322 "-" "Mozilla/5.0 (Linux; Android 5.0) AppleWebKit/537.36 (KHTML, like Gecko) Mobile Safari/537.36 (compatible; Bytespider; spider-feedback@bytedance.com)"
178.115.45.138 - - [06/Aug/2024:18:37:45 +0200] "GET /entry.php?id=10271&&ser=962205 HTTP/1.1" 200 987 "http://hausegger.activities.at/entry.php?id=10271&&ser=962144" "Mozilla/5.0 (Windows NT 10.0; Win64; x64; rv:128.0) Gecko/20100101 Firefox/128.0"
