178.115.45.138 - - [08/Aug/2024:10:15:22 +0200] "GET /entry.php?id=10271&&ser=104861 HTTP/1.1" 200 987 "http://hausegger.activities.at/entry.php?id=10271&&ser=104801" "Mozilla/5.0 (Windows NT 10.0; Win64; x64; rv:128.0) Gecko/20100101 Firefox/128.0"
178.115.45.138 - - [08/Aug/2024:10:15:22 +0200] "GET /gui/javascript/form_form.js?1723104922 HTTP/1.1" 200 16206 "http://hausegger.activities.at/entry.php?id=10271&&ser=104861" "Mozilla/5.0 (Windows NT 10.0; Win64; x64; rv:128.0) Gecko/20100101 Firefox/128.0"
178.115.45.138 - - [08/Aug/2024:10:16:22 +0200] "GET /entry.php?id=10271&&ser=104922 HTTP/1.1" 200 987 "http://hausegger.activities.at/entry.php?id=10271&&ser=104861" "Mozilla/5.0 (Windows NT 10.0; Win64; x64; rv:128.0) Gecko/20100101 Firefox/128.0"
178.115.45.138 - - [08/Aug/2024:10:16:22 +0200] "GET /gui/javascript/form_form.js?1723104982 HTTP/1.1" 200 16206 "http://hausegger.activities.at/entry.php?id=10271&&ser=104922" "Mozilla/5.0 (Windows NT 10.0; Win64; x64; rv:128.0) Gecko/20100101 Firefox/128.0"
178.115.45.138 - - [08/Aug/2024:10:17:22 +0200] "GET /entry.php?id=10271&&ser=104982 HTTP/1.1" 200 987 "http://hausegger.activities.at/entry.php?id=10271&&ser=104922" "Mozilla/5.0 (Windows NT 10.0; Win64; x64; rv:128.0) Gecko/20100101 Firefox/128.0"
178.115.45.138 - - [08/Aug/2024:10:17:22 +0200] "GET /gui/javascript/form_form.js?1723105042 HTTP/1.1" 200 16206 "http://hausegger.activities.at/entry.php?id=10271&&ser=104982" "Mozilla/5.0 (Windows NT 10.0; Win64; x64; rv:128.0) Gecko/20100101 Firefox/128.0"
178.115.45.138 - - [08/Aug/2024:10:18:23 +0200] "GET /entry.php?id=10271&&ser=105042 HTTP/1.1" 200 987 "http://hausegger.activities.at/entry.php?id=10271&&ser=104982" "Mozilla/5.0 (Windows NT 10.0; Win64; x64; rv:128.0) Gecko/20100101 Firefox/128.0"
178.115.45.138 - - [08/Aug/2024:10:18:23 +0200] "GET /gui/javascript/form_form.js?1723105103 HTTP/1.1" 200 16206 "http://hausegger.activities.at/entry.php?id=10271&&ser=105042" "Mozilla/5.0 (Windows NT 10.0; Win64; x64; rv:128.0) Gecko/20100101 Firefox/128.0"
178.115.45.138 - - [08/Aug/2024:10:19:23 +0200] "GET /entry.php?id=10271&&ser=105103 HTTP/1.1" 200 987 "http://hausegger.activities.at/entry.php?id=10271&&ser=105042" "Mozilla/5.0 (Windows NT 10.0; Win64; x64; rv:128.0) Gecko/20100101 Firefox/128.0"
178.115.45.138 - - [08/Aug/2024:10:19:23 +0200] "GET /gui/javascript/form_form.js?1723105163 HTTP/1.1" 200 16206 "http://hausegger.activities.at/entry.php?id=10271&&ser=105103" "Mozilla/5.0 (Windows NT 10.0; Win64; x64; rv:128.0) Gecko/20100101 Firefox/128.0"
178.115.45.138 - - [08/Aug/2024:10:20:23 +0200] "GET /entry.php?id=10271&&ser=105163 HTTP/1.1" 200 987 "http://hausegger.activities.at/entry.php?id=10271&&ser=105103" "Mozilla/5.0 (Windows NT 10.0; Win64; x64; rv:128.0) Gecko/20100101 Firefox/128.0"
178.115.45.138 - - [08/Aug/2024:10:20:23 +0200] "GET /gui/javascript/form_form.js?1723105223 HTTP/1.1" 200 16206 "http://hausegger.activities.at/entry.php?id=10271&&ser=105163" "Mozilla/5.0 (Windows NT 10.0; Win64; x64; rv:128.0) Gecko/20100101 Firefox/128.0"
178.115.45.138 - - [08/Aug/2024:10:21:23 +0200] "GET /entry.php?id=10271&&ser=105223 HTTP/1.1" 200 987 "http://hausegger.activities.at/entry.php?id=10271&&ser=105163" "Mozilla/5.0 (Windows NT 10.0; Win64; x64; rv:128.0) Gecko/20100101 Firefox/128.0"
178.115.45.138 - - [08/Aug/2024:10:21:24 +0200] "GET /gui/javascript/form_form.js?1723105284 HTTP/1.1" 200 16206 "http://hausegger.activities.at/entry.php?id=10271&&ser=105223" "Mozilla/5.0 (Windows NT 10.0; Win64; x64; rv:128.0) Gecko/20100101 Firefox/128.0"
178.115.45.138 - - [08/Aug/2024:10:22:24 +0200] "GET /entry.php?id=10271&&ser=105284 HTTP/1.1" 200 987 "http://hausegger.activities.at/entry.php?id=10271&&ser=105223" "Mozilla/5.0 (Windows NT 10.0; Win64; x64; rv:128.0) Gecko/20100101 Firefox/128.0"
178.115.45.138 - - [08/Aug/2024:10:22:24 +0200] "GET /gui/javascript/form_form.js?1723105344 HTTP/1.1" 200 16206 "http://hausegger.activities.at/entry.php?id=10271&&ser=105284" "Mozilla/5.0 (Windows NT 10.0; Win64; x64; rv:128.0) Gecko/20100101 Firefox/128.0"
178.115.45.138 - - [08/Aug/2024:10:23:24 +0200] "GET /entry.php?id=10271&&ser=105344 HTTP/1.1" 200 987 "http://hausegger.activities.at/entry.php?id=10271&&ser=105284" "Mozilla/5.0 (Windows NT 10.0; Win64; x64; rv:128.0) Gecko/20100101 Firefox/128.0"
178.115.45.138 - - [08/Aug/2024:10:23:24 +0200] "GET /gui/javascript/form_form.js?1723105404 HTTP/1.1" 200 16206 "http://hausegger.activities.at/entry.php?id=10271&&ser=105344" "Mozilla/5.0 (Windows NT 10.0; Win64; x64; rv:128.0) Gecko/20100101 Firefox/128.0"
185.191.126.213 - - [08/Aug/2024:10:23:38 +0200] "GET / HTTP/1.1" 200 423 "-" "-"
178.115.45.138 - - [08/Aug/2024:10:24:24 +0200] "GET /entry.php?id=10271&&ser=105404 HTTP/1.1" 200 987 "http://hausegger.activities.at/entry.php?id=10271&&ser=105344" "Mozilla/5.0 (Windows NT 10.0; Win64; x64; rv:128.0) Gecko/20100101 Firefox/128.0"
178.115.45.138 - - [08/Aug/2024:10:24:24 +0200] "GET /gui/javascript/form_form.js?1723105464 HTTP/1.1" 200 16206 "http://hausegger.activities.at/entry.php?id=10271&&ser=105404" "Mozilla/5.0 (Windows NT 10.0; Win64; x64; rv:128.0) Gecko/20100101 Firefox/128.0"
178.115.45.138 - - [08/Aug/2024:10:25:25 +0200] "GET /entry.php?id=10271&&ser=105464 HTTP/1.1" 200 987 "http://hausegger.activities.at/entry.php?id=10271&&ser=105404" "Mozilla/5.0 (Windows NT 10.0; Win64; x64; rv:128.0) Gecko/20100101 Firefox/128.0"
178.115.45.138 - - [08/Aug/2024:10:25:25 +0200] "GET /gui/javascript/form_form.js?1723105525 HTTP/1.1" 200 16206 "http://hausegger.activities.at/entry.php?id=10271&&ser=105464" "Mozilla/5.0 (Windows NT 10.0; Win64; x64; rv:128.0) Gecko/20100101 Firefox/128.0"
185.242.226.80 - - [08/Aug/2024:10:26:23 +0200] "GET / HTTP/1.1" 200 274 "-" "Mozilla/5.0 (Windows NT 10.0; Win64; x64) AppleWebKit/537.36 (KHTML, like Gecko) Chrome/88.0.4324.190 Safari/537.36"
178.115.45.138 - - [08/Aug/2024:10:26:25 +0200] "GET /entry.php?id=10271&&ser=105525 HTTP/1.1" 200 987 "http://hausegger.activities.at/entry.php?id=10271&&ser=105464" "Mozilla/5.0 (Windows NT 10.0; Win64; x64; rv:128.0) Gecko/20100101 Firefox/128.0"
178.115.45.138 - - [08/Aug/2024:10:26:25 +0200] "GET /gui/javascript/form_form.js?1723105585 HTTP/1.1" 200 16206 "http://hausegger.activities.at/entry.php?id=10271&&ser=105525" "Mozilla/5.0 (Windows NT 10.0; Win64; x64; rv:128.0) Gecko/20100101 Firefox/128.0"
178.115.45.138 - - [08/Aug/2024:10:27:25 +0200] "GET /entry.php?id=10271&&ser=105585 HTTP/1.1" 200 987 "http://hausegger.activities.at/entry.php?id=10271&&ser=105525" "Mozilla/5.0 (Windows NT 10.0; Win64; x64; rv:128.0) Gecko/20100101 Firefox/128.0"
178.115.45.138 - - [08/Aug/2024:10:27:25 +0200] "GET /gui/javascript/form_form.js?1723105645 HTTP/1.1" 200 16206 "http://hausegger.activities.at/entry.php?id=10271&&ser=105585" "Mozilla/5.0 (Windows NT 10.0; Win64; x64; rv:128.0) Gecko/20100101 Firefox/128.0"
46.174.191.32 - - [08/Aug/2024:10:28:24 +0200] "GET / HTTP/1.0" 200 423 "-" "Mozilla/5.0 (Windows NT 6.1; WOW64; Trident/7.0; AS; rv:11.0) like Gecko"
178.115.45.138 - - [08/Aug/2024:10:28:26 +0200] "GET /entry.php?id=10271&&ser=105645 HTTP/1.1" 200 987 "http://hausegger.activities.at/entry.php?id=10271&&ser=105585" "Mozilla/5.0 (Windows NT 10.0; Win64; x64; rv:128.0) Gecko/20100101 Firefox/128.0"
178.115.45.138 - - [08/Aug/2024:10:28:26 +0200] "GET /gui/javascript/form_form.js?1723105706 HTTP/1.1" 200 16206 "http://hausegger.activities.at/entry.php?id=10271&&ser=105645" "Mozilla/5.0 (Windows NT 10.0; Win64; x64; rv:128.0) Gecko/20100101 Firefox/128.0"
178.115.45.138 - - [08/Aug/2024:10:29:26 +0200] "GET /entry.php?id=10271&&ser=105706 HTTP/1.1" 200 987 "http://hausegger.activities.at/entry.php?id=10271&&ser=105645" "Mozilla/5.0 (Windows NT 10.0; Win64; x64; rv:128.0) Gecko/20100101 Firefox/128.0"
178.115.45.138 - - [08/Aug/2024:10:29:26 +0200] "GET /gui/javascript/form_form.js?1723105766 HTTP/1.1" 200 16206 "http://hausegger.activities.at/entry.php?id=10271&&ser=105706" "Mozilla/5.0 (Windows NT 10.0; Win64; x64; rv:128.0) Gecko/20100101 Firefox/128.0"
178.115.45.138 - - [08/Aug/2024:10:30:26 +0200] "GET /entry.php?id=10271&&ser=105766 HTTP/1.1" 200 987 "http://hausegger.activities.at/entry.php?id=10271&&ser=105706" "Mozilla/5.0 (Windows NT 10.0; Win64; x64; rv:128.0) Gecko/20100101 Firefox/128.0"
178.115.45.138 - - [08/Aug/2024:10:30:26 +0200] "GET /gui/javascript/form_form.js?1723105826 HTTP/1.1" 200 16206 "http://hausegger.activities.at/entry.php?id=10271&&ser=105766" "Mozilla/5.0 (Windows NT 10.0; Win64; x64; rv:128.0) Gecko/20100101 Firefox/128.0"
178.115.45.138 - - [08/Aug/2024:10:31:27 +0200] "GET /entry.php?id=10271&&ser=105826 HTTP/1.1" 200 987 "http://hausegger.activities.at/entry.php?id=10271&&ser=105766" "Mozilla/5.0 (Windows NT 10.0; Win64; x64; rv:128.0) Gecko/20100101 Firefox/128.0"
178.115.45.138 - - [08/Aug/2024:10:31:27 +0200] "GET /gui/javascript/form_form.js?1723105887 HTTP/1.1" 200 16206 "http://hausegger.activities.at/entry.php?id=10271&&ser=105826" "Mozilla/5.0 (Windows NT 10.0; Win64; x64; rv:128.0) Gecko/20100101 Firefox/128.0"
178.115.45.138 - - [08/Aug/2024:10:32:27 +0200] "GET /entry.php?id=10271&&ser=105887 HTTP/1.1" 200 987 "http://hausegger.activities.at/entry.php?id=10271&&ser=105826" "Mozilla/5.0 (Windows NT 10.0; Win64; x64; rv:128.0) Gecko/20100101 Firefox/128.0"
178.115.45.138 - - [08/Aug/2024:10:32:27 +0200] "GET /gui/javascript/form_form.js?1723105947 HTTP/1.1" 200 16206 "http://hausegger.activities.at/entry.php?id=10271&&ser=105887" "Mozilla/5.0 (Windows NT 10.0; Win64; x64; rv:128.0) Gecko/20100101 Firefox/128.0"
178.115.45.138 - - [08/Aug/2024:10:33:27 +0200] "GET /entry.php?id=10271&&ser=105947 HTTP/1.1" 200 987 "http://hausegger.activities.at/entry.php?id=10271&&ser=105887" "Mozilla/5.0 (Windows NT 10.0; Win64; x64; rv:128.0) Gecko/20100101 Firefox/128.0"
178.115.45.138 - - [08/Aug/2024:10:33:27 +0200] "GET /gui/javascript/form_form.js?1723106007 HTTP/1.1" 200 16206 "http://hausegger.activities.at/entry.php?id=10271&&ser=105947" "Mozilla/5.0 (Windows NT 10.0; Win64; x64; rv:128.0) Gecko/20100101 Firefox/128.0"
156.59.198.136 - - [08/Aug/2024:10:33:38 +0200] "GET /renault.activities.at/htdocs/export/pdf/emuc_document/11482904.pdf HTTP/1.0" 404 321 "-" "Mozilla/5.0 (Linux; Android 5.0) AppleWebKit/537.36 (KHTML, like Gecko) Mobile Safari/537.36 (compatible; Bytespider; spider-feedback@bytedance.com)"
156.59.198.136 - - [08/Aug/2024:10:34:00 +0200] "GET /renault.activities.at/htdocs/log/cron/exportXML_3116361.txt HTTP/1.0" 404 320 "-" "Mozilla/5.0 (Linux; Android 5.0) AppleWebKit/537.36 (KHTML, like Gecko) Mobile Safari/537.36 (compatible; Bytespider; spider-feedback@bytedance.com)"
178.115.45.138 - - [08/Aug/2024:10:34:27 +0200] "GET /entry.php?id=10271&&ser=106007 HTTP/1.1" 200 988 "http://hausegger.activities.at/entry.php?id=10271&&ser=105947" "Mozilla/5.0 (Windows NT 10.0; Win64; x64; rv:128.0) Gecko/20100101 Firefox/128.0"
178.115.45.138 - - [08/Aug/2024:10:34:28 +0200] "GET /gui/javascript/form_form.js?1723106068 HTTP/1.1" 200 16206 "http://hausegger.activities.at/entry.php?id=10271&&ser=106007" "Mozilla/5.0 (Windows NT 10.0; Win64; x64; rv:128.0) Gecko/20100101 Firefox/128.0"
156.59.198.135 - - [08/Aug/2024:10:35:04 +0200] "GET /renault.activities.at/htdocs/log/cron/importLogisticData_3115687.txt HTTP/1.0" 404 325 "-" "Mozilla/5.0 (Linux; Android 5.0) AppleWebKit/537.36 (KHTML, like Gecko) Mobile Safari/537.36 (compatible; Bytespider; spider-feedback@bytedance.com)"
185.242.226.10 - - [08/Aug/2024:10:35:26 +0200] "GET / HTTP/1.1" 200 274 "-" "Mozilla/5.0 (Windows NT 10.0; Win64; x64) AppleWebKit/537.36 (KHTML, like Gecko) Chrome/88.0.4324.190 Safari/537.36"
178.115.45.138 - - [08/Aug/2024:10:35:28 +0200] "GET /entry.php?id=10271&&ser=106067 HTTP/1.1" 200 987 "http://hausegger.activities.at/entry.php?id=10271&&ser=106007" "Mozilla/5.0 (Windows NT 10.0; Win64; x64; rv:128.0) Gecko/20100101 Firefox/128.0"
178.115.45.138 - - [08/Aug/2024:10:35:28 +0200] "GET /gui/javascript/form_form.js?1723106128 HTTP/1.1" 200 16206 "http://hausegger.activities.at/entry.php?id=10271&&ser=106067" "Mozilla/5.0 (Windows NT 10.0; Win64; x64; rv:128.0) Gecko/20100101 Firefox/128.0"
167.94.146.57 - - [08/Aug/2024:10:35:42 +0200] "GET / HTTP/1.1" 200 423 "-" "-"
167.94.146.57 - - [08/Aug/2024:10:35:45 +0200] "GET / HTTP/1.1" 200 274 "-" "Mozilla/5.0 (compatible; CensysInspect/1.1; +https://about.censys.io/)"
167.94.146.57 - - [08/Aug/2024:10:35:45 +0200] "GET /activities.ico HTTP/1.1" 200 1406 "-" "Mozilla/5.0 (compatible; CensysInspect/1.1; +https://about.censys.io/)"
167.94.146.57 - - [08/Aug/2024:10:35:45 +0200] "GET /favicon.ico HTTP/1.1" 404 284 "-" "Mozilla/5.0 (compatible; CensysInspect/1.1; +https://about.censys.io/)"
167.94.146.57 - - [08/Aug/2024:10:35:45 +0200] "PRI * HTTP/2.0" 400 383 "-" "-"
178.115.45.138 - - [08/Aug/2024:10:36:28 +0200] "GET /entry.php?id=10271&&ser=106128 HTTP/1.1" 200 986 "http://hausegger.activities.at/entry.php?id=10271&&ser=106067" "Mozilla/5.0 (Windows NT 10.0; Win64; x64; rv:128.0) Gecko/20100101 Firefox/128.0"
178.115.45.138 - - [08/Aug/2024:10:36:28 +0200] "GET /gui/javascript/form_form.js?1723106188 HTTP/1.1" 200 16206 "http://hausegger.activities.at/entry.php?id=10271&&ser=106128" "Mozilla/5.0 (Windows NT 10.0; Win64; x64; rv:128.0) Gecko/20100101 Firefox/128.0"
149.50.103.48 - - [08/Aug/2024:10:36:35 +0200] "GET / HTTP/1.1" 200 423 "-" "-"
178.115.45.138 - - [08/Aug/2024:10:37:28 +0200] "GET /entry.php?id=10271&&ser=106188 HTTP/1.1" 200 987 "http://hausegger.activities.at/entry.php?id=10271&&ser=106128" "Mozilla/5.0 (Windows NT 10.0; Win64; x64; rv:128.0) Gecko/20100101 Firefox/128.0"
178.115.45.138 - - [08/Aug/2024:10:37:29 +0200] "GET /gui/javascript/form_form.js?1723106248 HTTP/1.1" 200 16206 "http://hausegger.activities.at/entry.php?id=10271&&ser=106188" "Mozilla/5.0 (Windows NT 10.0; Win64; x64; rv:128.0) Gecko/20100101 Firefox/128.0"
178.115.45.138 - - [08/Aug/2024:10:38:29 +0200] "GET /entry.php?id=10271&&ser=106248 HTTP/1.1" 200 987 "http://hausegger.activities.at/entry.php?id=10271&&ser=106188" "Mozilla/5.0 (Windows NT 10.0; Win64; x64; rv:128.0) Gecko/20100101 Firefox/128.0"
178.115.45.138 - - [08/Aug/2024:10:38:29 +0200] "GET /gui/javascript/form_form.js?1723106309 HTTP/1.1" 200 16206 "http://hausegger.activities.at/entry.php?id=10271&&ser=106248" "Mozilla/5.0 (Windows NT 10.0; Win64; x64; rv:128.0) Gecko/20100101 Firefox/128.0"
156.59.198.135 - - [08/Aug/2024:10:39:00 +0200] "GET /renault.activities.at/htdocs/export/pdf/emuc_document/11724639.pdf HTTP/1.0" 404 323 "-" "Mozilla/5.0 (Linux; Android 5.0) AppleWebKit/537.36 (KHTML, like Gecko) Mobile Safari/537.36 (compatible; Bytespider; spider-feedback@bytedance.com)"
156.59.198.136 - - [08/Aug/2024:10:39:21 +0200] "GET /renault.activities.at/htdocs/export/pdf/emuc_document/10963657.pdf HTTP/1.0" 404 323 "-" "Mozilla/5.0 (Linux; Android 5.0) AppleWebKit/537.36 (KHTML, like Gecko) Mobile Safari/537.36 (compatible; Bytespider; spider-feedback@bytedance.com)"
178.115.45.138 - - [08/Aug/2024:10:39:29 +0200] "GET /entry.php?id=10271&&ser=106309 HTTP/1.1" 200 986 "http://hausegger.activities.at/entry.php?id=10271&&ser=106248" "Mozilla/5.0 (Windows NT 10.0; Win64; x64; rv:128.0) Gecko/20100101 Firefox/128.0"
178.115.45.138 - - [08/Aug/2024:10:39:29 +0200] "GET /gui/javascript/form_form.js?1723106369 HTTP/1.1" 200 16206 "http://hausegger.activities.at/entry.php?id=10271&&ser=106309" "Mozilla/5.0 (Windows NT 10.0; Win64; x64; rv:128.0) Gecko/20100101 Firefox/128.0"
156.59.198.136 - - [08/Aug/2024:10:39:42 +0200] "GET /renault.activities.at/htdocs/export/xml/data/orders/202105311003_RenOrder.xml HTTP/1.0" 404 328 "-" "Mozilla/5.0 (Linux; Android 5.0) AppleWebKit/537.36 (KHTML, like Gecko) Mobile Safari/537.36 (compatible; Bytespider; spider-feedback@bytedance.com)"
178.115.45.138 - - [08/Aug/2024:10:40:29 +0200] "GET /entry.php?id=10271&&ser=106369 HTTP/1.1" 200 987 "http://hausegger.activities.at/entry.php?id=10271&&ser=106309" "Mozilla/5.0 (Windows NT 10.0; Win64; x64; rv:128.0) Gecko/20100101 Firefox/128.0"
178.115.45.138 - - [08/Aug/2024:10:40:29 +0200] "GET /gui/javascript/form_form.js?1723106429 HTTP/1.1" 200 16206 "http://hausegger.activities.at/entry.php?id=10271&&ser=106369" "Mozilla/5.0 (Windows NT 10.0; Win64; x64; rv:128.0) Gecko/20100101 Firefox/128.0"
156.59.198.136 - - [08/Aug/2024:10:41:23 +0200] "GET /renault.activities.at/htdocs/export/xml/data/orders/202107021203_RenOrder.xml HTTP/1.0" 404 328 "-" "Mozilla/5.0 (Linux; Android 5.0) AppleWebKit/537.36 (KHTML, like Gecko) Mobile Safari/537.36 (compatible; Bytespider; spider-feedback@bytedance.com)"
178.115.45.138 - - [08/Aug/2024:10:41:30 +0200] "GET /entry.php?id=10271&&ser=106429 HTTP/1.1" 200 987 "http://hausegger.activities.at/entry.php?id=10271&&ser=106369" "Mozilla/5.0 (Windows NT 10.0; Win64; x64; rv:128.0) Gecko/20100101 Firefox/128.0"
178.115.45.138 - - [08/Aug/2024:10:41:30 +0200] "GET /gui/javascript/form_form.js?1723106490 HTTP/1.1" 200 16206 "http://hausegger.activities.at/entry.php?id=10271&&ser=106429" "Mozilla/5.0 (Windows NT 10.0; Win64; x64; rv:128.0) Gecko/20100101 Firefox/128.0"
211.233.24.7 - - [08/Aug/2024:10:41:57 +0200] "GET /manager/html HTTP/1.1" 404 283 "-" "python-requests/2.27.1"
156.59.198.136 - - [08/Aug/2024:10:42:18 +0200] "GET /renault.activities.at/htdocs/export/pdf/emuc_document/11659735.pdf HTTP/1.0" 404 322 "-" "Mozilla/5.0 (Linux; Android 5.0) AppleWebKit/537.36 (KHTML, like Gecko) Mobile Safari/537.36 (compatible; Bytespider; spider-feedback@bytedance.com)"
178.115.45.138 - - [08/Aug/2024:10:42:30 +0200] "GET /entry.php?id=10271&&ser=106490 HTTP/1.1" 200 987 "http://hausegger.activities.at/entry.php?id=10271&&ser=106429" "Mozilla/5.0 (Windows NT 10.0; Win64; x64; rv:128.0) Gecko/20100101 Firefox/128.0"
178.115.45.138 - - [08/Aug/2024:10:42:30 +0200] "GET /gui/javascript/form_form.js?1723106550 HTTP/1.1" 200 16206 "http://hausegger.activities.at/entry.php?id=10271&&ser=106490" "Mozilla/5.0 (Windows NT 10.0; Win64; x64; rv:128.0) Gecko/20100101 Firefox/128.0"
4.246.247.168 - - [08/Aug/2024:10:42:54 +0200] "MGLNDD_212.69.160.11_80" 400 383 "-" "-"
178.115.45.138 - - [08/Aug/2024:10:43:30 +0200] "GET /entry.php?id=10271&&ser=106550 HTTP/1.1" 200 987 "http://hausegger.activities.at/entry.php?id=10271&&ser=106490" "Mozilla/5.0 (Windows NT 10.0; Win64; x64; rv:128.0) Gecko/20100101 Firefox/128.0"
178.115.45.138 - - [08/Aug/2024:10:43:30 +0200] "GET /gui/javascript/form_form.js?1723106610 HTTP/1.1" 200 16206 "http://hausegger.activities.at/entry.php?id=10271&&ser=106550" "Mozilla/5.0 (Windows NT 10.0; Win64; x64; rv:128.0) Gecko/20100101 Firefox/128.0"
178.115.45.138 - - [08/Aug/2024:10:44:30 +0200] "GET /entry.php?id=10271&&ser=106610 HTTP/1.1" 200 986 "http://hausegger.activities.at/entry.php?id=10271&&ser=106550" "Mozilla/5.0 (Windows NT 10.0; Win64; x64; rv:128.0) Gecko/20100101 Firefox/128.0"
178.115.45.138 - - [08/Aug/2024:10:44:31 +0200] "GET /gui/javascript/form_form.js?1723106671 HTTP/1.1" 200 16206 "http://hausegger.activities.at/entry.php?id=10271&&ser=106610" "Mozilla/5.0 (Windows NT 10.0; Win64; x64; rv:128.0) Gecko/20100101 Firefox/128.0"
178.115.45.138 - - [08/Aug/2024:10:45:31 +0200] "GET /entry.php?id=10271&&ser=106671 HTTP/1.1" 200 986 "http://hausegger.activities.at/entry.php?id=10271&&ser=106610" "Mozilla/5.0 (Windows NT 10.0; Win64; x64; rv:128.0) Gecko/20100101 Firefox/128.0"
178.115.45.138 - - [08/Aug/2024:10:45:31 +0200] "GET /gui/javascript/form_form.js?1723106731 HTTP/1.1" 200 16206 "http://hausegger.activities.at/entry.php?id=10271&&ser=106671" "Mozilla/5.0 (Windows NT 10.0; Win64; x64; rv:128.0) Gecko/20100101 Firefox/128.0"
178.115.45.138 - - [08/Aug/2024:10:46:31 +0200] "GET /entry.php?id=10271&&ser=106731 HTTP/1.1" 200 986 "http://hausegger.activities.at/entry.php?id=10271&&ser=106671" "Mozilla/5.0 (Windows NT 10.0; Win64; x64; rv:128.0) Gecko/20100101 Firefox/128.0"
178.115.45.138 - - [08/Aug/2024:10:46:31 +0200] "GET /gui/javascript/form_form.js?1723106791 HTTP/1.1" 200 16206 "http://hausegger.activities.at/entry.php?id=10271&&ser=106731" "Mozilla/5.0 (Windows NT 10.0; Win64; x64; rv:128.0) Gecko/20100101 Firefox/128.0"
156.59.198.135 - - [08/Aug/2024:10:47:04 +0200] "GET /renault.activities.at/htdocs/export/pdf/emuc_document/11038656.pdf HTTP/1.0" 404 322 "-" "Mozilla/5.0 (Linux; Android 5.0) AppleWebKit/537.36 (KHTML, like Gecko) Mobile Safari/537.36 (compatible; Bytespider; spider-feedback@bytedance.com)"
178.115.45.138 - - [08/Aug/2024:10:47:31 +0200] "GET /entry.php?id=10271&&ser=106791 HTTP/1.1" 200 985 "http://hausegger.activities.at/entry.php?id=10271&&ser=106731" "Mozilla/5.0 (Windows NT 10.0; Win64; x64; rv:128.0) Gecko/20100101 Firefox/128.0"
178.115.45.138 - - [08/Aug/2024:10:47:32 +0200] "GET /gui/javascript/form_form.js?1723106851 HTTP/1.1" 200 16206 "http://hausegger.activities.at/entry.php?id=10271&&ser=106791" "Mozilla/5.0 (Windows NT 10.0; Win64; x64; rv:128.0) Gecko/20100101 Firefox/128.0"
178.115.45.138 - - [08/Aug/2024:10:48:32 +0200] "GET /entry.php?id=10271&&ser=106851 HTTP/1.1" 200 987 "http://hausegger.activities.at/entry.php?id=10271&&ser=106791" "Mozilla/5.0 (Windows NT 10.0; Win64; x64; rv:128.0) Gecko/20100101 Firefox/128.0"
178.115.45.138 - - [08/Aug/2024:10:48:32 +0200] "GET /gui/javascript/form_form.js?1723106912 HTTP/1.1" 200 16206 "http://hausegger.activities.at/entry.php?id=10271&&ser=106851" "Mozilla/5.0 (Windows NT 10.0; Win64; x64; rv:128.0) Gecko/20100101 Firefox/128.0"
178.115.45.138 - - [08/Aug/2024:10:49:32 +0200] "GET /entry.php?id=10271&&ser=106912 HTTP/1.1" 200 987 "http://hausegger.activities.at/entry.php?id=10271&&ser=106851" "Mozilla/5.0 (Windows NT 10.0; Win64; x64; rv:128.0) Gecko/20100101 Firefox/128.0"
178.115.45.138 - - [08/Aug/2024:10:49:32 +0200] "GET /gui/javascript/form_form.js?1723106972 HTTP/1.1" 200 16206 "http://hausegger.activities.at/entry.php?id=10271&&ser=106912" "Mozilla/5.0 (Windows NT 10.0; Win64; x64; rv:128.0) Gecko/20100101 Firefox/128.0"
156.59.198.135 - - [08/Aug/2024:10:49:51 +0200] "GET /renault.activities.at/htdocs/log/cron/reminder_mailing_3115947.txt HTTP/1.0" 404 323 "-" "Mozilla/5.0 (Linux; Android 5.0) AppleWebKit/537.36 (KHTML, like Gecko) Mobile Safari/537.36 (compatible; Bytespider; spider-feedback@bytedance.com)"
156.59.198.135 - - [08/Aug/2024:10:50:12 +0200] "GET /renault.activities.at/htdocs/export/xml/data/orders/202001181003_RenOrder.xml HTTP/1.0" 404 328 "-" "Mozilla/5.0 (Linux; Android 5.0) AppleWebKit/537.36 (KHTML, like Gecko) Mobile Safari/537.36 (compatible; Bytespider; spider-feedback@bytedance.com)"
178.115.45.138 - - [08/Aug/2024:10:50:32 +0200] "GET /entry.php?id=10271&&ser=106972 HTTP/1.1" 200 987 "http://hausegger.activities.at/entry.php?id=10271&&ser=106912" "Mozilla/5.0 (Windows NT 10.0; Win64; x64; rv:128.0) Gecko/20100101 Firefox/128.0"
178.115.45.138 - - [08/Aug/2024:10:50:32 +0200] "GET /gui/javascript/form_form.js?1723107032 HTTP/1.1" 200 16206 "http://hausegger.activities.at/entry.php?id=10271&&ser=106972" "Mozilla/5.0 (Windows NT 10.0; Win64; x64; rv:128.0) Gecko/20100101 Firefox/128.0"
156.59.198.136 - - [08/Aug/2024:10:50:33 +0200] "GET /renault.activities.at/htdocs/export/pdf/emuc_document/11600232.pdf HTTP/1.0" 404 322 "-" "Mozilla/5.0 (Linux; Android 5.0) AppleWebKit/537.36 (KHTML, like Gecko) Mobile Safari/537.36 (compatible; Bytespider; spider-feedback@bytedance.com)"
178.115.45.138 - - [08/Aug/2024:10:51:33 +0200] "GET /entry.php?id=10271&&ser=107032 HTTP/1.1" 200 987 "http://hausegger.activities.at/entry.php?id=10271&&ser=106972" "Mozilla/5.0 (Windows NT 10.0; Win64; x64; rv:128.0) Gecko/20100101 Firefox/128.0"
178.115.45.138 - - [08/Aug/2024:10:51:33 +0200] "GET /gui/javascript/form_form.js?1723107093 HTTP/1.1" 200 16206 "http://hausegger.activities.at/entry.php?id=10271&&ser=107032" "Mozilla/5.0 (Windows NT 10.0; Win64; x64; rv:128.0) Gecko/20100101 Firefox/128.0"
156.59.198.135 - - [08/Aug/2024:10:51:48 +0200] "GET /renault.activities.at/htdocs/export/xml/data/orders/201911271103_RenOrder.xml HTTP/1.0" 404 329 "-" "Mozilla/5.0 (Linux; Android 5.0) AppleWebKit/537.36 (KHTML, like Gecko) Mobile Safari/537.36 (compatible; Bytespider; spider-feedback@bytedance.com)"
178.115.45.138 - - [08/Aug/2024:10:52:33 +0200] "GET /entry.php?id=10271&&ser=107093 HTTP/1.1" 200 987 "http://hausegger.activities.at/entry.php?id=10271&&ser=107032" "Mozilla/5.0 (Windows NT 10.0; Win64; x64; rv:128.0) Gecko/20100101 Firefox/128.0"
178.115.45.138 - - [08/Aug/2024:10:52:33 +0200] "GET /gui/javascript/form_form.js?1723107153 HTTP/1.1" 200 16206 "http://hausegger.activities.at/entry.php?id=10271&&ser=107093" "Mozilla/5.0 (Windows NT 10.0; Win64; x64; rv:128.0) Gecko/20100101 Firefox/128.0"
156.59.198.136 - - [08/Aug/2024:10:52:51 +0200] "GET /renault.activities.at/htdocs/export/pdf/emuc_document/11228940.pdf HTTP/1.0" 404 321 "-" "Mozilla/5.0 (Linux; Android 5.0) AppleWebKit/537.36 (KHTML, like Gecko) Mobile Safari/537.36 (compatible; Bytespider; spider-feedback@bytedance.com)"
178.115.45.138 - - [08/Aug/2024:10:53:33 +0200] "GET /entry.php?id=10271&&ser=107153 HTTP/1.1" 200 987 "http://hausegger.activities.at/entry.php?id=10271&&ser=107093" "Mozilla/5.0 (Windows NT 10.0; Win64; x64; rv:128.0) Gecko/20100101 Firefox/128.0"
178.115.45.138 - - [08/Aug/2024:10:53:33 +0200] "GET /gui/javascript/form_form.js?1723107213 HTTP/1.1" 200 16206 "http://hausegger.activities.at/entry.php?id=10271&&ser=107153" "Mozilla/5.0 (Windows NT 10.0; Win64; x64; rv:128.0) Gecko/20100101 Firefox/128.0"
156.59.198.136 - - [08/Aug/2024:10:53:39 +0200] "GET /renault.activities.at/htdocs/export/pdf/emuc_document/10252821.pdf HTTP/1.0" 404 321 "-" "Mozilla/5.0 (Linux; Android 5.0) AppleWebKit/537.36 (KHTML, like Gecko) Mobile Safari/537.36 (compatible; Bytespider; spider-feedback@bytedance.com)"
156.59.198.136 - - [08/Aug/2024:10:54:20 +0200] "GET /renault.activities.at/htdocs/export/pdf/emuc_document/10668837.pdf HTTP/1.0" 404 323 "-" "Mozilla/5.0 (Linux; Android 5.0) AppleWebKit/537.36 (KHTML, like Gecko) Mobile Safari/537.36 (compatible; Bytespider; spider-feedback@bytedance.com)"
178.115.45.138 - - [08/Aug/2024:10:54:33 +0200] "GET /entry.php?id=10271&&ser=107213 HTTP/1.1" 200 986 "http://hausegger.activities.at/entry.php?id=10271&&ser=107153" "Mozilla/5.0 (Windows NT 10.0; Win64; x64; rv:128.0) Gecko/20100101 Firefox/128.0"
178.115.45.138 - - [08/Aug/2024:10:54:34 +0200] "GET /gui/javascript/form_form.js?1723107274 HTTP/1.1" 200 16206 "http://hausegger.activities.at/entry.php?id=10271&&ser=107213" "Mozilla/5.0 (Windows NT 10.0; Win64; x64; rv:128.0) Gecko/20100101 Firefox/128.0"
178.115.45.138 - - [08/Aug/2024:10:55:34 +0200] "GET /entry.php?id=10271&&ser=107274 HTTP/1.1" 200 987 "http://hausegger.activities.at/entry.php?id=10271&&ser=107213" "Mozilla/5.0 (Windows NT 10.0; Win64; x64; rv:128.0) Gecko/20100101 Firefox/128.0"
178.115.45.138 - - [08/Aug/2024:10:55:34 +0200] "GET /gui/javascript/form_form.js?1723107334 HTTP/1.1" 200 16206 "http://hausegger.activities.at/entry.php?id=10271&&ser=107274" "Mozilla/5.0 (Windows NT 10.0; Win64; x64; rv:128.0) Gecko/20100101 Firefox/128.0"
156.59.198.135 - - [08/Aug/2024:10:56:16 +0200] "GET /renault.activities.at/htdocs/export/xml/data/orders/202103311503_RenOrder.xml HTTP/1.0" 404 329 "-" "Mozilla/5.0 (Linux; Android 5.0) AppleWebKit/537.36 (KHTML, like Gecko) Mobile Safari/537.36 (compatible; Bytespider; spider-feedback@bytedance.com)"
178.115.45.138 - - [08/Aug/2024:10:56:34 +0200] "GET /entry.php?id=10271&&ser=107334 HTTP/1.1" 200 987 "http://hausegger.activities.at/entry.php?id=10271&&ser=107274" "Mozilla/5.0 (Windows NT 10.0; Win64; x64; rv:128.0) Gecko/20100101 Firefox/128.0"
178.115.45.138 - - [08/Aug/2024:10:56:34 +0200] "GET /gui/javascript/form_form.js?1723107394 HTTP/1.1" 200 16206 "http://hausegger.activities.at/entry.php?id=10271&&ser=107334" "Mozilla/5.0 (Windows NT 10.0; Win64; x64; rv:128.0) Gecko/20100101 Firefox/128.0"
156.59.198.135 - - [08/Aug/2024:10:57:20 +0200] "GET /renault.activities.at/htdocs/export/xml/data/orders/202105051803_RenOrder.xml HTTP/1.0" 404 329 "-" "Mozilla/5.0 (Linux; Android 5.0) AppleWebKit/537.36 (KHTML, like Gecko) Mobile Safari/537.36 (compatible; Bytespider; spider-feedback@bytedance.com)"
178.115.45.138 - - [08/Aug/2024:10:57:34 +0200] "GET /entry.php?id=10271&&ser=107394 HTTP/1.1" 200 987 "http://hausegger.activities.at/entry.php?id=10271&&ser=107334" "Mozilla/5.0 (Windows NT 10.0; Win64; x64; rv:128.0) Gecko/20100101 Firefox/128.0"
178.115.45.138 - - [08/Aug/2024:10:57:35 +0200] "GET /gui/javascript/form_form.js?1723107454 HTTP/1.1" 200 16206 "http://hausegger.activities.at/entry.php?id=10271&&ser=107394" "Mozilla/5.0 (Windows NT 10.0; Win64; x64; rv:128.0) Gecko/20100101 Firefox/128.0"
156.59.198.135 - - [08/Aug/2024:10:57:41 +0200] "GET /renault.activities.at/htdocs/export/xml/data/orders/202109171003_RenOrder.xml HTTP/1.0" 404 329 "-" "Mozilla/5.0 (Linux; Android 5.0) AppleWebKit/537.36 (KHTML, like Gecko) Mobile Safari/537.36 (compatible; Bytespider; spider-feedback@bytedance.com)"
178.115.45.138 - - [08/Aug/2024:10:58:35 +0200] "GET /entry.php?id=10271&&ser=107454 HTTP/1.1" 200 987 "http://hausegger.activities.at/entry.php?id=10271&&ser=107394" "Mozilla/5.0 (Windows NT 10.0; Win64; x64; rv:128.0) Gecko/20100101 Firefox/128.0"
178.115.45.138 - - [08/Aug/2024:10:58:35 +0200] "GET /gui/javascript/form_form.js?1723107515 HTTP/1.1" 200 16206 "http://hausegger.activities.at/entry.php?id=10271&&ser=107454" "Mozilla/5.0 (Windows NT 10.0; Win64; x64; rv:128.0) Gecko/20100101 Firefox/128.0"
156.59.198.136 - - [08/Aug/2024:10:58:55 +0200] "GET /renault.activities.at/htdocs/export/xml/data/orders/202009171203_RenOrder.xml HTTP/1.0" 404 329 "-" "Mozilla/5.0 (Linux; Android 5.0) AppleWebKit/537.36 (KHTML, like Gecko) Mobile Safari/537.36 (compatible; Bytespider; spider-feedback@bytedance.com)"
156.59.198.136 - - [08/Aug/2024:10:59:27 +0200] "GET /renault.activities.at/htdocs/export/pdf/emuc_document/10413469.pdf HTTP/1.0" 404 322 "-" "Mozilla/5.0 (Linux; Android 5.0) AppleWebKit/537.36 (KHTML, like Gecko) Mobile Safari/537.36 (compatible; Bytespider; spider-feedback@bytedance.com)"
178.115.45.138 - - [08/Aug/2024:10:59:35 +0200] "GET /entry.php?id=10271&&ser=107515 HTTP/1.1" 200 987 "http://hausegger.activities.at/entry.php?id=10271&&ser=107454" "Mozilla/5.0 (Windows NT 10.0; Win64; x64; rv:128.0) Gecko/20100101 Firefox/128.0"
178.115.45.138 - - [08/Aug/2024:10:59:35 +0200] "GET /gui/javascript/form_form.js?1723107575 HTTP/1.1" 200 16206 "http://hausegger.activities.at/entry.php?id=10271&&ser=107515" "Mozilla/5.0 (Windows NT 10.0; Win64; x64; rv:128.0) Gecko/20100101 Firefox/128.0"
156.59.198.136 - - [08/Aug/2024:11:00:30 +0200] "GET /renault.activities.at/htdocs/export/pdf/emuc_document/12291201.pdf HTTP/1.0" 404 321 "-" "Mozilla/5.0 (Linux; Android 5.0) AppleWebKit/537.36 (KHTML, like Gecko) Mobile Safari/537.36 (compatible; Bytespider; spider-feedback@bytedance.com)"
178.115.45.138 - - [08/Aug/2024:11:00:35 +0200] "GET /entry.php?id=10271&&ser=107575 HTTP/1.1" 200 987 "http://hausegger.activities.at/entry.php?id=10271&&ser=107515" "Mozilla/5.0 (Windows NT 10.0; Win64; x64; rv:128.0) Gecko/20100101 Firefox/128.0"
178.115.45.138 - - [08/Aug/2024:11:00:35 +0200] "GET /gui/javascript/form_form.js?1723107635 HTTP/1.1" 200 16206 "http://hausegger.activities.at/entry.php?id=10271&&ser=107575" "Mozilla/5.0 (Windows NT 10.0; Win64; x64; rv:128.0) Gecko/20100101 Firefox/128.0"
156.59.198.136 - - [08/Aug/2024:11:01:02 +0200] "GET /renault.activities.at/htdocs/export/pdf/emuc_document/10969030.pdf HTTP/1.0" 404 322 "-" "Mozilla/5.0 (Linux; Android 5.0) AppleWebKit/537.36 (KHTML, like Gecko) Mobile Safari/537.36 (compatible; Bytespider; spider-feedback@bytedance.com)"
156.59.198.135 - - [08/Aug/2024:11:01:34 +0200] "GET /renault.activities.at/htdocs/export/xml/data/orders/202002041003_RenOrder.xml HTTP/1.0" 404 328 "-" "Mozilla/5.0 (Linux; Android 5.0) AppleWebKit/537.36 (KHTML, like Gecko) Mobile Safari/537.36 (compatible; Bytespider; spider-feedback@bytedance.com)"
178.115.45.138 - - [08/Aug/2024:11:01:36 +0200] "GET /entry.php?id=10271&&ser=107635 HTTP/1.1" 200 987 "http://hausegger.activities.at/entry.php?id=10271&&ser=107575" "Mozilla/5.0 (Windows NT 10.0; Win64; x64; rv:128.0) Gecko/20100101 Firefox/128.0"
178.115.45.138 - - [08/Aug/2024:11:01:37 +0200] "GET /gui/javascript/form_form.js?1723107696 HTTP/1.1" 200 16206 "http://hausegger.activities.at/entry.php?id=10271&&ser=107635" "Mozilla/5.0 (Windows NT 10.0; Win64; x64; rv:128.0) Gecko/20100101 Firefox/128.0"
156.59.198.135 - - [08/Aug/2024:11:01:57 +0200] "GET /renault.activities.at/htdocs/log/cron/check_inventory_days_3114864.txt HTTP/1.0" 404 326 "-" "Mozilla/5.0 (Linux; Android 5.0) AppleWebKit/537.36 (KHTML, like Gecko) Mobile Safari/537.36 (compatible; Bytespider; spider-feedback@bytedance.com)"
178.115.45.138 - - [08/Aug/2024:11:02:37 +0200] "GET /entry.php?id=10271&&ser=107696 HTTP/1.1" 200 988 "http://hausegger.activities.at/entry.php?id=10271&&ser=107635" "Mozilla/5.0 (Windows NT 10.0; Win64; x64; rv:128.0) Gecko/20100101 Firefox/128.0"
178.115.45.138 - - [08/Aug/2024:11:02:37 +0200] "GET /gui/javascript/form_form.js?1723107757 HTTP/1.1" 200 16206 "http://hausegger.activities.at/entry.php?id=10271&&ser=107696" "Mozilla/5.0 (Windows NT 10.0; Win64; x64; rv:128.0) Gecko/20100101 Firefox/128.0"
178.115.45.138 - - [08/Aug/2024:11:03:37 +0200] "GET /entry.php?id=10271&&ser=107757 HTTP/1.1" 200 987 "http://hausegger.activities.at/entry.php?id=10271&&ser=107696" "Mozilla/5.0 (Windows NT 10.0; Win64; x64; rv:128.0) Gecko/20100101 Firefox/128.0"
178.115.45.138 - - [08/Aug/2024:11:03:37 +0200] "GET /gui/javascript/form_form.js?1723107817 HTTP/1.1" 200 16206 "http://hausegger.activities.at/entry.php?id=10271&&ser=107757" "Mozilla/5.0 (Windows NT 10.0; Win64; x64; rv:128.0) Gecko/20100101 Firefox/128.0"
178.115.45.138 - - [08/Aug/2024:11:04:38 +0200] "GET /entry.php?id=10271&&ser=107817 HTTP/1.1" 200 987 "http://hausegger.activities.at/entry.php?id=10271&&ser=107757" "Mozilla/5.0 (Windows NT 10.0; Win64; x64; rv:128.0) Gecko/20100101 Firefox/128.0"
178.115.45.138 - - [08/Aug/2024:11:04:38 +0200] "GET /gui/javascript/form_form.js?1723107878 HTTP/1.1" 200 16206 "http://hausegger.activities.at/entry.php?id=10271&&ser=107817" "Mozilla/5.0 (Windows NT 10.0; Win64; x64; rv:128.0) Gecko/20100101 Firefox/128.0"
154.213.186.18 - - [08/Aug/2024:11:05:24 +0200] "\x16\x03\x01\x01\x18\x01" 400 383 "-" "-"
178.115.45.138 - - [08/Aug/2024:11:05:38 +0200] "GET /entry.php?id=10271&&ser=107878 HTTP/1.1" 200 987 "http://hausegger.activities.at/entry.php?id=10271&&ser=107817" "Mozilla/5.0 (Windows NT 10.0; Win64; x64; rv:128.0) Gecko/20100101 Firefox/128.0"
178.115.45.138 - - [08/Aug/2024:11:05:38 +0200] "GET /gui/javascript/form_form.js?1723107938 HTTP/1.1" 200 16206 "http://hausegger.activities.at/entry.php?id=10271&&ser=107878" "Mozilla/5.0 (Windows NT 10.0; Win64; x64; rv:128.0) Gecko/20100101 Firefox/128.0"
156.59.198.136 - - [08/Aug/2024:11:06:34 +0200] "GET /renault.activities.at/htdocs/log/cron/pickupLogisticData_3115414.txt HTTP/1.0" 404 325 "-" "Mozilla/5.0 (Linux; Android 5.0) AppleWebKit/537.36 (KHTML, like Gecko) Mobile Safari/537.36 (compatible; Bytespider; spider-feedback@bytedance.com)"
178.115.45.138 - - [08/Aug/2024:11:06:38 +0200] "GET /entry.php?id=10271&&ser=107938 HTTP/1.1" 200 987 "http://hausegger.activities.at/entry.php?id=10271&&ser=107878" "Mozilla/5.0 (Windows NT 10.0; Win64; x64; rv:128.0) Gecko/20100101 Firefox/128.0"
178.115.45.138 - - [08/Aug/2024:11:06:38 +0200] "GET /gui/javascript/form_form.js?1723107998 HTTP/1.1" 200 16206 "http://hausegger.activities.at/entry.php?id=10271&&ser=107938" "Mozilla/5.0 (Windows NT 10.0; Win64; x64; rv:128.0) Gecko/20100101 Firefox/128.0"
156.59.198.135 - - [08/Aug/2024:11:07:30 +0200] "GET /renault.activities.at/htdocs/log/cron/importLogisticData_3115635.txt HTTP/1.0" 404 325 "-" "Mozilla/5.0 (Linux; Android 5.0) AppleWebKit/537.36 (KHTML, like Gecko) Mobile Safari/537.36 (compatible; Bytespider; spider-feedback@bytedance.com)"
178.115.45.138 - - [08/Aug/2024:11:07:38 +0200] "GET /entry.php?id=10271&&ser=107998 HTTP/1.1" 200 987 "http://hausegger.activities.at/entry.php?id=10271&&ser=107938" "Mozilla/5.0 (Windows NT 10.0; Win64; x64; rv:128.0) Gecko/20100101 Firefox/128.0"
178.115.45.138 - - [08/Aug/2024:11:07:39 +0200] "GET /gui/javascript/form_form.js?1723108059 HTTP/1.1" 200 16206 "http://hausegger.activities.at/entry.php?id=10271&&ser=107998" "Mozilla/5.0 (Windows NT 10.0; Win64; x64; rv:128.0) Gecko/20100101 Firefox/128.0"
156.59.198.136 - - [08/Aug/2024:11:07:54 +0200] "GET /renault.activities.at/htdocs/export/pdf/emuc_document/11298279.pdf HTTP/1.0" 404 322 "-" "Mozilla/5.0 (Linux; Android 5.0) AppleWebKit/537.36 (KHTML, like Gecko) Mobile Safari/537.36 (compatible; Bytespider; spider-feedback@bytedance.com)"
178.115.45.138 - - [08/Aug/2024:11:08:39 +0200] "GET /entry.php?id=10271&&ser=108059 HTTP/1.1" 200 987 "http://hausegger.activities.at/entry.php?id=10271&&ser=107998" "Mozilla/5.0 (Windows NT 10.0; Win64; x64; rv:128.0) Gecko/20100101 Firefox/128.0"
178.115.45.138 - - [08/Aug/2024:11:08:39 +0200] "GET /gui/javascript/form_form.js?1723108119 HTTP/1.1" 200 16206 "http://hausegger.activities.at/entry.php?id=10271&&ser=108059" "Mozilla/5.0 (Windows NT 10.0; Win64; x64; rv:128.0) Gecko/20100101 Firefox/128.0"
156.59.198.136 - - [08/Aug/2024:11:08:40 +0200] "GET /renault.activities.at/htdocs/export/pdf/emuc_document/11757439.pdf HTTP/1.0" 404 323 "-" "Mozilla/5.0 (Linux; Android 5.0) AppleWebKit/537.36 (KHTML, like Gecko) Mobile Safari/537.36 (compatible; Bytespider; spider-feedback@bytedance.com)"
156.59.198.136 - - [08/Aug/2024:11:09:04 +0200] "GET /renault.activities.at/htdocs/export/pdf/emuc_document/11763002.pdf HTTP/1.0" 404 322 "-" "Mozilla/5.0 (Linux; Android 5.0) AppleWebKit/537.36 (KHTML, like Gecko) Mobile Safari/537.36 (compatible; Bytespider; spider-feedback@bytedance.com)"
178.115.45.138 - - [08/Aug/2024:11:09:39 +0200] "GET /entry.php?id=10271&&ser=108119 HTTP/1.1" 200 987 "http://hausegger.activities.at/entry.php?id=10271&&ser=108059" "Mozilla/5.0 (Windows NT 10.0; Win64; x64; rv:128.0) Gecko/20100101 Firefox/128.0"
178.115.45.138 - - [08/Aug/2024:11:09:39 +0200] "GET /gui/javascript/form_form.js?1723108179 HTTP/1.1" 200 16206 "http://hausegger.activities.at/entry.php?id=10271&&ser=108119" "Mozilla/5.0 (Windows NT 10.0; Win64; x64; rv:128.0) Gecko/20100101 Firefox/128.0"
156.59.198.135 - - [08/Aug/2024:11:10:23 +0200] "GET /renault.activities.at/htdocs/export/pdf/emuc_document/10259163.pdf HTTP/1.0" 404 322 "-" "Mozilla/5.0 (Linux; Android 5.0) AppleWebKit/537.36 (KHTML, like Gecko) Mobile Safari/537.36 (compatible; Bytespider; spider-feedback@bytedance.com)"
178.115.45.138 - - [08/Aug/2024:11:10:39 +0200] "GET /entry.php?id=10271&&ser=108179 HTTP/1.1" 200 987 "http://hausegger.activities.at/entry.php?id=10271&&ser=108119" "Mozilla/5.0 (Windows NT 10.0; Win64; x64; rv:128.0) Gecko/20100101 Firefox/128.0"
178.115.45.138 - - [08/Aug/2024:11:10:39 +0200] "GET /gui/javascript/form_form.js?1723108239 HTTP/1.1" 200 16206 "http://hausegger.activities.at/entry.php?id=10271&&ser=108179" "Mozilla/5.0 (Windows NT 10.0; Win64; x64; rv:128.0) Gecko/20100101 Firefox/128.0"
178.115.45.138 - - [08/Aug/2024:11:11:40 +0200] "GET /entry.php?id=10271&&ser=108239 HTTP/1.1" 200 987 "http://hausegger.activities.at/entry.php?id=10271&&ser=108179" "Mozilla/5.0 (Windows NT 10.0; Win64; x64; rv:128.0) Gecko/20100101 Firefox/128.0"
178.115.45.138 - - [08/Aug/2024:11:11:40 +0200] "GET /gui/javascript/form_form.js?1723108300 HTTP/1.1" 200 16206 "http://hausegger.activities.at/entry.php?id=10271&&ser=108239" "Mozilla/5.0 (Windows NT 10.0; Win64; x64; rv:128.0) Gecko/20100101 Firefox/128.0"
156.59.198.135 - - [08/Aug/2024:11:11:42 +0200] "GET /renault.activities.at/htdocs/export/xml/data/orders/201908131003_RenOrder.xml HTTP/1.0" 404 329 "-" "Mozilla/5.0 (Linux; Android 5.0) AppleWebKit/537.36 (KHTML, like Gecko) Mobile Safari/537.36 (compatible; Bytespider; spider-feedback@bytedance.com)"
156.59.198.135 - - [08/Aug/2024:11:12:29 +0200] "GET /renault.activities.at/htdocs/export/xml/data/orders/202108122003_RenOrder.xml HTTP/1.0" 404 329 "-" "Mozilla/5.0 (Linux; Android 5.0) AppleWebKit/537.36 (KHTML, like Gecko) Mobile Safari/537.36 (compatible; Bytespider; spider-feedback@bytedance.com)"
178.115.45.138 - - [08/Aug/2024:11:12:40 +0200] "GET /entry.php?id=10271&&ser=108300 HTTP/1.1" 200 987 "http://hausegger.activities.at/entry.php?id=10271&&ser=108239" "Mozilla/5.0 (Windows NT 10.0; Win64; x64; rv:128.0) Gecko/20100101 Firefox/128.0"
178.115.45.138 - - [08/Aug/2024:11:12:40 +0200] "GET /gui/javascript/form_form.js?1723108360 HTTP/1.1" 200 16206 "http://hausegger.activities.at/entry.php?id=10271&&ser=108300" "Mozilla/5.0 (Windows NT 10.0; Win64; x64; rv:128.0) Gecko/20100101 Firefox/128.0"
178.115.45.138 - - [08/Aug/2024:11:13:40 +0200] "GET /entry.php?id=10271&&ser=108360 HTTP/1.1" 200 987 "http://hausegger.activities.at/entry.php?id=10271&&ser=108300" "Mozilla/5.0 (Windows NT 10.0; Win64; x64; rv:128.0) Gecko/20100101 Firefox/128.0"
178.115.45.138 - - [08/Aug/2024:11:13:40 +0200] "GET /gui/javascript/form_form.js?1723108420 HTTP/1.1" 200 16206 "http://hausegger.activities.at/entry.php?id=10271&&ser=108360" "Mozilla/5.0 (Windows NT 10.0; Win64; x64; rv:128.0) Gecko/20100101 Firefox/128.0"
156.59.198.136 - - [08/Aug/2024:11:14:04 +0200] "GET /renault.activities.at/htdocs/export/pdf/emuc_document/11430980.pdf HTTP/1.0" 404 322 "-" "Mozilla/5.0 (Linux; Android 5.0) AppleWebKit/537.36 (KHTML, like Gecko) Mobile Safari/537.36 (compatible; Bytespider; spider-feedback@bytedance.com)"
156.59.198.135 - - [08/Aug/2024:11:14:25 +0200] "GET /renault.activities.at/htdocs/log/cron/reminder_mailing_3114960.txt HTTP/1.0" 404 323 "-" "Mozilla/5.0 (Linux; Android 5.0) AppleWebKit/537.36 (KHTML, like Gecko) Mobile Safari/537.36 (compatible; Bytespider; spider-feedback@bytedance.com)"
178.115.45.138 - - [08/Aug/2024:11:14:41 +0200] "GET /entry.php?id=10271&&ser=108420 HTTP/1.1" 200 986 "http://hausegger.activities.at/entry.php?id=10271&&ser=108360" "Mozilla/5.0 (Windows NT 10.0; Win64; x64; rv:128.0) Gecko/20100101 Firefox/128.0"
178.115.45.138 - - [08/Aug/2024:11:14:41 +0200] "GET /gui/javascript/form_form.js?1723108481 HTTP/1.1" 200 16206 "http://hausegger.activities.at/entry.php?id=10271&&ser=108420" "Mozilla/5.0 (Windows NT 10.0; Win64; x64; rv:128.0) Gecko/20100101 Firefox/128.0"
178.115.45.138 - - [08/Aug/2024:11:15:41 +0200] "GET /entry.php?id=10271&&ser=108481 HTTP/1.1" 200 986 "http://hausegger.activities.at/entry.php?id=10271&&ser=108420" "Mozilla/5.0 (Windows NT 10.0; Win64; x64; rv:128.0) Gecko/20100101 Firefox/128.0"
178.115.45.138 - - [08/Aug/2024:11:15:41 +0200] "GET /gui/javascript/form_form.js?1723108541 HTTP/1.1" 200 16206 "http://hausegger.activities.at/entry.php?id=10271&&ser=108481" "Mozilla/5.0 (Windows NT 10.0; Win64; x64; rv:128.0) Gecko/20100101 Firefox/128.0"
178.115.45.138 - - [08/Aug/2024:11:16:41 +0200] "GET /entry.php?id=10271&&ser=108541 HTTP/1.1" 200 986 "http://hausegger.activities.at/entry.php?id=10271&&ser=108481" "Mozilla/5.0 (Windows NT 10.0; Win64; x64; rv:128.0) Gecko/20100101 Firefox/128.0"
178.115.45.138 - - [08/Aug/2024:11:16:41 +0200] "GET /gui/javascript/form_form.js?1723108601 HTTP/1.1" 200 16206 "http://hausegger.activities.at/entry.php?id=10271&&ser=108541" "Mozilla/5.0 (Windows NT 10.0; Win64; x64; rv:128.0) Gecko/20100101 Firefox/128.0"
178.115.45.138 - - [08/Aug/2024:11:17:41 +0200] "GET /entry.php?id=10271&&ser=108601 HTTP/1.1" 200 986 "http://hausegger.activities.at/entry.php?id=10271&&ser=108541" "Mozilla/5.0 (Windows NT 10.0; Win64; x64; rv:128.0) Gecko/20100101 Firefox/128.0"
178.115.45.138 - - [08/Aug/2024:11:17:42 +0200] "GET /gui/javascript/form_form.js?1723108661 HTTP/1.1" 200 16206 "http://hausegger.activities.at/entry.php?id=10271&&ser=108601" "Mozilla/5.0 (Windows NT 10.0; Win64; x64; rv:128.0) Gecko/20100101 Firefox/128.0"
178.115.45.138 - - [08/Aug/2024:11:18:42 +0200] "GET /entry.php?id=10271&&ser=108661 HTTP/1.1" 200 986 "http://hausegger.activities.at/entry.php?id=10271&&ser=108601" "Mozilla/5.0 (Windows NT 10.0; Win64; x64; rv:128.0) Gecko/20100101 Firefox/128.0"
178.115.45.138 - - [08/Aug/2024:11:18:42 +0200] "GET /gui/javascript/form_form.js?1723108722 HTTP/1.1" 200 16206 "http://hausegger.activities.at/entry.php?id=10271&&ser=108661" "Mozilla/5.0 (Windows NT 10.0; Win64; x64; rv:128.0) Gecko/20100101 Firefox/128.0"
178.115.45.138 - - [08/Aug/2024:11:19:42 +0200] "GET /entry.php?id=10271&&ser=108722 HTTP/1.1" 200 986 "http://hausegger.activities.at/entry.php?id=10271&&ser=108661" "Mozilla/5.0 (Windows NT 10.0; Win64; x64; rv:128.0) Gecko/20100101 Firefox/128.0"
178.115.45.138 - - [08/Aug/2024:11:19:42 +0200] "GET /gui/javascript/form_form.js?1723108782 HTTP/1.1" 200 16206 "http://hausegger.activities.at/entry.php?id=10271&&ser=108722" "Mozilla/5.0 (Windows NT 10.0; Win64; x64; rv:128.0) Gecko/20100101 Firefox/128.0"
178.115.45.138 - - [08/Aug/2024:11:20:42 +0200] "GET /entry.php?id=10271&&ser=108782 HTTP/1.1" 200 987 "http://hausegger.activities.at/entry.php?id=10271&&ser=108722" "Mozilla/5.0 (Windows NT 10.0; Win64; x64; rv:128.0) Gecko/20100101 Firefox/128.0"
178.115.45.138 - - [08/Aug/2024:11:20:42 +0200] "GET /gui/javascript/form_form.js?1723108842 HTTP/1.1" 200 16206 "http://hausegger.activities.at/entry.php?id=10271&&ser=108782" "Mozilla/5.0 (Windows NT 10.0; Win64; x64; rv:128.0) Gecko/20100101 Firefox/128.0"
178.115.45.138 - - [08/Aug/2024:11:21:43 +0200] "GET /entry.php?id=10271&&ser=108842 HTTP/1.1" 200 987 "http://hausegger.activities.at/entry.php?id=10271&&ser=108782" "Mozilla/5.0 (Windows NT 10.0; Win64; x64; rv:128.0) Gecko/20100101 Firefox/128.0"
178.115.45.138 - - [08/Aug/2024:11:21:43 +0200] "GET /gui/javascript/form_form.js?1723108903 HTTP/1.1" 200 16206 "http://hausegger.activities.at/entry.php?id=10271&&ser=108842" "Mozilla/5.0 (Windows NT 10.0; Win64; x64; rv:128.0) Gecko/20100101 Firefox/128.0"
178.115.45.138 - - [08/Aug/2024:11:22:43 +0200] "GET /entry.php?id=10271&&ser=108903 HTTP/1.1" 200 987 "http://hausegger.activities.at/entry.php?id=10271&&ser=108842" "Mozilla/5.0 (Windows NT 10.0; Win64; x64; rv:128.0) Gecko/20100101 Firefox/128.0"
178.115.45.138 - - [08/Aug/2024:11:22:43 +0200] "GET /gui/javascript/form_form.js?1723108963 HTTP/1.1" 200 16206 "http://hausegger.activities.at/entry.php?id=10271&&ser=108903" "Mozilla/5.0 (Windows NT 10.0; Win64; x64; rv:128.0) Gecko/20100101 Firefox/128.0"
178.115.45.138 - - [08/Aug/2024:11:23:43 +0200] "GET /entry.php?id=10271&&ser=108963 HTTP/1.1" 200 987 "http://hausegger.activities.at/entry.php?id=10271&&ser=108903" "Mozilla/5.0 (Windows NT 10.0; Win64; x64; rv:128.0) Gecko/20100101 Firefox/128.0"
178.115.45.138 - - [08/Aug/2024:11:23:43 +0200] "GET /gui/javascript/form_form.js?1723109023 HTTP/1.1" 200 16206 "http://hausegger.activities.at/entry.php?id=10271&&ser=108963" "Mozilla/5.0 (Windows NT 10.0; Win64; x64; rv:128.0) Gecko/20100101 Firefox/128.0"
178.115.45.138 - - [08/Aug/2024:11:24:44 +0200] "GET /entry.php?id=10271&&ser=109023 HTTP/1.1" 200 987 "http://hausegger.activities.at/entry.php?id=10271&&ser=108963" "Mozilla/5.0 (Windows NT 10.0; Win64; x64; rv:128.0) Gecko/20100101 Firefox/128.0"
178.115.45.138 - - [08/Aug/2024:11:24:44 +0200] "GET /gui/javascript/form_form.js?1723109084 HTTP/1.1" 200 16206 "http://hausegger.activities.at/entry.php?id=10271&&ser=109023" "Mozilla/5.0 (Windows NT 10.0; Win64; x64; rv:128.0) Gecko/20100101 Firefox/128.0"
178.115.45.138 - - [08/Aug/2024:11:25:44 +0200] "GET /entry.php?id=10271&&ser=109084 HTTP/1.1" 200 987 "http://hausegger.activities.at/entry.php?id=10271&&ser=109023" "Mozilla/5.0 (Windows NT 10.0; Win64; x64; rv:128.0) Gecko/20100101 Firefox/128.0"
178.115.45.138 - - [08/Aug/2024:11:25:44 +0200] "GET /gui/javascript/form_form.js?1723109144 HTTP/1.1" 200 16206 "http://hausegger.activities.at/entry.php?id=10271&&ser=109084" "Mozilla/5.0 (Windows NT 10.0; Win64; x64; rv:128.0) Gecko/20100101 Firefox/128.0"
178.115.45.138 - - [08/Aug/2024:11:26:44 +0200] "GET /entry.php?id=10271&&ser=109144 HTTP/1.1" 200 987 "http://hausegger.activities.at/entry.php?id=10271&&ser=109084" "Mozilla/5.0 (Windows NT 10.0; Win64; x64; rv:128.0) Gecko/20100101 Firefox/128.0"
178.115.45.138 - - [08/Aug/2024:11:26:44 +0200] "GET /gui/javascript/form_form.js?1723109204 HTTP/1.1" 200 16206 "http://hausegger.activities.at/entry.php?id=10271&&ser=109144" "Mozilla/5.0 (Windows NT 10.0; Win64; x64; rv:128.0) Gecko/20100101 Firefox/128.0"
178.115.45.138 - - [08/Aug/2024:11:27:44 +0200] "GET /entry.php?id=10271&&ser=109204 HTTP/1.1" 200 987 "http://hausegger.activities.at/entry.php?id=10271&&ser=109144" "Mozilla/5.0 (Windows NT 10.0; Win64; x64; rv:128.0) Gecko/20100101 Firefox/128.0"
178.115.45.138 - - [08/Aug/2024:11:27:45 +0200] "GET /gui/javascript/form_form.js?1723109265 HTTP/1.1" 200 16206 "http://hausegger.activities.at/entry.php?id=10271&&ser=109204" "Mozilla/5.0 (Windows NT 10.0; Win64; x64; rv:128.0) Gecko/20100101 Firefox/128.0"
178.115.45.138 - - [08/Aug/2024:11:28:45 +0200] "GET /entry.php?id=10271&&ser=109265 HTTP/1.1" 200 987 "http://hausegger.activities.at/entry.php?id=10271&&ser=109204" "Mozilla/5.0 (Windows NT 10.0; Win64; x64; rv:128.0) Gecko/20100101 Firefox/128.0"
178.115.45.138 - - [08/Aug/2024:11:28:45 +0200] "GET /gui/javascript/form_form.js?1723109325 HTTP/1.1" 200 16206 "http://hausegger.activities.at/entry.php?id=10271&&ser=109265" "Mozilla/5.0 (Windows NT 10.0; Win64; x64; rv:128.0) Gecko/20100101 Firefox/128.0"
