178.115.45.138 - - [08/Aug/2024:15:19:54 +0200] "GET /gui/javascript/form_form.js?1723123194 HTTP/1.1" 200 16206 "http://hausegger.activities.at/entry.php?id=10271&&ser=123134" "Mozilla/5.0 (Windows NT 10.0; Win64; x64; rv:128.0) Gecko/20100101 Firefox/128.0"
178.115.45.138 - - [08/Aug/2024:15:20:54 +0200] "GET /entry.php?id=10271&&ser=123194 HTTP/1.1" 200 987 "http://hausegger.activities.at/entry.php?id=10271&&ser=123134" "Mozilla/5.0 (Windows NT 10.0; Win64; x64; rv:128.0) Gecko/20100101 Firefox/128.0"
178.115.45.138 - - [08/Aug/2024:15:20:55 +0200] "GET /gui/javascript/form_form.js?1723123255 HTTP/1.1" 200 16206 "http://hausegger.activities.at/entry.php?id=10271&&ser=123194" "Mozilla/5.0 (Windows NT 10.0; Win64; x64; rv:128.0) Gecko/20100101 Firefox/128.0"
178.115.45.138 - - [08/Aug/2024:15:21:55 +0200] "GET /entry.php?id=10271&&ser=123255 HTTP/1.1" 200 987 "http://hausegger.activities.at/entry.php?id=10271&&ser=123194" "Mozilla/5.0 (Windows NT 10.0; Win64; x64; rv:128.0) Gecko/20100101 Firefox/128.0"
178.115.45.138 - - [08/Aug/2024:15:21:55 +0200] "GET /gui/javascript/form_form.js?1723123315 HTTP/1.1" 200 16206 "http://hausegger.activities.at/entry.php?id=10271&&ser=123255" "Mozilla/5.0 (Windows NT 10.0; Win64; x64; rv:128.0) Gecko/20100101 Firefox/128.0"
178.115.45.138 - - [08/Aug/2024:15:22:55 +0200] "GET /entry.php?id=10271&&ser=123315 HTTP/1.1" 200 987 "http://hausegger.activities.at/entry.php?id=10271&&ser=123255" "Mozilla/5.0 (Windows NT 10.0; Win64; x64; rv:128.0) Gecko/20100101 Firefox/128.0"
178.115.45.138 - - [08/Aug/2024:15:22:55 +0200] "GET /gui/javascript/form_form.js?1723123375 HTTP/1.1" 200 16206 "http://hausegger.activities.at/entry.php?id=10271&&ser=123315" "Mozilla/5.0 (Windows NT 10.0; Win64; x64; rv:128.0) Gecko/20100101 Firefox/128.0"
178.115.45.138 - - [08/Aug/2024:15:23:55 +0200] "GET /entry.php?id=10271&&ser=123375 HTTP/1.1" 200 987 "http://hausegger.activities.at/entry.php?id=10271&&ser=123315" "Mozilla/5.0 (Windows NT 10.0; Win64; x64; rv:128.0) Gecko/20100101 Firefox/128.0"
178.115.45.138 - - [08/Aug/2024:15:23:55 +0200] "GET /gui/javascript/form_form.js?1723123435 HTTP/1.1" 200 16206 "http://hausegger.activities.at/entry.php?id=10271&&ser=123375" "Mozilla/5.0 (Windows NT 10.0; Win64; x64; rv:128.0) Gecko/20100101 Firefox/128.0"
178.115.45.138 - - [08/Aug/2024:15:24:56 +0200] "GET /entry.php?id=10271&&ser=123435 HTTP/1.1" 200 987 "http://hausegger.activities.at/entry.php?id=10271&&ser=123375" "Mozilla/5.0 (Windows NT 10.0; Win64; x64; rv:128.0) Gecko/20100101 Firefox/128.0"
178.115.45.138 - - [08/Aug/2024:15:24:56 +0200] "GET /gui/javascript/form_form.js?1723123496 HTTP/1.1" 200 16206 "http://hausegger.activities.at/entry.php?id=10271&&ser=123435" "Mozilla/5.0 (Windows NT 10.0; Win64; x64; rv:128.0) Gecko/20100101 Firefox/128.0"
178.115.45.138 - - [08/Aug/2024:15:25:56 +0200] "GET /entry.php?id=10271&&ser=123496 HTTP/1.1" 200 987 "http://hausegger.activities.at/entry.php?id=10271&&ser=123435" "Mozilla/5.0 (Windows NT 10.0; Win64; x64; rv:128.0) Gecko/20100101 Firefox/128.0"
178.115.45.138 - - [08/Aug/2024:15:25:56 +0200] "GET /gui/javascript/form_form.js?1723123556 HTTP/1.1" 200 16206 "http://hausegger.activities.at/entry.php?id=10271&&ser=123496" "Mozilla/5.0 (Windows NT 10.0; Win64; x64; rv:128.0) Gecko/20100101 Firefox/128.0"
178.115.45.138 - - [08/Aug/2024:15:26:56 +0200] "GET /entry.php?id=10271&&ser=123556 HTTP/1.1" 200 987 "http://hausegger.activities.at/entry.php?id=10271&&ser=123496" "Mozilla/5.0 (Windows NT 10.0; Win64; x64; rv:128.0) Gecko/20100101 Firefox/128.0"
178.115.45.138 - - [08/Aug/2024:15:26:56 +0200] "GET /gui/javascript/form_form.js?1723123616 HTTP/1.1" 200 16206 "http://hausegger.activities.at/entry.php?id=10271&&ser=123556" "Mozilla/5.0 (Windows NT 10.0; Win64; x64; rv:128.0) Gecko/20100101 Firefox/128.0"
178.115.45.138 - - [08/Aug/2024:15:27:56 +0200] "GET /entry.php?id=10271&&ser=123616 HTTP/1.1" 200 987 "http://hausegger.activities.at/entry.php?id=10271&&ser=123556" "Mozilla/5.0 (Windows NT 10.0; Win64; x64; rv:128.0) Gecko/20100101 Firefox/128.0"
178.115.45.138 - - [08/Aug/2024:15:27:57 +0200] "GET /gui/javascript/form_form.js?1723123677 HTTP/1.1" 200 16206 "http://hausegger.activities.at/entry.php?id=10271&&ser=123616" "Mozilla/5.0 (Windows NT 10.0; Win64; x64; rv:128.0) Gecko/20100101 Firefox/128.0"
178.115.45.138 - - [08/Aug/2024:15:28:57 +0200] "GET /entry.php?id=10271&&ser=123677 HTTP/1.1" 200 987 "http://hausegger.activities.at/entry.php?id=10271&&ser=123616" "Mozilla/5.0 (Windows NT 10.0; Win64; x64; rv:128.0) Gecko/20100101 Firefox/128.0"
178.115.45.138 - - [08/Aug/2024:15:28:57 +0200] "GET /gui/javascript/form_form.js?1723123737 HTTP/1.1" 200 16206 "http://hausegger.activities.at/entry.php?id=10271&&ser=123677" "Mozilla/5.0 (Windows NT 10.0; Win64; x64; rv:128.0) Gecko/20100101 Firefox/128.0"
94.156.68.162 - - [08/Aug/2024:15:29:42 +0200] "GET /.git/config HTTP/1.1" 404 285 "-" "Mozilla/5.0 (Windows; U; Windows NT 6.1; en-US) AppleWebKit/534.14 (KHTML, like Gecko) Chrome/10.0.601.0 Safari/534.14"
178.115.45.138 - - [08/Aug/2024:15:29:57 +0200] "GET /entry.php?id=10271&&ser=123737 HTTP/1.1" 200 987 "http://hausegger.activities.at/entry.php?id=10271&&ser=123677" "Mozilla/5.0 (Windows NT 10.0; Win64; x64; rv:128.0) Gecko/20100101 Firefox/128.0"
178.115.45.138 - - [08/Aug/2024:15:29:57 +0200] "GET /gui/javascript/form_form.js?1723123797 HTTP/1.1" 200 16206 "http://hausegger.activities.at/entry.php?id=10271&&ser=123737" "Mozilla/5.0 (Windows NT 10.0; Win64; x64; rv:128.0) Gecko/20100101 Firefox/128.0"
178.115.45.138 - - [08/Aug/2024:15:30:57 +0200] "GET /entry.php?id=10271&&ser=123797 HTTP/1.1" 200 987 "http://hausegger.activities.at/entry.php?id=10271&&ser=123737" "Mozilla/5.0 (Windows NT 10.0; Win64; x64; rv:128.0) Gecko/20100101 Firefox/128.0"
178.115.45.138 - - [08/Aug/2024:15:30:57 +0200] "GET /gui/javascript/form_form.js?1723123857 HTTP/1.1" 200 16206 "http://hausegger.activities.at/entry.php?id=10271&&ser=123797" "Mozilla/5.0 (Windows NT 10.0; Win64; x64; rv:128.0) Gecko/20100101 Firefox/128.0"
94.156.68.162 - - [08/Aug/2024:15:31:00 +0200] "GET /.git/config HTTP/1.1" 404 285 "-" "Mozilla/5.0 (Windows NT 6.1) AppleWebKit/537.71 (KHTML like Gecko) WebVideo/1.0.1.10 Version/7.0 Safari/537.71"
194.50.16.221 - - [08/Aug/2024:15:31:14 +0200] "GET / HTTP/1.1" 200 274 "-" "Go-http-client/1.1"
178.115.45.138 - - [08/Aug/2024:15:31:58 +0200] "GET /entry.php?id=10271&&ser=123857 HTTP/1.1" 200 987 "http://hausegger.activities.at/entry.php?id=10271&&ser=123797" "Mozilla/5.0 (Windows NT 10.0; Win64; x64; rv:128.0) Gecko/20100101 Firefox/128.0"
178.115.45.138 - - [08/Aug/2024:15:31:58 +0200] "GET /gui/javascript/form_form.js?1723123918 HTTP/1.1" 200 16206 "http://hausegger.activities.at/entry.php?id=10271&&ser=123857" "Mozilla/5.0 (Windows NT 10.0; Win64; x64; rv:128.0) Gecko/20100101 Firefox/128.0"
178.115.45.138 - - [08/Aug/2024:15:32:58 +0200] "GET /entry.php?id=10271&&ser=123918 HTTP/1.1" 200 987 "http://hausegger.activities.at/entry.php?id=10271&&ser=123857" "Mozilla/5.0 (Windows NT 10.0; Win64; x64; rv:128.0) Gecko/20100101 Firefox/128.0"
178.115.45.138 - - [08/Aug/2024:15:32:58 +0200] "GET /gui/javascript/form_form.js?1723123978 HTTP/1.1" 200 16206 "http://hausegger.activities.at/entry.php?id=10271&&ser=123918" "Mozilla/5.0 (Windows NT 10.0; Win64; x64; rv:128.0) Gecko/20100101 Firefox/128.0"
178.115.45.138 - - [08/Aug/2024:15:33:58 +0200] "GET /entry.php?id=10271&&ser=123978 HTTP/1.1" 200 987 "http://hausegger.activities.at/entry.php?id=10271&&ser=123918" "Mozilla/5.0 (Windows NT 10.0; Win64; x64; rv:128.0) Gecko/20100101 Firefox/128.0"
178.115.45.138 - - [08/Aug/2024:15:33:59 +0200] "GET /gui/javascript/form_form.js?1723124038 HTTP/1.1" 200 16206 "http://hausegger.activities.at/entry.php?id=10271&&ser=123978" "Mozilla/5.0 (Windows NT 10.0; Win64; x64; rv:128.0) Gecko/20100101 Firefox/128.0"
94.156.64.214 - - [08/Aug/2024:15:34:21 +0200] "GET /_profiler/phpinfo HTTP/1.1" 404 289 "-" "Mozilla/5.0 (Linux; Android 9; GM1910) AppleWebKit/537.36 (KHTML, like Gecko) Chrome/76.0.3809.111 Mobile Safari/537.36"
94.156.64.214 - - [08/Aug/2024:15:35:00 +0200] "GET /_profiler/phpinfo HTTP/1.1" 404 289 "-" "WDG_Validator/1.6.2"
178.115.45.138 - - [08/Aug/2024:15:35:24 +0200] "GET /entry.php?id=10271&&ser=124038 HTTP/1.1" 200 986 "http://hausegger.activities.at/entry.php?id=10271&&ser=123978" "Mozilla/5.0 (Windows NT 10.0; Win64; x64; rv:128.0) Gecko/20100101 Firefox/128.0"
178.115.45.138 - - [08/Aug/2024:15:35:24 +0200] "GET /gui/javascript/form_form.js?1723124124 HTTP/1.1" 200 16206 "http://hausegger.activities.at/entry.php?id=10271&&ser=124038" "Mozilla/5.0 (Windows NT 10.0; Win64; x64; rv:128.0) Gecko/20100101 Firefox/128.0"
178.115.45.138 - - [08/Aug/2024:15:36:32 +0200] "GET /entry.php?id=10271&&ser=124124 HTTP/1.1" 200 987 "http://hausegger.activities.at/entry.php?id=10271&&ser=124038" "Mozilla/5.0 (Windows NT 10.0; Win64; x64; rv:128.0) Gecko/20100101 Firefox/128.0"
178.115.45.138 - - [08/Aug/2024:15:36:33 +0200] "GET /gui/javascript/form_form.js?1723124192 HTTP/1.1" 200 16206 "http://hausegger.activities.at/entry.php?id=10271&&ser=124124" "Mozilla/5.0 (Windows NT 10.0; Win64; x64; rv:128.0) Gecko/20100101 Firefox/128.0"
178.115.45.138 - - [08/Aug/2024:15:37:00 +0200] "-" 408 - "-" "-"
178.115.45.138 - - [08/Aug/2024:15:37:51 +0200] "GET /entry.php?id=10271&&ser=124192 HTTP/1.1" 200 986 "http://hausegger.activities.at/entry.php?id=10271&&ser=124124" "Mozilla/5.0 (Windows NT 10.0; Win64; x64; rv:128.0) Gecko/20100101 Firefox/128.0"
178.115.45.138 - - [08/Aug/2024:15:37:52 +0200] "GET /gui/javascript/form_form.js?1723124271 HTTP/1.1" 200 16206 "http://hausegger.activities.at/entry.php?id=10271&&ser=124192" "Mozilla/5.0 (Windows NT 10.0; Win64; x64; rv:128.0) Gecko/20100101 Firefox/128.0"
156.59.198.136 - - [08/Aug/2024:15:38:13 +0200] "GET /renault.activities.at/htdocs/export/pdf/emuc_document/11037526.pdf HTTP/1.0" 404 322 "-" "Mozilla/5.0 (Linux; Android 5.0) AppleWebKit/537.36 (KHTML, like Gecko) Mobile Safari/537.36 (compatible; Bytespider; spider-feedback@bytedance.com)"
156.59.198.136 - - [08/Aug/2024:15:39:03 +0200] "GET /renault.activities.at/htdocs/log/cron/system_mail_3115774.txt HTTP/1.0" 404 321 "-" "Mozilla/5.0 (Linux; Android 5.0) AppleWebKit/537.36 (KHTML, like Gecko) Mobile Safari/537.36 (compatible; Bytespider; spider-feedback@bytedance.com)"
178.115.45.138 - - [08/Aug/2024:15:39:09 +0200] "GET /entry.php?id=10271&&ser=124271 HTTP/1.1" 200 987 "http://hausegger.activities.at/entry.php?id=10271&&ser=124192" "Mozilla/5.0 (Windows NT 10.0; Win64; x64; rv:128.0) Gecko/20100101 Firefox/128.0"
178.115.45.138 - - [08/Aug/2024:15:39:09 +0200] "GET /gui/javascript/form_form.js?1723124349 HTTP/1.1" 200 16206 "http://hausegger.activities.at/entry.php?id=10271&&ser=124271" "Mozilla/5.0 (Windows NT 10.0; Win64; x64; rv:128.0) Gecko/20100101 Firefox/128.0"
178.115.45.138 - - [08/Aug/2024:15:40:27 +0200] "GET /entry.php?id=10271&&ser=124349 HTTP/1.1" 200 987 "http://hausegger.activities.at/entry.php?id=10271&&ser=124271" "Mozilla/5.0 (Windows NT 10.0; Win64; x64; rv:128.0) Gecko/20100101 Firefox/128.0"
178.115.45.138 - - [08/Aug/2024:15:40:32 +0200] "GET /gui/javascript/form_form.js?1723124427 HTTP/1.1" 200 16206 "http://hausegger.activities.at/entry.php?id=10271&&ser=124349" "Mozilla/5.0 (Windows NT 10.0; Win64; x64; rv:128.0) Gecko/20100101 Firefox/128.0"
156.59.198.136 - - [08/Aug/2024:15:42:06 +0200] "GET /renault.activities.at/htdocs/export/pdf/emuc_document/10319832.pdf HTTP/1.0" 404 322 "-" "Mozilla/5.0 (Linux; Android 5.0) AppleWebKit/537.36 (KHTML, like Gecko) Mobile Safari/537.36 (compatible; Bytespider; spider-feedback@bytedance.com)"
178.115.45.138 - - [08/Aug/2024:15:42:44 +0200] "GET /entry.php?id=10271&&ser=124427 HTTP/1.1" 200 987 "http://hausegger.activities.at/entry.php?id=10271&&ser=124349" "Mozilla/5.0 (Windows NT 10.0; Win64; x64; rv:128.0) Gecko/20100101 Firefox/128.0"
178.115.45.138 - - [08/Aug/2024:15:42:44 +0200] "GET /gui/javascript/form_form.js?1723124564 HTTP/1.1" 200 16206 "http://hausegger.activities.at/entry.php?id=10271&&ser=124427" "Mozilla/5.0 (Windows NT 10.0; Win64; x64; rv:128.0) Gecko/20100101 Firefox/128.0"
178.115.45.138 - - [08/Aug/2024:15:43:14 +0200] "-" 408 - "-" "-"
156.59.198.135 - - [08/Aug/2024:15:43:37 +0200] "GET /renault.activities.at/htdocs/export/xml/data/orders/202111151103_RenOrder.xml HTTP/1.0" 404 328 "-" "Mozilla/5.0 (Linux; Android 5.0) AppleWebKit/537.36 (KHTML, like Gecko) Mobile Safari/537.36 (compatible; Bytespider; spider-feedback@bytedance.com)"
178.115.45.138 - - [08/Aug/2024:15:43:44 +0200] "GET /entry.php?id=10271&&ser=124564 HTTP/1.1" 200 989 "http://hausegger.activities.at/entry.php?id=10271&&ser=124427" "Mozilla/5.0 (Windows NT 10.0; Win64; x64; rv:128.0) Gecko/20100101 Firefox/128.0"
178.115.45.138 - - [08/Aug/2024:15:43:45 +0200] "GET /gui/javascript/form_form.js?1723124625 HTTP/1.1" 200 16206 "http://hausegger.activities.at/entry.php?id=10271&&ser=124564" "Mozilla/5.0 (Windows NT 10.0; Win64; x64; rv:128.0) Gecko/20100101 Firefox/128.0"
178.115.45.138 - - [08/Aug/2024:15:44:45 +0200] "GET /entry.php?id=10271&&ser=124624 HTTP/1.1" 200 987 "http://hausegger.activities.at/entry.php?id=10271&&ser=124564" "Mozilla/5.0 (Windows NT 10.0; Win64; x64; rv:128.0) Gecko/20100101 Firefox/128.0"
178.115.45.138 - - [08/Aug/2024:15:44:45 +0200] "GET /gui/javascript/form_form.js?1723124685 HTTP/1.1" 200 16206 "http://hausegger.activities.at/entry.php?id=10271&&ser=124624" "Mozilla/5.0 (Windows NT 10.0; Win64; x64; rv:128.0) Gecko/20100101 Firefox/128.0"
156.59.198.135 - - [08/Aug/2024:15:44:47 +0200] "GET /renault.activities.at/htdocs/export/xml/data/orders/202108051503_RenOrder.xml HTTP/1.0" 404 329 "-" "Mozilla/5.0 (Linux; Android 5.0) AppleWebKit/537.36 (KHTML, like Gecko) Mobile Safari/537.36 (compatible; Bytespider; spider-feedback@bytedance.com)"
178.115.45.138 - - [08/Aug/2024:15:45:45 +0200] "GET /entry.php?id=10271&&ser=124685 HTTP/1.1" 200 987 "http://hausegger.activities.at/entry.php?id=10271&&ser=124624" "Mozilla/5.0 (Windows NT 10.0; Win64; x64; rv:128.0) Gecko/20100101 Firefox/128.0"
178.115.45.138 - - [08/Aug/2024:15:45:45 +0200] "GET /gui/javascript/form_form.js?1723124745 HTTP/1.1" 200 16206 "http://hausegger.activities.at/entry.php?id=10271&&ser=124685" "Mozilla/5.0 (Windows NT 10.0; Win64; x64; rv:128.0) Gecko/20100101 Firefox/128.0"
156.59.198.135 - - [08/Aug/2024:15:45:59 +0200] "GET /renault.activities.at/htdocs/export/pdf/emuc_document/10668833.pdf HTTP/1.0" 404 322 "-" "Mozilla/5.0 (Linux; Android 5.0) AppleWebKit/537.36 (KHTML, like Gecko) Mobile Safari/537.36 (compatible; Bytespider; spider-feedback@bytedance.com)"
156.59.198.136 - - [08/Aug/2024:15:46:21 +0200] "GET /renault.activities.at/htdocs/log/cron/system_mail_3115777.txt HTTP/1.0" 404 321 "-" "Mozilla/5.0 (Linux; Android 5.0) AppleWebKit/537.36 (KHTML, like Gecko) Mobile Safari/537.36 (compatible; Bytespider; spider-feedback@bytedance.com)"
178.115.45.138 - - [08/Aug/2024:15:46:45 +0200] "GET /entry.php?id=10271&&ser=124745 HTTP/1.1" 200 987 "http://hausegger.activities.at/entry.php?id=10271&&ser=124685" "Mozilla/5.0 (Windows NT 10.0; Win64; x64; rv:128.0) Gecko/20100101 Firefox/128.0"
178.115.45.138 - - [08/Aug/2024:15:46:46 +0200] "GET /gui/javascript/form_form.js?1723124805 HTTP/1.1" 200 16206 "http://hausegger.activities.at/entry.php?id=10271&&ser=124745" "Mozilla/5.0 (Windows NT 10.0; Win64; x64; rv:128.0) Gecko/20100101 Firefox/128.0"
156.59.198.135 - - [08/Aug/2024:15:47:09 +0200] "GET /renault.activities.at/htdocs/export/xml/data/orders/202108121703_RenOrder.xml HTTP/1.0" 404 329 "-" "Mozilla/5.0 (Linux; Android 5.0) AppleWebKit/537.36 (KHTML, like Gecko) Mobile Safari/537.36 (compatible; Bytespider; spider-feedback@bytedance.com)"
178.115.45.138 - - [08/Aug/2024:15:47:46 +0200] "GET /entry.php?id=10271&&ser=124805 HTTP/1.1" 200 987 "http://hausegger.activities.at/entry.php?id=10271&&ser=124745" "Mozilla/5.0 (Windows NT 10.0; Win64; x64; rv:128.0) Gecko/20100101 Firefox/128.0"
178.115.45.138 - - [08/Aug/2024:15:47:46 +0200] "GET /gui/javascript/form_form.js?1723124866 HTTP/1.1" 200 16206 "http://hausegger.activities.at/entry.php?id=10271&&ser=124805" "Mozilla/5.0 (Windows NT 10.0; Win64; x64; rv:128.0) Gecko/20100101 Firefox/128.0"
178.115.45.138 - - [08/Aug/2024:15:48:46 +0200] "GET /entry.php?id=10271&&ser=124866 HTTP/1.1" 200 987 "http://hausegger.activities.at/entry.php?id=10271&&ser=124805" "Mozilla/5.0 (Windows NT 10.0; Win64; x64; rv:128.0) Gecko/20100101 Firefox/128.0"
178.115.45.138 - - [08/Aug/2024:15:48:46 +0200] "GET /gui/javascript/form_form.js?1723124926 HTTP/1.1" 200 16206 "http://hausegger.activities.at/entry.php?id=10271&&ser=124866" "Mozilla/5.0 (Windows NT 10.0; Win64; x64; rv:128.0) Gecko/20100101 Firefox/128.0"
178.115.45.138 - - [08/Aug/2024:15:49:46 +0200] "GET /entry.php?id=10271&&ser=124926 HTTP/1.1" 200 987 "http://hausegger.activities.at/entry.php?id=10271&&ser=124866" "Mozilla/5.0 (Windows NT 10.0; Win64; x64; rv:128.0) Gecko/20100101 Firefox/128.0"
178.115.45.138 - - [08/Aug/2024:15:49:46 +0200] "GET /gui/javascript/form_form.js?1723124986 HTTP/1.1" 200 16206 "http://hausegger.activities.at/entry.php?id=10271&&ser=124926" "Mozilla/5.0 (Windows NT 10.0; Win64; x64; rv:128.0) Gecko/20100101 Firefox/128.0"
178.115.45.138 - - [08/Aug/2024:15:50:47 +0200] "GET /entry.php?id=10271&&ser=124986 HTTP/1.1" 200 986 "http://hausegger.activities.at/entry.php?id=10271&&ser=124926" "Mozilla/5.0 (Windows NT 10.0; Win64; x64; rv:128.0) Gecko/20100101 Firefox/128.0"
178.115.45.138 - - [08/Aug/2024:15:50:47 +0200] "GET /gui/javascript/form_form.js?1723125047 HTTP/1.1" 200 16206 "http://hausegger.activities.at/entry.php?id=10271&&ser=124986" "Mozilla/5.0 (Windows NT 10.0; Win64; x64; rv:128.0) Gecko/20100101 Firefox/128.0"
156.59.198.135 - - [08/Aug/2024:15:50:49 +0200] "GET /renault.activities.at/htdocs/export/pdf/emuc_document/11125047.pdf HTTP/1.0" 404 322 "-" "Mozilla/5.0 (Linux; Android 5.0) AppleWebKit/537.36 (KHTML, like Gecko) Mobile Safari/537.36 (compatible; Bytespider; spider-feedback@bytedance.com)"
156.59.198.135 - - [08/Aug/2024:15:51:21 +0200] "GET /renault.activities.at/htdocs/export/xml/data/orders/202109271503_RenOrder.xml HTTP/1.0" 404 329 "-" "Mozilla/5.0 (Linux; Android 5.0) AppleWebKit/537.36 (KHTML, like Gecko) Mobile Safari/537.36 (compatible; Bytespider; spider-feedback@bytedance.com)"
178.115.45.138 - - [08/Aug/2024:15:51:47 +0200] "GET /entry.php?id=10271&&ser=125047 HTTP/1.1" 200 987 "http://hausegger.activities.at/entry.php?id=10271&&ser=124986" "Mozilla/5.0 (Windows NT 10.0; Win64; x64; rv:128.0) Gecko/20100101 Firefox/128.0"
178.115.45.138 - - [08/Aug/2024:15:51:47 +0200] "GET /gui/javascript/form_form.js?1723125107 HTTP/1.1" 200 16206 "http://hausegger.activities.at/entry.php?id=10271&&ser=125047" "Mozilla/5.0 (Windows NT 10.0; Win64; x64; rv:128.0) Gecko/20100101 Firefox/128.0"
178.115.45.138 - - [08/Aug/2024:15:52:47 +0200] "GET /entry.php?id=10271&&ser=125107 HTTP/1.1" 200 987 "http://hausegger.activities.at/entry.php?id=10271&&ser=125047" "Mozilla/5.0 (Windows NT 10.0; Win64; x64; rv:128.0) Gecko/20100101 Firefox/128.0"
178.115.45.138 - - [08/Aug/2024:15:52:47 +0200] "GET /gui/javascript/form_form.js?1723125167 HTTP/1.1" 200 16206 "http://hausegger.activities.at/entry.php?id=10271&&ser=125107" "Mozilla/5.0 (Windows NT 10.0; Win64; x64; rv:128.0) Gecko/20100101 Firefox/128.0"
156.59.198.135 - - [08/Aug/2024:15:53:42 +0200] "GET /renault.activities.at/htdocs/export/xml/data/orders/202107140903_RenOrder.xml HTTP/1.0" 404 329 "-" "Mozilla/5.0 (Linux; Android 5.0) AppleWebKit/537.36 (KHTML, like Gecko) Mobile Safari/537.36 (compatible; Bytespider; spider-feedback@bytedance.com)"
178.115.45.138 - - [08/Aug/2024:15:53:47 +0200] "GET /entry.php?id=10271&&ser=125167 HTTP/1.1" 200 987 "http://hausegger.activities.at/entry.php?id=10271&&ser=125107" "Mozilla/5.0 (Windows NT 10.0; Win64; x64; rv:128.0) Gecko/20100101 Firefox/128.0"
178.115.45.138 - - [08/Aug/2024:15:53:48 +0200] "GET /gui/javascript/form_form.js?1723125228 HTTP/1.1" 200 16206 "http://hausegger.activities.at/entry.php?id=10271&&ser=125167" "Mozilla/5.0 (Windows NT 10.0; Win64; x64; rv:128.0) Gecko/20100101 Firefox/128.0"
46.101.84.139 - - [08/Aug/2024:15:54:27 +0200] "\x16\x03\x01\x01\xfc\x01" 400 383 "-" "-"
178.115.45.138 - - [08/Aug/2024:15:54:48 +0200] "GET /entry.php?id=10271&&ser=125228 HTTP/1.1" 200 987 "http://hausegger.activities.at/entry.php?id=10271&&ser=125167" "Mozilla/5.0 (Windows NT 10.0; Win64; x64; rv:128.0) Gecko/20100101 Firefox/128.0"
178.115.45.138 - - [08/Aug/2024:15:54:48 +0200] "GET /gui/javascript/form_form.js?1723125288 HTTP/1.1" 200 16206 "http://hausegger.activities.at/entry.php?id=10271&&ser=125228" "Mozilla/5.0 (Windows NT 10.0; Win64; x64; rv:128.0) Gecko/20100101 Firefox/128.0"
178.115.45.138 - - [08/Aug/2024:15:55:48 +0200] "GET /entry.php?id=10271&&ser=125288 HTTP/1.1" 200 987 "http://hausegger.activities.at/entry.php?id=10271&&ser=125228" "Mozilla/5.0 (Windows NT 10.0; Win64; x64; rv:128.0) Gecko/20100101 Firefox/128.0"
156.59.198.135 - - [08/Aug/2024:15:55:48 +0200] "GET /renault.activities.at/htdocs/export/pdf/emuc_document/12033603.pdf HTTP/1.0" 404 322 "-" "Mozilla/5.0 (Linux; Android 5.0) AppleWebKit/537.36 (KHTML, like Gecko) Mobile Safari/537.36 (compatible; Bytespider; spider-feedback@bytedance.com)"
178.115.45.138 - - [08/Aug/2024:15:55:48 +0200] "GET /gui/javascript/form_form.js?1723125348 HTTP/1.1" 200 16206 "http://hausegger.activities.at/entry.php?id=10271&&ser=125288" "Mozilla/5.0 (Windows NT 10.0; Win64; x64; rv:128.0) Gecko/20100101 Firefox/128.0"
178.115.45.138 - - [08/Aug/2024:15:56:48 +0200] "GET /entry.php?id=10271&&ser=125348 HTTP/1.1" 200 987 "http://hausegger.activities.at/entry.php?id=10271&&ser=125288" "Mozilla/5.0 (Windows NT 10.0; Win64; x64; rv:128.0) Gecko/20100101 Firefox/128.0"
178.115.45.138 - - [08/Aug/2024:15:56:49 +0200] "GET /gui/javascript/form_form.js?1723125408 HTTP/1.1" 200 16206 "http://hausegger.activities.at/entry.php?id=10271&&ser=125348" "Mozilla/5.0 (Windows NT 10.0; Win64; x64; rv:128.0) Gecko/20100101 Firefox/128.0"
156.59.198.136 - - [08/Aug/2024:15:57:08 +0200] "GET /renault.activities.at/htdocs/export/xml/data/orders/202109271703_RenOrder.xml HTTP/1.0" 404 329 "-" "Mozilla/5.0 (Linux; Android 5.0) AppleWebKit/537.36 (KHTML, like Gecko) Mobile Safari/537.36 (compatible; Bytespider; spider-feedback@bytedance.com)"
156.59.198.135 - - [08/Aug/2024:15:57:30 +0200] "GET /renault.activities.at/htdocs/export/xml/data/orders/201908011403_RenOrder.xml HTTP/1.0" 404 328 "-" "Mozilla/5.0 (Linux; Android 5.0) AppleWebKit/537.36 (KHTML, like Gecko) Mobile Safari/537.36 (compatible; Bytespider; spider-feedback@bytedance.com)"
178.115.45.138 - - [08/Aug/2024:15:57:49 +0200] "GET /entry.php?id=10271&&ser=125408 HTTP/1.1" 200 987 "http://hausegger.activities.at/entry.php?id=10271&&ser=125348" "Mozilla/5.0 (Windows NT 10.0; Win64; x64; rv:128.0) Gecko/20100101 Firefox/128.0"
178.115.45.138 - - [08/Aug/2024:15:57:49 +0200] "GET /gui/javascript/form_form.js?1723125469 HTTP/1.1" 200 16206 "http://hausegger.activities.at/entry.php?id=10271&&ser=125408" "Mozilla/5.0 (Windows NT 10.0; Win64; x64; rv:128.0) Gecko/20100101 Firefox/128.0"
156.59.198.135 - - [08/Aug/2024:15:57:50 +0200] "GET /renault.activities.at/htdocs/export/pdf/emuc_document/12239783.pdf HTTP/1.0" 404 323 "-" "Mozilla/5.0 (Linux; Android 5.0) AppleWebKit/537.36 (KHTML, like Gecko) Mobile Safari/537.36 (compatible; Bytespider; spider-feedback@bytedance.com)"
178.115.45.138 - - [08/Aug/2024:15:58:49 +0200] "GET /entry.php?id=10271&&ser=125469 HTTP/1.1" 200 987 "http://hausegger.activities.at/entry.php?id=10271&&ser=125408" "Mozilla/5.0 (Windows NT 10.0; Win64; x64; rv:128.0) Gecko/20100101 Firefox/128.0"
178.115.45.138 - - [08/Aug/2024:15:58:49 +0200] "GET /gui/javascript/form_form.js?1723125529 HTTP/1.1" 200 16206 "http://hausegger.activities.at/entry.php?id=10271&&ser=125469" "Mozilla/5.0 (Windows NT 10.0; Win64; x64; rv:128.0) Gecko/20100101 Firefox/128.0"
178.115.45.138 - - [08/Aug/2024:15:59:49 +0200] "GET /entry.php?id=10271&&ser=125529 HTTP/1.1" 200 987 "http://hausegger.activities.at/entry.php?id=10271&&ser=125469" "Mozilla/5.0 (Windows NT 10.0; Win64; x64; rv:128.0) Gecko/20100101 Firefox/128.0"
178.115.45.138 - - [08/Aug/2024:15:59:49 +0200] "GET /gui/javascript/form_form.js?1723125589 HTTP/1.1" 200 16206 "http://hausegger.activities.at/entry.php?id=10271&&ser=125529" "Mozilla/5.0 (Windows NT 10.0; Win64; x64; rv:128.0) Gecko/20100101 Firefox/128.0"
156.59.198.136 - - [08/Aug/2024:16:00:33 +0200] "GET /renault.activities.at/htdocs/export/pdf/emuc_document/10535007.pdf HTTP/1.0" 404 322 "-" "Mozilla/5.0 (Linux; Android 5.0) AppleWebKit/537.36 (KHTML, like Gecko) Mobile Safari/537.36 (compatible; Bytespider; spider-feedback@bytedance.com)"
178.115.45.138 - - [08/Aug/2024:16:00:50 +0200] "GET /entry.php?id=10271&&ser=125589 HTTP/1.1" 200 987 "http://hausegger.activities.at/entry.php?id=10271&&ser=125529" "Mozilla/5.0 (Windows NT 10.0; Win64; x64; rv:128.0) Gecko/20100101 Firefox/128.0"
178.115.45.138 - - [08/Aug/2024:16:00:50 +0200] "GET /gui/javascript/form_form.js?1723125650 HTTP/1.1" 200 16206 "http://hausegger.activities.at/entry.php?id=10271&&ser=125589" "Mozilla/5.0 (Windows NT 10.0; Win64; x64; rv:128.0) Gecko/20100101 Firefox/128.0"
178.115.45.138 - - [08/Aug/2024:16:01:50 +0200] "GET /entry.php?id=10271&&ser=125650 HTTP/1.1" 200 987 "http://hausegger.activities.at/entry.php?id=10271&&ser=125589" "Mozilla/5.0 (Windows NT 10.0; Win64; x64; rv:128.0) Gecko/20100101 Firefox/128.0"
178.115.45.138 - - [08/Aug/2024:16:01:50 +0200] "GET /gui/javascript/form_form.js?1723125710 HTTP/1.1" 200 16206 "http://hausegger.activities.at/entry.php?id=10271&&ser=125650" "Mozilla/5.0 (Windows NT 10.0; Win64; x64; rv:128.0) Gecko/20100101 Firefox/128.0"
156.59.198.136 - - [08/Aug/2024:16:02:22 +0200] "GET /renault.activities.at/htdocs/log/cron/system_mail_3115034.txt HTTP/1.0" 404 321 "-" "Mozilla/5.0 (Linux; Android 5.0) AppleWebKit/537.36 (KHTML, like Gecko) Mobile Safari/537.36 (compatible; Bytespider; spider-feedback@bytedance.com)"
178.115.45.138 - - [08/Aug/2024:16:02:50 +0200] "GET /entry.php?id=10271&&ser=125710 HTTP/1.1" 200 987 "http://hausegger.activities.at/entry.php?id=10271&&ser=125650" "Mozilla/5.0 (Windows NT 10.0; Win64; x64; rv:128.0) Gecko/20100101 Firefox/128.0"
178.115.45.138 - - [08/Aug/2024:16:02:50 +0200] "GET /gui/javascript/form_form.js?1723125770 HTTP/1.1" 200 16206 "http://hausegger.activities.at/entry.php?id=10271&&ser=125710" "Mozilla/5.0 (Windows NT 10.0; Win64; x64; rv:128.0) Gecko/20100101 Firefox/128.0"
178.115.45.138 - - [08/Aug/2024:16:03:51 +0200] "GET /entry.php?id=10271&&ser=125770 HTTP/1.1" 200 986 "http://hausegger.activities.at/entry.php?id=10271&&ser=125710" "Mozilla/5.0 (Windows NT 10.0; Win64; x64; rv:128.0) Gecko/20100101 Firefox/128.0"
178.115.45.138 - - [08/Aug/2024:16:03:51 +0200] "GET /gui/javascript/form_form.js?1723125831 HTTP/1.1" 200 16206 "http://hausegger.activities.at/entry.php?id=10271&&ser=125770" "Mozilla/5.0 (Windows NT 10.0; Win64; x64; rv:128.0) Gecko/20100101 Firefox/128.0"
178.115.45.138 - - [08/Aug/2024:16:04:51 +0200] "GET /entry.php?id=10271&&ser=125831 HTTP/1.1" 200 986 "http://hausegger.activities.at/entry.php?id=10271&&ser=125770" "Mozilla/5.0 (Windows NT 10.0; Win64; x64; rv:128.0) Gecko/20100101 Firefox/128.0"
178.115.45.138 - - [08/Aug/2024:16:04:51 +0200] "GET /gui/javascript/form_form.js?1723125891 HTTP/1.1" 200 16206 "http://hausegger.activities.at/entry.php?id=10271&&ser=125831" "Mozilla/5.0 (Windows NT 10.0; Win64; x64; rv:128.0) Gecko/20100101 Firefox/128.0"
178.115.45.138 - - [08/Aug/2024:16:05:51 +0200] "GET /entry.php?id=10271&&ser=125891 HTTP/1.1" 200 987 "http://hausegger.activities.at/entry.php?id=10271&&ser=125831" "Mozilla/5.0 (Windows NT 10.0; Win64; x64; rv:128.0) Gecko/20100101 Firefox/128.0"
178.115.45.138 - - [08/Aug/2024:16:05:51 +0200] "GET /gui/javascript/form_form.js?1723125951 HTTP/1.1" 200 16206 "http://hausegger.activities.at/entry.php?id=10271&&ser=125891" "Mozilla/5.0 (Windows NT 10.0; Win64; x64; rv:128.0) Gecko/20100101 Firefox/128.0"
156.59.198.136 - - [08/Aug/2024:16:06:24 +0200] "GET /renault.activities.at/htdocs/export/xml/data/orders/202109291403_RenOrder.xml HTTP/1.0" 404 329 "-" "Mozilla/5.0 (Linux; Android 5.0) AppleWebKit/537.36 (KHTML, like Gecko) Mobile Safari/537.36 (compatible; Bytespider; spider-feedback@bytedance.com)"
178.115.45.138 - - [08/Aug/2024:16:06:51 +0200] "GET /entry.php?id=10271&&ser=125951 HTTP/1.1" 200 986 "http://hausegger.activities.at/entry.php?id=10271&&ser=125891" "Mozilla/5.0 (Windows NT 10.0; Win64; x64; rv:128.0) Gecko/20100101 Firefox/128.0"
178.115.45.138 - - [08/Aug/2024:16:06:52 +0200] "GET /gui/javascript/form_form.js?1723126011 HTTP/1.1" 200 16206 "http://hausegger.activities.at/entry.php?id=10271&&ser=125951" "Mozilla/5.0 (Windows NT 10.0; Win64; x64; rv:128.0) Gecko/20100101 Firefox/128.0"
178.115.45.138 - - [08/Aug/2024:16:07:52 +0200] "GET /entry.php?id=10271&&ser=126011 HTTP/1.1" 200 987 "http://hausegger.activities.at/entry.php?id=10271&&ser=125951" "Mozilla/5.0 (Windows NT 10.0; Win64; x64; rv:128.0) Gecko/20100101 Firefox/128.0"
178.115.45.138 - - [08/Aug/2024:16:07:52 +0200] "GET /gui/javascript/form_form.js?1723126072 HTTP/1.1" 200 16206 "http://hausegger.activities.at/entry.php?id=10271&&ser=126011" "Mozilla/5.0 (Windows NT 10.0; Win64; x64; rv:128.0) Gecko/20100101 Firefox/128.0"
51.159.103.14 - - [08/Aug/2024:16:08:18 +0200] "HEAD / HTTP/1.1" 200 - "-" "curl/7.81.0"
51.159.103.14 - - [08/Aug/2024:16:08:23 +0200] "GET / HTTP/1.1" 200 274 "-" "Mozilla/5.0 (Windows NT 10.0; Win64; x64) AppleWebKit/537.36 (KHTML, like Gecko) Chrome/124.0.0.0 Safari/537.3"
51.159.103.14 - - [08/Aug/2024:16:08:23 +0200] "GET /activities.ico HTTP/1.1" 200 1406 "-" "Mozilla/5.0 (Windows NT 10.0; Win64; x64) AppleWebKit/537.36 (KHTML, like Gecko) Chrome/124.0.0.0 Safari/537.3"
51.159.103.14 - - [08/Aug/2024:16:08:24 +0200] "GET /ads.txt HTTP/1.1" 404 282 "-" "Mozilla/5.0 (Windows NT 10.0; Win64; x64) AppleWebKit/537.36 (KHTML, like Gecko) Chrome/124.0.0.0 Safari/537.3"
51.159.103.14 - - [08/Aug/2024:16:08:24 +0200] "GET /app-ads.txt HTTP/1.1" 404 285 "-" "Mozilla/5.0 (Windows NT 10.0; Win64; x64) AppleWebKit/537.36 (KHTML, like Gecko) Chrome/124.0.0.0 Safari/537.3"
51.159.103.14 - - [08/Aug/2024:16:08:24 +0200] "GET /sellers.json HTTP/1.1" 404 285 "-" "Mozilla/5.0 (Windows NT 10.0; Win64; x64) AppleWebKit/537.36 (KHTML, like Gecko) Chrome/124.0.0.0 Safari/537.3"
156.59.198.136 - - [08/Aug/2024:16:08:46 +0200] "GET /renault.activities.at/htdocs/export/pdf/emuc_document/10635481.pdf HTTP/1.0" 404 322 "-" "Mozilla/5.0 (Linux; Android 5.0) AppleWebKit/537.36 (KHTML, like Gecko) Mobile Safari/537.36 (compatible; Bytespider; spider-feedback@bytedance.com)"
178.115.45.138 - - [08/Aug/2024:16:08:52 +0200] "GET /entry.php?id=10271&&ser=126072 HTTP/1.1" 200 987 "http://hausegger.activities.at/entry.php?id=10271&&ser=126011" "Mozilla/5.0 (Windows NT 10.0; Win64; x64; rv:128.0) Gecko/20100101 Firefox/128.0"
178.115.45.138 - - [08/Aug/2024:16:08:52 +0200] "GET /gui/javascript/form_form.js?1723126132 HTTP/1.1" 200 16206 "http://hausegger.activities.at/entry.php?id=10271&&ser=126072" "Mozilla/5.0 (Windows NT 10.0; Win64; x64; rv:128.0) Gecko/20100101 Firefox/128.0"
178.115.45.138 - - [08/Aug/2024:16:09:52 +0200] "GET /entry.php?id=10271&&ser=126132 HTTP/1.1" 200 987 "http://hausegger.activities.at/entry.php?id=10271&&ser=126072" "Mozilla/5.0 (Windows NT 10.0; Win64; x64; rv:128.0) Gecko/20100101 Firefox/128.0"
178.115.45.138 - - [08/Aug/2024:16:09:52 +0200] "GET /gui/javascript/form_form.js?1723126192 HTTP/1.1" 200 16206 "http://hausegger.activities.at/entry.php?id=10271&&ser=126132" "Mozilla/5.0 (Windows NT 10.0; Win64; x64; rv:128.0) Gecko/20100101 Firefox/128.0"
178.115.45.138 - - [08/Aug/2024:16:10:53 +0200] "GET /entry.php?id=10271&&ser=126192 HTTP/1.1" 200 987 "http://hausegger.activities.at/entry.php?id=10271&&ser=126132" "Mozilla/5.0 (Windows NT 10.0; Win64; x64; rv:128.0) Gecko/20100101 Firefox/128.0"
178.115.45.138 - - [08/Aug/2024:16:10:53 +0200] "GET /gui/javascript/form_form.js?1723126253 HTTP/1.1" 200 16206 "http://hausegger.activities.at/entry.php?id=10271&&ser=126192" "Mozilla/5.0 (Windows NT 10.0; Win64; x64; rv:128.0) Gecko/20100101 Firefox/128.0"
156.59.198.136 - - [08/Aug/2024:16:11:34 +0200] "GET /renault.activities.at/htdocs/log/cron/reminder_mailing_3116543.txt HTTP/1.0" 404 323 "-" "Mozilla/5.0 (Linux; Android 5.0) AppleWebKit/537.36 (KHTML, like Gecko) Mobile Safari/537.36 (compatible; Bytespider; spider-feedback@bytedance.com)"
178.115.45.138 - - [08/Aug/2024:16:11:53 +0200] "GET /entry.php?id=10271&&ser=126253 HTTP/1.1" 200 987 "http://hausegger.activities.at/entry.php?id=10271&&ser=126192" "Mozilla/5.0 (Windows NT 10.0; Win64; x64; rv:128.0) Gecko/20100101 Firefox/128.0"
178.115.45.138 - - [08/Aug/2024:16:11:53 +0200] "GET /gui/javascript/form_form.js?1723126313 HTTP/1.1" 200 16206 "http://hausegger.activities.at/entry.php?id=10271&&ser=126253" "Mozilla/5.0 (Windows NT 10.0; Win64; x64; rv:128.0) Gecko/20100101 Firefox/128.0"
51.159.214.49 - - [08/Aug/2024:16:12:18 +0200] "HEAD / HTTP/1.1" 200 - "-" "curl/7.81.0"
51.159.214.49 - - [08/Aug/2024:16:12:20 +0200] "GET / HTTP/1.1" 200 274 "-" "Mozilla/5.0 (Windows NT 10.0; Win64; x64) AppleWebKit/537.36 (KHTML, like Gecko) Chrome/124.0.0.0 Safari/537.3"
51.159.214.49 - - [08/Aug/2024:16:12:20 +0200] "GET /activities.ico HTTP/1.1" 200 1406 "-" "Mozilla/5.0 (Windows NT 10.0; Win64; x64) AppleWebKit/537.36 (KHTML, like Gecko) Chrome/124.0.0.0 Safari/537.3"
51.159.214.49 - - [08/Aug/2024:16:12:20 +0200] "GET /ads.txt HTTP/1.1" 404 282 "-" "Mozilla/5.0 (Windows NT 10.0; Win64; x64) AppleWebKit/537.36 (KHTML, like Gecko) Chrome/124.0.0.0 Safari/537.3"
51.159.214.49 - - [08/Aug/2024:16:12:20 +0200] "GET /app-ads.txt HTTP/1.1" 404 285 "-" "Mozilla/5.0 (Windows NT 10.0; Win64; x64) AppleWebKit/537.36 (KHTML, like Gecko) Chrome/124.0.0.0 Safari/537.3"
51.159.214.49 - - [08/Aug/2024:16:12:20 +0200] "GET /sellers.json HTTP/1.1" 404 285 "-" "Mozilla/5.0 (Windows NT 10.0; Win64; x64) AppleWebKit/537.36 (KHTML, like Gecko) Chrome/124.0.0.0 Safari/537.3"
178.115.45.138 - - [08/Aug/2024:16:12:53 +0200] "GET /entry.php?id=10271&&ser=126313 HTTP/1.1" 200 987 "http://hausegger.activities.at/entry.php?id=10271&&ser=126253" "Mozilla/5.0 (Windows NT 10.0; Win64; x64; rv:128.0) Gecko/20100101 Firefox/128.0"
178.115.45.138 - - [08/Aug/2024:16:12:53 +0200] "GET /gui/javascript/form_form.js?1723126373 HTTP/1.1" 200 16206 "http://hausegger.activities.at/entry.php?id=10271&&ser=126313" "Mozilla/5.0 (Windows NT 10.0; Win64; x64; rv:128.0) Gecko/20100101 Firefox/128.0"
156.59.198.136 - - [08/Aug/2024:16:13:19 +0200] "GET /renault.activities.at/htdocs/log/cron/system_mail_3116194.txt HTTP/1.0" 404 320 "-" "Mozilla/5.0 (Linux; Android 5.0) AppleWebKit/537.36 (KHTML, like Gecko) Mobile Safari/537.36 (compatible; Bytespider; spider-feedback@bytedance.com)"
178.115.45.138 - - [08/Aug/2024:16:13:53 +0200] "GET /entry.php?id=10271&&ser=126373 HTTP/1.1" 200 987 "http://hausegger.activities.at/entry.php?id=10271&&ser=126313" "Mozilla/5.0 (Windows NT 10.0; Win64; x64; rv:128.0) Gecko/20100101 Firefox/128.0"
178.115.45.138 - - [08/Aug/2024:16:13:54 +0200] "GET /gui/javascript/form_form.js?1723126434 HTTP/1.1" 200 16206 "http://hausegger.activities.at/entry.php?id=10271&&ser=126373" "Mozilla/5.0 (Windows NT 10.0; Win64; x64; rv:128.0) Gecko/20100101 Firefox/128.0"
178.115.45.138 - - [08/Aug/2024:16:14:54 +0200] "GET /entry.php?id=10271&&ser=126434 HTTP/1.1" 200 987 "http://hausegger.activities.at/entry.php?id=10271&&ser=126373" "Mozilla/5.0 (Windows NT 10.0; Win64; x64; rv:128.0) Gecko/20100101 Firefox/128.0"
178.115.45.138 - - [08/Aug/2024:16:14:54 +0200] "GET /gui/javascript/form_form.js?1723126494 HTTP/1.1" 200 16206 "http://hausegger.activities.at/entry.php?id=10271&&ser=126434" "Mozilla/5.0 (Windows NT 10.0; Win64; x64; rv:128.0) Gecko/20100101 Firefox/128.0"
156.59.198.135 - - [08/Aug/2024:16:15:49 +0200] "GET /renault.activities.at/htdocs/export/xml/data/orders/202006101403_RenOrder.xml HTTP/1.0" 404 329 "-" "Mozilla/5.0 (Linux; Android 5.0) AppleWebKit/537.36 (KHTML, like Gecko) Mobile Safari/537.36 (compatible; Bytespider; spider-feedback@bytedance.com)"
178.115.45.138 - - [08/Aug/2024:16:15:54 +0200] "GET /entry.php?id=10271&&ser=126494 HTTP/1.1" 200 987 "http://hausegger.activities.at/entry.php?id=10271&&ser=126434" "Mozilla/5.0 (Windows NT 10.0; Win64; x64; rv:128.0) Gecko/20100101 Firefox/128.0"
178.115.45.138 - - [08/Aug/2024:16:15:54 +0200] "GET /gui/javascript/form_form.js?1723126554 HTTP/1.1" 200 16206 "http://hausegger.activities.at/entry.php?id=10271&&ser=126494" "Mozilla/5.0 (Windows NT 10.0; Win64; x64; rv:128.0) Gecko/20100101 Firefox/128.0"
178.115.45.138 - - [08/Aug/2024:16:16:54 +0200] "GET /entry.php?id=10271&&ser=126554 HTTP/1.1" 200 987 "http://hausegger.activities.at/entry.php?id=10271&&ser=126494" "Mozilla/5.0 (Windows NT 10.0; Win64; x64; rv:128.0) Gecko/20100101 Firefox/128.0"
178.115.45.138 - - [08/Aug/2024:16:16:55 +0200] "GET /gui/javascript/form_form.js?1723126614 HTTP/1.1" 200 16206 "http://hausegger.activities.at/entry.php?id=10271&&ser=126554" "Mozilla/5.0 (Windows NT 10.0; Win64; x64; rv:128.0) Gecko/20100101 Firefox/128.0"
178.115.45.138 - - [08/Aug/2024:16:17:55 +0200] "GET /entry.php?id=10271&&ser=126614 HTTP/1.1" 200 987 "http://hausegger.activities.at/entry.php?id=10271&&ser=126554" "Mozilla/5.0 (Windows NT 10.0; Win64; x64; rv:128.0) Gecko/20100101 Firefox/128.0"
178.115.45.138 - - [08/Aug/2024:16:17:56 +0200] "GET /gui/javascript/form_form.js?1723126675 HTTP/1.1" 200 16206 "http://hausegger.activities.at/entry.php?id=10271&&ser=126614" "Mozilla/5.0 (Windows NT 10.0; Win64; x64; rv:128.0) Gecko/20100101 Firefox/128.0"
178.115.45.138 - - [08/Aug/2024:16:18:56 +0200] "GET /entry.php?id=10271&&ser=126675 HTTP/1.1" 200 987 "http://hausegger.activities.at/entry.php?id=10271&&ser=126614" "Mozilla/5.0 (Windows NT 10.0; Win64; x64; rv:128.0) Gecko/20100101 Firefox/128.0"
178.115.45.138 - - [08/Aug/2024:16:18:56 +0200] "GET /gui/javascript/form_form.js?1723126736 HTTP/1.1" 200 16206 "http://hausegger.activities.at/entry.php?id=10271&&ser=126675" "Mozilla/5.0 (Windows NT 10.0; Win64; x64; rv:128.0) Gecko/20100101 Firefox/128.0"
178.115.45.138 - - [08/Aug/2024:16:19:56 +0200] "GET /entry.php?id=10271&&ser=126736 HTTP/1.1" 200 987 "http://hausegger.activities.at/entry.php?id=10271&&ser=126675" "Mozilla/5.0 (Windows NT 10.0; Win64; x64; rv:128.0) Gecko/20100101 Firefox/128.0"
178.115.45.138 - - [08/Aug/2024:16:19:57 +0200] "GET /gui/javascript/form_form.js?1723126797 HTTP/1.1" 200 16206 "http://hausegger.activities.at/entry.php?id=10271&&ser=126736" "Mozilla/5.0 (Windows NT 10.0; Win64; x64; rv:128.0) Gecko/20100101 Firefox/128.0"
178.115.45.138 - - [08/Aug/2024:16:20:57 +0200] "GET /entry.php?id=10271&&ser=126797 HTTP/1.1" 200 987 "http://hausegger.activities.at/entry.php?id=10271&&ser=126736" "Mozilla/5.0 (Windows NT 10.0; Win64; x64; rv:128.0) Gecko/20100101 Firefox/128.0"
178.115.45.138 - - [08/Aug/2024:16:20:57 +0200] "GET /gui/javascript/form_form.js?1723126857 HTTP/1.1" 200 16206 "http://hausegger.activities.at/entry.php?id=10271&&ser=126797" "Mozilla/5.0 (Windows NT 10.0; Win64; x64; rv:128.0) Gecko/20100101 Firefox/128.0"
178.115.45.138 - - [08/Aug/2024:16:21:57 +0200] "GET /entry.php?id=10271&&ser=126857 HTTP/1.1" 200 987 "http://hausegger.activities.at/entry.php?id=10271&&ser=126797" "Mozilla/5.0 (Windows NT 10.0; Win64; x64; rv:128.0) Gecko/20100101 Firefox/128.0"
178.115.45.138 - - [08/Aug/2024:16:21:57 +0200] "GET /gui/javascript/form_form.js?1723126917 HTTP/1.1" 200 16206 "http://hausegger.activities.at/entry.php?id=10271&&ser=126857" "Mozilla/5.0 (Windows NT 10.0; Win64; x64; rv:128.0) Gecko/20100101 Firefox/128.0"
178.115.45.138 - - [08/Aug/2024:16:22:57 +0200] "GET /entry.php?id=10271&&ser=126917 HTTP/1.1" 200 987 "http://hausegger.activities.at/entry.php?id=10271&&ser=126857" "Mozilla/5.0 (Windows NT 10.0; Win64; x64; rv:128.0) Gecko/20100101 Firefox/128.0"
178.115.45.138 - - [08/Aug/2024:16:22:58 +0200] "GET /gui/javascript/form_form.js?1723126977 HTTP/1.1" 200 16206 "http://hausegger.activities.at/entry.php?id=10271&&ser=126917" "Mozilla/5.0 (Windows NT 10.0; Win64; x64; rv:128.0) Gecko/20100101 Firefox/128.0"
178.115.45.138 - - [08/Aug/2024:16:23:58 +0200] "GET /entry.php?id=10271&&ser=126977 HTTP/1.1" 200 987 "http://hausegger.activities.at/entry.php?id=10271&&ser=126917" "Mozilla/5.0 (Windows NT 10.0; Win64; x64; rv:128.0) Gecko/20100101 Firefox/128.0"
178.115.45.138 - - [08/Aug/2024:16:23:58 +0200] "GET /gui/javascript/form_form.js?1723127038 HTTP/1.1" 200 16206 "http://hausegger.activities.at/entry.php?id=10271&&ser=126977" "Mozilla/5.0 (Windows NT 10.0; Win64; x64; rv:128.0) Gecko/20100101 Firefox/128.0"
178.115.45.138 - - [08/Aug/2024:16:24:58 +0200] "GET /entry.php?id=10271&&ser=127038 HTTP/1.1" 200 987 "http://hausegger.activities.at/entry.php?id=10271&&ser=126977" "Mozilla/5.0 (Windows NT 10.0; Win64; x64; rv:128.0) Gecko/20100101 Firefox/128.0"
178.115.45.138 - - [08/Aug/2024:16:24:58 +0200] "GET /gui/javascript/form_form.js?1723127098 HTTP/1.1" 200 16206 "http://hausegger.activities.at/entry.php?id=10271&&ser=127038" "Mozilla/5.0 (Windows NT 10.0; Win64; x64; rv:128.0) Gecko/20100101 Firefox/128.0"
178.115.45.138 - - [08/Aug/2024:16:25:58 +0200] "GET /entry.php?id=10271&&ser=127098 HTTP/1.1" 200 987 "http://hausegger.activities.at/entry.php?id=10271&&ser=127038" "Mozilla/5.0 (Windows NT 10.0; Win64; x64; rv:128.0) Gecko/20100101 Firefox/128.0"
178.115.45.138 - - [08/Aug/2024:16:25:58 +0200] "GET /gui/javascript/form_form.js?1723127158 HTTP/1.1" 200 16206 "http://hausegger.activities.at/entry.php?id=10271&&ser=127098" "Mozilla/5.0 (Windows NT 10.0; Win64; x64; rv:128.0) Gecko/20100101 Firefox/128.0"
178.115.45.138 - - [08/Aug/2024:16:26:59 +0200] "GET /entry.php?id=10271&&ser=127158 HTTP/1.1" 200 987 "http://hausegger.activities.at/entry.php?id=10271&&ser=127098" "Mozilla/5.0 (Windows NT 10.0; Win64; x64; rv:128.0) Gecko/20100101 Firefox/128.0"
178.115.45.138 - - [08/Aug/2024:16:26:59 +0200] "GET /gui/javascript/form_form.js?1723127219 HTTP/1.1" 200 16206 "http://hausegger.activities.at/entry.php?id=10271&&ser=127158" "Mozilla/5.0 (Windows NT 10.0; Win64; x64; rv:128.0) Gecko/20100101 Firefox/128.0"
178.115.45.138 - - [08/Aug/2024:16:27:59 +0200] "GET /entry.php?id=10271&&ser=127219 HTTP/1.1" 200 987 "http://hausegger.activities.at/entry.php?id=10271&&ser=127158" "Mozilla/5.0 (Windows NT 10.0; Win64; x64; rv:128.0) Gecko/20100101 Firefox/128.0"
178.115.45.138 - - [08/Aug/2024:16:27:59 +0200] "GET /gui/javascript/form_form.js?1723127279 HTTP/1.1" 200 16206 "http://hausegger.activities.at/entry.php?id=10271&&ser=127219" "Mozilla/5.0 (Windows NT 10.0; Win64; x64; rv:128.0) Gecko/20100101 Firefox/128.0"
178.115.45.138 - - [08/Aug/2024:16:28:59 +0200] "GET /entry.php?id=10271&&ser=127279 HTTP/1.1" 200 987 "http://hausegger.activities.at/entry.php?id=10271&&ser=127219" "Mozilla/5.0 (Windows NT 10.0; Win64; x64; rv:128.0) Gecko/20100101 Firefox/128.0"
178.115.45.138 - - [08/Aug/2024:16:28:59 +0200] "GET /gui/javascript/form_form.js?1723127339 HTTP/1.1" 200 16206 "http://hausegger.activities.at/entry.php?id=10271&&ser=127279" "Mozilla/5.0 (Windows NT 10.0; Win64; x64; rv:128.0) Gecko/20100101 Firefox/128.0"
178.115.45.138 - - [08/Aug/2024:16:30:00 +0200] "GET /entry.php?id=10271&&ser=127339 HTTP/1.1" 200 986 "http://hausegger.activities.at/entry.php?id=10271&&ser=127279" "Mozilla/5.0 (Windows NT 10.0; Win64; x64; rv:128.0) Gecko/20100101 Firefox/128.0"
178.115.45.138 - - [08/Aug/2024:16:30:00 +0200] "GET /gui/javascript/form_form.js?1723127400 HTTP/1.1" 200 16206 "http://hausegger.activities.at/entry.php?id=10271&&ser=127339" "Mozilla/5.0 (Windows NT 10.0; Win64; x64; rv:128.0) Gecko/20100101 Firefox/128.0"
178.115.45.138 - - [08/Aug/2024:16:31:00 +0200] "GET /entry.php?id=10271&&ser=127400 HTTP/1.1" 200 986 "http://hausegger.activities.at/entry.php?id=10271&&ser=127339" "Mozilla/5.0 (Windows NT 10.0; Win64; x64; rv:128.0) Gecko/20100101 Firefox/128.0"
178.115.45.138 - - [08/Aug/2024:16:31:00 +0200] "GET /gui/javascript/form_form.js?1723127460 HTTP/1.1" 200 16206 "http://hausegger.activities.at/entry.php?id=10271&&ser=127400" "Mozilla/5.0 (Windows NT 10.0; Win64; x64; rv:128.0) Gecko/20100101 Firefox/128.0"
178.115.45.138 - - [08/Aug/2024:16:32:00 +0200] "GET /entry.php?id=10271&&ser=127460 HTTP/1.1" 200 987 "http://hausegger.activities.at/entry.php?id=10271&&ser=127400" "Mozilla/5.0 (Windows NT 10.0; Win64; x64; rv:128.0) Gecko/20100101 Firefox/128.0"
178.115.45.138 - - [08/Aug/2024:16:32:00 +0200] "GET /gui/javascript/form_form.js?1723127520 HTTP/1.1" 200 16206 "http://hausegger.activities.at/entry.php?id=10271&&ser=127460" "Mozilla/5.0 (Windows NT 10.0; Win64; x64; rv:128.0) Gecko/20100101 Firefox/128.0"
178.115.45.138 - - [08/Aug/2024:16:33:00 +0200] "GET /entry.php?id=10271&&ser=127520 HTTP/1.1" 200 986 "http://hausegger.activities.at/entry.php?id=10271&&ser=127460" "Mozilla/5.0 (Windows NT 10.0; Win64; x64; rv:128.0) Gecko/20100101 Firefox/128.0"
178.115.45.138 - - [08/Aug/2024:16:33:01 +0200] "GET /gui/javascript/form_form.js?1723127581 HTTP/1.1" 200 16206 "http://hausegger.activities.at/entry.php?id=10271&&ser=127520" "Mozilla/5.0 (Windows NT 10.0; Win64; x64; rv:128.0) Gecko/20100101 Firefox/128.0"
178.115.45.138 - - [08/Aug/2024:16:34:01 +0200] "GET /entry.php?id=10271&&ser=127581 HTTP/1.1" 200 987 "http://hausegger.activities.at/entry.php?id=10271&&ser=127520" "Mozilla/5.0 (Windows NT 10.0; Win64; x64; rv:128.0) Gecko/20100101 Firefox/128.0"
178.115.45.138 - - [08/Aug/2024:16:34:01 +0200] "GET /gui/javascript/form_form.js?1723127641 HTTP/1.1" 200 16206 "http://hausegger.activities.at/entry.php?id=10271&&ser=127581" "Mozilla/5.0 (Windows NT 10.0; Win64; x64; rv:128.0) Gecko/20100101 Firefox/128.0"
179.60.149.54 - - [08/Aug/2024:16:34:26 +0200] "\x03" 400 383 "-" "-"
178.115.45.138 - - [08/Aug/2024:16:35:01 +0200] "GET /entry.php?id=10271&&ser=127641 HTTP/1.1" 200 986 "http://hausegger.activities.at/entry.php?id=10271&&ser=127581" "Mozilla/5.0 (Windows NT 10.0; Win64; x64; rv:128.0) Gecko/20100101 Firefox/128.0"
178.115.45.138 - - [08/Aug/2024:16:35:01 +0200] "GET /gui/javascript/form_form.js?1723127701 HTTP/1.1" 200 16206 "http://hausegger.activities.at/entry.php?id=10271&&ser=127641" "Mozilla/5.0 (Windows NT 10.0; Win64; x64; rv:128.0) Gecko/20100101 Firefox/128.0"
178.115.45.138 - - [08/Aug/2024:16:36:01 +0200] "GET /entry.php?id=10271&&ser=127701 HTTP/1.1" 200 987 "http://hausegger.activities.at/entry.php?id=10271&&ser=127641" "Mozilla/5.0 (Windows NT 10.0; Win64; x64; rv:128.0) Gecko/20100101 Firefox/128.0"
178.115.45.138 - - [08/Aug/2024:16:36:02 +0200] "GET /gui/javascript/form_form.js?1723127761 HTTP/1.1" 200 16206 "http://hausegger.activities.at/entry.php?id=10271&&ser=127701" "Mozilla/5.0 (Windows NT 10.0; Win64; x64; rv:128.0) Gecko/20100101 Firefox/128.0"
178.115.45.138 - - [08/Aug/2024:16:37:02 +0200] "GET /entry.php?id=10271&&ser=127761 HTTP/1.1" 200 987 "http://hausegger.activities.at/entry.php?id=10271&&ser=127701" "Mozilla/5.0 (Windows NT 10.0; Win64; x64; rv:128.0) Gecko/20100101 Firefox/128.0"
178.115.45.138 - - [08/Aug/2024:16:37:02 +0200] "GET /gui/javascript/form_form.js?1723127822 HTTP/1.1" 200 16206 "http://hausegger.activities.at/entry.php?id=10271&&ser=127761" "Mozilla/5.0 (Windows NT 10.0; Win64; x64; rv:128.0) Gecko/20100101 Firefox/128.0"
178.115.45.138 - - [08/Aug/2024:16:38:02 +0200] "GET /entry.php?id=10271&&ser=127822 HTTP/1.1" 200 987 "http://hausegger.activities.at/entry.php?id=10271&&ser=127761" "Mozilla/5.0 (Windows NT 10.0; Win64; x64; rv:128.0) Gecko/20100101 Firefox/128.0"
178.115.45.138 - - [08/Aug/2024:16:38:02 +0200] "GET /gui/javascript/form_form.js?1723127882 HTTP/1.1" 200 16206 "http://hausegger.activities.at/entry.php?id=10271&&ser=127822" "Mozilla/5.0 (Windows NT 10.0; Win64; x64; rv:128.0) Gecko/20100101 Firefox/128.0"
178.115.45.138 - - [08/Aug/2024:16:39:02 +0200] "GET /entry.php?id=10271&&ser=127882 HTTP/1.1" 200 987 "http://hausegger.activities.at/entry.php?id=10271&&ser=127822" "Mozilla/5.0 (Windows NT 10.0; Win64; x64; rv:128.0) Gecko/20100101 Firefox/128.0"
178.115.45.138 - - [08/Aug/2024:16:39:02 +0200] "GET /gui/javascript/form_form.js?1723127942 HTTP/1.1" 200 16206 "http://hausegger.activities.at/entry.php?id=10271&&ser=127882" "Mozilla/5.0 (Windows NT 10.0; Win64; x64; rv:128.0) Gecko/20100101 Firefox/128.0"
156.59.198.136 - - [08/Aug/2024:16:39:13 +0200] "GET /renault.activities.at/htdocs/log/cron/reminder_mailing_3115893.txt HTTP/1.0" 404 322 "-" "Mozilla/5.0 (Linux; Android 5.0) AppleWebKit/537.36 (KHTML, like Gecko) Mobile Safari/537.36 (compatible; Bytespider; spider-feedback@bytedance.com)"
156.59.198.135 - - [08/Aug/2024:16:39:35 +0200] "GET /renault.activities.at/htdocs/export/pdf/emuc_document/11170394.pdf HTTP/1.0" 404 322 "-" "Mozilla/5.0 (Linux; Android 5.0) AppleWebKit/537.36 (KHTML, like Gecko) Mobile Safari/537.36 (compatible; Bytespider; spider-feedback@bytedance.com)"
178.115.45.138 - - [08/Aug/2024:16:40:03 +0200] "GET /entry.php?id=10271&&ser=127942 HTTP/1.1" 200 986 "http://hausegger.activities.at/entry.php?id=10271&&ser=127882" "Mozilla/5.0 (Windows NT 10.0; Win64; x64; rv:128.0) Gecko/20100101 Firefox/128.0"
178.115.45.138 - - [08/Aug/2024:16:40:03 +0200] "GET /gui/javascript/form_form.js?1723128003 HTTP/1.1" 200 16206 "http://hausegger.activities.at/entry.php?id=10271&&ser=127942" "Mozilla/5.0 (Windows NT 10.0; Win64; x64; rv:128.0) Gecko/20100101 Firefox/128.0"
