178.115.45.138 - - [09/Aug/2024:14:06:19 +0200] "POST /entry.php?id=10889 HTTP/1.1" 200 1750 "http://hausegger.activities.at/entry.php?id=10889" "Mozilla/5.0 (Windows NT 10.0; Win64; x64; rv:128.0) Gecko/20100101 Firefox/128.0"
178.115.45.138 - - [09/Aug/2024:14:06:19 +0200] "GET /gui/javascript/form_form.js?1723205179 HTTP/1.1" 200 16206 "http://hausegger.activities.at/entry.php?id=10889" "Mozilla/5.0 (Windows NT 10.0; Win64; x64; rv:128.0) Gecko/20100101 Firefox/128.0"
178.115.45.138 - - [09/Aug/2024:14:06:23 +0200] "POST /entry.php?id=10889 HTTP/1.1" 200 1858 "http://hausegger.activities.at/entry.php?id=10889" "Mozilla/5.0 (Windows NT 10.0; Win64; x64; rv:128.0) Gecko/20100101 Firefox/128.0"
178.115.45.138 - - [09/Aug/2024:14:06:24 +0200] "GET /gui/javascript/form_form.js?1723205184 HTTP/1.1" 200 16206 "http://hausegger.activities.at/entry.php?id=10889" "Mozilla/5.0 (Windows NT 10.0; Win64; x64; rv:128.0) Gecko/20100101 Firefox/128.0"
178.115.45.138 - - [09/Aug/2024:14:06:30 +0200] "GET /entry.php?id=10271&&ser=205129 HTTP/1.1" 200 987 "http://hausegger.activities.at/entry.php?id=10271&&ser=205069" "Mozilla/5.0 (Windows NT 10.0; Win64; x64; rv:128.0) Gecko/20100101 Firefox/128.0"
178.115.45.138 - - [09/Aug/2024:14:06:30 +0200] "GET /gui/javascript/form_form.js?1723205190 HTTP/1.1" 200 16206 "http://hausegger.activities.at/entry.php?id=10271&&ser=205129" "Mozilla/5.0 (Windows NT 10.0; Win64; x64; rv:128.0) Gecko/20100101 Firefox/128.0"
178.115.45.138 - - [09/Aug/2024:14:06:42 +0200] "GET /entry.php?id=11270&document=10340517 HTTP/1.1" 200 1975 "http://hausegger.activities.at/entry.php?id=10828" "Mozilla/5.0 (Windows NT 10.0; Win64; x64; rv:128.0) Gecko/20100101 Firefox/128.0"
178.115.45.138 - - [09/Aug/2024:14:06:42 +0200] "GET /gui/javascript/form_bu_document.js?1723205202 HTTP/1.1" 200 2675 "http://hausegger.activities.at/entry.php?id=11270&document=10340517" "Mozilla/5.0 (Windows NT 10.0; Win64; x64; rv:128.0) Gecko/20100101 Firefox/128.0"
178.115.45.138 - - [09/Aug/2024:14:06:42 +0200] "GET /gui/javascript/form_form.js?1723205202 HTTP/1.1" 200 16206 "http://hausegger.activities.at/entry.php?id=11270&document=10340517" "Mozilla/5.0 (Windows NT 10.0; Win64; x64; rv:128.0) Gecko/20100101 Firefox/128.0"
178.115.45.138 - - [09/Aug/2024:14:06:42 +0200] "GET /activities.ico HTTP/1.1" 200 1406 "http://hausegger.activities.at/entry.php?id=11270&document=10340517" "Mozilla/5.0 (Windows NT 10.0; Win64; x64; rv:128.0) Gecko/20100101 Firefox/128.0"
178.115.45.138 - - [09/Aug/2024:14:06:42 +0200] "GET /entry.php?id=10877&mode=observePrint HTTP/1.1" 200 55 "http://hausegger.activities.at/entry.php?id=11270&document=10340517" "Mozilla/5.0 (Windows NT 10.0; Win64; x64; rv:128.0) Gecko/20100101 Firefox/128.0"
178.115.45.138 - - [09/Aug/2024:14:06:42 +0200] "GET /entry.php?id=11241&images=false&document=10340517 HTTP/1.1" 200 2412 "http://hausegger.activities.at/entry.php?id=11270&document=10340517" "Mozilla/5.0 (Windows NT 10.0; Win64; x64; rv:128.0) Gecko/20100101 Firefox/128.0"
178.115.45.138 - - [09/Aug/2024:14:07:30 +0200] "GET /entry.php?id=10271&&ser=205190 HTTP/1.1" 200 986 "http://hausegger.activities.at/entry.php?id=10271&&ser=205129" "Mozilla/5.0 (Windows NT 10.0; Win64; x64; rv:128.0) Gecko/20100101 Firefox/128.0"
178.115.45.138 - - [09/Aug/2024:14:07:30 +0200] "GET /gui/javascript/form_form.js?1723205250 HTTP/1.1" 200 16206 "http://hausegger.activities.at/entry.php?id=10271&&ser=205190" "Mozilla/5.0 (Windows NT 10.0; Win64; x64; rv:128.0) Gecko/20100101 Firefox/128.0"
198.235.24.2 - - [09/Aug/2024:14:07:50 +0200] "GET / HTTP/1.1" 200 423 "-" "Expanse, a Palo Alto Networks company, searches across the global IPv4 space multiple times per day to identify customers' presences on the Internet. If you would like to be excluded from our scans, please send IP addresses/domains to: scaninfo@paloaltonetworks.com"
109.74.197.196 - - [09/Aug/2024:14:08:09 +0200] "GET / HTTP/1.1" 200 274 "-" "Mozilla/5.0 (Windows NT 6.1; WOW64; rv:8.0) Gecko/20100101 Firefox/8.0"
109.74.197.196 - - [09/Aug/2024:14:08:10 +0200] "\x16\x03\x01" 400 383 "-" "-"
109.74.197.196 - - [09/Aug/2024:14:08:10 +0200] "\x16\x03\x01" 400 383 "-" "-"
109.74.197.196 - - [09/Aug/2024:14:08:10 +0200] "\x16\x03\x01" 400 383 "-" "-"
80.82.77.202 - - [09/Aug/2024:14:08:15 +0200] "\x16\x03\x02\x01o\x01" 400 383 "-" "-"
178.115.45.138 - - [09/Aug/2024:14:08:30 +0200] "GET /entry.php?id=10271&&ser=205250 HTTP/1.1" 200 986 "http://hausegger.activities.at/entry.php?id=10271&&ser=205190" "Mozilla/5.0 (Windows NT 10.0; Win64; x64; rv:128.0) Gecko/20100101 Firefox/128.0"
178.115.45.138 - - [09/Aug/2024:14:08:31 +0200] "GET /gui/javascript/form_form.js?1723205311 HTTP/1.1" 200 16206 "http://hausegger.activities.at/entry.php?id=10271&&ser=205250" "Mozilla/5.0 (Windows NT 10.0; Win64; x64; rv:128.0) Gecko/20100101 Firefox/128.0"
178.115.45.138 - - [09/Aug/2024:14:09:31 +0200] "GET /entry.php?id=10271&&ser=205311 HTTP/1.1" 200 987 "http://hausegger.activities.at/entry.php?id=10271&&ser=205250" "Mozilla/5.0 (Windows NT 10.0; Win64; x64; rv:128.0) Gecko/20100101 Firefox/128.0"
178.115.45.138 - - [09/Aug/2024:14:09:31 +0200] "GET /gui/javascript/form_form.js?1723205371 HTTP/1.1" 200 16206 "http://hausegger.activities.at/entry.php?id=10271&&ser=205311" "Mozilla/5.0 (Windows NT 10.0; Win64; x64; rv:128.0) Gecko/20100101 Firefox/128.0"
178.115.45.138 - - [09/Aug/2024:14:10:31 +0200] "GET /entry.php?id=10271&&ser=205371 HTTP/1.1" 200 987 "http://hausegger.activities.at/entry.php?id=10271&&ser=205311" "Mozilla/5.0 (Windows NT 10.0; Win64; x64; rv:128.0) Gecko/20100101 Firefox/128.0"
178.115.45.138 - - [09/Aug/2024:14:10:31 +0200] "GET /gui/javascript/form_form.js?1723205431 HTTP/1.1" 200 16206 "http://hausegger.activities.at/entry.php?id=10271&&ser=205371" "Mozilla/5.0 (Windows NT 10.0; Win64; x64; rv:128.0) Gecko/20100101 Firefox/128.0"
178.115.45.138 - - [09/Aug/2024:14:11:31 +0200] "GET /entry.php?id=10271&&ser=205431 HTTP/1.1" 200 987 "http://hausegger.activities.at/entry.php?id=10271&&ser=205371" "Mozilla/5.0 (Windows NT 10.0; Win64; x64; rv:128.0) Gecko/20100101 Firefox/128.0"
178.115.45.138 - - [09/Aug/2024:14:11:31 +0200] "GET /gui/javascript/form_form.js?1723205491 HTTP/1.1" 200 16206 "http://hausegger.activities.at/entry.php?id=10271&&ser=205431" "Mozilla/5.0 (Windows NT 10.0; Win64; x64; rv:128.0) Gecko/20100101 Firefox/128.0"
156.59.198.136 - - [09/Aug/2024:14:12:11 +0200] "GET /renault.activities.at/htdocs/export/pdf/emuc_document/11379660.pdf HTTP/1.0" 404 323 "-" "Mozilla/5.0 (Linux; Android 5.0) AppleWebKit/537.36 (KHTML, like Gecko) Mobile Safari/537.36 (compatible; Bytespider; spider-feedback@bytedance.com)"
178.115.45.138 - - [09/Aug/2024:14:12:31 +0200] "GET /entry.php?id=10271&&ser=205491 HTTP/1.1" 200 987 "http://hausegger.activities.at/entry.php?id=10271&&ser=205431" "Mozilla/5.0 (Windows NT 10.0; Win64; x64; rv:128.0) Gecko/20100101 Firefox/128.0"
178.115.45.138 - - [09/Aug/2024:14:12:32 +0200] "GET /gui/javascript/form_form.js?1723205552 HTTP/1.1" 200 16206 "http://hausegger.activities.at/entry.php?id=10271&&ser=205491" "Mozilla/5.0 (Windows NT 10.0; Win64; x64; rv:128.0) Gecko/20100101 Firefox/128.0"
156.59.198.135 - - [09/Aug/2024:14:12:33 +0200] "GET /renault.activities.at/htdocs/log/cron/autologout_3116476.txt HTTP/1.0" 404 319 "-" "Mozilla/5.0 (Linux; Android 5.0) AppleWebKit/537.36 (KHTML, like Gecko) Mobile Safari/537.36 (compatible; Bytespider; spider-feedback@bytedance.com)"
156.59.198.136 - - [09/Aug/2024:14:12:53 +0200] "GET /renault.activities.at/htdocs/export/xml/data/orders/202102231403_RenOrder.xml HTTP/1.0" 404 329 "-" "Mozilla/5.0 (Linux; Android 5.0) AppleWebKit/537.36 (KHTML, like Gecko) Mobile Safari/537.36 (compatible; Bytespider; spider-feedback@bytedance.com)"
156.59.198.135 - - [09/Aug/2024:14:13:15 +0200] "GET /renault.activities.at/htdocs/export/pdf/emuc_document/12491082.pdf HTTP/1.0" 404 321 "-" "Mozilla/5.0 (Linux; Android 5.0) AppleWebKit/537.36 (KHTML, like Gecko) Mobile Safari/537.36 (compatible; Bytespider; spider-feedback@bytedance.com)"
178.115.45.138 - - [09/Aug/2024:14:13:32 +0200] "GET /entry.php?id=10271&&ser=205552 HTTP/1.1" 200 987 "http://hausegger.activities.at/entry.php?id=10271&&ser=205491" "Mozilla/5.0 (Windows NT 10.0; Win64; x64; rv:128.0) Gecko/20100101 Firefox/128.0"
178.115.45.138 - - [09/Aug/2024:14:13:32 +0200] "GET /gui/javascript/form_form.js?1723205612 HTTP/1.1" 200 16206 "http://hausegger.activities.at/entry.php?id=10271&&ser=205552" "Mozilla/5.0 (Windows NT 10.0; Win64; x64; rv:128.0) Gecko/20100101 Firefox/128.0"
178.115.45.138 - - [09/Aug/2024:14:14:32 +0200] "GET /entry.php?id=10271&&ser=205612 HTTP/1.1" 200 987 "http://hausegger.activities.at/entry.php?id=10271&&ser=205552" "Mozilla/5.0 (Windows NT 10.0; Win64; x64; rv:128.0) Gecko/20100101 Firefox/128.0"
178.115.45.138 - - [09/Aug/2024:14:14:32 +0200] "GET /gui/javascript/form_form.js?1723205672 HTTP/1.1" 200 16206 "http://hausegger.activities.at/entry.php?id=10271&&ser=205612" "Mozilla/5.0 (Windows NT 10.0; Win64; x64; rv:128.0) Gecko/20100101 Firefox/128.0"
156.59.198.135 - - [09/Aug/2024:14:15:00 +0200] "GET /renault.activities.at/htdocs/log/cron/autologout_3116401.txt HTTP/1.0" 404 318 "-" "Mozilla/5.0 (Linux; Android 5.0) AppleWebKit/537.36 (KHTML, like Gecko) Mobile Safari/537.36 (compatible; Bytespider; spider-feedback@bytedance.com)"
156.59.198.135 - - [09/Aug/2024:14:15:21 +0200] "GET /renault.activities.at/htdocs/export/pdf/emuc_document/10839772.pdf HTTP/1.0" 404 323 "-" "Mozilla/5.0 (Linux; Android 5.0) AppleWebKit/537.36 (KHTML, like Gecko) Mobile Safari/537.36 (compatible; Bytespider; spider-feedback@bytedance.com)"
178.115.45.138 - - [09/Aug/2024:14:15:32 +0200] "GET /entry.php?id=10271&&ser=205672 HTTP/1.1" 200 987 "http://hausegger.activities.at/entry.php?id=10271&&ser=205612" "Mozilla/5.0 (Windows NT 10.0; Win64; x64; rv:128.0) Gecko/20100101 Firefox/128.0"
178.115.45.138 - - [09/Aug/2024:14:15:32 +0200] "GET /gui/javascript/form_form.js?1723205732 HTTP/1.1" 200 16206 "http://hausegger.activities.at/entry.php?id=10271&&ser=205672" "Mozilla/5.0 (Windows NT 10.0; Win64; x64; rv:128.0) Gecko/20100101 Firefox/128.0"
156.59.198.136 - - [09/Aug/2024:14:15:42 +0200] "GET /renault.activities.at/htdocs/export/xml/data/orders/202007301703_RenOrder.xml HTTP/1.0" 404 329 "-" "Mozilla/5.0 (Linux; Android 5.0) AppleWebKit/537.36 (KHTML, like Gecko) Mobile Safari/537.36 (compatible; Bytespider; spider-feedback@bytedance.com)"
178.115.45.138 - - [09/Aug/2024:14:16:33 +0200] "GET /entry.php?id=10271&&ser=205732 HTTP/1.1" 200 987 "http://hausegger.activities.at/entry.php?id=10271&&ser=205672" "Mozilla/5.0 (Windows NT 10.0; Win64; x64; rv:128.0) Gecko/20100101 Firefox/128.0"
178.115.45.138 - - [09/Aug/2024:14:16:33 +0200] "GET /gui/javascript/form_form.js?1723205793 HTTP/1.1" 200 16206 "http://hausegger.activities.at/entry.php?id=10271&&ser=205732" "Mozilla/5.0 (Windows NT 10.0; Win64; x64; rv:128.0) Gecko/20100101 Firefox/128.0"
156.59.198.136 - - [09/Aug/2024:14:16:45 +0200] "GET /renault.activities.at/htdocs/log/cron/reminder_mailing_3115398.txt HTTP/1.0" 404 322 "-" "Mozilla/5.0 (Linux; Android 5.0) AppleWebKit/537.36 (KHTML, like Gecko) Mobile Safari/537.36 (compatible; Bytespider; spider-feedback@bytedance.com)"
178.115.45.138 - - [09/Aug/2024:14:17:33 +0200] "GET /entry.php?id=10271&&ser=205793 HTTP/1.1" 200 987 "http://hausegger.activities.at/entry.php?id=10271&&ser=205732" "Mozilla/5.0 (Windows NT 10.0; Win64; x64; rv:128.0) Gecko/20100101 Firefox/128.0"
178.115.45.138 - - [09/Aug/2024:14:17:33 +0200] "GET /gui/javascript/form_form.js?1723205853 HTTP/1.1" 200 16206 "http://hausegger.activities.at/entry.php?id=10271&&ser=205793" "Mozilla/5.0 (Windows NT 10.0; Win64; x64; rv:128.0) Gecko/20100101 Firefox/128.0"
178.115.45.138 - - [09/Aug/2024:14:18:33 +0200] "GET /entry.php?id=10271&&ser=205853 HTTP/1.1" 200 987 "http://hausegger.activities.at/entry.php?id=10271&&ser=205793" "Mozilla/5.0 (Windows NT 10.0; Win64; x64; rv:128.0) Gecko/20100101 Firefox/128.0"
178.115.45.138 - - [09/Aug/2024:14:18:33 +0200] "GET /gui/javascript/form_form.js?1723205913 HTTP/1.1" 200 16206 "http://hausegger.activities.at/entry.php?id=10271&&ser=205853" "Mozilla/5.0 (Windows NT 10.0; Win64; x64; rv:128.0) Gecko/20100101 Firefox/128.0"
178.115.45.138 - - [09/Aug/2024:14:19:33 +0200] "GET /entry.php?id=10271&&ser=205913 HTTP/1.1" 200 987 "http://hausegger.activities.at/entry.php?id=10271&&ser=205853" "Mozilla/5.0 (Windows NT 10.0; Win64; x64; rv:128.0) Gecko/20100101 Firefox/128.0"
178.115.45.138 - - [09/Aug/2024:14:19:34 +0200] "GET /gui/javascript/form_form.js?1723205974 HTTP/1.1" 200 16206 "http://hausegger.activities.at/entry.php?id=10271&&ser=205913" "Mozilla/5.0 (Windows NT 10.0; Win64; x64; rv:128.0) Gecko/20100101 Firefox/128.0"
178.115.45.138 - - [09/Aug/2024:14:19:46 +0200] "POST /entry.php?id=10828 HTTP/1.1" 200 9330 "http://hausegger.activities.at/entry.php?id=10828" "Mozilla/5.0 (Windows NT 10.0; Win64; x64; rv:128.0) Gecko/20100101 Firefox/128.0"
178.115.45.138 - - [09/Aug/2024:14:19:46 +0200] "GET /gui/javascript/form_form.js?1723205986 HTTP/1.1" 200 16206 "http://hausegger.activities.at/entry.php?id=10828" "Mozilla/5.0 (Windows NT 10.0; Win64; x64; rv:128.0) Gecko/20100101 Firefox/128.0"
178.115.45.138 - - [09/Aug/2024:14:19:46 +0200] "GET /entry.php?id=10889&document_id=& HTTP/1.1" 200 1509 "http://hausegger.activities.at/entry.php?id=10828" "Mozilla/5.0 (Windows NT 10.0; Win64; x64; rv:128.0) Gecko/20100101 Firefox/128.0"
178.115.45.138 - - [09/Aug/2024:14:20:00 +0200] "GET /entry.php?id=10877&mode=loadSearchCustomer&obj=number&tag=debitor&value=z&ser=1723201017375 HTTP/1.1" 200 203 "http://hausegger.activities.at/entry.php?id=10828" "Mozilla/5.0 (Windows NT 10.0; Win64; x64; rv:128.0) Gecko/20100101 Firefox/128.0"
178.115.45.138 - - [09/Aug/2024:14:20:05 +0200] "GET /entry.php?id=10877&mode=loadSearchCustomer&obj=number&tag=debitor&value=f&ser=1723201021543 HTTP/1.1" 200 325 "http://hausegger.activities.at/entry.php?id=10828" "Mozilla/5.0 (Windows NT 10.0; Win64; x64; rv:128.0) Gecko/20100101 Firefox/128.0"
178.115.45.138 - - [09/Aug/2024:14:20:05 +0200] "GET /entry.php?id=10877&mode=loadSearchCustomer&obj=number&tag=debitor&value=f.&ser=1723201022255 HTTP/1.1" 200 175 "http://hausegger.activities.at/entry.php?id=10828" "Mozilla/5.0 (Windows NT 10.0; Win64; x64; rv:128.0) Gecko/20100101 Firefox/128.0"
178.115.45.138 - - [09/Aug/2024:14:20:08 +0200] "POST /entry.php?id=10889 HTTP/1.1" 200 1759 "http://hausegger.activities.at/entry.php?id=10889&document_id=&" "Mozilla/5.0 (Windows NT 10.0; Win64; x64; rv:128.0) Gecko/20100101 Firefox/128.0"
178.115.45.138 - - [09/Aug/2024:14:20:08 +0200] "GET /gui/javascript/form_form.js?1723206008 HTTP/1.1" 200 16206 "http://hausegger.activities.at/entry.php?id=10889" "Mozilla/5.0 (Windows NT 10.0; Win64; x64; rv:128.0) Gecko/20100101 Firefox/128.0"
178.115.45.138 - - [09/Aug/2024:14:20:35 +0200] "GET /entry.php?id=10271&&ser=205974 HTTP/1.1" 200 986 "http://hausegger.activities.at/entry.php?id=10271&&ser=205913" "Mozilla/5.0 (Windows NT 10.0; Win64; x64; rv:128.0) Gecko/20100101 Firefox/128.0"
178.115.45.138 - - [09/Aug/2024:14:20:35 +0200] "GET /gui/javascript/form_form.js?1723206035 HTTP/1.1" 200 16206 "http://hausegger.activities.at/entry.php?id=10271&&ser=205974" "Mozilla/5.0 (Windows NT 10.0; Win64; x64; rv:128.0) Gecko/20100101 Firefox/128.0"
178.115.45.138 - - [09/Aug/2024:14:21:35 +0200] "GET /entry.php?id=10271&&ser=206035 HTTP/1.1" 200 986 "http://hausegger.activities.at/entry.php?id=10271&&ser=205974" "Mozilla/5.0 (Windows NT 10.0; Win64; x64; rv:128.0) Gecko/20100101 Firefox/128.0"
178.115.45.138 - - [09/Aug/2024:14:21:36 +0200] "GET /gui/javascript/form_form.js?1723206095 HTTP/1.1" 200 16206 "http://hausegger.activities.at/entry.php?id=10271&&ser=206035" "Mozilla/5.0 (Windows NT 10.0; Win64; x64; rv:128.0) Gecko/20100101 Firefox/128.0"
178.115.45.138 - - [09/Aug/2024:14:21:45 +0200] "POST /entry.php?id=10828 HTTP/1.1" 200 8728 "http://hausegger.activities.at/entry.php?id=10828" "Mozilla/5.0 (Windows NT 10.0; Win64; x64; rv:128.0) Gecko/20100101 Firefox/128.0"
178.115.45.138 - - [09/Aug/2024:14:21:45 +0200] "GET /gui/javascript/form_form.js?1723206105 HTTP/1.1" 200 16206 "http://hausegger.activities.at/entry.php?id=10828" "Mozilla/5.0 (Windows NT 10.0; Win64; x64; rv:128.0) Gecko/20100101 Firefox/128.0"
178.115.45.138 - - [09/Aug/2024:14:21:45 +0200] "GET /entry.php?id=10889&document_id=10340524& HTTP/1.1" 200 1508 "http://hausegger.activities.at/entry.php?id=10828" "Mozilla/5.0 (Windows NT 10.0; Win64; x64; rv:128.0) Gecko/20100101 Firefox/128.0"
178.115.45.138 - - [09/Aug/2024:14:21:46 +0200] "GET /gui/javascript/form_form.js?1723206106 HTTP/1.1" 200 16206 "http://hausegger.activities.at/entry.php?id=10889&document_id=10340524&" "Mozilla/5.0 (Windows NT 10.0; Win64; x64; rv:128.0) Gecko/20100101 Firefox/128.0"
178.115.45.138 - - [09/Aug/2024:14:21:47 +0200] "POST /entry.php?id=10828 HTTP/1.1" 200 4990 "http://hausegger.activities.at/entry.php?id=10828" "Mozilla/5.0 (Windows NT 10.0; Win64; x64; rv:128.0) Gecko/20100101 Firefox/128.0"
178.115.45.138 - - [09/Aug/2024:14:21:48 +0200] "GET /gui/javascript/form_form.js?1723206108 HTTP/1.1" 200 16206 "http://hausegger.activities.at/entry.php?id=10828" "Mozilla/5.0 (Windows NT 10.0; Win64; x64; rv:128.0) Gecko/20100101 Firefox/128.0"
178.115.45.138 - - [09/Aug/2024:14:21:48 +0200] "GET /entry.php?id=10889&document_id=10340524& HTTP/1.1" 200 1508 "http://hausegger.activities.at/entry.php?id=10828" "Mozilla/5.0 (Windows NT 10.0; Win64; x64; rv:128.0) Gecko/20100101 Firefox/128.0"
178.115.45.138 - - [09/Aug/2024:14:22:06 +0200] "POST /entry.php?id=10828 HTTP/1.1" 200 5016 "http://hausegger.activities.at/entry.php?id=10828" "Mozilla/5.0 (Windows NT 10.0; Win64; x64; rv:128.0) Gecko/20100101 Firefox/128.0"
178.115.45.138 - - [09/Aug/2024:14:22:07 +0200] "GET /gui/javascript/form_form.js?1723206127 HTTP/1.1" 200 16206 "http://hausegger.activities.at/entry.php?id=10828" "Mozilla/5.0 (Windows NT 10.0; Win64; x64; rv:128.0) Gecko/20100101 Firefox/128.0"
178.115.45.138 - - [09/Aug/2024:14:22:07 +0200] "GET /entry.php?id=10889&document_id=10340524& HTTP/1.1" 200 1509 "http://hausegger.activities.at/entry.php?id=10828" "Mozilla/5.0 (Windows NT 10.0; Win64; x64; rv:128.0) Gecko/20100101 Firefox/128.0"
178.115.45.138 - - [09/Aug/2024:14:22:20 +0200] "POST /entry.php?id=10828 HTTP/1.1" 200 5015 "http://hausegger.activities.at/entry.php?id=10828" "Mozilla/5.0 (Windows NT 10.0; Win64; x64; rv:128.0) Gecko/20100101 Firefox/128.0"
178.115.45.138 - - [09/Aug/2024:14:22:20 +0200] "GET /gui/javascript/form_form.js?1723206140 HTTP/1.1" 200 16206 "http://hausegger.activities.at/entry.php?id=10828" "Mozilla/5.0 (Windows NT 10.0; Win64; x64; rv:128.0) Gecko/20100101 Firefox/128.0"
178.115.45.138 - - [09/Aug/2024:14:22:21 +0200] "GET /entry.php?id=10889&document_id=10340524& HTTP/1.1" 200 1508 "http://hausegger.activities.at/entry.php?id=10828" "Mozilla/5.0 (Windows NT 10.0; Win64; x64; rv:128.0) Gecko/20100101 Firefox/128.0"
178.115.45.138 - - [09/Aug/2024:14:22:21 +0200] "GET /gui/javascript/form_form.js?1723206141 HTTP/1.1" 200 16206 "http://hausegger.activities.at/entry.php?id=10889&document_id=10340524&" "Mozilla/5.0 (Windows NT 10.0; Win64; x64; rv:128.0) Gecko/20100101 Firefox/128.0"
178.115.45.138 - - [09/Aug/2024:14:22:23 +0200] "POST /entry.php?id=10828 HTTP/1.1" 200 4790 "http://hausegger.activities.at/entry.php?id=10828" "Mozilla/5.0 (Windows NT 10.0; Win64; x64; rv:128.0) Gecko/20100101 Firefox/128.0"
178.115.45.138 - - [09/Aug/2024:14:22:23 +0200] "GET /gui/javascript/form_form.js?1723206143 HTTP/1.1" 200 16206 "http://hausegger.activities.at/entry.php?id=10828" "Mozilla/5.0 (Windows NT 10.0; Win64; x64; rv:128.0) Gecko/20100101 Firefox/128.0"
178.115.45.138 - - [09/Aug/2024:14:22:24 +0200] "GET /entry.php?id=10830&&object=10340524&account=&mode=documentdebitor HTTP/1.1" 200 3130 "http://hausegger.activities.at/entry.php?id=10828" "Mozilla/5.0 (Windows NT 10.0; Win64; x64; rv:128.0) Gecko/20100101 Firefox/128.0"
178.115.45.138 - - [09/Aug/2024:14:22:24 +0200] "GET /gui/javascript/form_form.js?1723206144 HTTP/1.1" 200 16206 "http://hausegger.activities.at/entry.php?id=10830&&object=10340524&account=&mode=documentdebitor" "Mozilla/5.0 (Windows NT 10.0; Win64; x64; rv:128.0) Gecko/20100101 Firefox/128.0"
178.115.45.138 - - [09/Aug/2024:14:22:24 +0200] "GET /entry.php?id=10889&document_id=10340524& HTTP/1.1" 200 1509 "http://hausegger.activities.at/entry.php?id=10828" "Mozilla/5.0 (Windows NT 10.0; Win64; x64; rv:128.0) Gecko/20100101 Firefox/128.0"
178.115.45.138 - - [09/Aug/2024:14:22:26 +0200] "POST /entry.php?id=10889 HTTP/1.1" 200 1581 "http://hausegger.activities.at/entry.php?id=10889&document_id=10340524&" "Mozilla/5.0 (Windows NT 10.0; Win64; x64; rv:128.0) Gecko/20100101 Firefox/128.0"
178.115.45.138 - - [09/Aug/2024:14:22:26 +0200] "GET /gui/javascript/form_form.js?1723206146 HTTP/1.1" 200 16206 "http://hausegger.activities.at/entry.php?id=10889" "Mozilla/5.0 (Windows NT 10.0; Win64; x64; rv:128.0) Gecko/20100101 Firefox/128.0"
178.115.45.138 - - [09/Aug/2024:14:22:27 +0200] "GET /entry.php?id=10877&mode=loadSearchArticle&obj=article_1&tag=debit&refobject=10340524&value=1&ser=1723201164040 HTTP/1.1" 200 36839 "http://hausegger.activities.at/entry.php?id=10830&&object=10340524&account=&mode=documentdebitor" "Mozilla/5.0 (Windows NT 10.0; Win64; x64; rv:128.0) Gecko/20100101 Firefox/128.0"
178.115.45.138 - - [09/Aug/2024:14:22:27 +0200] "GET /entry.php?id=10877&mode=loadSearchArticle&obj=article_1&tag=debit&refobject=10340524&value=10&ser=1723201164199 HTTP/1.1" 200 2662 "http://hausegger.activities.at/entry.php?id=10830&&object=10340524&account=&mode=documentdebitor" "Mozilla/5.0 (Windows NT 10.0; Win64; x64; rv:128.0) Gecko/20100101 Firefox/128.0"
178.115.45.138 - - [09/Aug/2024:14:22:28 +0200] "GET /entry.php?id=10877&mode=loadSearchArticle&obj=article_1&tag=debit&refobject=10340524&value=103&ser=1723201164624 HTTP/1.1" 200 517 "http://hausegger.activities.at/entry.php?id=10830&&object=10340524&account=&mode=documentdebitor" "Mozilla/5.0 (Windows NT 10.0; Win64; x64; rv:128.0) Gecko/20100101 Firefox/128.0"
178.115.45.138 - - [09/Aug/2024:14:22:28 +0200] "GET /entry.php?id=10877&mode=loadSearchArticle&obj=article_1&tag=debit&refobject=10340524&value=1032&ser=1723201164792 HTTP/1.1" 200 260 "http://hausegger.activities.at/entry.php?id=10830&&object=10340524&account=&mode=documentdebitor" "Mozilla/5.0 (Windows NT 10.0; Win64; x64; rv:128.0) Gecko/20100101 Firefox/128.0"
178.115.45.138 - - [09/Aug/2024:14:22:30 +0200] "POST /entry.php?id=10889 HTTP/1.1" 200 1911 "http://hausegger.activities.at/entry.php?id=10889" "Mozilla/5.0 (Windows NT 10.0; Win64; x64; rv:128.0) Gecko/20100101 Firefox/128.0"
178.115.45.138 - - [09/Aug/2024:14:22:30 +0200] "GET /gui/javascript/form_form.js?1723206150 HTTP/1.1" 200 16206 "http://hausegger.activities.at/entry.php?id=10889" "Mozilla/5.0 (Windows NT 10.0; Win64; x64; rv:128.0) Gecko/20100101 Firefox/128.0"
178.115.45.138 - - [09/Aug/2024:14:22:30 +0200] "POST /entry.php?id=10889 HTTP/1.1" 200 1676 "http://hausegger.activities.at/entry.php?id=10889" "Mozilla/5.0 (Windows NT 10.0; Win64; x64; rv:128.0) Gecko/20100101 Firefox/128.0"
178.115.45.138 - - [09/Aug/2024:14:22:31 +0200] "GET /gui/javascript/form_form.js?1723206151 HTTP/1.1" 200 16206 "http://hausegger.activities.at/entry.php?id=10889" "Mozilla/5.0 (Windows NT 10.0; Win64; x64; rv:128.0) Gecko/20100101 Firefox/128.0"
178.115.45.138 - - [09/Aug/2024:14:22:36 +0200] "GET /entry.php?id=10271&&ser=206095 HTTP/1.1" 200 986 "http://hausegger.activities.at/entry.php?id=10271&&ser=206035" "Mozilla/5.0 (Windows NT 10.0; Win64; x64; rv:128.0) Gecko/20100101 Firefox/128.0"
178.115.45.138 - - [09/Aug/2024:14:22:36 +0200] "GET /gui/javascript/form_form.js?1723206156 HTTP/1.1" 200 16206 "http://hausegger.activities.at/entry.php?id=10271&&ser=206095" "Mozilla/5.0 (Windows NT 10.0; Win64; x64; rv:128.0) Gecko/20100101 Firefox/128.0"
178.115.45.138 - - [09/Aug/2024:14:22:54 +0200] "POST /entry.php?id=10889 HTTP/1.1" 200 1837 "http://hausegger.activities.at/entry.php?id=10889" "Mozilla/5.0 (Windows NT 10.0; Win64; x64; rv:128.0) Gecko/20100101 Firefox/128.0"
178.115.45.138 - - [09/Aug/2024:14:22:55 +0200] "GET /gui/javascript/form_form.js?1723206175 HTTP/1.1" 200 16206 "http://hausegger.activities.at/entry.php?id=10889" "Mozilla/5.0 (Windows NT 10.0; Win64; x64; rv:128.0) Gecko/20100101 Firefox/128.0"
178.115.45.138 - - [09/Aug/2024:14:23:00 +0200] "POST /entry.php?id=10889 HTTP/1.1" 200 1837 "http://hausegger.activities.at/entry.php?id=10889" "Mozilla/5.0 (Windows NT 10.0; Win64; x64; rv:128.0) Gecko/20100101 Firefox/128.0"
178.115.45.138 - - [09/Aug/2024:14:23:01 +0200] "GET /gui/javascript/form_form.js?1723206181 HTTP/1.1" 200 16206 "http://hausegger.activities.at/entry.php?id=10889" "Mozilla/5.0 (Windows NT 10.0; Win64; x64; rv:128.0) Gecko/20100101 Firefox/128.0"
178.115.45.138 - - [09/Aug/2024:14:23:04 +0200] "GET /entry.php?id=11270&document=10340524 HTTP/1.1" 200 1974 "http://hausegger.activities.at/entry.php?id=10828" "Mozilla/5.0 (Windows NT 10.0; Win64; x64; rv:128.0) Gecko/20100101 Firefox/128.0"
178.115.45.138 - - [09/Aug/2024:14:23:05 +0200] "GET /gui/javascript/form_bu_document.js?1723206184 HTTP/1.1" 200 2675 "http://hausegger.activities.at/entry.php?id=11270&document=10340524" "Mozilla/5.0 (Windows NT 10.0; Win64; x64; rv:128.0) Gecko/20100101 Firefox/128.0"
178.115.45.138 - - [09/Aug/2024:14:23:05 +0200] "GET /gui/javascript/form_form.js?1723206184 HTTP/1.1" 200 16206 "http://hausegger.activities.at/entry.php?id=11270&document=10340524" "Mozilla/5.0 (Windows NT 10.0; Win64; x64; rv:128.0) Gecko/20100101 Firefox/128.0"
178.115.45.138 - - [09/Aug/2024:14:23:05 +0200] "GET /entry.php?id=10877&mode=observePrint HTTP/1.1" 200 55 "http://hausegger.activities.at/entry.php?id=11270&document=10340524" "Mozilla/5.0 (Windows NT 10.0; Win64; x64; rv:128.0) Gecko/20100101 Firefox/128.0"
178.115.45.138 - - [09/Aug/2024:14:23:05 +0200] "GET /entry.php?id=11241&images=false&document=10340524 HTTP/1.1" 200 2220 "http://hausegger.activities.at/entry.php?id=11270&document=10340524" "Mozilla/5.0 (Windows NT 10.0; Win64; x64; rv:128.0) Gecko/20100101 Firefox/128.0"
178.115.45.138 - - [09/Aug/2024:14:23:14 +0200] "POST /entry.php?id=10828 HTTP/1.1" 200 8698 "http://hausegger.activities.at/entry.php?id=10828" "Mozilla/5.0 (Windows NT 10.0; Win64; x64; rv:128.0) Gecko/20100101 Firefox/128.0"
178.115.45.138 - - [09/Aug/2024:14:23:14 +0200] "GET /gui/javascript/form_form.js?1723206194 HTTP/1.1" 200 16206 "http://hausegger.activities.at/entry.php?id=10828" "Mozilla/5.0 (Windows NT 10.0; Win64; x64; rv:128.0) Gecko/20100101 Firefox/128.0"
178.115.45.138 - - [09/Aug/2024:14:23:14 +0200] "GET /entry.php?id=10889&document_id=10340524& HTTP/1.1" 200 1509 "http://hausegger.activities.at/entry.php?id=10828" "Mozilla/5.0 (Windows NT 10.0; Win64; x64; rv:128.0) Gecko/20100101 Firefox/128.0"
178.115.45.138 - - [09/Aug/2024:14:23:15 +0200] "GET /gui/javascript/form_form.js?1723206195 HTTP/1.1" 200 16206 "http://hausegger.activities.at/entry.php?id=10889&document_id=10340524&" "Mozilla/5.0 (Windows NT 10.0; Win64; x64; rv:128.0) Gecko/20100101 Firefox/128.0"
178.115.45.138 - - [09/Aug/2024:14:23:30 +0200] "POST /entry.php?id=10828 HTTP/1.1" 200 8721 "http://hausegger.activities.at/entry.php?id=10828" "Mozilla/5.0 (Windows NT 10.0; Win64; x64; rv:128.0) Gecko/20100101 Firefox/128.0"
178.115.45.138 - - [09/Aug/2024:14:23:31 +0200] "GET /gui/javascript/form_form.js?1723206211 HTTP/1.1" 200 16206 "http://hausegger.activities.at/entry.php?id=10828" "Mozilla/5.0 (Windows NT 10.0; Win64; x64; rv:128.0) Gecko/20100101 Firefox/128.0"
178.115.45.138 - - [09/Aug/2024:14:23:31 +0200] "GET /entry.php?id=10889&document_id=10340524& HTTP/1.1" 200 1508 "http://hausegger.activities.at/entry.php?id=10828" "Mozilla/5.0 (Windows NT 10.0; Win64; x64; rv:128.0) Gecko/20100101 Firefox/128.0"
178.115.45.138 - - [09/Aug/2024:14:23:34 +0200] "GET /entry.php?id=11270&document=10340524 HTTP/1.1" 200 1974 "http://hausegger.activities.at/entry.php?id=10828" "Mozilla/5.0 (Windows NT 10.0; Win64; x64; rv:128.0) Gecko/20100101 Firefox/128.0"
178.115.45.138 - - [09/Aug/2024:14:23:34 +0200] "GET /gui/javascript/form_bu_document.js?1723206214 HTTP/1.1" 200 2675 "http://hausegger.activities.at/entry.php?id=11270&document=10340524" "Mozilla/5.0 (Windows NT 10.0; Win64; x64; rv:128.0) Gecko/20100101 Firefox/128.0"
178.115.45.138 - - [09/Aug/2024:14:23:34 +0200] "GET /gui/javascript/form_form.js?1723206214 HTTP/1.1" 200 16206 "http://hausegger.activities.at/entry.php?id=11270&document=10340524" "Mozilla/5.0 (Windows NT 10.0; Win64; x64; rv:128.0) Gecko/20100101 Firefox/128.0"
178.115.45.138 - - [09/Aug/2024:14:23:34 +0200] "GET /entry.php?id=10877&mode=observePrint HTTP/1.1" 200 55 "http://hausegger.activities.at/entry.php?id=11270&document=10340524" "Mozilla/5.0 (Windows NT 10.0; Win64; x64; rv:128.0) Gecko/20100101 Firefox/128.0"
178.115.45.138 - - [09/Aug/2024:14:23:34 +0200] "GET /entry.php?id=11241&images=false&document=10340524 HTTP/1.1" 200 2234 "http://hausegger.activities.at/entry.php?id=11270&document=10340524" "Mozilla/5.0 (Windows NT 10.0; Win64; x64; rv:128.0) Gecko/20100101 Firefox/128.0"
178.115.45.138 - - [09/Aug/2024:14:23:36 +0200] "GET /entry.php?id=10271&&ser=206156 HTTP/1.1" 200 986 "http://hausegger.activities.at/entry.php?id=10271&&ser=206095" "Mozilla/5.0 (Windows NT 10.0; Win64; x64; rv:128.0) Gecko/20100101 Firefox/128.0"
178.115.45.138 - - [09/Aug/2024:14:23:36 +0200] "GET /gui/javascript/form_form.js?1723206216 HTTP/1.1" 200 16206 "http://hausegger.activities.at/entry.php?id=10271&&ser=206156" "Mozilla/5.0 (Windows NT 10.0; Win64; x64; rv:128.0) Gecko/20100101 Firefox/128.0"
178.115.45.138 - - [09/Aug/2024:14:24:36 +0200] "GET /entry.php?id=10271&&ser=206216 HTTP/1.1" 200 986 "http://hausegger.activities.at/entry.php?id=10271&&ser=206156" "Mozilla/5.0 (Windows NT 10.0; Win64; x64; rv:128.0) Gecko/20100101 Firefox/128.0"
178.115.45.138 - - [09/Aug/2024:14:24:37 +0200] "GET /gui/javascript/form_form.js?1723206277 HTTP/1.1" 200 16206 "http://hausegger.activities.at/entry.php?id=10271&&ser=206216" "Mozilla/5.0 (Windows NT 10.0; Win64; x64; rv:128.0) Gecko/20100101 Firefox/128.0"
178.115.45.138 - - [09/Aug/2024:14:25:37 +0200] "GET /entry.php?id=10271&&ser=206277 HTTP/1.1" 200 987 "http://hausegger.activities.at/entry.php?id=10271&&ser=206216" "Mozilla/5.0 (Windows NT 10.0; Win64; x64; rv:128.0) Gecko/20100101 Firefox/128.0"
178.115.45.138 - - [09/Aug/2024:14:25:37 +0200] "GET /gui/javascript/form_form.js?1723206337 HTTP/1.1" 200 16206 "http://hausegger.activities.at/entry.php?id=10271&&ser=206277" "Mozilla/5.0 (Windows NT 10.0; Win64; x64; rv:128.0) Gecko/20100101 Firefox/128.0"
178.115.45.138 - - [09/Aug/2024:14:26:37 +0200] "GET /entry.php?id=10271&&ser=206337 HTTP/1.1" 200 987 "http://hausegger.activities.at/entry.php?id=10271&&ser=206277" "Mozilla/5.0 (Windows NT 10.0; Win64; x64; rv:128.0) Gecko/20100101 Firefox/128.0"
178.115.45.138 - - [09/Aug/2024:14:26:37 +0200] "GET /gui/javascript/form_form.js?1723206397 HTTP/1.1" 200 16206 "http://hausegger.activities.at/entry.php?id=10271&&ser=206337" "Mozilla/5.0 (Windows NT 10.0; Win64; x64; rv:128.0) Gecko/20100101 Firefox/128.0"
178.115.45.138 - - [09/Aug/2024:14:27:37 +0200] "GET /entry.php?id=10271&&ser=206397 HTTP/1.1" 200 987 "http://hausegger.activities.at/entry.php?id=10271&&ser=206337" "Mozilla/5.0 (Windows NT 10.0; Win64; x64; rv:128.0) Gecko/20100101 Firefox/128.0"
178.115.45.138 - - [09/Aug/2024:14:27:37 +0200] "GET /gui/javascript/form_form.js?1723206457 HTTP/1.1" 200 16206 "http://hausegger.activities.at/entry.php?id=10271&&ser=206397" "Mozilla/5.0 (Windows NT 10.0; Win64; x64; rv:128.0) Gecko/20100101 Firefox/128.0"
178.115.45.138 - - [09/Aug/2024:14:28:38 +0200] "GET /entry.php?id=10271&&ser=206457 HTTP/1.1" 200 986 "http://hausegger.activities.at/entry.php?id=10271&&ser=206397" "Mozilla/5.0 (Windows NT 10.0; Win64; x64; rv:128.0) Gecko/20100101 Firefox/128.0"
178.115.45.138 - - [09/Aug/2024:14:28:38 +0200] "GET /gui/javascript/form_form.js?1723206518 HTTP/1.1" 200 16206 "http://hausegger.activities.at/entry.php?id=10271&&ser=206457" "Mozilla/5.0 (Windows NT 10.0; Win64; x64; rv:128.0) Gecko/20100101 Firefox/128.0"
178.115.45.138 - - [09/Aug/2024:14:29:38 +0200] "GET /entry.php?id=10271&&ser=206518 HTTP/1.1" 200 986 "http://hausegger.activities.at/entry.php?id=10271&&ser=206457" "Mozilla/5.0 (Windows NT 10.0; Win64; x64; rv:128.0) Gecko/20100101 Firefox/128.0"
178.115.45.138 - - [09/Aug/2024:14:29:38 +0200] "GET /gui/javascript/form_form.js?1723206578 HTTP/1.1" 200 16206 "http://hausegger.activities.at/entry.php?id=10271&&ser=206518" "Mozilla/5.0 (Windows NT 10.0; Win64; x64; rv:128.0) Gecko/20100101 Firefox/128.0"
178.115.45.138 - - [09/Aug/2024:14:30:38 +0200] "GET /entry.php?id=10271&&ser=206578 HTTP/1.1" 200 986 "http://hausegger.activities.at/entry.php?id=10271&&ser=206518" "Mozilla/5.0 (Windows NT 10.0; Win64; x64; rv:128.0) Gecko/20100101 Firefox/128.0"
178.115.45.138 - - [09/Aug/2024:14:30:38 +0200] "GET /gui/javascript/form_form.js?1723206638 HTTP/1.1" 200 16206 "http://hausegger.activities.at/entry.php?id=10271&&ser=206578" "Mozilla/5.0 (Windows NT 10.0; Win64; x64; rv:128.0) Gecko/20100101 Firefox/128.0"
178.115.45.138 - - [09/Aug/2024:14:31:38 +0200] "GET /entry.php?id=10271&&ser=206638 HTTP/1.1" 200 988 "http://hausegger.activities.at/entry.php?id=10271&&ser=206578" "Mozilla/5.0 (Windows NT 10.0; Win64; x64; rv:128.0) Gecko/20100101 Firefox/128.0"
178.115.45.138 - - [09/Aug/2024:14:31:39 +0200] "GET /gui/javascript/form_form.js?1723206699 HTTP/1.1" 200 16206 "http://hausegger.activities.at/entry.php?id=10271&&ser=206638" "Mozilla/5.0 (Windows NT 10.0; Win64; x64; rv:128.0) Gecko/20100101 Firefox/128.0"
47.128.59.15 - - [09/Aug/2024:14:31:46 +0200] "GET /robots.txt HTTP/1.1" 404 284 "-" "Mozilla/5.0 (Linux; Android 5.0) AppleWebKit/537.36 (KHTML, like Gecko) Mobile Safari/537.36 (compatible; Bytespider; spider-feedback@bytedance.com)"
178.115.45.138 - - [09/Aug/2024:14:32:39 +0200] "GET /entry.php?id=10271&&ser=206698 HTTP/1.1" 200 987 "http://hausegger.activities.at/entry.php?id=10271&&ser=206638" "Mozilla/5.0 (Windows NT 10.0; Win64; x64; rv:128.0) Gecko/20100101 Firefox/128.0"
178.115.45.138 - - [09/Aug/2024:14:32:39 +0200] "GET /gui/javascript/form_form.js?1723206759 HTTP/1.1" 200 16206 "http://hausegger.activities.at/entry.php?id=10271&&ser=206698" "Mozilla/5.0 (Windows NT 10.0; Win64; x64; rv:128.0) Gecko/20100101 Firefox/128.0"
156.59.198.135 - - [09/Aug/2024:14:33:21 +0200] "GET /renault.activities.at/htdocs/export/xml/data/orders/202001240903_RenOrder.xml HTTP/1.0" 404 329 "-" "Mozilla/5.0 (Linux; Android 5.0) AppleWebKit/537.36 (KHTML, like Gecko) Mobile Safari/537.36 (compatible; Bytespider; spider-feedback@bytedance.com)"
178.115.45.138 - - [09/Aug/2024:14:33:39 +0200] "GET /entry.php?id=10271&&ser=206759 HTTP/1.1" 200 986 "http://hausegger.activities.at/entry.php?id=10271&&ser=206698" "Mozilla/5.0 (Windows NT 10.0; Win64; x64; rv:128.0) Gecko/20100101 Firefox/128.0"
178.115.45.138 - - [09/Aug/2024:14:33:39 +0200] "GET /gui/javascript/form_form.js?1723206819 HTTP/1.1" 200 16206 "http://hausegger.activities.at/entry.php?id=10271&&ser=206759" "Mozilla/5.0 (Windows NT 10.0; Win64; x64; rv:128.0) Gecko/20100101 Firefox/128.0"
178.115.45.138 - - [09/Aug/2024:14:34:39 +0200] "GET /entry.php?id=10271&&ser=206819 HTTP/1.1" 200 986 "http://hausegger.activities.at/entry.php?id=10271&&ser=206759" "Mozilla/5.0 (Windows NT 10.0; Win64; x64; rv:128.0) Gecko/20100101 Firefox/128.0"
178.115.45.138 - - [09/Aug/2024:14:34:39 +0200] "GET /gui/javascript/form_form.js?1723206879 HTTP/1.1" 200 16206 "http://hausegger.activities.at/entry.php?id=10271&&ser=206819" "Mozilla/5.0 (Windows NT 10.0; Win64; x64; rv:128.0) Gecko/20100101 Firefox/128.0"
178.115.45.138 - - [09/Aug/2024:14:35:40 +0200] "GET /entry.php?id=10271&&ser=206879 HTTP/1.1" 200 986 "http://hausegger.activities.at/entry.php?id=10271&&ser=206819" "Mozilla/5.0 (Windows NT 10.0; Win64; x64; rv:128.0) Gecko/20100101 Firefox/128.0"
178.115.45.138 - - [09/Aug/2024:14:35:40 +0200] "GET /gui/javascript/form_form.js?1723206940 HTTP/1.1" 200 16206 "http://hausegger.activities.at/entry.php?id=10271&&ser=206879" "Mozilla/5.0 (Windows NT 10.0; Win64; x64; rv:128.0) Gecko/20100101 Firefox/128.0"
156.59.198.136 - - [09/Aug/2024:14:35:58 +0200] "GET /renault.activities.at/htdocs/log/cron/reminder_mailing_3115847.txt HTTP/1.0" 404 323 "-" "Mozilla/5.0 (Linux; Android 5.0) AppleWebKit/537.36 (KHTML, like Gecko) Mobile Safari/537.36 (compatible; Bytespider; spider-feedback@bytedance.com)"
156.59.198.136 - - [09/Aug/2024:14:36:29 +0200] "GET /renault.activities.at/htdocs/export/pdf/emuc_document/11912191.pdf HTTP/1.0" 404 320 "-" "Mozilla/5.0 (Linux; Android 5.0) AppleWebKit/537.36 (KHTML, like Gecko) Mobile Safari/537.36 (compatible; Bytespider; spider-feedback@bytedance.com)"
178.115.45.138 - - [09/Aug/2024:14:36:44 +0200] "GET /entry.php?id=10271&&ser=206940 HTTP/1.1" 200 987 "http://hausegger.activities.at/entry.php?id=10271&&ser=206879" "Mozilla/5.0 (Windows NT 10.0; Win64; x64; rv:128.0) Gecko/20100101 Firefox/128.0"
178.115.45.138 - - [09/Aug/2024:14:36:44 +0200] "GET /gui/javascript/form_form.js?1723207004 HTTP/1.1" 200 16206 "http://hausegger.activities.at/entry.php?id=10271&&ser=206940" "Mozilla/5.0 (Windows NT 10.0; Win64; x64; rv:128.0) Gecko/20100101 Firefox/128.0"
156.59.198.136 - - [09/Aug/2024:14:36:51 +0200] "GET /renault.activities.at/htdocs/export/pdf/emuc_document/11320282.pdf HTTP/1.0" 404 322 "-" "Mozilla/5.0 (Linux; Android 5.0) AppleWebKit/537.36 (KHTML, like Gecko) Mobile Safari/537.36 (compatible; Bytespider; spider-feedback@bytedance.com)"
156.59.198.135 - - [09/Aug/2024:14:37:12 +0200] "GET /renault.activities.at/htdocs/export/xml/data/orders/202101121403_RenOrder.xml HTTP/1.0" 404 328 "-" "Mozilla/5.0 (Linux; Android 5.0) AppleWebKit/537.36 (KHTML, like Gecko) Mobile Safari/537.36 (compatible; Bytespider; spider-feedback@bytedance.com)"
147.182.144.50 - - [09/Aug/2024:14:37:20 +0200] "GET / HTTP/1.1" 200 274 "-" "Mozilla/5.0 (Windows NT 10.0; Win64; x64) AppleWebKit/537.36 (KHTML, like Gecko) Chrome/126.0.0.0 Safari/537.36"
147.182.144.50 - - [09/Aug/2024:14:37:20 +0200] "GET /activities.ico HTTP/1.1" 200 1406 "http://mail.universimed.pl/" "Mozilla/5.0 (Windows NT 10.0; Win64; x64) AppleWebKit/537.36 (KHTML, like Gecko) Chrome/126.0.0.0 Safari/537.36"
178.115.45.138 - - [09/Aug/2024:14:37:44 +0200] "GET /entry.php?id=10271&&ser=207004 HTTP/1.1" 200 987 "http://hausegger.activities.at/entry.php?id=10271&&ser=206940" "Mozilla/5.0 (Windows NT 10.0; Win64; x64; rv:128.0) Gecko/20100101 Firefox/128.0"
178.115.45.138 - - [09/Aug/2024:14:37:44 +0200] "GET /gui/javascript/form_form.js?1723207064 HTTP/1.1" 200 16206 "http://hausegger.activities.at/entry.php?id=10271&&ser=207004" "Mozilla/5.0 (Windows NT 10.0; Win64; x64; rv:128.0) Gecko/20100101 Firefox/128.0"
178.115.45.138 - - [09/Aug/2024:14:38:45 +0200] "GET /entry.php?id=10271&&ser=207064 HTTP/1.1" 200 987 "http://hausegger.activities.at/entry.php?id=10271&&ser=207004" "Mozilla/5.0 (Windows NT 10.0; Win64; x64; rv:128.0) Gecko/20100101 Firefox/128.0"
178.115.45.138 - - [09/Aug/2024:14:38:45 +0200] "GET /gui/javascript/form_form.js?1723207125 HTTP/1.1" 200 16206 "http://hausegger.activities.at/entry.php?id=10271&&ser=207064" "Mozilla/5.0 (Windows NT 10.0; Win64; x64; rv:128.0) Gecko/20100101 Firefox/128.0"
178.115.45.138 - - [09/Aug/2024:14:39:45 +0200] "GET /entry.php?id=10271&&ser=207125 HTTP/1.1" 200 987 "http://hausegger.activities.at/entry.php?id=10271&&ser=207064" "Mozilla/5.0 (Windows NT 10.0; Win64; x64; rv:128.0) Gecko/20100101 Firefox/128.0"
178.115.45.138 - - [09/Aug/2024:14:39:45 +0200] "GET /gui/javascript/form_form.js?1723207185 HTTP/1.1" 200 16206 "http://hausegger.activities.at/entry.php?id=10271&&ser=207125" "Mozilla/5.0 (Windows NT 10.0; Win64; x64; rv:128.0) Gecko/20100101 Firefox/128.0"
178.115.45.138 - - [09/Aug/2024:14:40:45 +0200] "GET /entry.php?id=10271&&ser=207185 HTTP/1.1" 200 987 "http://hausegger.activities.at/entry.php?id=10271&&ser=207125" "Mozilla/5.0 (Windows NT 10.0; Win64; x64; rv:128.0) Gecko/20100101 Firefox/128.0"
178.115.45.138 - - [09/Aug/2024:14:40:45 +0200] "GET /gui/javascript/form_form.js?1723207245 HTTP/1.1" 200 16206 "http://hausegger.activities.at/entry.php?id=10271&&ser=207185" "Mozilla/5.0 (Windows NT 10.0; Win64; x64; rv:128.0) Gecko/20100101 Firefox/128.0"
156.59.198.135 - - [09/Aug/2024:14:41:14 +0200] "GET /renault.activities.at/htdocs/export/xml/data/orders/202007301703_RenOrder.xml HTTP/1.0" 404 329 "-" "Mozilla/5.0 (Linux; Android 5.0) AppleWebKit/537.36 (KHTML, like Gecko) Mobile Safari/537.36 (compatible; Bytespider; spider-feedback@bytedance.com)"
178.115.45.138 - - [09/Aug/2024:14:41:45 +0200] "GET /entry.php?id=10271&&ser=207245 HTTP/1.1" 200 987 "http://hausegger.activities.at/entry.php?id=10271&&ser=207185" "Mozilla/5.0 (Windows NT 10.0; Win64; x64; rv:128.0) Gecko/20100101 Firefox/128.0"
178.115.45.138 - - [09/Aug/2024:14:41:46 +0200] "GET /gui/javascript/form_form.js?1723207306 HTTP/1.1" 200 16206 "http://hausegger.activities.at/entry.php?id=10271&&ser=207245" "Mozilla/5.0 (Windows NT 10.0; Win64; x64; rv:128.0) Gecko/20100101 Firefox/128.0"
178.115.45.138 - - [09/Aug/2024:14:42:46 +0200] "GET /entry.php?id=10271&&ser=207306 HTTP/1.1" 200 987 "http://hausegger.activities.at/entry.php?id=10271&&ser=207245" "Mozilla/5.0 (Windows NT 10.0; Win64; x64; rv:128.0) Gecko/20100101 Firefox/128.0"
178.115.45.138 - - [09/Aug/2024:14:42:46 +0200] "GET /gui/javascript/form_form.js?1723207366 HTTP/1.1" 200 16206 "http://hausegger.activities.at/entry.php?id=10271&&ser=207306" "Mozilla/5.0 (Windows NT 10.0; Win64; x64; rv:128.0) Gecko/20100101 Firefox/128.0"
156.59.198.135 - - [09/Aug/2024:14:43:19 +0200] "GET /renault.activities.at/htdocs/log/cron/pickupLogisticData_3116315.txt HTTP/1.0" 404 325 "-" "Mozilla/5.0 (Linux; Android 5.0) AppleWebKit/537.36 (KHTML, like Gecko) Mobile Safari/537.36 (compatible; Bytespider; spider-feedback@bytedance.com)"
93.174.93.12 - - [09/Aug/2024:14:43:26 +0200] "\x16\x03\x02\x01o\x01" 400 383 "-" "-"
178.115.45.138 - - [09/Aug/2024:14:43:46 +0200] "GET /entry.php?id=10271&&ser=207366 HTTP/1.1" 200 987 "http://hausegger.activities.at/entry.php?id=10271&&ser=207306" "Mozilla/5.0 (Windows NT 10.0; Win64; x64; rv:128.0) Gecko/20100101 Firefox/128.0"
178.115.45.138 - - [09/Aug/2024:14:43:46 +0200] "GET /gui/javascript/form_form.js?1723207426 HTTP/1.1" 200 16206 "http://hausegger.activities.at/entry.php?id=10271&&ser=207366" "Mozilla/5.0 (Windows NT 10.0; Win64; x64; rv:128.0) Gecko/20100101 Firefox/128.0"
178.115.45.138 - - [09/Aug/2024:14:44:46 +0200] "GET /entry.php?id=10271&&ser=207426 HTTP/1.1" 200 987 "http://hausegger.activities.at/entry.php?id=10271&&ser=207366" "Mozilla/5.0 (Windows NT 10.0; Win64; x64; rv:128.0) Gecko/20100101 Firefox/128.0"
178.115.45.138 - - [09/Aug/2024:14:44:46 +0200] "GET /gui/javascript/form_form.js?1723207486 HTTP/1.1" 200 16206 "http://hausegger.activities.at/entry.php?id=10271&&ser=207426" "Mozilla/5.0 (Windows NT 10.0; Win64; x64; rv:128.0) Gecko/20100101 Firefox/128.0"
178.115.45.138 - - [09/Aug/2024:14:45:47 +0200] "GET /entry.php?id=10271&&ser=207486 HTTP/1.1" 200 987 "http://hausegger.activities.at/entry.php?id=10271&&ser=207426" "Mozilla/5.0 (Windows NT 10.0; Win64; x64; rv:128.0) Gecko/20100101 Firefox/128.0"
178.115.45.138 - - [09/Aug/2024:14:45:47 +0200] "GET /gui/javascript/form_form.js?1723207547 HTTP/1.1" 200 16206 "http://hausegger.activities.at/entry.php?id=10271&&ser=207486" "Mozilla/5.0 (Windows NT 10.0; Win64; x64; rv:128.0) Gecko/20100101 Firefox/128.0"
178.115.45.138 - - [09/Aug/2024:14:46:47 +0200] "GET /entry.php?id=10271&&ser=207547 HTTP/1.1" 200 987 "http://hausegger.activities.at/entry.php?id=10271&&ser=207486" "Mozilla/5.0 (Windows NT 10.0; Win64; x64; rv:128.0) Gecko/20100101 Firefox/128.0"
178.115.45.138 - - [09/Aug/2024:14:46:47 +0200] "GET /gui/javascript/form_form.js?1723207607 HTTP/1.1" 200 16206 "http://hausegger.activities.at/entry.php?id=10271&&ser=207547" "Mozilla/5.0 (Windows NT 10.0; Win64; x64; rv:128.0) Gecko/20100101 Firefox/128.0"
178.115.45.138 - - [09/Aug/2024:14:47:47 +0200] "GET /entry.php?id=10271&&ser=207607 HTTP/1.1" 200 987 "http://hausegger.activities.at/entry.php?id=10271&&ser=207547" "Mozilla/5.0 (Windows NT 10.0; Win64; x64; rv:128.0) Gecko/20100101 Firefox/128.0"
178.115.45.138 - - [09/Aug/2024:14:47:47 +0200] "GET /gui/javascript/form_form.js?1723207667 HTTP/1.1" 200 16206 "http://hausegger.activities.at/entry.php?id=10271&&ser=207607" "Mozilla/5.0 (Windows NT 10.0; Win64; x64; rv:128.0) Gecko/20100101 Firefox/128.0"
178.115.45.138 - - [09/Aug/2024:14:48:48 +0200] "GET /entry.php?id=10271&&ser=207667 HTTP/1.1" 200 987 "http://hausegger.activities.at/entry.php?id=10271&&ser=207607" "Mozilla/5.0 (Windows NT 10.0; Win64; x64; rv:128.0) Gecko/20100101 Firefox/128.0"
178.115.45.138 - - [09/Aug/2024:14:48:48 +0200] "GET /gui/javascript/form_form.js?1723207728 HTTP/1.1" 200 16206 "http://hausegger.activities.at/entry.php?id=10271&&ser=207667" "Mozilla/5.0 (Windows NT 10.0; Win64; x64; rv:128.0) Gecko/20100101 Firefox/128.0"
178.115.45.138 - - [09/Aug/2024:14:49:48 +0200] "GET /entry.php?id=10271&&ser=207728 HTTP/1.1" 200 987 "http://hausegger.activities.at/entry.php?id=10271&&ser=207667" "Mozilla/5.0 (Windows NT 10.0; Win64; x64; rv:128.0) Gecko/20100101 Firefox/128.0"
178.115.45.138 - - [09/Aug/2024:14:49:48 +0200] "GET /gui/javascript/form_form.js?1723207788 HTTP/1.1" 200 16206 "http://hausegger.activities.at/entry.php?id=10271&&ser=207728" "Mozilla/5.0 (Windows NT 10.0; Win64; x64; rv:128.0) Gecko/20100101 Firefox/128.0"
178.115.45.138 - - [09/Aug/2024:14:50:48 +0200] "GET /entry.php?id=10271&&ser=207788 HTTP/1.1" 200 987 "http://hausegger.activities.at/entry.php?id=10271&&ser=207728" "Mozilla/5.0 (Windows NT 10.0; Win64; x64; rv:128.0) Gecko/20100101 Firefox/128.0"
178.115.45.138 - - [09/Aug/2024:14:50:48 +0200] "GET /gui/javascript/form_form.js?1723207848 HTTP/1.1" 200 16206 "http://hausegger.activities.at/entry.php?id=10271&&ser=207788" "Mozilla/5.0 (Windows NT 10.0; Win64; x64; rv:128.0) Gecko/20100101 Firefox/128.0"
156.59.198.135 - - [09/Aug/2024:14:51:10 +0200] "GET /renault.activities.at/htdocs/log/cron/reminder_mailing_3115246.txt HTTP/1.0" 404 323 "-" "Mozilla/5.0 (Linux; Android 5.0) AppleWebKit/537.36 (KHTML, like Gecko) Mobile Safari/537.36 (compatible; Bytespider; spider-feedback@bytedance.com)"
156.59.198.135 - - [09/Aug/2024:14:51:31 +0200] "GET /renault.activities.at/htdocs/export/xml/data/orders/202005201003_RenOrder.xml HTTP/1.0" 404 329 "-" "Mozilla/5.0 (Linux; Android 5.0) AppleWebKit/537.36 (KHTML, like Gecko) Mobile Safari/537.36 (compatible; Bytespider; spider-feedback@bytedance.com)"
178.115.45.138 - - [09/Aug/2024:14:51:48 +0200] "GET /entry.php?id=10271&&ser=207848 HTTP/1.1" 200 987 "http://hausegger.activities.at/entry.php?id=10271&&ser=207788" "Mozilla/5.0 (Windows NT 10.0; Win64; x64; rv:128.0) Gecko/20100101 Firefox/128.0"
178.115.45.138 - - [09/Aug/2024:14:51:49 +0200] "GET /gui/javascript/form_form.js?1723207908 HTTP/1.1" 200 16206 "http://hausegger.activities.at/entry.php?id=10271&&ser=207848" "Mozilla/5.0 (Windows NT 10.0; Win64; x64; rv:128.0) Gecko/20100101 Firefox/128.0"
178.115.45.138 - - [09/Aug/2024:14:52:49 +0200] "GET /entry.php?id=10271&&ser=207908 HTTP/1.1" 200 987 "http://hausegger.activities.at/entry.php?id=10271&&ser=207848" "Mozilla/5.0 (Windows NT 10.0; Win64; x64; rv:128.0) Gecko/20100101 Firefox/128.0"
178.115.45.138 - - [09/Aug/2024:14:52:49 +0200] "GET /gui/javascript/form_form.js?1723207969 HTTP/1.1" 200 16206 "http://hausegger.activities.at/entry.php?id=10271&&ser=207908" "Mozilla/5.0 (Windows NT 10.0; Win64; x64; rv:128.0) Gecko/20100101 Firefox/128.0"
178.115.45.138 - - [09/Aug/2024:14:53:49 +0200] "GET /entry.php?id=10271&&ser=207969 HTTP/1.1" 200 987 "http://hausegger.activities.at/entry.php?id=10271&&ser=207908" "Mozilla/5.0 (Windows NT 10.0; Win64; x64; rv:128.0) Gecko/20100101 Firefox/128.0"
178.115.45.138 - - [09/Aug/2024:14:53:49 +0200] "GET /gui/javascript/form_form.js?1723208029 HTTP/1.1" 200 16206 "http://hausegger.activities.at/entry.php?id=10271&&ser=207969" "Mozilla/5.0 (Windows NT 10.0; Win64; x64; rv:128.0) Gecko/20100101 Firefox/128.0"
178.115.45.138 - - [09/Aug/2024:14:54:49 +0200] "GET /entry.php?id=10271&&ser=208029 HTTP/1.1" 200 987 "http://hausegger.activities.at/entry.php?id=10271&&ser=207969" "Mozilla/5.0 (Windows NT 10.0; Win64; x64; rv:128.0) Gecko/20100101 Firefox/128.0"
178.115.45.138 - - [09/Aug/2024:14:54:49 +0200] "GET /gui/javascript/form_form.js?1723208089 HTTP/1.1" 200 16206 "http://hausegger.activities.at/entry.php?id=10271&&ser=208029" "Mozilla/5.0 (Windows NT 10.0; Win64; x64; rv:128.0) Gecko/20100101 Firefox/128.0"
178.115.45.138 - - [09/Aug/2024:14:55:50 +0200] "GET /entry.php?id=10271&&ser=208089 HTTP/1.1" 200 987 "http://hausegger.activities.at/entry.php?id=10271&&ser=208029" "Mozilla/5.0 (Windows NT 10.0; Win64; x64; rv:128.0) Gecko/20100101 Firefox/128.0"
178.115.45.138 - - [09/Aug/2024:14:55:50 +0200] "GET /gui/javascript/form_form.js?1723208150 HTTP/1.1" 200 16206 "http://hausegger.activities.at/entry.php?id=10271&&ser=208089" "Mozilla/5.0 (Windows NT 10.0; Win64; x64; rv:128.0) Gecko/20100101 Firefox/128.0"
149.50.103.48 - - [09/Aug/2024:14:55:52 +0200] "GET / HTTP/1.1" 200 423 "-" "-"
185.224.128.43 - - [09/Aug/2024:14:56:23 +0200] "GET / HTTP/1.1" 200 274 "-" "Mozilla/5.0 (Windows NT 10.0; Win64; x64) AppleWebKit/537.36 (KHTML, like Gecko) Chrome/90.0.4430.85 Safari/537.36 Edg/90.0.818.46"
