104.42.38.41 - - [11/Aug/2024:02:01:03 +0200] "GET echo -e" 400 383 "-" "-"
156.59.198.136 - - [11/Aug/2024:02:06:57 +0200] "GET /renault.activities.at/htdocs/export/txt/factura/FacturaExport20140602151059.txt HTTP/1.0" 404 328 "-" "Mozilla/5.0 (Linux; Android 5.0) AppleWebKit/537.36 (KHTML, like Gecko) Mobile Safari/537.36 (compatible; Bytespider; spider-feedback@bytedance.com)"
156.59.198.135 - - [11/Aug/2024:02:07:45 +0200] "GET /renault.activities.at/htdocs/export/pdf/emuc_document/12431313.pdf HTTP/1.0" 404 321 "-" "Mozilla/5.0 (Linux; Android 5.0) AppleWebKit/537.36 (KHTML, like Gecko) Mobile Safari/537.36 (compatible; Bytespider; spider-feedback@bytedance.com)"
216.244.66.235 - - [11/Aug/2024:02:09:54 +0200] "GET /robots.txt HTTP/1.1" 404 375 "-" "Mozilla/5.0 (compatible; DotBot/1.2; +https://opensiteexplorer.org/dotbot; help@moz.com)"
94.156.66.106 - - [11/Aug/2024:02:13:21 +0200] "GET / HTTP/1.1" 200 274 "-" "Mozilla/5.0 zgrab/0.x"
216.244.66.235 - - [11/Aug/2024:02:16:09 +0200] "GET /?author=1 HTTP/1.1" 200 423 "-" "Mozilla/5.0 (compatible; DotBot/1.2; +https://opensiteexplorer.org/dotbot; help@moz.com)"
185.191.126.213 - - [11/Aug/2024:02:25:41 +0200] "GET / HTTP/1.1" 200 423 "-" "-"
185.191.126.213 - - [11/Aug/2024:02:33:37 +0200] "GET / HTTP/1.1" 200 423 "-" "-"
156.59.198.135 - - [11/Aug/2024:02:37:15 +0200] "GET /renault.activities.at/htdocs/export/xml/data/articles/202002200703_RenArticle.xml HTTP/1.0" 404 330 "-" "Mozilla/5.0 (Linux; Android 5.0) AppleWebKit/537.36 (KHTML, like Gecko) Mobile Safari/537.36 (compatible; Bytespider; spider-feedback@bytedance.com)"
156.59.198.136 - - [11/Aug/2024:02:37:36 +0200] "GET /renault.activities.at/htdocs/export/txt/factura/FacturaExport20190830100049.txt HTTP/1.0" 404 328 "-" "Mozilla/5.0 (Linux; Android 5.0) AppleWebKit/537.36 (KHTML, like Gecko) Mobile Safari/537.36 (compatible; Bytespider; spider-feedback@bytedance.com)"
156.59.198.136 - - [11/Aug/2024:02:37:57 +0200] "GET /renault.activities.at/htdocs/export/xml/data/articles/202103171503_RenArticle.xml HTTP/1.0" 404 332 "-" "Mozilla/5.0 (Linux; Android 5.0) AppleWebKit/537.36 (KHTML, like Gecko) Mobile Safari/537.36 (compatible; Bytespider; spider-feedback@bytedance.com)"
156.59.198.135 - - [11/Aug/2024:02:38:18 +0200] "GET /renault.activities.at/htdocs/export/pdf/emuc_document/11334877.pdf HTTP/1.0" 404 323 "-" "Mozilla/5.0 (Linux; Android 5.0) AppleWebKit/537.36 (KHTML, like Gecko) Mobile Safari/537.36 (compatible; Bytespider; spider-feedback@bytedance.com)"
156.59.198.136 - - [11/Aug/2024:02:38:39 +0200] "GET /renault.activities.at/htdocs/export/pdf/emuc_document/12304937.pdf HTTP/1.0" 404 323 "-" "Mozilla/5.0 (Linux; Android 5.0) AppleWebKit/537.36 (KHTML, like Gecko) Mobile Safari/537.36 (compatible; Bytespider; spider-feedback@bytedance.com)"
156.59.198.136 - - [11/Aug/2024:02:39:01 +0200] "GET /renault.activities.at/htdocs/export/txt/factura/FacturaExport20180726111706.txt HTTP/1.0" 404 328 "-" "Mozilla/5.0 (Linux; Android 5.0) AppleWebKit/537.36 (KHTML, like Gecko) Mobile Safari/537.36 (compatible; Bytespider; spider-feedback@bytedance.com)"
185.191.126.213 - - [11/Aug/2024:02:39:11 +0200] "GET / HTTP/1.1" 200 423 "-" "-"
156.59.198.135 - - [11/Aug/2024:02:39:22 +0200] "GET /renault.activities.at/htdocs/export/pdf/emuc_document/12135896.pdf HTTP/1.0" 404 322 "-" "Mozilla/5.0 (Linux; Android 5.0) AppleWebKit/537.36 (KHTML, like Gecko) Mobile Safari/537.36 (compatible; Bytespider; spider-feedback@bytedance.com)"
156.59.198.135 - - [11/Aug/2024:02:39:43 +0200] "GET /renault.activities.at/htdocs/export/pdf/emuc_document/12383801.pdf HTTP/1.0" 404 322 "-" "Mozilla/5.0 (Linux; Android 5.0) AppleWebKit/537.36 (KHTML, like Gecko) Mobile Safari/537.36 (compatible; Bytespider; spider-feedback@bytedance.com)"
156.59.198.136 - - [11/Aug/2024:02:40:04 +0200] "GET /renault.activities.at/htdocs/export/txt/factura/FacturaExport20211013072344.txt HTTP/1.0" 404 328 "-" "Mozilla/5.0 (Linux; Android 5.0) AppleWebKit/537.36 (KHTML, like Gecko) Mobile Safari/537.36 (compatible; Bytespider; spider-feedback@bytedance.com)"
156.59.198.135 - - [11/Aug/2024:02:40:42 +0200] "GET /renault.activities.at/htdocs/export/xml/data/articles/202111051303_RenArticle.xml HTTP/1.0" 404 331 "-" "Mozilla/5.0 (Linux; Android 5.0) AppleWebKit/537.36 (KHTML, like Gecko) Mobile Safari/537.36 (compatible; Bytespider; spider-feedback@bytedance.com)"
156.59.198.136 - - [11/Aug/2024:02:47:37 +0200] "GET /renault.activities.at/htdocs/export/pdf/emuc_document/12291799.pdf HTTP/1.0" 404 322 "-" "Mozilla/5.0 (Linux; Android 5.0) AppleWebKit/537.36 (KHTML, like Gecko) Mobile Safari/537.36 (compatible; Bytespider; spider-feedback@bytedance.com)"
156.59.198.135 - - [11/Aug/2024:02:47:59 +0200] "GET /renault.activities.at/htdocs/export/txt/factura/FacturaExport20171004124406.txt HTTP/1.0" 404 328 "-" "Mozilla/5.0 (Linux; Android 5.0) AppleWebKit/537.36 (KHTML, like Gecko) Mobile Safari/537.36 (compatible; Bytespider; spider-feedback@bytedance.com)"
156.59.198.136 - - [11/Aug/2024:02:48:20 +0200] "GET /renault.activities.at/htdocs/export/xml/data/articles/202006090903_RenArticle.xml HTTP/1.0" 404 329 "-" "Mozilla/5.0 (Linux; Android 5.0) AppleWebKit/537.36 (KHTML, like Gecko) Mobile Safari/537.36 (compatible; Bytespider; spider-feedback@bytedance.com)"
156.59.198.135 - - [11/Aug/2024:02:48:41 +0200] "GET /renault.activities.at/htdocs/log/cron/reminder_mailing_3116036.txt HTTP/1.0" 404 323 "-" "Mozilla/5.0 (Linux; Android 5.0) AppleWebKit/537.36 (KHTML, like Gecko) Mobile Safari/537.36 (compatible; Bytespider; spider-feedback@bytedance.com)"
156.59.198.136 - - [11/Aug/2024:02:49:03 +0200] "GET /renault.activities.at/htdocs/log/cron/importLogisticData_3116100.txt HTTP/1.0" 404 324 "-" "Mozilla/5.0 (Linux; Android 5.0) AppleWebKit/537.36 (KHTML, like Gecko) Mobile Safari/537.36 (compatible; Bytespider; spider-feedback@bytedance.com)"
156.59.198.136 - - [11/Aug/2024:02:49:24 +0200] "GET /renault.activities.at/htdocs/export/pdf/emuc_document/11913516.pdf HTTP/1.0" 404 322 "-" "Mozilla/5.0 (Linux; Android 5.0) AppleWebKit/537.36 (KHTML, like Gecko) Mobile Safari/537.36 (compatible; Bytespider; spider-feedback@bytedance.com)"
156.59.198.135 - - [11/Aug/2024:02:49:45 +0200] "GET /renault.activities.at/htdocs/export/xml/data/articles/202102021503_RenArticle.xml HTTP/1.0" 404 329 "-" "Mozilla/5.0 (Linux; Android 5.0) AppleWebKit/537.36 (KHTML, like Gecko) Mobile Safari/537.36 (compatible; Bytespider; spider-feedback@bytedance.com)"
156.59.198.135 - - [11/Aug/2024:02:50:06 +0200] "GET /renault.activities.at/htdocs/export/pdf/emuc_document/11449446.pdf HTTP/1.0" 404 321 "-" "Mozilla/5.0 (Linux; Android 5.0) AppleWebKit/537.36 (KHTML, like Gecko) Mobile Safari/537.36 (compatible; Bytespider; spider-feedback@bytedance.com)"
45.89.247.57 - - [11/Aug/2024:02:50:17 +0200] "GET /_profiler/phpinfo HTTP/1.1" 404 289 "-" "Mozilla/5.0 (Macintosh; Intel Mac OS X 10_9_2) AppleWebKit/537.36 (KHTML, like Gecko) Chrome/36.0.1944.0 Safari/537.36"
156.59.198.135 - - [11/Aug/2024:02:50:27 +0200] "GET /renault.activities.at/htdocs/export/pdf/emuc_document/12090465.pdf HTTP/1.0" 404 321 "-" "Mozilla/5.0 (Linux; Android 5.0) AppleWebKit/537.36 (KHTML, like Gecko) Mobile Safari/537.36 (compatible; Bytespider; spider-feedback@bytedance.com)"
45.89.247.57 - - [11/Aug/2024:02:50:55 +0200] "GET /_profiler/phpinfo HTTP/1.1" 404 289 "-" "Mozilla/5.0 (Macintosh; Intel Mac OS X 10_14_0) AppleWebKit/537.36 (KHTML, like Gecko) Chrome/74.0.3729.131 Safari/537.36"
156.59.198.136 - - [11/Aug/2024:02:52:12 +0200] "GET /renault.activities.at/htdocs/export/xml/data/orders/202109101103_RenOrder.xml HTTP/1.0" 404 328 "-" "Mozilla/5.0 (Linux; Android 5.0) AppleWebKit/537.36 (KHTML, like Gecko) Mobile Safari/537.36 (compatible; Bytespider; spider-feedback@bytedance.com)"
156.59.198.136 - - [11/Aug/2024:02:52:34 +0200] "GET /renault.activities.at/htdocs/export/xml/data/articles/202006121303_RenArticle.xml HTTP/1.0" 404 331 "-" "Mozilla/5.0 (Linux; Android 5.0) AppleWebKit/537.36 (KHTML, like Gecko) Mobile Safari/537.36 (compatible; Bytespider; spider-feedback@bytedance.com)"
156.59.198.135 - - [11/Aug/2024:02:52:55 +0200] "GET /renault.activities.at/htdocs/export/pdf/emuc_document/11644519.pdf HTTP/1.0" 404 321 "-" "Mozilla/5.0 (Linux; Android 5.0) AppleWebKit/537.36 (KHTML, like Gecko) Mobile Safari/537.36 (compatible; Bytespider; spider-feedback@bytedance.com)"
156.59.198.136 - - [11/Aug/2024:02:53:17 +0200] "GET /renault.activities.at/htdocs/export/txt/factura/FacturaExport20160601135955.txt HTTP/1.0" 404 328 "-" "Mozilla/5.0 (Linux; Android 5.0) AppleWebKit/537.36 (KHTML, like Gecko) Mobile Safari/537.36 (compatible; Bytespider; spider-feedback@bytedance.com)"
156.59.198.135 - - [11/Aug/2024:03:01:24 +0200] "GET /renault.activities.at/htdocs/export/xml/data/articles/202104091103_RenArticle.xml HTTP/1.0" 404 331 "-" "Mozilla/5.0 (Linux; Android 5.0) AppleWebKit/537.36 (KHTML, like Gecko) Mobile Safari/537.36 (compatible; Bytespider; spider-feedback@bytedance.com)"
156.59.198.136 - - [11/Aug/2024:03:01:45 +0200] "GET /renault.activities.at/htdocs/export/xml/data/orders/202005221503_RenOrder.xml HTTP/1.0" 404 329 "-" "Mozilla/5.0 (Linux; Android 5.0) AppleWebKit/537.36 (KHTML, like Gecko) Mobile Safari/537.36 (compatible; Bytespider; spider-feedback@bytedance.com)"
156.59.198.135 - - [11/Aug/2024:03:02:06 +0200] "GET /renault.activities.at/htdocs/export/pdf/emuc_document/11725087.pdf HTTP/1.0" 404 322 "-" "Mozilla/5.0 (Linux; Android 5.0) AppleWebKit/537.36 (KHTML, like Gecko) Mobile Safari/537.36 (compatible; Bytespider; spider-feedback@bytedance.com)"
156.59.198.135 - - [11/Aug/2024:03:02:27 +0200] "GET /renault.activities.at/htdocs/export/xml/data/articles/201907220803_RenArticle.xml HTTP/1.0" 404 331 "-" "Mozilla/5.0 (Linux; Android 5.0) AppleWebKit/537.36 (KHTML, like Gecko) Mobile Safari/537.36 (compatible; Bytespider; spider-feedback@bytedance.com)"
156.59.198.135 - - [11/Aug/2024:03:02:49 +0200] "GET /renault.activities.at/htdocs/export/xml/data/articles/202101291003_RenArticle.xml HTTP/1.0" 404 331 "-" "Mozilla/5.0 (Linux; Android 5.0) AppleWebKit/537.36 (KHTML, like Gecko) Mobile Safari/537.36 (compatible; Bytespider; spider-feedback@bytedance.com)"
156.59.198.135 - - [11/Aug/2024:03:03:10 +0200] "GET /renault.activities.at/htdocs/export/xml/data/orders/202009141403_RenOrder.xml HTTP/1.0" 404 329 "-" "Mozilla/5.0 (Linux; Android 5.0) AppleWebKit/537.36 (KHTML, like Gecko) Mobile Safari/537.36 (compatible; Bytespider; spider-feedback@bytedance.com)"
156.59.198.135 - - [11/Aug/2024:03:03:31 +0200] "GET /renault.activities.at/htdocs/export/xml/data/articles/202012071203_RenArticle.xml HTTP/1.0" 404 330 "-" "Mozilla/5.0 (Linux; Android 5.0) AppleWebKit/537.36 (KHTML, like Gecko) Mobile Safari/537.36 (compatible; Bytespider; spider-feedback@bytedance.com)"
156.59.198.136 - - [11/Aug/2024:03:03:52 +0200] "GET /renault.activities.at/htdocs/export/pdf/emuc_document/11185030.pdf HTTP/1.0" 404 322 "-" "Mozilla/5.0 (Linux; Android 5.0) AppleWebKit/537.36 (KHTML, like Gecko) Mobile Safari/537.36 (compatible; Bytespider; spider-feedback@bytedance.com)"
156.59.198.136 - - [11/Aug/2024:03:04:13 +0200] "GET /renault.activities.at/htdocs/export/pdf/emuc_document/11828637.pdf HTTP/1.0" 404 323 "-" "Mozilla/5.0 (Linux; Android 5.0) AppleWebKit/537.36 (KHTML, like Gecko) Mobile Safari/537.36 (compatible; Bytespider; spider-feedback@bytedance.com)"
94.156.66.99 - - [11/Aug/2024:03:04:24 +0200] "GET /.env HTTP/1.1" 404 280 "-" "Mozilla/5.0 (Linux; Android 7.1.1; 1607-A01 Build/NMF26F; wv) AppleWebKit/537.36 (KHTML, like Gecko) Version/4.0 Chrome/66.0.3359.126 MQQBrowser/6.2 TBS/044807 Mobile Safari/537.36 MMWEBID/2867 MicroMessenger/7.0.6.1460(0x27000634) Process/tools NetType/WIFI Language/zh_CN"
156.59.198.135 - - [11/Aug/2024:03:04:34 +0200] "GET /renault.activities.at/htdocs/export/pdf/emuc_document/11810033.pdf HTTP/1.0" 404 322 "-" "Mozilla/5.0 (Linux; Android 5.0) AppleWebKit/537.36 (KHTML, like Gecko) Mobile Safari/537.36 (compatible; Bytespider; spider-feedback@bytedance.com)"
156.59.198.136 - - [11/Aug/2024:03:04:55 +0200] "GET /renault.activities.at/htdocs/log/cron/system_mail_3116490.txt HTTP/1.0" 404 320 "-" "Mozilla/5.0 (Linux; Android 5.0) AppleWebKit/537.36 (KHTML, like Gecko) Mobile Safari/537.36 (compatible; Bytespider; spider-feedback@bytedance.com)"
156.59.198.135 - - [11/Aug/2024:03:05:16 +0200] "GET /renault.activities.at/htdocs/export/txt/factura/FacturaExport20190425085142.txt HTTP/1.0" 404 328 "-" "Mozilla/5.0 (Linux; Android 5.0) AppleWebKit/537.36 (KHTML, like Gecko) Mobile Safari/537.36 (compatible; Bytespider; spider-feedback@bytedance.com)"
156.59.198.136 - - [11/Aug/2024:03:05:37 +0200] "GET /renault.activities.at/htdocs/export/txt/factura/FacturaExport20180529101627.txt HTTP/1.0" 404 328 "-" "Mozilla/5.0 (Linux; Android 5.0) AppleWebKit/537.36 (KHTML, like Gecko) Mobile Safari/537.36 (compatible; Bytespider; spider-feedback@bytedance.com)"
156.59.198.136 - - [11/Aug/2024:03:06:00 +0200] "GET /renault.activities.at/htdocs/export/pdf/emuc_document/12333243.pdf HTTP/1.0" 404 322 "-" "Mozilla/5.0 (Linux; Android 5.0) AppleWebKit/537.36 (KHTML, like Gecko) Mobile Safari/537.36 (compatible; Bytespider; spider-feedback@bytedance.com)"
94.156.66.99 - - [11/Aug/2024:03:06:59 +0200] "GET /.env HTTP/1.1" 404 280 "-" "Mozilla/5.0 (Windows NT 10.0; Win64; x64) AppleWebKit/537.36 (KHTML, like Gecko) Chrome/77.0.3865.35 Safari/537.36"
156.59.198.136 - - [11/Aug/2024:03:07:40 +0200] "GET /renault.activities.at/htdocs/log/cron/system_mail_3115706.txt HTTP/1.0" 404 321 "-" "Mozilla/5.0 (Linux; Android 5.0) AppleWebKit/537.36 (KHTML, like Gecko) Mobile Safari/537.36 (compatible; Bytespider; spider-feedback@bytedance.com)"
198.235.24.54 - - [11/Aug/2024:03:16:38 +0200] "\x16\x03\x01" 400 383 "-" "-"
198.235.24.54 - - [11/Aug/2024:03:16:39 +0200] "\x16\x03\x01" 400 383 "-" "-"
80.82.77.202 - - [11/Aug/2024:03:19:08 +0200] "\x16\x03\x02\x01o\x01" 400 383 "-" "-"
80.82.77.202 - - [11/Aug/2024:03:24:39 +0200] "GET / HTTP/1.0" 200 423 "-" "Mozilla/5.0 (Linux; Android 9; SM-G965F) AppleWebKit/537.36 (KHTML, like Gecko) Chrome/76.0.3809.111 Mobile Safari/537.36"
87.110.34.82 - - [11/Aug/2024:03:27:23 +0200] "GET / HTTP/1.1" 200 423 "-" "Mozilla/5.0 (Windows NT 10.0; WOW64) AppleWebKit/537.36 (KHTML, like Gecko) Chrome/51.0.2704.103 Safari/537.36"
45.200.149.249 - - [11/Aug/2024:03:38:06 +0200] "GET /_profiler/phpinfo HTTP/1.1" 404 289 "-" "Mozilla/5.0 (Linux; U; Android 4.1; en-us; sdk Build/MR1) AppleWebKit/534.30 (KHTML, like Gecko) Version/4.1 Safari/534.30"
156.59.198.136 - - [11/Aug/2024:03:38:41 +0200] "GET /renault.activities.at/htdocs/export/txt/factura/FacturaExport20150610135602.txt HTTP/1.0" 404 328 "-" "Mozilla/5.0 (Linux; Android 5.0) AppleWebKit/537.36 (KHTML, like Gecko) Mobile Safari/537.36 (compatible; Bytespider; spider-feedback@bytedance.com)"
194.165.17.13 - - [11/Aug/2024:03:38:49 +0200] "CONNECT google.com:443 HTTP/1.1" 200 423 "-" "Go-http-client/1.1"
156.59.198.136 - - [11/Aug/2024:03:39:02 +0200] "GET /renault.activities.at/htdocs/export/pdf/emuc_document/11789694.pdf HTTP/1.0" 404 322 "-" "Mozilla/5.0 (Linux; Android 5.0) AppleWebKit/537.36 (KHTML, like Gecko) Mobile Safari/537.36 (compatible; Bytespider; spider-feedback@bytedance.com)"
156.59.198.135 - - [11/Aug/2024:03:39:23 +0200] "GET /renault.activities.at/htdocs/export/txt/factura/FacturaExport20180403155309.txt HTTP/1.0" 404 328 "-" "Mozilla/5.0 (Linux; Android 5.0) AppleWebKit/537.36 (KHTML, like Gecko) Mobile Safari/537.36 (compatible; Bytespider; spider-feedback@bytedance.com)"
156.59.198.136 - - [11/Aug/2024:03:39:44 +0200] "GET /renault.activities.at/htdocs/export/pdf/emuc_document/12468172.pdf HTTP/1.0" 404 322 "-" "Mozilla/5.0 (Linux; Android 5.0) AppleWebKit/537.36 (KHTML, like Gecko) Mobile Safari/537.36 (compatible; Bytespider; spider-feedback@bytedance.com)"
156.59.198.135 - - [11/Aug/2024:03:40:06 +0200] "GET /renault.activities.at/htdocs/export/txt/factura/FacturaExport20160603111118.txt HTTP/1.0" 404 327 "-" "Mozilla/5.0 (Linux; Android 5.0) AppleWebKit/537.36 (KHTML, like Gecko) Mobile Safari/537.36 (compatible; Bytespider; spider-feedback@bytedance.com)"
156.59.198.136 - - [11/Aug/2024:03:40:27 +0200] "GET /renault.activities.at/htdocs/export/pdf/emuc_document/12149468.pdf HTTP/1.0" 404 321 "-" "Mozilla/5.0 (Linux; Android 5.0) AppleWebKit/537.36 (KHTML, like Gecko) Mobile Safari/537.36 (compatible; Bytespider; spider-feedback@bytedance.com)"
156.59.198.136 - - [11/Aug/2024:03:40:47 +0200] "GET /renault.activities.at/htdocs/export/pdf/emuc_document/11423094.pdf HTTP/1.0" 404 322 "-" "Mozilla/5.0 (Linux; Android 5.0) AppleWebKit/537.36 (KHTML, like Gecko) Mobile Safari/537.36 (compatible; Bytespider; spider-feedback@bytedance.com)"
156.59.198.135 - - [11/Aug/2024:03:41:09 +0200] "GET /renault.activities.at/htdocs/export/txt/factura/FacturaExport20160308120302.txt HTTP/1.0" 404 327 "-" "Mozilla/5.0 (Linux; Android 5.0) AppleWebKit/537.36 (KHTML, like Gecko) Mobile Safari/537.36 (compatible; Bytespider; spider-feedback@bytedance.com)"
156.59.198.136 - - [11/Aug/2024:03:41:30 +0200] "GET /renault.activities.at/htdocs/export/txt/factura/FacturaExport20170306110147.txt HTTP/1.0" 404 328 "-" "Mozilla/5.0 (Linux; Android 5.0) AppleWebKit/537.36 (KHTML, like Gecko) Mobile Safari/537.36 (compatible; Bytespider; spider-feedback@bytedance.com)"
156.59.198.136 - - [11/Aug/2024:03:41:51 +0200] "GET /renault.activities.at/htdocs/log/cron/autologout_3115027.txt HTTP/1.0" 404 318 "-" "Mozilla/5.0 (Linux; Android 5.0) AppleWebKit/537.36 (KHTML, like Gecko) Mobile Safari/537.36 (compatible; Bytespider; spider-feedback@bytedance.com)"
45.200.149.249 - - [11/Aug/2024:03:41:59 +0200] "GET /_profiler/phpinfo HTTP/1.1" 404 289 "-" "Screaming Frog SEO Spider/8.1"
156.59.198.136 - - [11/Aug/2024:03:42:12 +0200] "GET /renault.activities.at/htdocs/export/pdf/emuc_document/10606927.pdf HTTP/1.0" 404 322 "-" "Mozilla/5.0 (Linux; Android 5.0) AppleWebKit/537.36 (KHTML, like Gecko) Mobile Safari/537.36 (compatible; Bytespider; spider-feedback@bytedance.com)"
156.59.198.136 - - [11/Aug/2024:03:42:33 +0200] "GET /renault.activities.at/htdocs/export/xml/data/articles/202108110803_RenArticle.xml HTTP/1.0" 404 330 "-" "Mozilla/5.0 (Linux; Android 5.0) AppleWebKit/537.36 (KHTML, like Gecko) Mobile Safari/537.36 (compatible; Bytespider; spider-feedback@bytedance.com)"
185.224.128.43 - - [11/Aug/2024:03:43:34 +0200] "GET / HTTP/1.1" 200 274 "-" "Mozilla/5.0 (Windows NT 10.0; Win64; x64) AppleWebKit/537.36 (KHTML, like Gecko) Chrome/90.0.4430.85 Safari/537.36 Edg/90.0.818.46"
216.244.66.235 - - [11/Aug/2024:03:46:26 +0200] "GET /robots.txt HTTP/1.1" 404 375 "-" "Mozilla/5.0 (compatible; DotBot/1.2; +https://opensiteexplorer.org/dotbot; help@moz.com)"
156.59.198.135 - - [11/Aug/2024:03:49:14 +0200] "GET /renault.activities.at/htdocs/export/xml/data/articles/202003020803_RenArticle.xml HTTP/1.0" 404 330 "-" "Mozilla/5.0 (Linux; Android 5.0) AppleWebKit/537.36 (KHTML, like Gecko) Mobile Safari/537.36 (compatible; Bytespider; spider-feedback@bytedance.com)"
156.59.198.136 - - [11/Aug/2024:03:49:35 +0200] "GET /renault.activities.at/htdocs/export/xml/data/articles/202002280703_RenArticle.xml HTTP/1.0" 404 331 "-" "Mozilla/5.0 (Linux; Android 5.0) AppleWebKit/537.36 (KHTML, like Gecko) Mobile Safari/537.36 (compatible; Bytespider; spider-feedback@bytedance.com)"
156.59.198.136 - - [11/Aug/2024:03:49:56 +0200] "GET /renault.activities.at/htdocs/export/txt/factura/FacturaExport20170925144848.txt HTTP/1.0" 404 328 "-" "Mozilla/5.0 (Linux; Android 5.0) AppleWebKit/537.36 (KHTML, like Gecko) Mobile Safari/537.36 (compatible; Bytespider; spider-feedback@bytedance.com)"
156.59.198.136 - - [11/Aug/2024:03:50:17 +0200] "GET /renault.activities.at/htdocs/export/pdf/emuc_document/12490460.pdf HTTP/1.0" 404 322 "-" "Mozilla/5.0 (Linux; Android 5.0) AppleWebKit/537.36 (KHTML, like Gecko) Mobile Safari/537.36 (compatible; Bytespider; spider-feedback@bytedance.com)"
156.59.198.136 - - [11/Aug/2024:03:50:38 +0200] "GET /renault.activities.at/htdocs/export/txt/factura/FacturaExport20140404094657.txt HTTP/1.0" 404 326 "-" "Mozilla/5.0 (Linux; Android 5.0) AppleWebKit/537.36 (KHTML, like Gecko) Mobile Safari/537.36 (compatible; Bytespider; spider-feedback@bytedance.com)"
156.59.198.135 - - [11/Aug/2024:03:50:59 +0200] "GET /renault.activities.at/htdocs/export/pdf/emuc_document/11626613.pdf HTTP/1.0" 404 322 "-" "Mozilla/5.0 (Linux; Android 5.0) AppleWebKit/537.36 (KHTML, like Gecko) Mobile Safari/537.36 (compatible; Bytespider; spider-feedback@bytedance.com)"
156.59.198.135 - - [11/Aug/2024:03:51:20 +0200] "GET /renault.activities.at/htdocs/export/txt/factura/FacturaExport20190204124733.txt HTTP/1.0" 404 329 "-" "Mozilla/5.0 (Linux; Android 5.0) AppleWebKit/537.36 (KHTML, like Gecko) Mobile Safari/537.36 (compatible; Bytespider; spider-feedback@bytedance.com)"
156.59.198.135 - - [11/Aug/2024:03:52:24 +0200] "GET /renault.activities.at/htdocs/export/pdf/emuc_document/11504623.pdf HTTP/1.0" 404 322 "-" "Mozilla/5.0 (Linux; Android 5.0) AppleWebKit/537.36 (KHTML, like Gecko) Mobile Safari/537.36 (compatible; Bytespider; spider-feedback@bytedance.com)"
156.59.198.136 - - [11/Aug/2024:03:52:45 +0200] "GET /renault.activities.at/htdocs/export/pdf/emuc_document/10259170.pdf HTTP/1.0" 404 322 "-" "Mozilla/5.0 (Linux; Android 5.0) AppleWebKit/537.36 (KHTML, like Gecko) Mobile Safari/537.36 (compatible; Bytespider; spider-feedback@bytedance.com)"
156.59.198.135 - - [11/Aug/2024:03:53:07 +0200] "GET /renault.activities.at/htdocs/export/txt/factura/FacturaExport20190404092837.txt HTTP/1.0" 404 328 "-" "Mozilla/5.0 (Linux; Android 5.0) AppleWebKit/537.36 (KHTML, like Gecko) Mobile Safari/537.36 (compatible; Bytespider; spider-feedback@bytedance.com)"
216.244.66.235 - - [11/Aug/2024:03:53:54 +0200] "GET /?feed=rss2&p=1 HTTP/1.1" 200 423 "-" "Mozilla/5.0 (compatible; DotBot/1.2; +https://opensiteexplorer.org/dotbot; help@moz.com)"
156.59.198.136 - - [11/Aug/2024:03:59:38 +0200] "GET /renault.activities.at/htdocs/export/xml/data/orders/202010190903_RenOrder.xml HTTP/1.0" 404 329 "-" "Mozilla/5.0 (Linux; Android 5.0) AppleWebKit/537.36 (KHTML, like Gecko) Mobile Safari/537.36 (compatible; Bytespider; spider-feedback@bytedance.com)"
156.59.198.135 - - [11/Aug/2024:03:59:59 +0200] "GET /renault.activities.at/htdocs/export/pdf/emuc_document/11320992.pdf HTTP/1.0" 404 322 "-" "Mozilla/5.0 (Linux; Android 5.0) AppleWebKit/537.36 (KHTML, like Gecko) Mobile Safari/537.36 (compatible; Bytespider; spider-feedback@bytedance.com)"
156.59.198.136 - - [11/Aug/2024:04:00:20 +0200] "GET /renault.activities.at/htdocs/export/pdf/emuc_document/11125052.pdf HTTP/1.0" 404 321 "-" "Mozilla/5.0 (Linux; Android 5.0) AppleWebKit/537.36 (KHTML, like Gecko) Mobile Safari/537.36 (compatible; Bytespider; spider-feedback@bytedance.com)"
156.59.198.136 - - [11/Aug/2024:04:00:41 +0200] "GET /renault.activities.at/htdocs/log/cron/pickupLogisticData_3115453.txt HTTP/1.0" 404 326 "-" "Mozilla/5.0 (Linux; Android 5.0) AppleWebKit/537.36 (KHTML, like Gecko) Mobile Safari/537.36 (compatible; Bytespider; spider-feedback@bytedance.com)"
156.59.198.135 - - [11/Aug/2024:04:01:02 +0200] "GET /renault.activities.at/htdocs/export/pdf/emuc_document/10659506.pdf HTTP/1.0" 404 322 "-" "Mozilla/5.0 (Linux; Android 5.0) AppleWebKit/537.36 (KHTML, like Gecko) Mobile Safari/537.36 (compatible; Bytespider; spider-feedback@bytedance.com)"
156.59.198.135 - - [11/Aug/2024:04:01:23 +0200] "GET /renault.activities.at/htdocs/export/xml/data/articles/202102151603_RenArticle.xml HTTP/1.0" 404 330 "-" "Mozilla/5.0 (Linux; Android 5.0) AppleWebKit/537.36 (KHTML, like Gecko) Mobile Safari/537.36 (compatible; Bytespider; spider-feedback@bytedance.com)"
156.59.198.135 - - [11/Aug/2024:04:01:44 +0200] "GET /renault.activities.at/htdocs/export/xml/data/articles/202109200903_RenArticle.xml HTTP/1.0" 404 331 "-" "Mozilla/5.0 (Linux; Android 5.0) AppleWebKit/537.36 (KHTML, like Gecko) Mobile Safari/537.36 (compatible; Bytespider; spider-feedback@bytedance.com)"
156.59.198.135 - - [11/Aug/2024:04:02:06 +0200] "GET /renault.activities.at/htdocs/export/pdf/emuc_document/11868060.pdf HTTP/1.0" 404 322 "-" "Mozilla/5.0 (Linux; Android 5.0) AppleWebKit/537.36 (KHTML, like Gecko) Mobile Safari/537.36 (compatible; Bytespider; spider-feedback@bytedance.com)"
156.59.198.135 - - [11/Aug/2024:04:04:34 +0200] "GET /renault.activities.at/htdocs/export/pdf/emuc_document/11184956.pdf HTTP/1.0" 404 321 "-" "Mozilla/5.0 (Linux; Android 5.0) AppleWebKit/537.36 (KHTML, like Gecko) Mobile Safari/537.36 (compatible; Bytespider; spider-feedback@bytedance.com)"
156.59.198.136 - - [11/Aug/2024:04:04:54 +0200] "GET /renault.activities.at/htdocs/export/txt/factura/FacturaExport20140324102054.txt HTTP/1.0" 404 328 "-" "Mozilla/5.0 (Linux; Android 5.0) AppleWebKit/537.36 (KHTML, like Gecko) Mobile Safari/537.36 (compatible; Bytespider; spider-feedback@bytedance.com)"
156.59.198.136 - - [11/Aug/2024:04:05:16 +0200] "GET /renault.activities.at/htdocs/export/xml/data/articles/202001141103_RenArticle.xml HTTP/1.0" 404 330 "-" "Mozilla/5.0 (Linux; Android 5.0) AppleWebKit/537.36 (KHTML, like Gecko) Mobile Safari/537.36 (compatible; Bytespider; spider-feedback@bytedance.com)"
194.38.23.16 - - [11/Aug/2024:04:06:45 +0200] "GET /admin/public/js/uploadify/uploadify.css HTTP/1.1" 404 404 "-" "ALittle Client"
194.38.23.16 - - [11/Aug/2024:04:06:58 +0200] "GET /admin/public/js/uploadify/uploadify.css HTTP/1.1" 404 391 "-" "ALittle Client"
94.156.68.162 - - [11/Aug/2024:04:08:19 +0200] "GET /_profiler/phpinfo HTTP/1.1" 404 289 "-" "Mozilla/5.0 (Windows NT 6.1; WOW64) AppleWebKit/537.36 (KHTML, like Gecko) Chrome/76.0.3809.87 Safari/537.36"
156.59.198.136 - - [11/Aug/2024:04:09:40 +0200] "GET /renault.activities.at/htdocs/export/xml/data/orders/202002041203_RenOrder.xml HTTP/1.0" 404 328 "-" "Mozilla/5.0 (Linux; Android 5.0) AppleWebKit/537.36 (KHTML, like Gecko) Mobile Safari/537.36 (compatible; Bytespider; spider-feedback@bytedance.com)"
94.156.68.162 - - [11/Aug/2024:04:09:47 +0200] "GET /_profiler/phpinfo HTTP/1.1" 404 289 "-" "Mozilla/5.0 (Macintosh; Intel Mac OS X 10_14_1) AppleWebKit/537.36 (KHTML, like Gecko) Chrome/62.0.3202.94 Safari/537.36"
156.59.198.135 - - [11/Aug/2024:04:10:26 +0200] "GET /renault.activities.at/htdocs/export/txt/factura/FacturaExport20211028142244.txt HTTP/1.0" 404 327 "-" "Mozilla/5.0 (Linux; Android 5.0) AppleWebKit/537.36 (KHTML, like Gecko) Mobile Safari/537.36 (compatible; Bytespider; spider-feedback@bytedance.com)"
156.59.198.135 - - [11/Aug/2024:04:10:48 +0200] "GET /renault.activities.at/htdocs/export/pdf/emuc_document/12397682.pdf HTTP/1.0" 404 323 "-" "Mozilla/5.0 (Linux; Android 5.0) AppleWebKit/537.36 (KHTML, like Gecko) Mobile Safari/537.36 (compatible; Bytespider; spider-feedback@bytedance.com)"
156.59.198.135 - - [11/Aug/2024:04:14:38 +0200] "GET /renault.activities.at/htdocs/export/pdf/emuc_document/11810955.pdf HTTP/1.0" 404 321 "-" "Mozilla/5.0 (Linux; Android 5.0) AppleWebKit/537.36 (KHTML, like Gecko) Mobile Safari/537.36 (compatible; Bytespider; spider-feedback@bytedance.com)"
156.59.198.135 - - [11/Aug/2024:04:14:59 +0200] "GET /renault.activities.at/htdocs/log/cron/reminder_mailing_3116290.txt HTTP/1.0" 404 323 "-" "Mozilla/5.0 (Linux; Android 5.0) AppleWebKit/537.36 (KHTML, like Gecko) Mobile Safari/537.36 (compatible; Bytespider; spider-feedback@bytedance.com)"
156.59.198.136 - - [11/Aug/2024:04:15:21 +0200] "GET /renault.activities.at/htdocs/export/xml/data/articles/202010090803_RenArticle.xml HTTP/1.0" 404 331 "-" "Mozilla/5.0 (Linux; Android 5.0) AppleWebKit/537.36 (KHTML, like Gecko) Mobile Safari/537.36 (compatible; Bytespider; spider-feedback@bytedance.com)"
156.59.198.135 - - [11/Aug/2024:04:15:42 +0200] "GET /renault.activities.at/htdocs/export/xml/data/orders/202109221103_RenOrder.xml HTTP/1.0" 404 329 "-" "Mozilla/5.0 (Linux; Android 5.0) AppleWebKit/537.36 (KHTML, like Gecko) Mobile Safari/537.36 (compatible; Bytespider; spider-feedback@bytedance.com)"
156.59.198.136 - - [11/Aug/2024:04:16:24 +0200] "GET /renault.activities.at/htdocs/export/pdf/emuc_document/12322849.pdf HTTP/1.0" 404 322 "-" "Mozilla/5.0 (Linux; Android 5.0) AppleWebKit/537.36 (KHTML, like Gecko) Mobile Safari/537.36 (compatible; Bytespider; spider-feedback@bytedance.com)"
87.227.185.224 - - [11/Aug/2024:04:18:56 +0200] "GET / HTTP/1.1" 200 423 "-" "Mozilla/5.0 (Windows NT 10.0; WOW64) AppleWebKit/537.36 (KHTML, like Gecko) Chrome/51.0.2704.103 Safari/537.36"
175.107.1.137 - - [11/Aug/2024:04:36:38 +0200] "POST /HNAP1/ HTTP/1.0" 400 373 "-" "-"
149.50.103.48 - - [11/Aug/2024:04:38:10 +0200] "GET / HTTP/1.1" 200 423 "-" "-"
156.59.198.135 - - [11/Aug/2024:04:40:28 +0200] "GET /renault.activities.at/htdocs/export/txt/factura/FacturaExport20151005112134.txt HTTP/1.0" 404 328 "-" "Mozilla/5.0 (Linux; Android 5.0) AppleWebKit/537.36 (KHTML, like Gecko) Mobile Safari/537.36 (compatible; Bytespider; spider-feedback@bytedance.com)"
156.59.198.136 - - [11/Aug/2024:04:40:49 +0200] "GET /renault.activities.at/htdocs/export/txt/factura/FacturaExport20181203143902.txt HTTP/1.0" 404 328 "-" "Mozilla/5.0 (Linux; Android 5.0) AppleWebKit/537.36 (KHTML, like Gecko) Mobile Safari/537.36 (compatible; Bytespider; spider-feedback@bytedance.com)"
156.59.198.136 - - [11/Aug/2024:04:41:10 +0200] "GET /renault.activities.at/htdocs/log/cron/autologout_3116297.txt HTTP/1.0" 404 319 "-" "Mozilla/5.0 (Linux; Android 5.0) AppleWebKit/537.36 (KHTML, like Gecko) Mobile Safari/537.36 (compatible; Bytespider; spider-feedback@bytedance.com)"
156.59.198.136 - - [11/Aug/2024:04:41:32 +0200] "GET /renault.activities.at/htdocs/export/pdf/emuc_document/12333267.pdf HTTP/1.0" 404 323 "-" "Mozilla/5.0 (Linux; Android 5.0) AppleWebKit/537.36 (KHTML, like Gecko) Mobile Safari/537.36 (compatible; Bytespider; spider-feedback@bytedance.com)"
156.59.198.135 - - [11/Aug/2024:04:41:53 +0200] "GET /renault.activities.at/htdocs/export/pdf/emuc_document/10424584.pdf HTTP/1.0" 404 321 "-" "Mozilla/5.0 (Linux; Android 5.0) AppleWebKit/537.36 (KHTML, like Gecko) Mobile Safari/537.36 (compatible; Bytespider; spider-feedback@bytedance.com)"
156.59.198.136 - - [11/Aug/2024:04:42:14 +0200] "GET /renault.activities.at/htdocs/export/pdf/emuc_document/10754098.pdf HTTP/1.0" 404 322 "-" "Mozilla/5.0 (Linux; Android 5.0) AppleWebKit/537.36 (KHTML, like Gecko) Mobile Safari/537.36 (compatible; Bytespider; spider-feedback@bytedance.com)"
156.59.198.136 - - [11/Aug/2024:04:42:36 +0200] "GET /renault.activities.at/htdocs/export/pdf/emuc_document/11660575.pdf HTTP/1.0" 404 322 "-" "Mozilla/5.0 (Linux; Android 5.0) AppleWebKit/537.36 (KHTML, like Gecko) Mobile Safari/537.36 (compatible; Bytespider; spider-feedback@bytedance.com)"
17.241.227.159 - - [11/Aug/2024:04:50:23 +0200] "GET /gallery/search.php HTTP/1.1" 404 298 "-" "Mozilla/5.0 (Macintosh; Intel Mac OS X 10_15_7) AppleWebKit/605.1.15 (KHTML, like Gecko) Version/17.4 Safari/605.1.15 (Applebot/0.1; +http://www.apple.com/go/applebot)"
156.59.198.136 - - [11/Aug/2024:04:51:15 +0200] "GET /renault.activities.at/htdocs/log/cron/pickupLogisticData_3116367.txt HTTP/1.0" 404 326 "-" "Mozilla/5.0 (Linux; Android 5.0) AppleWebKit/537.36 (KHTML, like Gecko) Mobile Safari/537.36 (compatible; Bytespider; spider-feedback@bytedance.com)"
156.59.198.135 - - [11/Aug/2024:04:51:36 +0200] "GET /renault.activities.at/htdocs/export/xml/data/orders/202104221203_RenOrder.xml HTTP/1.0" 404 328 "-" "Mozilla/5.0 (Linux; Android 5.0) AppleWebKit/537.36 (KHTML, like Gecko) Mobile Safari/537.36 (compatible; Bytespider; spider-feedback@bytedance.com)"
156.59.198.136 - - [11/Aug/2024:04:51:57 +0200] "GET /renault.activities.at/htdocs/export/pdf/emuc_document/11851429.pdf HTTP/1.0" 404 321 "-" "Mozilla/5.0 (Linux; Android 5.0) AppleWebKit/537.36 (KHTML, like Gecko) Mobile Safari/537.36 (compatible; Bytespider; spider-feedback@bytedance.com)"
156.59.198.136 - - [11/Aug/2024:04:52:18 +0200] "GET /renault.activities.at/htdocs/export/pdf/emuc_document/12210016.pdf HTTP/1.0" 404 321 "-" "Mozilla/5.0 (Linux; Android 5.0) AppleWebKit/537.36 (KHTML, like Gecko) Mobile Safari/537.36 (compatible; Bytespider; spider-feedback@bytedance.com)"
156.59.198.136 - - [11/Aug/2024:04:52:39 +0200] "GET /renault.activities.at/htdocs/export/pdf/emuc_document/11006484.pdf HTTP/1.0" 404 321 "-" "Mozilla/5.0 (Linux; Android 5.0) AppleWebKit/537.36 (KHTML, like Gecko) Mobile Safari/537.36 (compatible; Bytespider; spider-feedback@bytedance.com)"
83.97.73.245 - - [11/Aug/2024:04:57:08 +0200] "GET /?XDEBUG_SESSION_START=phpstorm HTTP/1.1" 200 274 "-" "Mozilla/5.0 (Windows NT 10.0; Win64; x64) AppleWebKit/537.36 (KHTML, like Gecko) Chrome/78.0.3904.108 Safari/537.36"
156.59.198.135 - - [11/Aug/2024:05:01:39 +0200] "GET /renault.activities.at/htdocs/export/xml/data/orders/202105261503_RenOrder.xml HTTP/1.0" 404 329 "-" "Mozilla/5.0 (Linux; Android 5.0) AppleWebKit/537.36 (KHTML, like Gecko) Mobile Safari/537.36 (compatible; Bytespider; spider-feedback@bytedance.com)"
156.59.198.135 - - [11/Aug/2024:05:02:00 +0200] "GET /renault.activities.at/htdocs/export/xml/data/orders/202110151403_RenOrder.xml HTTP/1.0" 404 329 "-" "Mozilla/5.0 (Linux; Android 5.0) AppleWebKit/537.36 (KHTML, like Gecko) Mobile Safari/537.36 (compatible; Bytespider; spider-feedback@bytedance.com)"
156.59.198.135 - - [11/Aug/2024:05:02:22 +0200] "GET /renault.activities.at/htdocs/export/txt/factura/FacturaExport20160830081404.txt HTTP/1.0" 404 328 "-" "Mozilla/5.0 (Linux; Android 5.0) AppleWebKit/537.36 (KHTML, like Gecko) Mobile Safari/537.36 (compatible; Bytespider; spider-feedback@bytedance.com)"
216.218.206.69 - - [11/Aug/2024:05:05:45 +0200] "GET / HTTP/1.1" 200 274 "-" "Mozilla/5.0 (X11; Ubuntu; Linux x86_64; rv:123.0) Gecko/20100101 Firefox/123.0"
17.241.75.108 - - [11/Aug/2024:05:06:05 +0200] "GET /viewtopic.php?f=8&t=411&sid=54df32ee0ee0f7bf8a54e23511949d55 HTTP/1.1" 404 295 "-" "Mozilla/5.0 (Macintosh; Intel Mac OS X 10_15_7) AppleWebKit/605.1.15 (KHTML, like Gecko) Version/17.4 Safari/605.1.15 (Applebot/0.1; +http://www.apple.com/go/applebot)"
216.218.206.69 - - [11/Aug/2024:05:09:52 +0200] "GET /favicon.ico HTTP/1.1" 404 284 "-" "Mozilla/5.0 (Windows NT 10.0; Win64; x64) AppleWebKit/537.36 (KHTML, like Gecko) Chrome/117.0.5938.132 Safari/537.36"
216.218.206.69 - - [11/Aug/2024:05:10:54 +0200] "GET /geoserver/web/ HTTP/1.1" 404 284 "-" "Mozilla/5.0 (X11; Ubuntu; Linux x86_64; rv:123.0) Gecko/20100101 Firefox/123.0"
156.59.198.136 - - [11/Aug/2024:05:11:46 +0200] "GET /renault.activities.at/htdocs/export/txt/factura/FacturaExport20211210091729.txt HTTP/1.0" 404 328 "-" "Mozilla/5.0 (Linux; Android 5.0) AppleWebKit/537.36 (KHTML, like Gecko) Mobile Safari/537.36 (compatible; Bytespider; spider-feedback@bytedance.com)"
156.59.198.136 - - [11/Aug/2024:05:12:07 +0200] "GET /renault.activities.at/htdocs/export/pdf/emuc_document/10637265.pdf HTTP/1.0" 404 323 "-" "Mozilla/5.0 (Linux; Android 5.0) AppleWebKit/537.36 (KHTML, like Gecko) Mobile Safari/537.36 (compatible; Bytespider; spider-feedback@bytedance.com)"
156.59.198.136 - - [11/Aug/2024:05:12:28 +0200] "GET /renault.activities.at/htdocs/export/pdf/emuc_document/11644542.pdf HTTP/1.0" 404 321 "-" "Mozilla/5.0 (Linux; Android 5.0) AppleWebKit/537.36 (KHTML, like Gecko) Mobile Safari/537.36 (compatible; Bytespider; spider-feedback@bytedance.com)"
91.92.247.56 - - [11/Aug/2024:05:12:45 +0200] "GET /.env HTTP/1.1" 404 280 "-" "Mozilla/5.0 (X11; Linux x86_64) AppleWebKit/537.36 (KHTML, like Gecko) Chrome/81.0.4044.129 Safari/537.36"
91.92.247.56 - - [11/Aug/2024:05:12:45 +0200] "POST / HTTP/1.1" 200 274 "-" "Mozilla/5.0 (X11; Linux x86_64) AppleWebKit/537.36 (KHTML, like Gecko) Chrome/81.0.4044.129 Safari/537.36"
156.59.198.136 - - [11/Aug/2024:05:12:49 +0200] "GET /renault.activities.at/htdocs/export/pdf/emuc_document/11167502.pdf HTTP/1.0" 404 322 "-" "Mozilla/5.0 (Linux; Android 5.0) AppleWebKit/537.36 (KHTML, like Gecko) Mobile Safari/537.36 (compatible; Bytespider; spider-feedback@bytedance.com)"
156.59.198.135 - - [11/Aug/2024:05:13:10 +0200] "GET /renault.activities.at/htdocs/export/pdf/emuc_document/11329047.pdf HTTP/1.0" 404 322 "-" "Mozilla/5.0 (Linux; Android 5.0) AppleWebKit/537.36 (KHTML, like Gecko) Mobile Safari/537.36 (compatible; Bytespider; spider-feedback@bytedance.com)"
156.59.198.135 - - [11/Aug/2024:05:13:31 +0200] "GET /renault.activities.at/htdocs/export/txt/factura/FacturaExport20171025131343.txt HTTP/1.0" 404 328 "-" "Mozilla/5.0 (Linux; Android 5.0) AppleWebKit/537.36 (KHTML, like Gecko) Mobile Safari/537.36 (compatible; Bytespider; spider-feedback@bytedance.com)"
156.59.198.135 - - [11/Aug/2024:05:13:52 +0200] "GET /renault.activities.at/htdocs/export/xml/data/articles/202101041003_RenArticle.xml HTTP/1.0" 404 330 "-" "Mozilla/5.0 (Linux; Android 5.0) AppleWebKit/537.36 (KHTML, like Gecko) Mobile Safari/537.36 (compatible; Bytespider; spider-feedback@bytedance.com)"
156.59.198.135 - - [11/Aug/2024:05:14:13 +0200] "GET /renault.activities.at/htdocs/export/xml/data/articles/201910210803_RenArticle.xml HTTP/1.0" 404 331 "-" "Mozilla/5.0 (Linux; Android 5.0) AppleWebKit/537.36 (KHTML, like Gecko) Mobile Safari/537.36 (compatible; Bytespider; spider-feedback@bytedance.com)"
156.59.198.135 - - [11/Aug/2024:05:14:34 +0200] "GET /renault.activities.at/htdocs/log/cron/reminder_mailing_3114955.txt HTTP/1.0" 404 323 "-" "Mozilla/5.0 (Linux; Android 5.0) AppleWebKit/537.36 (KHTML, like Gecko) Mobile Safari/537.36 (compatible; Bytespider; spider-feedback@bytedance.com)"
156.59.198.136 - - [11/Aug/2024:05:14:55 +0200] "GET /renault.activities.at/htdocs/export/pdf/emuc_document/10658529.pdf HTTP/1.0" 404 322 "-" "Mozilla/5.0 (Linux; Android 5.0) AppleWebKit/537.36 (KHTML, like Gecko) Mobile Safari/537.36 (compatible; Bytespider; spider-feedback@bytedance.com)"
156.59.198.136 - - [11/Aug/2024:05:15:16 +0200] "GET /renault.activities.at/htdocs/export/pdf/emuc_document/10425863.pdf HTTP/1.0" 404 322 "-" "Mozilla/5.0 (Linux; Android 5.0) AppleWebKit/537.36 (KHTML, like Gecko) Mobile Safari/537.36 (compatible; Bytespider; spider-feedback@bytedance.com)"
156.59.198.136 - - [11/Aug/2024:05:15:38 +0200] "GET /renault.activities.at/htdocs/log/cron/reminder_mailing_3115081.txt HTTP/1.0" 404 322 "-" "Mozilla/5.0 (Linux; Android 5.0) AppleWebKit/537.36 (KHTML, like Gecko) Mobile Safari/537.36 (compatible; Bytespider; spider-feedback@bytedance.com)"
5.8.11.202 - - [11/Aug/2024:05:20:37 +0200] "\x16\x03\x02\x01o\x01" 400 383 "-" "-"
125.92.107.158 - - [11/Aug/2024:05:24:48 +0200] "\x16\x03\x01\x01\x18\x01" 400 383 "-" "-"
170.64.160.196 - - [11/Aug/2024:05:26:37 +0200] "\x16\x03\x01" 400 383 "-" "-"
170.64.160.196 - - [11/Aug/2024:05:26:38 +0200] "\x16\x03\x01" 400 383 "-" "-"
170.64.160.196 - - [11/Aug/2024:05:26:38 +0200] "GET / HTTP/1.1" 200 274 "-" "Mozilla/5.0 (Windows NT 10.0; Win64; x64) AppleWebKit/537.36 (KHTML, like Gecko) Chrome/108.0.0.0 Safari/537.36"
170.64.160.196 - - [11/Aug/2024:05:26:39 +0200] "GET /form.html HTTP/1.1" 404 283 "-" "curl/8.1.2"
170.64.160.196 - - [11/Aug/2024:05:26:40 +0200] "GET /upl.php HTTP/1.1" 404 282 "-" "Mozilla/5.0"
170.64.160.196 - - [11/Aug/2024:05:26:40 +0200] "GET /t4 HTTP/1.1" 404 278 "-" "Mozilla/5.0"
170.64.160.196 - - [11/Aug/2024:05:26:41 +0200] "GET /geoip/ HTTP/1.1" 404 281 "-" "Mozilla/5.0 (Windows NT 10.0; Win64; x64) AppleWebKit/537.36 (KHTML, like Gecko) Chrome/108.0.0.0 Safari/537.36"
170.64.160.196 - - [11/Aug/2024:05:26:41 +0200] "GET /favicon.ico HTTP/1.1" 404 284 "-" "Mozilla/5.0 (Windows NT 10.0; Win64; x64) AppleWebKit/537.36 (KHTML, like Gecko) Chrome/108.0.0.0 Safari/537.36"
170.64.160.196 - - [11/Aug/2024:05:26:42 +0200] "GET /1.php HTTP/1.1" 404 280 "-" "Mozilla/5.0 (Windows NT 10.0; Win64; x64) AppleWebKit/537.36 (KHTML, like Gecko) Chrome/108.0.0.0 Safari/537.36"
170.64.160.196 - - [11/Aug/2024:05:26:43 +0200] "GET /systembc/password.php HTTP/1.1" 404 291 "-" "Mozilla/5.0 (Windows NT 10.0; Win64; x64) AppleWebKit/537.36 (KHTML, like Gecko) Chrome/108.0.0.0 Safari/537.36"
170.64.160.196 - - [11/Aug/2024:05:26:43 +0200] "GET /password.php HTTP/1.1" 404 285 "-" "Mozilla/5.0 (Windows NT 10.0; Win64; x64) AppleWebKit/537.36 (KHTML, like Gecko) Chrome/108.0.0.0 Safari/537.36"
156.59.198.136 - - [11/Aug/2024:05:39:41 +0200] "GET /renault.activities.at/htdocs/export/xml/data/orders/202110130803_RenOrder.xml HTTP/1.0" 404 328 "-" "Mozilla/5.0 (Linux; Android 5.0) AppleWebKit/537.36 (KHTML, like Gecko) Mobile Safari/537.36 (compatible; Bytespider; spider-feedback@bytedance.com)"
156.59.198.135 - - [11/Aug/2024:05:40:02 +0200] "GET /renault.activities.at/htdocs/export/xml/data/articles/202004300903_RenArticle.xml HTTP/1.0" 404 331 "-" "Mozilla/5.0 (Linux; Android 5.0) AppleWebKit/537.36 (KHTML, like Gecko) Mobile Safari/537.36 (compatible; Bytespider; spider-feedback@bytedance.com)"
156.59.198.135 - - [11/Aug/2024:05:40:23 +0200] "GET /renault.activities.at/htdocs/log/cron/system_mail_3115790.txt HTTP/1.0" 404 321 "-" "Mozilla/5.0 (Linux; Android 5.0) AppleWebKit/537.36 (KHTML, like Gecko) Mobile Safari/537.36 (compatible; Bytespider; spider-feedback@bytedance.com)"
156.59.198.136 - - [11/Aug/2024:05:40:44 +0200] "GET /renault.activities.at/htdocs/export/pdf/emuc_document/10694185.pdf HTTP/1.0" 404 322 "-" "Mozilla/5.0 (Linux; Android 5.0) AppleWebKit/537.36 (KHTML, like Gecko) Mobile Safari/537.36 (compatible; Bytespider; spider-feedback@bytedance.com)"
156.59.198.135 - - [11/Aug/2024:05:41:05 +0200] "GET /renault.activities.at/htdocs/log/cron/system_mail_3116119.txt HTTP/1.0" 404 320 "-" "Mozilla/5.0 (Linux; Android 5.0) AppleWebKit/537.36 (KHTML, like Gecko) Mobile Safari/537.36 (compatible; Bytespider; spider-feedback@bytedance.com)"
156.59.198.136 - - [11/Aug/2024:05:41:27 +0200] "GET /renault.activities.at/htdocs/log/cron/system_mail_3115917.txt HTTP/1.0" 404 320 "-" "Mozilla/5.0 (Linux; Android 5.0) AppleWebKit/537.36 (KHTML, like Gecko) Mobile Safari/537.36 (compatible; Bytespider; spider-feedback@bytedance.com)"
156.59.198.136 - - [11/Aug/2024:05:41:48 +0200] "GET /renault.activities.at/htdocs/export/pdf/emuc_document/10554261.pdf HTTP/1.0" 404 322 "-" "Mozilla/5.0 (Linux; Android 5.0) AppleWebKit/537.36 (KHTML, like Gecko) Mobile Safari/537.36 (compatible; Bytespider; spider-feedback@bytedance.com)"
156.59.198.136 - - [11/Aug/2024:05:42:09 +0200] "GET /renault.activities.at/htdocs/export/xml/data/articles/202009041303_RenArticle.xml HTTP/1.0" 404 331 "-" "Mozilla/5.0 (Linux; Android 5.0) AppleWebKit/537.36 (KHTML, like Gecko) Mobile Safari/537.36 (compatible; Bytespider; spider-feedback@bytedance.com)"
156.59.198.135 - - [11/Aug/2024:05:42:30 +0200] "GET /renault.activities.at/htdocs/export/txt/factura/FacturaExport20200220095240.txt HTTP/1.0" 404 327 "-" "Mozilla/5.0 (Linux; Android 5.0) AppleWebKit/537.36 (KHTML, like Gecko) Mobile Safari/537.36 (compatible; Bytespider; spider-feedback@bytedance.com)"
156.59.198.136 - - [11/Aug/2024:05:42:51 +0200] "GET /renault.activities.at/htdocs/export/pdf/emuc_document/12149589.pdf HTTP/1.0" 404 322 "-" "Mozilla/5.0 (Linux; Android 5.0) AppleWebKit/537.36 (KHTML, like Gecko) Mobile Safari/537.36 (compatible; Bytespider; spider-feedback@bytedance.com)"
156.59.198.136 - - [11/Aug/2024:05:43:13 +0200] "GET /renault.activities.at/htdocs/export/pdf/emuc_document/11320957.pdf HTTP/1.0" 404 322 "-" "Mozilla/5.0 (Linux; Android 5.0) AppleWebKit/537.36 (KHTML, like Gecko) Mobile Safari/537.36 (compatible; Bytespider; spider-feedback@bytedance.com)"
156.59.198.136 - - [11/Aug/2024:05:49:40 +0200] "GET /renault.activities.at/htdocs/export/xml/data/articles/201910231303_RenArticle.xml HTTP/1.0" 404 331 "-" "Mozilla/5.0 (Linux; Android 5.0) AppleWebKit/537.36 (KHTML, like Gecko) Mobile Safari/537.36 (compatible; Bytespider; spider-feedback@bytedance.com)"
156.59.198.135 - - [11/Aug/2024:05:50:02 +0200] "GET /renault.activities.at/htdocs/log/cron/system_mail_3115839.txt HTTP/1.0" 404 320 "-" "Mozilla/5.0 (Linux; Android 5.0) AppleWebKit/537.36 (KHTML, like Gecko) Mobile Safari/537.36 (compatible; Bytespider; spider-feedback@bytedance.com)"
156.59.198.135 - - [11/Aug/2024:05:50:23 +0200] "GET /renault.activities.at/htdocs/export/pdf/emuc_document/11245487.pdf HTTP/1.0" 404 322 "-" "Mozilla/5.0 (Linux; Android 5.0) AppleWebKit/537.36 (KHTML, like Gecko) Mobile Safari/537.36 (compatible; Bytespider; spider-feedback@bytedance.com)"
156.59.198.136 - - [11/Aug/2024:05:50:44 +0200] "GET /renault.activities.at/htdocs/export/txt/factura/FacturaExport20210504095739.txt HTTP/1.0" 404 329 "-" "Mozilla/5.0 (Linux; Android 5.0) AppleWebKit/537.36 (KHTML, like Gecko) Mobile Safari/537.36 (compatible; Bytespider; spider-feedback@bytedance.com)"
156.59.198.135 - - [11/Aug/2024:05:51:05 +0200] "GET /renault.activities.at/htdocs/export/xml/data/articles/202001270903_RenArticle.xml HTTP/1.0" 404 332 "-" "Mozilla/5.0 (Linux; Android 5.0) AppleWebKit/537.36 (KHTML, like Gecko) Mobile Safari/537.36 (compatible; Bytespider; spider-feedback@bytedance.com)"
156.59.198.135 - - [11/Aug/2024:05:51:27 +0200] "GET /renault.activities.at/htdocs/export/xml/data/articles/202101051403_RenArticle.xml HTTP/1.0" 404 331 "-" "Mozilla/5.0 (Linux; Android 5.0) AppleWebKit/537.36 (KHTML, like Gecko) Mobile Safari/537.36 (compatible; Bytespider; spider-feedback@bytedance.com)"
156.59.198.135 - - [11/Aug/2024:05:51:48 +0200] "GET /renault.activities.at/htdocs/export/pdf/emuc_document/11312062.pdf HTTP/1.0" 404 322 "-" "Mozilla/5.0 (Linux; Android 5.0) AppleWebKit/537.36 (KHTML, like Gecko) Mobile Safari/537.36 (compatible; Bytespider; spider-feedback@bytedance.com)"
156.59.198.135 - - [11/Aug/2024:05:52:09 +0200] "GET /renault.activities.at/htdocs/export/txt/factura/FacturaExport20160706110549.txt HTTP/1.0" 404 328 "-" "Mozilla/5.0 (Linux; Android 5.0) AppleWebKit/537.36 (KHTML, like Gecko) Mobile Safari/537.36 (compatible; Bytespider; spider-feedback@bytedance.com)"
156.59.198.136 - - [11/Aug/2024:05:52:30 +0200] "GET /renault.activities.at/htdocs/log/cron/system_mail_3116298.txt HTTP/1.0" 404 320 "-" "Mozilla/5.0 (Linux; Android 5.0) AppleWebKit/537.36 (KHTML, like Gecko) Mobile Safari/537.36 (compatible; Bytespider; spider-feedback@bytedance.com)"
185.191.126.213 - - [11/Aug/2024:05:52:40 +0200] "GET / HTTP/1.1" 200 423 "-" "-"
156.59.198.135 - - [11/Aug/2024:05:52:51 +0200] "GET /renault.activities.at/htdocs/export/pdf/emuc_document/12491139.pdf HTTP/1.0" 404 322 "-" "Mozilla/5.0 (Linux; Android 5.0) AppleWebKit/537.36 (KHTML, like Gecko) Mobile Safari/537.36 (compatible; Bytespider; spider-feedback@bytedance.com)"
156.59.198.135 - - [11/Aug/2024:05:53:56 +0200] "GET /renault.activities.at/htdocs/export/pdf/emuc_document/12113238.pdf HTTP/1.0" 404 322 "-" "Mozilla/5.0 (Linux; Android 5.0) AppleWebKit/537.36 (KHTML, like Gecko) Mobile Safari/537.36 (compatible; Bytespider; spider-feedback@bytedance.com)"
156.59.198.136 - - [11/Aug/2024:05:54:17 +0200] "GET /renault.activities.at/htdocs/export/xml/data/articles/202012071003_RenArticle.xml HTTP/1.0" 404 331 "-" "Mozilla/5.0 (Linux; Android 5.0) AppleWebKit/537.36 (KHTML, like Gecko) Mobile Safari/537.36 (compatible; Bytespider; spider-feedback@bytedance.com)"
156.59.198.136 - - [11/Aug/2024:05:54:38 +0200] "GET /renault.activities.at/htdocs/export/txt/factura/FacturaExport20171025131629.txt HTTP/1.0" 404 328 "-" "Mozilla/5.0 (Linux; Android 5.0) AppleWebKit/537.36 (KHTML, like Gecko) Mobile Safari/537.36 (compatible; Bytespider; spider-feedback@bytedance.com)"
156.59.198.136 - - [11/Aug/2024:05:54:59 +0200] "GET /renault.activities.at/htdocs/log/cron/exportXML_3115548.txt HTTP/1.0" 404 320 "-" "Mozilla/5.0 (Linux; Android 5.0) AppleWebKit/537.36 (KHTML, like Gecko) Mobile Safari/537.36 (compatible; Bytespider; spider-feedback@bytedance.com)"
156.59.198.136 - - [11/Aug/2024:06:00:35 +0200] "GET /renault.activities.at/htdocs/export/pdf/emuc_document/11985566.pdf HTTP/1.0" 404 322 "-" "Mozilla/5.0 (Linux; Android 5.0) AppleWebKit/537.36 (KHTML, like Gecko) Mobile Safari/537.36 (compatible; Bytespider; spider-feedback@bytedance.com)"
156.59.198.136 - - [11/Aug/2024:06:00:56 +0200] "GET /renault.activities.at/htdocs/export/pdf/emuc_document/10981000.pdf HTTP/1.0" 404 321 "-" "Mozilla/5.0 (Linux; Android 5.0) AppleWebKit/537.36 (KHTML, like Gecko) Mobile Safari/537.36 (compatible; Bytespider; spider-feedback@bytedance.com)"
156.59.198.136 - - [11/Aug/2024:06:01:17 +0200] "GET /renault.activities.at/htdocs/export/pdf/emuc_document/10426077.pdf HTTP/1.0" 404 322 "-" "Mozilla/5.0 (Linux; Android 5.0) AppleWebKit/537.36 (KHTML, like Gecko) Mobile Safari/537.36 (compatible; Bytespider; spider-feedback@bytedance.com)"
156.59.198.135 - - [11/Aug/2024:06:01:39 +0200] "GET /renault.activities.at/htdocs/export/xml/data/orders/202010141203_RenOrder.xml HTTP/1.0" 404 328 "-" "Mozilla/5.0 (Linux; Android 5.0) AppleWebKit/537.36 (KHTML, like Gecko) Mobile Safari/537.36 (compatible; Bytespider; spider-feedback@bytedance.com)"
185.191.126.213 - - [11/Aug/2024:06:03:40 +0200] "GET / HTTP/1.1" 200 423 "-" "-"
35.189.237.28 - - [11/Aug/2024:06:03:49 +0200] "GET / HTTP/1.1" 200 274 "-" "python-requests/2.32.2"
156.59.198.136 - - [11/Aug/2024:06:04:06 +0200] "GET /renault.activities.at/htdocs/export/pdf/emuc_document/11177637.pdf HTTP/1.0" 404 322 "-" "Mozilla/5.0 (Linux; Android 5.0) AppleWebKit/537.36 (KHTML, like Gecko) Mobile Safari/537.36 (compatible; Bytespider; spider-feedback@bytedance.com)"
156.59.198.135 - - [11/Aug/2024:06:05:51 +0200] "GET /renault.activities.at/htdocs/export/txt/factura/FacturaExport20180227134529.txt HTTP/1.0" 404 329 "-" "Mozilla/5.0 (Linux; Android 5.0) AppleWebKit/537.36 (KHTML, like Gecko) Mobile Safari/537.36 (compatible; Bytespider; spider-feedback@bytedance.com)"
