178.115.45.138 - - [13/Aug/2024:16:36:37 +0200] "GET /entry.php?id=10715&&chooserview=articlestoredata&view=true HTTP/1.1" 200 2507 "http://hausegger.activities.at/entry.php?id=11355&hiddetitle=true&" "Mozilla/5.0 (Windows NT 10.0; Win64; x64; rv:128.0) Gecko/20100101 Firefox/128.0"
178.115.45.138 - - [13/Aug/2024:16:36:37 +0200] "GET /entry.php?id=10714&&chooserview=articlestoredata&view=true HTTP/1.1" 200 3986 "http://hausegger.activities.at/entry.php?id=11355&hiddetitle=true&" "Mozilla/5.0 (Windows NT 10.0; Win64; x64; rv:128.0) Gecko/20100101 Firefox/128.0"
178.115.45.138 - - [13/Aug/2024:16:36:37 +0200] "GET /entry.php?id=10776&form=10560&name=list& HTTP/1.1" 200 1448 "http://hausegger.activities.at/entry.php?id=10715&&chooserview=articlestoredata&view=true" "Mozilla/5.0 (Windows NT 10.0; Win64; x64; rv:128.0) Gecko/20100101 Firefox/128.0"
178.115.45.138 - - [13/Aug/2024:16:36:37 +0200] "GET /activities/framework/KoolControls/KoolAjax/koolajax.php?8436e354c842500aba3cbaf0584c0c24 HTTP/1.1" 200 4079 "http://hausegger.activities.at/entry.php?id=10714&&chooserview=articlestoredata&view=true" "Mozilla/5.0 (Windows NT 10.0; Win64; x64; rv:128.0) Gecko/20100101 Firefox/128.0"
178.115.45.138 - - [13/Aug/2024:16:36:37 +0200] "GET /entry.php?id=10778&form=10560&name=list& HTTP/1.1" 200 2510 "http://hausegger.activities.at/entry.php?id=10715&&chooserview=articlestoredata&view=true" "Mozilla/5.0 (Windows NT 10.0; Win64; x64; rv:128.0) Gecko/20100101 Firefox/128.0"
178.115.45.138 - - [13/Aug/2024:16:36:37 +0200] "GET /activities/framework/KoolControls/KoolTreeView/kooltreeview.php?c7cd9180e88ffef8e70f13526bb4f5f7 HTTP/1.1" 200 5055 "http://hausegger.activities.at/entry.php?id=10714&&chooserview=articlestoredata&view=true" "Mozilla/5.0 (Windows NT 10.0; Win64; x64; rv:128.0) Gecko/20100101 Firefox/128.0"
178.115.45.138 - - [13/Aug/2024:16:36:38 +0200] "GET /entry.php?id=10632 HTTP/1.1" 200 234 "http://hausegger.activities.at/entry.php?id=10270&__app__=10006038" "Mozilla/5.0 (Windows NT 10.0; Win64; x64; rv:128.0) Gecko/20100101 Firefox/128.0"
178.115.45.138 - - [13/Aug/2024:16:36:38 +0200] "GET /entry.php?id=10634& HTTP/1.1" 200 1375 "http://hausegger.activities.at/entry.php?id=10632" "Mozilla/5.0 (Windows NT 10.0; Win64; x64; rv:128.0) Gecko/20100101 Firefox/128.0"
178.115.45.138 - - [13/Aug/2024:16:36:38 +0200] "GET /entry.php?id=10638& HTTP/1.1" 200 2439 "http://hausegger.activities.at/entry.php?id=10632" "Mozilla/5.0 (Windows NT 10.0; Win64; x64; rv:128.0) Gecko/20100101 Firefox/128.0"
178.115.45.138 - - [13/Aug/2024:16:36:38 +0200] "GET /gui/javascript/form_form.js?1723559798 HTTP/1.1" 200 16206 "http://hausegger.activities.at/entry.php?id=10634&" "Mozilla/5.0 (Windows NT 10.0; Win64; x64; rv:128.0) Gecko/20100101 Firefox/128.0"
178.115.45.138 - - [13/Aug/2024:16:36:39 +0200] "GET /framework/icons/treeview/ftv2folderclosed.gif HTTP/1.1" 200 161 "http://hausegger.activities.at/entry.php?id=10638&" "Mozilla/5.0 (Windows NT 10.0; Win64; x64; rv:128.0) Gecko/20100101 Firefox/128.0"
178.115.45.138 - - [13/Aug/2024:16:36:39 +0200] "GET /framework/icons/treeview/ftv2pnode.gif HTTP/1.1" 200 133 "http://hausegger.activities.at/entry.php?id=10638&" "Mozilla/5.0 (Windows NT 10.0; Win64; x64; rv:128.0) Gecko/20100101 Firefox/128.0"
178.115.45.138 - - [13/Aug/2024:16:36:38 +0200] "GET /entry.php?id=10633& HTTP/1.1" 200 1981 "http://hausegger.activities.at/entry.php?id=10632" "Mozilla/5.0 (Windows NT 10.0; Win64; x64; rv:128.0) Gecko/20100101 Firefox/128.0"
178.115.45.138 - - [13/Aug/2024:16:36:39 +0200] "GET /gui/javascript/form_form.js?1723559799 HTTP/1.1" 200 16206 "http://hausegger.activities.at/entry.php?id=10633&" "Mozilla/5.0 (Windows NT 10.0; Win64; x64; rv:128.0) Gecko/20100101 Firefox/128.0"
178.115.45.138 - - [13/Aug/2024:16:36:38 +0200] "GET /entry.php?id=10621& HTTP/1.1" 200 3779 "http://hausegger.activities.at/entry.php?id=10632" "Mozilla/5.0 (Windows NT 10.0; Win64; x64; rv:128.0) Gecko/20100101 Firefox/128.0"
178.115.45.138 - - [13/Aug/2024:16:36:39 +0200] "GET /entry.php?id=10776&form=10477&name=list& HTTP/1.1" 200 1470 "http://hausegger.activities.at/entry.php?id=10633&" "Mozilla/5.0 (Windows NT 10.0; Win64; x64; rv:128.0) Gecko/20100101 Firefox/128.0"
178.115.45.138 - - [13/Aug/2024:16:36:39 +0200] "GET /entry.php?id=10778&form=10477&name=list& HTTP/1.1" 200 2483 "http://hausegger.activities.at/entry.php?id=10633&" "Mozilla/5.0 (Windows NT 10.0; Win64; x64; rv:128.0) Gecko/20100101 Firefox/128.0"
178.115.45.138 - - [13/Aug/2024:16:36:40 +0200] "POST /entry.php?id=10633 HTTP/1.1" 200 1984 "http://hausegger.activities.at/entry.php?id=10633&" "Mozilla/5.0 (Windows NT 10.0; Win64; x64; rv:128.0) Gecko/20100101 Firefox/128.0"
178.115.45.138 - - [13/Aug/2024:16:36:41 +0200] "GET /gui/javascript/form_form.js?1723559801 HTTP/1.1" 200 16206 "http://hausegger.activities.at/entry.php?id=10633" "Mozilla/5.0 (Windows NT 10.0; Win64; x64; rv:128.0) Gecko/20100101 Firefox/128.0"
178.115.45.138 - - [13/Aug/2024:16:36:41 +0200] "GET /entry.php?id=10776&form=10477&name=list& HTTP/1.1" 200 1472 "http://hausegger.activities.at/entry.php?id=10633" "Mozilla/5.0 (Windows NT 10.0; Win64; x64; rv:128.0) Gecko/20100101 Firefox/128.0"
178.115.45.138 - - [13/Aug/2024:16:36:41 +0200] "GET /entry.php?id=10778&form=10477&name=list& HTTP/1.1" 200 3674 "http://hausegger.activities.at/entry.php?id=10633" "Mozilla/5.0 (Windows NT 10.0; Win64; x64; rv:128.0) Gecko/20100101 Firefox/128.0"
178.115.45.138 - - [13/Aug/2024:16:36:46 +0200] "POST /entry.php?id=10621 HTTP/1.1" 200 3838 "http://hausegger.activities.at/entry.php?id=10621&" "Mozilla/5.0 (Windows NT 10.0; Win64; x64; rv:128.0) Gecko/20100101 Firefox/128.0"
178.115.45.138 - - [13/Aug/2024:16:36:47 +0200] "GET /gui/javascript/form_form.js?1723559806 HTTP/1.1" 200 16206 "http://hausegger.activities.at/entry.php?id=10621" "Mozilla/5.0 (Windows NT 10.0; Win64; x64; rv:128.0) Gecko/20100101 Firefox/128.0"
178.115.45.138 - - [13/Aug/2024:16:36:49 +0200] "GET /entry.php?id=11047&object=10307556 HTTP/1.1" 200 1793 "http://hausegger.activities.at/entry.php?id=10621" "Mozilla/5.0 (Windows NT 10.0; Win64; x64; rv:128.0) Gecko/20100101 Firefox/128.0"
178.115.45.138 - - [13/Aug/2024:16:36:49 +0200] "GET /gui/javascript/form_form.js?1723559809 HTTP/1.1" 200 16206 "http://hausegger.activities.at/entry.php?id=11047&object=10307556" "Mozilla/5.0 (Windows NT 10.0; Win64; x64; rv:128.0) Gecko/20100101 Firefox/128.0"
178.115.45.138 - - [13/Aug/2024:16:36:49 +0200] "GET /entry.php?id=11048&&object=10307556 HTTP/1.1" 200 2499 "http://hausegger.activities.at/entry.php?id=11047&object=10307556" "Mozilla/5.0 (Windows NT 10.0; Win64; x64; rv:128.0) Gecko/20100101 Firefox/128.0"
178.115.45.138 - - [13/Aug/2024:16:36:54 +0200] "GET /entry.php?id=10271&&ser=559754 HTTP/1.1" 200 987 "http://hausegger.activities.at/entry.php?id=10271&&ser=559694" "Mozilla/5.0 (Windows NT 10.0; Win64; x64; rv:128.0) Gecko/20100101 Firefox/128.0"
178.115.45.138 - - [13/Aug/2024:16:36:54 +0200] "GET /gui/javascript/form_form.js?1723559814 HTTP/1.1" 200 16206 "http://hausegger.activities.at/entry.php?id=10271&&ser=559754" "Mozilla/5.0 (Windows NT 10.0; Win64; x64; rv:128.0) Gecko/20100101 Firefox/128.0"
80.82.77.202 - - [13/Aug/2024:16:37:38 +0200] "\x16\x03\x02\x01o\x01" 400 383 "-" "-"
178.115.45.138 - - [13/Aug/2024:16:37:55 +0200] "GET /entry.php?id=10271&&ser=559814 HTTP/1.1" 200 987 "http://hausegger.activities.at/entry.php?id=10271&&ser=559754" "Mozilla/5.0 (Windows NT 10.0; Win64; x64; rv:128.0) Gecko/20100101 Firefox/128.0"
178.115.45.138 - - [13/Aug/2024:16:37:55 +0200] "GET /gui/javascript/form_form.js?1723559875 HTTP/1.1" 200 16206 "http://hausegger.activities.at/entry.php?id=10271&&ser=559814" "Mozilla/5.0 (Windows NT 10.0; Win64; x64; rv:128.0) Gecko/20100101 Firefox/128.0"
178.115.45.138 - - [13/Aug/2024:16:38:55 +0200] "GET /entry.php?id=10271&&ser=559875 HTTP/1.1" 200 987 "http://hausegger.activities.at/entry.php?id=10271&&ser=559814" "Mozilla/5.0 (Windows NT 10.0; Win64; x64; rv:128.0) Gecko/20100101 Firefox/128.0"
178.115.45.138 - - [13/Aug/2024:16:38:55 +0200] "GET /gui/javascript/form_form.js?1723559935 HTTP/1.1" 200 16206 "http://hausegger.activities.at/entry.php?id=10271&&ser=559875" "Mozilla/5.0 (Windows NT 10.0; Win64; x64; rv:128.0) Gecko/20100101 Firefox/128.0"
178.115.45.138 - - [13/Aug/2024:16:39:55 +0200] "GET /entry.php?id=10271&&ser=559935 HTTP/1.1" 200 987 "http://hausegger.activities.at/entry.php?id=10271&&ser=559875" "Mozilla/5.0 (Windows NT 10.0; Win64; x64; rv:128.0) Gecko/20100101 Firefox/128.0"
178.115.45.138 - - [13/Aug/2024:16:39:55 +0200] "GET /gui/javascript/form_form.js?1723559995 HTTP/1.1" 200 16206 "http://hausegger.activities.at/entry.php?id=10271&&ser=559935" "Mozilla/5.0 (Windows NT 10.0; Win64; x64; rv:128.0) Gecko/20100101 Firefox/128.0"
178.115.45.138 - - [13/Aug/2024:16:40:56 +0200] "GET /entry.php?id=10271&&ser=559995 HTTP/1.1" 200 988 "http://hausegger.activities.at/entry.php?id=10271&&ser=559935" "Mozilla/5.0 (Windows NT 10.0; Win64; x64; rv:128.0) Gecko/20100101 Firefox/128.0"
178.115.45.138 - - [13/Aug/2024:16:40:57 +0200] "GET /gui/javascript/form_form.js?1723560057 HTTP/1.1" 200 16206 "http://hausegger.activities.at/entry.php?id=10271&&ser=559995" "Mozilla/5.0 (Windows NT 10.0; Win64; x64; rv:128.0) Gecko/20100101 Firefox/128.0"
178.115.45.138 - - [13/Aug/2024:16:41:57 +0200] "GET /entry.php?id=10271&&ser=560056 HTTP/1.1" 200 986 "http://hausegger.activities.at/entry.php?id=10271&&ser=559995" "Mozilla/5.0 (Windows NT 10.0; Win64; x64; rv:128.0) Gecko/20100101 Firefox/128.0"
178.115.45.138 - - [13/Aug/2024:16:41:57 +0200] "GET /gui/javascript/form_form.js?1723560117 HTTP/1.1" 200 16206 "http://hausegger.activities.at/entry.php?id=10271&&ser=560056" "Mozilla/5.0 (Windows NT 10.0; Win64; x64; rv:128.0) Gecko/20100101 Firefox/128.0"
178.115.45.138 - - [13/Aug/2024:16:42:57 +0200] "GET /entry.php?id=10271&&ser=560117 HTTP/1.1" 200 986 "http://hausegger.activities.at/entry.php?id=10271&&ser=560056" "Mozilla/5.0 (Windows NT 10.0; Win64; x64; rv:128.0) Gecko/20100101 Firefox/128.0"
178.115.45.138 - - [13/Aug/2024:16:42:58 +0200] "GET /gui/javascript/form_form.js?1723560178 HTTP/1.1" 200 16206 "http://hausegger.activities.at/entry.php?id=10271&&ser=560117" "Mozilla/5.0 (Windows NT 10.0; Win64; x64; rv:128.0) Gecko/20100101 Firefox/128.0"
156.59.198.135 - - [13/Aug/2024:16:43:56 +0200] "GET /renault.activities.at/htdocs/export/xml/data/articles/201909231403_RenArticle.xml HTTP/1.0" 404 331 "-" "Mozilla/5.0 (Linux; Android 5.0) AppleWebKit/537.36 (KHTML, like Gecko) Mobile Safari/537.36 (compatible; Bytespider; spider-feedback@bytedance.com)"
178.115.45.138 - - [13/Aug/2024:16:43:58 +0200] "GET /entry.php?id=10271&&ser=560178 HTTP/1.1" 200 987 "http://hausegger.activities.at/entry.php?id=10271&&ser=560117" "Mozilla/5.0 (Windows NT 10.0; Win64; x64; rv:128.0) Gecko/20100101 Firefox/128.0"
178.115.45.138 - - [13/Aug/2024:16:43:58 +0200] "GET /gui/javascript/form_form.js?1723560238 HTTP/1.1" 200 16206 "http://hausegger.activities.at/entry.php?id=10271&&ser=560178" "Mozilla/5.0 (Windows NT 10.0; Win64; x64; rv:128.0) Gecko/20100101 Firefox/128.0"
156.59.198.135 - - [13/Aug/2024:16:44:17 +0200] "GET /renault.activities.at/htdocs/export/xml/data/articles/201912021203_RenArticle.xml HTTP/1.0" 404 329 "-" "Mozilla/5.0 (Linux; Android 5.0) AppleWebKit/537.36 (KHTML, like Gecko) Mobile Safari/537.36 (compatible; Bytespider; spider-feedback@bytedance.com)"
156.59.198.136 - - [13/Aug/2024:16:44:38 +0200] "GET /renault.activities.at/htdocs/pinEdit/editor/config/xml-toolbar/toolbar-desktop-style5.xml HTTP/1.0" 404 334 "-" "Mozilla/5.0 (Linux; Android 5.0) AppleWebKit/537.36 (KHTML, like Gecko) Mobile Safari/537.36 (compatible; Bytespider; spider-feedback@bytedance.com)"
178.115.45.138 - - [13/Aug/2024:16:44:58 +0200] "GET /entry.php?id=10271&&ser=560238 HTTP/1.1" 200 987 "http://hausegger.activities.at/entry.php?id=10271&&ser=560178" "Mozilla/5.0 (Windows NT 10.0; Win64; x64; rv:128.0) Gecko/20100101 Firefox/128.0"
178.115.45.138 - - [13/Aug/2024:16:44:58 +0200] "GET /gui/javascript/form_form.js?1723560298 HTTP/1.1" 200 16206 "http://hausegger.activities.at/entry.php?id=10271&&ser=560238" "Mozilla/5.0 (Windows NT 10.0; Win64; x64; rv:128.0) Gecko/20100101 Firefox/128.0"
156.59.198.136 - - [13/Aug/2024:16:44:59 +0200] "GET /renault.activities.at/htdocs/export/xml/data/articles/201909300903_RenArticle.xml HTTP/1.0" 404 331 "-" "Mozilla/5.0 (Linux; Android 5.0) AppleWebKit/537.36 (KHTML, like Gecko) Mobile Safari/537.36 (compatible; Bytespider; spider-feedback@bytedance.com)"
156.59.198.136 - - [13/Aug/2024:16:45:21 +0200] "GET /renault.activities.at/htdocs/export/pdf/emuc_document/11125030.pdf HTTP/1.0" 404 321 "-" "Mozilla/5.0 (Linux; Android 5.0) AppleWebKit/537.36 (KHTML, like Gecko) Mobile Safari/537.36 (compatible; Bytespider; spider-feedback@bytedance.com)"
156.59.198.136 - - [13/Aug/2024:16:45:42 +0200] "GET /renault.2web.at/htdocs/export/xml/data/articles/202108110803_RenArticle.xml HTTP/1.0" 404 326 "-" "Mozilla/5.0 (Linux; Android 5.0) AppleWebKit/537.36 (KHTML, like Gecko) Mobile Safari/537.36 (compatible; Bytespider; spider-feedback@bytedance.com)"
178.115.45.138 - - [13/Aug/2024:16:45:58 +0200] "GET /entry.php?id=10271&&ser=560298 HTTP/1.1" 200 987 "http://hausegger.activities.at/entry.php?id=10271&&ser=560238" "Mozilla/5.0 (Windows NT 10.0; Win64; x64; rv:128.0) Gecko/20100101 Firefox/128.0"
178.115.45.138 - - [13/Aug/2024:16:45:58 +0200] "GET /gui/javascript/form_form.js?1723560358 HTTP/1.1" 200 16206 "http://hausegger.activities.at/entry.php?id=10271&&ser=560298" "Mozilla/5.0 (Windows NT 10.0; Win64; x64; rv:128.0) Gecko/20100101 Firefox/128.0"
156.59.198.136 - - [13/Aug/2024:16:46:03 +0200] "GET /renault.activities.at/htdocs/export/pdf/emuc_document/11730160.pdf HTTP/1.0" 404 322 "-" "Mozilla/5.0 (Linux; Android 5.0) AppleWebKit/537.36 (KHTML, like Gecko) Mobile Safari/537.36 (compatible; Bytespider; spider-feedback@bytedance.com)"
156.59.198.135 - - [13/Aug/2024:16:46:24 +0200] "GET /renault.activities.at/htdocs/export/txt/factura/FacturaExport20141126174057.txt HTTP/1.0" 404 328 "-" "Mozilla/5.0 (Linux; Android 5.0) AppleWebKit/537.36 (KHTML, like Gecko) Mobile Safari/537.36 (compatible; Bytespider; spider-feedback@bytedance.com)"
156.59.198.135 - - [13/Aug/2024:16:46:46 +0200] "GET /renault.2web.at/htdocs/export/txt/factura/FacturaExport20151125133648.txt HTTP/1.0" 404 325 "-" "Mozilla/5.0 (Linux; Android 5.0) AppleWebKit/537.36 (KHTML, like Gecko) Mobile Safari/537.36 (compatible; Bytespider; spider-feedback@bytedance.com)"
178.115.45.138 - - [13/Aug/2024:16:46:59 +0200] "GET /entry.php?id=10271&&ser=560358 HTTP/1.1" 200 987 "http://hausegger.activities.at/entry.php?id=10271&&ser=560298" "Mozilla/5.0 (Windows NT 10.0; Win64; x64; rv:128.0) Gecko/20100101 Firefox/128.0"
178.115.45.138 - - [13/Aug/2024:16:46:59 +0200] "GET /gui/javascript/form_form.js?1723560419 HTTP/1.1" 200 16206 "http://hausegger.activities.at/entry.php?id=10271&&ser=560358" "Mozilla/5.0 (Windows NT 10.0; Win64; x64; rv:128.0) Gecko/20100101 Firefox/128.0"
156.59.198.136 - - [13/Aug/2024:16:47:07 +0200] "GET /renault.activities.at/htdocs/export/xml/data/articles/202109301103_RenArticle.xml HTTP/1.0" 404 331 "-" "Mozilla/5.0 (Linux; Android 5.0) AppleWebKit/537.36 (KHTML, like Gecko) Mobile Safari/537.36 (compatible; Bytespider; spider-feedback@bytedance.com)"
156.59.198.135 - - [13/Aug/2024:16:47:28 +0200] "GET /renault.activities.at/htdocs/export/pdf/emuc_document/12468560.pdf HTTP/1.0" 404 322 "-" "Mozilla/5.0 (Linux; Android 5.0) AppleWebKit/537.36 (KHTML, like Gecko) Mobile Safari/537.36 (compatible; Bytespider; spider-feedback@bytedance.com)"
156.59.198.135 - - [13/Aug/2024:16:47:49 +0200] "GET /renault.activities.at/htdocs/export/xml/data/articles/202008131203_RenArticle.xml HTTP/1.0" 404 331 "-" "Mozilla/5.0 (Linux; Android 5.0) AppleWebKit/537.36 (KHTML, like Gecko) Mobile Safari/537.36 (compatible; Bytespider; spider-feedback@bytedance.com)"
178.115.45.138 - - [13/Aug/2024:16:48:05 +0200] "GET /entry.php?id=10271&&ser=560419 HTTP/1.1" 200 987 "http://hausegger.activities.at/entry.php?id=10271&&ser=560358" "Mozilla/5.0 (Windows NT 10.0; Win64; x64; rv:128.0) Gecko/20100101 Firefox/128.0"
178.115.45.138 - - [13/Aug/2024:16:48:05 +0200] "GET /gui/javascript/form_form.js?1723560485 HTTP/1.1" 200 16206 "http://hausegger.activities.at/entry.php?id=10271&&ser=560419" "Mozilla/5.0 (Windows NT 10.0; Win64; x64; rv:128.0) Gecko/20100101 Firefox/128.0"
178.115.45.138 - - [13/Aug/2024:16:49:11 +0200] "GET /entry.php?id=10271&&ser=560485 HTTP/1.1" 200 986 "http://hausegger.activities.at/entry.php?id=10271&&ser=560419" "Mozilla/5.0 (Windows NT 10.0; Win64; x64; rv:128.0) Gecko/20100101 Firefox/128.0"
178.115.45.138 - - [13/Aug/2024:16:49:11 +0200] "GET /gui/javascript/form_form.js?1723560551 HTTP/1.1" 200 16206 "http://hausegger.activities.at/entry.php?id=10271&&ser=560485" "Mozilla/5.0 (Windows NT 10.0; Win64; x64; rv:128.0) Gecko/20100101 Firefox/128.0"
178.115.45.138 - - [13/Aug/2024:16:50:12 +0200] "GET /entry.php?id=10271&&ser=560551 HTTP/1.1" 200 987 "http://hausegger.activities.at/entry.php?id=10271&&ser=560485" "Mozilla/5.0 (Windows NT 10.0; Win64; x64; rv:128.0) Gecko/20100101 Firefox/128.0"
178.115.45.138 - - [13/Aug/2024:16:50:12 +0200] "GET /gui/javascript/form_form.js?1723560612 HTTP/1.1" 200 16206 "http://hausegger.activities.at/entry.php?id=10271&&ser=560551" "Mozilla/5.0 (Windows NT 10.0; Win64; x64; rv:128.0) Gecko/20100101 Firefox/128.0"
156.59.198.135 - - [13/Aug/2024:16:50:38 +0200] "GET /renault.activities.at/htdocs/export/pdf/emuc_document/12268874.pdf HTTP/1.0" 404 322 "-" "Mozilla/5.0 (Linux; Android 5.0) AppleWebKit/537.36 (KHTML, like Gecko) Mobile Safari/537.36 (compatible; Bytespider; spider-feedback@bytedance.com)"
156.59.198.135 - - [13/Aug/2024:16:50:59 +0200] "GET /renault.activities.at/htdocs/export/pdf/emuc_document/11502391.pdf HTTP/1.0" 404 322 "-" "Mozilla/5.0 (Linux; Android 5.0) AppleWebKit/537.36 (KHTML, like Gecko) Mobile Safari/537.36 (compatible; Bytespider; spider-feedback@bytedance.com)"
178.115.45.138 - - [13/Aug/2024:16:51:12 +0200] "GET /entry.php?id=10271&&ser=560612 HTTP/1.1" 200 987 "http://hausegger.activities.at/entry.php?id=10271&&ser=560551" "Mozilla/5.0 (Windows NT 10.0; Win64; x64; rv:128.0) Gecko/20100101 Firefox/128.0"
178.115.45.138 - - [13/Aug/2024:16:51:12 +0200] "GET /gui/javascript/form_form.js?1723560672 HTTP/1.1" 200 16206 "http://hausegger.activities.at/entry.php?id=10271&&ser=560612" "Mozilla/5.0 (Windows NT 10.0; Win64; x64; rv:128.0) Gecko/20100101 Firefox/128.0"
156.59.198.136 - - [13/Aug/2024:16:51:21 +0200] "GET /renault.2web.at/htdocs/export/xml/data/articles/202102250803_RenArticle.xml HTTP/1.0" 404 327 "-" "Mozilla/5.0 (Linux; Android 5.0) AppleWebKit/537.36 (KHTML, like Gecko) Mobile Safari/537.36 (compatible; Bytespider; spider-feedback@bytedance.com)"
156.59.198.136 - - [13/Aug/2024:16:51:42 +0200] "GET /renault.activities.at/htdocs/export/pdf/emuc_document/10426150.pdf HTTP/1.0" 404 321 "-" "Mozilla/5.0 (Linux; Android 5.0) AppleWebKit/537.36 (KHTML, like Gecko) Mobile Safari/537.36 (compatible; Bytespider; spider-feedback@bytedance.com)"
149.50.103.48 - - [13/Aug/2024:16:51:56 +0200] "GET / HTTP/1.1" 200 423 "-" "-"
156.59.198.135 - - [13/Aug/2024:16:52:03 +0200] "GET /renault.activities.at/htdocs/export/xml/data/articles/202012101303_RenArticle.xml HTTP/1.0" 404 331 "-" "Mozilla/5.0 (Linux; Android 5.0) AppleWebKit/537.36 (KHTML, like Gecko) Mobile Safari/537.36 (compatible; Bytespider; spider-feedback@bytedance.com)"
178.115.45.138 - - [13/Aug/2024:16:52:12 +0200] "GET /entry.php?id=10271&&ser=560672 HTTP/1.1" 200 987 "http://hausegger.activities.at/entry.php?id=10271&&ser=560612" "Mozilla/5.0 (Windows NT 10.0; Win64; x64; rv:128.0) Gecko/20100101 Firefox/128.0"
178.115.45.138 - - [13/Aug/2024:16:52:12 +0200] "GET /gui/javascript/form_form.js?1723560732 HTTP/1.1" 200 16206 "http://hausegger.activities.at/entry.php?id=10271&&ser=560672" "Mozilla/5.0 (Windows NT 10.0; Win64; x64; rv:128.0) Gecko/20100101 Firefox/128.0"
156.59.198.135 - - [13/Aug/2024:16:52:24 +0200] "GET /renault.activities.at/htdocs/export/xml/data/articles/202103041603_RenArticle.xml HTTP/1.0" 404 331 "-" "Mozilla/5.0 (Linux; Android 5.0) AppleWebKit/537.36 (KHTML, like Gecko) Mobile Safari/537.36 (compatible; Bytespider; spider-feedback@bytedance.com)"
156.59.198.135 - - [13/Aug/2024:16:52:45 +0200] "GET /renault.activities.at/htdocs/export/pdf/emuc_document/11359308.pdf HTTP/1.0" 404 322 "-" "Mozilla/5.0 (Linux; Android 5.0) AppleWebKit/537.36 (KHTML, like Gecko) Mobile Safari/537.36 (compatible; Bytespider; spider-feedback@bytedance.com)"
178.115.45.138 - - [13/Aug/2024:16:53:13 +0200] "GET /entry.php?id=10271&&ser=560732 HTTP/1.1" 200 987 "http://hausegger.activities.at/entry.php?id=10271&&ser=560672" "Mozilla/5.0 (Windows NT 10.0; Win64; x64; rv:128.0) Gecko/20100101 Firefox/128.0"
91.92.247.56 - - [13/Aug/2024:16:53:13 +0200] "GET /.env.back HTTP/1.1" 404 284 "-" "Mozilla/5.0 (X11; Linux x86_64) AppleWebKit/537.36 (KHTML, like Gecko) Chrome/81.0.4044.129 Safari/537.36"
178.115.45.138 - - [13/Aug/2024:16:53:13 +0200] "GET /gui/javascript/form_form.js?1723560793 HTTP/1.1" 200 16206 "http://hausegger.activities.at/entry.php?id=10271&&ser=560732" "Mozilla/5.0 (Windows NT 10.0; Win64; x64; rv:128.0) Gecko/20100101 Firefox/128.0"
178.115.45.138 - - [13/Aug/2024:16:54:13 +0200] "GET /entry.php?id=10271&&ser=560793 HTTP/1.1" 200 987 "http://hausegger.activities.at/entry.php?id=10271&&ser=560732" "Mozilla/5.0 (Windows NT 10.0; Win64; x64; rv:128.0) Gecko/20100101 Firefox/128.0"
178.115.45.138 - - [13/Aug/2024:16:54:13 +0200] "GET /gui/javascript/form_form.js?1723560853 HTTP/1.1" 200 16206 "http://hausegger.activities.at/entry.php?id=10271&&ser=560793" "Mozilla/5.0 (Windows NT 10.0; Win64; x64; rv:128.0) Gecko/20100101 Firefox/128.0"
156.59.198.136 - - [13/Aug/2024:16:54:41 +0200] "GET /renault.2web.at/htdocs/export/txt/factura/FacturaExport20211013072344.txt HTTP/1.0" 404 324 "-" "Mozilla/5.0 (Linux; Android 5.0) AppleWebKit/537.36 (KHTML, like Gecko) Mobile Safari/537.36 (compatible; Bytespider; spider-feedback@bytedance.com)"
156.59.198.136 - - [13/Aug/2024:16:55:03 +0200] "GET /renault.2web.at/htdocs/export/xml/data/articles/202111291303_RenArticle.xml HTTP/1.0" 404 327 "-" "Mozilla/5.0 (Linux; Android 5.0) AppleWebKit/537.36 (KHTML, like Gecko) Mobile Safari/537.36 (compatible; Bytespider; spider-feedback@bytedance.com)"
178.115.45.138 - - [13/Aug/2024:16:55:13 +0200] "GET /entry.php?id=10271&&ser=560853 HTTP/1.1" 200 987 "http://hausegger.activities.at/entry.php?id=10271&&ser=560793" "Mozilla/5.0 (Windows NT 10.0; Win64; x64; rv:128.0) Gecko/20100101 Firefox/128.0"
178.115.45.138 - - [13/Aug/2024:16:55:13 +0200] "GET /gui/javascript/form_form.js?1723560913 HTTP/1.1" 200 16206 "http://hausegger.activities.at/entry.php?id=10271&&ser=560853" "Mozilla/5.0 (Windows NT 10.0; Win64; x64; rv:128.0) Gecko/20100101 Firefox/128.0"
149.50.103.48 - - [13/Aug/2024:16:55:56 +0200] "GET / HTTP/1.1" 200 423 "-" "-"
156.59.198.135 - - [13/Aug/2024:16:56:00 +0200] "GET /renault.activities.at/htdocs/export/xml/data/articles/202108311403_RenArticle.xml HTTP/1.0" 404 331 "-" "Mozilla/5.0 (Linux; Android 5.0) AppleWebKit/537.36 (KHTML, like Gecko) Mobile Safari/537.36 (compatible; Bytespider; spider-feedback@bytedance.com)"
178.115.45.138 - - [13/Aug/2024:16:56:13 +0200] "GET /entry.php?id=10271&&ser=560913 HTTP/1.1" 200 987 "http://hausegger.activities.at/entry.php?id=10271&&ser=560853" "Mozilla/5.0 (Windows NT 10.0; Win64; x64; rv:128.0) Gecko/20100101 Firefox/128.0"
178.115.45.138 - - [13/Aug/2024:16:56:14 +0200] "GET /gui/javascript/form_form.js?1723560974 HTTP/1.1" 200 16206 "http://hausegger.activities.at/entry.php?id=10271&&ser=560913" "Mozilla/5.0 (Windows NT 10.0; Win64; x64; rv:128.0) Gecko/20100101 Firefox/128.0"
5.8.11.202 - - [13/Aug/2024:16:56:47 +0200] "GET / HTTP/1.0" 200 423 "-" "Mozilla/5.0 (Windows NT 6.1; rv:21.0) Gecko/20130401 Firefox/21.0"
178.115.45.138 - - [13/Aug/2024:16:57:14 +0200] "GET /entry.php?id=10271&&ser=560974 HTTP/1.1" 200 987 "http://hausegger.activities.at/entry.php?id=10271&&ser=560913" "Mozilla/5.0 (Windows NT 10.0; Win64; x64; rv:128.0) Gecko/20100101 Firefox/128.0"
178.115.45.138 - - [13/Aug/2024:16:57:14 +0200] "GET /gui/javascript/form_form.js?1723561034 HTTP/1.1" 200 16206 "http://hausegger.activities.at/entry.php?id=10271&&ser=560974" "Mozilla/5.0 (Windows NT 10.0; Win64; x64; rv:128.0) Gecko/20100101 Firefox/128.0"
156.59.198.136 - - [13/Aug/2024:16:57:27 +0200] "GET /renault.activities.at/htdocs/export/pdf/emuc_document/10623307.pdf HTTP/1.0" 404 323 "-" "Mozilla/5.0 (Linux; Android 5.0) AppleWebKit/537.36 (KHTML, like Gecko) Mobile Safari/537.36 (compatible; Bytespider; spider-feedback@bytedance.com)"
156.59.198.136 - - [13/Aug/2024:16:57:48 +0200] "GET /renault.activities.at/htdocs/export/txt/factura/FacturaExport20201111110010.txt HTTP/1.0" 404 324 "-" "Mozilla/5.0 (Linux; Android 5.0) AppleWebKit/537.36 (KHTML, like Gecko) Mobile Safari/537.36 (compatible; Bytespider; spider-feedback@bytedance.com)"
178.115.45.138 - - [13/Aug/2024:16:58:14 +0200] "GET /entry.php?id=10271&&ser=561034 HTTP/1.1" 200 987 "http://hausegger.activities.at/entry.php?id=10271&&ser=560974" "Mozilla/5.0 (Windows NT 10.0; Win64; x64; rv:128.0) Gecko/20100101 Firefox/128.0"
178.115.45.138 - - [13/Aug/2024:16:58:14 +0200] "GET /gui/javascript/form_form.js?1723561094 HTTP/1.1" 200 16206 "http://hausegger.activities.at/entry.php?id=10271&&ser=561034" "Mozilla/5.0 (Windows NT 10.0; Win64; x64; rv:128.0) Gecko/20100101 Firefox/128.0"
178.115.45.138 - - [13/Aug/2024:16:59:14 +0200] "GET /entry.php?id=10271&&ser=561094 HTTP/1.1" 200 987 "http://hausegger.activities.at/entry.php?id=10271&&ser=561034" "Mozilla/5.0 (Windows NT 10.0; Win64; x64; rv:128.0) Gecko/20100101 Firefox/128.0"
178.115.45.138 - - [13/Aug/2024:16:59:14 +0200] "GET /gui/javascript/form_form.js?1723561154 HTTP/1.1" 200 16206 "http://hausegger.activities.at/entry.php?id=10271&&ser=561094" "Mozilla/5.0 (Windows NT 10.0; Win64; x64; rv:128.0) Gecko/20100101 Firefox/128.0"
178.115.45.138 - - [13/Aug/2024:17:00:15 +0200] "GET /entry.php?id=10271&&ser=561154 HTTP/1.1" 200 987 "http://hausegger.activities.at/entry.php?id=10271&&ser=561094" "Mozilla/5.0 (Windows NT 10.0; Win64; x64; rv:128.0) Gecko/20100101 Firefox/128.0"
178.115.45.138 - - [13/Aug/2024:17:00:15 +0200] "GET /gui/javascript/form_form.js?1723561215 HTTP/1.1" 200 16206 "http://hausegger.activities.at/entry.php?id=10271&&ser=561154" "Mozilla/5.0 (Windows NT 10.0; Win64; x64; rv:128.0) Gecko/20100101 Firefox/128.0"
178.115.45.138 - - [13/Aug/2024:17:01:15 +0200] "GET /entry.php?id=10271&&ser=561215 HTTP/1.1" 200 987 "http://hausegger.activities.at/entry.php?id=10271&&ser=561154" "Mozilla/5.0 (Windows NT 10.0; Win64; x64; rv:128.0) Gecko/20100101 Firefox/128.0"
178.115.45.138 - - [13/Aug/2024:17:01:15 +0200] "GET /gui/javascript/form_form.js?1723561275 HTTP/1.1" 200 16206 "http://hausegger.activities.at/entry.php?id=10271&&ser=561215" "Mozilla/5.0 (Windows NT 10.0; Win64; x64; rv:128.0) Gecko/20100101 Firefox/128.0"
156.59.198.136 - - [13/Aug/2024:17:01:29 +0200] "GET /renault.activities.at/htdocs/export/xml/data/articles/201908211803_RenArticle.xml HTTP/1.0" 404 331 "-" "Mozilla/5.0 (Linux; Android 5.0) AppleWebKit/537.36 (KHTML, like Gecko) Mobile Safari/537.36 (compatible; Bytespider; spider-feedback@bytedance.com)"
156.59.198.135 - - [13/Aug/2024:17:01:50 +0200] "GET /renault.2web.at/htdocs/export/txt/factura/FacturaExport20140404094657.txt HTTP/1.0" 404 323 "-" "Mozilla/5.0 (Linux; Android 5.0) AppleWebKit/537.36 (KHTML, like Gecko) Mobile Safari/537.36 (compatible; Bytespider; spider-feedback@bytedance.com)"
156.59.198.136 - - [13/Aug/2024:17:02:11 +0200] "GET /renault.activities.at/htdocs/export/txt/factura/FacturaExport20161128101430.txt HTTP/1.0" 404 328 "-" "Mozilla/5.0 (Linux; Android 5.0) AppleWebKit/537.36 (KHTML, like Gecko) Mobile Safari/537.36 (compatible; Bytespider; spider-feedback@bytedance.com)"
178.115.45.138 - - [13/Aug/2024:17:02:15 +0200] "GET /entry.php?id=10271&&ser=561275 HTTP/1.1" 200 987 "http://hausegger.activities.at/entry.php?id=10271&&ser=561215" "Mozilla/5.0 (Windows NT 10.0; Win64; x64; rv:128.0) Gecko/20100101 Firefox/128.0"
178.115.45.138 - - [13/Aug/2024:17:02:15 +0200] "GET /gui/javascript/form_form.js?1723561335 HTTP/1.1" 200 16206 "http://hausegger.activities.at/entry.php?id=10271&&ser=561275" "Mozilla/5.0 (Windows NT 10.0; Win64; x64; rv:128.0) Gecko/20100101 Firefox/128.0"
156.59.198.136 - - [13/Aug/2024:17:02:32 +0200] "GET /renault.activities.at/htdocs/export/pdf/emuc_document/10605738.pdf HTTP/1.0" 404 323 "-" "Mozilla/5.0 (Linux; Android 5.0) AppleWebKit/537.36 (KHTML, like Gecko) Mobile Safari/537.36 (compatible; Bytespider; spider-feedback@bytedance.com)"
156.59.198.136 - - [13/Aug/2024:17:02:53 +0200] "GET /renault.activities.at/htdocs/export/xml/data/articles/201910161303_RenArticle.xml HTTP/1.0" 404 331 "-" "Mozilla/5.0 (Linux; Android 5.0) AppleWebKit/537.36 (KHTML, like Gecko) Mobile Safari/537.36 (compatible; Bytespider; spider-feedback@bytedance.com)"
156.59.198.135 - - [13/Aug/2024:17:03:15 +0200] "GET /renault.2web.at/htdocs/export/txt/factura/FacturaExport20170925144848.txt HTTP/1.0" 404 324 "-" "Mozilla/5.0 (Linux; Android 5.0) AppleWebKit/537.36 (KHTML, like Gecko) Mobile Safari/537.36 (compatible; Bytespider; spider-feedback@bytedance.com)"
178.115.45.138 - - [13/Aug/2024:17:03:15 +0200] "GET /entry.php?id=10271&&ser=561335 HTTP/1.1" 200 987 "http://hausegger.activities.at/entry.php?id=10271&&ser=561275" "Mozilla/5.0 (Windows NT 10.0; Win64; x64; rv:128.0) Gecko/20100101 Firefox/128.0"
178.115.45.138 - - [13/Aug/2024:17:03:16 +0200] "GET /gui/javascript/form_form.js?1723561396 HTTP/1.1" 200 16206 "http://hausegger.activities.at/entry.php?id=10271&&ser=561335" "Mozilla/5.0 (Windows NT 10.0; Win64; x64; rv:128.0) Gecko/20100101 Firefox/128.0"
156.59.198.136 - - [13/Aug/2024:17:03:36 +0200] "GET /renault.activities.at/htdocs/export/xml/data/articles/202105310903_RenArticle.xml HTTP/1.0" 404 331 "-" "Mozilla/5.0 (Linux; Android 5.0) AppleWebKit/537.36 (KHTML, like Gecko) Mobile Safari/537.36 (compatible; Bytespider; spider-feedback@bytedance.com)"
156.59.198.136 - - [13/Aug/2024:17:03:57 +0200] "GET /renault.activities.at/htdocs/export/xml/data/articles/201907221303_RenArticle.xml HTTP/1.0" 404 332 "-" "Mozilla/5.0 (Linux; Android 5.0) AppleWebKit/537.36 (KHTML, like Gecko) Mobile Safari/537.36 (compatible; Bytespider; spider-feedback@bytedance.com)"
178.115.45.138 - - [13/Aug/2024:17:04:16 +0200] "GET /entry.php?id=10271&&ser=561396 HTTP/1.1" 200 987 "http://hausegger.activities.at/entry.php?id=10271&&ser=561335" "Mozilla/5.0 (Windows NT 10.0; Win64; x64; rv:128.0) Gecko/20100101 Firefox/128.0"
178.115.45.138 - - [13/Aug/2024:17:04:16 +0200] "GET /gui/javascript/form_form.js?1723561456 HTTP/1.1" 200 16206 "http://hausegger.activities.at/entry.php?id=10271&&ser=561396" "Mozilla/5.0 (Windows NT 10.0; Win64; x64; rv:128.0) Gecko/20100101 Firefox/128.0"
156.59.198.136 - - [13/Aug/2024:17:04:18 +0200] "GET /renault.2web.at/htdocs/export/txt/factura/FacturaExport20191210083615.txt HTTP/1.0" 404 324 "-" "Mozilla/5.0 (Linux; Android 5.0) AppleWebKit/537.36 (KHTML, like Gecko) Mobile Safari/537.36 (compatible; Bytespider; spider-feedback@bytedance.com)"
156.59.198.136 - - [13/Aug/2024:17:04:39 +0200] "GET /renault.activities.at/htdocs/export/txt/factura/FacturaExport20140328095741.txt HTTP/1.0" 404 328 "-" "Mozilla/5.0 (Linux; Android 5.0) AppleWebKit/537.36 (KHTML, like Gecko) Mobile Safari/537.36 (compatible; Bytespider; spider-feedback@bytedance.com)"
156.59.198.136 - - [13/Aug/2024:17:05:01 +0200] "GET /renault.2web.at/htdocs/export/txt/factura/FacturaExport20180212123610.txt HTTP/1.0" 404 323 "-" "Mozilla/5.0 (Linux; Android 5.0) AppleWebKit/537.36 (KHTML, like Gecko) Mobile Safari/537.36 (compatible; Bytespider; spider-feedback@bytedance.com)"
178.115.45.138 - - [13/Aug/2024:17:05:16 +0200] "GET /entry.php?id=10271&&ser=561456 HTTP/1.1" 200 987 "http://hausegger.activities.at/entry.php?id=10271&&ser=561396" "Mozilla/5.0 (Windows NT 10.0; Win64; x64; rv:128.0) Gecko/20100101 Firefox/128.0"
178.115.45.138 - - [13/Aug/2024:17:05:16 +0200] "GET /gui/javascript/form_form.js?1723561516 HTTP/1.1" 200 16206 "http://hausegger.activities.at/entry.php?id=10271&&ser=561456" "Mozilla/5.0 (Windows NT 10.0; Win64; x64; rv:128.0) Gecko/20100101 Firefox/128.0"
156.59.198.136 - - [13/Aug/2024:17:05:22 +0200] "GET /renault.activities.at/htdocs/export/pdf/emuc_document/11167765.pdf HTTP/1.0" 404 322 "-" "Mozilla/5.0 (Linux; Android 5.0) AppleWebKit/537.36 (KHTML, like Gecko) Mobile Safari/537.36 (compatible; Bytespider; spider-feedback@bytedance.com)"
156.59.198.136 - - [13/Aug/2024:17:05:43 +0200] "GET /renault.activities.at/htdocs/export/xml/data/articles/202002200803_RenArticle.xml HTTP/1.0" 404 330 "-" "Mozilla/5.0 (Linux; Android 5.0) AppleWebKit/537.36 (KHTML, like Gecko) Mobile Safari/537.36 (compatible; Bytespider; spider-feedback@bytedance.com)"
156.59.198.136 - - [13/Aug/2024:17:06:04 +0200] "GET /renault.2web.at/htdocs/export/txt/factura/FacturaExport20180726111706.txt HTTP/1.0" 404 324 "-" "Mozilla/5.0 (Linux; Android 5.0) AppleWebKit/537.36 (KHTML, like Gecko) Mobile Safari/537.36 (compatible; Bytespider; spider-feedback@bytedance.com)"
178.115.45.138 - - [13/Aug/2024:17:06:16 +0200] "GET /entry.php?id=10271&&ser=561516 HTTP/1.1" 200 987 "http://hausegger.activities.at/entry.php?id=10271&&ser=561456" "Mozilla/5.0 (Windows NT 10.0; Win64; x64; rv:128.0) Gecko/20100101 Firefox/128.0"
178.115.45.138 - - [13/Aug/2024:17:06:16 +0200] "GET /gui/javascript/form_form.js?1723561576 HTTP/1.1" 200 16206 "http://hausegger.activities.at/entry.php?id=10271&&ser=561516" "Mozilla/5.0 (Windows NT 10.0; Win64; x64; rv:128.0) Gecko/20100101 Firefox/128.0"
178.115.45.138 - - [13/Aug/2024:17:07:17 +0200] "GET /entry.php?id=10271&&ser=561576 HTTP/1.1" 200 987 "http://hausegger.activities.at/entry.php?id=10271&&ser=561516" "Mozilla/5.0 (Windows NT 10.0; Win64; x64; rv:128.0) Gecko/20100101 Firefox/128.0"
178.115.45.138 - - [13/Aug/2024:17:07:17 +0200] "GET /gui/javascript/form_form.js?1723561637 HTTP/1.1" 200 16206 "http://hausegger.activities.at/entry.php?id=10271&&ser=561576" "Mozilla/5.0 (Windows NT 10.0; Win64; x64; rv:128.0) Gecko/20100101 Firefox/128.0"
178.115.45.138 - - [13/Aug/2024:17:08:17 +0200] "GET /entry.php?id=10271&&ser=561637 HTTP/1.1" 200 987 "http://hausegger.activities.at/entry.php?id=10271&&ser=561576" "Mozilla/5.0 (Windows NT 10.0; Win64; x64; rv:128.0) Gecko/20100101 Firefox/128.0"
178.115.45.138 - - [13/Aug/2024:17:08:17 +0200] "GET /gui/javascript/form_form.js?1723561697 HTTP/1.1" 200 16206 "http://hausegger.activities.at/entry.php?id=10271&&ser=561637" "Mozilla/5.0 (Windows NT 10.0; Win64; x64; rv:128.0) Gecko/20100101 Firefox/128.0"
156.59.198.136 - - [13/Aug/2024:17:08:24 +0200] "GET /renault.activities.at/htdocs/export/xml/data/articles/202010131403_RenArticle.xml HTTP/1.0" 404 331 "-" "Mozilla/5.0 (Linux; Android 5.0) AppleWebKit/537.36 (KHTML, like Gecko) Mobile Safari/537.36 (compatible; Bytespider; spider-feedback@bytedance.com)"
156.59.198.135 - - [13/Aug/2024:17:08:45 +0200] "GET /renault.activities.at/htdocs/export/pdf/emuc_document/10637300.pdf HTTP/1.0" 404 322 "-" "Mozilla/5.0 (Linux; Android 5.0) AppleWebKit/537.36 (KHTML, like Gecko) Mobile Safari/537.36 (compatible; Bytespider; spider-feedback@bytedance.com)"
156.59.198.136 - - [13/Aug/2024:17:09:07 +0200] "GET /renault.2web.at/htdocs/export/txt/factura/FacturaExport20141029153755.txt HTTP/1.0" 404 325 "-" "Mozilla/5.0 (Linux; Android 5.0) AppleWebKit/537.36 (KHTML, like Gecko) Mobile Safari/537.36 (compatible; Bytespider; spider-feedback@bytedance.com)"
34.32.19.144 - - [13/Aug/2024:17:09:10 +0200] "GET /wp-content/plugins/wp-catcher/index.php HTTP/1.1" 404 315 "www.google.com" "Mozlila/5.0 (Linux; Android 7.0; SM-G892A Bulid/NRD90M; wv) AppleWebKit/537.36 (KHTML, like Gecko) Version/4.0 Chrome/60.0.3112.107 Moblie Safari/537.36"
178.115.45.138 - - [13/Aug/2024:17:09:17 +0200] "GET /entry.php?id=10271&&ser=561697 HTTP/1.1" 200 987 "http://hausegger.activities.at/entry.php?id=10271&&ser=561637" "Mozilla/5.0 (Windows NT 10.0; Win64; x64; rv:128.0) Gecko/20100101 Firefox/128.0"
178.115.45.138 - - [13/Aug/2024:17:09:17 +0200] "GET /gui/javascript/form_form.js?1723561757 HTTP/1.1" 200 16206 "http://hausegger.activities.at/entry.php?id=10271&&ser=561697" "Mozilla/5.0 (Windows NT 10.0; Win64; x64; rv:128.0) Gecko/20100101 Firefox/128.0"
178.115.45.138 - - [13/Aug/2024:17:10:17 +0200] "GET /entry.php?id=10271&&ser=561757 HTTP/1.1" 200 986 "http://hausegger.activities.at/entry.php?id=10271&&ser=561697" "Mozilla/5.0 (Windows NT 10.0; Win64; x64; rv:128.0) Gecko/20100101 Firefox/128.0"
178.115.45.138 - - [13/Aug/2024:17:10:18 +0200] "GET /gui/javascript/form_form.js?1723561818 HTTP/1.1" 200 16206 "http://hausegger.activities.at/entry.php?id=10271&&ser=561757" "Mozilla/5.0 (Windows NT 10.0; Win64; x64; rv:128.0) Gecko/20100101 Firefox/128.0"
178.115.45.138 - - [13/Aug/2024:17:11:18 +0200] "GET /entry.php?id=10271&&ser=561818 HTTP/1.1" 200 986 "http://hausegger.activities.at/entry.php?id=10271&&ser=561757" "Mozilla/5.0 (Windows NT 10.0; Win64; x64; rv:128.0) Gecko/20100101 Firefox/128.0"
178.115.45.138 - - [13/Aug/2024:17:11:18 +0200] "GET /gui/javascript/form_form.js?1723561878 HTTP/1.1" 200 16206 "http://hausegger.activities.at/entry.php?id=10271&&ser=561818" "Mozilla/5.0 (Windows NT 10.0; Win64; x64; rv:128.0) Gecko/20100101 Firefox/128.0"
49.160.135.102 - - [13/Aug/2024:17:12:00 +0200] "GET / HTTP/1.1" 200 423 "-" "Hello World"
178.115.45.138 - - [13/Aug/2024:17:12:18 +0200] "GET /entry.php?id=10271&&ser=561878 HTTP/1.1" 200 987 "http://hausegger.activities.at/entry.php?id=10271&&ser=561818" "Mozilla/5.0 (Windows NT 10.0; Win64; x64; rv:128.0) Gecko/20100101 Firefox/128.0"
178.115.45.138 - - [13/Aug/2024:17:12:18 +0200] "GET /gui/javascript/form_form.js?1723561938 HTTP/1.1" 200 16206 "http://hausegger.activities.at/entry.php?id=10271&&ser=561878" "Mozilla/5.0 (Windows NT 10.0; Win64; x64; rv:128.0) Gecko/20100101 Firefox/128.0"
178.115.45.138 - - [13/Aug/2024:17:13:18 +0200] "GET /entry.php?id=10271&&ser=561938 HTTP/1.1" 200 987 "http://hausegger.activities.at/entry.php?id=10271&&ser=561878" "Mozilla/5.0 (Windows NT 10.0; Win64; x64; rv:128.0) Gecko/20100101 Firefox/128.0"
178.115.45.138 - - [13/Aug/2024:17:13:19 +0200] "GET /gui/javascript/form_form.js?1723561998 HTTP/1.1" 200 16206 "http://hausegger.activities.at/entry.php?id=10271&&ser=561938" "Mozilla/5.0 (Windows NT 10.0; Win64; x64; rv:128.0) Gecko/20100101 Firefox/128.0"
178.115.45.138 - - [13/Aug/2024:17:14:19 +0200] "GET /entry.php?id=10271&&ser=561998 HTTP/1.1" 200 987 "http://hausegger.activities.at/entry.php?id=10271&&ser=561938" "Mozilla/5.0 (Windows NT 10.0; Win64; x64; rv:128.0) Gecko/20100101 Firefox/128.0"
178.115.45.138 - - [13/Aug/2024:17:14:19 +0200] "GET /gui/javascript/form_form.js?1723562059 HTTP/1.1" 200 16206 "http://hausegger.activities.at/entry.php?id=10271&&ser=561998" "Mozilla/5.0 (Windows NT 10.0; Win64; x64; rv:128.0) Gecko/20100101 Firefox/128.0"
156.59.198.136 - - [13/Aug/2024:17:15:01 +0200] "GET /renault.activities.at/htdocs/export/xml/data/articles/202001131203_RenArticle.xml HTTP/1.0" 404 331 "-" "Mozilla/5.0 (Linux; Android 5.0) AppleWebKit/537.36 (KHTML, like Gecko) Mobile Safari/537.36 (compatible; Bytespider; spider-feedback@bytedance.com)"
178.115.45.138 - - [13/Aug/2024:17:15:19 +0200] "GET /entry.php?id=10271&&ser=562059 HTTP/1.1" 200 987 "http://hausegger.activities.at/entry.php?id=10271&&ser=561998" "Mozilla/5.0 (Windows NT 10.0; Win64; x64; rv:128.0) Gecko/20100101 Firefox/128.0"
178.115.45.138 - - [13/Aug/2024:17:15:19 +0200] "GET /gui/javascript/form_form.js?1723562119 HTTP/1.1" 200 16206 "http://hausegger.activities.at/entry.php?id=10271&&ser=562059" "Mozilla/5.0 (Windows NT 10.0; Win64; x64; rv:128.0) Gecko/20100101 Firefox/128.0"
156.59.198.136 - - [13/Aug/2024:17:15:23 +0200] "GET /renault.activities.at/htdocs/export/xml/data/articles/202107231203_RenArticle.xml HTTP/1.0" 404 331 "-" "Mozilla/5.0 (Linux; Android 5.0) AppleWebKit/537.36 (KHTML, like Gecko) Mobile Safari/537.36 (compatible; Bytespider; spider-feedback@bytedance.com)"
156.59.198.135 - - [13/Aug/2024:17:15:44 +0200] "GET /renault.2web.at/htdocs/export/xml/data/articles/202108301103_RenArticle.xml HTTP/1.0" 404 327 "-" "Mozilla/5.0 (Linux; Android 5.0) AppleWebKit/537.36 (KHTML, like Gecko) Mobile Safari/537.36 (compatible; Bytespider; spider-feedback@bytedance.com)"
156.59.198.136 - - [13/Aug/2024:17:16:04 +0200] "GET /renault.activities.at/htdocs/export/txt/factura/FacturaExport20181004085103.txt HTTP/1.0" 404 328 "-" "Mozilla/5.0 (Linux; Android 5.0) AppleWebKit/537.36 (KHTML, like Gecko) Mobile Safari/537.36 (compatible; Bytespider; spider-feedback@bytedance.com)"
178.115.45.138 - - [13/Aug/2024:17:16:19 +0200] "GET /entry.php?id=10271&&ser=562119 HTTP/1.1" 200 987 "http://hausegger.activities.at/entry.php?id=10271&&ser=562059" "Mozilla/5.0 (Windows NT 10.0; Win64; x64; rv:128.0) Gecko/20100101 Firefox/128.0"
178.115.45.138 - - [13/Aug/2024:17:16:19 +0200] "GET /gui/javascript/form_form.js?1723562179 HTTP/1.1" 200 16206 "http://hausegger.activities.at/entry.php?id=10271&&ser=562119" "Mozilla/5.0 (Windows NT 10.0; Win64; x64; rv:128.0) Gecko/20100101 Firefox/128.0"
156.59.198.136 - - [13/Aug/2024:17:16:26 +0200] "GET /renault.activities.at/htdocs/export/xml/data/articles/201909111003_RenArticle.xml HTTP/1.0" 404 331 "-" "Mozilla/5.0 (Linux; Android 5.0) AppleWebKit/537.36 (KHTML, like Gecko) Mobile Safari/537.36 (compatible; Bytespider; spider-feedback@bytedance.com)"
156.59.198.136 - - [13/Aug/2024:17:16:47 +0200] "GET /renault.activities.at/htdocs/export/xml/data/articles/202008181703_RenArticle.xml HTTP/1.0" 404 332 "-" "Mozilla/5.0 (Linux; Android 5.0) AppleWebKit/537.36 (KHTML, like Gecko) Mobile Safari/537.36 (compatible; Bytespider; spider-feedback@bytedance.com)"
156.59.198.135 - - [13/Aug/2024:17:17:08 +0200] "GET /renault.activities.at/htdocs/export/pdf/emuc_document/10915930.pdf HTTP/1.0" 404 322 "-" "Mozilla/5.0 (Linux; Android 5.0) AppleWebKit/537.36 (KHTML, like Gecko) Mobile Safari/537.36 (compatible; Bytespider; spider-feedback@bytedance.com)"
178.115.45.138 - - [13/Aug/2024:17:17:19 +0200] "GET /entry.php?id=10271&&ser=562179 HTTP/1.1" 200 987 "http://hausegger.activities.at/entry.php?id=10271&&ser=562119" "Mozilla/5.0 (Windows NT 10.0; Win64; x64; rv:128.0) Gecko/20100101 Firefox/128.0"
178.115.45.138 - - [13/Aug/2024:17:17:20 +0200] "GET /gui/javascript/form_form.js?1723562240 HTTP/1.1" 200 16206 "http://hausegger.activities.at/entry.php?id=10271&&ser=562179" "Mozilla/5.0 (Windows NT 10.0; Win64; x64; rv:128.0) Gecko/20100101 Firefox/128.0"
156.59.198.136 - - [13/Aug/2024:17:17:29 +0200] "GET /renault.activities.at/htdocs/export/xml/data/articles/202102250803_RenArticle.xml HTTP/1.0" 404 331 "-" "Mozilla/5.0 (Linux; Android 5.0) AppleWebKit/537.36 (KHTML, like Gecko) Mobile Safari/537.36 (compatible; Bytespider; spider-feedback@bytedance.com)"
156.59.198.136 - - [13/Aug/2024:17:17:50 +0200] "GET /renault.activities.at/htdocs/export/xml/data/articles/202104151503_RenArticle.xml HTTP/1.0" 404 331 "-" "Mozilla/5.0 (Linux; Android 5.0) AppleWebKit/537.36 (KHTML, like Gecko) Mobile Safari/537.36 (compatible; Bytespider; spider-feedback@bytedance.com)"
156.59.198.135 - - [13/Aug/2024:17:18:12 +0200] "GET /renault.activities.at/htdocs/pinEdit/editor/config/xml-toolbar/toolbar-hf.xml HTTP/1.0" 404 326 "-" "Mozilla/5.0 (Linux; Android 5.0) AppleWebKit/537.36 (KHTML, like Gecko) Mobile Safari/537.36 (compatible; Bytespider; spider-feedback@bytedance.com)"
178.115.45.138 - - [13/Aug/2024:17:18:20 +0200] "GET /entry.php?id=10271&&ser=562240 HTTP/1.1" 200 987 "http://hausegger.activities.at/entry.php?id=10271&&ser=562179" "Mozilla/5.0 (Windows NT 10.0; Win64; x64; rv:128.0) Gecko/20100101 Firefox/128.0"
178.115.45.138 - - [13/Aug/2024:17:18:20 +0200] "GET /gui/javascript/form_form.js?1723562300 HTTP/1.1" 200 16206 "http://hausegger.activities.at/entry.php?id=10271&&ser=562240" "Mozilla/5.0 (Windows NT 10.0; Win64; x64; rv:128.0) Gecko/20100101 Firefox/128.0"
156.59.198.135 - - [13/Aug/2024:17:18:32 +0200] "GET /renault.activities.at/htdocs/export/xml/data/articles/202007131203_RenArticle.xml HTTP/1.0" 404 331 "-" "Mozilla/5.0 (Linux; Android 5.0) AppleWebKit/537.36 (KHTML, like Gecko) Mobile Safari/537.36 (compatible; Bytespider; spider-feedback@bytedance.com)"
156.59.198.135 - - [13/Aug/2024:17:18:54 +0200] "GET /renault.activities.at/htdocs/export/txt/factura/FacturaExport20200904093532.txt HTTP/1.0" 404 328 "-" "Mozilla/5.0 (Linux; Android 5.0) AppleWebKit/537.36 (KHTML, like Gecko) Mobile Safari/537.36 (compatible; Bytespider; spider-feedback@bytedance.com)"
156.59.198.136 - - [13/Aug/2024:17:19:15 +0200] "GET /renault.2web.at/htdocs/export/txt/factura/FacturaExport20151217094028.txt HTTP/1.0" 404 324 "-" "Mozilla/5.0 (Linux; Android 5.0) AppleWebKit/537.36 (KHTML, like Gecko) Mobile Safari/537.36 (compatible; Bytespider; spider-feedback@bytedance.com)"
178.115.45.138 - - [13/Aug/2024:17:19:20 +0200] "GET /entry.php?id=10271&&ser=562300 HTTP/1.1" 200 987 "http://hausegger.activities.at/entry.php?id=10271&&ser=562240" "Mozilla/5.0 (Windows NT 10.0; Win64; x64; rv:128.0) Gecko/20100101 Firefox/128.0"
178.115.45.138 - - [13/Aug/2024:17:19:20 +0200] "GET /gui/javascript/form_form.js?1723562360 HTTP/1.1" 200 16206 "http://hausegger.activities.at/entry.php?id=10271&&ser=562300" "Mozilla/5.0 (Windows NT 10.0; Win64; x64; rv:128.0) Gecko/20100101 Firefox/128.0"
156.59.198.135 - - [13/Aug/2024:17:19:37 +0200] "GET /renault.2web.at/htdocs/export/xml/data/articles/202008041303_RenArticle.xml HTTP/1.0" 404 327 "-" "Mozilla/5.0 (Linux; Android 5.0) AppleWebKit/537.36 (KHTML, like Gecko) Mobile Safari/537.36 (compatible; Bytespider; spider-feedback@bytedance.com)"
156.59.198.136 - - [13/Aug/2024:17:19:58 +0200] "GET /renault.activities.at/htdocs/export/pdf/emuc_document/11380691.pdf HTTP/1.0" 404 322 "-" "Mozilla/5.0 (Linux; Android 5.0) AppleWebKit/537.36 (KHTML, like Gecko) Mobile Safari/537.36 (compatible; Bytespider; spider-feedback@bytedance.com)"
156.59.198.135 - - [13/Aug/2024:17:20:19 +0200] "GET /renault.2web.at/htdocs/export/txt/factura/FacturaExport20131203105734.txt HTTP/1.0" 404 325 "-" "Mozilla/5.0 (Linux; Android 5.0) AppleWebKit/537.36 (KHTML, like Gecko) Mobile Safari/537.36 (compatible; Bytespider; spider-feedback@bytedance.com)"
178.115.45.138 - - [13/Aug/2024:17:20:20 +0200] "GET /entry.php?id=10271&&ser=562360 HTTP/1.1" 200 987 "http://hausegger.activities.at/entry.php?id=10271&&ser=562300" "Mozilla/5.0 (Windows NT 10.0; Win64; x64; rv:128.0) Gecko/20100101 Firefox/128.0"
178.115.45.138 - - [13/Aug/2024:17:20:20 +0200] "GET /gui/javascript/form_form.js?1723562420 HTTP/1.1" 200 16206 "http://hausegger.activities.at/entry.php?id=10271&&ser=562360" "Mozilla/5.0 (Windows NT 10.0; Win64; x64; rv:128.0) Gecko/20100101 Firefox/128.0"
156.59.198.136 - - [13/Aug/2024:17:20:40 +0200] "GET /renault.2web.at/htdocs/export/txt/factura/FacturaExport20150930112855.txt HTTP/1.0" 404 325 "-" "Mozilla/5.0 (Linux; Android 5.0) AppleWebKit/537.36 (KHTML, like Gecko) Mobile Safari/537.36 (compatible; Bytespider; spider-feedback@bytedance.com)"
156.59.198.136 - - [13/Aug/2024:17:21:02 +0200] "GET /renault.2web.at/htdocs/export/txt/factura/FacturaExport20211129114349.txt HTTP/1.0" 404 324 "-" "Mozilla/5.0 (Linux; Android 5.0) AppleWebKit/537.36 (KHTML, like Gecko) Mobile Safari/537.36 (compatible; Bytespider; spider-feedback@bytedance.com)"
178.115.45.138 - - [13/Aug/2024:17:21:21 +0200] "GET /entry.php?id=10271&&ser=562420 HTTP/1.1" 200 986 "http://hausegger.activities.at/entry.php?id=10271&&ser=562360" "Mozilla/5.0 (Windows NT 10.0; Win64; x64; rv:128.0) Gecko/20100101 Firefox/128.0"
178.115.45.138 - - [13/Aug/2024:17:21:21 +0200] "GET /gui/javascript/form_form.js?1723562481 HTTP/1.1" 200 16206 "http://hausegger.activities.at/entry.php?id=10271&&ser=562420" "Mozilla/5.0 (Windows NT 10.0; Win64; x64; rv:128.0) Gecko/20100101 Firefox/128.0"
156.59.198.135 - - [13/Aug/2024:17:21:23 +0200] "GET /renault.activities.at/htdocs/export/pdf/emuc_document/10314902.pdf HTTP/1.0" 404 322 "-" "Mozilla/5.0 (Linux; Android 5.0) AppleWebKit/537.36 (KHTML, like Gecko) Mobile Safari/537.36 (compatible; Bytespider; spider-feedback@bytedance.com)"
178.115.45.138 - - [13/Aug/2024:17:22:21 +0200] "GET /entry.php?id=10271&&ser=562481 HTTP/1.1" 200 986 "http://hausegger.activities.at/entry.php?id=10271&&ser=562420" "Mozilla/5.0 (Windows NT 10.0; Win64; x64; rv:128.0) Gecko/20100101 Firefox/128.0"
178.115.45.138 - - [13/Aug/2024:17:22:21 +0200] "GET /gui/javascript/form_form.js?1723562541 HTTP/1.1" 200 16206 "http://hausegger.activities.at/entry.php?id=10271&&ser=562481" "Mozilla/5.0 (Windows NT 10.0; Win64; x64; rv:128.0) Gecko/20100101 Firefox/128.0"
178.115.45.138 - - [13/Aug/2024:17:23:21 +0200] "GET /entry.php?id=10271&&ser=562541 HTTP/1.1" 200 986 "http://hausegger.activities.at/entry.php?id=10271&&ser=562481" "Mozilla/5.0 (Windows NT 10.0; Win64; x64; rv:128.0) Gecko/20100101 Firefox/128.0"
178.115.45.138 - - [13/Aug/2024:17:23:21 +0200] "GET /gui/javascript/form_form.js?1723562601 HTTP/1.1" 200 16206 "http://hausegger.activities.at/entry.php?id=10271&&ser=562541" "Mozilla/5.0 (Windows NT 10.0; Win64; x64; rv:128.0) Gecko/20100101 Firefox/128.0"
