178.115.45.138 - - [13/Aug/2024:16:01:42 +0200] "GET /gui/javascript/form_form.js?1723557702 HTTP/1.1" 200 16206 "http://hausegger.activities.at/entry.php?id=10271&&ser=557641" "Mozilla/5.0 (Windows NT 10.0; Win64; x64; rv:128.0) Gecko/20100101 Firefox/128.0"
156.59.198.136 - - [13/Aug/2024:16:01:43 +0200] "GET /renault.activities.at/htdocs/export/pdf/emuc_document/12383722.pdf HTTP/1.0" 404 322 "-" "Mozilla/5.0 (Linux; Android 5.0) AppleWebKit/537.36 (KHTML, like Gecko) Mobile Safari/537.36 (compatible; Bytespider; spider-feedback@bytedance.com)"
178.115.45.138 - - [13/Aug/2024:16:02:10 +0200] "GET /entry.php?id=11237&type=10665 HTTP/1.1" 200 276 "http://hausegger.activities.at/entry.php?id=10828" "Mozilla/5.0 (Windows NT 10.0; Win64; x64; rv:128.0) Gecko/20100101 Firefox/128.0"
178.115.45.138 - - [13/Aug/2024:16:02:11 +0200] "GET /entry.php?id=10676&&title=Belegsuche HTTP/1.1" 200 1391 "http://hausegger.activities.at/entry.php?id=11237&type=10665" "Mozilla/5.0 (Windows NT 10.0; Win64; x64; rv:128.0) Gecko/20100101 Firefox/128.0"
178.115.45.138 - - [13/Aug/2024:16:02:11 +0200] "GET /gui/javascript/form_form.js?1723557731 HTTP/1.1" 200 16206 "http://hausegger.activities.at/entry.php?id=10676&&title=Belegsuche" "Mozilla/5.0 (Windows NT 10.0; Win64; x64; rv:128.0) Gecko/20100101 Firefox/128.0"
178.115.45.138 - - [13/Aug/2024:16:02:11 +0200] "GET /entry.php?id=11239&mode=document&form=10665& HTTP/1.1" 200 2018 "http://hausegger.activities.at/entry.php?id=11237&type=10665" "Mozilla/5.0 (Windows NT 10.0; Win64; x64; rv:128.0) Gecko/20100101 Firefox/128.0"
178.115.45.138 - - [13/Aug/2024:16:02:11 +0200] "GET /gui/javascript/form_bu_document_workflow.js?1723557731 HTTP/1.1" 200 4900 "http://hausegger.activities.at/entry.php?id=11239&mode=document&form=10665&" "Mozilla/5.0 (Windows NT 10.0; Win64; x64; rv:128.0) Gecko/20100101 Firefox/128.0"
178.115.45.138 - - [13/Aug/2024:16:02:11 +0200] "GET /framework/icons/treeview/ftv2doc.gif HTTP/1.1" 200 199 "http://hausegger.activities.at/entry.php?id=11239&mode=document&form=10665&" "Mozilla/5.0 (Windows NT 10.0; Win64; x64; rv:128.0) Gecko/20100101 Firefox/128.0"
178.115.45.138 - - [13/Aug/2024:16:02:11 +0200] "GET /entry.php?id=11240&mode=document&form=10665& HTTP/1.1" 200 2672 "http://hausegger.activities.at/entry.php?id=11237&type=10665" "Mozilla/5.0 (Windows NT 10.0; Win64; x64; rv:128.0) Gecko/20100101 Firefox/128.0"
178.115.45.138 - - [13/Aug/2024:16:02:11 +0200] "GET /entry.php?id=11238&mode=document&form=10665& HTTP/1.1" 200 3305 "http://hausegger.activities.at/entry.php?id=11237&type=10665" "Mozilla/5.0 (Windows NT 10.0; Win64; x64; rv:128.0) Gecko/20100101 Firefox/128.0"
178.115.45.138 - - [13/Aug/2024:16:02:11 +0200] "GET /entry.php?id=10778&form=11066&name=list& HTTP/1.1" 200 2586 "http://hausegger.activities.at/entry.php?id=11240&mode=document&form=10665&" "Mozilla/5.0 (Windows NT 10.0; Win64; x64; rv:128.0) Gecko/20100101 Firefox/128.0"
178.115.45.138 - - [13/Aug/2024:16:02:11 +0200] "GET /framework/icons/fwx_trans.gif HTTP/1.1" 200 43 "http://hausegger.activities.at/entry.php?id=10778&form=11066&name=list&" "Mozilla/5.0 (Windows NT 10.0; Win64; x64; rv:128.0) Gecko/20100101 Firefox/128.0"
178.115.45.138 - - [13/Aug/2024:16:02:11 +0200] "GET /entry.php?id=10776&form=11066&name=list& HTTP/1.1" 200 1513 "http://hausegger.activities.at/entry.php?id=11240&mode=document&form=10665&" "Mozilla/5.0 (Windows NT 10.0; Win64; x64; rv:128.0) Gecko/20100101 Firefox/128.0"
178.115.45.138 - - [13/Aug/2024:16:02:11 +0200] "GET /gui/images/icons/kalender.gif HTTP/1.1" 200 564 "http://hausegger.activities.at/entry.php?id=11238&mode=document&form=10665&" "Mozilla/5.0 (Windows NT 10.0; Win64; x64; rv:128.0) Gecko/20100101 Firefox/128.0"
178.115.45.138 - - [13/Aug/2024:16:02:12 +0200] "POST /entry.php?id=11240 HTTP/1.1" 200 2673 "http://hausegger.activities.at/entry.php?id=11240&mode=document&form=10665&" "Mozilla/5.0 (Windows NT 10.0; Win64; x64; rv:128.0) Gecko/20100101 Firefox/128.0"
178.115.45.138 - - [13/Aug/2024:16:02:12 +0200] "GET /gui/javascript/form_bu_document_workflow.js?1723557732 HTTP/1.1" 200 4900 "http://hausegger.activities.at/entry.php?id=11240" "Mozilla/5.0 (Windows NT 10.0; Win64; x64; rv:128.0) Gecko/20100101 Firefox/128.0"
178.115.45.138 - - [13/Aug/2024:16:02:12 +0200] "GET /gui/javascript/form_form.js?1723557732 HTTP/1.1" 200 16206 "http://hausegger.activities.at/entry.php?id=11240" "Mozilla/5.0 (Windows NT 10.0; Win64; x64; rv:128.0) Gecko/20100101 Firefox/128.0"
178.115.45.138 - - [13/Aug/2024:16:02:12 +0200] "GET /entry.php?id=10776&form=11066&name=list& HTTP/1.1" 200 1513 "http://hausegger.activities.at/entry.php?id=11240" "Mozilla/5.0 (Windows NT 10.0; Win64; x64; rv:128.0) Gecko/20100101 Firefox/128.0"
178.115.45.138 - - [13/Aug/2024:16:02:12 +0200] "GET /entry.php?id=10778&form=11066&name=list& HTTP/1.1" 200 2985 "http://hausegger.activities.at/entry.php?id=11240" "Mozilla/5.0 (Windows NT 10.0; Win64; x64; rv:128.0) Gecko/20100101 Firefox/128.0"
178.115.45.138 - - [13/Aug/2024:16:02:16 +0200] "POST /entry.php?id=10828 HTTP/1.1" 200 8732 "http://hausegger.activities.at/entry.php?id=10828" "Mozilla/5.0 (Windows NT 10.0; Win64; x64; rv:128.0) Gecko/20100101 Firefox/128.0"
178.115.45.138 - - [13/Aug/2024:16:02:16 +0200] "GET /gui/javascript/form_form.js?1723557736 HTTP/1.1" 200 16206 "http://hausegger.activities.at/entry.php?id=10828" "Mozilla/5.0 (Windows NT 10.0; Win64; x64; rv:128.0) Gecko/20100101 Firefox/128.0"
178.115.45.138 - - [13/Aug/2024:16:02:16 +0200] "GET /entry.php?id=10889&document_id=10340436& HTTP/1.1" 200 1510 "http://hausegger.activities.at/entry.php?id=10828" "Mozilla/5.0 (Windows NT 10.0; Win64; x64; rv:128.0) Gecko/20100101 Firefox/128.0"
156.59.198.135 - - [13/Aug/2024:16:02:18 +0200] "GET /renault.activities.at/htdocs/export/xml/data/exportArticles_20231019095110.xml HTTP/1.0" 404 329 "-" "Mozilla/5.0 (Linux; Android 5.0) AppleWebKit/537.36 (KHTML, like Gecko) Mobile Safari/537.36 (compatible; Bytespider; spider-feedback@bytedance.com)"
156.59.198.136 - - [13/Aug/2024:16:02:39 +0200] "GET /renault.activities.at/htdocs/export/xml/data/articles/202006161203_RenArticle.xml HTTP/1.0" 404 331 "-" "Mozilla/5.0 (Linux; Android 5.0) AppleWebKit/537.36 (KHTML, like Gecko) Mobile Safari/537.36 (compatible; Bytespider; spider-feedback@bytedance.com)"
178.115.45.138 - - [13/Aug/2024:16:02:42 +0200] "GET /entry.php?id=10271&&ser=557702 HTTP/1.1" 200 987 "http://hausegger.activities.at/entry.php?id=10271&&ser=557641" "Mozilla/5.0 (Windows NT 10.0; Win64; x64; rv:128.0) Gecko/20100101 Firefox/128.0"
178.115.45.138 - - [13/Aug/2024:16:02:43 +0200] "GET /gui/javascript/form_form.js?1723557762 HTTP/1.1" 200 16206 "http://hausegger.activities.at/entry.php?id=10271&&ser=557702" "Mozilla/5.0 (Windows NT 10.0; Win64; x64; rv:128.0) Gecko/20100101 Firefox/128.0"
156.59.198.135 - - [13/Aug/2024:16:03:00 +0200] "GET /renault.2web.at/htdocs/export/txt/factura/FacturaExport20150428110948.txt HTTP/1.0" 404 324 "-" "Mozilla/5.0 (Linux; Android 5.0) AppleWebKit/537.36 (KHTML, like Gecko) Mobile Safari/537.36 (compatible; Bytespider; spider-feedback@bytedance.com)"
156.59.198.135 - - [13/Aug/2024:16:03:21 +0200] "GET /renault.2web.at/htdocs/export/xml/data/articles/202002200803_RenArticle.xml HTTP/1.0" 404 326 "-" "Mozilla/5.0 (Linux; Android 5.0) AppleWebKit/537.36 (KHTML, like Gecko) Mobile Safari/537.36 (compatible; Bytespider; spider-feedback@bytedance.com)"
156.59.198.136 - - [13/Aug/2024:16:03:42 +0200] "GET /renault.activities.at/htdocs/export/pdf/emuc_document/10762522.pdf HTTP/1.0" 404 322 "-" "Mozilla/5.0 (Linux; Android 5.0) AppleWebKit/537.36 (KHTML, like Gecko) Mobile Safari/537.36 (compatible; Bytespider; spider-feedback@bytedance.com)"
178.115.45.138 - - [13/Aug/2024:16:03:43 +0200] "GET /entry.php?id=10271&&ser=557762 HTTP/1.1" 200 986 "http://hausegger.activities.at/entry.php?id=10271&&ser=557702" "Mozilla/5.0 (Windows NT 10.0; Win64; x64; rv:128.0) Gecko/20100101 Firefox/128.0"
178.115.45.138 - - [13/Aug/2024:16:03:43 +0200] "GET /gui/javascript/form_form.js?1723557823 HTTP/1.1" 200 16206 "http://hausegger.activities.at/entry.php?id=10271&&ser=557762" "Mozilla/5.0 (Windows NT 10.0; Win64; x64; rv:128.0) Gecko/20100101 Firefox/128.0"
178.115.45.138 - - [13/Aug/2024:16:04:43 +0200] "GET /entry.php?id=10271&&ser=557823 HTTP/1.1" 200 987 "http://hausegger.activities.at/entry.php?id=10271&&ser=557762" "Mozilla/5.0 (Windows NT 10.0; Win64; x64; rv:128.0) Gecko/20100101 Firefox/128.0"
178.115.45.138 - - [13/Aug/2024:16:04:43 +0200] "GET /gui/javascript/form_form.js?1723557883 HTTP/1.1" 200 16206 "http://hausegger.activities.at/entry.php?id=10271&&ser=557823" "Mozilla/5.0 (Windows NT 10.0; Win64; x64; rv:128.0) Gecko/20100101 Firefox/128.0"
178.115.45.138 - - [13/Aug/2024:16:05:43 +0200] "GET /entry.php?id=10271&&ser=557883 HTTP/1.1" 200 987 "http://hausegger.activities.at/entry.php?id=10271&&ser=557823" "Mozilla/5.0 (Windows NT 10.0; Win64; x64; rv:128.0) Gecko/20100101 Firefox/128.0"
178.115.45.138 - - [13/Aug/2024:16:05:43 +0200] "GET /gui/javascript/form_form.js?1723557943 HTTP/1.1" 200 16206 "http://hausegger.activities.at/entry.php?id=10271&&ser=557883" "Mozilla/5.0 (Windows NT 10.0; Win64; x64; rv:128.0) Gecko/20100101 Firefox/128.0"
178.115.45.138 - - [13/Aug/2024:16:06:44 +0200] "GET /entry.php?id=10271&&ser=557943 HTTP/1.1" 200 986 "http://hausegger.activities.at/entry.php?id=10271&&ser=557883" "Mozilla/5.0 (Windows NT 10.0; Win64; x64; rv:128.0) Gecko/20100101 Firefox/128.0"
178.115.45.138 - - [13/Aug/2024:16:06:44 +0200] "GET /gui/javascript/form_form.js?1723558004 HTTP/1.1" 200 16206 "http://hausegger.activities.at/entry.php?id=10271&&ser=557943" "Mozilla/5.0 (Windows NT 10.0; Win64; x64; rv:128.0) Gecko/20100101 Firefox/128.0"
178.115.45.138 - - [13/Aug/2024:16:07:44 +0200] "GET /entry.php?id=10271&&ser=558004 HTTP/1.1" 200 987 "http://hausegger.activities.at/entry.php?id=10271&&ser=557943" "Mozilla/5.0 (Windows NT 10.0; Win64; x64; rv:128.0) Gecko/20100101 Firefox/128.0"
178.115.45.138 - - [13/Aug/2024:16:07:44 +0200] "GET /gui/javascript/form_form.js?1723558064 HTTP/1.1" 200 16206 "http://hausegger.activities.at/entry.php?id=10271&&ser=558004" "Mozilla/5.0 (Windows NT 10.0; Win64; x64; rv:128.0) Gecko/20100101 Firefox/128.0"
178.115.45.138 - - [13/Aug/2024:16:08:45 +0200] "GET /entry.php?id=10271&&ser=558064 HTTP/1.1" 200 987 "http://hausegger.activities.at/entry.php?id=10271&&ser=558004" "Mozilla/5.0 (Windows NT 10.0; Win64; x64; rv:128.0) Gecko/20100101 Firefox/128.0"
178.115.45.138 - - [13/Aug/2024:16:08:45 +0200] "GET /gui/javascript/form_form.js?1723558125 HTTP/1.1" 200 16206 "http://hausegger.activities.at/entry.php?id=10271&&ser=558064" "Mozilla/5.0 (Windows NT 10.0; Win64; x64; rv:128.0) Gecko/20100101 Firefox/128.0"
156.59.198.135 - - [13/Aug/2024:16:09:06 +0200] "GET /renault.2web.at/htdocs/export/txt/factura/FacturaExport20140730152559.txt HTTP/1.0" 404 325 "-" "Mozilla/5.0 (Linux; Android 5.0) AppleWebKit/537.36 (KHTML, like Gecko) Mobile Safari/537.36 (compatible; Bytespider; spider-feedback@bytedance.com)"
156.59.198.135 - - [13/Aug/2024:16:09:27 +0200] "GET /renault.activities.at/htdocs/export/pdf/emuc_document/11730071.pdf HTTP/1.0" 404 322 "-" "Mozilla/5.0 (Linux; Android 5.0) AppleWebKit/537.36 (KHTML, like Gecko) Mobile Safari/537.36 (compatible; Bytespider; spider-feedback@bytedance.com)"
46.174.191.30 - - [13/Aug/2024:16:09:33 +0200] "GET / HTTP/1.0" 200 423 "-" "Mozilla/5.0 (Windows NT 6.1; WOW64; Trident/7.0; AS; rv:11.0) like Gecko"
178.115.45.138 - - [13/Aug/2024:16:09:45 +0200] "GET /entry.php?id=10271&&ser=558125 HTTP/1.1" 200 986 "http://hausegger.activities.at/entry.php?id=10271&&ser=558064" "Mozilla/5.0 (Windows NT 10.0; Win64; x64; rv:128.0) Gecko/20100101 Firefox/128.0"
178.115.45.138 - - [13/Aug/2024:16:09:45 +0200] "GET /gui/javascript/form_form.js?1723558185 HTTP/1.1" 200 16206 "http://hausegger.activities.at/entry.php?id=10271&&ser=558125" "Mozilla/5.0 (Windows NT 10.0; Win64; x64; rv:128.0) Gecko/20100101 Firefox/128.0"
156.59.198.136 - - [13/Aug/2024:16:09:49 +0200] "GET /renault.2web.at/htdocs/export/xml/data/articles/202108030903_RenArticle.xml HTTP/1.0" 404 328 "-" "Mozilla/5.0 (Linux; Android 5.0) AppleWebKit/537.36 (KHTML, like Gecko) Mobile Safari/537.36 (compatible; Bytespider; spider-feedback@bytedance.com)"
156.59.198.136 - - [13/Aug/2024:16:10:10 +0200] "GET /renault.2web.at/htdocs/export/txt/factura/FacturaExport20141028111255.txt HTTP/1.0" 404 324 "-" "Mozilla/5.0 (Linux; Android 5.0) AppleWebKit/537.36 (KHTML, like Gecko) Mobile Safari/537.36 (compatible; Bytespider; spider-feedback@bytedance.com)"
178.115.45.138 - - [13/Aug/2024:16:10:17 +0200] "GET /entry.php?id=11237&type=10665 HTTP/1.1" 200 276 "http://hausegger.activities.at/entry.php?id=10828" "Mozilla/5.0 (Windows NT 10.0; Win64; x64; rv:128.0) Gecko/20100101 Firefox/128.0"
178.115.45.138 - - [13/Aug/2024:16:10:18 +0200] "GET /entry.php?id=10676&&title=Belegsuche HTTP/1.1" 200 1391 "http://hausegger.activities.at/entry.php?id=11237&type=10665" "Mozilla/5.0 (Windows NT 10.0; Win64; x64; rv:128.0) Gecko/20100101 Firefox/128.0"
178.115.45.138 - - [13/Aug/2024:16:10:18 +0200] "GET /gui/javascript/form_form.js?1723558218 HTTP/1.1" 200 16206 "http://hausegger.activities.at/entry.php?id=10676&&title=Belegsuche" "Mozilla/5.0 (Windows NT 10.0; Win64; x64; rv:128.0) Gecko/20100101 Firefox/128.0"
178.115.45.138 - - [13/Aug/2024:16:10:18 +0200] "GET /entry.php?id=11239&mode=document&form=10665& HTTP/1.1" 200 2019 "http://hausegger.activities.at/entry.php?id=11237&type=10665" "Mozilla/5.0 (Windows NT 10.0; Win64; x64; rv:128.0) Gecko/20100101 Firefox/128.0"
178.115.45.138 - - [13/Aug/2024:16:10:18 +0200] "GET /gui/javascript/form_bu_document_workflow.js?1723558218 HTTP/1.1" 200 4900 "http://hausegger.activities.at/entry.php?id=11239&mode=document&form=10665&" "Mozilla/5.0 (Windows NT 10.0; Win64; x64; rv:128.0) Gecko/20100101 Firefox/128.0"
178.115.45.138 - - [13/Aug/2024:16:10:18 +0200] "GET /entry.php?id=11238&mode=document&form=10665& HTTP/1.1" 200 3304 "http://hausegger.activities.at/entry.php?id=11237&type=10665" "Mozilla/5.0 (Windows NT 10.0; Win64; x64; rv:128.0) Gecko/20100101 Firefox/128.0"
178.115.45.138 - - [13/Aug/2024:16:10:18 +0200] "GET /entry.php?id=11240&mode=document&form=10665& HTTP/1.1" 200 2673 "http://hausegger.activities.at/entry.php?id=11237&type=10665" "Mozilla/5.0 (Windows NT 10.0; Win64; x64; rv:128.0) Gecko/20100101 Firefox/128.0"
178.115.45.138 - - [13/Aug/2024:16:10:18 +0200] "GET /entry.php?id=10776&form=11066&name=list& HTTP/1.1" 200 1513 "http://hausegger.activities.at/entry.php?id=11240&mode=document&form=10665&" "Mozilla/5.0 (Windows NT 10.0; Win64; x64; rv:128.0) Gecko/20100101 Firefox/128.0"
178.115.45.138 - - [13/Aug/2024:16:10:18 +0200] "GET /entry.php?id=10778&form=11066&name=list& HTTP/1.1" 200 2586 "http://hausegger.activities.at/entry.php?id=11240&mode=document&form=10665&" "Mozilla/5.0 (Windows NT 10.0; Win64; x64; rv:128.0) Gecko/20100101 Firefox/128.0"
178.115.45.138 - - [13/Aug/2024:16:10:19 +0200] "POST /entry.php?id=11240 HTTP/1.1" 200 2673 "http://hausegger.activities.at/entry.php?id=11240&mode=document&form=10665&" "Mozilla/5.0 (Windows NT 10.0; Win64; x64; rv:128.0) Gecko/20100101 Firefox/128.0"
178.115.45.138 - - [13/Aug/2024:16:10:19 +0200] "GET /gui/javascript/form_bu_document_workflow.js?1723558219 HTTP/1.1" 200 4900 "http://hausegger.activities.at/entry.php?id=11240" "Mozilla/5.0 (Windows NT 10.0; Win64; x64; rv:128.0) Gecko/20100101 Firefox/128.0"
178.115.45.138 - - [13/Aug/2024:16:10:19 +0200] "GET /gui/javascript/form_form.js?1723558219 HTTP/1.1" 200 16206 "http://hausegger.activities.at/entry.php?id=11240" "Mozilla/5.0 (Windows NT 10.0; Win64; x64; rv:128.0) Gecko/20100101 Firefox/128.0"
178.115.45.138 - - [13/Aug/2024:16:10:19 +0200] "GET /entry.php?id=10776&form=11066&name=list& HTTP/1.1" 200 1513 "http://hausegger.activities.at/entry.php?id=11240" "Mozilla/5.0 (Windows NT 10.0; Win64; x64; rv:128.0) Gecko/20100101 Firefox/128.0"
178.115.45.138 - - [13/Aug/2024:16:10:19 +0200] "GET /entry.php?id=10778&form=11066&name=list& HTTP/1.1" 200 2985 "http://hausegger.activities.at/entry.php?id=11240" "Mozilla/5.0 (Windows NT 10.0; Win64; x64; rv:128.0) Gecko/20100101 Firefox/128.0"
154.212.141.229 - - [13/Aug/2024:16:10:27 +0200] "GET / HTTP/1.1" 200 423 "-" "Mozilla/5.0 (Windows NT 6.1) AppleWebKit/537.36 (KHTML, like Gecko) Chrome/49.0.2623.112 Safari/537.36"
154.212.141.229 - - [13/Aug/2024:16:10:28 +0200] "GET /layout.php HTTP/1.1" 200 1674 "-" "Mozilla/5.0 (Windows NT 6.1) AppleWebKit/537.36 (KHTML, like Gecko) Chrome/49.0.2623.112 Safari/537.36"
154.212.141.229 - - [13/Aug/2024:16:10:30 +0200] "GET /entry.php?id=10441&UIN= HTTP/1.1" 200 2866 "-" "Mozilla/5.0 (Windows NT 6.1) AppleWebKit/537.36 (KHTML, like Gecko) Chrome/49.0.2623.112 Safari/537.36"
156.59.198.135 - - [13/Aug/2024:16:10:31 +0200] "GET /renault.activities.at/htdocs/export/pdf/emuc_document/11951623.pdf HTTP/1.0" 404 322 "-" "Mozilla/5.0 (Linux; Android 5.0) AppleWebKit/537.36 (KHTML, like Gecko) Mobile Safari/537.36 (compatible; Bytespider; spider-feedback@bytedance.com)"
154.212.141.229 - - [13/Aug/2024:16:10:31 +0200] "GET /activities.ico HTTP/1.1" 200 1406 "-" "Mozilla/5.0 (Windows NT 6.1) AppleWebKit/537.36 (KHTML, like Gecko) Chrome/49.0.2623.112 Safari/537.36"
178.115.45.138 - - [13/Aug/2024:16:10:32 +0200] "POST /entry.php?id=10828 HTTP/1.1" 200 8714 "http://hausegger.activities.at/entry.php?id=10828" "Mozilla/5.0 (Windows NT 10.0; Win64; x64; rv:128.0) Gecko/20100101 Firefox/128.0"
178.115.45.138 - - [13/Aug/2024:16:10:33 +0200] "GET /gui/javascript/form_form.js?1723558233 HTTP/1.1" 200 16206 "http://hausegger.activities.at/entry.php?id=10828" "Mozilla/5.0 (Windows NT 10.0; Win64; x64; rv:128.0) Gecko/20100101 Firefox/128.0"
178.115.45.138 - - [13/Aug/2024:16:10:33 +0200] "GET /entry.php?id=10889&document_id=10340607& HTTP/1.1" 200 1510 "http://hausegger.activities.at/entry.php?id=10828" "Mozilla/5.0 (Windows NT 10.0; Win64; x64; rv:128.0) Gecko/20100101 Firefox/128.0"
154.212.141.229 - - [13/Aug/2024:16:10:33 +0200] "GET /gui/javascript/form_form.js?1723558230 HTTP/1.1" 200 74566 "-" "Mozilla/5.0 (Windows NT 6.1) AppleWebKit/537.36 (KHTML, like Gecko) Chrome/49.0.2623.112 Safari/537.36"
154.212.141.229 - - [13/Aug/2024:16:10:35 +0200] "GET /gui/javascript/jquery/js/jquery-1.8.2.js HTTP/1.1" 200 152183 "-" "Mozilla/5.0 (Windows NT 6.1) AppleWebKit/537.36 (KHTML, like Gecko) Chrome/49.0.2623.112 Safari/537.36"
154.212.141.229 - - [13/Aug/2024:16:10:37 +0200] "GET /gui/javascript/jquery/js/jquery-ui-1.9.0.custom.min.js HTTP/1.1" 200 200719 "-" "Mozilla/5.0 (Windows NT 6.1) AppleWebKit/537.36 (KHTML, like Gecko) Chrome/49.0.2623.112 Safari/537.36"
154.212.141.229 - - [13/Aug/2024:16:10:40 +0200] "GET /gui/javascript/jquery/jquery-tooltip/jquery.tooltip.min.js HTTP/1.1" 200 5301 "-" "Mozilla/5.0 (Windows NT 6.1) AppleWebKit/537.36 (KHTML, like Gecko) Chrome/49.0.2623.112 Safari/537.36"
178.115.45.138 - - [13/Aug/2024:16:10:46 +0200] "GET /entry.php?id=10271&&ser=558185 HTTP/1.1" 200 987 "http://hausegger.activities.at/entry.php?id=10271&&ser=558125" "Mozilla/5.0 (Windows NT 10.0; Win64; x64; rv:128.0) Gecko/20100101 Firefox/128.0"
178.115.45.138 - - [13/Aug/2024:16:10:46 +0200] "GET /gui/javascript/form_form.js?1723558246 HTTP/1.1" 200 16206 "http://hausegger.activities.at/entry.php?id=10271&&ser=558185" "Mozilla/5.0 (Windows NT 10.0; Win64; x64; rv:128.0) Gecko/20100101 Firefox/128.0"
178.115.45.138 - - [13/Aug/2024:16:10:48 +0200] "POST /entry.php?id=10828 HTTP/1.1" 200 8769 "http://hausegger.activities.at/entry.php?id=10828" "Mozilla/5.0 (Windows NT 10.0; Win64; x64; rv:128.0) Gecko/20100101 Firefox/128.0"
178.115.45.138 - - [13/Aug/2024:16:10:48 +0200] "GET /gui/javascript/form_form.js?1723558248 HTTP/1.1" 200 16206 "http://hausegger.activities.at/entry.php?id=10828" "Mozilla/5.0 (Windows NT 10.0; Win64; x64; rv:128.0) Gecko/20100101 Firefox/128.0"
178.115.45.138 - - [13/Aug/2024:16:10:48 +0200] "GET /entry.php?id=10889&document_id=10340607& HTTP/1.1" 200 1510 "http://hausegger.activities.at/entry.php?id=10828" "Mozilla/5.0 (Windows NT 10.0; Win64; x64; rv:128.0) Gecko/20100101 Firefox/128.0"
178.115.45.138 - - [13/Aug/2024:16:10:49 +0200] "GET /gui/javascript/form_form.js?1723558249 HTTP/1.1" 200 16206 "http://hausegger.activities.at/entry.php?id=10889&document_id=10340607&" "Mozilla/5.0 (Windows NT 10.0; Win64; x64; rv:128.0) Gecko/20100101 Firefox/128.0"
156.59.198.135 - - [13/Aug/2024:16:10:52 +0200] "GET /renault.activities.at/htdocs/export/xml/data/articles/201909091003_RenArticle.xml HTTP/1.0" 404 330 "-" "Mozilla/5.0 (Linux; Android 5.0) AppleWebKit/537.36 (KHTML, like Gecko) Mobile Safari/537.36 (compatible; Bytespider; spider-feedback@bytedance.com)"
178.115.45.138 - - [13/Aug/2024:16:10:56 +0200] "GET /entry.php?id=11237&type=10665 HTTP/1.1" 200 276 "http://hausegger.activities.at/entry.php?id=10828" "Mozilla/5.0 (Windows NT 10.0; Win64; x64; rv:128.0) Gecko/20100101 Firefox/128.0"
178.115.45.138 - - [13/Aug/2024:16:10:56 +0200] "GET /entry.php?id=11239&mode=document&form=10665& HTTP/1.1" 200 2022 "http://hausegger.activities.at/entry.php?id=11237&type=10665" "Mozilla/5.0 (Windows NT 10.0; Win64; x64; rv:128.0) Gecko/20100101 Firefox/128.0"
178.115.45.138 - - [13/Aug/2024:16:10:56 +0200] "GET /entry.php?id=10676&&title=Belegsuche HTTP/1.1" 200 1392 "http://hausegger.activities.at/entry.php?id=11237&type=10665" "Mozilla/5.0 (Windows NT 10.0; Win64; x64; rv:128.0) Gecko/20100101 Firefox/128.0"
178.115.45.138 - - [13/Aug/2024:16:10:57 +0200] "GET /gui/javascript/form_bu_document_workflow.js?1723558256 HTTP/1.1" 200 4900 "http://hausegger.activities.at/entry.php?id=11239&mode=document&form=10665&" "Mozilla/5.0 (Windows NT 10.0; Win64; x64; rv:128.0) Gecko/20100101 Firefox/128.0"
178.115.45.138 - - [13/Aug/2024:16:10:57 +0200] "GET /gui/javascript/form_form.js?1723558257 HTTP/1.1" 200 16206 "http://hausegger.activities.at/entry.php?id=11239&mode=document&form=10665&" "Mozilla/5.0 (Windows NT 10.0; Win64; x64; rv:128.0) Gecko/20100101 Firefox/128.0"
178.115.45.138 - - [13/Aug/2024:16:10:57 +0200] "GET /gui/javascript/form_form.js?1723558257 HTTP/1.1" 200 16206 "http://hausegger.activities.at/entry.php?id=10676&&title=Belegsuche" "Mozilla/5.0 (Windows NT 10.0; Win64; x64; rv:128.0) Gecko/20100101 Firefox/128.0"
178.115.45.138 - - [13/Aug/2024:16:10:56 +0200] "GET /entry.php?id=11240&mode=document&form=10665& HTTP/1.1" 200 2672 "http://hausegger.activities.at/entry.php?id=11237&type=10665" "Mozilla/5.0 (Windows NT 10.0; Win64; x64; rv:128.0) Gecko/20100101 Firefox/128.0"
178.115.45.138 - - [13/Aug/2024:16:10:57 +0200] "GET /gui/javascript/form_bu_document_workflow.js?1723558257 HTTP/1.1" 200 4900 "http://hausegger.activities.at/entry.php?id=11240&mode=document&form=10665&" "Mozilla/5.0 (Windows NT 10.0; Win64; x64; rv:128.0) Gecko/20100101 Firefox/128.0"
178.115.45.138 - - [13/Aug/2024:16:10:56 +0200] "GET /entry.php?id=11238&mode=document&form=10665& HTTP/1.1" 200 3305 "http://hausegger.activities.at/entry.php?id=11237&type=10665" "Mozilla/5.0 (Windows NT 10.0; Win64; x64; rv:128.0) Gecko/20100101 Firefox/128.0"
178.115.45.138 - - [13/Aug/2024:16:10:57 +0200] "GET /entry.php?id=10778&form=11066&name=list& HTTP/1.1" 200 2586 "http://hausegger.activities.at/entry.php?id=11240&mode=document&form=10665&" "Mozilla/5.0 (Windows NT 10.0; Win64; x64; rv:128.0) Gecko/20100101 Firefox/128.0"
178.115.45.138 - - [13/Aug/2024:16:10:57 +0200] "GET /entry.php?id=10776&form=11066&name=list& HTTP/1.1" 200 1513 "http://hausegger.activities.at/entry.php?id=11240&mode=document&form=10665&" "Mozilla/5.0 (Windows NT 10.0; Win64; x64; rv:128.0) Gecko/20100101 Firefox/128.0"
178.115.45.138 - - [13/Aug/2024:16:10:57 +0200] "POST /entry.php?id=11240 HTTP/1.1" 200 2673 "http://hausegger.activities.at/entry.php?id=11240&mode=document&form=10665&" "Mozilla/5.0 (Windows NT 10.0; Win64; x64; rv:128.0) Gecko/20100101 Firefox/128.0"
178.115.45.138 - - [13/Aug/2024:16:10:58 +0200] "GET /gui/javascript/form_bu_document_workflow.js?1723558258 HTTP/1.1" 200 4900 "http://hausegger.activities.at/entry.php?id=11240" "Mozilla/5.0 (Windows NT 10.0; Win64; x64; rv:128.0) Gecko/20100101 Firefox/128.0"
178.115.45.138 - - [13/Aug/2024:16:10:58 +0200] "GET /gui/javascript/form_form.js?1723558258 HTTP/1.1" 200 16206 "http://hausegger.activities.at/entry.php?id=11240" "Mozilla/5.0 (Windows NT 10.0; Win64; x64; rv:128.0) Gecko/20100101 Firefox/128.0"
178.115.45.138 - - [13/Aug/2024:16:10:58 +0200] "GET /entry.php?id=10776&form=11066&name=list& HTTP/1.1" 200 1513 "http://hausegger.activities.at/entry.php?id=11240" "Mozilla/5.0 (Windows NT 10.0; Win64; x64; rv:128.0) Gecko/20100101 Firefox/128.0"
178.115.45.138 - - [13/Aug/2024:16:10:58 +0200] "GET /entry.php?id=10778&form=11066&name=list& HTTP/1.1" 200 2897 "http://hausegger.activities.at/entry.php?id=11240" "Mozilla/5.0 (Windows NT 10.0; Win64; x64; rv:128.0) Gecko/20100101 Firefox/128.0"
156.59.198.136 - - [13/Aug/2024:16:11:14 +0200] "GET /renault.activities.at/htdocs/export/txt/factura/FacturaExport20190305130302.txt HTTP/1.0" 404 327 "-" "Mozilla/5.0 (Linux; Android 5.0) AppleWebKit/537.36 (KHTML, like Gecko) Mobile Safari/537.36 (compatible; Bytespider; spider-feedback@bytedance.com)"
156.59.198.136 - - [13/Aug/2024:16:11:35 +0200] "GET /renault.activities.at/htdocs/export/xml/data/articles/202102110903_RenArticle.xml HTTP/1.0" 404 330 "-" "Mozilla/5.0 (Linux; Android 5.0) AppleWebKit/537.36 (KHTML, like Gecko) Mobile Safari/537.36 (compatible; Bytespider; spider-feedback@bytedance.com)"
178.115.45.138 - - [13/Aug/2024:16:11:46 +0200] "GET /entry.php?id=10271&&ser=558246 HTTP/1.1" 200 986 "http://hausegger.activities.at/entry.php?id=10271&&ser=558185" "Mozilla/5.0 (Windows NT 10.0; Win64; x64; rv:128.0) Gecko/20100101 Firefox/128.0"
178.115.45.138 - - [13/Aug/2024:16:11:46 +0200] "GET /gui/javascript/form_form.js?1723558306 HTTP/1.1" 200 16206 "http://hausegger.activities.at/entry.php?id=10271&&ser=558246" "Mozilla/5.0 (Windows NT 10.0; Win64; x64; rv:128.0) Gecko/20100101 Firefox/128.0"
156.59.198.136 - - [13/Aug/2024:16:11:56 +0200] "GET /renault.2web.at/htdocs/export/xml/data/articles/202005190803_RenArticle.xml HTTP/1.0" 404 327 "-" "Mozilla/5.0 (Linux; Android 5.0) AppleWebKit/537.36 (KHTML, like Gecko) Mobile Safari/537.36 (compatible; Bytespider; spider-feedback@bytedance.com)"
156.59.198.135 - - [13/Aug/2024:16:12:17 +0200] "GET /renault.activities.at/htdocs/export/xml/data/articles/201908020903_RenArticle.xml HTTP/1.0" 404 331 "-" "Mozilla/5.0 (Linux; Android 5.0) AppleWebKit/537.36 (KHTML, like Gecko) Mobile Safari/537.36 (compatible; Bytespider; spider-feedback@bytedance.com)"
178.115.45.138 - - [13/Aug/2024:16:12:46 +0200] "GET /entry.php?id=10271&&ser=558306 HTTP/1.1" 200 987 "http://hausegger.activities.at/entry.php?id=10271&&ser=558246" "Mozilla/5.0 (Windows NT 10.0; Win64; x64; rv:128.0) Gecko/20100101 Firefox/128.0"
178.115.45.138 - - [13/Aug/2024:16:12:46 +0200] "GET /gui/javascript/form_form.js?1723558366 HTTP/1.1" 200 16206 "http://hausegger.activities.at/entry.php?id=10271&&ser=558306" "Mozilla/5.0 (Windows NT 10.0; Win64; x64; rv:128.0) Gecko/20100101 Firefox/128.0"
178.115.45.138 - - [13/Aug/2024:16:13:46 +0200] "GET /entry.php?id=10271&&ser=558366 HTTP/1.1" 200 987 "http://hausegger.activities.at/entry.php?id=10271&&ser=558306" "Mozilla/5.0 (Windows NT 10.0; Win64; x64; rv:128.0) Gecko/20100101 Firefox/128.0"
178.115.45.138 - - [13/Aug/2024:16:13:47 +0200] "GET /gui/javascript/form_form.js?1723558426 HTTP/1.1" 200 16206 "http://hausegger.activities.at/entry.php?id=10271&&ser=558366" "Mozilla/5.0 (Windows NT 10.0; Win64; x64; rv:128.0) Gecko/20100101 Firefox/128.0"
178.115.45.138 - - [13/Aug/2024:16:14:47 +0200] "GET /entry.php?id=10271&&ser=558426 HTTP/1.1" 200 987 "http://hausegger.activities.at/entry.php?id=10271&&ser=558366" "Mozilla/5.0 (Windows NT 10.0; Win64; x64; rv:128.0) Gecko/20100101 Firefox/128.0"
178.115.45.138 - - [13/Aug/2024:16:14:47 +0200] "GET /gui/javascript/form_form.js?1723558487 HTTP/1.1" 200 16206 "http://hausegger.activities.at/entry.php?id=10271&&ser=558426" "Mozilla/5.0 (Windows NT 10.0; Win64; x64; rv:128.0) Gecko/20100101 Firefox/128.0"
178.115.45.138 - - [13/Aug/2024:16:15:47 +0200] "GET /entry.php?id=10271&&ser=558487 HTTP/1.1" 200 987 "http://hausegger.activities.at/entry.php?id=10271&&ser=558426" "Mozilla/5.0 (Windows NT 10.0; Win64; x64; rv:128.0) Gecko/20100101 Firefox/128.0"
178.115.45.138 - - [13/Aug/2024:16:15:47 +0200] "GET /gui/javascript/form_form.js?1723558547 HTTP/1.1" 200 16206 "http://hausegger.activities.at/entry.php?id=10271&&ser=558487" "Mozilla/5.0 (Windows NT 10.0; Win64; x64; rv:128.0) Gecko/20100101 Firefox/128.0"
178.115.45.138 - - [13/Aug/2024:16:16:06 +0200] "GET /entry.php?id=10712 HTTP/1.1" 200 402 "http://hausegger.activities.at/entry.php?id=10270&__app__=10006038" "Mozilla/5.0 (Windows NT 10.0; Win64; x64; rv:128.0) Gecko/20100101 Firefox/128.0"
178.115.45.138 - - [13/Aug/2024:16:16:06 +0200] "GET /entry.php?id=10676&&title=Artikelverwaltung HTTP/1.1" 200 1395 "http://hausegger.activities.at/entry.php?id=10712" "Mozilla/5.0 (Windows NT 10.0; Win64; x64; rv:128.0) Gecko/20100101 Firefox/128.0"
178.115.45.138 - - [13/Aug/2024:16:16:06 +0200] "GET /gui/javascript/form_form.js?1723558566 HTTP/1.1" 200 16206 "http://hausegger.activities.at/entry.php?id=10676&&title=Artikelverwaltung" "Mozilla/5.0 (Windows NT 10.0; Win64; x64; rv:128.0) Gecko/20100101 Firefox/128.0"
178.115.45.138 - - [13/Aug/2024:16:16:06 +0200] "GET /entry.php?id=10716& HTTP/1.1" 200 4888 "http://hausegger.activities.at/entry.php?id=10712" "Mozilla/5.0 (Windows NT 10.0; Win64; x64; rv:128.0) Gecko/20100101 Firefox/128.0"
178.115.45.138 - - [13/Aug/2024:16:16:06 +0200] "GET /gui/images/icons/ajax_loading.gif HTTP/1.1" 200 1542 "http://hausegger.activities.at/entry.php?id=10716&" "Mozilla/5.0 (Windows NT 10.0; Win64; x64; rv:128.0) Gecko/20100101 Firefox/128.0"
178.115.45.138 - - [13/Aug/2024:16:16:06 +0200] "GET /entry.php?id=10715& HTTP/1.1" 200 2535 "http://hausegger.activities.at/entry.php?id=10712" "Mozilla/5.0 (Windows NT 10.0; Win64; x64; rv:128.0) Gecko/20100101 Firefox/128.0"
178.115.45.138 - - [13/Aug/2024:16:16:06 +0200] "GET /entry.php?id=10778&form=10560&name=list& HTTP/1.1" 200 2691 "http://hausegger.activities.at/entry.php?id=10715&" "Mozilla/5.0 (Windows NT 10.0; Win64; x64; rv:128.0) Gecko/20100101 Firefox/128.0"
178.115.45.138 - - [13/Aug/2024:16:16:06 +0200] "GET /entry.php?id=10776&form=10560&name=list& HTTP/1.1" 200 2179 "http://hausegger.activities.at/entry.php?id=10715&" "Mozilla/5.0 (Windows NT 10.0; Win64; x64; rv:128.0) Gecko/20100101 Firefox/128.0"
178.115.45.138 - - [13/Aug/2024:16:16:06 +0200] "GET /gui/images/icons/filter_off.gif HTTP/1.1" 200 309 "http://hausegger.activities.at/entry.php?id=10776&form=10560&name=list&" "Mozilla/5.0 (Windows NT 10.0; Win64; x64; rv:128.0) Gecko/20100101 Firefox/128.0"
178.115.45.138 - - [13/Aug/2024:16:16:06 +0200] "GET /gui/images/icons/export.gif HTTP/1.1" 200 968 "http://hausegger.activities.at/entry.php?id=10776&form=10560&name=list&" "Mozilla/5.0 (Windows NT 10.0; Win64; x64; rv:128.0) Gecko/20100101 Firefox/128.0"
178.115.45.138 - - [13/Aug/2024:16:16:06 +0200] "GET /entry.php?id=10714&checksegmentation=false& HTTP/1.1" 200 4151 "http://hausegger.activities.at/entry.php?id=10712" "Mozilla/5.0 (Windows NT 10.0; Win64; x64; rv:128.0) Gecko/20100101 Firefox/128.0"
178.115.45.138 - - [13/Aug/2024:16:16:07 +0200] "GET /activities/framework/KoolControls/KoolAjax/koolajax.php?8436e354c842500aba3cbaf0584c0c24 HTTP/1.1" 200 4079 "http://hausegger.activities.at/entry.php?id=10714&checksegmentation=false&" "Mozilla/5.0 (Windows NT 10.0; Win64; x64; rv:128.0) Gecko/20100101 Firefox/128.0"
178.115.45.138 - - [13/Aug/2024:16:16:07 +0200] "GET /gui/javascript/form_form.js?1723558567 HTTP/1.1" 200 16206 "http://hausegger.activities.at/entry.php?id=10714&checksegmentation=false&" "Mozilla/5.0 (Windows NT 10.0; Win64; x64; rv:128.0) Gecko/20100101 Firefox/128.0"
178.115.45.138 - - [13/Aug/2024:16:16:07 +0200] "GET /activities/framework/KoolControls/KoolTreeView/kooltreeview.php?c7cd9180e88ffef8e70f13526bb4f5f7 HTTP/1.1" 200 5055 "http://hausegger.activities.at/entry.php?id=10714&checksegmentation=false&" "Mozilla/5.0 (Windows NT 10.0; Win64; x64; rv:128.0) Gecko/20100101 Firefox/128.0"
178.115.45.138 - - [13/Aug/2024:16:16:10 +0200] "POST /entry.php?id=10715 HTTP/1.1" 200 2607 "http://hausegger.activities.at/entry.php?id=10715&" "Mozilla/5.0 (Windows NT 10.0; Win64; x64; rv:128.0) Gecko/20100101 Firefox/128.0"
178.115.45.138 - - [13/Aug/2024:16:16:10 +0200] "GET /gui/javascript/form_form.js?1723558570 HTTP/1.1" 200 16206 "http://hausegger.activities.at/entry.php?id=10715" "Mozilla/5.0 (Windows NT 10.0; Win64; x64; rv:128.0) Gecko/20100101 Firefox/128.0"
178.115.45.138 - - [13/Aug/2024:16:16:10 +0200] "GET /entry.php?id=10776&form=10560&name=list& HTTP/1.1" 200 2308 "http://hausegger.activities.at/entry.php?id=10715" "Mozilla/5.0 (Windows NT 10.0; Win64; x64; rv:128.0) Gecko/20100101 Firefox/128.0"
178.115.45.138 - - [13/Aug/2024:16:16:10 +0200] "GET /entry.php?id=10778&form=10560&name=list& HTTP/1.1" 200 2994 "http://hausegger.activities.at/entry.php?id=10715" "Mozilla/5.0 (Windows NT 10.0; Win64; x64; rv:128.0) Gecko/20100101 Firefox/128.0"
178.115.45.138 - - [13/Aug/2024:16:16:10 +0200] "GET /gui/images/no_image_de.jpg HTTP/1.1" 200 73407 "http://hausegger.activities.at/entry.php?id=10778&form=10560&name=list&" "Mozilla/5.0 (Windows NT 10.0; Win64; x64; rv:128.0) Gecko/20100101 Firefox/128.0"
178.115.45.138 - - [13/Aug/2024:16:16:42 +0200] "POST /entry.php?id=10715 HTTP/1.1" 200 2608 "http://hausegger.activities.at/entry.php?id=10715" "Mozilla/5.0 (Windows NT 10.0; Win64; x64; rv:128.0) Gecko/20100101 Firefox/128.0"
178.115.45.138 - - [13/Aug/2024:16:16:42 +0200] "GET /gui/javascript/form_form.js?1723558602 HTTP/1.1" 200 16206 "http://hausegger.activities.at/entry.php?id=10715" "Mozilla/5.0 (Windows NT 10.0; Win64; x64; rv:128.0) Gecko/20100101 Firefox/128.0"
178.115.45.138 - - [13/Aug/2024:16:16:42 +0200] "GET /entry.php?id=10776&form=10560&name=list& HTTP/1.1" 200 2309 "http://hausegger.activities.at/entry.php?id=10715" "Mozilla/5.0 (Windows NT 10.0; Win64; x64; rv:128.0) Gecko/20100101 Firefox/128.0"
178.115.45.138 - - [13/Aug/2024:16:16:43 +0200] "GET /entry.php?id=10778&form=10560&name=list& HTTP/1.1" 200 3013 "http://hausegger.activities.at/entry.php?id=10715" "Mozilla/5.0 (Windows NT 10.0; Win64; x64; rv:128.0) Gecko/20100101 Firefox/128.0"
178.115.45.138 - - [13/Aug/2024:16:16:43 +0200] "POST /entry.php?id=10716 HTTP/1.1" 200 7760 "http://hausegger.activities.at/entry.php?id=10716&" "Mozilla/5.0 (Windows NT 10.0; Win64; x64; rv:128.0) Gecko/20100101 Firefox/128.0"
178.115.45.138 - - [13/Aug/2024:16:16:43 +0200] "GET /activities/framework/KoolControls/KoolAjax/koolajax.php?8436e354c842500aba3cbaf0584c0c24 HTTP/1.1" 200 4079 "http://hausegger.activities.at/entry.php?id=10716" "Mozilla/5.0 (Windows NT 10.0; Win64; x64; rv:128.0) Gecko/20100101 Firefox/128.0"
178.115.45.138 - - [13/Aug/2024:16:16:43 +0200] "GET /gui/javascript/form_form.js?1723558603 HTTP/1.1" 200 16206 "http://hausegger.activities.at/entry.php?id=10716" "Mozilla/5.0 (Windows NT 10.0; Win64; x64; rv:128.0) Gecko/20100101 Firefox/128.0"
178.115.45.138 - - [13/Aug/2024:16:16:43 +0200] "GET /activities/framework/KoolControls/KoolComboBox/koolcombobox.php?32981a13284db7a021131df49e6cd203 HTTP/1.1" 200 4607 "http://hausegger.activities.at/entry.php?id=10716" "Mozilla/5.0 (Windows NT 10.0; Win64; x64; rv:128.0) Gecko/20100101 Firefox/128.0"
178.115.45.138 - - [13/Aug/2024:16:16:44 +0200] "GET /activities/framework/KoolControls/KoolTreeView/kooltreeview.php?c7cd9180e88ffef8e70f13526bb4f5f7 HTTP/1.1" 200 5055 "http://hausegger.activities.at/entry.php?id=10716" "Mozilla/5.0 (Windows NT 10.0; Win64; x64; rv:128.0) Gecko/20100101 Firefox/128.0"
178.115.45.138 - - [13/Aug/2024:16:16:48 +0200] "GET /entry.php?id=10271&&ser=558547 HTTP/1.1" 200 986 "http://hausegger.activities.at/entry.php?id=10271&&ser=558487" "Mozilla/5.0 (Windows NT 10.0; Win64; x64; rv:128.0) Gecko/20100101 Firefox/128.0"
178.115.45.138 - - [13/Aug/2024:16:16:48 +0200] "GET /gui/javascript/form_form.js?1723558608 HTTP/1.1" 200 16206 "http://hausegger.activities.at/entry.php?id=10271&&ser=558547" "Mozilla/5.0 (Windows NT 10.0; Win64; x64; rv:128.0) Gecko/20100101 Firefox/128.0"
178.115.45.138 - - [13/Aug/2024:16:17:42 +0200] "POST /entry.php?id=10715 HTTP/1.1" 200 2612 "http://hausegger.activities.at/entry.php?id=10715" "Mozilla/5.0 (Windows NT 10.0; Win64; x64; rv:128.0) Gecko/20100101 Firefox/128.0"
178.115.45.138 - - [13/Aug/2024:16:17:42 +0200] "GET /gui/javascript/form_form.js?1723558662 HTTP/1.1" 200 16206 "http://hausegger.activities.at/entry.php?id=10715" "Mozilla/5.0 (Windows NT 10.0; Win64; x64; rv:128.0) Gecko/20100101 Firefox/128.0"
178.115.45.138 - - [13/Aug/2024:16:17:42 +0200] "GET /entry.php?id=10778&form=10560&name=list& HTTP/1.1" 200 3024 "http://hausegger.activities.at/entry.php?id=10715" "Mozilla/5.0 (Windows NT 10.0; Win64; x64; rv:128.0) Gecko/20100101 Firefox/128.0"
178.115.45.138 - - [13/Aug/2024:16:17:42 +0200] "GET /entry.php?id=10776&form=10560&name=list& HTTP/1.1" 200 2312 "http://hausegger.activities.at/entry.php?id=10715" "Mozilla/5.0 (Windows NT 10.0; Win64; x64; rv:128.0) Gecko/20100101 Firefox/128.0"
178.115.45.138 - - [13/Aug/2024:16:17:43 +0200] "POST /entry.php?id=10716 HTTP/1.1" 200 7773 "http://hausegger.activities.at/entry.php?id=10716" "Mozilla/5.0 (Windows NT 10.0; Win64; x64; rv:128.0) Gecko/20100101 Firefox/128.0"
178.115.45.138 - - [13/Aug/2024:16:17:43 +0200] "GET /activities/framework/KoolControls/KoolAjax/koolajax.php?8436e354c842500aba3cbaf0584c0c24 HTTP/1.1" 200 4079 "http://hausegger.activities.at/entry.php?id=10716" "Mozilla/5.0 (Windows NT 10.0; Win64; x64; rv:128.0) Gecko/20100101 Firefox/128.0"
178.115.45.138 - - [13/Aug/2024:16:17:43 +0200] "GET /gui/javascript/form_form.js?1723558663 HTTP/1.1" 200 16206 "http://hausegger.activities.at/entry.php?id=10716" "Mozilla/5.0 (Windows NT 10.0; Win64; x64; rv:128.0) Gecko/20100101 Firefox/128.0"
178.115.45.138 - - [13/Aug/2024:16:17:43 +0200] "GET /activities/framework/KoolControls/KoolComboBox/koolcombobox.php?32981a13284db7a021131df49e6cd203 HTTP/1.1" 200 4607 "http://hausegger.activities.at/entry.php?id=10716" "Mozilla/5.0 (Windows NT 10.0; Win64; x64; rv:128.0) Gecko/20100101 Firefox/128.0"
178.115.45.138 - - [13/Aug/2024:16:17:43 +0200] "GET /activities/framework/KoolControls/KoolTreeView/kooltreeview.php?c7cd9180e88ffef8e70f13526bb4f5f7 HTTP/1.1" 200 5055 "http://hausegger.activities.at/entry.php?id=10716" "Mozilla/5.0 (Windows NT 10.0; Win64; x64; rv:128.0) Gecko/20100101 Firefox/128.0"
178.115.45.138 - - [13/Aug/2024:16:17:48 +0200] "GET /entry.php?id=10271&&ser=558608 HTTP/1.1" 200 987 "http://hausegger.activities.at/entry.php?id=10271&&ser=558547" "Mozilla/5.0 (Windows NT 10.0; Win64; x64; rv:128.0) Gecko/20100101 Firefox/128.0"
178.115.45.138 - - [13/Aug/2024:16:17:48 +0200] "GET /gui/javascript/form_form.js?1723558668 HTTP/1.1" 200 16206 "http://hausegger.activities.at/entry.php?id=10271&&ser=558608" "Mozilla/5.0 (Windows NT 10.0; Win64; x64; rv:128.0) Gecko/20100101 Firefox/128.0"
178.115.45.138 - - [13/Aug/2024:16:18:48 +0200] "GET /entry.php?id=10271&&ser=558668 HTTP/1.1" 200 987 "http://hausegger.activities.at/entry.php?id=10271&&ser=558608" "Mozilla/5.0 (Windows NT 10.0; Win64; x64; rv:128.0) Gecko/20100101 Firefox/128.0"
178.115.45.138 - - [13/Aug/2024:16:18:48 +0200] "GET /gui/javascript/form_form.js?1723558728 HTTP/1.1" 200 16206 "http://hausegger.activities.at/entry.php?id=10271&&ser=558668" "Mozilla/5.0 (Windows NT 10.0; Win64; x64; rv:128.0) Gecko/20100101 Firefox/128.0"
178.115.45.138 - - [13/Aug/2024:16:19:49 +0200] "GET /entry.php?id=10271&&ser=558728 HTTP/1.1" 200 987 "http://hausegger.activities.at/entry.php?id=10271&&ser=558668" "Mozilla/5.0 (Windows NT 10.0; Win64; x64; rv:128.0) Gecko/20100101 Firefox/128.0"
178.115.45.138 - - [13/Aug/2024:16:19:49 +0200] "GET /gui/javascript/form_form.js?1723558789 HTTP/1.1" 200 16206 "http://hausegger.activities.at/entry.php?id=10271&&ser=558728" "Mozilla/5.0 (Windows NT 10.0; Win64; x64; rv:128.0) Gecko/20100101 Firefox/128.0"
178.115.45.138 - - [13/Aug/2024:16:20:49 +0200] "GET /entry.php?id=10271&&ser=558789 HTTP/1.1" 200 987 "http://hausegger.activities.at/entry.php?id=10271&&ser=558728" "Mozilla/5.0 (Windows NT 10.0; Win64; x64; rv:128.0) Gecko/20100101 Firefox/128.0"
178.115.45.138 - - [13/Aug/2024:16:20:49 +0200] "GET /gui/javascript/form_form.js?1723558849 HTTP/1.1" 200 16206 "http://hausegger.activities.at/entry.php?id=10271&&ser=558789" "Mozilla/5.0 (Windows NT 10.0; Win64; x64; rv:128.0) Gecko/20100101 Firefox/128.0"
185.191.126.213 - - [13/Aug/2024:16:21:07 +0200] "GET / HTTP/1.1" 200 423 "-" "-"
178.115.45.138 - - [13/Aug/2024:16:21:49 +0200] "GET /entry.php?id=10271&&ser=558849 HTTP/1.1" 200 987 "http://hausegger.activities.at/entry.php?id=10271&&ser=558789" "Mozilla/5.0 (Windows NT 10.0; Win64; x64; rv:128.0) Gecko/20100101 Firefox/128.0"
178.115.45.138 - - [13/Aug/2024:16:21:49 +0200] "GET /gui/javascript/form_form.js?1723558909 HTTP/1.1" 200 16206 "http://hausegger.activities.at/entry.php?id=10271&&ser=558849" "Mozilla/5.0 (Windows NT 10.0; Win64; x64; rv:128.0) Gecko/20100101 Firefox/128.0"
178.115.45.138 - - [13/Aug/2024:16:22:49 +0200] "GET /entry.php?id=10271&&ser=558909 HTTP/1.1" 200 987 "http://hausegger.activities.at/entry.php?id=10271&&ser=558849" "Mozilla/5.0 (Windows NT 10.0; Win64; x64; rv:128.0) Gecko/20100101 Firefox/128.0"
178.115.45.138 - - [13/Aug/2024:16:22:49 +0200] "GET /gui/javascript/form_form.js?1723558969 HTTP/1.1" 200 16206 "http://hausegger.activities.at/entry.php?id=10271&&ser=558909" "Mozilla/5.0 (Windows NT 10.0; Win64; x64; rv:128.0) Gecko/20100101 Firefox/128.0"
178.115.45.138 - - [13/Aug/2024:16:23:50 +0200] "GET /entry.php?id=10271&&ser=558969 HTTP/1.1" 200 986 "http://hausegger.activities.at/entry.php?id=10271&&ser=558909" "Mozilla/5.0 (Windows NT 10.0; Win64; x64; rv:128.0) Gecko/20100101 Firefox/128.0"
178.115.45.138 - - [13/Aug/2024:16:23:50 +0200] "GET /gui/javascript/form_form.js?1723559030 HTTP/1.1" 200 16206 "http://hausegger.activities.at/entry.php?id=10271&&ser=558969" "Mozilla/5.0 (Windows NT 10.0; Win64; x64; rv:128.0) Gecko/20100101 Firefox/128.0"
178.115.45.138 - - [13/Aug/2024:16:24:50 +0200] "GET /entry.php?id=10271&&ser=559030 HTTP/1.1" 200 987 "http://hausegger.activities.at/entry.php?id=10271&&ser=558969" "Mozilla/5.0 (Windows NT 10.0; Win64; x64; rv:128.0) Gecko/20100101 Firefox/128.0"
178.115.45.138 - - [13/Aug/2024:16:24:50 +0200] "GET /gui/javascript/form_form.js?1723559090 HTTP/1.1" 200 16206 "http://hausegger.activities.at/entry.php?id=10271&&ser=559030" "Mozilla/5.0 (Windows NT 10.0; Win64; x64; rv:128.0) Gecko/20100101 Firefox/128.0"
178.115.45.138 - - [13/Aug/2024:16:25:51 +0200] "GET /entry.php?id=10271&&ser=559090 HTTP/1.1" 200 986 "http://hausegger.activities.at/entry.php?id=10271&&ser=559030" "Mozilla/5.0 (Windows NT 10.0; Win64; x64; rv:128.0) Gecko/20100101 Firefox/128.0"
178.115.45.138 - - [13/Aug/2024:16:25:51 +0200] "GET /gui/javascript/form_form.js?1723559151 HTTP/1.1" 200 16206 "http://hausegger.activities.at/entry.php?id=10271&&ser=559090" "Mozilla/5.0 (Windows NT 10.0; Win64; x64; rv:128.0) Gecko/20100101 Firefox/128.0"
178.115.45.138 - - [13/Aug/2024:16:26:51 +0200] "GET /entry.php?id=10271&&ser=559151 HTTP/1.1" 200 987 "http://hausegger.activities.at/entry.php?id=10271&&ser=559090" "Mozilla/5.0 (Windows NT 10.0; Win64; x64; rv:128.0) Gecko/20100101 Firefox/128.0"
178.115.45.138 - - [13/Aug/2024:16:26:52 +0200] "GET /gui/javascript/form_form.js?1723559212 HTTP/1.1" 200 16206 "http://hausegger.activities.at/entry.php?id=10271&&ser=559151" "Mozilla/5.0 (Windows NT 10.0; Win64; x64; rv:128.0) Gecko/20100101 Firefox/128.0"
178.115.45.138 - - [13/Aug/2024:16:27:52 +0200] "GET /entry.php?id=10271&&ser=559212 HTTP/1.1" 200 987 "http://hausegger.activities.at/entry.php?id=10271&&ser=559151" "Mozilla/5.0 (Windows NT 10.0; Win64; x64; rv:128.0) Gecko/20100101 Firefox/128.0"
178.115.45.138 - - [13/Aug/2024:16:27:52 +0200] "GET /gui/javascript/form_form.js?1723559272 HTTP/1.1" 200 16206 "http://hausegger.activities.at/entry.php?id=10271&&ser=559212" "Mozilla/5.0 (Windows NT 10.0; Win64; x64; rv:128.0) Gecko/20100101 Firefox/128.0"
178.115.45.138 - - [13/Aug/2024:16:28:52 +0200] "GET /entry.php?id=10271&&ser=559272 HTTP/1.1" 200 987 "http://hausegger.activities.at/entry.php?id=10271&&ser=559212" "Mozilla/5.0 (Windows NT 10.0; Win64; x64; rv:128.0) Gecko/20100101 Firefox/128.0"
178.115.45.138 - - [13/Aug/2024:16:28:52 +0200] "GET /gui/javascript/form_form.js?1723559332 HTTP/1.1" 200 16206 "http://hausegger.activities.at/entry.php?id=10271&&ser=559272" "Mozilla/5.0 (Windows NT 10.0; Win64; x64; rv:128.0) Gecko/20100101 Firefox/128.0"
178.115.45.138 - - [13/Aug/2024:16:29:52 +0200] "GET /entry.php?id=10271&&ser=559332 HTTP/1.1" 200 987 "http://hausegger.activities.at/entry.php?id=10271&&ser=559272" "Mozilla/5.0 (Windows NT 10.0; Win64; x64; rv:128.0) Gecko/20100101 Firefox/128.0"
178.115.45.138 - - [13/Aug/2024:16:29:52 +0200] "GET /gui/javascript/form_form.js?1723559392 HTTP/1.1" 200 16206 "http://hausegger.activities.at/entry.php?id=10271&&ser=559332" "Mozilla/5.0 (Windows NT 10.0; Win64; x64; rv:128.0) Gecko/20100101 Firefox/128.0"
178.115.45.138 - - [13/Aug/2024:16:30:53 +0200] "GET /entry.php?id=10271&&ser=559392 HTTP/1.1" 200 987 "http://hausegger.activities.at/entry.php?id=10271&&ser=559332" "Mozilla/5.0 (Windows NT 10.0; Win64; x64; rv:128.0) Gecko/20100101 Firefox/128.0"
178.115.45.138 - - [13/Aug/2024:16:30:53 +0200] "GET /gui/javascript/form_form.js?1723559453 HTTP/1.1" 200 16206 "http://hausegger.activities.at/entry.php?id=10271&&ser=559392" "Mozilla/5.0 (Windows NT 10.0; Win64; x64; rv:128.0) Gecko/20100101 Firefox/128.0"
178.115.45.138 - - [13/Aug/2024:16:31:53 +0200] "GET /entry.php?id=10271&&ser=559453 HTTP/1.1" 200 987 "http://hausegger.activities.at/entry.php?id=10271&&ser=559392" "Mozilla/5.0 (Windows NT 10.0; Win64; x64; rv:128.0) Gecko/20100101 Firefox/128.0"
178.115.45.138 - - [13/Aug/2024:16:31:53 +0200] "GET /gui/javascript/form_form.js?1723559513 HTTP/1.1" 200 16206 "http://hausegger.activities.at/entry.php?id=10271&&ser=559453" "Mozilla/5.0 (Windows NT 10.0; Win64; x64; rv:128.0) Gecko/20100101 Firefox/128.0"
178.115.45.138 - - [13/Aug/2024:16:32:53 +0200] "GET /entry.php?id=10271&&ser=559513 HTTP/1.1" 200 987 "http://hausegger.activities.at/entry.php?id=10271&&ser=559453" "Mozilla/5.0 (Windows NT 10.0; Win64; x64; rv:128.0) Gecko/20100101 Firefox/128.0"
178.115.45.138 - - [13/Aug/2024:16:32:53 +0200] "GET /gui/javascript/form_form.js?1723559573 HTTP/1.1" 200 16206 "http://hausegger.activities.at/entry.php?id=10271&&ser=559513" "Mozilla/5.0 (Windows NT 10.0; Win64; x64; rv:128.0) Gecko/20100101 Firefox/128.0"
178.115.45.138 - - [13/Aug/2024:16:33:53 +0200] "GET /entry.php?id=10271&&ser=559573 HTTP/1.1" 200 987 "http://hausegger.activities.at/entry.php?id=10271&&ser=559513" "Mozilla/5.0 (Windows NT 10.0; Win64; x64; rv:128.0) Gecko/20100101 Firefox/128.0"
178.115.45.138 - - [13/Aug/2024:16:33:54 +0200] "GET /gui/javascript/form_form.js?1723559634 HTTP/1.1" 200 16206 "http://hausegger.activities.at/entry.php?id=10271&&ser=559573" "Mozilla/5.0 (Windows NT 10.0; Win64; x64; rv:128.0) Gecko/20100101 Firefox/128.0"
178.115.45.138 - - [13/Aug/2024:16:34:54 +0200] "GET /entry.php?id=10271&&ser=559634 HTTP/1.1" 200 987 "http://hausegger.activities.at/entry.php?id=10271&&ser=559573" "Mozilla/5.0 (Windows NT 10.0; Win64; x64; rv:128.0) Gecko/20100101 Firefox/128.0"
178.115.45.138 - - [13/Aug/2024:16:34:54 +0200] "GET /gui/javascript/form_form.js?1723559694 HTTP/1.1" 200 16206 "http://hausegger.activities.at/entry.php?id=10271&&ser=559634" "Mozilla/5.0 (Windows NT 10.0; Win64; x64; rv:128.0) Gecko/20100101 Firefox/128.0"
178.115.45.138 - - [13/Aug/2024:16:35:54 +0200] "GET /entry.php?id=10271&&ser=559694 HTTP/1.1" 200 987 "http://hausegger.activities.at/entry.php?id=10271&&ser=559634" "Mozilla/5.0 (Windows NT 10.0; Win64; x64; rv:128.0) Gecko/20100101 Firefox/128.0"
178.115.45.138 - - [13/Aug/2024:16:35:54 +0200] "GET /gui/javascript/form_form.js?1723559754 HTTP/1.1" 200 16206 "http://hausegger.activities.at/entry.php?id=10271&&ser=559694" "Mozilla/5.0 (Windows NT 10.0; Win64; x64; rv:128.0) Gecko/20100101 Firefox/128.0"
178.115.45.138 - - [13/Aug/2024:16:36:36 +0200] "GET /entry.php?id=11049 HTTP/1.1" 200 2132 "http://hausegger.activities.at/entry.php?id=10270&__app__=10006038" "Mozilla/5.0 (Windows NT 10.0; Win64; x64; rv:128.0) Gecko/20100101 Firefox/128.0"
178.115.45.138 - - [13/Aug/2024:16:36:37 +0200] "GET /gui/javascript/form_lo_store_administration.js?1723559797 HTTP/1.1" 200 4261 "http://hausegger.activities.at/entry.php?id=11049" "Mozilla/5.0 (Windows NT 10.0; Win64; x64; rv:128.0) Gecko/20100101 Firefox/128.0"
178.115.45.138 - - [13/Aug/2024:16:36:37 +0200] "GET /gui/javascript/form_form.js?1723559797 HTTP/1.1" 200 16206 "http://hausegger.activities.at/entry.php?id=11049" "Mozilla/5.0 (Windows NT 10.0; Win64; x64; rv:128.0) Gecko/20100101 Firefox/128.0"
178.115.45.138 - - [13/Aug/2024:16:36:37 +0200] "GET /entry.php?id=11355&hiddetitle=true& HTTP/1.1" 200 335 "http://hausegger.activities.at/entry.php?id=11049" "Mozilla/5.0 (Windows NT 10.0; Win64; x64; rv:128.0) Gecko/20100101 Firefox/128.0"
