156.59.198.135 - - [14/Aug/2024:14:36:12 +0200] "GET /renault.2web.at/htdocs/export/xml/data/articles/202009230803_RenArticle.xml HTTP/1.0" 404 328 "-" "Mozilla/5.0 (Linux; Android 5.0) AppleWebKit/537.36 (KHTML, like Gecko) Mobile Safari/537.36 (compatible; Bytespider; spider-feedback@bytedance.com)"
156.59.198.135 - - [14/Aug/2024:14:36:32 +0200] "GET /renault.activities.at/htdocs/export/pdf/emuc_document/12018009.pdf HTTP/1.0" 404 321 "-" "Mozilla/5.0 (Linux; Android 5.0) AppleWebKit/537.36 (KHTML, like Gecko) Mobile Safari/537.36 (compatible; Bytespider; spider-feedback@bytedance.com)"
156.59.198.136 - - [14/Aug/2024:14:36:54 +0200] "GET /renault.2web.at/htdocs/export/xml/data/articles/202105110903_RenArticle.xml HTTP/1.0" 404 327 "-" "Mozilla/5.0 (Linux; Android 5.0) AppleWebKit/537.36 (KHTML, like Gecko) Mobile Safari/537.36 (compatible; Bytespider; spider-feedback@bytedance.com)"
178.115.45.138 - - [14/Aug/2024:14:37:02 +0200] "GET /entry.php?id=10271&&ser=638962 HTTP/1.1" 200 987 "http://hausegger.activities.at/entry.php?id=10271&&ser=638901" "Mozilla/5.0 (Windows NT 10.0; Win64; x64; rv:128.0) Gecko/20100101 Firefox/128.0"
178.115.45.138 - - [14/Aug/2024:14:37:02 +0200] "GET /gui/javascript/form_form.js?1723639022 HTTP/1.1" 200 16206 "http://hausegger.activities.at/entry.php?id=10271&&ser=638962" "Mozilla/5.0 (Windows NT 10.0; Win64; x64; rv:128.0) Gecko/20100101 Firefox/128.0"
156.59.198.136 - - [14/Aug/2024:14:37:15 +0200] "GET /renault.2web.at/htdocs/export/txt/factura/FacturaExport20150526125234.txt HTTP/1.0" 404 325 "-" "Mozilla/5.0 (Linux; Android 5.0) AppleWebKit/537.36 (KHTML, like Gecko) Mobile Safari/537.36 (compatible; Bytespider; spider-feedback@bytedance.com)"
35.203.211.43 - - [14/Aug/2024:14:37:18 +0200] "GET / HTTP/1.1" 200 274 "-" "Expanse, a Palo Alto Networks company, searches across the global IPv4 space multiple times per day to identify customers' presences on the Internet. If you would like to be excluded from our scans, please send IP addresses/domains to: scaninfo@paloaltonetworks.com"
156.59.198.135 - - [14/Aug/2024:14:37:36 +0200] "GET /renault.activities.at/htdocs/export/pdf/emuc_document/12226746.pdf HTTP/1.0" 404 322 "-" "Mozilla/5.0 (Linux; Android 5.0) AppleWebKit/537.36 (KHTML, like Gecko) Mobile Safari/537.36 (compatible; Bytespider; spider-feedback@bytedance.com)"
156.59.198.135 - - [14/Aug/2024:14:37:57 +0200] "GET /renault.activities.at/htdocs/export/pdf/emuc_document/12397728.pdf HTTP/1.0" 404 323 "-" "Mozilla/5.0 (Linux; Android 5.0) AppleWebKit/537.36 (KHTML, like Gecko) Mobile Safari/537.36 (compatible; Bytespider; spider-feedback@bytedance.com)"
178.115.45.138 - - [14/Aug/2024:14:38:02 +0200] "GET /entry.php?id=10271&&ser=639022 HTTP/1.1" 200 987 "http://hausegger.activities.at/entry.php?id=10271&&ser=638962" "Mozilla/5.0 (Windows NT 10.0; Win64; x64; rv:128.0) Gecko/20100101 Firefox/128.0"
178.115.45.138 - - [14/Aug/2024:14:38:02 +0200] "GET /gui/javascript/form_form.js?1723639082 HTTP/1.1" 200 16206 "http://hausegger.activities.at/entry.php?id=10271&&ser=639022" "Mozilla/5.0 (Windows NT 10.0; Win64; x64; rv:128.0) Gecko/20100101 Firefox/128.0"
156.59.198.135 - - [14/Aug/2024:14:38:18 +0200] "GET /renault.2web.at/htdocs/export/xml/data/articles/201908010803_RenArticle.xml HTTP/1.0" 404 326 "-" "Mozilla/5.0 (Linux; Android 5.0) AppleWebKit/537.36 (KHTML, like Gecko) Mobile Safari/537.36 (compatible; Bytespider; spider-feedback@bytedance.com)"
156.59.198.136 - - [14/Aug/2024:14:38:39 +0200] "GET /renault.activities.at/htdocs/export/pdf/emuc_document/11036007.pdf HTTP/1.0" 404 322 "-" "Mozilla/5.0 (Linux; Android 5.0) AppleWebKit/537.36 (KHTML, like Gecko) Mobile Safari/537.36 (compatible; Bytespider; spider-feedback@bytedance.com)"
156.59.198.135 - - [14/Aug/2024:14:39:00 +0200] "GET /renault.activities.at/htdocs/export/pdf/emuc_document/12269007.pdf HTTP/1.0" 404 322 "-" "Mozilla/5.0 (Linux; Android 5.0) AppleWebKit/537.36 (KHTML, like Gecko) Mobile Safari/537.36 (compatible; Bytespider; spider-feedback@bytedance.com)"
178.115.45.138 - - [14/Aug/2024:14:39:03 +0200] "GET /entry.php?id=10271&&ser=639082 HTTP/1.1" 200 987 "http://hausegger.activities.at/entry.php?id=10271&&ser=639022" "Mozilla/5.0 (Windows NT 10.0; Win64; x64; rv:128.0) Gecko/20100101 Firefox/128.0"
178.115.45.138 - - [14/Aug/2024:14:39:03 +0200] "GET /gui/javascript/form_form.js?1723639143 HTTP/1.1" 200 16206 "http://hausegger.activities.at/entry.php?id=10271&&ser=639082" "Mozilla/5.0 (Windows NT 10.0; Win64; x64; rv:128.0) Gecko/20100101 Firefox/128.0"
156.59.198.135 - - [14/Aug/2024:14:39:22 +0200] "GET /renault.activities.at/htdocs/export/pdf/emuc_document/11054473.pdf HTTP/1.0" 404 322 "-" "Mozilla/5.0 (Linux; Android 5.0) AppleWebKit/537.36 (KHTML, like Gecko) Mobile Safari/537.36 (compatible; Bytespider; spider-feedback@bytedance.com)"
156.59.198.135 - - [14/Aug/2024:14:39:43 +0200] "GET /renault.activities.at/htdocs/export/pdf/emuc_document/11334951.pdf HTTP/1.0" 404 322 "-" "Mozilla/5.0 (Linux; Android 5.0) AppleWebKit/537.36 (KHTML, like Gecko) Mobile Safari/537.36 (compatible; Bytespider; spider-feedback@bytedance.com)"
149.50.103.48 - - [14/Aug/2024:14:39:57 +0200] "GET / HTTP/1.1" 200 423 "-" "-"
178.115.45.138 - - [14/Aug/2024:14:40:03 +0200] "GET /entry.php?id=10271&&ser=639143 HTTP/1.1" 200 987 "http://hausegger.activities.at/entry.php?id=10271&&ser=639082" "Mozilla/5.0 (Windows NT 10.0; Win64; x64; rv:128.0) Gecko/20100101 Firefox/128.0"
178.115.45.138 - - [14/Aug/2024:14:40:03 +0200] "GET /gui/javascript/form_form.js?1723639203 HTTP/1.1" 200 16206 "http://hausegger.activities.at/entry.php?id=10271&&ser=639143" "Mozilla/5.0 (Windows NT 10.0; Win64; x64; rv:128.0) Gecko/20100101 Firefox/128.0"
156.59.198.136 - - [14/Aug/2024:14:40:04 +0200] "GET /renault.2web.at/htdocs/export/txt/factura/FacturaExport20140905094635.txt HTTP/1.0" 404 325 "-" "Mozilla/5.0 (Linux; Android 5.0) AppleWebKit/537.36 (KHTML, like Gecko) Mobile Safari/537.36 (compatible; Bytespider; spider-feedback@bytedance.com)"
156.59.198.136 - - [14/Aug/2024:14:40:25 +0200] "GET /renault.activities.at/htdocs/export/pdf/emuc_document/10790285.pdf HTTP/1.0" 404 322 "-" "Mozilla/5.0 (Linux; Android 5.0) AppleWebKit/537.36 (KHTML, like Gecko) Mobile Safari/537.36 (compatible; Bytespider; spider-feedback@bytedance.com)"
156.59.198.136 - - [14/Aug/2024:14:40:46 +0200] "GET /renault.activities.at/htdocs/export/pdf/emuc_document/11035944.pdf HTTP/1.0" 404 322 "-" "Mozilla/5.0 (Linux; Android 5.0) AppleWebKit/537.36 (KHTML, like Gecko) Mobile Safari/537.36 (compatible; Bytespider; spider-feedback@bytedance.com)"
178.115.45.138 - - [14/Aug/2024:14:41:03 +0200] "GET /entry.php?id=10271&&ser=639203 HTTP/1.1" 200 987 "http://hausegger.activities.at/entry.php?id=10271&&ser=639143" "Mozilla/5.0 (Windows NT 10.0; Win64; x64; rv:128.0) Gecko/20100101 Firefox/128.0"
178.115.45.138 - - [14/Aug/2024:14:41:03 +0200] "GET /gui/javascript/form_form.js?1723639263 HTTP/1.1" 200 16206 "http://hausegger.activities.at/entry.php?id=10271&&ser=639203" "Mozilla/5.0 (Windows NT 10.0; Win64; x64; rv:128.0) Gecko/20100101 Firefox/128.0"
77.222.112.83 - - [14/Aug/2024:14:41:07 +0200] "GET / HTTP/1.0" 200 423 "http://food-and-drink.vienna-lodgings.at/" "Mozilla/5.0 (Windows NT 10.0; Win64; x64) AppleWebKit/537.36 (KHTML, like Gecko) Chrome/103.0.5060.134 Safari/537.36"
156.59.198.136 - - [14/Aug/2024:14:41:07 +0200] "GET /renault.2web.at/htdocs/export/xml/data/articles/201910031303_RenArticle.xml HTTP/1.0" 404 327 "-" "Mozilla/5.0 (Linux; Android 5.0) AppleWebKit/537.36 (KHTML, like Gecko) Mobile Safari/537.36 (compatible; Bytespider; spider-feedback@bytedance.com)"
156.59.198.135 - - [14/Aug/2024:14:41:28 +0200] "GET /renault.activities.at/htdocs/export/pdf/emuc_document/10672931.pdf HTTP/1.0" 404 322 "-" "Mozilla/5.0 (Linux; Android 5.0) AppleWebKit/537.36 (KHTML, like Gecko) Mobile Safari/537.36 (compatible; Bytespider; spider-feedback@bytedance.com)"
156.59.198.136 - - [14/Aug/2024:14:41:49 +0200] "GET /renault.2web.at/htdocs/export/xml/data/articles/202104211203_RenArticle.xml HTTP/1.0" 404 326 "-" "Mozilla/5.0 (Linux; Android 5.0) AppleWebKit/537.36 (KHTML, like Gecko) Mobile Safari/537.36 (compatible; Bytespider; spider-feedback@bytedance.com)"
178.115.45.138 - - [14/Aug/2024:14:42:03 +0200] "GET /entry.php?id=10271&&ser=639263 HTTP/1.1" 200 987 "http://hausegger.activities.at/entry.php?id=10271&&ser=639203" "Mozilla/5.0 (Windows NT 10.0; Win64; x64; rv:128.0) Gecko/20100101 Firefox/128.0"
178.115.45.138 - - [14/Aug/2024:14:42:04 +0200] "GET /gui/javascript/form_form.js?1723639324 HTTP/1.1" 200 16206 "http://hausegger.activities.at/entry.php?id=10271&&ser=639263" "Mozilla/5.0 (Windows NT 10.0; Win64; x64; rv:128.0) Gecko/20100101 Firefox/128.0"
156.59.198.136 - - [14/Aug/2024:14:42:11 +0200] "GET /renault.activities.at/htdocs/export/pdf/emuc_document/11824021.pdf HTTP/1.0" 404 321 "-" "Mozilla/5.0 (Linux; Android 5.0) AppleWebKit/537.36 (KHTML, like Gecko) Mobile Safari/537.36 (compatible; Bytespider; spider-feedback@bytedance.com)"
156.59.198.136 - - [14/Aug/2024:14:42:32 +0200] "GET /renault.2web.at/htdocs/export/txt/factura/FacturaExport20150930112405.txt HTTP/1.0" 404 324 "-" "Mozilla/5.0 (Linux; Android 5.0) AppleWebKit/537.36 (KHTML, like Gecko) Mobile Safari/537.36 (compatible; Bytespider; spider-feedback@bytedance.com)"
156.59.198.135 - - [14/Aug/2024:14:42:54 +0200] "GET /renault.2web.at/htdocs/export/txt/factura/FacturaExport20140204130458.txt HTTP/1.0" 404 324 "-" "Mozilla/5.0 (Linux; Android 5.0) AppleWebKit/537.36 (KHTML, like Gecko) Mobile Safari/537.36 (compatible; Bytespider; spider-feedback@bytedance.com)"
178.115.45.138 - - [14/Aug/2024:14:43:04 +0200] "GET /entry.php?id=10271&&ser=639324 HTTP/1.1" 200 987 "http://hausegger.activities.at/entry.php?id=10271&&ser=639263" "Mozilla/5.0 (Windows NT 10.0; Win64; x64; rv:128.0) Gecko/20100101 Firefox/128.0"
178.115.45.138 - - [14/Aug/2024:14:43:04 +0200] "GET /gui/javascript/form_form.js?1723639384 HTTP/1.1" 200 16206 "http://hausegger.activities.at/entry.php?id=10271&&ser=639324" "Mozilla/5.0 (Windows NT 10.0; Win64; x64; rv:128.0) Gecko/20100101 Firefox/128.0"
178.115.45.138 - - [14/Aug/2024:14:44:04 +0200] "GET /entry.php?id=10271&&ser=639384 HTTP/1.1" 200 987 "http://hausegger.activities.at/entry.php?id=10271&&ser=639324" "Mozilla/5.0 (Windows NT 10.0; Win64; x64; rv:128.0) Gecko/20100101 Firefox/128.0"
178.115.45.138 - - [14/Aug/2024:14:44:04 +0200] "GET /gui/javascript/form_form.js?1723639444 HTTP/1.1" 200 16206 "http://hausegger.activities.at/entry.php?id=10271&&ser=639384" "Mozilla/5.0 (Windows NT 10.0; Win64; x64; rv:128.0) Gecko/20100101 Firefox/128.0"
178.115.45.138 - - [14/Aug/2024:14:45:04 +0200] "GET /entry.php?id=10271&&ser=639444 HTTP/1.1" 200 987 "http://hausegger.activities.at/entry.php?id=10271&&ser=639384" "Mozilla/5.0 (Windows NT 10.0; Win64; x64; rv:128.0) Gecko/20100101 Firefox/128.0"
178.115.45.138 - - [14/Aug/2024:14:45:04 +0200] "GET /gui/javascript/form_form.js?1723639504 HTTP/1.1" 200 16206 "http://hausegger.activities.at/entry.php?id=10271&&ser=639444" "Mozilla/5.0 (Windows NT 10.0; Win64; x64; rv:128.0) Gecko/20100101 Firefox/128.0"
218.102.12.49 - - [14/Aug/2024:14:45:42 +0200] "GET / HTTP/1.0" 200 423 "-" "Mozilla/5.0 (Linux; U; Android 4.0.3; ko-kr; LG-L160L Build/IML74K) AppleWebkit/534.30 (KHTML, like Gecko) Version/4.0 Mobile Safari/534.30"
178.115.45.138 - - [14/Aug/2024:14:46:05 +0200] "GET /entry.php?id=10271&&ser=639504 HTTP/1.1" 200 987 "http://hausegger.activities.at/entry.php?id=10271&&ser=639444" "Mozilla/5.0 (Windows NT 10.0; Win64; x64; rv:128.0) Gecko/20100101 Firefox/128.0"
178.115.45.138 - - [14/Aug/2024:14:46:05 +0200] "GET /gui/javascript/form_form.js?1723639565 HTTP/1.1" 200 16206 "http://hausegger.activities.at/entry.php?id=10271&&ser=639504" "Mozilla/5.0 (Windows NT 10.0; Win64; x64; rv:128.0) Gecko/20100101 Firefox/128.0"
156.59.198.136 - - [14/Aug/2024:14:46:22 +0200] "GET /renault.2web.at/htdocs/export/xml/data/articles/202110201303_RenArticle.xml HTTP/1.0" 404 327 "-" "Mozilla/5.0 (Linux; Android 5.0) AppleWebKit/537.36 (KHTML, like Gecko) Mobile Safari/537.36 (compatible; Bytespider; spider-feedback@bytedance.com)"
156.59.198.135 - - [14/Aug/2024:14:46:43 +0200] "GET /renault.2web.at/htdocs/export/txt/factura/FacturaExport20140908121942.txt HTTP/1.0" 404 324 "-" "Mozilla/5.0 (Linux; Android 5.0) AppleWebKit/537.36 (KHTML, like Gecko) Mobile Safari/537.36 (compatible; Bytespider; spider-feedback@bytedance.com)"
178.115.45.138 - - [14/Aug/2024:14:47:05 +0200] "GET /entry.php?id=10271&&ser=639565 HTTP/1.1" 200 987 "http://hausegger.activities.at/entry.php?id=10271&&ser=639504" "Mozilla/5.0 (Windows NT 10.0; Win64; x64; rv:128.0) Gecko/20100101 Firefox/128.0"
178.115.45.138 - - [14/Aug/2024:14:47:05 +0200] "GET /gui/javascript/form_form.js?1723639625 HTTP/1.1" 200 16206 "http://hausegger.activities.at/entry.php?id=10271&&ser=639565" "Mozilla/5.0 (Windows NT 10.0; Win64; x64; rv:128.0) Gecko/20100101 Firefox/128.0"
156.59.198.136 - - [14/Aug/2024:14:47:05 +0200] "GET /renault.activities.at/htdocs/export/pdf/emuc_document/11829637.pdf HTTP/1.0" 404 322 "-" "Mozilla/5.0 (Linux; Android 5.0) AppleWebKit/537.36 (KHTML, like Gecko) Mobile Safari/537.36 (compatible; Bytespider; spider-feedback@bytedance.com)"
156.59.198.135 - - [14/Aug/2024:14:47:26 +0200] "GET /renault.activities.at/htdocs/export/pdf/emuc_document/11629857.pdf HTTP/1.0" 404 322 "-" "Mozilla/5.0 (Linux; Android 5.0) AppleWebKit/537.36 (KHTML, like Gecko) Mobile Safari/537.36 (compatible; Bytespider; spider-feedback@bytedance.com)"
156.59.198.136 - - [14/Aug/2024:14:47:48 +0200] "GET /renault.activities.at/htdocs/export/pdf/emuc_document/12465222.pdf HTTP/1.0" 404 321 "-" "Mozilla/5.0 (Linux; Android 5.0) AppleWebKit/537.36 (KHTML, like Gecko) Mobile Safari/537.36 (compatible; Bytespider; spider-feedback@bytedance.com)"
178.115.45.138 - - [14/Aug/2024:14:48:05 +0200] "GET /entry.php?id=10271&&ser=639625 HTTP/1.1" 200 987 "http://hausegger.activities.at/entry.php?id=10271&&ser=639565" "Mozilla/5.0 (Windows NT 10.0; Win64; x64; rv:128.0) Gecko/20100101 Firefox/128.0"
178.115.45.138 - - [14/Aug/2024:14:48:05 +0200] "GET /gui/javascript/form_form.js?1723639685 HTTP/1.1" 200 16206 "http://hausegger.activities.at/entry.php?id=10271&&ser=639625" "Mozilla/5.0 (Windows NT 10.0; Win64; x64; rv:128.0) Gecko/20100101 Firefox/128.0"
156.59.198.136 - - [14/Aug/2024:14:48:09 +0200] "GET /renault.2web.at/htdocs/export/xml/data/articles/202104271203_RenArticle.xml HTTP/1.0" 404 328 "-" "Mozilla/5.0 (Linux; Android 5.0) AppleWebKit/537.36 (KHTML, like Gecko) Mobile Safari/537.36 (compatible; Bytespider; spider-feedback@bytedance.com)"
156.59.198.136 - - [14/Aug/2024:14:48:30 +0200] "GET /renault.activities.at/htdocs/export/pdf/emuc_document/11320782.pdf HTTP/1.0" 404 322 "-" "Mozilla/5.0 (Linux; Android 5.0) AppleWebKit/537.36 (KHTML, like Gecko) Mobile Safari/537.36 (compatible; Bytespider; spider-feedback@bytedance.com)"
156.59.198.136 - - [14/Aug/2024:14:48:51 +0200] "GET /renault.2web.at/htdocs/export/xml/data/orders/202104270903_RenOrder.xml HTTP/1.0" 404 326 "-" "Mozilla/5.0 (Linux; Android 5.0) AppleWebKit/537.36 (KHTML, like Gecko) Mobile Safari/537.36 (compatible; Bytespider; spider-feedback@bytedance.com)"
178.115.45.138 - - [14/Aug/2024:14:49:06 +0200] "GET /entry.php?id=10271&&ser=639685 HTTP/1.1" 200 987 "http://hausegger.activities.at/entry.php?id=10271&&ser=639625" "Mozilla/5.0 (Windows NT 10.0; Win64; x64; rv:128.0) Gecko/20100101 Firefox/128.0"
178.115.45.138 - - [14/Aug/2024:14:49:06 +0200] "GET /gui/javascript/form_form.js?1723639746 HTTP/1.1" 200 16206 "http://hausegger.activities.at/entry.php?id=10271&&ser=639685" "Mozilla/5.0 (Windows NT 10.0; Win64; x64; rv:128.0) Gecko/20100101 Firefox/128.0"
156.59.198.136 - - [14/Aug/2024:14:49:13 +0200] "GET /renault.2web.at/htdocs/export/xml/data/articles/202104141303_RenArticle.xml HTTP/1.0" 404 327 "-" "Mozilla/5.0 (Linux; Android 5.0) AppleWebKit/537.36 (KHTML, like Gecko) Mobile Safari/537.36 (compatible; Bytespider; spider-feedback@bytedance.com)"
156.59.198.135 - - [14/Aug/2024:14:49:33 +0200] "GET /renault.2web.at/htdocs/export/xml/data/articles/202008270803_RenArticle.xml HTTP/1.0" 404 328 "-" "Mozilla/5.0 (Linux; Android 5.0) AppleWebKit/537.36 (KHTML, like Gecko) Mobile Safari/537.36 (compatible; Bytespider; spider-feedback@bytedance.com)"
156.59.198.136 - - [14/Aug/2024:14:49:55 +0200] "GET /renault.activities.at/htdocs/export/pdf/emuc_document/10839834.pdf HTTP/1.0" 404 322 "-" "Mozilla/5.0 (Linux; Android 5.0) AppleWebKit/537.36 (KHTML, like Gecko) Mobile Safari/537.36 (compatible; Bytespider; spider-feedback@bytedance.com)"
178.115.45.138 - - [14/Aug/2024:14:50:06 +0200] "GET /entry.php?id=10271&&ser=639746 HTTP/1.1" 200 987 "http://hausegger.activities.at/entry.php?id=10271&&ser=639685" "Mozilla/5.0 (Windows NT 10.0; Win64; x64; rv:128.0) Gecko/20100101 Firefox/128.0"
178.115.45.138 - - [14/Aug/2024:14:50:06 +0200] "GET /gui/javascript/form_form.js?1723639806 HTTP/1.1" 200 16206 "http://hausegger.activities.at/entry.php?id=10271&&ser=639746" "Mozilla/5.0 (Windows NT 10.0; Win64; x64; rv:128.0) Gecko/20100101 Firefox/128.0"
156.59.198.136 - - [14/Aug/2024:14:50:16 +0200] "GET /renault.2web.at/htdocs/export/xml/data/articles/202101281203_RenArticle.xml HTTP/1.0" 404 327 "-" "Mozilla/5.0 (Linux; Android 5.0) AppleWebKit/537.36 (KHTML, like Gecko) Mobile Safari/537.36 (compatible; Bytespider; spider-feedback@bytedance.com)"
156.59.198.135 - - [14/Aug/2024:14:50:38 +0200] "GET /renault.activities.at/htdocs/export/pdf/emuc_document/11228315.pdf HTTP/1.0" 404 322 "-" "Mozilla/5.0 (Linux; Android 5.0) AppleWebKit/537.36 (KHTML, like Gecko) Mobile Safari/537.36 (compatible; Bytespider; spider-feedback@bytedance.com)"
156.59.198.136 - - [14/Aug/2024:14:50:59 +0200] "GET /renault.2web.at/htdocs/export/xml/data/articles/202108050903_RenArticle.xml HTTP/1.0" 404 327 "-" "Mozilla/5.0 (Linux; Android 5.0) AppleWebKit/537.36 (KHTML, like Gecko) Mobile Safari/537.36 (compatible; Bytespider; spider-feedback@bytedance.com)"
178.115.45.138 - - [14/Aug/2024:14:51:06 +0200] "GET /entry.php?id=10271&&ser=639806 HTTP/1.1" 200 987 "http://hausegger.activities.at/entry.php?id=10271&&ser=639746" "Mozilla/5.0 (Windows NT 10.0; Win64; x64; rv:128.0) Gecko/20100101 Firefox/128.0"
178.115.45.138 - - [14/Aug/2024:14:51:06 +0200] "GET /gui/javascript/form_form.js?1723639866 HTTP/1.1" 200 16206 "http://hausegger.activities.at/entry.php?id=10271&&ser=639806" "Mozilla/5.0 (Windows NT 10.0; Win64; x64; rv:128.0) Gecko/20100101 Firefox/128.0"
156.59.198.136 - - [14/Aug/2024:14:51:20 +0200] "GET /renault.activities.at/htdocs/export/pdf/emuc_document/11578709.pdf HTTP/1.0" 404 322 "-" "Mozilla/5.0 (Linux; Android 5.0) AppleWebKit/537.36 (KHTML, like Gecko) Mobile Safari/537.36 (compatible; Bytespider; spider-feedback@bytedance.com)"
156.59.198.135 - - [14/Aug/2024:14:51:42 +0200] "GET /renault.2web.at/htdocs/export/xml/data/articles/202004071503_RenArticle.xml HTTP/1.0" 404 328 "-" "Mozilla/5.0 (Linux; Android 5.0) AppleWebKit/537.36 (KHTML, like Gecko) Mobile Safari/537.36 (compatible; Bytespider; spider-feedback@bytedance.com)"
156.59.198.136 - - [14/Aug/2024:14:52:02 +0200] "GET /renault.activities.at/htdocs/export/pdf/emuc_document/11824114.pdf HTTP/1.0" 404 321 "-" "Mozilla/5.0 (Linux; Android 5.0) AppleWebKit/537.36 (KHTML, like Gecko) Mobile Safari/537.36 (compatible; Bytespider; spider-feedback@bytedance.com)"
178.115.45.138 - - [14/Aug/2024:14:52:06 +0200] "GET /entry.php?id=10271&&ser=639866 HTTP/1.1" 200 987 "http://hausegger.activities.at/entry.php?id=10271&&ser=639806" "Mozilla/5.0 (Windows NT 10.0; Win64; x64; rv:128.0) Gecko/20100101 Firefox/128.0"
178.115.45.138 - - [14/Aug/2024:14:52:07 +0200] "GET /gui/javascript/form_form.js?1723639926 HTTP/1.1" 200 16206 "http://hausegger.activities.at/entry.php?id=10271&&ser=639866" "Mozilla/5.0 (Windows NT 10.0; Win64; x64; rv:128.0) Gecko/20100101 Firefox/128.0"
156.59.198.136 - - [14/Aug/2024:14:52:24 +0200] "GET /renault.2web.at/htdocs/export/xml/data/articles/202002190803_RenArticle.xml HTTP/1.0" 404 327 "-" "Mozilla/5.0 (Linux; Android 5.0) AppleWebKit/537.36 (KHTML, like Gecko) Mobile Safari/537.36 (compatible; Bytespider; spider-feedback@bytedance.com)"
156.59.198.135 - - [14/Aug/2024:14:52:45 +0200] "GET /renault.2web.at/htdocs/export/xml/data/articles/202103171303_RenArticle.xml HTTP/1.0" 404 328 "-" "Mozilla/5.0 (Linux; Android 5.0) AppleWebKit/537.36 (KHTML, like Gecko) Mobile Safari/537.36 (compatible; Bytespider; spider-feedback@bytedance.com)"
156.59.198.135 - - [14/Aug/2024:14:53:07 +0200] "GET /renault.activities.at/htdocs/export/pdf/emuc_document/11659699.pdf HTTP/1.0" 404 321 "-" "Mozilla/5.0 (Linux; Android 5.0) AppleWebKit/537.36 (KHTML, like Gecko) Mobile Safari/537.36 (compatible; Bytespider; spider-feedback@bytedance.com)"
178.115.45.138 - - [14/Aug/2024:14:53:07 +0200] "GET /entry.php?id=10271&&ser=639926 HTTP/1.1" 200 987 "http://hausegger.activities.at/entry.php?id=10271&&ser=639866" "Mozilla/5.0 (Windows NT 10.0; Win64; x64; rv:128.0) Gecko/20100101 Firefox/128.0"
178.115.45.138 - - [14/Aug/2024:14:53:07 +0200] "GET /gui/javascript/form_form.js?1723639987 HTTP/1.1" 200 16206 "http://hausegger.activities.at/entry.php?id=10271&&ser=639926" "Mozilla/5.0 (Windows NT 10.0; Win64; x64; rv:128.0) Gecko/20100101 Firefox/128.0"
156.59.198.136 - - [14/Aug/2024:14:53:27 +0200] "GET /renault.2web.at/htdocs/export/txt/factura/FacturaExport20150428110444.txt HTTP/1.0" 404 324 "-" "Mozilla/5.0 (Linux; Android 5.0) AppleWebKit/537.36 (KHTML, like Gecko) Mobile Safari/537.36 (compatible; Bytespider; spider-feedback@bytedance.com)"
156.59.198.135 - - [14/Aug/2024:14:53:48 +0200] "GET /renault.activities.at/htdocs/export/pdf/emuc_document/11907434.pdf HTTP/1.0" 404 322 "-" "Mozilla/5.0 (Linux; Android 5.0) AppleWebKit/537.36 (KHTML, like Gecko) Mobile Safari/537.36 (compatible; Bytespider; spider-feedback@bytedance.com)"
178.115.45.138 - - [14/Aug/2024:14:54:07 +0200] "GET /entry.php?id=10271&&ser=639987 HTTP/1.1" 200 987 "http://hausegger.activities.at/entry.php?id=10271&&ser=639926" "Mozilla/5.0 (Windows NT 10.0; Win64; x64; rv:128.0) Gecko/20100101 Firefox/128.0"
178.115.45.138 - - [14/Aug/2024:14:54:07 +0200] "GET /gui/javascript/form_form.js?1723640047 HTTP/1.1" 200 16206 "http://hausegger.activities.at/entry.php?id=10271&&ser=639987" "Mozilla/5.0 (Windows NT 10.0; Win64; x64; rv:128.0) Gecko/20100101 Firefox/128.0"
156.59.198.136 - - [14/Aug/2024:14:54:10 +0200] "GET /renault.2web.at/htdocs/export/xml/data/articles/201912051403_RenArticle.xml HTTP/1.0" 404 327 "-" "Mozilla/5.0 (Linux; Android 5.0) AppleWebKit/537.36 (KHTML, like Gecko) Mobile Safari/537.36 (compatible; Bytespider; spider-feedback@bytedance.com)"
156.59.198.135 - - [14/Aug/2024:14:54:31 +0200] "GET /renault.activities.at/htdocs/export/pdf/emuc_document/11907229.pdf HTTP/1.0" 404 322 "-" "Mozilla/5.0 (Linux; Android 5.0) AppleWebKit/537.36 (KHTML, like Gecko) Mobile Safari/537.36 (compatible; Bytespider; spider-feedback@bytedance.com)"
156.59.198.135 - - [14/Aug/2024:14:54:52 +0200] "GET /renault.2web.at/htdocs/export/xml/data/articles/201909091003_RenArticle.xml HTTP/1.0" 404 326 "-" "Mozilla/5.0 (Linux; Android 5.0) AppleWebKit/537.36 (KHTML, like Gecko) Mobile Safari/537.36 (compatible; Bytespider; spider-feedback@bytedance.com)"
178.115.45.138 - - [14/Aug/2024:14:55:07 +0200] "GET /entry.php?id=10271&&ser=640047 HTTP/1.1" 200 987 "http://hausegger.activities.at/entry.php?id=10271&&ser=639987" "Mozilla/5.0 (Windows NT 10.0; Win64; x64; rv:128.0) Gecko/20100101 Firefox/128.0"
178.115.45.138 - - [14/Aug/2024:14:55:07 +0200] "GET /gui/javascript/form_form.js?1723640107 HTTP/1.1" 200 16206 "http://hausegger.activities.at/entry.php?id=10271&&ser=640047" "Mozilla/5.0 (Windows NT 10.0; Win64; x64; rv:128.0) Gecko/20100101 Firefox/128.0"
156.59.198.136 - - [14/Aug/2024:14:55:14 +0200] "GET /renault.2web.at/htdocs/export/xml/data/articles/201911041303_RenArticle.xml HTTP/1.0" 404 327 "-" "Mozilla/5.0 (Linux; Android 5.0) AppleWebKit/537.36 (KHTML, like Gecko) Mobile Safari/537.36 (compatible; Bytespider; spider-feedback@bytedance.com)"
156.59.198.136 - - [14/Aug/2024:14:55:35 +0200] "GET /renault.2web.at/htdocs/export/xml/data/articles/202106231103_RenArticle.xml HTTP/1.0" 404 327 "-" "Mozilla/5.0 (Linux; Android 5.0) AppleWebKit/537.36 (KHTML, like Gecko) Mobile Safari/537.36 (compatible; Bytespider; spider-feedback@bytedance.com)"
156.59.198.135 - - [14/Aug/2024:14:55:56 +0200] "GET /renault.2web.at/htdocs/export/txt/factura/FacturaExport20131219100151.txt HTTP/1.0" 404 324 "-" "Mozilla/5.0 (Linux; Android 5.0) AppleWebKit/537.36 (KHTML, like Gecko) Mobile Safari/537.36 (compatible; Bytespider; spider-feedback@bytedance.com)"
178.115.45.138 - - [14/Aug/2024:14:56:08 +0200] "GET /entry.php?id=10271&&ser=640107 HTTP/1.1" 200 987 "http://hausegger.activities.at/entry.php?id=10271&&ser=640047" "Mozilla/5.0 (Windows NT 10.0; Win64; x64; rv:128.0) Gecko/20100101 Firefox/128.0"
178.115.45.138 - - [14/Aug/2024:14:56:08 +0200] "GET /gui/javascript/form_form.js?1723640168 HTTP/1.1" 200 16206 "http://hausegger.activities.at/entry.php?id=10271&&ser=640107" "Mozilla/5.0 (Windows NT 10.0; Win64; x64; rv:128.0) Gecko/20100101 Firefox/128.0"
46.174.191.29 - - [14/Aug/2024:14:56:09 +0200] "GET / HTTP/1.0" 200 423 "-" "Mozilla/5.0 (Windows NT 6.1; WOW64; Trident/7.0; AS; rv:11.0) like Gecko"
178.115.45.138 - - [14/Aug/2024:14:57:08 +0200] "GET /entry.php?id=10271&&ser=640168 HTTP/1.1" 200 987 "http://hausegger.activities.at/entry.php?id=10271&&ser=640107" "Mozilla/5.0 (Windows NT 10.0; Win64; x64; rv:128.0) Gecko/20100101 Firefox/128.0"
178.115.45.138 - - [14/Aug/2024:14:57:08 +0200] "GET /gui/javascript/form_form.js?1723640228 HTTP/1.1" 200 16206 "http://hausegger.activities.at/entry.php?id=10271&&ser=640168" "Mozilla/5.0 (Windows NT 10.0; Win64; x64; rv:128.0) Gecko/20100101 Firefox/128.0"
156.59.198.136 - - [14/Aug/2024:14:57:13 +0200] "GET /renault.2web.at/htdocs/export/xml/data/articles/202011231403_RenArticle.xml HTTP/1.0" 404 327 "-" "Mozilla/5.0 (Linux; Android 5.0) AppleWebKit/537.36 (KHTML, like Gecko) Mobile Safari/537.36 (compatible; Bytespider; spider-feedback@bytedance.com)"
156.59.198.135 - - [14/Aug/2024:14:57:34 +0200] "GET /renault.2web.at/htdocs/export/txt/factura/FacturaExport20171211104554.txt HTTP/1.0" 404 324 "-" "Mozilla/5.0 (Linux; Android 5.0) AppleWebKit/537.36 (KHTML, like Gecko) Mobile Safari/537.36 (compatible; Bytespider; spider-feedback@bytedance.com)"
156.59.198.136 - - [14/Aug/2024:14:57:56 +0200] "GET /renault.2web.at/htdocs/export/xml/data/articles/202008260803_RenArticle.xml HTTP/1.0" 404 327 "-" "Mozilla/5.0 (Linux; Android 5.0) AppleWebKit/537.36 (KHTML, like Gecko) Mobile Safari/537.36 (compatible; Bytespider; spider-feedback@bytedance.com)"
178.115.45.138 - - [14/Aug/2024:14:58:08 +0200] "GET /entry.php?id=10271&&ser=640228 HTTP/1.1" 200 987 "http://hausegger.activities.at/entry.php?id=10271&&ser=640168" "Mozilla/5.0 (Windows NT 10.0; Win64; x64; rv:128.0) Gecko/20100101 Firefox/128.0"
178.115.45.138 - - [14/Aug/2024:14:58:08 +0200] "GET /gui/javascript/form_form.js?1723640288 HTTP/1.1" 200 16206 "http://hausegger.activities.at/entry.php?id=10271&&ser=640228" "Mozilla/5.0 (Windows NT 10.0; Win64; x64; rv:128.0) Gecko/20100101 Firefox/128.0"
156.59.198.135 - - [14/Aug/2024:14:58:16 +0200] "GET /renault.activities.at/htdocs/activities/framework/webfx/javascript/tinymce/license.txt HTTP/1.0" 404 331 "-" "Mozilla/5.0 (Linux; Android 5.0) AppleWebKit/537.36 (KHTML, like Gecko) Mobile Safari/537.36 (compatible; Bytespider; spider-feedback@bytedance.com)"
178.115.45.138 - - [14/Aug/2024:14:59:08 +0200] "GET /entry.php?id=10271&&ser=640288 HTTP/1.1" 200 987 "http://hausegger.activities.at/entry.php?id=10271&&ser=640228" "Mozilla/5.0 (Windows NT 10.0; Win64; x64; rv:128.0) Gecko/20100101 Firefox/128.0"
178.115.45.138 - - [14/Aug/2024:14:59:09 +0200] "GET /gui/javascript/form_form.js?1723640348 HTTP/1.1" 200 16206 "http://hausegger.activities.at/entry.php?id=10271&&ser=640288" "Mozilla/5.0 (Windows NT 10.0; Win64; x64; rv:128.0) Gecko/20100101 Firefox/128.0"
178.115.45.138 - - [14/Aug/2024:15:00:09 +0200] "GET /entry.php?id=10271&&ser=640348 HTTP/1.1" 200 987 "http://hausegger.activities.at/entry.php?id=10271&&ser=640288" "Mozilla/5.0 (Windows NT 10.0; Win64; x64; rv:128.0) Gecko/20100101 Firefox/128.0"
178.115.45.138 - - [14/Aug/2024:15:00:09 +0200] "GET /gui/javascript/form_form.js?1723640409 HTTP/1.1" 200 16206 "http://hausegger.activities.at/entry.php?id=10271&&ser=640348" "Mozilla/5.0 (Windows NT 10.0; Win64; x64; rv:128.0) Gecko/20100101 Firefox/128.0"
178.115.45.138 - - [14/Aug/2024:15:01:09 +0200] "GET /entry.php?id=10271&&ser=640409 HTTP/1.1" 200 987 "http://hausegger.activities.at/entry.php?id=10271&&ser=640348" "Mozilla/5.0 (Windows NT 10.0; Win64; x64; rv:128.0) Gecko/20100101 Firefox/128.0"
178.115.45.138 - - [14/Aug/2024:15:01:09 +0200] "GET /gui/javascript/form_form.js?1723640469 HTTP/1.1" 200 16206 "http://hausegger.activities.at/entry.php?id=10271&&ser=640409" "Mozilla/5.0 (Windows NT 10.0; Win64; x64; rv:128.0) Gecko/20100101 Firefox/128.0"
178.115.45.138 - - [14/Aug/2024:15:02:09 +0200] "GET /entry.php?id=10271&&ser=640469 HTTP/1.1" 200 987 "http://hausegger.activities.at/entry.php?id=10271&&ser=640409" "Mozilla/5.0 (Windows NT 10.0; Win64; x64; rv:128.0) Gecko/20100101 Firefox/128.0"
178.115.45.138 - - [14/Aug/2024:15:02:09 +0200] "GET /gui/javascript/form_form.js?1723640529 HTTP/1.1" 200 16206 "http://hausegger.activities.at/entry.php?id=10271&&ser=640469" "Mozilla/5.0 (Windows NT 10.0; Win64; x64; rv:128.0) Gecko/20100101 Firefox/128.0"
178.115.45.138 - - [14/Aug/2024:15:03:10 +0200] "GET /entry.php?id=10271&&ser=640529 HTTP/1.1" 200 987 "http://hausegger.activities.at/entry.php?id=10271&&ser=640469" "Mozilla/5.0 (Windows NT 10.0; Win64; x64; rv:128.0) Gecko/20100101 Firefox/128.0"
178.115.45.138 - - [14/Aug/2024:15:03:10 +0200] "GET /gui/javascript/form_form.js?1723640590 HTTP/1.1" 200 16206 "http://hausegger.activities.at/entry.php?id=10271&&ser=640529" "Mozilla/5.0 (Windows NT 10.0; Win64; x64; rv:128.0) Gecko/20100101 Firefox/128.0"
156.59.198.136 - - [14/Aug/2024:15:03:44 +0200] "GET /ed.activities.at/stats/lang/tooltips_w/awstats-tt-es.txt HTTP/1.0" 404 312 "-" "Mozilla/5.0 (Linux; Android 5.0) AppleWebKit/537.36 (KHTML, like Gecko) Mobile Safari/537.36 (compatible; Bytespider; spider-feedback@bytedance.com)"
156.59.198.136 - - [14/Aug/2024:15:04:05 +0200] "GET /renault.2web.at/htdocs/export/xml/data/articles/202102181003_RenArticle.xml HTTP/1.0" 404 326 "-" "Mozilla/5.0 (Linux; Android 5.0) AppleWebKit/537.36 (KHTML, like Gecko) Mobile Safari/537.36 (compatible; Bytespider; spider-feedback@bytedance.com)"
178.115.45.138 - - [14/Aug/2024:15:04:10 +0200] "GET /entry.php?id=10271&&ser=640590 HTTP/1.1" 200 987 "http://hausegger.activities.at/entry.php?id=10271&&ser=640529" "Mozilla/5.0 (Windows NT 10.0; Win64; x64; rv:128.0) Gecko/20100101 Firefox/128.0"
178.115.45.138 - - [14/Aug/2024:15:04:10 +0200] "GET /gui/javascript/form_form.js?1723640650 HTTP/1.1" 200 16206 "http://hausegger.activities.at/entry.php?id=10271&&ser=640590" "Mozilla/5.0 (Windows NT 10.0; Win64; x64; rv:128.0) Gecko/20100101 Firefox/128.0"
156.59.198.135 - - [14/Aug/2024:15:04:26 +0200] "GET /renault.activities.at/htdocs/export/pdf/emuc_document/11282176.pdf HTTP/1.0" 404 322 "-" "Mozilla/5.0 (Linux; Android 5.0) AppleWebKit/537.36 (KHTML, like Gecko) Mobile Safari/537.36 (compatible; Bytespider; spider-feedback@bytedance.com)"
156.59.198.135 - - [14/Aug/2024:15:04:48 +0200] "GET /renault.2web.at/htdocs/export/txt/factura/FacturaExport20150205100537.txt HTTP/1.0" 404 325 "-" "Mozilla/5.0 (Linux; Android 5.0) AppleWebKit/537.36 (KHTML, like Gecko) Mobile Safari/537.36 (compatible; Bytespider; spider-feedback@bytedance.com)"
156.59.198.135 - - [14/Aug/2024:15:05:09 +0200] "GET /renault.2web.at/htdocs/export/txt/factura/FacturaExport20190830095231.txt HTTP/1.0" 404 325 "-" "Mozilla/5.0 (Linux; Android 5.0) AppleWebKit/537.36 (KHTML, like Gecko) Mobile Safari/537.36 (compatible; Bytespider; spider-feedback@bytedance.com)"
178.115.45.138 - - [14/Aug/2024:15:05:10 +0200] "GET /entry.php?id=10271&&ser=640650 HTTP/1.1" 200 987 "http://hausegger.activities.at/entry.php?id=10271&&ser=640590" "Mozilla/5.0 (Windows NT 10.0; Win64; x64; rv:128.0) Gecko/20100101 Firefox/128.0"
178.115.45.138 - - [14/Aug/2024:15:05:10 +0200] "GET /gui/javascript/form_form.js?1723640710 HTTP/1.1" 200 16206 "http://hausegger.activities.at/entry.php?id=10271&&ser=640650" "Mozilla/5.0 (Windows NT 10.0; Win64; x64; rv:128.0) Gecko/20100101 Firefox/128.0"
156.59.198.136 - - [14/Aug/2024:15:05:30 +0200] "GET /renault.2web.at/stats/lang/tooltips_m/awstats-tt-br.txt HTTP/1.0" 404 313 "-" "Mozilla/5.0 (Linux; Android 5.0) AppleWebKit/537.36 (KHTML, like Gecko) Mobile Safari/537.36 (compatible; Bytespider; spider-feedback@bytedance.com)"
156.59.198.135 - - [14/Aug/2024:15:05:51 +0200] "GET /renault.activities.at/htdocs/export/pdf/emuc_document/11581980.pdf HTTP/1.0" 404 321 "-" "Mozilla/5.0 (Linux; Android 5.0) AppleWebKit/537.36 (KHTML, like Gecko) Mobile Safari/537.36 (compatible; Bytespider; spider-feedback@bytedance.com)"
178.115.45.138 - - [14/Aug/2024:15:06:10 +0200] "GET /entry.php?id=10271&&ser=640710 HTTP/1.1" 200 988 "http://hausegger.activities.at/entry.php?id=10271&&ser=640650" "Mozilla/5.0 (Windows NT 10.0; Win64; x64; rv:128.0) Gecko/20100101 Firefox/128.0"
178.115.45.138 - - [14/Aug/2024:15:06:11 +0200] "GET /gui/javascript/form_form.js?1723640771 HTTP/1.1" 200 16206 "http://hausegger.activities.at/entry.php?id=10271&&ser=640710" "Mozilla/5.0 (Windows NT 10.0; Win64; x64; rv:128.0) Gecko/20100101 Firefox/128.0"
156.59.198.135 - - [14/Aug/2024:15:06:12 +0200] "GET /renault.activities.at/htdocs/export/pdf/emuc_document/12022649.pdf HTTP/1.0" 404 321 "-" "Mozilla/5.0 (Linux; Android 5.0) AppleWebKit/537.36 (KHTML, like Gecko) Mobile Safari/537.36 (compatible; Bytespider; spider-feedback@bytedance.com)"
185.191.126.213 - - [14/Aug/2024:15:06:29 +0200] "GET / HTTP/1.1" 200 423 "-" "-"
156.59.198.135 - - [14/Aug/2024:15:06:33 +0200] "GET /renault.activities.at/htdocs/export/pdf/emuc_document/12001018.pdf HTTP/1.0" 404 321 "-" "Mozilla/5.0 (Linux; Android 5.0) AppleWebKit/537.36 (KHTML, like Gecko) Mobile Safari/537.36 (compatible; Bytespider; spider-feedback@bytedance.com)"
156.59.198.135 - - [14/Aug/2024:15:06:55 +0200] "GET /renault.2web.at/htdocs/export/xml/data/articles/202104071403_RenArticle.xml HTTP/1.0" 404 328 "-" "Mozilla/5.0 (Linux; Android 5.0) AppleWebKit/537.36 (KHTML, like Gecko) Mobile Safari/537.36 (compatible; Bytespider; spider-feedback@bytedance.com)"
178.115.45.138 - - [14/Aug/2024:15:07:11 +0200] "GET /entry.php?id=10271&&ser=640770 HTTP/1.1" 200 987 "http://hausegger.activities.at/entry.php?id=10271&&ser=640710" "Mozilla/5.0 (Windows NT 10.0; Win64; x64; rv:128.0) Gecko/20100101 Firefox/128.0"
178.115.45.138 - - [14/Aug/2024:15:07:11 +0200] "GET /gui/javascript/form_form.js?1723640831 HTTP/1.1" 200 16206 "http://hausegger.activities.at/entry.php?id=10271&&ser=640770" "Mozilla/5.0 (Windows NT 10.0; Win64; x64; rv:128.0) Gecko/20100101 Firefox/128.0"
156.59.198.135 - - [14/Aug/2024:15:07:16 +0200] "GET /renault.activities.at/htdocs/export/pdf/emuc_document/11580810.pdf HTTP/1.0" 404 321 "-" "Mozilla/5.0 (Linux; Android 5.0) AppleWebKit/537.36 (KHTML, like Gecko) Mobile Safari/537.36 (compatible; Bytespider; spider-feedback@bytedance.com)"
178.115.45.138 - - [14/Aug/2024:15:08:11 +0200] "GET /entry.php?id=10271&&ser=640831 HTTP/1.1" 200 987 "http://hausegger.activities.at/entry.php?id=10271&&ser=640770" "Mozilla/5.0 (Windows NT 10.0; Win64; x64; rv:128.0) Gecko/20100101 Firefox/128.0"
178.115.45.138 - - [14/Aug/2024:15:08:11 +0200] "GET /gui/javascript/form_form.js?1723640891 HTTP/1.1" 200 16206 "http://hausegger.activities.at/entry.php?id=10271&&ser=640831" "Mozilla/5.0 (Windows NT 10.0; Win64; x64; rv:128.0) Gecko/20100101 Firefox/128.0"
178.115.45.138 - - [14/Aug/2024:15:09:11 +0200] "GET /entry.php?id=10271&&ser=640891 HTTP/1.1" 200 987 "http://hausegger.activities.at/entry.php?id=10271&&ser=640831" "Mozilla/5.0 (Windows NT 10.0; Win64; x64; rv:128.0) Gecko/20100101 Firefox/128.0"
178.115.45.138 - - [14/Aug/2024:15:09:11 +0200] "GET /gui/javascript/form_form.js?1723640951 HTTP/1.1" 200 16206 "http://hausegger.activities.at/entry.php?id=10271&&ser=640891" "Mozilla/5.0 (Windows NT 10.0; Win64; x64; rv:128.0) Gecko/20100101 Firefox/128.0"
178.115.45.138 - - [14/Aug/2024:15:10:12 +0200] "GET /entry.php?id=10271&&ser=640951 HTTP/1.1" 200 986 "http://hausegger.activities.at/entry.php?id=10271&&ser=640891" "Mozilla/5.0 (Windows NT 10.0; Win64; x64; rv:128.0) Gecko/20100101 Firefox/128.0"
178.115.45.138 - - [14/Aug/2024:15:10:12 +0200] "GET /gui/javascript/form_form.js?1723641012 HTTP/1.1" 200 16206 "http://hausegger.activities.at/entry.php?id=10271&&ser=640951" "Mozilla/5.0 (Windows NT 10.0; Win64; x64; rv:128.0) Gecko/20100101 Firefox/128.0"
178.115.45.138 - - [14/Aug/2024:15:11:12 +0200] "GET /entry.php?id=10271&&ser=641012 HTTP/1.1" 200 987 "http://hausegger.activities.at/entry.php?id=10271&&ser=640951" "Mozilla/5.0 (Windows NT 10.0; Win64; x64; rv:128.0) Gecko/20100101 Firefox/128.0"
178.115.45.138 - - [14/Aug/2024:15:11:12 +0200] "GET /gui/javascript/form_form.js?1723641072 HTTP/1.1" 200 16206 "http://hausegger.activities.at/entry.php?id=10271&&ser=641012" "Mozilla/5.0 (Windows NT 10.0; Win64; x64; rv:128.0) Gecko/20100101 Firefox/128.0"
178.115.45.138 - - [14/Aug/2024:15:12:12 +0200] "GET /entry.php?id=10271&&ser=641072 HTTP/1.1" 200 987 "http://hausegger.activities.at/entry.php?id=10271&&ser=641012" "Mozilla/5.0 (Windows NT 10.0; Win64; x64; rv:128.0) Gecko/20100101 Firefox/128.0"
178.115.45.138 - - [14/Aug/2024:15:12:12 +0200] "GET /gui/javascript/form_form.js?1723641132 HTTP/1.1" 200 16206 "http://hausegger.activities.at/entry.php?id=10271&&ser=641072" "Mozilla/5.0 (Windows NT 10.0; Win64; x64; rv:128.0) Gecko/20100101 Firefox/128.0"
156.59.198.136 - - [14/Aug/2024:15:13:00 +0200] "GET /renault.2web.at/htdocs/export/txt/factura/FacturaExport20140728124310.txt HTTP/1.0" 404 325 "-" "Mozilla/5.0 (Linux; Android 5.0) AppleWebKit/537.36 (KHTML, like Gecko) Mobile Safari/537.36 (compatible; Bytespider; spider-feedback@bytedance.com)"
178.115.45.138 - - [14/Aug/2024:15:13:12 +0200] "GET /entry.php?id=10271&&ser=641132 HTTP/1.1" 200 987 "http://hausegger.activities.at/entry.php?id=10271&&ser=641072" "Mozilla/5.0 (Windows NT 10.0; Win64; x64; rv:128.0) Gecko/20100101 Firefox/128.0"
178.115.45.138 - - [14/Aug/2024:15:13:13 +0200] "GET /gui/javascript/form_form.js?1723641193 HTTP/1.1" 200 16206 "http://hausegger.activities.at/entry.php?id=10271&&ser=641132" "Mozilla/5.0 (Windows NT 10.0; Win64; x64; rv:128.0) Gecko/20100101 Firefox/128.0"
178.115.45.138 - - [14/Aug/2024:15:14:13 +0200] "GET /entry.php?id=10271&&ser=641193 HTTP/1.1" 200 987 "http://hausegger.activities.at/entry.php?id=10271&&ser=641132" "Mozilla/5.0 (Windows NT 10.0; Win64; x64; rv:128.0) Gecko/20100101 Firefox/128.0"
178.115.45.138 - - [14/Aug/2024:15:14:13 +0200] "GET /gui/javascript/form_form.js?1723641253 HTTP/1.1" 200 16206 "http://hausegger.activities.at/entry.php?id=10271&&ser=641193" "Mozilla/5.0 (Windows NT 10.0; Win64; x64; rv:128.0) Gecko/20100101 Firefox/128.0"
178.115.45.138 - - [14/Aug/2024:15:15:13 +0200] "GET /entry.php?id=10271&&ser=641253 HTTP/1.1" 200 987 "http://hausegger.activities.at/entry.php?id=10271&&ser=641193" "Mozilla/5.0 (Windows NT 10.0; Win64; x64; rv:128.0) Gecko/20100101 Firefox/128.0"
178.115.45.138 - - [14/Aug/2024:15:15:13 +0200] "GET /gui/javascript/form_form.js?1723641313 HTTP/1.1" 200 16206 "http://hausegger.activities.at/entry.php?id=10271&&ser=641253" "Mozilla/5.0 (Windows NT 10.0; Win64; x64; rv:128.0) Gecko/20100101 Firefox/128.0"
178.115.45.138 - - [14/Aug/2024:15:16:18 +0200] "GET /entry.php?id=10271&&ser=641313 HTTP/1.1" 200 987 "http://hausegger.activities.at/entry.php?id=10271&&ser=641253" "Mozilla/5.0 (Windows NT 10.0; Win64; x64; rv:128.0) Gecko/20100101 Firefox/128.0"
178.115.45.138 - - [14/Aug/2024:15:16:18 +0200] "GET /gui/javascript/form_form.js?1723641378 HTTP/1.1" 200 16206 "http://hausegger.activities.at/entry.php?id=10271&&ser=641313" "Mozilla/5.0 (Windows NT 10.0; Win64; x64; rv:128.0) Gecko/20100101 Firefox/128.0"
178.115.45.138 - - [14/Aug/2024:15:17:18 +0200] "GET /entry.php?id=10271&&ser=641378 HTTP/1.1" 200 987 "http://hausegger.activities.at/entry.php?id=10271&&ser=641313" "Mozilla/5.0 (Windows NT 10.0; Win64; x64; rv:128.0) Gecko/20100101 Firefox/128.0"
178.115.45.138 - - [14/Aug/2024:15:17:18 +0200] "GET /gui/javascript/form_form.js?1723641438 HTTP/1.1" 200 16206 "http://hausegger.activities.at/entry.php?id=10271&&ser=641378" "Mozilla/5.0 (Windows NT 10.0; Win64; x64; rv:128.0) Gecko/20100101 Firefox/128.0"
178.115.45.138 - - [14/Aug/2024:15:18:18 +0200] "GET /entry.php?id=10271&&ser=641438 HTTP/1.1" 200 987 "http://hausegger.activities.at/entry.php?id=10271&&ser=641378" "Mozilla/5.0 (Windows NT 10.0; Win64; x64; rv:128.0) Gecko/20100101 Firefox/128.0"
178.115.45.138 - - [14/Aug/2024:15:18:18 +0200] "GET /gui/javascript/form_form.js?1723641498 HTTP/1.1" 200 16206 "http://hausegger.activities.at/entry.php?id=10271&&ser=641438" "Mozilla/5.0 (Windows NT 10.0; Win64; x64; rv:128.0) Gecko/20100101 Firefox/128.0"
178.115.45.138 - - [14/Aug/2024:15:19:18 +0200] "GET /entry.php?id=10271&&ser=641498 HTTP/1.1" 200 987 "http://hausegger.activities.at/entry.php?id=10271&&ser=641438" "Mozilla/5.0 (Windows NT 10.0; Win64; x64; rv:128.0) Gecko/20100101 Firefox/128.0"
178.115.45.138 - - [14/Aug/2024:15:19:19 +0200] "GET /gui/javascript/form_form.js?1723641559 HTTP/1.1" 200 16206 "http://hausegger.activities.at/entry.php?id=10271&&ser=641498" "Mozilla/5.0 (Windows NT 10.0; Win64; x64; rv:128.0) Gecko/20100101 Firefox/128.0"
178.115.45.138 - - [14/Aug/2024:15:20:19 +0200] "GET /entry.php?id=10271&&ser=641559 HTTP/1.1" 200 987 "http://hausegger.activities.at/entry.php?id=10271&&ser=641498" "Mozilla/5.0 (Windows NT 10.0; Win64; x64; rv:128.0) Gecko/20100101 Firefox/128.0"
178.115.45.138 - - [14/Aug/2024:15:20:19 +0200] "GET /gui/javascript/form_form.js?1723641619 HTTP/1.1" 200 16206 "http://hausegger.activities.at/entry.php?id=10271&&ser=641559" "Mozilla/5.0 (Windows NT 10.0; Win64; x64; rv:128.0) Gecko/20100101 Firefox/128.0"
178.115.45.138 - - [14/Aug/2024:15:21:19 +0200] "GET /entry.php?id=10271&&ser=641619 HTTP/1.1" 200 987 "http://hausegger.activities.at/entry.php?id=10271&&ser=641559" "Mozilla/5.0 (Windows NT 10.0; Win64; x64; rv:128.0) Gecko/20100101 Firefox/128.0"
178.115.45.138 - - [14/Aug/2024:15:21:19 +0200] "GET /gui/javascript/form_form.js?1723641679 HTTP/1.1" 200 16206 "http://hausegger.activities.at/entry.php?id=10271&&ser=641619" "Mozilla/5.0 (Windows NT 10.0; Win64; x64; rv:128.0) Gecko/20100101 Firefox/128.0"
193.106.29.106 - - [14/Aug/2024:15:21:52 +0200] "GET / HTTP/1.1" 200 423 "-" "Mozilla/5.0 (Windows NT 6.2; WOW64) AppleWebKit/531.7 (KHTML, like Gecko) Chrome/19.1.1095.52 Kodeks/6.5.3.53"
178.115.45.138 - - [14/Aug/2024:15:22:19 +0200] "GET /entry.php?id=10271&&ser=641679 HTTP/1.1" 200 987 "http://hausegger.activities.at/entry.php?id=10271&&ser=641619" "Mozilla/5.0 (Windows NT 10.0; Win64; x64; rv:128.0) Gecko/20100101 Firefox/128.0"
178.115.45.138 - - [14/Aug/2024:15:22:19 +0200] "GET /gui/javascript/form_form.js?1723641739 HTTP/1.1" 200 16206 "http://hausegger.activities.at/entry.php?id=10271&&ser=641679" "Mozilla/5.0 (Windows NT 10.0; Win64; x64; rv:128.0) Gecko/20100101 Firefox/128.0"
178.115.45.138 - - [14/Aug/2024:15:23:20 +0200] "GET /entry.php?id=10271&&ser=641739 HTTP/1.1" 200 987 "http://hausegger.activities.at/entry.php?id=10271&&ser=641679" "Mozilla/5.0 (Windows NT 10.0; Win64; x64; rv:128.0) Gecko/20100101 Firefox/128.0"
178.115.45.138 - - [14/Aug/2024:15:23:20 +0200] "GET /gui/javascript/form_form.js?1723641800 HTTP/1.1" 200 16206 "http://hausegger.activities.at/entry.php?id=10271&&ser=641739" "Mozilla/5.0 (Windows NT 10.0; Win64; x64; rv:128.0) Gecko/20100101 Firefox/128.0"
178.115.45.138 - - [14/Aug/2024:15:24:20 +0200] "GET /entry.php?id=10271&&ser=641800 HTTP/1.1" 200 987 "http://hausegger.activities.at/entry.php?id=10271&&ser=641739" "Mozilla/5.0 (Windows NT 10.0; Win64; x64; rv:128.0) Gecko/20100101 Firefox/128.0"
178.115.45.138 - - [14/Aug/2024:15:24:20 +0200] "GET /gui/javascript/form_form.js?1723641860 HTTP/1.1" 200 16206 "http://hausegger.activities.at/entry.php?id=10271&&ser=641800" "Mozilla/5.0 (Windows NT 10.0; Win64; x64; rv:128.0) Gecko/20100101 Firefox/128.0"
178.115.45.138 - - [14/Aug/2024:15:25:20 +0200] "GET /entry.php?id=10271&&ser=641860 HTTP/1.1" 200 987 "http://hausegger.activities.at/entry.php?id=10271&&ser=641800" "Mozilla/5.0 (Windows NT 10.0; Win64; x64; rv:128.0) Gecko/20100101 Firefox/128.0"
178.115.45.138 - - [14/Aug/2024:15:25:20 +0200] "GET /gui/javascript/form_form.js?1723641920 HTTP/1.1" 200 16206 "http://hausegger.activities.at/entry.php?id=10271&&ser=641860" "Mozilla/5.0 (Windows NT 10.0; Win64; x64; rv:128.0) Gecko/20100101 Firefox/128.0"
178.115.45.138 - - [14/Aug/2024:15:26:20 +0200] "GET /entry.php?id=10271&&ser=641920 HTTP/1.1" 200 987 "http://hausegger.activities.at/entry.php?id=10271&&ser=641860" "Mozilla/5.0 (Windows NT 10.0; Win64; x64; rv:128.0) Gecko/20100101 Firefox/128.0"
178.115.45.138 - - [14/Aug/2024:15:26:21 +0200] "GET /gui/javascript/form_form.js?1723641981 HTTP/1.1" 200 16206 "http://hausegger.activities.at/entry.php?id=10271&&ser=641920" "Mozilla/5.0 (Windows NT 10.0; Win64; x64; rv:128.0) Gecko/20100101 Firefox/128.0"
149.50.103.48 - - [14/Aug/2024:15:26:43 +0200] "GET / HTTP/1.1" 200 423 "-" "-"
178.115.45.138 - - [14/Aug/2024:15:27:21 +0200] "GET /entry.php?id=10271&&ser=641981 HTTP/1.1" 200 987 "http://hausegger.activities.at/entry.php?id=10271&&ser=641920" "Mozilla/5.0 (Windows NT 10.0; Win64; x64; rv:128.0) Gecko/20100101 Firefox/128.0"
178.115.45.138 - - [14/Aug/2024:15:27:21 +0200] "GET /gui/javascript/form_form.js?1723642041 HTTP/1.1" 200 16206 "http://hausegger.activities.at/entry.php?id=10271&&ser=641981" "Mozilla/5.0 (Windows NT 10.0; Win64; x64; rv:128.0) Gecko/20100101 Firefox/128.0"
178.115.45.138 - - [14/Aug/2024:15:28:21 +0200] "GET /entry.php?id=10271&&ser=642041 HTTP/1.1" 200 986 "http://hausegger.activities.at/entry.php?id=10271&&ser=641981" "Mozilla/5.0 (Windows NT 10.0; Win64; x64; rv:128.0) Gecko/20100101 Firefox/128.0"
178.115.45.138 - - [14/Aug/2024:15:28:21 +0200] "GET /gui/javascript/form_form.js?1723642101 HTTP/1.1" 200 16206 "http://hausegger.activities.at/entry.php?id=10271&&ser=642041" "Mozilla/5.0 (Windows NT 10.0; Win64; x64; rv:128.0) Gecko/20100101 Firefox/128.0"
178.115.45.138 - - [14/Aug/2024:15:28:47 +0200] "GET /entry.php?id=11237&type=10665 HTTP/1.1" 200 276 "http://hausegger.activities.at/entry.php?id=10828" "Mozilla/5.0 (Windows NT 10.0; Win64; x64; rv:128.0) Gecko/20100101 Firefox/128.0"
178.115.45.138 - - [14/Aug/2024:15:28:47 +0200] "GET /entry.php?id=11238&mode=document&form=10665& HTTP/1.1" 200 3305 "http://hausegger.activities.at/entry.php?id=11237&type=10665" "Mozilla/5.0 (Windows NT 10.0; Win64; x64; rv:128.0) Gecko/20100101 Firefox/128.0"
178.115.45.138 - - [14/Aug/2024:15:28:47 +0200] "GET /entry.php?id=10676&&title=Belegsuche HTTP/1.1" 200 1391 "http://hausegger.activities.at/entry.php?id=11237&type=10665" "Mozilla/5.0 (Windows NT 10.0; Win64; x64; rv:128.0) Gecko/20100101 Firefox/128.0"
178.115.45.138 - - [14/Aug/2024:15:28:47 +0200] "GET /gui/javascript/form_bu_document_workflow.js?1723642127 HTTP/1.1" 200 4900 "http://hausegger.activities.at/entry.php?id=11238&mode=document&form=10665&" "Mozilla/5.0 (Windows NT 10.0; Win64; x64; rv:128.0) Gecko/20100101 Firefox/128.0"
178.115.45.138 - - [14/Aug/2024:15:28:47 +0200] "GET /gui/javascript/form_form.js?1723642127 HTTP/1.1" 200 16206 "http://hausegger.activities.at/entry.php?id=11238&mode=document&form=10665&" "Mozilla/5.0 (Windows NT 10.0; Win64; x64; rv:128.0) Gecko/20100101 Firefox/128.0"
178.115.45.138 - - [14/Aug/2024:15:28:47 +0200] "GET /gui/javascript/form_form.js?1723642127 HTTP/1.1" 200 16206 "http://hausegger.activities.at/entry.php?id=10676&&title=Belegsuche" "Mozilla/5.0 (Windows NT 10.0; Win64; x64; rv:128.0) Gecko/20100101 Firefox/128.0"
178.115.45.138 - - [14/Aug/2024:15:28:47 +0200] "GET /gui/images/icons/kalender.gif HTTP/1.1" 304 - "http://hausegger.activities.at/entry.php?id=11238&mode=document&form=10665&" "Mozilla/5.0 (Windows NT 10.0; Win64; x64; rv:128.0) Gecko/20100101 Firefox/128.0"
178.115.45.138 - - [14/Aug/2024:15:28:47 +0200] "GET /entry.php?id=11239&mode=document&form=10665& HTTP/1.1" 200 2017 "http://hausegger.activities.at/entry.php?id=11237&type=10665" "Mozilla/5.0 (Windows NT 10.0; Win64; x64; rv:128.0) Gecko/20100101 Firefox/128.0"
178.115.45.138 - - [14/Aug/2024:15:28:47 +0200] "GET /framework/icons/treeview/ftv2node.gif HTTP/1.1" 200 147 "http://hausegger.activities.at/entry.php?id=11239&mode=document&form=10665&" "Mozilla/5.0 (Windows NT 10.0; Win64; x64; rv:128.0) Gecko/20100101 Firefox/128.0"
178.115.45.138 - - [14/Aug/2024:15:28:47 +0200] "GET /entry.php?id=11240&mode=document&form=10665& HTTP/1.1" 200 2671 "http://hausegger.activities.at/entry.php?id=11237&type=10665" "Mozilla/5.0 (Windows NT 10.0; Win64; x64; rv:128.0) Gecko/20100101 Firefox/128.0"
178.115.45.138 - - [14/Aug/2024:15:28:47 +0200] "GET /framework/webfx/javascript/scrolltable/scrolltableIframe.js HTTP/1.1" 304 - "http://hausegger.activities.at/entry.php?id=11240&mode=document&form=10665&" "Mozilla/5.0 (Windows NT 10.0; Win64; x64; rv:128.0) Gecko/20100101 Firefox/128.0"
