178.115.45.138 - - [14/Aug/2024:10:40:57 +0200] "GET /entry.php?id=10831 HTTP/1.1" 200 8822 "http://hausegger.activities.at/entry.php?id=10270&__app__=10006038" "Mozilla/5.0 (Windows NT 10.0; Win64; x64; rv:128.0) Gecko/20100101 Firefox/128.0"
178.115.45.138 - - [14/Aug/2024:10:40:57 +0200] "GET /gui/javascript/form_form.js?1723624857 HTTP/1.1" 200 16206 "http://hausegger.activities.at/entry.php?id=10831" "Mozilla/5.0 (Windows NT 10.0; Win64; x64; rv:128.0) Gecko/20100101 Firefox/128.0"
178.115.45.138 - - [14/Aug/2024:10:40:57 +0200] "GET /entry.php?id=10889&document_id=& HTTP/1.1" 200 1509 "http://hausegger.activities.at/entry.php?id=10831" "Mozilla/5.0 (Windows NT 10.0; Win64; x64; rv:128.0) Gecko/20100101 Firefox/128.0"
178.115.45.138 - - [14/Aug/2024:10:40:58 +0200] "POST /entry.php?id=10831 HTTP/1.1" 200 8906 "http://hausegger.activities.at/entry.php?id=10831" "Mozilla/5.0 (Windows NT 10.0; Win64; x64; rv:128.0) Gecko/20100101 Firefox/128.0"
178.115.45.138 - - [14/Aug/2024:10:40:59 +0200] "GET /gui/javascript/form_form.js?1723624859 HTTP/1.1" 200 16206 "http://hausegger.activities.at/entry.php?id=10831" "Mozilla/5.0 (Windows NT 10.0; Win64; x64; rv:128.0) Gecko/20100101 Firefox/128.0"
178.115.45.138 - - [14/Aug/2024:10:40:59 +0200] "GET /entry.php?id=10889&document_id=& HTTP/1.1" 200 1508 "http://hausegger.activities.at/entry.php?id=10831" "Mozilla/5.0 (Windows NT 10.0; Win64; x64; rv:128.0) Gecko/20100101 Firefox/128.0"
178.115.45.138 - - [14/Aug/2024:10:41:02 +0200] "GET /entry.php?id=10877&mode=loadSearchCustomer&obj=number&tag=kreditor&value=f&ser=1723619866652 HTTP/1.1" 200 325 "http://hausegger.activities.at/entry.php?id=10831" "Mozilla/5.0 (Windows NT 10.0; Win64; x64; rv:128.0) Gecko/20100101 Firefox/128.0"
178.115.45.138 - - [14/Aug/2024:10:41:03 +0200] "GET /entry.php?id=10877&mode=loadSearchCustomer&obj=number&tag=kreditor&value=f.&ser=1723619866947 HTTP/1.1" 200 175 "http://hausegger.activities.at/entry.php?id=10831" "Mozilla/5.0 (Windows NT 10.0; Win64; x64; rv:128.0) Gecko/20100101 Firefox/128.0"
178.115.45.138 - - [14/Aug/2024:10:41:04 +0200] "POST /entry.php?id=10889 HTTP/1.1" 200 1759 "http://hausegger.activities.at/entry.php?id=10889&document_id=&" "Mozilla/5.0 (Windows NT 10.0; Win64; x64; rv:128.0) Gecko/20100101 Firefox/128.0"
178.115.45.138 - - [14/Aug/2024:10:41:04 +0200] "GET /gui/javascript/form_form.js?1723624864 HTTP/1.1" 200 16206 "http://hausegger.activities.at/entry.php?id=10889" "Mozilla/5.0 (Windows NT 10.0; Win64; x64; rv:128.0) Gecko/20100101 Firefox/128.0"
156.59.198.136 - - [14/Aug/2024:10:41:13 +0200] "GET /renault.activities.at/htdocs/export/pdf/emuc_document/11829469.pdf HTTP/1.0" 404 321 "-" "Mozilla/5.0 (Linux; Android 5.0) AppleWebKit/537.36 (KHTML, like Gecko) Mobile Safari/537.36 (compatible; Bytespider; spider-feedback@bytedance.com)"
178.115.45.138 - - [14/Aug/2024:10:41:27 +0200] "POST /entry.php?id=10831 HTTP/1.1" 200 8326 "http://hausegger.activities.at/entry.php?id=10831" "Mozilla/5.0 (Windows NT 10.0; Win64; x64; rv:128.0) Gecko/20100101 Firefox/128.0"
178.115.45.138 - - [14/Aug/2024:10:41:28 +0200] "GET /gui/javascript/form_form.js?1723624888 HTTP/1.1" 200 16206 "http://hausegger.activities.at/entry.php?id=10831" "Mozilla/5.0 (Windows NT 10.0; Win64; x64; rv:128.0) Gecko/20100101 Firefox/128.0"
178.115.45.138 - - [14/Aug/2024:10:41:28 +0200] "GET /entry.php?id=10889&document_id=10340685& HTTP/1.1" 200 1509 "http://hausegger.activities.at/entry.php?id=10831" "Mozilla/5.0 (Windows NT 10.0; Win64; x64; rv:128.0) Gecko/20100101 Firefox/128.0"
178.115.45.138 - - [14/Aug/2024:10:41:29 +0200] "POST /entry.php?id=10831 HTTP/1.1" 200 4676 "http://hausegger.activities.at/entry.php?id=10831" "Mozilla/5.0 (Windows NT 10.0; Win64; x64; rv:128.0) Gecko/20100101 Firefox/128.0"
178.115.45.138 - - [14/Aug/2024:10:41:29 +0200] "GET /gui/javascript/form_form.js?1723624889 HTTP/1.1" 200 16206 "http://hausegger.activities.at/entry.php?id=10831" "Mozilla/5.0 (Windows NT 10.0; Win64; x64; rv:128.0) Gecko/20100101 Firefox/128.0"
178.115.45.138 - - [14/Aug/2024:10:41:29 +0200] "GET /entry.php?id=10830&&object=10340685&account=&mode=documentkreditor HTTP/1.1" 200 3136 "http://hausegger.activities.at/entry.php?id=10831" "Mozilla/5.0 (Windows NT 10.0; Win64; x64; rv:128.0) Gecko/20100101 Firefox/128.0"
178.115.45.138 - - [14/Aug/2024:10:41:29 +0200] "GET /entry.php?id=10889&document_id=10340685& HTTP/1.1" 200 1508 "http://hausegger.activities.at/entry.php?id=10831" "Mozilla/5.0 (Windows NT 10.0; Win64; x64; rv:128.0) Gecko/20100101 Firefox/128.0"
178.115.45.138 - - [14/Aug/2024:10:41:30 +0200] "POST /entry.php?id=10889 HTTP/1.1" 200 1581 "http://hausegger.activities.at/entry.php?id=10889&document_id=10340685&" "Mozilla/5.0 (Windows NT 10.0; Win64; x64; rv:128.0) Gecko/20100101 Firefox/128.0"
178.115.45.138 - - [14/Aug/2024:10:41:30 +0200] "GET /gui/javascript/form_form.js?1723624890 HTTP/1.1" 200 16206 "http://hausegger.activities.at/entry.php?id=10889" "Mozilla/5.0 (Windows NT 10.0; Win64; x64; rv:128.0) Gecko/20100101 Firefox/128.0"
178.115.45.138 - - [14/Aug/2024:10:41:33 +0200] "GET /entry.php?id=10877&mode=loadSearchArticle&obj=article_1&tag=kredit&refobject=10340685&value=1&ser=1723619897323 HTTP/1.1" 200 36839 "http://hausegger.activities.at/entry.php?id=10830&&object=10340685&account=&mode=documentkreditor" "Mozilla/5.0 (Windows NT 10.0; Win64; x64; rv:128.0) Gecko/20100101 Firefox/128.0"
178.115.45.138 - - [14/Aug/2024:10:41:33 +0200] "GET /entry.php?id=10877&mode=loadSearchArticle&obj=article_1&tag=kredit&refobject=10340685&value=160&ser=1723619897611 HTTP/1.1" 200 1776 "http://hausegger.activities.at/entry.php?id=10830&&object=10340685&account=&mode=documentkreditor" "Mozilla/5.0 (Windows NT 10.0; Win64; x64; rv:128.0) Gecko/20100101 Firefox/128.0"
178.115.45.138 - - [14/Aug/2024:10:41:33 +0200] "GET /entry.php?id=10877&mode=loadSearchArticle&obj=article_1&tag=kredit&refobject=10340685&value=160&ser=1723619897699 HTTP/1.1" 200 1776 "http://hausegger.activities.at/entry.php?id=10830&&object=10340685&account=&mode=documentkreditor" "Mozilla/5.0 (Windows NT 10.0; Win64; x64; rv:128.0) Gecko/20100101 Firefox/128.0"
178.115.45.138 - - [14/Aug/2024:10:41:33 +0200] "GET /entry.php?id=10877&mode=loadSearchArticle&obj=article_1&tag=kredit&refobject=10340685&value=1601&ser=1723619897867 HTTP/1.1" 200 1345 "http://hausegger.activities.at/entry.php?id=10830&&object=10340685&account=&mode=documentkreditor" "Mozilla/5.0 (Windows NT 10.0; Win64; x64; rv:128.0) Gecko/20100101 Firefox/128.0"
178.115.45.138 - - [14/Aug/2024:10:41:34 +0200] "GET /entry.php?id=10877&mode=loadSearchArticle&obj=article_1&tag=kredit&refobject=10340685&value=160160&ser=1723619898139 HTTP/1.1" 200 1234 "http://hausegger.activities.at/entry.php?id=10830&&object=10340685&account=&mode=documentkreditor" "Mozilla/5.0 (Windows NT 10.0; Win64; x64; rv:128.0) Gecko/20100101 Firefox/128.0"
178.115.45.138 - - [14/Aug/2024:10:41:34 +0200] "GET /entry.php?id=10877&mode=loadSearchArticle&obj=article_1&tag=kredit&refobject=10340685&value=160160&ser=1723619898243 HTTP/1.1" 200 1234 "http://hausegger.activities.at/entry.php?id=10830&&object=10340685&account=&mode=documentkreditor" "Mozilla/5.0 (Windows NT 10.0; Win64; x64; rv:128.0) Gecko/20100101 Firefox/128.0"
178.115.45.138 - - [14/Aug/2024:10:41:34 +0200] "GET /entry.php?id=10877&mode=loadSearchArticle&obj=article_1&tag=kredit&refobject=10340685&value=1601601&ser=1723619898419 HTTP/1.1" 200 740 "http://hausegger.activities.at/entry.php?id=10830&&object=10340685&account=&mode=documentkreditor" "Mozilla/5.0 (Windows NT 10.0; Win64; x64; rv:128.0) Gecko/20100101 Firefox/128.0"
178.115.45.138 - - [14/Aug/2024:10:41:34 +0200] "GET /entry.php?id=10877&mode=loadSearchArticle&obj=article_1&tag=kredit&refobject=10340685&value=16016011&ser=1723619898603 HTTP/1.1" 200 428 "http://hausegger.activities.at/entry.php?id=10830&&object=10340685&account=&mode=documentkreditor" "Mozilla/5.0 (Windows NT 10.0; Win64; x64; rv:128.0) Gecko/20100101 Firefox/128.0"
178.115.45.138 - - [14/Aug/2024:10:41:35 +0200] "GET /entry.php?id=10877&mode=loadSearchArticle&obj=article_1&tag=kredit&refobject=10340685&value=160160119&ser=1723619898955 HTTP/1.1" 200 277 "http://hausegger.activities.at/entry.php?id=10830&&object=10340685&account=&mode=documentkreditor" "Mozilla/5.0 (Windows NT 10.0; Win64; x64; rv:128.0) Gecko/20100101 Firefox/128.0"
178.115.45.138 - - [14/Aug/2024:10:41:36 +0200] "POST /entry.php?id=10889 HTTP/1.1" 200 1925 "http://hausegger.activities.at/entry.php?id=10889" "Mozilla/5.0 (Windows NT 10.0; Win64; x64; rv:128.0) Gecko/20100101 Firefox/128.0"
178.115.45.138 - - [14/Aug/2024:10:41:36 +0200] "GET /gui/javascript/form_form.js?1723624896 HTTP/1.1" 200 16206 "http://hausegger.activities.at/entry.php?id=10889" "Mozilla/5.0 (Windows NT 10.0; Win64; x64; rv:128.0) Gecko/20100101 Firefox/128.0"
178.115.45.138 - - [14/Aug/2024:10:41:36 +0200] "POST /entry.php?id=10889 HTTP/1.1" 200 1674 "http://hausegger.activities.at/entry.php?id=10889" "Mozilla/5.0 (Windows NT 10.0; Win64; x64; rv:128.0) Gecko/20100101 Firefox/128.0"
178.115.45.138 - - [14/Aug/2024:10:41:37 +0200] "GET /gui/javascript/form_form.js?1723624897 HTTP/1.1" 200 16206 "http://hausegger.activities.at/entry.php?id=10889" "Mozilla/5.0 (Windows NT 10.0; Win64; x64; rv:128.0) Gecko/20100101 Firefox/128.0"
178.115.45.138 - - [14/Aug/2024:10:41:39 +0200] "POST /entry.php?id=10889 HTTP/1.1" 200 1826 "http://hausegger.activities.at/entry.php?id=10889" "Mozilla/5.0 (Windows NT 10.0; Win64; x64; rv:128.0) Gecko/20100101 Firefox/128.0"
178.115.45.138 - - [14/Aug/2024:10:41:40 +0200] "GET /gui/javascript/form_form.js?1723624900 HTTP/1.1" 200 16206 "http://hausegger.activities.at/entry.php?id=10889" "Mozilla/5.0 (Windows NT 10.0; Win64; x64; rv:128.0) Gecko/20100101 Firefox/128.0"
178.115.45.138 - - [14/Aug/2024:10:41:42 +0200] "POST /entry.php?id=10889 HTTP/1.1" 200 1665 "http://hausegger.activities.at/entry.php?id=10889" "Mozilla/5.0 (Windows NT 10.0; Win64; x64; rv:128.0) Gecko/20100101 Firefox/128.0"
178.115.45.138 - - [14/Aug/2024:10:41:42 +0200] "GET /gui/javascript/form_form.js?1723624902 HTTP/1.1" 200 16206 "http://hausegger.activities.at/entry.php?id=10889" "Mozilla/5.0 (Windows NT 10.0; Win64; x64; rv:128.0) Gecko/20100101 Firefox/128.0"
178.115.45.138 - - [14/Aug/2024:10:41:42 +0200] "GET /entry.php?id=10877&mode=loadSearchArticle&obj=article_2&tag=kredit&refobject=10340685&value=1&ser=1723619906875 HTTP/1.1" 200 36839 "http://hausegger.activities.at/entry.php?id=10830&&object=10340685&account=&mode=documentkreditor" "Mozilla/5.0 (Windows NT 10.0; Win64; x64; rv:128.0) Gecko/20100101 Firefox/128.0"
178.115.45.138 - - [14/Aug/2024:10:41:43 +0200] "GET /entry.php?id=10877&mode=loadSearchArticle&obj=article_2&tag=kredit&refobject=10340685&value=160&ser=1723619907163 HTTP/1.1" 200 1776 "http://hausegger.activities.at/entry.php?id=10830&&object=10340685&account=&mode=documentkreditor" "Mozilla/5.0 (Windows NT 10.0; Win64; x64; rv:128.0) Gecko/20100101 Firefox/128.0"
178.115.45.138 - - [14/Aug/2024:10:41:43 +0200] "GET /entry.php?id=10877&mode=loadSearchArticle&obj=article_2&tag=kredit&refobject=10340685&value=160&ser=1723619907259 HTTP/1.1" 200 1776 "http://hausegger.activities.at/entry.php?id=10830&&object=10340685&account=&mode=documentkreditor" "Mozilla/5.0 (Windows NT 10.0; Win64; x64; rv:128.0) Gecko/20100101 Firefox/128.0"
178.115.45.138 - - [14/Aug/2024:10:41:43 +0200] "GET /entry.php?id=10877&mode=loadSearchArticle&obj=article_2&tag=kredit&refobject=10340685&value=1601&ser=1723619907451 HTTP/1.1" 200 1345 "http://hausegger.activities.at/entry.php?id=10830&&object=10340685&account=&mode=documentkreditor" "Mozilla/5.0 (Windows NT 10.0; Win64; x64; rv:128.0) Gecko/20100101 Firefox/128.0"
178.115.45.138 - - [14/Aug/2024:10:41:43 +0200] "GET /entry.php?id=10877&mode=loadSearchArticle&obj=article_2&tag=kredit&refobject=10340685&value=160160&ser=1723619907730 HTTP/1.1" 200 1234 "http://hausegger.activities.at/entry.php?id=10830&&object=10340685&account=&mode=documentkreditor" "Mozilla/5.0 (Windows NT 10.0; Win64; x64; rv:128.0) Gecko/20100101 Firefox/128.0"
178.115.45.138 - - [14/Aug/2024:10:41:43 +0200] "GET /entry.php?id=10877&mode=loadSearchArticle&obj=article_2&tag=kredit&refobject=10340685&value=160160&ser=1723619907858 HTTP/1.1" 200 1234 "http://hausegger.activities.at/entry.php?id=10830&&object=10340685&account=&mode=documentkreditor" "Mozilla/5.0 (Windows NT 10.0; Win64; x64; rv:128.0) Gecko/20100101 Firefox/128.0"
178.115.45.138 - - [14/Aug/2024:10:41:44 +0200] "GET /entry.php?id=10877&mode=loadSearchArticle&obj=article_2&tag=kredit&refobject=10340685&value=1601600&ser=1723619908131 HTTP/1.1" 200 787 "http://hausegger.activities.at/entry.php?id=10830&&object=10340685&account=&mode=documentkreditor" "Mozilla/5.0 (Windows NT 10.0; Win64; x64; rv:128.0) Gecko/20100101 Firefox/128.0"
178.115.45.138 - - [14/Aug/2024:10:41:44 +0200] "GET /entry.php?id=10271&&ser=624844 HTTP/1.1" 200 987 "http://hausegger.activities.at/entry.php?id=10271&&ser=624783" "Mozilla/5.0 (Windows NT 10.0; Win64; x64; rv:128.0) Gecko/20100101 Firefox/128.0"
178.115.45.138 - - [14/Aug/2024:10:41:44 +0200] "GET /gui/javascript/form_form.js?1723624904 HTTP/1.1" 200 16206 "http://hausegger.activities.at/entry.php?id=10271&&ser=624844" "Mozilla/5.0 (Windows NT 10.0; Win64; x64; rv:128.0) Gecko/20100101 Firefox/128.0"
178.115.45.138 - - [14/Aug/2024:10:41:44 +0200] "GET /entry.php?id=10877&mode=loadSearchArticle&obj=article_2&tag=kredit&refobject=10340685&value=16016004&ser=1723619908307 HTTP/1.1" 200 388 "http://hausegger.activities.at/entry.php?id=10830&&object=10340685&account=&mode=documentkreditor" "Mozilla/5.0 (Windows NT 10.0; Win64; x64; rv:128.0) Gecko/20100101 Firefox/128.0"
178.115.45.138 - - [14/Aug/2024:10:41:44 +0200] "GET /entry.php?id=10877&mode=loadSearchArticle&obj=article_2&tag=kredit&refobject=10340685&value=160160041&ser=1723619908506 HTTP/1.1" 200 274 "http://hausegger.activities.at/entry.php?id=10830&&object=10340685&account=&mode=documentkreditor" "Mozilla/5.0 (Windows NT 10.0; Win64; x64; rv:128.0) Gecko/20100101 Firefox/128.0"
178.115.45.138 - - [14/Aug/2024:10:41:45 +0200] "POST /entry.php?id=10889 HTTP/1.1" 200 1977 "http://hausegger.activities.at/entry.php?id=10889" "Mozilla/5.0 (Windows NT 10.0; Win64; x64; rv:128.0) Gecko/20100101 Firefox/128.0"
178.115.45.138 - - [14/Aug/2024:10:41:45 +0200] "GET /gui/javascript/form_form.js?1723624905 HTTP/1.1" 200 16206 "http://hausegger.activities.at/entry.php?id=10889" "Mozilla/5.0 (Windows NT 10.0; Win64; x64; rv:128.0) Gecko/20100101 Firefox/128.0"
178.115.45.138 - - [14/Aug/2024:10:41:46 +0200] "POST /entry.php?id=10889 HTTP/1.1" 200 1740 "http://hausegger.activities.at/entry.php?id=10889" "Mozilla/5.0 (Windows NT 10.0; Win64; x64; rv:128.0) Gecko/20100101 Firefox/128.0"
178.115.45.138 - - [14/Aug/2024:10:41:46 +0200] "GET /gui/javascript/form_form.js?1723624906 HTTP/1.1" 200 16206 "http://hausegger.activities.at/entry.php?id=10889" "Mozilla/5.0 (Windows NT 10.0; Win64; x64; rv:128.0) Gecko/20100101 Firefox/128.0"
178.115.45.138 - - [14/Aug/2024:10:41:50 +0200] "POST /entry.php?id=10889 HTTP/1.1" 200 1825 "http://hausegger.activities.at/entry.php?id=10889" "Mozilla/5.0 (Windows NT 10.0; Win64; x64; rv:128.0) Gecko/20100101 Firefox/128.0"
178.115.45.138 - - [14/Aug/2024:10:41:50 +0200] "GET /gui/javascript/form_form.js?1723624910 HTTP/1.1" 200 16206 "http://hausegger.activities.at/entry.php?id=10889" "Mozilla/5.0 (Windows NT 10.0; Win64; x64; rv:128.0) Gecko/20100101 Firefox/128.0"
178.115.45.138 - - [14/Aug/2024:10:41:53 +0200] "GET /entry.php?id=11270&document=10340685 HTTP/1.1" 200 1974 "http://hausegger.activities.at/entry.php?id=10831" "Mozilla/5.0 (Windows NT 10.0; Win64; x64; rv:128.0) Gecko/20100101 Firefox/128.0"
178.115.45.138 - - [14/Aug/2024:10:41:54 +0200] "GET /gui/javascript/form_bu_document.js?1723624914 HTTP/1.1" 200 2675 "http://hausegger.activities.at/entry.php?id=11270&document=10340685" "Mozilla/5.0 (Windows NT 10.0; Win64; x64; rv:128.0) Gecko/20100101 Firefox/128.0"
178.115.45.138 - - [14/Aug/2024:10:41:54 +0200] "GET /gui/javascript/form_form.js?1723624914 HTTP/1.1" 200 16206 "http://hausegger.activities.at/entry.php?id=11270&document=10340685" "Mozilla/5.0 (Windows NT 10.0; Win64; x64; rv:128.0) Gecko/20100101 Firefox/128.0"
178.115.45.138 - - [14/Aug/2024:10:41:54 +0200] "GET /entry.php?id=10877&mode=observePrint HTTP/1.1" 200 55 "http://hausegger.activities.at/entry.php?id=11270&document=10340685" "Mozilla/5.0 (Windows NT 10.0; Win64; x64; rv:128.0) Gecko/20100101 Firefox/128.0"
178.115.45.138 - - [14/Aug/2024:10:41:54 +0200] "GET /entry.php?id=11241&images=false&document=10340685 HTTP/1.1" 200 2293 "http://hausegger.activities.at/entry.php?id=11270&document=10340685" "Mozilla/5.0 (Windows NT 10.0; Win64; x64; rv:128.0) Gecko/20100101 Firefox/128.0"
178.115.45.138 - - [14/Aug/2024:10:42:01 +0200] "POST /entry.php?id=10831 HTTP/1.1" 200 8907 "http://hausegger.activities.at/entry.php?id=10831" "Mozilla/5.0 (Windows NT 10.0; Win64; x64; rv:128.0) Gecko/20100101 Firefox/128.0"
178.115.45.138 - - [14/Aug/2024:10:42:02 +0200] "GET /gui/javascript/form_form.js?1723624922 HTTP/1.1" 200 16206 "http://hausegger.activities.at/entry.php?id=10831" "Mozilla/5.0 (Windows NT 10.0; Win64; x64; rv:128.0) Gecko/20100101 Firefox/128.0"
178.115.45.138 - - [14/Aug/2024:10:42:02 +0200] "GET /entry.php?id=10889&document_id=& HTTP/1.1" 200 1509 "http://hausegger.activities.at/entry.php?id=10831" "Mozilla/5.0 (Windows NT 10.0; Win64; x64; rv:128.0) Gecko/20100101 Firefox/128.0"
178.115.45.138 - - [14/Aug/2024:10:42:05 +0200] "GET /entry.php?id=10877&mode=loadSearchCustomer&obj=number&tag=kreditor&value=f&ser=1723619929171 HTTP/1.1" 200 325 "http://hausegger.activities.at/entry.php?id=10831" "Mozilla/5.0 (Windows NT 10.0; Win64; x64; rv:128.0) Gecko/20100101 Firefox/128.0"
178.115.45.138 - - [14/Aug/2024:10:42:05 +0200] "GET /entry.php?id=10877&mode=loadSearchCustomer&obj=number&tag=kreditor&value=f.&ser=1723619929730 HTTP/1.1" 200 175 "http://hausegger.activities.at/entry.php?id=10831" "Mozilla/5.0 (Windows NT 10.0; Win64; x64; rv:128.0) Gecko/20100101 Firefox/128.0"
178.115.45.138 - - [14/Aug/2024:10:42:06 +0200] "POST /entry.php?id=10889 HTTP/1.1" 200 1760 "http://hausegger.activities.at/entry.php?id=10889&document_id=&" "Mozilla/5.0 (Windows NT 10.0; Win64; x64; rv:128.0) Gecko/20100101 Firefox/128.0"
178.115.45.138 - - [14/Aug/2024:10:42:06 +0200] "GET /gui/javascript/form_form.js?1723624926 HTTP/1.1" 200 16206 "http://hausegger.activities.at/entry.php?id=10889" "Mozilla/5.0 (Windows NT 10.0; Win64; x64; rv:128.0) Gecko/20100101 Firefox/128.0"
178.115.45.138 - - [14/Aug/2024:10:42:15 +0200] "POST /entry.php?id=10831 HTTP/1.1" 200 8328 "http://hausegger.activities.at/entry.php?id=10831" "Mozilla/5.0 (Windows NT 10.0; Win64; x64; rv:128.0) Gecko/20100101 Firefox/128.0"
178.115.45.138 - - [14/Aug/2024:10:42:16 +0200] "GET /gui/javascript/form_form.js?1723624936 HTTP/1.1" 200 16206 "http://hausegger.activities.at/entry.php?id=10831" "Mozilla/5.0 (Windows NT 10.0; Win64; x64; rv:128.0) Gecko/20100101 Firefox/128.0"
178.115.45.138 - - [14/Aug/2024:10:42:16 +0200] "GET /entry.php?id=10889&document_id=10340689& HTTP/1.1" 200 1509 "http://hausegger.activities.at/entry.php?id=10831" "Mozilla/5.0 (Windows NT 10.0; Win64; x64; rv:128.0) Gecko/20100101 Firefox/128.0"
178.115.45.138 - - [14/Aug/2024:10:42:19 +0200] "POST /entry.php?id=10831 HTTP/1.1" 200 4677 "http://hausegger.activities.at/entry.php?id=10831" "Mozilla/5.0 (Windows NT 10.0; Win64; x64; rv:128.0) Gecko/20100101 Firefox/128.0"
178.115.45.138 - - [14/Aug/2024:10:42:19 +0200] "GET /gui/javascript/form_form.js?1723624939 HTTP/1.1" 200 16206 "http://hausegger.activities.at/entry.php?id=10831" "Mozilla/5.0 (Windows NT 10.0; Win64; x64; rv:128.0) Gecko/20100101 Firefox/128.0"
178.115.45.138 - - [14/Aug/2024:10:42:19 +0200] "GET /entry.php?id=10830&&object=10340689&account=&mode=documentkreditor HTTP/1.1" 200 3137 "http://hausegger.activities.at/entry.php?id=10831" "Mozilla/5.0 (Windows NT 10.0; Win64; x64; rv:128.0) Gecko/20100101 Firefox/128.0"
178.115.45.138 - - [14/Aug/2024:10:42:19 +0200] "GET /entry.php?id=10889&document_id=10340689& HTTP/1.1" 200 1509 "http://hausegger.activities.at/entry.php?id=10831" "Mozilla/5.0 (Windows NT 10.0; Win64; x64; rv:128.0) Gecko/20100101 Firefox/128.0"
178.115.45.138 - - [14/Aug/2024:10:42:20 +0200] "POST /entry.php?id=10889 HTTP/1.1" 200 1581 "http://hausegger.activities.at/entry.php?id=10889&document_id=10340689&" "Mozilla/5.0 (Windows NT 10.0; Win64; x64; rv:128.0) Gecko/20100101 Firefox/128.0"
178.115.45.138 - - [14/Aug/2024:10:42:20 +0200] "GET /gui/javascript/form_form.js?1723624940 HTTP/1.1" 200 16206 "http://hausegger.activities.at/entry.php?id=10889" "Mozilla/5.0 (Windows NT 10.0; Win64; x64; rv:128.0) Gecko/20100101 Firefox/128.0"
178.115.45.138 - - [14/Aug/2024:10:42:22 +0200] "GET /entry.php?id=10877&mode=loadSearchArticle&obj=article_1&tag=kredit&refobject=10340689&value=6&ser=1723619946435 HTTP/1.1" 200 2811 "http://hausegger.activities.at/entry.php?id=10830&&object=10340689&account=&mode=documentkreditor" "Mozilla/5.0 (Windows NT 10.0; Win64; x64; rv:128.0) Gecko/20100101 Firefox/128.0"
178.115.45.138 - - [14/Aug/2024:10:42:22 +0200] "GET /entry.php?id=10877&mode=loadSearchArticle&obj=article_1&tag=kredit&refobject=10340689&value=62&ser=1723619946611 HTTP/1.1" 200 635 "http://hausegger.activities.at/entry.php?id=10830&&object=10340689&account=&mode=documentkreditor" "Mozilla/5.0 (Windows NT 10.0; Win64; x64; rv:128.0) Gecko/20100101 Firefox/128.0"
178.115.45.138 - - [14/Aug/2024:10:42:26 +0200] "POST /entry.php?id=10889 HTTP/1.1" 200 1898 "http://hausegger.activities.at/entry.php?id=10889" "Mozilla/5.0 (Windows NT 10.0; Win64; x64; rv:128.0) Gecko/20100101 Firefox/128.0"
178.115.45.138 - - [14/Aug/2024:10:42:26 +0200] "GET /gui/javascript/form_form.js?1723624946 HTTP/1.1" 200 16206 "http://hausegger.activities.at/entry.php?id=10889" "Mozilla/5.0 (Windows NT 10.0; Win64; x64; rv:128.0) Gecko/20100101 Firefox/128.0"
178.115.45.138 - - [14/Aug/2024:10:42:26 +0200] "POST /entry.php?id=10889 HTTP/1.1" 200 1676 "http://hausegger.activities.at/entry.php?id=10889" "Mozilla/5.0 (Windows NT 10.0; Win64; x64; rv:128.0) Gecko/20100101 Firefox/128.0"
178.115.45.138 - - [14/Aug/2024:10:42:27 +0200] "POST /entry.php?id=10889 HTTP/1.1" 200 1799 "http://hausegger.activities.at/entry.php?id=10889" "Mozilla/5.0 (Windows NT 10.0; Win64; x64; rv:128.0) Gecko/20100101 Firefox/128.0"
178.115.45.138 - - [14/Aug/2024:10:42:27 +0200] "GET /gui/javascript/form_form.js?1723624947 HTTP/1.1" 200 16206 "http://hausegger.activities.at/entry.php?id=10889" "Mozilla/5.0 (Windows NT 10.0; Win64; x64; rv:128.0) Gecko/20100101 Firefox/128.0"
178.115.45.138 - - [14/Aug/2024:10:42:30 +0200] "POST /entry.php?id=10889 HTTP/1.1" 200 1711 "http://hausegger.activities.at/entry.php?id=10889" "Mozilla/5.0 (Windows NT 10.0; Win64; x64; rv:128.0) Gecko/20100101 Firefox/128.0"
178.115.45.138 - - [14/Aug/2024:10:42:30 +0200] "GET /gui/javascript/form_form.js?1723624950 HTTP/1.1" 200 16206 "http://hausegger.activities.at/entry.php?id=10889" "Mozilla/5.0 (Windows NT 10.0; Win64; x64; rv:128.0) Gecko/20100101 Firefox/128.0"
178.115.45.138 - - [14/Aug/2024:10:42:32 +0200] "POST /entry.php?id=10889 HTTP/1.1" 200 1799 "http://hausegger.activities.at/entry.php?id=10889" "Mozilla/5.0 (Windows NT 10.0; Win64; x64; rv:128.0) Gecko/20100101 Firefox/128.0"
178.115.45.138 - - [14/Aug/2024:10:42:33 +0200] "GET /gui/javascript/form_form.js?1723624953 HTTP/1.1" 200 16206 "http://hausegger.activities.at/entry.php?id=10889" "Mozilla/5.0 (Windows NT 10.0; Win64; x64; rv:128.0) Gecko/20100101 Firefox/128.0"
178.115.45.138 - - [14/Aug/2024:10:42:34 +0200] "POST /entry.php?id=10889 HTTP/1.1" 200 1637 "http://hausegger.activities.at/entry.php?id=10889" "Mozilla/5.0 (Windows NT 10.0; Win64; x64; rv:128.0) Gecko/20100101 Firefox/128.0"
178.115.45.138 - - [14/Aug/2024:10:42:35 +0200] "GET /gui/javascript/form_form.js?1723624955 HTTP/1.1" 200 16206 "http://hausegger.activities.at/entry.php?id=10889" "Mozilla/5.0 (Windows NT 10.0; Win64; x64; rv:128.0) Gecko/20100101 Firefox/128.0"
178.115.45.138 - - [14/Aug/2024:10:42:35 +0200] "GET /entry.php?id=10877&mode=loadSearchArticle&obj=article_2&tag=kredit&refobject=10340689&value=7&ser=1723619959555 HTTP/1.1" 200 4135 "http://hausegger.activities.at/entry.php?id=10830&&object=10340689&account=&mode=documentkreditor" "Mozilla/5.0 (Windows NT 10.0; Win64; x64; rv:128.0) Gecko/20100101 Firefox/128.0"
178.115.45.138 - - [14/Aug/2024:10:42:35 +0200] "GET /entry.php?id=10877&mode=loadSearchArticle&obj=article_2&tag=kredit&refobject=10340689&value=76&ser=1723619959818 HTTP/1.1" 200 2017 "http://hausegger.activities.at/entry.php?id=10830&&object=10340689&account=&mode=documentkreditor" "Mozilla/5.0 (Windows NT 10.0; Win64; x64; rv:128.0) Gecko/20100101 Firefox/128.0"
178.115.45.138 - - [14/Aug/2024:10:42:36 +0200] "GET /entry.php?id=10877&mode=loadSearchArticle&obj=article_2&tag=kredit&refobject=10340689&value=761&ser=1723619960043 HTTP/1.1" 200 599 "http://hausegger.activities.at/entry.php?id=10830&&object=10340689&account=&mode=documentkreditor" "Mozilla/5.0 (Windows NT 10.0; Win64; x64; rv:128.0) Gecko/20100101 Firefox/128.0"
178.115.45.138 - - [14/Aug/2024:10:42:39 +0200] "POST /entry.php?id=10889 HTTP/1.1" 200 1944 "http://hausegger.activities.at/entry.php?id=10889" "Mozilla/5.0 (Windows NT 10.0; Win64; x64; rv:128.0) Gecko/20100101 Firefox/128.0"
178.115.45.138 - - [14/Aug/2024:10:42:39 +0200] "GET /gui/javascript/form_form.js?1723624959 HTTP/1.1" 200 16206 "http://hausegger.activities.at/entry.php?id=10889" "Mozilla/5.0 (Windows NT 10.0; Win64; x64; rv:128.0) Gecko/20100101 Firefox/128.0"
178.115.45.138 - - [14/Aug/2024:10:42:40 +0200] "POST /entry.php?id=10889 HTTP/1.1" 200 1709 "http://hausegger.activities.at/entry.php?id=10889" "Mozilla/5.0 (Windows NT 10.0; Win64; x64; rv:128.0) Gecko/20100101 Firefox/128.0"
178.115.45.138 - - [14/Aug/2024:10:42:40 +0200] "GET /gui/javascript/form_form.js?1723624960 HTTP/1.1" 200 16206 "http://hausegger.activities.at/entry.php?id=10889" "Mozilla/5.0 (Windows NT 10.0; Win64; x64; rv:128.0) Gecko/20100101 Firefox/128.0"
178.115.45.138 - - [14/Aug/2024:10:42:41 +0200] "POST /entry.php?id=10889 HTTP/1.1" 200 1815 "http://hausegger.activities.at/entry.php?id=10889" "Mozilla/5.0 (Windows NT 10.0; Win64; x64; rv:128.0) Gecko/20100101 Firefox/128.0"
178.115.45.138 - - [14/Aug/2024:10:42:42 +0200] "GET /gui/javascript/form_form.js?1723624962 HTTP/1.1" 200 16206 "http://hausegger.activities.at/entry.php?id=10889" "Mozilla/5.0 (Windows NT 10.0; Win64; x64; rv:128.0) Gecko/20100101 Firefox/128.0"
178.115.45.138 - - [14/Aug/2024:10:42:43 +0200] "GET /entry.php?id=11270&document=10340689 HTTP/1.1" 200 1974 "http://hausegger.activities.at/entry.php?id=10831" "Mozilla/5.0 (Windows NT 10.0; Win64; x64; rv:128.0) Gecko/20100101 Firefox/128.0"
178.115.45.138 - - [14/Aug/2024:10:42:43 +0200] "GET /gui/javascript/form_bu_document.js?1723624963 HTTP/1.1" 200 2675 "http://hausegger.activities.at/entry.php?id=11270&document=10340689" "Mozilla/5.0 (Windows NT 10.0; Win64; x64; rv:128.0) Gecko/20100101 Firefox/128.0"
178.115.45.138 - - [14/Aug/2024:10:42:43 +0200] "GET /gui/javascript/form_form.js?1723624963 HTTP/1.1" 200 16206 "http://hausegger.activities.at/entry.php?id=11270&document=10340689" "Mozilla/5.0 (Windows NT 10.0; Win64; x64; rv:128.0) Gecko/20100101 Firefox/128.0"
178.115.45.138 - - [14/Aug/2024:10:42:43 +0200] "GET /entry.php?id=10877&mode=observePrint HTTP/1.1" 200 55 "http://hausegger.activities.at/entry.php?id=11270&document=10340689" "Mozilla/5.0 (Windows NT 10.0; Win64; x64; rv:128.0) Gecko/20100101 Firefox/128.0"
178.115.45.138 - - [14/Aug/2024:10:42:43 +0200] "GET /entry.php?id=11241&images=false&document=10340689 HTTP/1.1" 200 2267 "http://hausegger.activities.at/entry.php?id=11270&document=10340689" "Mozilla/5.0 (Windows NT 10.0; Win64; x64; rv:128.0) Gecko/20100101 Firefox/128.0"
178.115.45.138 - - [14/Aug/2024:10:42:44 +0200] "GET /entry.php?id=10271&&ser=624904 HTTP/1.1" 200 987 "http://hausegger.activities.at/entry.php?id=10271&&ser=624844" "Mozilla/5.0 (Windows NT 10.0; Win64; x64; rv:128.0) Gecko/20100101 Firefox/128.0"
178.115.45.138 - - [14/Aug/2024:10:42:44 +0200] "GET /gui/javascript/form_form.js?1723624964 HTTP/1.1" 200 16206 "http://hausegger.activities.at/entry.php?id=10271&&ser=624904" "Mozilla/5.0 (Windows NT 10.0; Win64; x64; rv:128.0) Gecko/20100101 Firefox/128.0"
178.115.45.138 - - [14/Aug/2024:10:43:44 +0200] "GET /entry.php?id=10271&&ser=624964 HTTP/1.1" 200 986 "http://hausegger.activities.at/entry.php?id=10271&&ser=624904" "Mozilla/5.0 (Windows NT 10.0; Win64; x64; rv:128.0) Gecko/20100101 Firefox/128.0"
178.115.45.138 - - [14/Aug/2024:10:43:45 +0200] "GET /gui/javascript/form_form.js?1723625024 HTTP/1.1" 200 16206 "http://hausegger.activities.at/entry.php?id=10271&&ser=624964" "Mozilla/5.0 (Windows NT 10.0; Win64; x64; rv:128.0) Gecko/20100101 Firefox/128.0"
156.59.198.136 - - [14/Aug/2024:10:43:49 +0200] "GET /renault.2web.at/htdocs/export/txt/factura/FacturaExport20170406135603.txt HTTP/1.0" 404 326 "-" "Mozilla/5.0 (Linux; Android 5.0) AppleWebKit/537.36 (KHTML, like Gecko) Mobile Safari/537.36 (compatible; Bytespider; spider-feedback@bytedance.com)"
156.59.198.136 - - [14/Aug/2024:10:44:10 +0200] "GET /renault.2web.at/htdocs/export/txt/factura/FacturaExport20171205151113.txt HTTP/1.0" 404 324 "-" "Mozilla/5.0 (Linux; Android 5.0) AppleWebKit/537.36 (KHTML, like Gecko) Mobile Safari/537.36 (compatible; Bytespider; spider-feedback@bytedance.com)"
156.59.198.135 - - [14/Aug/2024:10:44:31 +0200] "GET /renault.2web.at/htdocs/export/txt/factura/FacturaExport20140602151059.txt HTTP/1.0" 404 324 "-" "Mozilla/5.0 (Linux; Android 5.0) AppleWebKit/537.36 (KHTML, like Gecko) Mobile Safari/537.36 (compatible; Bytespider; spider-feedback@bytedance.com)"
178.115.45.138 - - [14/Aug/2024:10:44:45 +0200] "GET /entry.php?id=10271&&ser=625024 HTTP/1.1" 200 986 "http://hausegger.activities.at/entry.php?id=10271&&ser=624964" "Mozilla/5.0 (Windows NT 10.0; Win64; x64; rv:128.0) Gecko/20100101 Firefox/128.0"
178.115.45.138 - - [14/Aug/2024:10:44:45 +0200] "GET /gui/javascript/form_form.js?1723625085 HTTP/1.1" 200 16206 "http://hausegger.activities.at/entry.php?id=10271&&ser=625024" "Mozilla/5.0 (Windows NT 10.0; Win64; x64; rv:128.0) Gecko/20100101 Firefox/128.0"
156.59.198.135 - - [14/Aug/2024:10:44:53 +0200] "GET /renault.2web.at/htdocs/export/xml/data/articles/202106081003_RenArticle.xml HTTP/1.0" 404 327 "-" "Mozilla/5.0 (Linux; Android 5.0) AppleWebKit/537.36 (KHTML, like Gecko) Mobile Safari/537.36 (compatible; Bytespider; spider-feedback@bytedance.com)"
178.115.45.138 - - [14/Aug/2024:10:45:45 +0200] "GET /entry.php?id=10271&&ser=625085 HTTP/1.1" 200 987 "http://hausegger.activities.at/entry.php?id=10271&&ser=625024" "Mozilla/5.0 (Windows NT 10.0; Win64; x64; rv:128.0) Gecko/20100101 Firefox/128.0"
178.115.45.138 - - [14/Aug/2024:10:45:45 +0200] "GET /gui/javascript/form_form.js?1723625145 HTTP/1.1" 200 16206 "http://hausegger.activities.at/entry.php?id=10271&&ser=625085" "Mozilla/5.0 (Windows NT 10.0; Win64; x64; rv:128.0) Gecko/20100101 Firefox/128.0"
178.115.45.138 - - [14/Aug/2024:10:46:45 +0200] "GET /entry.php?id=10271&&ser=625145 HTTP/1.1" 200 987 "http://hausegger.activities.at/entry.php?id=10271&&ser=625085" "Mozilla/5.0 (Windows NT 10.0; Win64; x64; rv:128.0) Gecko/20100101 Firefox/128.0"
178.115.45.138 - - [14/Aug/2024:10:46:45 +0200] "GET /gui/javascript/form_form.js?1723625205 HTTP/1.1" 200 16206 "http://hausegger.activities.at/entry.php?id=10271&&ser=625145" "Mozilla/5.0 (Windows NT 10.0; Win64; x64; rv:128.0) Gecko/20100101 Firefox/128.0"
194.38.20.13 - - [14/Aug/2024:10:46:58 +0200] "GET /elfinder/php/connector.minimal.php HTTP/1.1" 404 386 "-" "ALittle Client"
194.38.20.13 - - [14/Aug/2024:10:47:03 +0200] "GET /elfinder/php/connector.minimal.php HTTP/1.1" 404 399 "-" "ALittle Client"
178.115.45.138 - - [14/Aug/2024:10:47:46 +0200] "GET /entry.php?id=10271&&ser=625205 HTTP/1.1" 200 987 "http://hausegger.activities.at/entry.php?id=10271&&ser=625145" "Mozilla/5.0 (Windows NT 10.0; Win64; x64; rv:128.0) Gecko/20100101 Firefox/128.0"
178.115.45.138 - - [14/Aug/2024:10:47:46 +0200] "GET /gui/javascript/form_form.js?1723625266 HTTP/1.1" 200 16206 "http://hausegger.activities.at/entry.php?id=10271&&ser=625205" "Mozilla/5.0 (Windows NT 10.0; Win64; x64; rv:128.0) Gecko/20100101 Firefox/128.0"
178.115.45.138 - - [14/Aug/2024:10:48:46 +0200] "GET /entry.php?id=10271&&ser=625266 HTTP/1.1" 200 987 "http://hausegger.activities.at/entry.php?id=10271&&ser=625205" "Mozilla/5.0 (Windows NT 10.0; Win64; x64; rv:128.0) Gecko/20100101 Firefox/128.0"
178.115.45.138 - - [14/Aug/2024:10:48:46 +0200] "GET /gui/javascript/form_form.js?1723625326 HTTP/1.1" 200 16206 "http://hausegger.activities.at/entry.php?id=10271&&ser=625266" "Mozilla/5.0 (Windows NT 10.0; Win64; x64; rv:128.0) Gecko/20100101 Firefox/128.0"
178.115.45.138 - - [14/Aug/2024:10:49:46 +0200] "GET /entry.php?id=10271&&ser=625326 HTTP/1.1" 200 987 "http://hausegger.activities.at/entry.php?id=10271&&ser=625266" "Mozilla/5.0 (Windows NT 10.0; Win64; x64; rv:128.0) Gecko/20100101 Firefox/128.0"
178.115.45.138 - - [14/Aug/2024:10:49:46 +0200] "GET /gui/javascript/form_form.js?1723625386 HTTP/1.1" 200 16206 "http://hausegger.activities.at/entry.php?id=10271&&ser=625326" "Mozilla/5.0 (Windows NT 10.0; Win64; x64; rv:128.0) Gecko/20100101 Firefox/128.0"
45.200.149.249 - - [14/Aug/2024:10:50:04 +0200] "GET /.git/config HTTP/1.1" 404 285 "-" "Mozilla/5.0 (Macintosh; Intel Mac OS X 10_10_5) AppleWebKit/602.2.14 (KHTML, like Gecko) Version/10.0.1 Safari/602.2.14"
178.115.45.138 - - [14/Aug/2024:10:50:46 +0200] "GET /entry.php?id=10271&&ser=625386 HTTP/1.1" 200 987 "http://hausegger.activities.at/entry.php?id=10271&&ser=625326" "Mozilla/5.0 (Windows NT 10.0; Win64; x64; rv:128.0) Gecko/20100101 Firefox/128.0"
178.115.45.138 - - [14/Aug/2024:10:50:47 +0200] "GET /gui/javascript/form_form.js?1723625446 HTTP/1.1" 200 16206 "http://hausegger.activities.at/entry.php?id=10271&&ser=625386" "Mozilla/5.0 (Windows NT 10.0; Win64; x64; rv:128.0) Gecko/20100101 Firefox/128.0"
156.59.198.135 - - [14/Aug/2024:10:50:51 +0200] "GET /renault.2web.at/htdocs/export/xml/data/articles/202101151503_RenArticle.xml HTTP/1.0" 404 327 "-" "Mozilla/5.0 (Linux; Android 5.0) AppleWebKit/537.36 (KHTML, like Gecko) Mobile Safari/537.36 (compatible; Bytespider; spider-feedback@bytedance.com)"
156.59.198.135 - - [14/Aug/2024:10:51:12 +0200] "GET /renault.activities.at/htdocs/export/pdf/emuc_document/11044882.pdf HTTP/1.0" 404 321 "-" "Mozilla/5.0 (Linux; Android 5.0) AppleWebKit/537.36 (KHTML, like Gecko) Mobile Safari/537.36 (compatible; Bytespider; spider-feedback@bytedance.com)"
156.59.198.136 - - [14/Aug/2024:10:51:33 +0200] "GET /renault.2web.at/htdocs/export/txt/factura/FacturaExport20140401140306.txt HTTP/1.0" 404 323 "-" "Mozilla/5.0 (Linux; Android 5.0) AppleWebKit/537.36 (KHTML, like Gecko) Mobile Safari/537.36 (compatible; Bytespider; spider-feedback@bytedance.com)"
178.115.45.138 - - [14/Aug/2024:10:51:47 +0200] "GET /entry.php?id=10271&&ser=625446 HTTP/1.1" 200 987 "http://hausegger.activities.at/entry.php?id=10271&&ser=625386" "Mozilla/5.0 (Windows NT 10.0; Win64; x64; rv:128.0) Gecko/20100101 Firefox/128.0"
178.115.45.138 - - [14/Aug/2024:10:51:47 +0200] "GET /gui/javascript/form_form.js?1723625507 HTTP/1.1" 200 16206 "http://hausegger.activities.at/entry.php?id=10271&&ser=625446" "Mozilla/5.0 (Windows NT 10.0; Win64; x64; rv:128.0) Gecko/20100101 Firefox/128.0"
156.59.198.135 - - [14/Aug/2024:10:51:55 +0200] "GET /renault.activities.at/htdocs/export/pdf/emuc_document/11320913.pdf HTTP/1.0" 404 322 "-" "Mozilla/5.0 (Linux; Android 5.0) AppleWebKit/537.36 (KHTML, like Gecko) Mobile Safari/537.36 (compatible; Bytespider; spider-feedback@bytedance.com)"
156.59.198.136 - - [14/Aug/2024:10:52:16 +0200] "GET /renault.activities.at/htdocs/export/pdf/emuc_document/11250609.pdf HTTP/1.0" 404 321 "-" "Mozilla/5.0 (Linux; Android 5.0) AppleWebKit/537.36 (KHTML, like Gecko) Mobile Safari/537.36 (compatible; Bytespider; spider-feedback@bytedance.com)"
156.59.198.135 - - [14/Aug/2024:10:52:36 +0200] "GET /renault.2web.at/htdocs/export/txt/factura/FacturaExport20140508102030.txt HTTP/1.0" 404 324 "-" "Mozilla/5.0 (Linux; Android 5.0) AppleWebKit/537.36 (KHTML, like Gecko) Mobile Safari/537.36 (compatible; Bytespider; spider-feedback@bytedance.com)"
178.115.45.138 - - [14/Aug/2024:10:52:47 +0200] "GET /entry.php?id=10271&&ser=625507 HTTP/1.1" 200 987 "http://hausegger.activities.at/entry.php?id=10271&&ser=625446" "Mozilla/5.0 (Windows NT 10.0; Win64; x64; rv:128.0) Gecko/20100101 Firefox/128.0"
178.115.45.138 - - [14/Aug/2024:10:52:47 +0200] "GET /gui/javascript/form_form.js?1723625567 HTTP/1.1" 200 16206 "http://hausegger.activities.at/entry.php?id=10271&&ser=625507" "Mozilla/5.0 (Windows NT 10.0; Win64; x64; rv:128.0) Gecko/20100101 Firefox/128.0"
156.59.198.136 - - [14/Aug/2024:10:52:57 +0200] "GET /renault.2web.at/htdocs/export/txt/factura/FacturaExport20180628101040.txt HTTP/1.0" 404 323 "-" "Mozilla/5.0 (Linux; Android 5.0) AppleWebKit/537.36 (KHTML, like Gecko) Mobile Safari/537.36 (compatible; Bytespider; spider-feedback@bytedance.com)"
45.200.149.249 - - [14/Aug/2024:10:53:10 +0200] "GET /.git/config HTTP/1.1" 404 285 "-" "Mozilla/5.0 (X11; U; Linux x86_64; en-US; rv:1.9.1.13) Gecko/20100916 Iceape/2.0.8"
156.59.198.136 - - [14/Aug/2024:10:53:19 +0200] "GET /renault.2web.at/htdocs/export/txt/factura/FacturaExport20160506140229.txt HTTP/1.0" 404 324 "-" "Mozilla/5.0 (Linux; Android 5.0) AppleWebKit/537.36 (KHTML, like Gecko) Mobile Safari/537.36 (compatible; Bytespider; spider-feedback@bytedance.com)"
156.59.198.136 - - [14/Aug/2024:10:53:40 +0200] "GET /renault.2web.at/htdocs/export/xml/data/articles/202003130803_RenArticle.xml HTTP/1.0" 404 327 "-" "Mozilla/5.0 (Linux; Android 5.0) AppleWebKit/537.36 (KHTML, like Gecko) Mobile Safari/537.36 (compatible; Bytespider; spider-feedback@bytedance.com)"
178.115.45.138 - - [14/Aug/2024:10:53:47 +0200] "GET /entry.php?id=10271&&ser=625567 HTTP/1.1" 200 987 "http://hausegger.activities.at/entry.php?id=10271&&ser=625507" "Mozilla/5.0 (Windows NT 10.0; Win64; x64; rv:128.0) Gecko/20100101 Firefox/128.0"
178.115.45.138 - - [14/Aug/2024:10:53:47 +0200] "GET /gui/javascript/form_form.js?1723625627 HTTP/1.1" 200 16206 "http://hausegger.activities.at/entry.php?id=10271&&ser=625567" "Mozilla/5.0 (Windows NT 10.0; Win64; x64; rv:128.0) Gecko/20100101 Firefox/128.0"
156.59.198.135 - - [14/Aug/2024:10:54:01 +0200] "GET /renault.2web.at/htdocs/export/txt/factura/FacturaExport20140926094703.txt HTTP/1.0" 404 325 "-" "Mozilla/5.0 (Linux; Android 5.0) AppleWebKit/537.36 (KHTML, like Gecko) Mobile Safari/537.36 (compatible; Bytespider; spider-feedback@bytedance.com)"
156.59.198.136 - - [14/Aug/2024:10:54:22 +0200] "GET /renault.2web.at/htdocs/export/txt/factura/FacturaExport20150507101637.txt HTTP/1.0" 404 325 "-" "Mozilla/5.0 (Linux; Android 5.0) AppleWebKit/537.36 (KHTML, like Gecko) Mobile Safari/537.36 (compatible; Bytespider; spider-feedback@bytedance.com)"
156.59.198.135 - - [14/Aug/2024:10:54:43 +0200] "GET /renault.2web.at/htdocs/export/xml/data/orders/201909161303_RenOrder.xml HTTP/1.0" 404 325 "-" "Mozilla/5.0 (Linux; Android 5.0) AppleWebKit/537.36 (KHTML, like Gecko) Mobile Safari/537.36 (compatible; Bytespider; spider-feedback@bytedance.com)"
178.115.45.138 - - [14/Aug/2024:10:54:48 +0200] "GET /entry.php?id=10271&&ser=625627 HTTP/1.1" 200 987 "http://hausegger.activities.at/entry.php?id=10271&&ser=625567" "Mozilla/5.0 (Windows NT 10.0; Win64; x64; rv:128.0) Gecko/20100101 Firefox/128.0"
178.115.45.138 - - [14/Aug/2024:10:54:48 +0200] "GET /gui/javascript/form_form.js?1723625688 HTTP/1.1" 200 16206 "http://hausegger.activities.at/entry.php?id=10271&&ser=625627" "Mozilla/5.0 (Windows NT 10.0; Win64; x64; rv:128.0) Gecko/20100101 Firefox/128.0"
156.59.198.135 - - [14/Aug/2024:10:55:04 +0200] "GET /renault.2web.at/htdocs/export/xml/data/articles/202001221603_RenArticle.xml HTTP/1.0" 404 327 "-" "Mozilla/5.0 (Linux; Android 5.0) AppleWebKit/537.36 (KHTML, like Gecko) Mobile Safari/537.36 (compatible; Bytespider; spider-feedback@bytedance.com)"
178.115.45.138 - - [14/Aug/2024:10:55:48 +0200] "GET /entry.php?id=10271&&ser=625688 HTTP/1.1" 200 987 "http://hausegger.activities.at/entry.php?id=10271&&ser=625627" "Mozilla/5.0 (Windows NT 10.0; Win64; x64; rv:128.0) Gecko/20100101 Firefox/128.0"
178.115.45.138 - - [14/Aug/2024:10:55:48 +0200] "GET /gui/javascript/form_form.js?1723625748 HTTP/1.1" 200 16206 "http://hausegger.activities.at/entry.php?id=10271&&ser=625688" "Mozilla/5.0 (Windows NT 10.0; Win64; x64; rv:128.0) Gecko/20100101 Firefox/128.0"
178.115.45.138 - - [14/Aug/2024:10:56:48 +0200] "GET /entry.php?id=10271&&ser=625748 HTTP/1.1" 200 987 "http://hausegger.activities.at/entry.php?id=10271&&ser=625688" "Mozilla/5.0 (Windows NT 10.0; Win64; x64; rv:128.0) Gecko/20100101 Firefox/128.0"
178.115.45.138 - - [14/Aug/2024:10:56:48 +0200] "GET /gui/javascript/form_form.js?1723625808 HTTP/1.1" 200 16206 "http://hausegger.activities.at/entry.php?id=10271&&ser=625748" "Mozilla/5.0 (Windows NT 10.0; Win64; x64; rv:128.0) Gecko/20100101 Firefox/128.0"
156.59.198.135 - - [14/Aug/2024:10:57:31 +0200] "GET /ed.activities.at/stats/lib/blacklist.txt HTTP/1.0" 404 304 "-" "Mozilla/5.0 (Linux; Android 5.0) AppleWebKit/537.36 (KHTML, like Gecko) Mobile Safari/537.36 (compatible; Bytespider; spider-feedback@bytedance.com)"
178.115.45.138 - - [14/Aug/2024:10:57:48 +0200] "GET /entry.php?id=10271&&ser=625808 HTTP/1.1" 200 987 "http://hausegger.activities.at/entry.php?id=10271&&ser=625748" "Mozilla/5.0 (Windows NT 10.0; Win64; x64; rv:128.0) Gecko/20100101 Firefox/128.0"
178.115.45.138 - - [14/Aug/2024:10:57:48 +0200] "GET /gui/javascript/form_form.js?1723625868 HTTP/1.1" 200 16206 "http://hausegger.activities.at/entry.php?id=10271&&ser=625808" "Mozilla/5.0 (Windows NT 10.0; Win64; x64; rv:128.0) Gecko/20100101 Firefox/128.0"
156.59.198.136 - - [14/Aug/2024:10:57:52 +0200] "GET /renault.2web.at/htdocs/export/xml/data/articles/202103081903_RenArticle.xml HTTP/1.0" 404 328 "-" "Mozilla/5.0 (Linux; Android 5.0) AppleWebKit/537.36 (KHTML, like Gecko) Mobile Safari/537.36 (compatible; Bytespider; spider-feedback@bytedance.com)"
156.59.198.136 - - [14/Aug/2024:10:58:13 +0200] "GET /renault.2web.at/htdocs/export/xml/data/articles/202007241103_RenArticle.xml HTTP/1.0" 404 328 "-" "Mozilla/5.0 (Linux; Android 5.0) AppleWebKit/537.36 (KHTML, like Gecko) Mobile Safari/537.36 (compatible; Bytespider; spider-feedback@bytedance.com)"
156.59.198.135 - - [14/Aug/2024:10:58:34 +0200] "GET /renault.2web.at/htdocs/export/xml/data/articles/202007172003_RenArticle.xml HTTP/1.0" 404 327 "-" "Mozilla/5.0 (Linux; Android 5.0) AppleWebKit/537.36 (KHTML, like Gecko) Mobile Safari/537.36 (compatible; Bytespider; spider-feedback@bytedance.com)"
178.115.45.138 - - [14/Aug/2024:10:58:37 +0200] "GET /entry.php?id=10712 HTTP/1.1" 200 402 "http://hausegger.activities.at/entry.php?id=10270&__app__=10006038" "Mozilla/5.0 (Windows NT 10.0; Win64; x64; rv:128.0) Gecko/20100101 Firefox/128.0"
178.115.45.138 - - [14/Aug/2024:10:58:38 +0200] "GET /entry.php?id=10676&&title=Artikelverwaltung HTTP/1.1" 200 1394 "http://hausegger.activities.at/entry.php?id=10712" "Mozilla/5.0 (Windows NT 10.0; Win64; x64; rv:128.0) Gecko/20100101 Firefox/128.0"
178.115.45.138 - - [14/Aug/2024:10:58:38 +0200] "GET /gui/javascript/form_form.js?1723625918 HTTP/1.1" 200 16206 "http://hausegger.activities.at/entry.php?id=10676&&title=Artikelverwaltung" "Mozilla/5.0 (Windows NT 10.0; Win64; x64; rv:128.0) Gecko/20100101 Firefox/128.0"
178.115.45.138 - - [14/Aug/2024:10:58:38 +0200] "GET /entry.php?id=10715& HTTP/1.1" 200 2535 "http://hausegger.activities.at/entry.php?id=10712" "Mozilla/5.0 (Windows NT 10.0; Win64; x64; rv:128.0) Gecko/20100101 Firefox/128.0"
178.115.45.138 - - [14/Aug/2024:10:58:38 +0200] "GET /framework/webfx/javascript/scrolltable/scrolltableIframe.js HTTP/1.1" 200 9641 "http://hausegger.activities.at/entry.php?id=10715&" "Mozilla/5.0 (Windows NT 10.0; Win64; x64; rv:128.0) Gecko/20100101 Firefox/128.0"
178.115.45.138 - - [14/Aug/2024:10:58:38 +0200] "GET /entry.php?id=10716& HTTP/1.1" 200 4888 "http://hausegger.activities.at/entry.php?id=10712" "Mozilla/5.0 (Windows NT 10.0; Win64; x64; rv:128.0) Gecko/20100101 Firefox/128.0"
178.115.45.138 - - [14/Aug/2024:10:58:38 +0200] "GET /entry.php?id=10776&form=10560&name=list& HTTP/1.1" 200 2179 "http://hausegger.activities.at/entry.php?id=10715&" "Mozilla/5.0 (Windows NT 10.0; Win64; x64; rv:128.0) Gecko/20100101 Firefox/128.0"
178.115.45.138 - - [14/Aug/2024:10:58:38 +0200] "GET /entry.php?id=10778&form=10560&name=list& HTTP/1.1" 200 2691 "http://hausegger.activities.at/entry.php?id=10715&" "Mozilla/5.0 (Windows NT 10.0; Win64; x64; rv:128.0) Gecko/20100101 Firefox/128.0"
178.115.45.138 - - [14/Aug/2024:10:58:38 +0200] "GET /gui/images/icons/filter_off.gif HTTP/1.1" 200 309 "http://hausegger.activities.at/entry.php?id=10776&form=10560&name=list&" "Mozilla/5.0 (Windows NT 10.0; Win64; x64; rv:128.0) Gecko/20100101 Firefox/128.0"
178.115.45.138 - - [14/Aug/2024:10:58:38 +0200] "GET /gui/images/icons/export.gif HTTP/1.1" 200 968 "http://hausegger.activities.at/entry.php?id=10776&form=10560&name=list&" "Mozilla/5.0 (Windows NT 10.0; Win64; x64; rv:128.0) Gecko/20100101 Firefox/128.0"
178.115.45.138 - - [14/Aug/2024:10:58:38 +0200] "GET /gui/images/icons/disabled_isvisible.gif HTTP/1.1" 200 612 "http://hausegger.activities.at/entry.php?id=10776&form=10560&name=list&" "Mozilla/5.0 (Windows NT 10.0; Win64; x64; rv:128.0) Gecko/20100101 Firefox/128.0"
178.115.45.138 - - [14/Aug/2024:10:58:38 +0200] "GET /gui/images/icons/disabled_order.gif HTTP/1.1" 200 358 "http://hausegger.activities.at/entry.php?id=10776&form=10560&name=list&" "Mozilla/5.0 (Windows NT 10.0; Win64; x64; rv:128.0) Gecko/20100101 Firefox/128.0"
178.115.45.138 - - [14/Aug/2024:10:58:38 +0200] "GET /entry.php?id=10714&checksegmentation=false& HTTP/1.1" 200 4150 "http://hausegger.activities.at/entry.php?id=10712" "Mozilla/5.0 (Windows NT 10.0; Win64; x64; rv:128.0) Gecko/20100101 Firefox/128.0"
178.115.45.138 - - [14/Aug/2024:10:58:38 +0200] "GET /activities/framework/KoolControls/KoolAjax/koolajax.php?8436e354c842500aba3cbaf0584c0c24 HTTP/1.1" 200 4079 "http://hausegger.activities.at/entry.php?id=10714&checksegmentation=false&" "Mozilla/5.0 (Windows NT 10.0; Win64; x64; rv:128.0) Gecko/20100101 Firefox/128.0"
178.115.45.138 - - [14/Aug/2024:10:58:38 +0200] "GET /activities/framework/KoolControls/KoolTreeView/icons/square_yellowS.gif HTTP/1.1" 200 541 "http://hausegger.activities.at/entry.php?id=10714&checksegmentation=false&" "Mozilla/5.0 (Windows NT 10.0; Win64; x64; rv:128.0) Gecko/20100101 Firefox/128.0"
178.115.45.138 - - [14/Aug/2024:10:58:38 +0200] "GET /activities/framework/KoolControls/KoolTreeView/icons/square_blueS.gif HTTP/1.1" 200 540 "http://hausegger.activities.at/entry.php?id=10714&checksegmentation=false&" "Mozilla/5.0 (Windows NT 10.0; Win64; x64; rv:128.0) Gecko/20100101 Firefox/128.0"
178.115.45.138 - - [14/Aug/2024:10:58:38 +0200] "GET /activities/framework/KoolControls/KoolTreeView/styles/default/default.css HTTP/1.1" 200 1099 "http://hausegger.activities.at/entry.php?id=10714&checksegmentation=false&" "Mozilla/5.0 (Windows NT 10.0; Win64; x64; rv:128.0) Gecko/20100101 Firefox/128.0"
178.115.45.138 - - [14/Aug/2024:10:58:38 +0200] "GET /activities/framework/KoolControls/KoolTreeView/kooltreeview.php?c7cd9180e88ffef8e70f13526bb4f5f7 HTTP/1.1" 200 5055 "http://hausegger.activities.at/entry.php?id=10714&checksegmentation=false&" "Mozilla/5.0 (Windows NT 10.0; Win64; x64; rv:128.0) Gecko/20100101 Firefox/128.0"
178.115.45.138 - - [14/Aug/2024:10:58:44 +0200] "POST /entry.php?id=10715 HTTP/1.1" 200 2612 "http://hausegger.activities.at/entry.php?id=10715&" "Mozilla/5.0 (Windows NT 10.0; Win64; x64; rv:128.0) Gecko/20100101 Firefox/128.0"
178.115.45.138 - - [14/Aug/2024:10:58:44 +0200] "GET /gui/javascript/form_form.js?1723625924 HTTP/1.1" 200 16206 "http://hausegger.activities.at/entry.php?id=10715" "Mozilla/5.0 (Windows NT 10.0; Win64; x64; rv:128.0) Gecko/20100101 Firefox/128.0"
178.115.45.138 - - [14/Aug/2024:10:58:44 +0200] "GET /entry.php?id=10776&form=10560&name=list& HTTP/1.1" 200 2313 "http://hausegger.activities.at/entry.php?id=10715" "Mozilla/5.0 (Windows NT 10.0; Win64; x64; rv:128.0) Gecko/20100101 Firefox/128.0"
178.115.45.138 - - [14/Aug/2024:10:58:44 +0200] "GET /entry.php?id=10778&form=10560&name=list& HTTP/1.1" 200 2996 "http://hausegger.activities.at/entry.php?id=10715" "Mozilla/5.0 (Windows NT 10.0; Win64; x64; rv:128.0) Gecko/20100101 Firefox/128.0"
178.115.45.138 - - [14/Aug/2024:10:58:45 +0200] "GET /gui/images/no_image_de.jpg HTTP/1.1" 200 73407 "http://hausegger.activities.at/entry.php?id=10778&form=10560&name=list&" "Mozilla/5.0 (Windows NT 10.0; Win64; x64; rv:128.0) Gecko/20100101 Firefox/128.0"
178.115.45.138 - - [14/Aug/2024:10:58:45 +0200] "POST /entry.php?id=10716 HTTP/1.1" 200 7748 "http://hausegger.activities.at/entry.php?id=10716&" "Mozilla/5.0 (Windows NT 10.0; Win64; x64; rv:128.0) Gecko/20100101 Firefox/128.0"
178.115.45.138 - - [14/Aug/2024:10:58:45 +0200] "GET /activities/framework/KoolControls/KoolAjax/koolajax.php?8436e354c842500aba3cbaf0584c0c24 HTTP/1.1" 200 4079 "http://hausegger.activities.at/entry.php?id=10716" "Mozilla/5.0 (Windows NT 10.0; Win64; x64; rv:128.0) Gecko/20100101 Firefox/128.0"
