178.115.45.138 - - [14/Aug/2024:16:46:51 +0200] "GET /gui/javascript/form_form.js?1723646811 HTTP/1.1" 200 16206 "http://hausegger.activities.at/entry.php?id=10271&&ser=646751" "Mozilla/5.0 (Windows NT 10.0; Win64; x64; rv:128.0) Gecko/20100101 Firefox/128.0"
178.115.45.138 - - [14/Aug/2024:16:47:51 +0200] "GET /entry.php?id=10271&&ser=646811 HTTP/1.1" 200 986 "http://hausegger.activities.at/entry.php?id=10271&&ser=646751" "Mozilla/5.0 (Windows NT 10.0; Win64; x64; rv:128.0) Gecko/20100101 Firefox/128.0"
178.115.45.138 - - [14/Aug/2024:16:47:51 +0200] "GET /gui/javascript/form_form.js?1723646871 HTTP/1.1" 200 16206 "http://hausegger.activities.at/entry.php?id=10271&&ser=646811" "Mozilla/5.0 (Windows NT 10.0; Win64; x64; rv:128.0) Gecko/20100101 Firefox/128.0"
178.115.45.138 - - [14/Aug/2024:16:48:51 +0200] "GET /entry.php?id=10271&&ser=646871 HTTP/1.1" 200 987 "http://hausegger.activities.at/entry.php?id=10271&&ser=646811" "Mozilla/5.0 (Windows NT 10.0; Win64; x64; rv:128.0) Gecko/20100101 Firefox/128.0"
178.115.45.138 - - [14/Aug/2024:16:48:51 +0200] "GET /gui/javascript/form_form.js?1723646931 HTTP/1.1" 200 16206 "http://hausegger.activities.at/entry.php?id=10271&&ser=646871" "Mozilla/5.0 (Windows NT 10.0; Win64; x64; rv:128.0) Gecko/20100101 Firefox/128.0"
94.156.68.162 - - [14/Aug/2024:16:49:26 +0200] "GET /.env HTTP/1.1" 404 280 "-" "Mozilla/5.0 (compatible; Googlebot/2.1; http://www.google.com/bot.html)"
178.115.45.138 - - [14/Aug/2024:16:49:52 +0200] "GET /entry.php?id=10271&&ser=646931 HTTP/1.1" 200 987 "http://hausegger.activities.at/entry.php?id=10271&&ser=646871" "Mozilla/5.0 (Windows NT 10.0; Win64; x64; rv:128.0) Gecko/20100101 Firefox/128.0"
178.115.45.138 - - [14/Aug/2024:16:49:52 +0200] "GET /gui/javascript/form_form.js?1723646992 HTTP/1.1" 200 16206 "http://hausegger.activities.at/entry.php?id=10271&&ser=646931" "Mozilla/5.0 (Windows NT 10.0; Win64; x64; rv:128.0) Gecko/20100101 Firefox/128.0"
156.59.198.136 - - [14/Aug/2024:16:49:53 +0200] "GET /renault.2web.at/htdocs/export/xml/data/articles/202010070803_RenArticle.xml HTTP/1.0" 404 327 "-" "Mozilla/5.0 (Linux; Android 5.0) AppleWebKit/537.36 (KHTML, like Gecko) Mobile Safari/537.36 (compatible; Bytespider; spider-feedback@bytedance.com)"
156.59.198.136 - - [14/Aug/2024:16:50:14 +0200] "GET /renault.activities.at/htdocs/export/pdf/emuc_document/10936605.pdf HTTP/1.0" 404 322 "-" "Mozilla/5.0 (Linux; Android 5.0) AppleWebKit/537.36 (KHTML, like Gecko) Mobile Safari/537.36 (compatible; Bytespider; spider-feedback@bytedance.com)"
156.59.198.136 - - [14/Aug/2024:16:50:36 +0200] "GET /renault.2web.at/htdocs/export/txt/factura/FacturaExport20160601135955.txt HTTP/1.0" 404 325 "-" "Mozilla/5.0 (Linux; Android 5.0) AppleWebKit/537.36 (KHTML, like Gecko) Mobile Safari/537.36 (compatible; Bytespider; spider-feedback@bytedance.com)"
178.115.45.138 - - [14/Aug/2024:16:50:52 +0200] "GET /entry.php?id=10271&&ser=646992 HTTP/1.1" 200 987 "http://hausegger.activities.at/entry.php?id=10271&&ser=646931" "Mozilla/5.0 (Windows NT 10.0; Win64; x64; rv:128.0) Gecko/20100101 Firefox/128.0"
178.115.45.138 - - [14/Aug/2024:16:50:52 +0200] "GET /gui/javascript/form_form.js?1723647052 HTTP/1.1" 200 16206 "http://hausegger.activities.at/entry.php?id=10271&&ser=646992" "Mozilla/5.0 (Windows NT 10.0; Win64; x64; rv:128.0) Gecko/20100101 Firefox/128.0"
156.59.198.135 - - [14/Aug/2024:16:50:56 +0200] "GET /renault.activities.at/htdocs/export/pdf/emuc_document/11629046.pdf HTTP/1.0" 404 322 "-" "Mozilla/5.0 (Linux; Android 5.0) AppleWebKit/537.36 (KHTML, like Gecko) Mobile Safari/537.36 (compatible; Bytespider; spider-feedback@bytedance.com)"
156.59.198.136 - - [14/Aug/2024:16:51:17 +0200] "GET /renault.2web.at/htdocs/export/txt/factura/FacturaExport20141010105105.txt HTTP/1.0" 404 321 "-" "Mozilla/5.0 (Linux; Android 5.0) AppleWebKit/537.36 (KHTML, like Gecko) Mobile Safari/537.36 (compatible; Bytespider; spider-feedback@bytedance.com)"
156.59.198.136 - - [14/Aug/2024:16:51:38 +0200] "GET /renault.activities.at/htdocs/export/pdf/emuc_document/10482342.pdf HTTP/1.0" 404 322 "-" "Mozilla/5.0 (Linux; Android 5.0) AppleWebKit/537.36 (KHTML, like Gecko) Mobile Safari/537.36 (compatible; Bytespider; spider-feedback@bytedance.com)"
178.115.45.138 - - [14/Aug/2024:16:51:52 +0200] "GET /entry.php?id=10271&&ser=647052 HTTP/1.1" 200 987 "http://hausegger.activities.at/entry.php?id=10271&&ser=646992" "Mozilla/5.0 (Windows NT 10.0; Win64; x64; rv:128.0) Gecko/20100101 Firefox/128.0"
178.115.45.138 - - [14/Aug/2024:16:51:52 +0200] "GET /gui/javascript/form_form.js?1723647112 HTTP/1.1" 200 16206 "http://hausegger.activities.at/entry.php?id=10271&&ser=647052" "Mozilla/5.0 (Windows NT 10.0; Win64; x64; rv:128.0) Gecko/20100101 Firefox/128.0"
156.59.198.135 - - [14/Aug/2024:16:51:59 +0200] "GET /renault.activities.at/htdocs/export/pdf/emuc_document/11451664.pdf HTTP/1.0" 404 321 "-" "Mozilla/5.0 (Linux; Android 5.0) AppleWebKit/537.36 (KHTML, like Gecko) Mobile Safari/537.36 (compatible; Bytespider; spider-feedback@bytedance.com)"
156.59.198.136 - - [14/Aug/2024:16:52:21 +0200] "GET /renault.activities.at/htdocs/export/pdf/emuc_document/11312084.pdf HTTP/1.0" 404 322 "-" "Mozilla/5.0 (Linux; Android 5.0) AppleWebKit/537.36 (KHTML, like Gecko) Mobile Safari/537.36 (compatible; Bytespider; spider-feedback@bytedance.com)"
185.191.126.213 - - [14/Aug/2024:16:52:35 +0200] "GET / HTTP/1.1" 200 423 "-" "-"
156.59.198.135 - - [14/Aug/2024:16:52:45 +0200] "GET /renault.2web.at/htdocs/export/xml/data/articles/202010161103_RenArticle.xml HTTP/1.0" 404 327 "-" "Mozilla/5.0 (Linux; Android 5.0) AppleWebKit/537.36 (KHTML, like Gecko) Mobile Safari/537.36 (compatible; Bytespider; spider-feedback@bytedance.com)"
178.115.45.138 - - [14/Aug/2024:16:52:52 +0200] "GET /entry.php?id=10271&&ser=647112 HTTP/1.1" 200 987 "http://hausegger.activities.at/entry.php?id=10271&&ser=647052" "Mozilla/5.0 (Windows NT 10.0; Win64; x64; rv:128.0) Gecko/20100101 Firefox/128.0"
178.115.45.138 - - [14/Aug/2024:16:52:53 +0200] "GET /gui/javascript/form_form.js?1723647173 HTTP/1.1" 200 16206 "http://hausegger.activities.at/entry.php?id=10271&&ser=647112" "Mozilla/5.0 (Windows NT 10.0; Win64; x64; rv:128.0) Gecko/20100101 Firefox/128.0"
156.59.198.135 - - [14/Aug/2024:16:53:07 +0200] "GET /renault.2web.at/htdocs/export/txt/factura/FacturaExport20160404133818.txt HTTP/1.0" 404 325 "-" "Mozilla/5.0 (Linux; Android 5.0) AppleWebKit/537.36 (KHTML, like Gecko) Mobile Safari/537.36 (compatible; Bytespider; spider-feedback@bytedance.com)"
156.59.198.136 - - [14/Aug/2024:16:53:28 +0200] "GET /renault.2web.at/htdocs/export/txt/factura/FacturaExport20151218092841.txt HTTP/1.0" 404 323 "-" "Mozilla/5.0 (Linux; Android 5.0) AppleWebKit/537.36 (KHTML, like Gecko) Mobile Safari/537.36 (compatible; Bytespider; spider-feedback@bytedance.com)"
156.59.198.136 - - [14/Aug/2024:16:53:49 +0200] "GET /renault.2web.at/htdocs/export/xml/data/articles/202101291203_RenArticle.xml HTTP/1.0" 404 327 "-" "Mozilla/5.0 (Linux; Android 5.0) AppleWebKit/537.36 (KHTML, like Gecko) Mobile Safari/537.36 (compatible; Bytespider; spider-feedback@bytedance.com)"
178.115.45.138 - - [14/Aug/2024:16:53:53 +0200] "GET /entry.php?id=10271&&ser=647173 HTTP/1.1" 200 986 "http://hausegger.activities.at/entry.php?id=10271&&ser=647112" "Mozilla/5.0 (Windows NT 10.0; Win64; x64; rv:128.0) Gecko/20100101 Firefox/128.0"
178.115.45.138 - - [14/Aug/2024:16:53:53 +0200] "GET /gui/javascript/form_form.js?1723647233 HTTP/1.1" 200 16206 "http://hausegger.activities.at/entry.php?id=10271&&ser=647173" "Mozilla/5.0 (Windows NT 10.0; Win64; x64; rv:128.0) Gecko/20100101 Firefox/128.0"
156.59.198.136 - - [14/Aug/2024:16:54:11 +0200] "GET /renault.activities.at/htdocs/export/pdf/emuc_document/10396278.pdf HTTP/1.0" 404 323 "-" "Mozilla/5.0 (Linux; Android 5.0) AppleWebKit/537.36 (KHTML, like Gecko) Mobile Safari/537.36 (compatible; Bytespider; spider-feedback@bytedance.com)"
156.59.198.135 - - [14/Aug/2024:16:54:31 +0200] "GET /renault.2web.at/htdocs/export/xml/data/articles/201912060903_RenArticle.xml HTTP/1.0" 404 327 "-" "Mozilla/5.0 (Linux; Android 5.0) AppleWebKit/537.36 (KHTML, like Gecko) Mobile Safari/537.36 (compatible; Bytespider; spider-feedback@bytedance.com)"
156.59.198.135 - - [14/Aug/2024:16:54:53 +0200] "GET /renault.2web.at/htdocs/export/xml/data/articles/201907300903_RenArticle.xml HTTP/1.0" 404 328 "-" "Mozilla/5.0 (Linux; Android 5.0) AppleWebKit/537.36 (KHTML, like Gecko) Mobile Safari/537.36 (compatible; Bytespider; spider-feedback@bytedance.com)"
178.115.45.138 - - [14/Aug/2024:16:54:53 +0200] "GET /entry.php?id=10271&&ser=647233 HTTP/1.1" 200 987 "http://hausegger.activities.at/entry.php?id=10271&&ser=647173" "Mozilla/5.0 (Windows NT 10.0; Win64; x64; rv:128.0) Gecko/20100101 Firefox/128.0"
178.115.45.138 - - [14/Aug/2024:16:54:53 +0200] "GET /gui/javascript/form_form.js?1723647293 HTTP/1.1" 200 16206 "http://hausegger.activities.at/entry.php?id=10271&&ser=647233" "Mozilla/5.0 (Windows NT 10.0; Win64; x64; rv:128.0) Gecko/20100101 Firefox/128.0"
178.115.45.138 - - [14/Aug/2024:16:55:53 +0200] "GET /entry.php?id=10271&&ser=647293 HTTP/1.1" 200 987 "http://hausegger.activities.at/entry.php?id=10271&&ser=647233" "Mozilla/5.0 (Windows NT 10.0; Win64; x64; rv:128.0) Gecko/20100101 Firefox/128.0"
178.115.45.138 - - [14/Aug/2024:16:55:53 +0200] "GET /gui/javascript/form_form.js?1723647353 HTTP/1.1" 200 16206 "http://hausegger.activities.at/entry.php?id=10271&&ser=647293" "Mozilla/5.0 (Windows NT 10.0; Win64; x64; rv:128.0) Gecko/20100101 Firefox/128.0"
178.115.45.138 - - [14/Aug/2024:16:56:54 +0200] "GET /entry.php?id=10271&&ser=647353 HTTP/1.1" 200 987 "http://hausegger.activities.at/entry.php?id=10271&&ser=647293" "Mozilla/5.0 (Windows NT 10.0; Win64; x64; rv:128.0) Gecko/20100101 Firefox/128.0"
178.115.45.138 - - [14/Aug/2024:16:56:54 +0200] "GET /gui/javascript/form_form.js?1723647414 HTTP/1.1" 200 16206 "http://hausegger.activities.at/entry.php?id=10271&&ser=647353" "Mozilla/5.0 (Windows NT 10.0; Win64; x64; rv:128.0) Gecko/20100101 Firefox/128.0"
156.59.198.135 - - [14/Aug/2024:16:56:56 +0200] "GET /renault.2web.at/htdocs/export/xml/data/articles/202102110803_RenArticle.xml HTTP/1.0" 404 326 "-" "Mozilla/5.0 (Linux; Android 5.0) AppleWebKit/537.36 (KHTML, like Gecko) Mobile Safari/537.36 (compatible; Bytespider; spider-feedback@bytedance.com)"
178.115.45.138 - - [14/Aug/2024:16:57:54 +0200] "GET /entry.php?id=10271&&ser=647414 HTTP/1.1" 200 986 "http://hausegger.activities.at/entry.php?id=10271&&ser=647353" "Mozilla/5.0 (Windows NT 10.0; Win64; x64; rv:128.0) Gecko/20100101 Firefox/128.0"
178.115.45.138 - - [14/Aug/2024:16:57:54 +0200] "GET /gui/javascript/form_form.js?1723647474 HTTP/1.1" 200 16206 "http://hausegger.activities.at/entry.php?id=10271&&ser=647414" "Mozilla/5.0 (Windows NT 10.0; Win64; x64; rv:128.0) Gecko/20100101 Firefox/128.0"
178.115.45.138 - - [14/Aug/2024:16:58:54 +0200] "GET /entry.php?id=10271&&ser=647474 HTTP/1.1" 200 987 "http://hausegger.activities.at/entry.php?id=10271&&ser=647414" "Mozilla/5.0 (Windows NT 10.0; Win64; x64; rv:128.0) Gecko/20100101 Firefox/128.0"
178.115.45.138 - - [14/Aug/2024:16:58:54 +0200] "GET /gui/javascript/form_form.js?1723647534 HTTP/1.1" 200 16206 "http://hausegger.activities.at/entry.php?id=10271&&ser=647474" "Mozilla/5.0 (Windows NT 10.0; Win64; x64; rv:128.0) Gecko/20100101 Firefox/128.0"
45.89.247.57 - - [14/Aug/2024:16:59:31 +0200] "GET /.env HTTP/1.1" 404 280 "-" "Mozilla/5.0 (Linux; Android 5.0.1; GT-I9500) AppleWebKit/537.36 (KHTML, like Gecko) Chrome/76.0.3809.111 Mobile Safari/537.36"
156.59.198.136 - - [14/Aug/2024:16:59:42 +0200] "GET /renault.activities.at/htdocs/export/pdf/emuc_document/11133157.pdf HTTP/1.0" 404 322 "-" "Mozilla/5.0 (Linux; Android 5.0) AppleWebKit/537.36 (KHTML, like Gecko) Mobile Safari/537.36 (compatible; Bytespider; spider-feedback@bytedance.com)"
178.115.45.138 - - [14/Aug/2024:16:59:54 +0200] "GET /entry.php?id=10271&&ser=647534 HTTP/1.1" 200 987 "http://hausegger.activities.at/entry.php?id=10271&&ser=647474" "Mozilla/5.0 (Windows NT 10.0; Win64; x64; rv:128.0) Gecko/20100101 Firefox/128.0"
178.115.45.138 - - [14/Aug/2024:16:59:55 +0200] "GET /gui/javascript/form_form.js?1723647595 HTTP/1.1" 200 16206 "http://hausegger.activities.at/entry.php?id=10271&&ser=647534" "Mozilla/5.0 (Windows NT 10.0; Win64; x64; rv:128.0) Gecko/20100101 Firefox/128.0"
156.59.198.136 - - [14/Aug/2024:17:00:04 +0200] "GET /renault.activities.at/htdocs/export/pdf/emuc_document/11086230.pdf HTTP/1.0" 404 322 "-" "Mozilla/5.0 (Linux; Android 5.0) AppleWebKit/537.36 (KHTML, like Gecko) Mobile Safari/537.36 (compatible; Bytespider; spider-feedback@bytedance.com)"
156.59.198.135 - - [14/Aug/2024:17:00:25 +0200] "GET /renault.activities.at/htdocs/export/pdf/emuc_document/12001057.pdf HTTP/1.0" 404 322 "-" "Mozilla/5.0 (Linux; Android 5.0) AppleWebKit/537.36 (KHTML, like Gecko) Mobile Safari/537.36 (compatible; Bytespider; spider-feedback@bytedance.com)"
178.115.45.138 - - [14/Aug/2024:17:00:55 +0200] "GET /entry.php?id=10271&&ser=647595 HTTP/1.1" 200 987 "http://hausegger.activities.at/entry.php?id=10271&&ser=647534" "Mozilla/5.0 (Windows NT 10.0; Win64; x64; rv:128.0) Gecko/20100101 Firefox/128.0"
178.115.45.138 - - [14/Aug/2024:17:00:55 +0200] "GET /gui/javascript/form_form.js?1723647655 HTTP/1.1" 200 16206 "http://hausegger.activities.at/entry.php?id=10271&&ser=647595" "Mozilla/5.0 (Windows NT 10.0; Win64; x64; rv:128.0) Gecko/20100101 Firefox/128.0"
178.115.45.138 - - [14/Aug/2024:17:01:55 +0200] "GET /entry.php?id=10271&&ser=647655 HTTP/1.1" 200 987 "http://hausegger.activities.at/entry.php?id=10271&&ser=647595" "Mozilla/5.0 (Windows NT 10.0; Win64; x64; rv:128.0) Gecko/20100101 Firefox/128.0"
178.115.45.138 - - [14/Aug/2024:17:01:55 +0200] "GET /gui/javascript/form_form.js?1723647715 HTTP/1.1" 200 16206 "http://hausegger.activities.at/entry.php?id=10271&&ser=647655" "Mozilla/5.0 (Windows NT 10.0; Win64; x64; rv:128.0) Gecko/20100101 Firefox/128.0"
178.115.45.138 - - [14/Aug/2024:17:02:55 +0200] "GET /entry.php?id=10271&&ser=647715 HTTP/1.1" 200 988 "http://hausegger.activities.at/entry.php?id=10271&&ser=647655" "Mozilla/5.0 (Windows NT 10.0; Win64; x64; rv:128.0) Gecko/20100101 Firefox/128.0"
178.115.45.138 - - [14/Aug/2024:17:02:56 +0200] "GET /gui/javascript/form_form.js?1723647775 HTTP/1.1" 200 16206 "http://hausegger.activities.at/entry.php?id=10271&&ser=647715" "Mozilla/5.0 (Windows NT 10.0; Win64; x64; rv:128.0) Gecko/20100101 Firefox/128.0"
156.59.198.136 - - [14/Aug/2024:17:03:28 +0200] "GET /renault.activities.at/htdocs/export/pdf/emuc_document/10530874.pdf HTTP/1.0" 404 323 "-" "Mozilla/5.0 (Linux; Android 5.0) AppleWebKit/537.36 (KHTML, like Gecko) Mobile Safari/537.36 (compatible; Bytespider; spider-feedback@bytedance.com)"
156.59.198.136 - - [14/Aug/2024:17:03:50 +0200] "GET /renault.2web.at/htdocs/export/txt/factura/FacturaExport20191209134853.txt HTTP/1.0" 404 325 "-" "Mozilla/5.0 (Linux; Android 5.0) AppleWebKit/537.36 (KHTML, like Gecko) Mobile Safari/537.36 (compatible; Bytespider; spider-feedback@bytedance.com)"
178.115.45.138 - - [14/Aug/2024:17:03:56 +0200] "GET /entry.php?id=10271&&ser=647775 HTTP/1.1" 200 987 "http://hausegger.activities.at/entry.php?id=10271&&ser=647715" "Mozilla/5.0 (Windows NT 10.0; Win64; x64; rv:128.0) Gecko/20100101 Firefox/128.0"
178.115.45.138 - - [14/Aug/2024:17:03:56 +0200] "GET /gui/javascript/form_form.js?1723647836 HTTP/1.1" 200 16206 "http://hausegger.activities.at/entry.php?id=10271&&ser=647775" "Mozilla/5.0 (Windows NT 10.0; Win64; x64; rv:128.0) Gecko/20100101 Firefox/128.0"
156.59.198.136 - - [14/Aug/2024:17:04:12 +0200] "GET /renault.activities.at/htdocs/export/pdf/emuc_document/11470772.pdf HTTP/1.0" 404 322 "-" "Mozilla/5.0 (Linux; Android 5.0) AppleWebKit/537.36 (KHTML, like Gecko) Mobile Safari/537.36 (compatible; Bytespider; spider-feedback@bytedance.com)"
156.59.198.136 - - [14/Aug/2024:17:04:32 +0200] "GET /renault.activities.at/htdocs/export/pdf/emuc_document/11306592.pdf HTTP/1.0" 404 322 "-" "Mozilla/5.0 (Linux; Android 5.0) AppleWebKit/537.36 (KHTML, like Gecko) Mobile Safari/537.36 (compatible; Bytespider; spider-feedback@bytedance.com)"
156.59.198.136 - - [14/Aug/2024:17:04:54 +0200] "GET /renault.activities.at/htdocs/export/pdf/emuc_document/11901399.pdf HTTP/1.0" 404 322 "-" "Mozilla/5.0 (Linux; Android 5.0) AppleWebKit/537.36 (KHTML, like Gecko) Mobile Safari/537.36 (compatible; Bytespider; spider-feedback@bytedance.com)"
178.115.45.138 - - [14/Aug/2024:17:04:56 +0200] "GET /entry.php?id=10271&&ser=647836 HTTP/1.1" 200 987 "http://hausegger.activities.at/entry.php?id=10271&&ser=647775" "Mozilla/5.0 (Windows NT 10.0; Win64; x64; rv:128.0) Gecko/20100101 Firefox/128.0"
178.115.45.138 - - [14/Aug/2024:17:04:56 +0200] "GET /gui/javascript/form_form.js?1723647896 HTTP/1.1" 200 16206 "http://hausegger.activities.at/entry.php?id=10271&&ser=647836" "Mozilla/5.0 (Windows NT 10.0; Win64; x64; rv:128.0) Gecko/20100101 Firefox/128.0"
156.59.198.136 - - [14/Aug/2024:17:05:15 +0200] "GET /renault.2web.at/htdocs/export/xml/data/articles/201909121603_RenArticle.xml HTTP/1.0" 404 327 "-" "Mozilla/5.0 (Linux; Android 5.0) AppleWebKit/537.36 (KHTML, like Gecko) Mobile Safari/537.36 (compatible; Bytespider; spider-feedback@bytedance.com)"
156.59.198.136 - - [14/Aug/2024:17:05:36 +0200] "GET /renault.2web.at/htdocs/export/xml/data/articles/202008211703_RenArticle.xml HTTP/1.0" 404 327 "-" "Mozilla/5.0 (Linux; Android 5.0) AppleWebKit/537.36 (KHTML, like Gecko) Mobile Safari/537.36 (compatible; Bytespider; spider-feedback@bytedance.com)"
178.115.45.138 - - [14/Aug/2024:17:05:56 +0200] "GET /entry.php?id=10271&&ser=647896 HTTP/1.1" 200 987 "http://hausegger.activities.at/entry.php?id=10271&&ser=647836" "Mozilla/5.0 (Windows NT 10.0; Win64; x64; rv:128.0) Gecko/20100101 Firefox/128.0"
178.115.45.138 - - [14/Aug/2024:17:05:56 +0200] "GET /gui/javascript/form_form.js?1723647956 HTTP/1.1" 200 16206 "http://hausegger.activities.at/entry.php?id=10271&&ser=647896" "Mozilla/5.0 (Windows NT 10.0; Win64; x64; rv:128.0) Gecko/20100101 Firefox/128.0"
156.59.198.136 - - [14/Aug/2024:17:06:29 +0200] "GET /renault.2web.at/htdocs/export/xml/data/articles/201907230803_RenArticle.xml HTTP/1.0" 404 328 "-" "Mozilla/5.0 (Linux; Android 5.0) AppleWebKit/537.36 (KHTML, like Gecko) Mobile Safari/537.36 (compatible; Bytespider; spider-feedback@bytedance.com)"
156.59.198.136 - - [14/Aug/2024:17:06:50 +0200] "GET /renault.2web.at/htdocs/export/xml/data/articles/202007091203_RenArticle.xml HTTP/1.0" 404 328 "-" "Mozilla/5.0 (Linux; Android 5.0) AppleWebKit/537.36 (KHTML, like Gecko) Mobile Safari/537.36 (compatible; Bytespider; spider-feedback@bytedance.com)"
178.115.45.138 - - [14/Aug/2024:17:06:56 +0200] "GET /entry.php?id=10271&&ser=647956 HTTP/1.1" 200 987 "http://hausegger.activities.at/entry.php?id=10271&&ser=647896" "Mozilla/5.0 (Windows NT 10.0; Win64; x64; rv:128.0) Gecko/20100101 Firefox/128.0"
178.115.45.138 - - [14/Aug/2024:17:06:57 +0200] "GET /gui/javascript/form_form.js?1723648017 HTTP/1.1" 200 16206 "http://hausegger.activities.at/entry.php?id=10271&&ser=647956" "Mozilla/5.0 (Windows NT 10.0; Win64; x64; rv:128.0) Gecko/20100101 Firefox/128.0"
156.59.198.135 - - [14/Aug/2024:17:07:11 +0200] "GET /renault.2web.at/htdocs/export/xml/data/articles/201908281003_RenArticle.xml HTTP/1.0" 404 327 "-" "Mozilla/5.0 (Linux; Android 5.0) AppleWebKit/537.36 (KHTML, like Gecko) Mobile Safari/537.36 (compatible; Bytespider; spider-feedback@bytedance.com)"
156.59.198.135 - - [14/Aug/2024:17:07:32 +0200] "GET /renault.activities.at/htdocs/export/pdf/emuc_document/10557081.pdf HTTP/1.0" 404 322 "-" "Mozilla/5.0 (Linux; Android 5.0) AppleWebKit/537.36 (KHTML, like Gecko) Mobile Safari/537.36 (compatible; Bytespider; spider-feedback@bytedance.com)"
178.115.45.138 - - [14/Aug/2024:17:07:57 +0200] "GET /entry.php?id=10271&&ser=648017 HTTP/1.1" 200 987 "http://hausegger.activities.at/entry.php?id=10271&&ser=647956" "Mozilla/5.0 (Windows NT 10.0; Win64; x64; rv:128.0) Gecko/20100101 Firefox/128.0"
178.115.45.138 - - [14/Aug/2024:17:07:57 +0200] "GET /gui/javascript/form_form.js?1723648077 HTTP/1.1" 200 16206 "http://hausegger.activities.at/entry.php?id=10271&&ser=648017" "Mozilla/5.0 (Windows NT 10.0; Win64; x64; rv:128.0) Gecko/20100101 Firefox/128.0"
178.115.45.138 - - [14/Aug/2024:17:08:57 +0200] "GET /entry.php?id=10271&&ser=648077 HTTP/1.1" 200 987 "http://hausegger.activities.at/entry.php?id=10271&&ser=648017" "Mozilla/5.0 (Windows NT 10.0; Win64; x64; rv:128.0) Gecko/20100101 Firefox/128.0"
178.115.45.138 - - [14/Aug/2024:17:08:57 +0200] "GET /gui/javascript/form_form.js?1723648137 HTTP/1.1" 200 16206 "http://hausegger.activities.at/entry.php?id=10271&&ser=648077" "Mozilla/5.0 (Windows NT 10.0; Win64; x64; rv:128.0) Gecko/20100101 Firefox/128.0"
178.115.45.138 - - [14/Aug/2024:17:09:57 +0200] "GET /entry.php?id=10271&&ser=648137 HTTP/1.1" 200 986 "http://hausegger.activities.at/entry.php?id=10271&&ser=648077" "Mozilla/5.0 (Windows NT 10.0; Win64; x64; rv:128.0) Gecko/20100101 Firefox/128.0"
178.115.45.138 - - [14/Aug/2024:17:09:57 +0200] "GET /gui/javascript/form_form.js?1723648197 HTTP/1.1" 200 16206 "http://hausegger.activities.at/entry.php?id=10271&&ser=648137" "Mozilla/5.0 (Windows NT 10.0; Win64; x64; rv:128.0) Gecko/20100101 Firefox/128.0"
156.59.198.136 - - [14/Aug/2024:17:10:40 +0200] "GET /renault.activities.at/htdocs/activities/framework/KoolControls/KoolImageView/styles/office2007/office2007.xml HTTP/1.0" 404 342 "-" "Mozilla/5.0 (Linux; Android 5.0) AppleWebKit/537.36 (KHTML, like Gecko) Mobile Safari/537.36 (compatible; Bytespider; spider-feedback@bytedance.com)"
178.115.45.138 - - [14/Aug/2024:17:10:58 +0200] "GET /entry.php?id=10271&&ser=648197 HTTP/1.1" 200 987 "http://hausegger.activities.at/entry.php?id=10271&&ser=648137" "Mozilla/5.0 (Windows NT 10.0; Win64; x64; rv:128.0) Gecko/20100101 Firefox/128.0"
178.115.45.138 - - [14/Aug/2024:17:10:58 +0200] "GET /gui/javascript/form_form.js?1723648258 HTTP/1.1" 200 16206 "http://hausegger.activities.at/entry.php?id=10271&&ser=648197" "Mozilla/5.0 (Windows NT 10.0; Win64; x64; rv:128.0) Gecko/20100101 Firefox/128.0"
178.115.45.138 - - [14/Aug/2024:17:11:58 +0200] "GET /entry.php?id=10271&&ser=648258 HTTP/1.1" 200 987 "http://hausegger.activities.at/entry.php?id=10271&&ser=648197" "Mozilla/5.0 (Windows NT 10.0; Win64; x64; rv:128.0) Gecko/20100101 Firefox/128.0"
178.115.45.138 - - [14/Aug/2024:17:11:58 +0200] "GET /gui/javascript/form_form.js?1723648318 HTTP/1.1" 200 16206 "http://hausegger.activities.at/entry.php?id=10271&&ser=648258" "Mozilla/5.0 (Windows NT 10.0; Win64; x64; rv:128.0) Gecko/20100101 Firefox/128.0"
178.115.45.138 - - [14/Aug/2024:17:12:58 +0200] "GET /entry.php?id=10271&&ser=648318 HTTP/1.1" 200 987 "http://hausegger.activities.at/entry.php?id=10271&&ser=648258" "Mozilla/5.0 (Windows NT 10.0; Win64; x64; rv:128.0) Gecko/20100101 Firefox/128.0"
178.115.45.138 - - [14/Aug/2024:17:12:58 +0200] "GET /gui/javascript/form_form.js?1723648378 HTTP/1.1" 200 16206 "http://hausegger.activities.at/entry.php?id=10271&&ser=648318" "Mozilla/5.0 (Windows NT 10.0; Win64; x64; rv:128.0) Gecko/20100101 Firefox/128.0"
178.115.45.138 - - [14/Aug/2024:17:13:59 +0200] "GET /entry.php?id=10271&&ser=648378 HTTP/1.1" 200 987 "http://hausegger.activities.at/entry.php?id=10271&&ser=648318" "Mozilla/5.0 (Windows NT 10.0; Win64; x64; rv:128.0) Gecko/20100101 Firefox/128.0"
178.115.45.138 - - [14/Aug/2024:17:13:59 +0200] "GET /gui/javascript/form_form.js?1723648439 HTTP/1.1" 200 16206 "http://hausegger.activities.at/entry.php?id=10271&&ser=648378" "Mozilla/5.0 (Windows NT 10.0; Win64; x64; rv:128.0) Gecko/20100101 Firefox/128.0"
178.115.45.138 - - [14/Aug/2024:17:14:59 +0200] "GET /entry.php?id=10271&&ser=648439 HTTP/1.1" 200 987 "http://hausegger.activities.at/entry.php?id=10271&&ser=648378" "Mozilla/5.0 (Windows NT 10.0; Win64; x64; rv:128.0) Gecko/20100101 Firefox/128.0"
178.115.45.138 - - [14/Aug/2024:17:14:59 +0200] "GET /gui/javascript/form_form.js?1723648499 HTTP/1.1" 200 16206 "http://hausegger.activities.at/entry.php?id=10271&&ser=648439" "Mozilla/5.0 (Windows NT 10.0; Win64; x64; rv:128.0) Gecko/20100101 Firefox/128.0"
178.115.45.138 - - [14/Aug/2024:17:15:59 +0200] "GET /entry.php?id=10271&&ser=648499 HTTP/1.1" 200 987 "http://hausegger.activities.at/entry.php?id=10271&&ser=648439" "Mozilla/5.0 (Windows NT 10.0; Win64; x64; rv:128.0) Gecko/20100101 Firefox/128.0"
178.115.45.138 - - [14/Aug/2024:17:15:59 +0200] "GET /gui/javascript/form_form.js?1723648559 HTTP/1.1" 200 16206 "http://hausegger.activities.at/entry.php?id=10271&&ser=648499" "Mozilla/5.0 (Windows NT 10.0; Win64; x64; rv:128.0) Gecko/20100101 Firefox/128.0"
216.244.66.235 - - [14/Aug/2024:17:16:12 +0200] "GET /robots.txt HTTP/1.1" 404 375 "-" "Mozilla/5.0 (compatible; DotBot/1.2; +https://opensiteexplorer.org/dotbot; help@moz.com)"
178.115.45.138 - - [14/Aug/2024:17:16:59 +0200] "GET /entry.php?id=10271&&ser=648559 HTTP/1.1" 200 987 "http://hausegger.activities.at/entry.php?id=10271&&ser=648499" "Mozilla/5.0 (Windows NT 10.0; Win64; x64; rv:128.0) Gecko/20100101 Firefox/128.0"
178.115.45.138 - - [14/Aug/2024:17:17:00 +0200] "GET /gui/javascript/form_form.js?1723648620 HTTP/1.1" 200 16206 "http://hausegger.activities.at/entry.php?id=10271&&ser=648559" "Mozilla/5.0 (Windows NT 10.0; Win64; x64; rv:128.0) Gecko/20100101 Firefox/128.0"
156.59.198.135 - - [14/Aug/2024:17:17:11 +0200] "GET /renault.activities.at/htdocs/export/pdf/emuc_document/11214636.pdf HTTP/1.0" 404 322 "-" "Mozilla/5.0 (Linux; Android 5.0) AppleWebKit/537.36 (KHTML, like Gecko) Mobile Safari/537.36 (compatible; Bytespider; spider-feedback@bytedance.com)"
156.59.198.135 - - [14/Aug/2024:17:17:32 +0200] "GET /renault.2web.at/htdocs/export/txt/factura/FacturaExport20201214075923.txt HTTP/1.0" 404 325 "-" "Mozilla/5.0 (Linux; Android 5.0) AppleWebKit/537.36 (KHTML, like Gecko) Mobile Safari/537.36 (compatible; Bytespider; spider-feedback@bytedance.com)"
156.59.198.135 - - [14/Aug/2024:17:17:53 +0200] "GET /renault.activities.at/htdocs/export/pdf/emuc_document/11168125.pdf HTTP/1.0" 404 321 "-" "Mozilla/5.0 (Linux; Android 5.0) AppleWebKit/537.36 (KHTML, like Gecko) Mobile Safari/537.36 (compatible; Bytespider; spider-feedback@bytedance.com)"
178.115.45.138 - - [14/Aug/2024:17:18:00 +0200] "GET /entry.php?id=10271&&ser=648620 HTTP/1.1" 200 987 "http://hausegger.activities.at/entry.php?id=10271&&ser=648559" "Mozilla/5.0 (Windows NT 10.0; Win64; x64; rv:128.0) Gecko/20100101 Firefox/128.0"
178.115.45.138 - - [14/Aug/2024:17:18:00 +0200] "GET /gui/javascript/form_form.js?1723648680 HTTP/1.1" 200 16206 "http://hausegger.activities.at/entry.php?id=10271&&ser=648620" "Mozilla/5.0 (Windows NT 10.0; Win64; x64; rv:128.0) Gecko/20100101 Firefox/128.0"
156.59.198.135 - - [14/Aug/2024:17:18:15 +0200] "GET /renault.activities.at/htdocs/export/pdf/emuc_document/10694180.pdf HTTP/1.0" 404 321 "-" "Mozilla/5.0 (Linux; Android 5.0) AppleWebKit/537.36 (KHTML, like Gecko) Mobile Safari/537.36 (compatible; Bytespider; spider-feedback@bytedance.com)"
156.59.198.136 - - [14/Aug/2024:17:18:36 +0200] "GET /renault.activities.at/htdocs/export/pdf/emuc_document/10404844.pdf HTTP/1.0" 404 321 "-" "Mozilla/5.0 (Linux; Android 5.0) AppleWebKit/537.36 (KHTML, like Gecko) Mobile Safari/537.36 (compatible; Bytespider; spider-feedback@bytedance.com)"
178.115.45.138 - - [14/Aug/2024:17:19:00 +0200] "GET /entry.php?id=10271&&ser=648680 HTTP/1.1" 200 987 "http://hausegger.activities.at/entry.php?id=10271&&ser=648620" "Mozilla/5.0 (Windows NT 10.0; Win64; x64; rv:128.0) Gecko/20100101 Firefox/128.0"
178.115.45.138 - - [14/Aug/2024:17:19:00 +0200] "GET /gui/javascript/form_form.js?1723648740 HTTP/1.1" 200 16206 "http://hausegger.activities.at/entry.php?id=10271&&ser=648680" "Mozilla/5.0 (Windows NT 10.0; Win64; x64; rv:128.0) Gecko/20100101 Firefox/128.0"
178.115.45.138 - - [14/Aug/2024:17:20:00 +0200] "GET /entry.php?id=10271&&ser=648740 HTTP/1.1" 200 987 "http://hausegger.activities.at/entry.php?id=10271&&ser=648680" "Mozilla/5.0 (Windows NT 10.0; Win64; x64; rv:128.0) Gecko/20100101 Firefox/128.0"
178.115.45.138 - - [14/Aug/2024:17:20:01 +0200] "GET /gui/javascript/form_form.js?1723648800 HTTP/1.1" 200 16206 "http://hausegger.activities.at/entry.php?id=10271&&ser=648740" "Mozilla/5.0 (Windows NT 10.0; Win64; x64; rv:128.0) Gecko/20100101 Firefox/128.0"
178.115.45.138 - - [14/Aug/2024:17:21:01 +0200] "GET /entry.php?id=10271&&ser=648800 HTTP/1.1" 200 987 "http://hausegger.activities.at/entry.php?id=10271&&ser=648740" "Mozilla/5.0 (Windows NT 10.0; Win64; x64; rv:128.0) Gecko/20100101 Firefox/128.0"
178.115.45.138 - - [14/Aug/2024:17:21:01 +0200] "GET /gui/javascript/form_form.js?1723648861 HTTP/1.1" 200 16206 "http://hausegger.activities.at/entry.php?id=10271&&ser=648800" "Mozilla/5.0 (Windows NT 10.0; Win64; x64; rv:128.0) Gecko/20100101 Firefox/128.0"
178.115.45.138 - - [14/Aug/2024:17:22:01 +0200] "GET /entry.php?id=10271&&ser=648861 HTTP/1.1" 200 987 "http://hausegger.activities.at/entry.php?id=10271&&ser=648800" "Mozilla/5.0 (Windows NT 10.0; Win64; x64; rv:128.0) Gecko/20100101 Firefox/128.0"
178.115.45.138 - - [14/Aug/2024:17:22:01 +0200] "GET /gui/javascript/form_form.js?1723648921 HTTP/1.1" 200 16206 "http://hausegger.activities.at/entry.php?id=10271&&ser=648861" "Mozilla/5.0 (Windows NT 10.0; Win64; x64; rv:128.0) Gecko/20100101 Firefox/128.0"
178.115.45.138 - - [14/Aug/2024:17:23:01 +0200] "GET /entry.php?id=10271&&ser=648921 HTTP/1.1" 200 987 "http://hausegger.activities.at/entry.php?id=10271&&ser=648861" "Mozilla/5.0 (Windows NT 10.0; Win64; x64; rv:128.0) Gecko/20100101 Firefox/128.0"
178.115.45.138 - - [14/Aug/2024:17:23:01 +0200] "GET /gui/javascript/form_form.js?1723648981 HTTP/1.1" 200 16206 "http://hausegger.activities.at/entry.php?id=10271&&ser=648921" "Mozilla/5.0 (Windows NT 10.0; Win64; x64; rv:128.0) Gecko/20100101 Firefox/128.0"
178.115.45.138 - - [14/Aug/2024:17:24:02 +0200] "GET /entry.php?id=10271&&ser=648981 HTTP/1.1" 200 987 "http://hausegger.activities.at/entry.php?id=10271&&ser=648921" "Mozilla/5.0 (Windows NT 10.0; Win64; x64; rv:128.0) Gecko/20100101 Firefox/128.0"
178.115.45.138 - - [14/Aug/2024:17:24:02 +0200] "GET /gui/javascript/form_form.js?1723649042 HTTP/1.1" 200 16206 "http://hausegger.activities.at/entry.php?id=10271&&ser=648981" "Mozilla/5.0 (Windows NT 10.0; Win64; x64; rv:128.0) Gecko/20100101 Firefox/128.0"
142.93.197.121 - - [14/Aug/2024:17:24:39 +0200] "GET / HTTP/1.1" 200 274 "-" "Mozilla/5.0 (Linux; Android 8.1.0; TECNO LA7) AppleWebKit/537.36 (KHTML, like Gecko) Chrome/98.0.4758.87 Mobile Safari/537.36"
178.115.45.138 - - [14/Aug/2024:17:25:02 +0200] "GET /entry.php?id=10271&&ser=649042 HTTP/1.1" 200 987 "http://hausegger.activities.at/entry.php?id=10271&&ser=648981" "Mozilla/5.0 (Windows NT 10.0; Win64; x64; rv:128.0) Gecko/20100101 Firefox/128.0"
178.115.45.138 - - [14/Aug/2024:17:25:02 +0200] "GET /gui/javascript/form_form.js?1723649102 HTTP/1.1" 200 16206 "http://hausegger.activities.at/entry.php?id=10271&&ser=649042" "Mozilla/5.0 (Windows NT 10.0; Win64; x64; rv:128.0) Gecko/20100101 Firefox/128.0"
216.244.66.235 - - [14/Aug/2024:17:25:14 +0200] "GET /?feed=rss2&p=1 HTTP/1.1" 200 423 "-" "Mozilla/5.0 (compatible; DotBot/1.2; +https://opensiteexplorer.org/dotbot; help@moz.com)"
178.115.45.138 - - [14/Aug/2024:17:26:02 +0200] "GET /entry.php?id=10271&&ser=649102 HTTP/1.1" 200 987 "http://hausegger.activities.at/entry.php?id=10271&&ser=649042" "Mozilla/5.0 (Windows NT 10.0; Win64; x64; rv:128.0) Gecko/20100101 Firefox/128.0"
178.115.45.138 - - [14/Aug/2024:17:26:02 +0200] "GET /gui/javascript/form_form.js?1723649162 HTTP/1.1" 200 16206 "http://hausegger.activities.at/entry.php?id=10271&&ser=649102" "Mozilla/5.0 (Windows NT 10.0; Win64; x64; rv:128.0) Gecko/20100101 Firefox/128.0"
178.115.45.138 - - [14/Aug/2024:17:27:02 +0200] "GET /entry.php?id=10271&&ser=649162 HTTP/1.1" 200 987 "http://hausegger.activities.at/entry.php?id=10271&&ser=649102" "Mozilla/5.0 (Windows NT 10.0; Win64; x64; rv:128.0) Gecko/20100101 Firefox/128.0"
178.115.45.138 - - [14/Aug/2024:17:27:03 +0200] "GET /gui/javascript/form_form.js?1723649223 HTTP/1.1" 200 16206 "http://hausegger.activities.at/entry.php?id=10271&&ser=649162" "Mozilla/5.0 (Windows NT 10.0; Win64; x64; rv:128.0) Gecko/20100101 Firefox/128.0"
178.115.45.138 - - [14/Aug/2024:17:28:03 +0200] "GET /entry.php?id=10271&&ser=649223 HTTP/1.1" 200 987 "http://hausegger.activities.at/entry.php?id=10271&&ser=649162" "Mozilla/5.0 (Windows NT 10.0; Win64; x64; rv:128.0) Gecko/20100101 Firefox/128.0"
178.115.45.138 - - [14/Aug/2024:17:28:03 +0200] "GET /gui/javascript/form_form.js?1723649283 HTTP/1.1" 200 16206 "http://hausegger.activities.at/entry.php?id=10271&&ser=649223" "Mozilla/5.0 (Windows NT 10.0; Win64; x64; rv:128.0) Gecko/20100101 Firefox/128.0"
178.115.45.138 - - [14/Aug/2024:17:29:03 +0200] "GET /entry.php?id=10271&&ser=649283 HTTP/1.1" 200 987 "http://hausegger.activities.at/entry.php?id=10271&&ser=649223" "Mozilla/5.0 (Windows NT 10.0; Win64; x64; rv:128.0) Gecko/20100101 Firefox/128.0"
178.115.45.138 - - [14/Aug/2024:17:29:03 +0200] "GET /gui/javascript/form_form.js?1723649343 HTTP/1.1" 200 16206 "http://hausegger.activities.at/entry.php?id=10271&&ser=649283" "Mozilla/5.0 (Windows NT 10.0; Win64; x64; rv:128.0) Gecko/20100101 Firefox/128.0"
178.115.45.138 - - [14/Aug/2024:17:30:03 +0200] "GET /entry.php?id=10271&&ser=649343 HTTP/1.1" 200 987 "http://hausegger.activities.at/entry.php?id=10271&&ser=649283" "Mozilla/5.0 (Windows NT 10.0; Win64; x64; rv:128.0) Gecko/20100101 Firefox/128.0"
178.115.45.138 - - [14/Aug/2024:17:30:03 +0200] "GET /gui/javascript/form_form.js?1723649403 HTTP/1.1" 200 16206 "http://hausegger.activities.at/entry.php?id=10271&&ser=649343" "Mozilla/5.0 (Windows NT 10.0; Win64; x64; rv:128.0) Gecko/20100101 Firefox/128.0"
178.115.45.138 - - [14/Aug/2024:17:31:04 +0200] "GET /entry.php?id=10271&&ser=649403 HTTP/1.1" 200 987 "http://hausegger.activities.at/entry.php?id=10271&&ser=649343" "Mozilla/5.0 (Windows NT 10.0; Win64; x64; rv:128.0) Gecko/20100101 Firefox/128.0"
178.115.45.138 - - [14/Aug/2024:17:31:04 +0200] "GET /gui/javascript/form_form.js?1723649464 HTTP/1.1" 200 16206 "http://hausegger.activities.at/entry.php?id=10271&&ser=649403" "Mozilla/5.0 (Windows NT 10.0; Win64; x64; rv:128.0) Gecko/20100101 Firefox/128.0"
178.115.45.138 - - [14/Aug/2024:17:32:04 +0200] "GET /entry.php?id=10271&&ser=649464 HTTP/1.1" 200 987 "http://hausegger.activities.at/entry.php?id=10271&&ser=649403" "Mozilla/5.0 (Windows NT 10.0; Win64; x64; rv:128.0) Gecko/20100101 Firefox/128.0"
178.115.45.138 - - [14/Aug/2024:17:32:04 +0200] "GET /gui/javascript/form_form.js?1723649524 HTTP/1.1" 200 16206 "http://hausegger.activities.at/entry.php?id=10271&&ser=649464" "Mozilla/5.0 (Windows NT 10.0; Win64; x64; rv:128.0) Gecko/20100101 Firefox/128.0"
178.115.45.138 - - [14/Aug/2024:17:33:04 +0200] "GET /entry.php?id=10271&&ser=649524 HTTP/1.1" 200 987 "http://hausegger.activities.at/entry.php?id=10271&&ser=649464" "Mozilla/5.0 (Windows NT 10.0; Win64; x64; rv:128.0) Gecko/20100101 Firefox/128.0"
178.115.45.138 - - [14/Aug/2024:17:33:04 +0200] "GET /gui/javascript/form_form.js?1723649584 HTTP/1.1" 200 16206 "http://hausegger.activities.at/entry.php?id=10271&&ser=649524" "Mozilla/5.0 (Windows NT 10.0; Win64; x64; rv:128.0) Gecko/20100101 Firefox/128.0"
156.59.198.135 - - [14/Aug/2024:17:33:08 +0200] "GET /renault.activities.at/htdocs/export/pdf/emuc_document/12468713.pdf HTTP/1.0" 404 323 "-" "Mozilla/5.0 (Linux; Android 5.0) AppleWebKit/537.36 (KHTML, like Gecko) Mobile Safari/537.36 (compatible; Bytespider; spider-feedback@bytedance.com)"
156.59.198.136 - - [14/Aug/2024:17:33:29 +0200] "GET /renault.2web.at/htdocs/export/xml/data/articles/201909040903_RenArticle.xml HTTP/1.0" 404 327 "-" "Mozilla/5.0 (Linux; Android 5.0) AppleWebKit/537.36 (KHTML, like Gecko) Mobile Safari/537.36 (compatible; Bytespider; spider-feedback@bytedance.com)"
156.59.198.135 - - [14/Aug/2024:17:33:51 +0200] "GET /ed-test.activities.at/stats/lang/tooltips_f/awstats-tt-is.txt HTTP/1.0" 404 315 "-" "Mozilla/5.0 (Linux; Android 5.0) AppleWebKit/537.36 (KHTML, like Gecko) Mobile Safari/537.36 (compatible; Bytespider; spider-feedback@bytedance.com)"
178.115.45.138 - - [14/Aug/2024:17:34:04 +0200] "GET /entry.php?id=10271&&ser=649584 HTTP/1.1" 200 989 "http://hausegger.activities.at/entry.php?id=10271&&ser=649524" "Mozilla/5.0 (Windows NT 10.0; Win64; x64; rv:128.0) Gecko/20100101 Firefox/128.0"
178.115.45.138 - - [14/Aug/2024:17:34:05 +0200] "GET /gui/javascript/form_form.js?1723649645 HTTP/1.1" 200 16206 "http://hausegger.activities.at/entry.php?id=10271&&ser=649584" "Mozilla/5.0 (Windows NT 10.0; Win64; x64; rv:128.0) Gecko/20100101 Firefox/128.0"
156.59.198.135 - - [14/Aug/2024:17:34:11 +0200] "GET /renault.2web.at/htdocs/export/xml/data/articles/202111251603_RenArticle.xml HTTP/1.0" 404 327 "-" "Mozilla/5.0 (Linux; Android 5.0) AppleWebKit/537.36 (KHTML, like Gecko) Mobile Safari/537.36 (compatible; Bytespider; spider-feedback@bytedance.com)"
156.59.198.135 - - [14/Aug/2024:17:34:32 +0200] "GET /renault.activities.at/htdocs/export/pdf/emuc_document/11791242.pdf HTTP/1.0" 404 322 "-" "Mozilla/5.0 (Linux; Android 5.0) AppleWebKit/537.36 (KHTML, like Gecko) Mobile Safari/537.36 (compatible; Bytespider; spider-feedback@bytedance.com)"
156.59.198.135 - - [14/Aug/2024:17:34:54 +0200] "GET /renault.2web.at/htdocs/export/xml/data/articles/201911061403_RenArticle.xml HTTP/1.0" 404 327 "-" "Mozilla/5.0 (Linux; Android 5.0) AppleWebKit/537.36 (KHTML, like Gecko) Mobile Safari/537.36 (compatible; Bytespider; spider-feedback@bytedance.com)"
178.115.45.138 - - [14/Aug/2024:17:35:05 +0200] "GET /entry.php?id=10271&&ser=649644 HTTP/1.1" 200 987 "http://hausegger.activities.at/entry.php?id=10271&&ser=649584" "Mozilla/5.0 (Windows NT 10.0; Win64; x64; rv:128.0) Gecko/20100101 Firefox/128.0"
178.115.45.138 - - [14/Aug/2024:17:35:05 +0200] "GET /gui/javascript/form_form.js?1723649705 HTTP/1.1" 200 16206 "http://hausegger.activities.at/entry.php?id=10271&&ser=649644" "Mozilla/5.0 (Windows NT 10.0; Win64; x64; rv:128.0) Gecko/20100101 Firefox/128.0"
156.59.198.136 - - [14/Aug/2024:17:35:14 +0200] "GET /renault.activities.at/htdocs/export/pdf/emuc_document/10981071.pdf HTTP/1.0" 404 322 "-" "Mozilla/5.0 (Linux; Android 5.0) AppleWebKit/537.36 (KHTML, like Gecko) Mobile Safari/537.36 (compatible; Bytespider; spider-feedback@bytedance.com)"
156.59.198.136 - - [14/Aug/2024:17:35:35 +0200] "GET /renault.2web.at/htdocs/export/xml/data/orders/202002061503_RenOrder.xml HTTP/1.0" 404 324 "-" "Mozilla/5.0 (Linux; Android 5.0) AppleWebKit/537.36 (KHTML, like Gecko) Mobile Safari/537.36 (compatible; Bytespider; spider-feedback@bytedance.com)"
156.59.198.135 - - [14/Aug/2024:17:35:57 +0200] "GET /renault.activities.at/htdocs/export/pdf/emuc_document/11537835.pdf HTTP/1.0" 404 322 "-" "Mozilla/5.0 (Linux; Android 5.0) AppleWebKit/537.36 (KHTML, like Gecko) Mobile Safari/537.36 (compatible; Bytespider; spider-feedback@bytedance.com)"
178.115.45.138 - - [14/Aug/2024:17:36:05 +0200] "GET /entry.php?id=10271&&ser=649705 HTTP/1.1" 200 987 "http://hausegger.activities.at/entry.php?id=10271&&ser=649644" "Mozilla/5.0 (Windows NT 10.0; Win64; x64; rv:128.0) Gecko/20100101 Firefox/128.0"
178.115.45.138 - - [14/Aug/2024:17:36:05 +0200] "GET /gui/javascript/form_form.js?1723649765 HTTP/1.1" 200 16206 "http://hausegger.activities.at/entry.php?id=10271&&ser=649705" "Mozilla/5.0 (Windows NT 10.0; Win64; x64; rv:128.0) Gecko/20100101 Firefox/128.0"
156.59.198.135 - - [14/Aug/2024:17:36:18 +0200] "GET /renault.activities.at/htdocs/export/pdf/emuc_document/11335060.pdf HTTP/1.0" 404 322 "-" "Mozilla/5.0 (Linux; Android 5.0) AppleWebKit/537.36 (KHTML, like Gecko) Mobile Safari/537.36 (compatible; Bytespider; spider-feedback@bytedance.com)"
156.59.198.135 - - [14/Aug/2024:17:36:39 +0200] "GET /renault.2web.at/htdocs/export/txt/factura/FacturaExport20160908180848.txt HTTP/1.0" 404 325 "-" "Mozilla/5.0 (Linux; Android 5.0) AppleWebKit/537.36 (KHTML, like Gecko) Mobile Safari/537.36 (compatible; Bytespider; spider-feedback@bytedance.com)"
156.59.198.136 - - [14/Aug/2024:17:37:00 +0200] "GET /renault.activities.at/htdocs/export/pdf/emuc_document/10252936.pdf HTTP/1.0" 404 322 "-" "Mozilla/5.0 (Linux; Android 5.0) AppleWebKit/537.36 (KHTML, like Gecko) Mobile Safari/537.36 (compatible; Bytespider; spider-feedback@bytedance.com)"
178.115.45.138 - - [14/Aug/2024:17:37:05 +0200] "GET /entry.php?id=10271&&ser=649765 HTTP/1.1" 200 987 "http://hausegger.activities.at/entry.php?id=10271&&ser=649705" "Mozilla/5.0 (Windows NT 10.0; Win64; x64; rv:128.0) Gecko/20100101 Firefox/128.0"
178.115.45.138 - - [14/Aug/2024:17:37:05 +0200] "GET /gui/javascript/form_form.js?1723649825 HTTP/1.1" 200 16206 "http://hausegger.activities.at/entry.php?id=10271&&ser=649765" "Mozilla/5.0 (Windows NT 10.0; Win64; x64; rv:128.0) Gecko/20100101 Firefox/128.0"
156.59.198.135 - - [14/Aug/2024:17:37:21 +0200] "GET /renault.activities.at/htdocs/export/pdf/emuc_document/12291741.pdf HTTP/1.0" 404 322 "-" "Mozilla/5.0 (Linux; Android 5.0) AppleWebKit/537.36 (KHTML, like Gecko) Mobile Safari/537.36 (compatible; Bytespider; spider-feedback@bytedance.com)"
156.59.198.135 - - [14/Aug/2024:17:37:43 +0200] "GET /renault.2web.at/htdocs/export/txt/factura/FacturaExport20210406134131.txt HTTP/1.0" 404 324 "-" "Mozilla/5.0 (Linux; Android 5.0) AppleWebKit/537.36 (KHTML, like Gecko) Mobile Safari/537.36 (compatible; Bytespider; spider-feedback@bytedance.com)"
156.59.198.136 - - [14/Aug/2024:17:38:04 +0200] "GET /renault.activities.at/htdocs/export/pdf/emuc_document/12490920.pdf HTTP/1.0" 404 322 "-" "Mozilla/5.0 (Linux; Android 5.0) AppleWebKit/537.36 (KHTML, like Gecko) Mobile Safari/537.36 (compatible; Bytespider; spider-feedback@bytedance.com)"
178.115.45.138 - - [14/Aug/2024:17:38:06 +0200] "GET /entry.php?id=10271&&ser=649825 HTTP/1.1" 200 987 "http://hausegger.activities.at/entry.php?id=10271&&ser=649765" "Mozilla/5.0 (Windows NT 10.0; Win64; x64; rv:128.0) Gecko/20100101 Firefox/128.0"
178.115.45.138 - - [14/Aug/2024:17:38:06 +0200] "GET /gui/javascript/form_form.js?1723649886 HTTP/1.1" 200 16206 "http://hausegger.activities.at/entry.php?id=10271&&ser=649825" "Mozilla/5.0 (Windows NT 10.0; Win64; x64; rv:128.0) Gecko/20100101 Firefox/128.0"
156.59.198.135 - - [14/Aug/2024:17:38:25 +0200] "GET /renault.2web.at/htdocs/export/xml/data/articles/202110220803_RenArticle.xml HTTP/1.0" 404 327 "-" "Mozilla/5.0 (Linux; Android 5.0) AppleWebKit/537.36 (KHTML, like Gecko) Mobile Safari/537.36 (compatible; Bytespider; spider-feedback@bytedance.com)"
156.59.198.135 - - [14/Aug/2024:17:38:46 +0200] "GET /renault.2web.at/htdocs/export/txt/factura/FacturaExport20160825092110.txt HTTP/1.0" 404 324 "-" "Mozilla/5.0 (Linux; Android 5.0) AppleWebKit/537.36 (KHTML, like Gecko) Mobile Safari/537.36 (compatible; Bytespider; spider-feedback@bytedance.com)"
178.115.45.138 - - [14/Aug/2024:17:39:06 +0200] "GET /entry.php?id=10271&&ser=649886 HTTP/1.1" 200 987 "http://hausegger.activities.at/entry.php?id=10271&&ser=649825" "Mozilla/5.0 (Windows NT 10.0; Win64; x64; rv:128.0) Gecko/20100101 Firefox/128.0"
178.115.45.138 - - [14/Aug/2024:17:39:06 +0200] "GET /gui/javascript/form_form.js?1723649946 HTTP/1.1" 200 16206 "http://hausegger.activities.at/entry.php?id=10271&&ser=649886" "Mozilla/5.0 (Windows NT 10.0; Win64; x64; rv:128.0) Gecko/20100101 Firefox/128.0"
156.59.198.135 - - [14/Aug/2024:17:39:07 +0200] "GET /renault.activities.at/htdocs/export/pdf/emuc_document/10354787.pdf HTTP/1.0" 404 323 "-" "Mozilla/5.0 (Linux; Android 5.0) AppleWebKit/537.36 (KHTML, like Gecko) Mobile Safari/537.36 (compatible; Bytespider; spider-feedback@bytedance.com)"
156.59.198.136 - - [14/Aug/2024:17:39:28 +0200] "GET /renault.2web.at/htdocs/export/txt/factura/FacturaExport20200806120019.txt HTTP/1.0" 404 323 "-" "Mozilla/5.0 (Linux; Android 5.0) AppleWebKit/537.36 (KHTML, like Gecko) Mobile Safari/537.36 (compatible; Bytespider; spider-feedback@bytedance.com)"
156.59.198.136 - - [14/Aug/2024:17:39:49 +0200] "GET /renault.activities.at/htdocs/export/pdf/emuc_document/12149476.pdf HTTP/1.0" 404 322 "-" "Mozilla/5.0 (Linux; Android 5.0) AppleWebKit/537.36 (KHTML, like Gecko) Mobile Safari/537.36 (compatible; Bytespider; spider-feedback@bytedance.com)"
178.115.45.138 - - [14/Aug/2024:17:40:06 +0200] "GET /entry.php?id=10271&&ser=649946 HTTP/1.1" 200 987 "http://hausegger.activities.at/entry.php?id=10271&&ser=649886" "Mozilla/5.0 (Windows NT 10.0; Win64; x64; rv:128.0) Gecko/20100101 Firefox/128.0"
178.115.45.138 - - [14/Aug/2024:17:40:06 +0200] "GET /gui/javascript/form_form.js?1723650006 HTTP/1.1" 200 16206 "http://hausegger.activities.at/entry.php?id=10271&&ser=649946" "Mozilla/5.0 (Windows NT 10.0; Win64; x64; rv:128.0) Gecko/20100101 Firefox/128.0"
156.59.198.136 - - [14/Aug/2024:17:40:10 +0200] "GET /renault.activities.at/htdocs/export/pdf/emuc_document/11901479.pdf HTTP/1.0" 404 322 "-" "Mozilla/5.0 (Linux; Android 5.0) AppleWebKit/537.36 (KHTML, like Gecko) Mobile Safari/537.36 (compatible; Bytespider; spider-feedback@bytedance.com)"
156.59.198.135 - - [14/Aug/2024:17:40:32 +0200] "GET /renault.activities.at/htdocs/export/pdf/emuc_document/10748278.pdf HTTP/1.0" 404 322 "-" "Mozilla/5.0 (Linux; Android 5.0) AppleWebKit/537.36 (KHTML, like Gecko) Mobile Safari/537.36 (compatible; Bytespider; spider-feedback@bytedance.com)"
156.59.198.136 - - [14/Aug/2024:17:40:52 +0200] "GET /renault.2web.at/htdocs/export/xml/data/articles/202002120803_RenArticle.xml HTTP/1.0" 404 327 "-" "Mozilla/5.0 (Linux; Android 5.0) AppleWebKit/537.36 (KHTML, like Gecko) Mobile Safari/537.36 (compatible; Bytespider; spider-feedback@bytedance.com)"
178.115.45.138 - - [14/Aug/2024:17:41:06 +0200] "GET /entry.php?id=10271&&ser=650006 HTTP/1.1" 200 987 "http://hausegger.activities.at/entry.php?id=10271&&ser=649946" "Mozilla/5.0 (Windows NT 10.0; Win64; x64; rv:128.0) Gecko/20100101 Firefox/128.0"
178.115.45.138 - - [14/Aug/2024:17:41:07 +0200] "GET /gui/javascript/form_form.js?1723650066 HTTP/1.1" 200 16206 "http://hausegger.activities.at/entry.php?id=10271&&ser=650006" "Mozilla/5.0 (Windows NT 10.0; Win64; x64; rv:128.0) Gecko/20100101 Firefox/128.0"
156.59.198.136 - - [14/Aug/2024:17:41:13 +0200] "GET /renault.activities.at/htdocs/export/pdf/emuc_document/11724985.pdf HTTP/1.0" 404 322 "-" "Mozilla/5.0 (Linux; Android 5.0) AppleWebKit/537.36 (KHTML, like Gecko) Mobile Safari/537.36 (compatible; Bytespider; spider-feedback@bytedance.com)"
156.59.198.136 - - [14/Aug/2024:17:41:35 +0200] "GET /renault.activities.at/htdocs/export/pdf/emuc_document/11851275.pdf HTTP/1.0" 404 322 "-" "Mozilla/5.0 (Linux; Android 5.0) AppleWebKit/537.36 (KHTML, like Gecko) Mobile Safari/537.36 (compatible; Bytespider; spider-feedback@bytedance.com)"
156.59.198.135 - - [14/Aug/2024:17:41:56 +0200] "GET /renault.activities.at/htdocs/export/pdf/emuc_document/12243403.pdf HTTP/1.0" 404 322 "-" "Mozilla/5.0 (Linux; Android 5.0) AppleWebKit/537.36 (KHTML, like Gecko) Mobile Safari/537.36 (compatible; Bytespider; spider-feedback@bytedance.com)"
178.115.45.138 - - [14/Aug/2024:17:42:07 +0200] "GET /entry.php?id=10271&&ser=650066 HTTP/1.1" 200 987 "http://hausegger.activities.at/entry.php?id=10271&&ser=650006" "Mozilla/5.0 (Windows NT 10.0; Win64; x64; rv:128.0) Gecko/20100101 Firefox/128.0"
178.115.45.138 - - [14/Aug/2024:17:42:07 +0200] "GET /gui/javascript/form_form.js?1723650127 HTTP/1.1" 200 16206 "http://hausegger.activities.at/entry.php?id=10271&&ser=650066" "Mozilla/5.0 (Windows NT 10.0; Win64; x64; rv:128.0) Gecko/20100101 Firefox/128.0"
178.115.45.138 - - [14/Aug/2024:17:43:07 +0200] "GET /entry.php?id=10271&&ser=650127 HTTP/1.1" 200 986 "http://hausegger.activities.at/entry.php?id=10271&&ser=650066" "Mozilla/5.0 (Windows NT 10.0; Win64; x64; rv:128.0) Gecko/20100101 Firefox/128.0"
178.115.45.138 - - [14/Aug/2024:17:43:07 +0200] "GET /gui/javascript/form_form.js?1723650187 HTTP/1.1" 200 16206 "http://hausegger.activities.at/entry.php?id=10271&&ser=650127" "Mozilla/5.0 (Windows NT 10.0; Win64; x64; rv:128.0) Gecko/20100101 Firefox/128.0"
178.115.45.138 - - [14/Aug/2024:17:44:07 +0200] "GET /entry.php?id=10271&&ser=650187 HTTP/1.1" 200 987 "http://hausegger.activities.at/entry.php?id=10271&&ser=650127" "Mozilla/5.0 (Windows NT 10.0; Win64; x64; rv:128.0) Gecko/20100101 Firefox/128.0"
178.115.45.138 - - [14/Aug/2024:17:44:07 +0200] "GET /gui/javascript/form_form.js?1723650247 HTTP/1.1" 200 16206 "http://hausegger.activities.at/entry.php?id=10271&&ser=650187" "Mozilla/5.0 (Windows NT 10.0; Win64; x64; rv:128.0) Gecko/20100101 Firefox/128.0"
178.115.45.138 - - [14/Aug/2024:17:45:08 +0200] "GET /entry.php?id=10271&&ser=650247 HTTP/1.1" 200 987 "http://hausegger.activities.at/entry.php?id=10271&&ser=650187" "Mozilla/5.0 (Windows NT 10.0; Win64; x64; rv:128.0) Gecko/20100101 Firefox/128.0"
178.115.45.138 - - [14/Aug/2024:17:45:08 +0200] "GET /gui/javascript/form_form.js?1723650308 HTTP/1.1" 200 16206 "http://hausegger.activities.at/entry.php?id=10271&&ser=650247" "Mozilla/5.0 (Windows NT 10.0; Win64; x64; rv:128.0) Gecko/20100101 Firefox/128.0"
178.115.45.138 - - [14/Aug/2024:17:46:08 +0200] "GET /entry.php?id=10271&&ser=650308 HTTP/1.1" 200 987 "http://hausegger.activities.at/entry.php?id=10271&&ser=650247" "Mozilla/5.0 (Windows NT 10.0; Win64; x64; rv:128.0) Gecko/20100101 Firefox/128.0"
178.115.45.138 - - [14/Aug/2024:17:46:08 +0200] "GET /gui/javascript/form_form.js?1723650368 HTTP/1.1" 200 16206 "http://hausegger.activities.at/entry.php?id=10271&&ser=650308" "Mozilla/5.0 (Windows NT 10.0; Win64; x64; rv:128.0) Gecko/20100101 Firefox/128.0"
